HEX
Server: nginx/1.16.1
System: Linux ecs-04358622 4.19.90-2107.6.0.0100.oe1.bclinux.x86_64 #1 SMP Wed Dec 1 19:59:44 CST 2021 x86_64
User: nginx (994)
PHP: 8.0.0
Disabled: NONE
Upload Files
File: /home/logs/cqqizhou_access_2026-02-19.log
192.121.125.190 - - [19/Feb/2026:00:04:46 +0800] "GET / HTTP/1.1" 200 35253 "-" "Mozilla/5.0 (Windows NT 10.0; Win64; x64) AppleWebKit/537.36 (KHTML, like Gecko) Chrome/121.0.0.0 Safari/537.3"
185.141.72.147 - - [19/Feb/2026:00:04:46 +0800] "GET /news/portfolio-category/hot-dip-galvanized-coil HTTP/1.1" 200 21155 "-" "Mozilla/5.0 (Windows NT 10.0; Win64; x64) AppleWebKit/537.36 (KHTML, like Gecko) Chrome/121.0.0.0 Safari/537.3"
185.13.99.37 - - [19/Feb/2026:00:04:47 +0800] "GET /news/portfolio/%e5%86%b7%e8%bd%a7%e6%9d%bf HTTP/1.1" 200 22185 "-" "Mozilla/5.0 (Windows NT 10.0; Win64; x64) AppleWebKit/537.36 (KHTML, like Gecko) Chrome/121.0.0.0 Safari/537.3"
151.252.30.38 - - [19/Feb/2026:00:04:48 +0800] "GET /news/portfolio-category/cold-rolled-coil HTTP/1.1" 200 21166 "-" "Mozilla/5.0 (Windows NT 10.0; Win64; x64) AppleWebKit/537.36 (KHTML, like Gecko) Chrome/121.0.0.0 Safari/537.3"
36.133.115.36 - - [19/Feb/2026:00:09:04 +0800] "POST /wp-cron.php?doing_wp_cron=1771430944.0426580905914306640625 HTTP/1.1" 200 31 "-" "WordPress/6.9; http://cqqizhou.com"
113.222.194.10 - - [19/Feb/2026:00:09:04 +0800] "GET /2165/ HTTP/1.1" 301 5 "-" "Mozilla/5.0 (Windows 7 Enterprise; x64) AppleWebKit/537.36 (KHTML, like Gecko) Chrome/122.0.6099.71 Safari/537.36"
113.222.194.10 - - [19/Feb/2026:00:09:05 +0800] "GET /news/2165 HTTP/1.1" 200 27040 "-" "Mozilla/5.0 (Windows 7 Enterprise; x64) AppleWebKit/537.36 (KHTML, like Gecko) Chrome/122.0.6099.71 Safari/537.36"
36.133.115.36 - - [19/Feb/2026:00:23:38 +0800] "POST /wp-cron.php?doing_wp_cron=1771431818.1695690155029296875000 HTTP/1.1" 200 31 "-" "WordPress/6.9; http://cqqizhou.com"
180.184.51.126 - - [19/Feb/2026:00:23:38 +0800] "GET /news/2339 HTTP/1.1" 200 20641 "-" "Mozilla/5.0 (Linux; Android 10; V1950A; wv) AppleWebKit/537.36 (KHTML, like Gecko) Chrome/62.0.3202.84 Mobile Safari/537.36 VivoBrowser/20.2.3.0"
66.249.73.232 - - [19/Feb/2026:00:28:14 +0800] "GET /wp-content/uploads/2025/07/1753451773-%E5%86%B7%E8%BD%A7%E5%8D%B7roduct_Single600-150x150.webp HTTP/1.1" 200 4820 "-" "Googlebot-Image/1.0"
36.133.115.36 - - [19/Feb/2026:00:35:16 +0800] "POST /wp-cron.php?doing_wp_cron=1771432516.6127829551696777343750 HTTP/1.1" 200 31 "-" "WordPress/6.9; http://cqqizhou.com"
94.183.188.198 - - [19/Feb/2026:00:35:16 +0800] "GET / HTTP/1.1" 200 34807 "-" "xmlset_roodkcableoj28840ybtide"
94.183.188.198 - - [19/Feb/2026:00:35:17 +0800] "GET /upload_firmware.cgi HTTP/1.1" 301 5 "-" "Go-http-client/1.1"
94.183.188.198 - - [19/Feb/2026:00:35:20 +0800] "GET /upload_firmware.cgi HTTP/1.1" 404 8947 "http://36.133.115.36:80/upload_firmware.cgi" "Go-http-client/1.1"
94.183.188.198 - - [19/Feb/2026:00:35:21 +0800] "GET /cgi-bin/luci/admin/network/wireguard_status HTTP/1.1" 301 5 "-" "Go-http-client/1.1"
94.183.188.198 - - [19/Feb/2026:00:35:23 +0800] "GET /cgi-bin/luci/admin/network/wireguard_status HTTP/1.1" 404 8949 "http://36.133.115.36:80/cgi-bin/luci/admin/network/wireguard_status" "Go-http-client/1.1"
94.183.188.198 - - [19/Feb/2026:00:35:24 +0800] "GET /currentsetting.htm HTTP/1.1" 301 5 "-" "Go-http-client/1.1"
94.183.188.198 - - [19/Feb/2026:00:35:25 +0800] "GET /currentsetting.htm HTTP/1.1" 404 8949 "http://36.133.115.36:80/currentsetting.htm" "Go-http-client/1.1"
94.183.188.198 - - [19/Feb/2026:00:35:28 +0800] "GET /dnscfg.cgi HTTP/1.1" 301 5 "-" "Go-http-client/1.1"
94.183.188.198 - - [19/Feb/2026:00:35:30 +0800] "GET /dnscfg.cgi HTTP/1.1" 404 8947 "http://36.133.115.36:80/dnscfg.cgi" "Go-http-client/1.1"
94.183.188.198 - - [19/Feb/2026:00:35:31 +0800] "GET /cgi-bin/nobody/Search.cgi?action=cgi_query&ask=login&username=admin&queryb64str=ZWNobyBWVUxOX0NIRUNL HTTP/1.1" 301 5 "-" "Go-http-client/1.1"
94.183.188.198 - - [19/Feb/2026:00:35:33 +0800] "GET /cgi-bin/nobody/Search.cgi?action=cgi_query&ask=login&username=admin&queryb64str=ZWNobyBWVUxOX0NIRUNL HTTP/1.1" 404 8949 "http://36.133.115.36:80/cgi-bin/nobody/Search.cgi?action=cgi_query&ask=login&username=admin&queryb64str=ZWNobyBWVUxOX0NIRUNL" "Go-http-client/1.1"
94.183.188.198 - - [19/Feb/2026:00:35:36 +0800] "GET /ISAPI/System/deviceInfo HTTP/1.1" 301 5 "-" "Go-http-client/1.1"
94.183.188.198 - - [19/Feb/2026:00:35:37 +0800] "GET /ISAPI/System/deviceInfo HTTP/1.1" 404 8949 "http://36.133.115.36:80/ISAPI/System/deviceInfo" "Go-http-client/1.1"
94.183.188.198 - - [19/Feb/2026:00:35:39 +0800] "POST /RPC2_UploadFileWithName HTTP/1.1" 404 8949 "-" "Go-http-client/1.1"
36.133.115.36 - - [19/Feb/2026:00:37:47 +0800] "POST /wp-cron.php?doing_wp_cron=1771432667.6794359683990478515625 HTTP/1.1" 200 31 "-" "WordPress/6.9; http://cqqizhou.com"
52.167.144.160 - - [19/Feb/2026:00:37:47 +0800] "GET /2339/ HTTP/1.1" 301 5 "-" "Mozilla/5.0 AppleWebKit/537.36 (KHTML, like Gecko; compatible; bingbot/2.0; +http://www.bing.com/bingbot.htm) Chrome/116.0.1938.76 Safari/537.36"
36.133.115.36 - - [19/Feb/2026:00:44:07 +0800] "POST /wp-cron.php?doing_wp_cron=1771433047.5983119010925292968750 HTTP/1.1" 200 31 "-" "WordPress/6.9; http://cqqizhou.com"
111.225.149.186 - - [19/Feb/2026:00:44:07 +0800] "GET /robots.txt HTTP/1.1" 200 190 "-" "Mozilla/5.0 (Linux; Android 5.0) AppleWebKit/537.36 (KHTML, like Gecko) Mobile Safari/537.36 (compatible; Bytespider; https://zhanzhang.toutiao.com/)"
192.71.126.249 - - [19/Feb/2026:00:51:08 +0800] "GET / HTTP/1.1" 200 35253 "-" "Mozilla/5.0 (Windows NT 6.3; Win64; x64; rv:109.0) Gecko/20100101 Firefox/115"
192.71.142.134 - - [19/Feb/2026:00:51:10 +0800] "GET /news/portfolio-category/hot-dip-galvanized-coil HTTP/1.1" 200 21155 "-" "Mozilla/5.0 (Windows NT 6.3; Win64; x64; rv:109.0) Gecko/20100101 Firefox/115"
194.103.212.184 - - [19/Feb/2026:00:51:11 +0800] "GET /news/portfolio/%e5%86%b7%e8%bd%a7%e6%9d%bf HTTP/1.1" 200 22185 "-" "Mozilla/5.0 (Windows NT 6.3; Win64; x64; rv:109.0) Gecko/20100101 Firefox/115"
192.71.126.245 - - [19/Feb/2026:00:51:12 +0800] "GET /news/portfolio-category/cold-rolled-coil HTTP/1.1" 200 21166 "-" "Mozilla/5.0 (Windows NT 6.3; Win64; x64; rv:109.0) Gecko/20100101 Firefox/115"
36.133.115.36 - - [19/Feb/2026:01:08:13 +0800] "POST /wp-cron.php?doing_wp_cron=1771434493.1994500160217285156250 HTTP/1.1" 200 31 "-" "WordPress/6.9; http://cqqizhou.com"
51.161.65.29 - - [19/Feb/2026:01:08:13 +0800] "GET /robots.txt HTTP/1.1" 200 190 "-" "Mozilla/5.0 (compatible; AhrefsBot/7.0; +http://ahrefs.com/robot/)"
5.39.1.231 - - [19/Feb/2026:01:08:17 +0800] "GET /logistics HTTP/1.1" 304 0 "-" "Mozilla/5.0 (compatible; AhrefsBot/7.0; +http://ahrefs.com/robot/)"
160.202.35.100 - - [19/Feb/2026:01:10:32 +0800] "GET / HTTP/1.1" 200 35253 "-" "Mozilla/5.0"
36.133.115.36 - - [19/Feb/2026:01:13:27 +0800] "POST /wp-cron.php?doing_wp_cron=1771434807.4936289787292480468750 HTTP/1.1" 200 31 "-" "WordPress/6.9; http://cqqizhou.com"
43.167.245.18 - - [19/Feb/2026:01:13:27 +0800] "GET / HTTP/1.1" 200 34808 "-" "Mozilla/5.0 (iPhone; CPU iPhone OS 13_2_3 like Mac OS X) AppleWebKit/605.1.15 (KHTML, like Gecko) Version/13.0.3 Mobile/15E148 Safari/604.1"
51.75.236.146 - - [19/Feb/2026:01:40:22 +0800] "GET /news/portfolio-category/remaining-rolls HTTP/1.1" 304 0 "-" "Mozilla/5.0 (compatible; AhrefsBot/7.0; +http://ahrefs.com/robot/)"
36.133.115.36 - - [19/Feb/2026:02:06:35 +0800] "POST /wp-cron.php?doing_wp_cron=1771437995.8237919807434082031250 HTTP/1.1" 200 31 "-" "WordPress/6.9; http://cqqizhou.com"
89.42.231.200 - - [19/Feb/2026:02:06:36 +0800] "GET / HTTP/1.1" 200 157069 "-" "-"
36.133.115.36 - - [19/Feb/2026:02:10:00 +0800] "POST /wp-cron.php?doing_wp_cron=1771438200.0837268829345703125000 HTTP/1.1" 200 31 "-" "WordPress/6.9; http://cqqizhou.com"
43.135.144.126 - - [19/Feb/2026:02:10:00 +0800] "GET / HTTP/1.1" 301 5 "-" "Mozilla/5.0 (iPhone; CPU iPhone OS 13_2_3 like Mac OS X) AppleWebKit/605.1.15 (KHTML, like Gecko) Version/13.0.3 Mobile/15E148 Safari/604.1"
43.135.144.126 - - [19/Feb/2026:02:10:02 +0800] "GET / HTTP/1.1" 200 34808 "http://36.133.115.36" "Mozilla/5.0 (iPhone; CPU iPhone OS 13_2_3 like Mac OS X) AppleWebKit/605.1.15 (KHTML, like Gecko) Version/13.0.3 Mobile/15E148 Safari/604.1"
54.37.118.75 - - [19/Feb/2026:02:10:25 +0800] "GET /news/portfolio-category/hot-dip-galvanized-coil HTTP/1.1" 304 0 "-" "Mozilla/5.0 (compatible; AhrefsBot/7.0; +http://ahrefs.com/robot/)"
36.133.115.36 - - [19/Feb/2026:02:10:50 +0800] "POST /wp-cron.php?doing_wp_cron=1771438250.8459711074829101562500 HTTP/1.1" 200 31 "-" "WordPress/6.9; http://cqqizhou.com"
183.36.35.206 - - [19/Feb/2026:02:10:50 +0800] "GET / HTTP/1.1" 301 5 "-" "Mozilla/5.0 (Macintosh; Intel Mac OS X 10_15_7) AppleWebKit/537.36 (KHTML, like Gecko) Chrome/142.0.0.0 Safari/537.36"
183.36.35.206 - - [19/Feb/2026:02:10:51 +0800] "GET / HTTP/1.1" 200 35253 "-" "Mozilla/5.0 (Macintosh; Intel Mac OS X 10_15_7) AppleWebKit/537.36 (KHTML, like Gecko) Chrome/142.0.0.0 Safari/537.36"
36.133.115.36 - - [19/Feb/2026:02:15:16 +0800] "POST /wp-cron.php?doing_wp_cron=1771438516.3335690498352050781250 HTTP/1.1" 200 31 "-" "WordPress/6.9; http://cqqizhou.com"
87.120.191.67 - - [19/Feb/2026:02:15:16 +0800] "POST / HTTP/1.1" 200 34807 "-" "Mozilla/5.0 (Windows NT 10.0; Win64; x64) AppleWebKit/537.36"
51.75.236.148 - - [19/Feb/2026:02:40:52 +0800] "GET /news/portfolio-category/dual-phase-steel HTTP/1.1" 304 0 "-" "Mozilla/5.0 (compatible; AhrefsBot/7.0; +http://ahrefs.com/robot/)"
36.133.115.36 - - [19/Feb/2026:02:58:25 +0800] "POST /wp-cron.php?doing_wp_cron=1771441105.2687599658966064453125 HTTP/1.1" 200 31 "-" "WordPress/6.9; http://cqqizhou.com"
60.165.238.170 - - [19/Feb/2026:02:58:25 +0800] "GET / HTTP/1.1" 301 5 "-" "Go-http-client/1.1"
115.159.33.43 - - [19/Feb/2026:02:58:47 +0800] "GET / HTTP/1.1" 301 5 "-" "Mozilla/5.0 (Windows NT 10.0; Win64; x64) AppleWebKit/537.36 (KHTML, like Gecko) Chrome/79.0.3945.117 Safari/537.36"
36.133.115.36 - - [19/Feb/2026:03:21:04 +0800] "POST /wp-cron.php?doing_wp_cron=1771442464.5674829483032226562500 HTTP/1.1" 200 31 "-" "WordPress/6.9; http://cqqizhou.com"
204.76.203.69 - - [19/Feb/2026:03:21:05 +0800] "GET / HTTP/1.1" 200 157069 "-" "-"
36.133.115.36 - - [19/Feb/2026:03:25:30 +0800] "POST /wp-cron.php?doing_wp_cron=1771442730.5149400234222412109375 HTTP/1.1" 200 31 "-" "WordPress/6.9; http://cqqizhou.com"
167.94.138.178 - - [19/Feb/2026:03:25:30 +0800] "GET / HTTP/1.1" 301 5 "-" "Mozilla/5.0 (compatible; CensysInspect/1.1; +https://about.censys.io/)"
167.94.138.178 - - [19/Feb/2026:03:25:37 +0800] "GET /login HTTP/1.1" 302 5 "-" "Mozilla/5.0 (compatible; CensysInspect/1.1; +https://about.censys.io/)"
54.37.118.66 - - [19/Feb/2026:03:25:48 +0800] "GET /news/portfolio-category/cold-rolled-coil HTTP/1.1" 304 0 "-" "Mozilla/5.0 (compatible; AhrefsBot/7.0; +http://ahrefs.com/robot/)"
36.133.115.36 - - [19/Feb/2026:03:34:16 +0800] "POST /wp-cron.php?doing_wp_cron=1771443256.9416470527648925781250 HTTP/1.1" 200 31 "-" "WordPress/6.9; http://cqqizhou.com"
89.42.231.200 - - [19/Feb/2026:03:34:17 +0800] "GET / HTTP/1.1" 200 157069 "-" "-"
36.133.115.36 - - [19/Feb/2026:03:45:19 +0800] "POST /wp-cron.php?doing_wp_cron=1771443919.5061590671539306640625 HTTP/1.1" 200 31 "-" "WordPress/6.9; http://cqqizhou.com"
66.249.73.230 - - [19/Feb/2026:03:45:19 +0800] "GET /2464/ HTTP/1.1" 301 5 "-" "Mozilla/5.0 (Linux; Android 6.0.1; Nexus 5X Build/MMB29P) AppleWebKit/537.36 (KHTML, like Gecko) Chrome/144.0.7559.132 Mobile Safari/537.36 (compatible; Googlebot/2.1; +http://www.google.com/bot.html)"
66.249.73.231 - - [19/Feb/2026:03:45:20 +0800] "GET /news/2464 HTTP/1.1" 200 19591 "-" "Mozilla/5.0 (Linux; Android 6.0.1; Nexus 5X Build/MMB29P) AppleWebKit/537.36 (KHTML, like Gecko) Chrome/144.0.7559.132 Mobile Safari/537.36 (compatible; Googlebot/2.1; +http://www.google.com/bot.html)"
36.133.115.36 - - [19/Feb/2026:03:46:24 +0800] "POST /wp-cron.php?doing_wp_cron=1771443984.8232500553131103515625 HTTP/1.1" 200 31 "-" "WordPress/6.9; http://cqqizhou.com"
66.249.73.230 - - [19/Feb/2026:03:46:24 +0800] "GET /news/2418 HTTP/1.1" 200 23392 "-" "Mozilla/5.0 (Linux; Android 6.0.1; Nexus 5X Build/MMB29P) AppleWebKit/537.36 (KHTML, like Gecko) Chrome/144.0.7559.132 Mobile Safari/537.36 (compatible; Googlebot/2.1; +http://www.google.com/bot.html)"
66.249.73.232 - - [19/Feb/2026:03:48:20 +0800] "GET /wp-content/uploads/2025/07/1753456770-%E7%83%AD%E9%95%80%E9%94%8C%E5%8D%B7product_Single600-150x150.webp HTTP/1.1" 200 5124 "-" "Googlebot-Image/1.0"
36.133.115.36 - - [19/Feb/2026:03:50:34 +0800] "POST /wp-cron.php?doing_wp_cron=1771444234.5983219146728515625000 HTTP/1.1" 200 31 "-" "WordPress/6.9; http://cqqizhou.com"
87.120.191.67 - - [19/Feb/2026:03:50:35 +0800] "POST / HTTP/1.1" 200 34808 "-" "Mozilla/5.0 (Windows NT 10.0; Win64; x64) AppleWebKit/537.36"
36.133.115.36 - - [19/Feb/2026:03:57:20 +0800] "POST /wp-cron.php?doing_wp_cron=1771444640.2759220600128173828125 HTTP/1.1" 200 31 "-" "WordPress/6.9; http://cqqizhou.com"
49.233.45.47 - - [19/Feb/2026:03:57:20 +0800] "GET / HTTP/1.1" 301 5 "-" "Mozilla/5.0 (iPhone; CPU iPhone OS 13_2_3 like Mac OS X) AppleWebKit/605.1.15 (KHTML, like Gecko) Version/13.0.3 Mobile/15E148 Safari/604.1"
49.233.45.47 - - [19/Feb/2026:03:57:23 +0800] "GET / HTTP/1.1" 200 34808 "http://www.cqqizhou.com" "Mozilla/5.0 (iPhone; CPU iPhone OS 13_2_3 like Mac OS X) AppleWebKit/605.1.15 (KHTML, like Gecko) Version/13.0.3 Mobile/15E148 Safari/604.1"
145.220.91.19 - - [19/Feb/2026:04:10:41 +0800] "GET / HTTP/1.1" 200 35253 "-" "Mozilla/5.0 (Macintosh; Intel Mac OS X 10.15; rv:122.0) Gecko/20100101 Firefox/122.0"
36.133.115.36 - - [19/Feb/2026:04:19:55 +0800] "POST /wp-cron.php?doing_wp_cron=1771445995.6084918975830078125000 HTTP/1.1" 200 31 "-" "WordPress/6.9; http://cqqizhou.com"
121.41.167.163 - - [19/Feb/2026:04:19:55 +0800] "GET / HTTP/1.0" 301 0 "-" "-"
121.41.167.163 - - [19/Feb/2026:04:20:06 +0800] "GET / HTTP/1.0" 301 0 "-" "-"
121.41.167.163 - - [19/Feb/2026:04:20:06 +0800] "GET /nmaplowercheck1771445997 HTTP/1.1" 404 31365 "-" "Mozilla/5.0 (compatible; Nmap Scripting Engine; https://nmap.org/book/nse.html)"
121.41.167.163 - - [19/Feb/2026:04:20:06 +0800] "POST /sdk HTTP/1.1" 404 31365 "-" "Mozilla/5.0 (compatible; Nmap Scripting Engine; https://nmap.org/book/nse.html)"
121.41.167.163 - - [19/Feb/2026:04:20:07 +0800] "GET /evox/about HTTP/1.1" 404 31365 "-" "Mozilla/5.0 (compatible; Nmap Scripting Engine; https://nmap.org/book/nse.html)"
121.41.167.163 - - [19/Feb/2026:04:20:07 +0800] "GET /HNAP1 HTTP/1.1" 404 31365 "-" "Mozilla/5.0 (compatible; Nmap Scripting Engine; https://nmap.org/book/nse.html)"
36.133.115.36 - - [19/Feb/2026:04:20:26 +0800] "POST /wp-cron.php?doing_wp_cron=1771446026.5186629295349121093750 HTTP/1.1" 200 31 "-" "WordPress/6.9; http://cqqizhou.com"
121.41.167.163 - - [19/Feb/2026:04:20:26 +0800] "GET / HTTP/1.0" 301 0 "-" "-"
121.41.167.163 - - [19/Feb/2026:04:20:27 +0800] "GET / HTTP/1.1" 301 5 "-" "-"
94.23.188.193 - - [19/Feb/2026:04:23:36 +0800] "GET /news/2420 HTTP/1.1" 304 0 "-" "Mozilla/5.0 (compatible; AhrefsBot/7.0; +http://ahrefs.com/robot/)"
39.187.110.209 - - [19/Feb/2026:04:25:38 +0800] "GET / HTTP/1.1" 200 158728 "-" "Mozilla/5.0 (Macintosh; Intel Mac OS X 10_14_6) AppleWebKit/537.36 (KHTML, like Gecko) Chrome/95.0.4638.69 Safari/537.36"
36.133.115.36 - - [19/Feb/2026:04:58:09 +0800] "POST /wp-cron.php?doing_wp_cron=1771448289.7180280685424804687500 HTTP/1.1" 200 31 "-" "WordPress/6.9; http://cqqizhou.com"
43.157.180.116 - - [19/Feb/2026:04:58:09 +0800] "GET / HTTP/1.1" 301 5 "-" "Mozilla/5.0 (iPhone; CPU iPhone OS 13_2_3 like Mac OS X) AppleWebKit/605.1.15 (KHTML, like Gecko) Version/13.0.3 Mobile/15E148 Safari/604.1"
43.157.180.116 - - [19/Feb/2026:04:58:12 +0800] "GET / HTTP/1.1" 200 34808 "http://www.cqqizhou.com" "Mozilla/5.0 (iPhone; CPU iPhone OS 13_2_3 like Mac OS X) AppleWebKit/605.1.15 (KHTML, like Gecko) Version/13.0.3 Mobile/15E148 Safari/604.1"
36.133.115.36 - - [19/Feb/2026:05:00:19 +0800] "POST /wp-cron.php?doing_wp_cron=1771448419.5576388835906982421875 HTTP/1.1" 200 31 "-" "WordPress/6.9; http://cqqizhou.com"
66.249.73.232 - - [19/Feb/2026:05:00:19 +0800] "GET /2464/ HTTP/1.1" 301 5 "-" "Mozilla/5.0 (Linux; Android 6.0.1; Nexus 5X Build/MMB29P) AppleWebKit/537.36 (KHTML, like Gecko) Chrome/144.0.7559.132 Mobile Safari/537.36 (compatible; Googlebot/2.1; +http://www.google.com/bot.html)"
36.133.115.36 - - [19/Feb/2026:05:04:23 +0800] "POST /wp-cron.php?doing_wp_cron=1771448663.4092659950256347656250 HTTP/1.1" 200 31 "-" "WordPress/6.9; http://cqqizhou.com"
121.43.152.154 - - [19/Feb/2026:05:04:23 +0800] "GET / HTTP/1.1" 301 5 "-" "Mozilla/5.0 (Windows NT 10.0; Win64; x64) AppleWebKit/537.36 (KHTML, like Gecko) Chrome/59.0.3071.115 Safari/537.36"
36.133.115.36 - - [19/Feb/2026:05:11:26 +0800] "POST /wp-cron.php?doing_wp_cron=1771449086.1168460845947265625000 HTTP/1.1" 200 31 "-" "WordPress/6.9; http://cqqizhou.com"
66.249.73.232 - - [19/Feb/2026:05:11:26 +0800] "GET /media/ HTTP/1.1" 301 5 "-" "Mozilla/5.0 (Linux; Android 6.0.1; Nexus 5X Build/MMB29P) AppleWebKit/537.36 (KHTML, like Gecko) Chrome/144.0.7559.132 Mobile Safari/537.36 (compatible; Googlebot/2.1; +http://www.google.com/bot.html)"
66.249.73.232 - - [19/Feb/2026:05:11:27 +0800] "GET /media HTTP/1.1" 200 26065 "-" "Mozilla/5.0 (Linux; Android 6.0.1; Nexus 5X Build/MMB29P) AppleWebKit/537.36 (KHTML, like Gecko) Chrome/144.0.7559.132 Mobile Safari/537.36 (compatible; Googlebot/2.1; +http://www.google.com/bot.html)"
51.68.247.207 - - [19/Feb/2026:05:28:30 +0800] "GET /news/2164 HTTP/1.1" 304 0 "-" "Mozilla/5.0 (compatible; AhrefsBot/7.0; +http://ahrefs.com/robot/)"
36.133.115.36 - - [19/Feb/2026:05:34:01 +0800] "POST /wp-cron.php?doing_wp_cron=1771450441.4325881004333496093750 HTTP/1.1" 200 31 "-" "WordPress/6.9; http://cqqizhou.com"
89.42.231.200 - - [19/Feb/2026:05:34:02 +0800] "GET / HTTP/1.1" 200 157069 "-" "-"
36.133.115.36 - - [19/Feb/2026:05:36:46 +0800] "POST /wp-cron.php?doing_wp_cron=1771450606.9223630428314208984375 HTTP/1.1" 200 31 "-" "WordPress/6.9; http://cqqizhou.com"
87.120.191.67 - - [19/Feb/2026:05:36:47 +0800] "POST / HTTP/1.1" 200 34808 "-" "Mozilla/5.0 (Windows NT 10.0; Win64; x64) AppleWebKit/537.36"
36.133.115.36 - - [19/Feb/2026:06:06:43 +0800] "POST /wp-cron.php?doing_wp_cron=1771452402.9820859432220458984375 HTTP/1.1" 200 31 "-" "WordPress/6.9; http://cqqizhou.com"
49.51.72.236 - - [19/Feb/2026:06:06:43 +0800] "GET / HTTP/1.1" 200 34808 "-" "Mozilla/5.0 (iPhone; CPU iPhone OS 13_2_3 like Mac OS X) AppleWebKit/605.1.15 (KHTML, like Gecko) Version/13.0.3 Mobile/15E148 Safari/604.1"
36.133.115.36 - - [19/Feb/2026:06:26:26 +0800] "POST /wp-cron.php?doing_wp_cron=1771453586.5851581096649169921875 HTTP/1.1" 200 31 "-" "WordPress/6.9; http://cqqizhou.com"
66.249.73.230 - - [19/Feb/2026:06:26:26 +0800] "GET /news/portfolio/duplex-stainless-steel HTTP/1.1" 200 18775 "-" "Mozilla/5.0 (Linux; Android 6.0.1; Nexus 5X Build/MMB29P) AppleWebKit/537.36 (KHTML, like Gecko) Chrome/144.0.7559.132 Mobile Safari/537.36 (compatible; Googlebot/2.1; +http://www.google.com/bot.html)"
36.133.115.36 - - [19/Feb/2026:06:28:37 +0800] "POST /wp-cron.php?doing_wp_cron=1771453717.6949100494384765625000 HTTP/1.1" 200 31 "-" "WordPress/6.9; http://cqqizhou.com"
204.76.203.69 - - [19/Feb/2026:06:28:37 +0800] "GET / HTTP/1.1" 301 5 "-" "Mozilla/5.0 (Windows NT 10.0; Win64; x64) AppleWebKit/537.36 (KHTML, like Gecko) Chrome/90.0.4430.85 Safari/537.36 Edg/90.0.818.46"
36.133.115.36 - - [19/Feb/2026:06:31:24 +0800] "POST /wp-cron.php?doing_wp_cron=1771453884.4281079769134521484375 HTTP/1.1" 200 31 "-" "WordPress/6.9; http://cqqizhou.com"
176.31.139.5 - - [19/Feb/2026:06:31:24 +0800] "GET /uncategorized HTTP/1.1" 200 20492 "-" "Mozilla/5.0 (compatible; AhrefsBot/7.0; +http://ahrefs.com/robot/)"
36.133.115.36 - - [19/Feb/2026:06:40:50 +0800] "POST /wp-cron.php?doing_wp_cron=1771454450.7594380378723144531250 HTTP/1.1" 200 31 "-" "WordPress/6.9; http://cqqizhou.com"
45.156.128.41 - - [19/Feb/2026:06:40:50 +0800] "GET / HTTP/1.1" 301 5 "-" "Mozilla/5.0 (Windows NT 10.0; Win64; x64) AppleWebKit/537.36 (KHTML, like Gecko) Chrome/60.0.3112.113 Safari/537.36"
45.156.128.127 - - [19/Feb/2026:06:40:52 +0800] "GET / HTTP/1.1" 200 35253 "http://36.133.115.36/" "Mozilla/5.0 (Windows NT 10.0; Win64; x64) AppleWebKit/537.36 (KHTML, like Gecko) Chrome/60.0.3112.113 Safari/537.36"
36.133.115.36 - - [19/Feb/2026:06:45:35 +0800] "POST /wp-cron.php?doing_wp_cron=1771454735.4871950149536132812500 HTTP/1.1" 200 31 "-" "WordPress/6.9; http://cqqizhou.com"
110.249.202.174 - - [19/Feb/2026:06:45:35 +0800] "GET /robots.txt HTTP/1.1" 200 190 "-" "Mozilla/5.0 (Linux; Android 5.0) AppleWebKit/537.36 (KHTML, like Gecko) Mobile Safari/537.36 (compatible; Bytespider; https://zhanzhang.toutiao.com/)"
36.133.115.36 - - [19/Feb/2026:06:59:49 +0800] "POST /wp-cron.php?doing_wp_cron=1771455589.3664150238037109375000 HTTP/1.1" 200 31 "-" "WordPress/6.9; http://cqqizhou.com"
176.65.132.94 - - [19/Feb/2026:06:59:50 +0800] "POST / HTTP/1.1" 200 34808 "-" "Mozilla/5.0 (Windows NT 10.0; Win64; x64) AppleWebKit/537.36"
48.192.92.50 - - [19/Feb/2026:07:10:40 +0800] "GET /news/2475 HTTP/1.1" 200 26743 "-" "Mozilla/5.0 (Windows NT 10.0; Win64; x64) AppleWebKit/537.36 (KHTML, like Gecko) Chrome/131.0.0.0 Safari/537.36 Edg/131.0.0.0"
36.133.115.36 - - [19/Feb/2026:07:11:24 +0800] "POST /wp-cron.php?doing_wp_cron=1771456284.8501629829406738281250 HTTP/1.1" 200 31 "-" "WordPress/6.9; http://cqqizhou.com"
66.249.73.232 - - [19/Feb/2026:07:11:24 +0800] "GET /news/2361 HTTP/1.1" 200 21017 "-" "Mozilla/5.0 (Linux; Android 6.0.1; Nexus 5X Build/MMB29P) AppleWebKit/537.36 (KHTML, like Gecko) Chrome/144.0.7559.132 Mobile Safari/537.36 (compatible; Googlebot/2.1; +http://www.google.com/bot.html)"
36.133.115.36 - - [19/Feb/2026:07:28:13 +0800] "POST /wp-cron.php?doing_wp_cron=1771457292.9690070152282714843750 HTTP/1.1" 200 31 "-" "WordPress/6.9; http://cqqizhou.com"
87.120.191.67 - - [19/Feb/2026:07:28:13 +0800] "POST / HTTP/1.1" 200 34808 "-" "Mozilla/5.0 (Windows NT 10.0; Win64; x64) AppleWebKit/537.36"
92.222.104.207 - - [19/Feb/2026:07:30:11 +0800] "GET /news/2418 HTTP/1.1" 304 0 "-" "Mozilla/5.0 (compatible; AhrefsBot/7.0; +http://ahrefs.com/robot/)"
36.133.115.36 - - [19/Feb/2026:07:35:43 +0800] "POST /wp-cron.php?doing_wp_cron=1771457743.2973949909210205078125 HTTP/1.1" 200 31 "-" "WordPress/6.9; http://cqqizhou.com"
104.164.8.29 - - [19/Feb/2026:07:35:43 +0800] "GET /login HTTP/1.1" 301 5 "-" "Go-http-client/1.1"
104.164.8.29 - - [19/Feb/2026:07:35:44 +0800] "GET /login HTTP/1.1" 302 5 "http://36.133.115.36:80/login" "Go-http-client/1.1"
104.164.8.29 - - [19/Feb/2026:07:35:45 +0800] "GET /wp-login.php HTTP/1.1" 200 2853 "http://36.133.115.36/login" "Go-http-client/1.1"
36.133.115.36 - - [19/Feb/2026:07:41:26 +0800] "POST /wp-cron.php?doing_wp_cron=1771458086.5647580623626708984375 HTTP/1.1" 200 31 "-" "WordPress/6.9; http://cqqizhou.com"
66.249.73.231 - - [19/Feb/2026:07:41:26 +0800] "GET /media HTTP/1.1" 200 26064 "-" "Mozilla/5.0 (Linux; Android 6.0.1; Nexus 5X Build/MMB29P) AppleWebKit/537.36 (KHTML, like Gecko) Chrome/144.0.7559.132 Mobile Safari/537.36 (compatible; Googlebot/2.1; +http://www.google.com/bot.html)"
36.133.115.36 - - [19/Feb/2026:08:03:54 +0800] "POST /wp-cron.php?doing_wp_cron=1771459434.7784399986267089843750 HTTP/1.1" 200 31 "-" "WordPress/6.9; http://cqqizhou.com"
85.11.183.19 - - [19/Feb/2026:08:03:54 +0800] "GET / HTTP/1.1" 200 34808 "-" "Mozilla/5.0 (Windows NT 10.0; Win64; x64) AppleWebKit/537.36 (KHTML, like Gecko) Chrome/140.0.0.0 Safari/537.36"
36.133.115.36 - - [19/Feb/2026:08:07:24 +0800] "POST /wp-cron.php?doing_wp_cron=1771459644.9034419059753417968750 HTTP/1.1" 200 31 "-" "WordPress/6.9; http://cqqizhou.com"
125.76.242.4 - - [19/Feb/2026:08:07:24 +0800] "GET / HTTP/1.1" 301 5 "-" "Mozilla/5.0 (Windows NT 6.1; Win64; x64) AppleWebKit/537.36 (KHTML, like Gecko) Chrome/46.0.2490.86 Safari/537.36"
36.133.115.36 - - [19/Feb/2026:08:11:15 +0800] "POST /wp-cron.php?doing_wp_cron=1771459875.0594260692596435546875 HTTP/1.1" 200 31 "-" "WordPress/6.9; http://cqqizhou.com"
51.68.111.241 - - [19/Feb/2026:08:11:15 +0800] "GET /robots.txt HTTP/1.1" 200 190 "-" "Mozilla/5.0 (compatible; MJ12bot/v2.0.4; http://mj12bot.com/)"
51.68.111.241 - - [19/Feb/2026:08:11:15 +0800] "GET / HTTP/1.1" 200 35253 "-" "Mozilla/5.0 (compatible; MJ12bot/v2.0.4; http://mj12bot.com/)"
36.133.115.36 - - [19/Feb/2026:08:25:01 +0800] "POST /wp-cron.php?doing_wp_cron=1771460701.0584518909454345703125 HTTP/1.1" 200 31 "-" "WordPress/6.9; http://cqqizhou.com"
92.222.108.100 - - [19/Feb/2026:08:25:01 +0800] "GET /portfolio-category/pickled-coil/ HTTP/1.1" 301 5 "-" "Mozilla/5.0 (compatible; AhrefsBot/7.0; +http://ahrefs.com/robot/)"
36.133.115.36 - - [19/Feb/2026:08:25:38 +0800] "POST /wp-cron.php?doing_wp_cron=1771460738.8795208930969238281250 HTTP/1.1" 200 31 "-" "WordPress/6.9; http://cqqizhou.com"
43.135.135.57 - - [19/Feb/2026:08:25:38 +0800] "GET / HTTP/1.1" 301 5 "-" "Mozilla/5.0 (iPhone; CPU iPhone OS 13_2_3 like Mac OS X) AppleWebKit/605.1.15 (KHTML, like Gecko) Version/13.0.3 Mobile/15E148 Safari/604.1"
43.135.135.57 - - [19/Feb/2026:08:25:40 +0800] "GET / HTTP/1.1" 200 34808 "http://36.133.115.36" "Mozilla/5.0 (iPhone; CPU iPhone OS 13_2_3 like Mac OS X) AppleWebKit/605.1.15 (KHTML, like Gecko) Version/13.0.3 Mobile/15E148 Safari/604.1"
36.133.115.36 - - [19/Feb/2026:08:26:24 +0800] "POST /wp-cron.php?doing_wp_cron=1771460784.8122689723968505859375 HTTP/1.1" 200 31 "-" "WordPress/6.9; http://cqqizhou.com"
66.249.73.230 - - [19/Feb/2026:08:26:24 +0800] "GET /news/2388 HTTP/1.1" 200 20525 "-" "Mozilla/5.0 (Linux; Android 6.0.1; Nexus 5X Build/MMB29P) AppleWebKit/537.36 (KHTML, like Gecko) Chrome/144.0.7559.132 Mobile Safari/537.36 (compatible; Googlebot/2.1; +http://www.google.com/bot.html)"
36.133.115.36 - - [19/Feb/2026:08:30:06 +0800] "POST /wp-cron.php?doing_wp_cron=1771461006.8044769763946533203125 HTTP/1.1" 200 31 "-" "WordPress/6.9; http://cqqizhou.com"
43.135.134.127 - - [19/Feb/2026:08:30:06 +0800] "GET / HTTP/1.1" 200 34808 "-" "Mozilla/5.0 (iPhone; CPU iPhone OS 13_2_3 like Mac OS X) AppleWebKit/605.1.15 (KHTML, like Gecko) Version/13.0.3 Mobile/15E148 Safari/604.1"
36.133.115.36 - - [19/Feb/2026:08:32:15 +0800] "POST /wp-cron.php?doing_wp_cron=1771461135.8284430503845214843750 HTTP/1.1" 200 31 "-" "WordPress/6.9; http://cqqizhou.com"
185.191.171.18 - - [19/Feb/2026:08:32:15 +0800] "GET /robots.txt HTTP/1.1" 200 190 "-" "Mozilla/5.0 (compatible; SemrushBot/7~bl; +http://www.semrush.com/bot.html)"
185.191.171.1 - - [19/Feb/2026:08:32:18 +0800] "GET /company-news/ HTTP/1.1" 301 5 "-" "Mozilla/5.0 (compatible; SemrushBot/7~bl; +http://www.semrush.com/bot.html)"
36.133.115.36 - - [19/Feb/2026:08:45:15 +0800] "POST /wp-cron.php?doing_wp_cron=1771461915.9476180076599121093750 HTTP/1.1" 200 31 "-" "WordPress/6.9; http://cqqizhou.com"
87.120.191.67 - - [19/Feb/2026:08:45:16 +0800] "POST / HTTP/1.1" 200 34807 "-" "Mozilla/5.0 (Windows NT 10.0; Win64; x64) AppleWebKit/537.36"
36.133.115.36 - - [19/Feb/2026:08:57:08 +0800] "POST /wp-cron.php?doing_wp_cron=1771462628.2745120525360107421875 HTTP/1.1" 200 31 "-" "WordPress/6.9; http://cqqizhou.com"
89.42.231.200 - - [19/Feb/2026:08:57:08 +0800] "GET / HTTP/1.1" 200 157069 "-" "-"
36.133.115.36 - - [19/Feb/2026:09:12:03 +0800] "POST /wp-cron.php?doing_wp_cron=1771463523.6227529048919677734375 HTTP/1.1" 200 31 "-" "WordPress/6.9; http://cqqizhou.com"
51.68.247.202 - - [19/Feb/2026:09:12:03 +0800] "GET /robots.txt HTTP/1.1" 200 190 "-" "Mozilla/5.0 (compatible; AhrefsBot/7.0; +http://ahrefs.com/robot/)"
54.37.118.90 - - [19/Feb/2026:09:12:07 +0800] "GET / HTTP/1.1" 200 35253 "-" "Mozilla/5.0 (compatible; AhrefsBot/7.0; +http://ahrefs.com/robot/)"
51.107.69.151 - - [19/Feb/2026:09:14:52 +0800] "GET /wp-content/plugins/hellopress/wp_filemanager.php HTTP/1.1" 404 27 "-" "-"
51.107.69.151 - - [19/Feb/2026:09:14:52 +0800] "GET /byp8.php HTTP/1.1" 404 27 "-" "-"
36.133.115.36 - - [19/Feb/2026:09:32:36 +0800] "POST /wp-cron.php?doing_wp_cron=1771464755.9966020584106445312500 HTTP/1.1" 200 31 "-" "WordPress/6.9; http://cqqizhou.com"
5.61.209.92 - - [19/Feb/2026:09:32:36 +0800] "GET /SDK/webLanguage HTTP/1.1" 301 5 "-" "Mozilla/5.0 (Windows NT 10.0; Win64; x64) AppleWebKit/537.36 (KHTML, like Gecko) Chrome/90.0.4430.85 Safari/537.36 Edg/90.0.818.46"
36.133.115.36 - - [19/Feb/2026:09:46:51 +0800] "POST /wp-cron.php?doing_wp_cron=1771465611.9209289550781250000000 HTTP/1.1" 200 31 "-" "WordPress/6.9; http://cqqizhou.com"
110.249.201.108 - - [19/Feb/2026:09:46:51 +0800] "GET /robots.txt HTTP/1.1" 200 190 "-" "Mozilla/5.0 (Linux; Android 5.0) AppleWebKit/537.36 (KHTML, like Gecko) Mobile Safari/537.36 (compatible; Bytespider; https://zhanzhang.toutiao.com/)"
36.133.115.36 - - [19/Feb/2026:09:57:36 +0800] "POST /wp-cron.php?doing_wp_cron=1771466256.7765300273895263671875 HTTP/1.1" 200 31 "-" "WordPress/6.9; http://cqqizhou.com"
92.222.108.106 - - [19/Feb/2026:09:57:36 +0800] "GET /portfolio-tag/%E9%9E%8D%E9%92%A2%E8%92%82%E6%A3%AE/ HTTP/1.1" 404 8949 "-" "Mozilla/5.0 (compatible; AhrefsBot/7.0; +http://ahrefs.com/robot/)"
204.76.203.69 - - [19/Feb/2026:09:58:02 +0800] "GET / HTTP/1.1" 200 157069 "-" "-"
36.133.115.36 - - [19/Feb/2026:10:04:00 +0800] "POST /wp-cron.php?doing_wp_cron=1771466640.3507220745086669921875 HTTP/1.1" 200 31 "-" "WordPress/6.9; http://cqqizhou.com"
14.215.163.132 - - [19/Feb/2026:10:04:00 +0800] "GET / HTTP/1.1" 200 34807 "-" "Mozilla/5.0 (iPhone; CPU iPhone OS 13_2_3 like Mac OS X) AppleWebKit/605.1.15 (KHTML, like Gecko) Version/13.0.3 Mobile/15E148 Safari/604.1"
36.133.115.36 - - [19/Feb/2026:10:14:30 +0800] "POST /wp-cron.php?doing_wp_cron=1771467270.2078480720520019531250 HTTP/1.1" 200 31 "-" "WordPress/6.9; http://cqqizhou.com"
65.49.1.24 - - [19/Feb/2026:10:14:30 +0800] "GET / HTTP/1.1" 301 5 "-" "Mozilla/5.0 (Windows NT 10.0; Win64; x64) AppleWebKit/537.36 (KHTML, like Gecko) Chrome/135.0.0.0 Safari/537.36"
36.133.115.36 - - [19/Feb/2026:10:15:58 +0800] "POST /wp-cron.php?doing_wp_cron=1771467358.6003329753875732421875 HTTP/1.1" 200 31 "-" "WordPress/6.9; http://cqqizhou.com"
65.49.1.24 - - [19/Feb/2026:10:15:58 +0800] "GET /webui/ HTTP/1.1" 404 8950 "-" "Mozilla/5.0 (Windows NT 10.0; Win64; x64) AppleWebKit/537.36 (KHTML, like Gecko) Chrome/103.0.0.0 Safari/537.36"
36.133.115.36 - - [19/Feb/2026:10:16:40 +0800] "POST /wp-cron.php?doing_wp_cron=1771467400.0252308845520019531250 HTTP/1.1" 200 31 "-" "WordPress/6.9; http://cqqizhou.com"
65.49.1.27 - - [19/Feb/2026:10:16:40 +0800] "GET / HTTP/1.1" 301 5 "-" "Mozilla/5.0 (Windows NT 10.0; Win64; x64) AppleWebKit/537.36 (KHTML, like Gecko) Chrome/103.0.0.0 Safari/537.36"
36.133.115.36 - - [19/Feb/2026:10:18:14 +0800] "POST /wp-cron.php?doing_wp_cron=1771467494.4152090549468994140625 HTTP/1.1" 200 31 "-" "WordPress/6.9; http://cqqizhou.com"
65.49.1.24 - - [19/Feb/2026:10:18:14 +0800] "GET /geoserver/web/ HTTP/1.1" 404 8950 "-" "Mozilla/5.0 (Windows NT 10.0; Win64; x64) AppleWebKit/537.36 (KHTML, like Gecko) Chrome/135.0.0.0 Safari/537.36"
36.133.115.36 - - [19/Feb/2026:10:30:07 +0800] "POST /wp-cron.php?doing_wp_cron=1771468207.5266420841217041015625 HTTP/1.1" 200 31 "-" "WordPress/6.9; http://cqqizhou.com"
87.120.191.67 - - [19/Feb/2026:10:30:08 +0800] "POST / HTTP/1.1" 200 34808 "-" "Mozilla/5.0 (Windows NT 10.0; Win64; x64) AppleWebKit/537.36"
94.23.188.207 - - [19/Feb/2026:10:42:45 +0800] "GET /news/2361 HTTP/1.1" 304 0 "-" "Mozilla/5.0 (compatible; AhrefsBot/7.0; +http://ahrefs.com/robot/)"
36.133.115.36 - - [19/Feb/2026:10:47:33 +0800] "POST /wp-cron.php?doing_wp_cron=1771469253.3808870315551757812500 HTTP/1.1" 200 31 "-" "WordPress/6.9; http://cqqizhou.com"
172.237.109.40 - - [19/Feb/2026:10:47:33 +0800] "GET / HTTP/1.1" 301 5 "-" "Mozilla/5.0 (Windows NT 6.1; WOW64; rv:8.0) Gecko/20100101 Firefox/8.0"
172.237.109.40 - - [19/Feb/2026:10:47:34 +0800] "GET / HTTP/1.1" 200 158728 "-" "Mozilla/5.0 (Windows NT 6.1; WOW64; rv:8.0) Gecko/20100101 Firefox/8.0"
36.133.115.36 - - [19/Feb/2026:10:57:01 +0800] "POST /wp-cron.php?doing_wp_cron=1771469821.3191258907318115234375 HTTP/1.1" 200 31 "-" "WordPress/6.9; http://cqqizhou.com"
185.242.226.102 - - [19/Feb/2026:10:57:01 +0800] "GET / HTTP/1.1" 301 5 "-" "Mozilla/5.0 (Windows NT 10.0; Win64; x64) AppleWebKit/537.36 (KHTML, like Gecko) Chrome/88.0.4324.190 Safari/537.36"
185.242.226.102 - - [19/Feb/2026:10:57:07 +0800] "GET / HTTP/1.1" 200 35253 "http://36.133.115.36:80/" "Mozilla/5.0 (Windows NT 10.0; Win64; x64) AppleWebKit/537.36 (KHTML, like Gecko) Chrome/88.0.4324.190 Safari/537.36"
111.48.219.225 - - [19/Feb/2026:10:59:24 +0800] "GET /news/2440 HTTP/1.1" 200 25601 "-" "Mozilla/5.0 (Macintosh; Intel Mac OS X 10_15_7) AppleWebKit/537.36 (KHTML, like Gecko) Chrome/120.0.0.0 Safari/537.36"
122.228.17.216 - - [19/Feb/2026:10:59:24 +0800] "GET /news/2440 HTTP/1.1" 200 25601 "-" "Mozilla/5.0 (Macintosh; Intel Mac OS X 13) AppleWebKit/537.36 (KHTML, like Gecko) Chrome/132.0.6820.69 Safari/537.36"
36.133.115.36 - - [19/Feb/2026:11:01:57 +0800] "POST /wp-cron.php?doing_wp_cron=1771470117.1726379394531250000000 HTTP/1.1" 200 31 "-" "WordPress/6.9; http://cqqizhou.com"
20.65.195.124 - - [19/Feb/2026:11:01:57 +0800] "GET /developmentserver/metadatauploader HTTP/1.1" 404 8949 "-" "Mozilla/5.0 zgrab/0.x"
36.133.115.36 - - [19/Feb/2026:11:03:17 +0800] "POST /wp-cron.php?doing_wp_cron=1771470197.1030449867248535156250 HTTP/1.1" 200 31 "-" "WordPress/6.9; http://cqqizhou.com"
172.236.228.38 - - [19/Feb/2026:11:03:17 +0800] "GET / HTTP/1.1" 301 5 "-" "Mozilla/5.0 (Macintosh; Intel Mac OS X 13_1) AppleWebKit/537.36 (KHTML, like Gecko) Chrome/108.0.0.0 Safari/537.36"
172.236.228.38 - - [19/Feb/2026:11:03:17 +0800] "GET / HTTP/1.1" 200 35253 "http://36.133.115.36/" "Mozilla/5.0 (Macintosh; Intel Mac OS X 13_1) AppleWebKit/537.36 (KHTML, like Gecko) Chrome/108.0.0.0 Safari/537.36"
205.169.39.4 - - [19/Feb/2026:11:10:01 +0800] "GET / HTTP/1.1" 200 35253 "-" "Mozilla/5.0 (Windows NT 10.0; Win64; x64) AppleWebKit/537.36 (KHTML, like Gecko) Chrome/117.0.5938.132 Safari/537.36"
205.169.39.4 - - [19/Feb/2026:11:10:03 +0800] "GET /wp-content/uploads/2025/07/1751425283-qizhou.kf_.qq_.com_.webp HTTP/1.1" 200 16864 "http://cqqizhou.com/" "Mozilla/5.0 (Windows NT 10.0; Win64; x64) AppleWebKit/537.36 (KHTML, like Gecko) Chrome/117.0.5938.132 Safari/537.36"
205.169.39.4 - - [19/Feb/2026:11:10:04 +0800] "GET /wp-content/uploads/2025/07/1750174127-Marketing1920x800_3.webp HTTP/1.1" 200 52790 "http://cqqizhou.com/wp-content/uploads/elementor/css/post-1666.css?ver=1770619146" "Mozilla/5.0 (Windows NT 10.0; Win64; x64) AppleWebKit/537.36 (KHTML, like Gecko) Chrome/117.0.5938.132 Safari/537.36"
205.169.39.4 - - [19/Feb/2026:11:10:07 +0800] "GET /wp-content/uploads/2025/07/1753456770-%E7%83%AD%E9%95%80%E9%94%8C%E5%8D%B7product_Single600.webp HTTP/1.1" 200 27502 "http://cqqizhou.com/" "Mozilla/5.0 (Windows NT 10.0; Win64; x64) AppleWebKit/537.36 (KHTML, like Gecko) Chrome/117.0.5938.132 Safari/537.36"
205.169.39.4 - - [19/Feb/2026:11:10:07 +0800] "GET /wp-content/uploads/2025/07/1753453096-%E5%8F%8C%E7%9B%B8%E9%92%A2product_Single600%C3%97284.webp HTTP/1.1" 200 14562 "http://cqqizhou.com/" "Mozilla/5.0 (Windows NT 10.0; Win64; x64) AppleWebKit/537.36 (KHTML, like Gecko) Chrome/117.0.5938.132 Safari/537.36"
205.169.39.4 - - [19/Feb/2026:11:10:07 +0800] "GET /wp-content/uploads/2025/07/1753456723-%E5%8F%8C%E7%9B%B8%E9%92%A2roduct_Single600.webp HTTP/1.1" 200 22790 "http://cqqizhou.com/" "Mozilla/5.0 (Windows NT 10.0; Win64; x64) AppleWebKit/537.36 (KHTML, like Gecko) Chrome/117.0.5938.132 Safari/537.36"
205.169.39.4 - - [19/Feb/2026:11:10:07 +0800] "GET /wp-content/uploads/2025/07/1753453127-%E4%BD%99%E5%8D%B7product_Single600%C3%97284.webp HTTP/1.1" 200 18744 "http://cqqizhou.com/" "Mozilla/5.0 (Windows NT 10.0; Win64; x64) AppleWebKit/537.36 (KHTML, like Gecko) Chrome/117.0.5938.132 Safari/537.36"
205.169.39.4 - - [19/Feb/2026:11:10:07 +0800] "GET /wp-content/uploads/2025/07/1753454299-Article_images_W900px.webp HTTP/1.1" 200 52418 "http://cqqizhou.com/" "Mozilla/5.0 (Windows NT 10.0; Win64; x64) AppleWebKit/537.36 (KHTML, like Gecko) Chrome/117.0.5938.132 Safari/537.36"
205.169.39.4 - - [19/Feb/2026:11:10:07 +0800] "GET /wp-content/uploads/2026/02/1770617354-Article_images_W900px.webp HTTP/1.1" 200 13634 "http://cqqizhou.com/" "Mozilla/5.0 (Windows NT 10.0; Win64; x64) AppleWebKit/537.36 (KHTML, like Gecko) Chrome/117.0.5938.132 Safari/537.36"
205.169.39.4 - - [19/Feb/2026:11:10:07 +0800] "GET /wp-content/uploads/2026/02/1770341652-2026251Article_images_W900%C3%97500px.webp HTTP/1.1" 200 43300 "http://cqqizhou.com/" "Mozilla/5.0 (Windows NT 10.0; Win64; x64) AppleWebKit/537.36 (KHTML, like Gecko) Chrome/117.0.5938.132 Safari/537.36"
205.169.39.4 - - [19/Feb/2026:11:10:07 +0800] "GET /wp-content/uploads/2026/02/1770617948-Article_images_W900%C3%97500px.webp HTTP/1.1" 200 38890 "http://cqqizhou.com/" "Mozilla/5.0 (Windows NT 10.0; Win64; x64) AppleWebKit/537.36 (KHTML, like Gecko) Chrome/117.0.5938.132 Safari/537.36"
205.169.39.4 - - [19/Feb/2026:11:10:08 +0800] "GET /wp-content/uploads/2026/01/1770349139-202624Article_images_W900%C3%97500px20260-.webp HTTP/1.1" 200 58006 "http://cqqizhou.com/" "Mozilla/5.0 (Windows NT 10.0; Win64; x64) AppleWebKit/537.36 (KHTML, like Gecko) Chrome/117.0.5938.132 Safari/537.36"
205.169.39.4 - - [19/Feb/2026:11:10:08 +0800] "GET /wp-content/uploads/2025/12/1765268955-qizhou_Slider1_3840%C3%972160_20251210-scaled.webp HTTP/1.1" 200 152162 "http://cqqizhou.com/" "Mozilla/5.0 (Windows NT 10.0; Win64; x64) AppleWebKit/537.36 (KHTML, like Gecko) Chrome/117.0.5938.132 Safari/537.36"
205.169.39.4 - - [19/Feb/2026:11:10:09 +0800] "GET /wp-content/uploads/2026/01/1768276119-qizhoujiagong_Slider_3840%C3%972160_20260113-scaled-50x100.webp HTTP/1.1" 200 976 "http://cqqizhou.com/" "Mozilla/5.0 (Windows NT 10.0; Win64; x64) AppleWebKit/537.36 (KHTML, like Gecko) Chrome/117.0.5938.132 Safari/537.36"
205.169.39.4 - - [19/Feb/2026:11:10:09 +0800] "GET /wp-content/uploads/revslider/slider-1/1750861156-logistics_Slider_3840%C3%972160_20250625191356-scaled-50x100.webp HTTP/1.1" 200 1416 "http://cqqizhou.com/" "Mozilla/5.0 (Windows NT 10.0; Win64; x64) AppleWebKit/537.36 (KHTML, like Gecko) Chrome/117.0.5938.132 Safari/537.36"
205.169.39.4 - - [19/Feb/2026:11:10:09 +0800] "GET /wp-content/uploads/revslider/slider-1/1750861156-logistics_Slider_3840%C3%972160_20250625191356-scaled-50x100.webp HTTP/1.1" 200 1416 "http://cqqizhou.com/" "Mozilla/5.0 (Windows NT 10.0; Win64; x64) AppleWebKit/537.36 (KHTML, like Gecko) Chrome/117.0.5938.132 Safari/537.36"
205.169.39.4 - - [19/Feb/2026:11:10:09 +0800] "GET /wp-content/uploads/2026/01/1768276119-qizhoujiagong_Slider_3840%C3%972160_20260113-scaled-50x100.webp HTTP/1.1" 200 976 "http://cqqizhou.com/" "Mozilla/5.0 (Windows NT 10.0; Win64; x64) AppleWebKit/537.36 (KHTML, like Gecko) Chrome/117.0.5938.132 Safari/537.36"
205.169.39.4 - - [19/Feb/2026:11:10:09 +0800] "GET /wp-json/sliderrevolution/sliders/1?srengine=7&slideid=2 HTTP/1.1" 200 2000 "http://cqqizhou.com/" "Mozilla/5.0 (Windows NT 10.0; Win64; x64) AppleWebKit/537.36 (KHTML, like Gecko) Chrome/117.0.5938.132 Safari/537.36"
36.133.115.36 - - [19/Feb/2026:11:10:09 +0800] "POST /wp-cron.php?doing_wp_cron=1771470609.8616468906402587890625 HTTP/1.1" 200 31 "-" "WordPress/6.9; http://cqqizhou.com"
205.169.39.4 - - [19/Feb/2026:11:10:09 +0800] "GET /wp-json/sliderrevolution/sliders/1?srengine=7&slideid=4 HTTP/1.1" 200 2580 "http://cqqizhou.com/" "Mozilla/5.0 (Windows NT 10.0; Win64; x64) AppleWebKit/537.36 (KHTML, like Gecko) Chrome/117.0.5938.132 Safari/537.36"
205.169.39.4 - - [19/Feb/2026:11:10:10 +0800] "GET /wp-content/uploads/2026/01/1768276119-qizhoujiagong_Slider_3840%C3%972160_20260113-scaled.webp HTTP/1.1" 200 131696 "http://cqqizhou.com/" "Mozilla/5.0 (Windows NT 10.0; Win64; x64) AppleWebKit/537.36 (KHTML, like Gecko) Chrome/117.0.5938.132 Safari/537.36"
205.169.39.4 - - [19/Feb/2026:11:10:11 +0800] "GET /wp-content/uploads/revslider/slider-1/1750861156-logistics_Slider_3840%C3%972160_20250625191356-scaled.webp HTTP/1.1" 200 197360 "http://cqqizhou.com/" "Mozilla/5.0 (Windows NT 10.0; Win64; x64) AppleWebKit/537.36 (KHTML, like Gecko) Chrome/117.0.5938.132 Safari/537.36"
205.169.39.4 - - [19/Feb/2026:11:10:18 +0800] "GET /wp-content/uploads/2025/12/1765268955-qizhou_Slider1_3840%C3%972160_20251210-scaled-50x100.webp HTTP/1.1" 200 1812 "http://cqqizhou.com/" "Mozilla/5.0 (X11; Linux x86_64) AppleWebKit/537.36 (KHTML, like Gecko) HeadlessChrome/127.0.6533.119 Safari/537.36"
36.133.115.36 - - [19/Feb/2026:11:17:49 +0800] "POST /wp-cron.php?doing_wp_cron=1771471069.1377749443054199218750 HTTP/1.1" 200 31 "-" "WordPress/6.9; http://cqqizhou.com"
14.40.80.89 - - [19/Feb/2026:11:17:49 +0800] "POST /hello.world?%ADd+allow_url_include%3d1+%ADd+auto_prepend_file%3dphp://input HTTP/1.1" 404 31365 "-" "libredtail-http"
14.40.80.89 - - [19/Feb/2026:11:17:55 +0800] "POST /?%ADd+allow_url_include%3d1+%ADd+auto_prepend_file%3dphp://input HTTP/1.1" 200 157069 "-" "libredtail-http"
14.40.80.89 - - [19/Feb/2026:11:18:02 +0800] "GET /vendor/phpunit/phpunit/src/Util/PHP/eval-stdin.php HTTP/1.1" 404 27 "-" "libredtail-http"
14.40.80.89 - - [19/Feb/2026:11:18:07 +0800] "GET /vendor/phpunit/phpunit/Util/PHP/eval-stdin.php HTTP/1.1" 404 27 "-" "libredtail-http"
14.40.80.89 - - [19/Feb/2026:11:18:10 +0800] "GET /vendor/phpunit/src/Util/PHP/eval-stdin.php HTTP/1.1" 404 27 "-" "libredtail-http"
14.40.80.89 - - [19/Feb/2026:11:18:15 +0800] "GET /vendor/phpunit/Util/PHP/eval-stdin.php HTTP/1.1" 404 27 "-" "libredtail-http"
14.40.80.89 - - [19/Feb/2026:11:18:19 +0800] "GET /vendor/phpunit/phpunit/LICENSE/eval-stdin.php HTTP/1.1" 404 27 "-" "libredtail-http"
14.40.80.89 - - [19/Feb/2026:11:18:25 +0800] "GET /vendor/vendor/phpunit/phpunit/src/Util/PHP/eval-stdin.php HTTP/1.1" 404 27 "-" "libredtail-http"
14.40.80.89 - - [19/Feb/2026:11:18:29 +0800] "GET /phpunit/phpunit/src/Util/PHP/eval-stdin.php HTTP/1.1" 404 27 "-" "libredtail-http"
14.40.80.89 - - [19/Feb/2026:11:18:32 +0800] "GET /phpunit/phpunit/Util/PHP/eval-stdin.php HTTP/1.1" 404 27 "-" "libredtail-http"
14.40.80.89 - - [19/Feb/2026:11:18:36 +0800] "GET /phpunit/src/Util/PHP/eval-stdin.php HTTP/1.1" 404 27 "-" "libredtail-http"
14.40.80.89 - - [19/Feb/2026:11:18:41 +0800] "GET /phpunit/Util/PHP/eval-stdin.php HTTP/1.1" 404 27 "-" "libredtail-http"
14.40.80.89 - - [19/Feb/2026:11:18:45 +0800] "GET /lib/phpunit/phpunit/src/Util/PHP/eval-stdin.php HTTP/1.1" 404 27 "-" "libredtail-http"
14.40.80.89 - - [19/Feb/2026:11:18:49 +0800] "GET /lib/phpunit/phpunit/Util/PHP/eval-stdin.php HTTP/1.1" 404 27 "-" "libredtail-http"
14.40.80.89 - - [19/Feb/2026:11:18:53 +0800] "GET /lib/phpunit/src/Util/PHP/eval-stdin.php HTTP/1.1" 404 27 "-" "libredtail-http"
14.40.80.89 - - [19/Feb/2026:11:18:57 +0800] "GET /lib/phpunit/Util/PHP/eval-stdin.php HTTP/1.1" 404 27 "-" "libredtail-http"
14.40.80.89 - - [19/Feb/2026:11:19:01 +0800] "GET /lib/vendor/phpunit/phpunit/src/Util/PHP/eval-stdin.php HTTP/1.1" 404 27 "-" "libredtail-http"
14.40.80.89 - - [19/Feb/2026:11:19:05 +0800] "GET /laravel/vendor/phpunit/phpunit/src/Util/PHP/eval-stdin.php HTTP/1.1" 404 27 "-" "libredtail-http"
14.40.80.89 - - [19/Feb/2026:11:19:10 +0800] "GET /www/vendor/phpunit/phpunit/src/Util/PHP/eval-stdin.php HTTP/1.1" 404 27 "-" "libredtail-http"
14.40.80.89 - - [19/Feb/2026:11:19:15 +0800] "GET /ws/vendor/phpunit/phpunit/src/Util/PHP/eval-stdin.php HTTP/1.1" 404 27 "-" "libredtail-http"
14.40.80.89 - - [19/Feb/2026:11:19:20 +0800] "GET /yii/vendor/phpunit/phpunit/src/Util/PHP/eval-stdin.php HTTP/1.1" 404 27 "-" "libredtail-http"
14.40.80.89 - - [19/Feb/2026:11:19:24 +0800] "GET /zend/vendor/phpunit/phpunit/src/Util/PHP/eval-stdin.php HTTP/1.1" 404 27 "-" "libredtail-http"
14.40.80.89 - - [19/Feb/2026:11:19:29 +0800] "GET /ws/ec/vendor/phpunit/phpunit/src/Util/PHP/eval-stdin.php HTTP/1.1" 404 27 "-" "libredtail-http"
14.40.80.89 - - [19/Feb/2026:11:19:33 +0800] "GET /V2/vendor/phpunit/phpunit/src/Util/PHP/eval-stdin.php HTTP/1.1" 404 27 "-" "libredtail-http"
14.40.80.89 - - [19/Feb/2026:11:19:39 +0800] "GET /tests/vendor/phpunit/phpunit/src/Util/PHP/eval-stdin.php HTTP/1.1" 404 27 "-" "libredtail-http"
14.40.80.89 - - [19/Feb/2026:11:19:44 +0800] "GET /test/vendor/phpunit/phpunit/src/Util/PHP/eval-stdin.php HTTP/1.1" 404 27 "-" "libredtail-http"
14.40.80.89 - - [19/Feb/2026:11:19:49 +0800] "GET /testing/vendor/phpunit/phpunit/src/Util/PHP/eval-stdin.php HTTP/1.1" 404 27 "-" "libredtail-http"
14.40.80.89 - - [19/Feb/2026:11:19:54 +0800] "GET /api/vendor/phpunit/phpunit/src/Util/PHP/eval-stdin.php HTTP/1.1" 404 27 "-" "libredtail-http"
14.40.80.89 - - [19/Feb/2026:11:19:58 +0800] "GET /demo/vendor/phpunit/phpunit/src/Util/PHP/eval-stdin.php HTTP/1.1" 404 27 "-" "libredtail-http"
14.40.80.89 - - [19/Feb/2026:11:20:03 +0800] "GET /cms/vendor/phpunit/phpunit/src/Util/PHP/eval-stdin.php HTTP/1.1" 404 27 "-" "libredtail-http"
14.40.80.89 - - [19/Feb/2026:11:20:08 +0800] "GET /crm/vendor/phpunit/phpunit/src/Util/PHP/eval-stdin.php HTTP/1.1" 404 27 "-" "libredtail-http"
14.40.80.89 - - [19/Feb/2026:11:20:12 +0800] "GET /admin/vendor/phpunit/phpunit/src/Util/PHP/eval-stdin.php HTTP/1.1" 404 27 "-" "libredtail-http"
14.40.80.89 - - [19/Feb/2026:11:20:17 +0800] "GET /backup/vendor/phpunit/phpunit/src/Util/PHP/eval-stdin.php HTTP/1.1" 404 27 "-" "libredtail-http"
14.40.80.89 - - [19/Feb/2026:11:20:22 +0800] "GET /blog/vendor/phpunit/phpunit/src/Util/PHP/eval-stdin.php HTTP/1.1" 404 27 "-" "libredtail-http"
14.40.80.89 - - [19/Feb/2026:11:20:26 +0800] "GET /workspace/drupal/vendor/phpunit/phpunit/src/Util/PHP/eval-stdin.php HTTP/1.1" 404 27 "-" "libredtail-http"
14.40.80.89 - - [19/Feb/2026:11:20:31 +0800] "GET /panel/vendor/phpunit/phpunit/src/Util/PHP/eval-stdin.php HTTP/1.1" 404 27 "-" "libredtail-http"
14.40.80.89 - - [19/Feb/2026:11:20:37 +0800] "GET /public/vendor/phpunit/phpunit/src/Util/PHP/eval-stdin.php HTTP/1.1" 404 27 "-" "libredtail-http"
14.40.80.89 - - [19/Feb/2026:11:20:42 +0800] "GET /apps/vendor/phpunit/phpunit/src/Util/PHP/eval-stdin.php HTTP/1.1" 404 27 "-" "libredtail-http"
14.40.80.89 - - [19/Feb/2026:11:20:46 +0800] "GET /app/vendor/phpunit/phpunit/src/Util/PHP/eval-stdin.php HTTP/1.1" 404 27 "-" "libredtail-http"
36.133.115.36 - - [19/Feb/2026:11:20:52 +0800] "POST /wp-cron.php?doing_wp_cron=1771471252.0122549533843994140625 HTTP/1.1" 200 31 "-" "WordPress/6.9; http://cqqizhou.com"
14.40.80.89 - - [19/Feb/2026:11:20:52 +0800] "GET /index.php?s=/index/\x5Cthink\x5Capp/invokefunction&function=call_user_func_array&vars[0]=md5&vars[1][]=Hello HTTP/1.1" 200 65958 "-" "libredtail-http"
14.40.80.89 - - [19/Feb/2026:11:20:54 +0800] "GET /public/index.php?s=/index/\x5Cthink\x5Capp/invokefunction&function=call_user_func_array&vars[0]=md5&vars[1][]=Hello HTTP/1.1" 404 27 "-" "libredtail-http"
14.40.80.89 - - [19/Feb/2026:11:21:01 +0800] "GET /index.php?lang=../../../../../../../../usr/local/lib/php/pearcmd&+config-create+/&/<?echo(md5(\x22hi\x22));?>+/tmp/index1.php HTTP/1.1" 200 157069 "-" "libredtail-http"
14.40.80.89 - - [19/Feb/2026:11:21:06 +0800] "GET /index.php?lang=../../../../../../../../tmp/index1 HTTP/1.1" 200 157069 "-" "libredtail-http"
36.133.115.36 - - [19/Feb/2026:11:21:11 +0800] "POST /wp-cron.php?doing_wp_cron=1771471271.1214098930358886718750 HTTP/1.1" 200 31 "-" "WordPress/6.9; http://cqqizhou.com"
14.40.80.89 - - [19/Feb/2026:11:21:11 +0800] "GET /containers/json HTTP/1.1" 301 5 "-" "libredtail-http"
14.40.80.89 - - [19/Feb/2026:11:21:16 +0800] "GET /containers/json HTTP/1.1" 301 5 "-" "libredtail-http"
51.75.236.143 - - [19/Feb/2026:11:23:00 +0800] "GET /news/2354 HTTP/1.1" 304 0 "-" "Mozilla/5.0 (compatible; AhrefsBot/7.0; +http://ahrefs.com/robot/)"
36.133.115.36 - - [19/Feb/2026:11:41:18 +0800] "POST /wp-cron.php?doing_wp_cron=1771472478.0699980258941650390625 HTTP/1.1" 200 31 "-" "WordPress/6.9; http://cqqizhou.com"
45.194.92.25 - - [19/Feb/2026:11:41:18 +0800] "GET / HTTP/1.0" 200 157047 "-" "Wget"
36.133.115.36 - - [19/Feb/2026:11:43:42 +0800] "POST /wp-cron.php?doing_wp_cron=1771472622.8984110355377197265625 HTTP/1.1" 200 31 "-" "WordPress/6.9; http://cqqizhou.com"
43.157.172.39 - - [19/Feb/2026:11:43:42 +0800] "GET / HTTP/1.1" 301 5 "-" "Mozilla/5.0 (iPhone; CPU iPhone OS 13_2_3 like Mac OS X) AppleWebKit/605.1.15 (KHTML, like Gecko) Version/13.0.3 Mobile/15E148 Safari/604.1"
43.157.172.39 - - [19/Feb/2026:11:43:45 +0800] "GET / HTTP/1.1" 200 34808 "http://www.cqqizhou.com" "Mozilla/5.0 (iPhone; CPU iPhone OS 13_2_3 like Mac OS X) AppleWebKit/605.1.15 (KHTML, like Gecko) Version/13.0.3 Mobile/15E148 Safari/604.1"
36.133.115.36 - - [19/Feb/2026:11:46:57 +0800] "POST /wp-cron.php?doing_wp_cron=1771472817.4932360649108886718750 HTTP/1.1" 200 31 "-" "WordPress/6.9; http://cqqizhou.com"
66.249.66.3 - - [19/Feb/2026:11:46:57 +0800] "GET /robots.txt HTTP/1.1" 301 5 "-" "Mozilla/5.0 (compatible; Googlebot/2.1; +http://www.google.com/bot.html)"
66.249.73.230 - - [19/Feb/2026:11:46:59 +0800] "GET /robots.txt HTTP/1.1" 200 190 "-" "Mozilla/5.0 (compatible; Googlebot/2.1; +http://www.google.com/bot.html)"
66.249.66.4 - - [19/Feb/2026:11:47:00 +0800] "GET / HTTP/1.1" 301 5 "-" "Mozilla/5.0 (Linux; Android 6.0.1; Nexus 5X Build/MMB29P) AppleWebKit/537.36 (KHTML, like Gecko) Chrome/144.0.7559.132 Mobile Safari/537.36 (compatible; Googlebot/2.1; +http://www.google.com/bot.html)"
138.68.180.18 - - [19/Feb/2026:11:53:41 +0800] "GET / HTTP/1.1" 200 35253 "-" "Mozilla/5.0 (Windows NT 10.0; Win64; x64) AppleWebKit/537.36 (KHTML, like Gecko) Chrome/124.0.0.0 Safari/537.36"
138.68.180.18 - - [19/Feb/2026:11:53:42 +0800] "GET /services HTTP/1.1" 200 26228 "-" "Mozilla/5.0 (Windows NT 10.0; Win64; x64) AppleWebKit/537.36 (KHTML, like Gecko) Chrome/124.0.0.0 Safari/537.36"
