14.108.233.171 - - [06/Feb/2026:09:33:56 +0800] "POST /wp-admin/admin-ajax.php HTTP/1.1" 200 112 "http://cqqizhou.com/wp-admin/post.php?post=2486&action=edit" "Mozilla/5.0 (Windows NT 10.0; Win64; x64) AppleWebKit/537.36 (KHTML, like Gecko) Chrome/144.0.0.0 Safari/537.36 Edg/144.0.0.0"
14.108.233.171 - - [06/Feb/2026:09:34:06 +0800] "POST /wp-admin/admin-ajax.php HTTP/1.1" 200 112 "http://cqqizhou.com/wp-admin/post.php?post=2486&action=edit" "Mozilla/5.0 (Windows NT 10.0; Win64; x64) AppleWebKit/537.36 (KHTML, like Gecko) Chrome/144.0.0.0 Safari/537.36 Edg/144.0.0.0"
36.133.115.36 - - [06/Feb/2026:09:34:09 +0800] "POST /wp-cron.php?doing_wp_cron=1770341649.3308339118957519531250 HTTP/1.1" 200 31 "-" "WordPress/6.9; http://cqqizhou.com"
14.108.233.171 - - [06/Feb/2026:09:34:09 +0800] "POST /wp-admin/admin-ajax.php HTTP/1.1" 200 10143 "http://cqqizhou.com/wp-admin/post.php?post=2486&action=edit" "Mozilla/5.0 (Windows NT 10.0; Win64; x64) AppleWebKit/537.36 (KHTML, like Gecko) Chrome/144.0.0.0 Safari/537.36 Edg/144.0.0.0"
14.108.233.171 - - [06/Feb/2026:09:34:09 +0800] "GET /wp-content/uploads/2026/02/1770340535-2026262Article_images_W900%C3%97500px-300x225.webp HTTP/1.1" 304 0 "http://cqqizhou.com/wp-admin/post.php?post=2486&action=edit" "Mozilla/5.0 (Windows NT 10.0; Win64; x64) AppleWebKit/537.36 (KHTML, like Gecko) Chrome/144.0.0.0 Safari/537.36 Edg/144.0.0.0"
14.108.233.171 - - [06/Feb/2026:09:34:09 +0800] "GET /wp-content/uploads/2026/02/1770340507-2026261Article_images_W900%C3%97500px-300x167.webp HTTP/1.1" 304 0 "http://cqqizhou.com/wp-admin/post.php?post=2486&action=edit" "Mozilla/5.0 (Windows NT 10.0; Win64; x64) AppleWebKit/537.36 (KHTML, like Gecko) Chrome/144.0.0.0 Safari/537.36 Edg/144.0.0.0"
14.108.233.171 - - [06/Feb/2026:09:34:12 +0800] "POST /wp-admin/async-upload.php HTTP/1.1" 200 739 "http://cqqizhou.com/wp-admin/post.php?post=2486&action=edit" "Mozilla/5.0 (Windows NT 10.0; Win64; x64) AppleWebKit/537.36 (KHTML, like Gecko) Chrome/144.0.0.0 Safari/537.36 Edg/144.0.0.0"
14.108.233.171 - - [06/Feb/2026:09:34:12 +0800] "GET /wp-content/uploads/2026/02/1770341652-2026251Article_images_W900%C3%97500px-300x167.webp HTTP/1.1" 200 11374 "http://cqqizhou.com/wp-admin/post.php?post=2486&action=edit" "Mozilla/5.0 (Windows NT 10.0; Win64; x64) AppleWebKit/537.36 (KHTML, like Gecko) Chrome/144.0.0.0 Safari/537.36 Edg/144.0.0.0"
14.108.233.171 - - [06/Feb/2026:09:34:13 +0800] "POST /wp-admin/async-upload.php HTTP/1.1" 200 728 "http://cqqizhou.com/wp-admin/post.php?post=2486&action=edit" "Mozilla/5.0 (Windows NT 10.0; Win64; x64) AppleWebKit/537.36 (KHTML, like Gecko) Chrome/144.0.0.0 Safari/537.36 Edg/144.0.0.0"
14.108.233.171 - - [06/Feb/2026:09:34:13 +0800] "GET /wp-content/uploads/2026/02/1770341653-2026252Article_images_W900px-300x169.webp HTTP/1.1" 200 19370 "http://cqqizhou.com/wp-admin/post.php?post=2486&action=edit" "Mozilla/5.0 (Windows NT 10.0; Win64; x64) AppleWebKit/537.36 (KHTML, like Gecko) Chrome/144.0.0.0 Safari/537.36 Edg/144.0.0.0"
14.108.233.171 - - [06/Feb/2026:09:34:14 +0800] "POST /wp-admin/async-upload.php HTTP/1.1" 200 729 "http://cqqizhou.com/wp-admin/post.php?post=2486&action=edit" "Mozilla/5.0 (Windows NT 10.0; Win64; x64) AppleWebKit/537.36 (KHTML, like Gecko) Chrome/144.0.0.0 Safari/537.36 Edg/144.0.0.0"
14.108.233.171 - - [06/Feb/2026:09:34:14 +0800] "GET /wp-content/uploads/2026/02/1770341654-2026253Article_images_W900px-300x169.webp HTTP/1.1" 200 17160 "http://cqqizhou.com/wp-admin/post.php?post=2486&action=edit" "Mozilla/5.0 (Windows NT 10.0; Win64; x64) AppleWebKit/537.36 (KHTML, like Gecko) Chrome/144.0.0.0 Safari/537.36 Edg/144.0.0.0"
14.108.233.171 - - [06/Feb/2026:09:34:15 +0800] "POST /wp-admin/async-upload.php HTTP/1.1" 200 728 "http://cqqizhou.com/wp-admin/post.php?post=2486&action=edit" "Mozilla/5.0 (Windows NT 10.0; Win64; x64) AppleWebKit/537.36 (KHTML, like Gecko) Chrome/144.0.0.0 Safari/537.36 Edg/144.0.0.0"
14.108.233.171 - - [06/Feb/2026:09:34:15 +0800] "GET /wp-content/uploads/2026/02/1770341655-Article_images_W900px-300x225.webp HTTP/1.1" 200 18232 "http://cqqizhou.com/wp-admin/post.php?post=2486&action=edit" "Mozilla/5.0 (Windows NT 10.0; Win64; x64) AppleWebKit/537.36 (KHTML, like Gecko) Chrome/144.0.0.0 Safari/537.36 Edg/144.0.0.0"
14.108.233.171 - - [06/Feb/2026:09:34:16 +0800] "POST /wp-admin/admin-ajax.php HTTP/1.1" 200 112 "http://cqqizhou.com/wp-admin/post.php?post=2486&action=edit" "Mozilla/5.0 (Windows NT 10.0; Win64; x64) AppleWebKit/537.36 (KHTML, like Gecko) Chrome/144.0.0.0 Safari/537.36 Edg/144.0.0.0"
14.108.233.171 - - [06/Feb/2026:09:34:19 +0800] "GET /wp-json/wp/v2/media/2487?context=view&_locale=user HTTP/1.1" 200 1073 "http://cqqizhou.com/wp-admin/post.php?post=2486&action=edit" "Mozilla/5.0 (Windows NT 10.0; Win64; x64) AppleWebKit/537.36 (KHTML, like Gecko) Chrome/144.0.0.0 Safari/537.36 Edg/144.0.0.0"
14.108.233.171 - - [06/Feb/2026:09:34:19 +0800] "GET /wp-content/uploads/2026/02/1770341652-2026251Article_images_W900%C3%97500px-150x150.webp HTTP/1.1" 200 5810 "http://cqqizhou.com/wp-admin/post.php?post=2486&action=edit" "Mozilla/5.0 (Windows NT 10.0; Win64; x64) AppleWebKit/537.36 (KHTML, like Gecko) Chrome/144.0.0.0 Safari/537.36 Edg/144.0.0.0"
14.108.233.171 - - [06/Feb/2026:09:34:26 +0800] "POST /wp-admin/admin-ajax.php HTTP/1.1" 200 112 "http://cqqizhou.com/wp-admin/post.php?post=2486&action=edit" "Mozilla/5.0 (Windows NT 10.0; Win64; x64) AppleWebKit/537.36 (KHTML, like Gecko) Chrome/144.0.0.0 Safari/537.36 Edg/144.0.0.0"
14.108.233.171 - - [06/Feb/2026:09:34:30 +0800] "POST /wp-json/wp/v2/posts/2486/autosaves?_locale=user HTTP/1.1" 200 1549 "http://cqqizhou.com/wp-admin/post.php?post=2486&action=edit" "Mozilla/5.0 (Windows NT 10.0; Win64; x64) AppleWebKit/537.36 (KHTML, like Gecko) Chrome/144.0.0.0 Safari/537.36 Edg/144.0.0.0"
14.108.233.171 - - [06/Feb/2026:09:34:35 +0800] "POST /wp-admin/admin-ajax.php HTTP/1.1" 200 10296 "http://cqqizhou.com/wp-admin/post.php?post=2486&action=edit" "Mozilla/5.0 (Windows NT 10.0; Win64; x64) AppleWebKit/537.36 (KHTML, like Gecko) Chrome/144.0.0.0 Safari/537.36 Edg/144.0.0.0"
14.108.233.171 - - [06/Feb/2026:09:34:36 +0800] "POST /wp-admin/admin-ajax.php HTTP/1.1" 200 112 "http://cqqizhou.com/wp-admin/post.php?post=2486&action=edit" "Mozilla/5.0 (Windows NT 10.0; Win64; x64) AppleWebKit/537.36 (KHTML, like Gecko) Chrome/144.0.0.0 Safari/537.36 Edg/144.0.0.0"
121.40.66.125 - - [06/Feb/2026:09:34:36 +0800] "GET / HTTP/1.0" 301 0 "-" "-"
14.108.233.171 - - [06/Feb/2026:09:34:46 +0800] "POST /wp-admin/admin-ajax.php HTTP/1.1" 200 112 "http://cqqizhou.com/wp-admin/post.php?post=2486&action=edit" "Mozilla/5.0 (Windows NT 10.0; Win64; x64) AppleWebKit/537.36 (KHTML, like Gecko) Chrome/144.0.0.0 Safari/537.36 Edg/144.0.0.0"
121.40.66.125 - - [06/Feb/2026:09:34:47 +0800] "GET / HTTP/1.0" 301 0 "-" "-"
121.40.66.125 - - [06/Feb/2026:09:34:47 +0800] "GET /nmaplowercheck1770341679 HTTP/1.1" 404 31367 "-" "Mozilla/5.0 (compatible; Nmap Scripting Engine; https://nmap.org/book/nse.html)"
121.40.66.125 - - [06/Feb/2026:09:34:47 +0800] "POST /sdk HTTP/1.1" 404 31367 "-" "Mozilla/5.0 (compatible; Nmap Scripting Engine; https://nmap.org/book/nse.html)"
121.40.66.125 - - [06/Feb/2026:09:34:48 +0800] "GET /evox/about HTTP/1.1" 404 31367 "-" "Mozilla/5.0 (compatible; Nmap Scripting Engine; https://nmap.org/book/nse.html)"
121.40.66.125 - - [06/Feb/2026:09:34:48 +0800] "GET /HNAP1 HTTP/1.1" 404 31367 "-" "Mozilla/5.0 (compatible; Nmap Scripting Engine; https://nmap.org/book/nse.html)"
14.108.233.171 - - [06/Feb/2026:09:34:56 +0800] "POST /wp-admin/admin-ajax.php HTTP/1.1" 200 112 "http://cqqizhou.com/wp-admin/post.php?post=2486&action=edit" "Mozilla/5.0 (Windows NT 10.0; Win64; x64) AppleWebKit/537.36 (KHTML, like Gecko) Chrome/144.0.0.0 Safari/537.36 Edg/144.0.0.0"
14.108.233.171 - - [06/Feb/2026:09:35:00 +0800] "GET /wp-content/uploads/2026/02/1770341653-2026252Article_images_W900px.webp HTTP/1.1" 200 97830 "http://cqqizhou.com/wp-admin/post.php?post=2486&action=edit" "Mozilla/5.0 (Windows NT 10.0; Win64; x64) AppleWebKit/537.36 (KHTML, like Gecko) Chrome/144.0.0.0 Safari/537.36 Edg/144.0.0.0"
14.108.233.171 - - [06/Feb/2026:09:35:01 +0800] "GET /wp-json/wp/v2/media/2488?context=view&_locale=user HTTP/1.1" 200 1063 "http://cqqizhou.com/wp-admin/post.php?post=2486&action=edit" "Mozilla/5.0 (Windows NT 10.0; Win64; x64) AppleWebKit/537.36 (KHTML, like Gecko) Chrome/144.0.0.0 Safari/537.36 Edg/144.0.0.0"
14.108.233.171 - - [06/Feb/2026:09:35:06 +0800] "POST /wp-admin/admin-ajax.php HTTP/1.1" 200 112 "http://cqqizhou.com/wp-admin/post.php?post=2486&action=edit" "Mozilla/5.0 (Windows NT 10.0; Win64; x64) AppleWebKit/537.36 (KHTML, like Gecko) Chrome/144.0.0.0 Safari/537.36 Edg/144.0.0.0"
121.40.66.125 - - [06/Feb/2026:09:35:07 +0800] "GET / HTTP/1.0" 301 0 "-" "-"
36.133.115.36 - - [06/Feb/2026:09:35:08 +0800] "POST /wp-cron.php?doing_wp_cron=1770341708.6643269062042236328125 HTTP/1.1" 200 31 "-" "WordPress/6.9; http://cqqizhou.com"
121.40.66.125 - - [06/Feb/2026:09:35:08 +0800] "GET / HTTP/1.1" 301 5 "-" "-"
14.108.233.171 - - [06/Feb/2026:09:35:09 +0800] "POST /wp-admin/admin-ajax.php HTTP/1.1" 200 10296 "http://cqqizhou.com/wp-admin/post.php?post=2486&action=edit" "Mozilla/5.0 (Windows NT 10.0; Win64; x64) AppleWebKit/537.36 (KHTML, like Gecko) Chrome/144.0.0.0 Safari/537.36 Edg/144.0.0.0"
14.108.233.171 - - [06/Feb/2026:09:35:12 +0800] "GET /wp-content/uploads/2026/02/1770341654-2026253Article_images_W900px.webp HTTP/1.1" 200 88106 "http://cqqizhou.com/wp-admin/post.php?post=2486&action=edit" "Mozilla/5.0 (Windows NT 10.0; Win64; x64) AppleWebKit/537.36 (KHTML, like Gecko) Chrome/144.0.0.0 Safari/537.36 Edg/144.0.0.0"
14.108.233.171 - - [06/Feb/2026:09:35:13 +0800] "GET /wp-json/wp/v2/media/2489?context=view&_locale=user HTTP/1.1" 200 1062 "http://cqqizhou.com/wp-admin/post.php?post=2486&action=edit" "Mozilla/5.0 (Windows NT 10.0; Win64; x64) AppleWebKit/537.36 (KHTML, like Gecko) Chrome/144.0.0.0 Safari/537.36 Edg/144.0.0.0"
14.108.233.171 - - [06/Feb/2026:09:35:16 +0800] "POST /wp-admin/admin-ajax.php HTTP/1.1" 200 112 "http://cqqizhou.com/wp-admin/post.php?post=2486&action=edit" "Mozilla/5.0 (Windows NT 10.0; Win64; x64) AppleWebKit/537.36 (KHTML, like Gecko) Chrome/144.0.0.0 Safari/537.36 Edg/144.0.0.0"
14.108.233.171 - - [06/Feb/2026:09:35:21 +0800] "POST /wp-admin/admin-ajax.php HTTP/1.1" 200 10296 "http://cqqizhou.com/wp-admin/post.php?post=2486&action=edit" "Mozilla/5.0 (Windows NT 10.0; Win64; x64) AppleWebKit/537.36 (KHTML, like Gecko) Chrome/144.0.0.0 Safari/537.36 Edg/144.0.0.0"
14.108.233.171 - - [06/Feb/2026:09:35:24 +0800] "GET /wp-content/uploads/2026/02/1770341655-Article_images_W900px.webp HTTP/1.1" 200 68460 "http://cqqizhou.com/wp-admin/post.php?post=2486&action=edit" "Mozilla/5.0 (Windows NT 10.0; Win64; x64) AppleWebKit/537.36 (KHTML, like Gecko) Chrome/144.0.0.0 Safari/537.36 Edg/144.0.0.0"
14.108.233.171 - - [06/Feb/2026:09:35:24 +0800] "GET /wp-json/wp/v2/media/2490?context=view&_locale=user HTTP/1.1" 200 1055 "http://cqqizhou.com/wp-admin/post.php?post=2486&action=edit" "Mozilla/5.0 (Windows NT 10.0; Win64; x64) AppleWebKit/537.36 (KHTML, like Gecko) Chrome/144.0.0.0 Safari/537.36 Edg/144.0.0.0"
14.108.233.171 - - [06/Feb/2026:09:35:26 +0800] "POST /wp-admin/admin-ajax.php HTTP/1.1" 200 112 "http://cqqizhou.com/wp-admin/post.php?post=2486&action=edit" "Mozilla/5.0 (Windows NT 10.0; Win64; x64) AppleWebKit/537.36 (KHTML, like Gecko) Chrome/144.0.0.0 Safari/537.36 Edg/144.0.0.0"
14.108.233.171 - - [06/Feb/2026:09:35:30 +0800] "POST /wp-json/wp/v2/posts/2486/autosaves?_locale=user HTTP/1.1" 200 1976 "http://cqqizhou.com/wp-admin/post.php?post=2486&action=edit" "Mozilla/5.0 (Windows NT 10.0; Win64; x64) AppleWebKit/537.36 (KHTML, like Gecko) Chrome/144.0.0.0 Safari/537.36 Edg/144.0.0.0"
14.108.233.171 - - [06/Feb/2026:09:35:36 +0800] "POST /wp-admin/admin-ajax.php HTTP/1.1" 200 112 "http://cqqizhou.com/wp-admin/post.php?post=2486&action=edit" "Mozilla/5.0 (Windows NT 10.0; Win64; x64) AppleWebKit/537.36 (KHTML, like Gecko) Chrome/144.0.0.0 Safari/537.36 Edg/144.0.0.0"
14.108.233.171 - - [06/Feb/2026:09:35:46 +0800] "POST /wp-admin/admin-ajax.php HTTP/1.1" 200 112 "http://cqqizhou.com/wp-admin/post.php?post=2486&action=edit" "Mozilla/5.0 (Windows NT 10.0; Win64; x64) AppleWebKit/537.36 (KHTML, like Gecko) Chrome/144.0.0.0 Safari/537.36 Edg/144.0.0.0"
14.108.233.171 - - [06/Feb/2026:09:35:56 +0800] "POST /wp-admin/admin-ajax.php HTTP/1.1" 200 112 "http://cqqizhou.com/wp-admin/post.php?post=2486&action=edit" "Mozilla/5.0 (Windows NT 10.0; Win64; x64) AppleWebKit/537.36 (KHTML, like Gecko) Chrome/144.0.0.0 Safari/537.36 Edg/144.0.0.0"
14.108.233.171 - - [06/Feb/2026:09:35:58 +0800] "GET /wp-json/wp/v2/categories/1?context=edit&_locale=user HTTP/1.1" 200 334 "http://cqqizhou.com/wp-admin/post.php?post=2486&action=edit" "Mozilla/5.0 (Windows NT 10.0; Win64; x64) AppleWebKit/537.36 (KHTML, like Gecko) Chrome/144.0.0.0 Safari/537.36 Edg/144.0.0.0"
14.108.233.171 - - [06/Feb/2026:09:35:58 +0800] "GET /wp-json/wp/v2/categories?context=edit&exclude%5B0%5D=1&per_page=1&_locale=user HTTP/1.1" 200 348 "http://cqqizhou.com/wp-admin/post.php?post=2486&action=edit" "Mozilla/5.0 (Windows NT 10.0; Win64; x64) AppleWebKit/537.36 (KHTML, like Gecko) Chrome/144.0.0.0 Safari/537.36 Edg/144.0.0.0"
14.108.233.171 - - [06/Feb/2026:09:35:58 +0800] "GET /wp-json/wp/v2/tags?context=edit&per_page=1&_locale=user HTTP/1.1" 200 319 "http://cqqizhou.com/wp-admin/post.php?post=2486&action=edit" "Mozilla/5.0 (Windows NT 10.0; Win64; x64) AppleWebKit/537.36 (KHTML, like Gecko) Chrome/144.0.0.0 Safari/537.36 Edg/144.0.0.0"
14.108.233.171 - - [06/Feb/2026:09:35:59 +0800] "GET /wp-json/wp/v2/taxonomies/post_tag?context=edit&_locale=user HTTP/1.1" 200 1048 "http://cqqizhou.com/wp-admin/post.php?post=2486&action=edit" "Mozilla/5.0 (Windows NT 10.0; Win64; x64) AppleWebKit/537.36 (KHTML, like Gecko) Chrome/144.0.0.0 Safari/537.36 Edg/144.0.0.0"
14.108.233.171 - - [06/Feb/2026:09:36:00 +0800] "POST /wp-json/wp/v2/posts/2486?_locale=user HTTP/1.1" 200 2594 "http://cqqizhou.com/wp-admin/post.php?post=2486&action=edit" "Mozilla/5.0 (Windows NT 10.0; Win64; x64) AppleWebKit/537.36 (KHTML, like Gecko) Chrome/144.0.0.0 Safari/537.36 Edg/144.0.0.0"
14.108.233.171 - - [06/Feb/2026:09:36:01 +0800] "POST /wp-admin/post.php?post=2486&action=edit&meta-box-loader=1&meta-box-loader-nonce=916361a95e&_locale=user HTTP/1.1" 302 5 "http://cqqizhou.com/wp-admin/post.php?post=2486&action=edit" "Mozilla/5.0 (Windows NT 10.0; Win64; x64) AppleWebKit/537.36 (KHTML, like Gecko) Chrome/144.0.0.0 Safari/537.36 Edg/144.0.0.0"
14.108.233.171 - - [06/Feb/2026:09:36:03 +0800] "GET /wp-admin/post.php?post=2486&action=edit&message=4 HTTP/1.1" 200 204933 "http://cqqizhou.com/wp-admin/post.php?post=2486&action=edit" "Mozilla/5.0 (Windows NT 10.0; Win64; x64) AppleWebKit/537.36 (KHTML, like Gecko) Chrome/144.0.0.0 Safari/537.36 Edg/144.0.0.0"
14.108.233.171 - - [06/Feb/2026:09:36:06 +0800] "POST /wp-admin/admin-ajax.php HTTP/1.1" 200 112 "http://cqqizhou.com/wp-admin/post.php?post=2486&action=edit" "Mozilla/5.0 (Windows NT 10.0; Win64; x64) AppleWebKit/537.36 (KHTML, like Gecko) Chrome/144.0.0.0 Safari/537.36 Edg/144.0.0.0"
36.133.115.36 - - [06/Feb/2026:09:36:10 +0800] "POST /wp-cron.php?doing_wp_cron=1770341770.3104550838470458984375 HTTP/1.1" 200 31 "-" "WordPress/6.9; http://cqqizhou.com"
14.108.233.171 - - [06/Feb/2026:09:36:10 +0800] "GET /media/ HTTP/1.1" 200 34428 "http://cqqizhou.com/2483/" "Mozilla/5.0 (Windows NT 10.0; Win64; x64) AppleWebKit/537.36 (KHTML, like Gecko) Chrome/144.0.0.0 Safari/537.36 Edg/144.0.0.0"
14.108.233.171 - - [06/Feb/2026:09:36:10 +0800] "GET /wp-content/uploads/2026/02/1770341652-2026251Article_images_W900%C3%97500px-768x427.webp HTTP/1.1" 200 42638 "http://cqqizhou.com/media/" "Mozilla/5.0 (Windows NT 10.0; Win64; x64) AppleWebKit/537.36 (KHTML, like Gecko) Chrome/144.0.0.0 Safari/537.36 Edg/144.0.0.0"
14.108.233.171 - - [06/Feb/2026:09:36:10 +0800] "GET /wp-content/uploads/2026/02/1770340507-2026261Article_images_W900%C3%97500px-768x427.webp HTTP/1.1" 200 36222 "http://cqqizhou.com/media/" "Mozilla/5.0 (Windows NT 10.0; Win64; x64) AppleWebKit/537.36 (KHTML, like Gecko) Chrome/144.0.0.0 Safari/537.36 Edg/144.0.0.0"
14.108.233.171 - - [06/Feb/2026:09:36:10 +0800] "GET /wp-content/uploads/2025/07/1753454089-Article_images_W900px-768x432.webp HTTP/1.1" 200 28786 "http://cqqizhou.com/media/" "Mozilla/5.0 (Windows NT 10.0; Win64; x64) AppleWebKit/537.36 (KHTML, like Gecko) Chrome/144.0.0.0 Safari/537.36 Edg/144.0.0.0"
14.108.233.171 - - [06/Feb/2026:09:36:10 +0800] "GET /wp-content/uploads/media/qizhou_Brochure.webp HTTP/1.1" 200 26142 "http://cqqizhou.com/media/" "Mozilla/5.0 (Windows NT 10.0; Win64; x64) AppleWebKit/537.36 (KHTML, like Gecko) Chrome/144.0.0.0 Safari/537.36 Edg/144.0.0.0"
14.108.233.171 - - [06/Feb/2026:09:36:10 +0800] "GET /wp-content/uploads/2025/11/1762861549-%E5%85%A8%E6%99%AF%E5%90%AF%E8%88%9F%E5%9D%A4%E7%85%8C%E5%BA%93.webp HTTP/1.1" 200 18812 "http://cqqizhou.com/media/" "Mozilla/5.0 (Windows NT 10.0; Win64; x64) AppleWebKit/537.36 (KHTML, like Gecko) Chrome/144.0.0.0 Safari/537.36 Edg/144.0.0.0"
14.108.233.171 - - [06/Feb/2026:09:36:10 +0800] "GET /wp-content/uploads/2025/11/1762861550-%E4%B8%87%E5%98%89%E7%9B%9B%E5%BA%93%E5%85%A8%E6%99%AF%E5%9B%BE.webp HTTP/1.1" 200 24278 "http://cqqizhou.com/media/" "Mozilla/5.0 (Windows NT 10.0; Win64; x64) AppleWebKit/537.36 (KHTML, like Gecko) Chrome/144.0.0.0 Safari/537.36 Edg/144.0.0.0"
14.108.233.171 - - [06/Feb/2026:09:36:10 +0800] "GET /wp-content/uploads/2025/12/1765268955-qizhou_Slider1_3840%C3%972160_20251210-scaled.webp HTTP/1.1" 200 152162 "http://cqqizhou.com/media/" "Mozilla/5.0 (Windows NT 10.0; Win64; x64) AppleWebKit/537.36 (KHTML, like Gecko) Chrome/144.0.0.0 Safari/537.36 Edg/144.0.0.0"
14.108.233.171 - - [06/Feb/2026:09:36:16 +0800] "POST /wp-admin/admin-ajax.php HTTP/1.1" 200 111 "http://cqqizhou.com/wp-admin/post.php?post=2486&action=edit" "Mozilla/5.0 (Windows NT 10.0; Win64; x64) AppleWebKit/537.36 (KHTML, like Gecko) Chrome/144.0.0.0 Safari/537.36 Edg/144.0.0.0"
36.133.115.36 - - [06/Feb/2026:09:38:16 +0800] "POST /wp-cron.php?doing_wp_cron=1770341896.1784760951995849609375 HTTP/1.1" 200 31 "-" "WordPress/6.9; http://cqqizhou.com"
185.242.226.102 - - [06/Feb/2026:09:38:16 +0800] "GET / HTTP/1.1" 301 5 "-" "Mozilla/5.0 (Windows NT 10.0; Win64; x64) AppleWebKit/537.36 (KHTML, like Gecko) Chrome/88.0.4324.190 Safari/537.36"
14.108.233.171 - - [06/Feb/2026:09:38:17 +0800] "POST /wp-admin/admin-ajax.php HTTP/1.1" 200 112 "http://cqqizhou.com/wp-admin/post.php?post=2486&action=edit" "Mozilla/5.0 (Windows NT 10.0; Win64; x64) AppleWebKit/537.36 (KHTML, like Gecko) Chrome/144.0.0.0 Safari/537.36 Edg/144.0.0.0"
36.133.115.36 - - [06/Feb/2026:09:38:26 +0800] "POST /wp-cron.php?doing_wp_cron=1770341906.2137720584869384765625 HTTP/1.1" 200 31 "-" "WordPress/6.9; http://cqqizhou.com"
185.242.226.102 - - [06/Feb/2026:09:38:26 +0800] "GET / HTTP/1.1" 200 35113 "http://36.133.115.36:80/" "Mozilla/5.0 (Windows NT 10.0; Win64; x64) AppleWebKit/537.36 (KHTML, like Gecko) Chrome/88.0.4324.190 Safari/537.36"
14.108.233.171 - - [06/Feb/2026:09:38:59 +0800] "GET /contacts/ HTTP/1.1" 200 26795 "http://cqqizhou.com/media/" "Mozilla/5.0 (Windows NT 10.0; Win64; x64) AppleWebKit/537.36 (KHTML, like Gecko) Chrome/144.0.0.0 Safari/537.36 Edg/144.0.0.0"
14.108.233.171 - - [06/Feb/2026:09:38:59 +0800] "GET /wp-content/uploads/2025/07/1750005875-qizhou_map2025616.webp HTTP/1.1" 200 348798 "http://cqqizhou.com/contacts/" "Mozilla/5.0 (Windows NT 10.0; Win64; x64) AppleWebKit/537.36 (KHTML, like Gecko) Chrome/144.0.0.0 Safari/537.36 Edg/144.0.0.0"
14.108.233.171 - - [06/Feb/2026:09:38:59 +0800] "GET /wp-content/uploads/2025/11/1762826323-Contacts2000x400_20251111.webp HTTP/1.1" 200 15144 "http://cqqizhou.com/contacts/" "Mozilla/5.0 (Windows NT 10.0; Win64; x64) AppleWebKit/537.36 (KHTML, like Gecko) Chrome/144.0.0.0 Safari/537.36 Edg/144.0.0.0"
14.108.233.171 - - [06/Feb/2026:09:39:00 +0800] "GET /wp-json/contact-form-7/v1/contact-forms/158/feedback/schema HTTP/1.1" 200 358 "http://cqqizhou.com/contacts/" "Mozilla/5.0 (Windows NT 10.0; Win64; x64) AppleWebKit/537.36 (KHTML, like Gecko) Chrome/144.0.0.0 Safari/537.36 Edg/144.0.0.0"
14.108.233.171 - - [06/Feb/2026:09:39:00 +0800] "GET /wp-json/contact-form-7/v1/contact-forms/158/refill HTTP/1.1" 200 33 "http://cqqizhou.com/contacts/" "Mozilla/5.0 (Windows NT 10.0; Win64; x64) AppleWebKit/537.36 (KHTML, like Gecko) Chrome/144.0.0.0 Safari/537.36 Edg/144.0.0.0"
36.133.115.36 - - [06/Feb/2026:09:39:50 +0800] "POST /wp-cron.php?doing_wp_cron=1770341990.7526800632476806640625 HTTP/1.1" 200 31 "-" "WordPress/6.9; http://cqqizhou.com"
14.108.233.171 - - [06/Feb/2026:09:39:50 +0800] "GET /logistics/ HTTP/1.1" 200 33139 "http://cqqizhou.com/contacts/" "Mozilla/5.0 (Windows NT 10.0; Win64; x64) AppleWebKit/537.36 (KHTML, like Gecko) Chrome/144.0.0.0 Safari/537.36 Edg/144.0.0.0"
14.108.233.171 - - [06/Feb/2026:09:39:50 +0800] "GET /wp-content/uploads/2026/01/1767696162-qizhoutruck3.webp HTTP/1.1" 200 19026 "http://cqqizhou.com/logistics/" "Mozilla/5.0 (Windows NT 10.0; Win64; x64) AppleWebKit/537.36 (KHTML, like Gecko) Chrome/144.0.0.0 Safari/537.36 Edg/144.0.0.0"
14.108.233.171 - - [06/Feb/2026:09:39:50 +0800] "GET /wp-content/uploads/logistics/Conatiner-5.webp HTTP/1.1" 200 63396 "http://cqqizhou.com/logistics/" "Mozilla/5.0 (Windows NT 10.0; Win64; x64) AppleWebKit/537.36 (KHTML, like Gecko) Chrome/144.0.0.0 Safari/537.36 Edg/144.0.0.0"
14.108.233.171 - - [06/Feb/2026:09:39:50 +0800] "GET /wp-content/uploads/2025/11/1762864381-QZ_Photo-7.webp HTTP/1.1" 200 129922 "http://cqqizhou.com/logistics/" "Mozilla/5.0 (Windows NT 10.0; Win64; x64) AppleWebKit/537.36 (KHTML, like Gecko) Chrome/144.0.0.0 Safari/537.36 Edg/144.0.0.0"
14.108.233.171 - - [06/Feb/2026:09:39:50 +0800] "GET /wp-content/uploads/2025/12/1765862012-DSC20251216131140.webp HTTP/1.1" 200 78744 "http://cqqizhou.com/logistics/" "Mozilla/5.0 (Windows NT 10.0; Win64; x64) AppleWebKit/537.36 (KHTML, like Gecko) Chrome/144.0.0.0 Safari/537.36 Edg/144.0.0.0"
14.108.233.171 - - [06/Feb/2026:09:39:50 +0800] "GET /wp-content/uploads/2026/01/1767696142-aojiaqiao20260104.webp HTTP/1.1" 200 184988 "http://cqqizhou.com/wp-content/uploads/elementor/css/post-1959.css?ver=1770009978" "Mozilla/5.0 (Windows NT 10.0; Win64; x64) AppleWebKit/537.36 (KHTML, like Gecko) Chrome/144.0.0.0 Safari/537.36 Edg/144.0.0.0"
14.108.233.171 - - [06/Feb/2026:09:39:51 +0800] "GET /wp-json/contact-form-7/v1/contact-forms/1444/feedback/schema HTTP/1.1" 200 270 "http://cqqizhou.com/logistics/" "Mozilla/5.0 (Windows NT 10.0; Win64; x64) AppleWebKit/537.36 (KHTML, like Gecko) Chrome/144.0.0.0 Safari/537.36 Edg/144.0.0.0"
14.108.233.171 - - [06/Feb/2026:09:39:52 +0800] "GET /wp-json/contact-form-7/v1/contact-forms/1444/refill HTTP/1.1" 200 33 "http://cqqizhou.com/logistics/" "Mozilla/5.0 (Windows NT 10.0; Win64; x64) AppleWebKit/537.36 (KHTML, like Gecko) Chrome/144.0.0.0 Safari/537.36 Edg/144.0.0.0"
14.108.233.171 - - [06/Feb/2026:09:39:55 +0800] "GET /wp-content/uploads/2026/02/1770009968-9.6%E7%B1%B3%E4%BD%8E%E6%A0%8F%E5%B9%B3%E6%9D%BF%E8%B4%A7%E8%BD%A6.webp HTTP/1.1" 200 56690 "http://cqqizhou.com/logistics/" "Mozilla/5.0 (Windows NT 10.0; Win64; x64) AppleWebKit/537.36 (KHTML, like Gecko) Chrome/144.0.0.0 Safari/537.36 Edg/144.0.0.0"
14.108.233.171 - - [06/Feb/2026:09:39:55 +0800] "GET /wp-content/uploads/2026/02/1769999335-17.5%E7%B1%B3%E5%B9%B3%E6%9D%BF%E8%B4%A7%E8%BD%A6.webp HTTP/1.1" 200 56978 "http://cqqizhou.com/logistics/" "Mozilla/5.0 (Windows NT 10.0; Win64; x64) AppleWebKit/537.36 (KHTML, like Gecko) Chrome/144.0.0.0 Safari/537.36 Edg/144.0.0.0"
14.108.233.171 - - [06/Feb/2026:09:39:55 +0800] "GET /wp-content/uploads/2026/02/1769999241-4.2%E7%B1%B3%E9%AB%98%E6%A0%8F%E8%B4%A7%E8%BD%A6.webp HTTP/1.1" 200 54794 "http://cqqizhou.com/logistics/" "Mozilla/5.0 (Windows NT 10.0; Win64; x64) AppleWebKit/537.36 (KHTML, like Gecko) Chrome/144.0.0.0 Safari/537.36 Edg/144.0.0.0"
14.108.233.171 - - [06/Feb/2026:09:40:03 +0800] "GET /wp-content/uploads/2026/01/1767618076-Logistics_BG2508.webp HTTP/1.1" 200 94788 "http://cqqizhou.com/wp-content/uploads/elementor/css/post-1959.css?ver=1770009978" "Mozilla/5.0 (Windows NT 10.0; Win64; x64) AppleWebKit/537.36 (KHTML, like Gecko) Chrome/144.0.0.0 Safari/537.36 Edg/144.0.0.0"
36.133.115.36 - - [06/Feb/2026:09:40:18 +0800] "POST /wp-cron.php?doing_wp_cron=1770342018.6658489704132080078125 HTTP/1.1" 200 31 "-" "WordPress/6.9; http://cqqizhou.com"
14.108.233.171 - - [06/Feb/2026:09:40:18 +0800] "POST /wp-admin/admin-ajax.php HTTP/1.1" 200 112 "http://cqqizhou.com/wp-admin/post.php?post=2486&action=edit" "Mozilla/5.0 (Windows NT 10.0; Win64; x64) AppleWebKit/537.36 (KHTML, like Gecko) Chrome/144.0.0.0 Safari/537.36 Edg/144.0.0.0"
36.206.43.45 - - [06/Feb/2026:09:41:21 +0800] "GET / HTTP/1.1" 200 35132 "-" "Mozilla/5.0 (Windows NT 6.3; WOW64) AppleWebKit/537.36 (KHTML, like Gecko) Chrome/126.0.1019.71 Safari/537.36"
110.199.27.155 - - [06/Feb/2026:09:41:59 +0800] "GET / HTTP/1.1" 200 35132 "-" "Mozilla/5.0 (Windows NT 10.0; WOW64) AppleWebKit/537.36 (KHTML, like Gecko) Chrome/128.0.660.2 Safari/537.36"
36.133.115.36 - - [06/Feb/2026:09:42:19 +0800] "POST /wp-cron.php?doing_wp_cron=1770342139.6424260139465332031250 HTTP/1.1" 200 31 "-" "WordPress/6.9; http://cqqizhou.com"
14.108.233.171 - - [06/Feb/2026:09:42:19 +0800] "POST /wp-admin/admin-ajax.php HTTP/1.1" 200 112 "http://cqqizhou.com/wp-admin/post.php?post=2486&action=edit" "Mozilla/5.0 (Windows NT 10.0; Win64; x64) AppleWebKit/537.36 (KHTML, like Gecko) Chrome/144.0.0.0 Safari/537.36 Edg/144.0.0.0"
36.133.115.36 - - [06/Feb/2026:09:43:34 +0800] "POST /wp-cron.php?doing_wp_cron=1770342214.9619948863983154296875 HTTP/1.1" 200 31 "-" "WordPress/6.9; http://cqqizhou.com"
14.108.233.171 - - [06/Feb/2026:09:43:34 +0800] "GET /2354/ HTTP/1.1" 200 28709 "http://cqqizhou.com/logistics/" "Mozilla/5.0 (Windows NT 10.0; Win64; x64) AppleWebKit/537.36 (KHTML, like Gecko) Chrome/144.0.0.0 Safari/537.36 Edg/144.0.0.0"
14.108.233.171 - - [06/Feb/2026:09:43:35 +0800] "GET /wp-content/uploads/2025/12/1765891153-Article20251216211543.webp HTTP/1.1" 200 43108 "http://cqqizhou.com/2354/" "Mozilla/5.0 (Windows NT 10.0; Win64; x64) AppleWebKit/537.36 (KHTML, like Gecko) Chrome/144.0.0.0 Safari/537.36 Edg/144.0.0.0"
14.108.233.171 - - [06/Feb/2026:09:43:35 +0800] "GET /wp-content/uploads/2025/12/1765894221-Article20251216211544.webp HTTP/1.1" 200 75768 "http://cqqizhou.com/2354/" "Mozilla/5.0 (Windows NT 10.0; Win64; x64) AppleWebKit/537.36 (KHTML, like Gecko) Chrome/144.0.0.0 Safari/537.36 Edg/144.0.0.0"
14.108.233.171 - - [06/Feb/2026:09:43:35 +0800] "GET /wp-content/uploads/2026/02/1770341652-2026251Article_images_W900%C3%97500px.webp HTTP/1.1" 200 43300 "http://cqqizhou.com/2354/" "Mozilla/5.0 (Windows NT 10.0; Win64; x64) AppleWebKit/537.36 (KHTML, like Gecko) Chrome/144.0.0.0 Safari/537.36 Edg/144.0.0.0"
14.108.233.171 - - [06/Feb/2026:09:43:35 +0800] "GET /wp-content/uploads/2026/01/1769511379-Article_images_W900%C3%97500px202601271.webp HTTP/1.1" 200 67912 "http://cqqizhou.com/2354/" "Mozilla/5.0 (Windows NT 10.0; Win64; x64) AppleWebKit/537.36 (KHTML, like Gecko) Chrome/144.0.0.0 Safari/537.36 Edg/144.0.0.0"
14.108.233.171 - - [06/Feb/2026:09:43:37 +0800] "GET /wp-content/uploads/2025/12/1766375846-Article20251216211545.webp HTTP/1.1" 200 70386 "http://cqqizhou.com/2354/" "Mozilla/5.0 (Windows NT 10.0; Win64; x64) AppleWebKit/537.36 (KHTML, like Gecko) Chrome/144.0.0.0 Safari/537.36 Edg/144.0.0.0"
36.133.115.36 - - [06/Feb/2026:09:44:20 +0800] "POST /wp-cron.php?doing_wp_cron=1770342260.6694769859313964843750 HTTP/1.1" 200 31 "-" "WordPress/6.9; http://cqqizhou.com"
14.108.233.171 - - [06/Feb/2026:09:44:20 +0800] "POST /wp-admin/admin-ajax.php HTTP/1.1" 200 112 "http://cqqizhou.com/wp-admin/post.php?post=2486&action=edit" "Mozilla/5.0 (Windows NT 10.0; Win64; x64) AppleWebKit/537.36 (KHTML, like Gecko) Chrome/144.0.0.0 Safari/537.36 Edg/144.0.0.0"
36.133.115.36 - - [06/Feb/2026:09:46:21 +0800] "POST /wp-cron.php?doing_wp_cron=1770342381.7309300899505615234375 HTTP/1.1" 200 31 "-" "WordPress/6.9; http://cqqizhou.com"
14.108.233.171 - - [06/Feb/2026:09:46:21 +0800] "POST /wp-admin/admin-ajax.php HTTP/1.1" 200 112 "http://cqqizhou.com/wp-admin/post.php?post=2486&action=edit" "Mozilla/5.0 (Windows NT 10.0; Win64; x64) AppleWebKit/537.36 (KHTML, like Gecko) Chrome/144.0.0.0 Safari/537.36 Edg/144.0.0.0"
36.133.115.36 - - [06/Feb/2026:09:48:42 +0800] "POST /wp-cron.php?doing_wp_cron=1770342522.4567821025848388671875 HTTP/1.1" 200 31 "-" "WordPress/6.9; http://cqqizhou.com"
3.36.142.87 - - [06/Feb/2026:09:48:42 +0800] "GET / HTTP/1.1" 301 5 "-" "Go-http-client/1.1"
3.36.142.87 - - [06/Feb/2026:09:48:42 +0800] "GET / HTTP/1.1" 200 35132 "http://36.133.115.36" "Go-http-client/1.1"
110.219.227.249 - - [06/Feb/2026:09:49:14 +0800] "GET / HTTP/1.1" 200 35132 "-" "Mozilla/5.0 (Windows NT 6.3; WOW64) AppleWebKit/537.36 (KHTML, like Gecko) Chrome/120.0.6954.95 Safari/537.36"
36.150.60.24 - - [06/Feb/2026:09:51:21 +0800] "GET / HTTP/1.1" 200 35132 "-" "Mozilla/5.0 (Macintosh; Intel Mac OS X 10_11) AppleWebKit/601.1.27 (KHTML, like Gecko) Chrome/47.0.2526.106 Safari/601.1.27"
123.77.228.197 - - [06/Feb/2026:09:51:42 +0800] "GET / HTTP/1.1" 200 35132 "-" "Mozilla/5.0 (Windows NT 6.4; WOW64) AppleWebKit/537.36 (KHTML, like Gecko) Chrome/130.0.6978.67 Safari/537.36"
221.178.143.70 - - [06/Feb/2026:09:53:45 +0800] "GET / HTTP/1.1" 200 35132 "-" "Mozilla/5.0 (Macintosh; Intel Mac OS X 10_11) AppleWebKit/601.1.27 (KHTML, like Gecko) Chrome/47.0.2526.106 Safari/601.1.27"
36.133.115.36 - - [06/Feb/2026:09:54:50 +0800] "POST /wp-cron.php?doing_wp_cron=1770342889.9849441051483154296875 HTTP/1.1" 200 31 "-" "WordPress/6.9; http://cqqizhou.com"
47.97.3.156 - - [06/Feb/2026:09:54:50 +0800] "GET / HTTP/1.1" 301 5 "-" "Mozilla/5.0 (Windows NT 10.0; Win64; x64) AppleWebKit/537.36 (KHTML, like Gecko) Chrome/59.0.3071.115 Safari/537.36"
36.133.115.36 - - [06/Feb/2026:10:12:11 +0800] "POST /wp-cron.php?doing_wp_cron=1770343931.0922679901123046875000 HTTP/1.1" 200 31 "-" "WordPress/6.9; http://cqqizhou.com"
81.167.26.57 - - [06/Feb/2026:10:12:11 +0800] "GET /robots.txt HTTP/1.1" 200 390 "-" "Mozilla/5.0 (compatible; MJ12bot/v1.4.8; http://mj12bot.com/)"
81.167.26.57 - - [06/Feb/2026:10:12:13 +0800] "GET /portfolio-tag/%E9%9E%8D%E9%92%A2%E8%92%82%E6%A3%AE/ HTTP/1.1" 404 8951 "-" "Mozilla/5.0 (compatible; MJ12bot/v1.4.8; http://mj12bot.com/)"
81.167.26.57 - - [06/Feb/2026:10:12:16 +0800] "GET /portfolio/%E5%86%B7%E8%BD%A7%E5%8D%B7/ HTTP/1.1" 404 8951 "-" "Mozilla/5.0 (compatible; MJ12bot/v1.4.8; http://mj12bot.com/)"
81.167.26.57 - - [06/Feb/2026:10:12:18 +0800] "GET /portfolio/%E5%86%B7%E8%BD%A7%E6%9D%BF/ HTTP/1.1" 404 8951 "-" "Mozilla/5.0 (compatible; MJ12bot/v1.4.8; http://mj12bot.com/)"
81.167.26.57 - - [06/Feb/2026:10:12:20 +0800] "GET /tag/%E5%8D%9A%E8%81%94%E8%BE%BE/ HTTP/1.1" 200 20948 "-" "Mozilla/5.0 (compatible; MJ12bot/v1.4.8; http://mj12bot.com/)"
81.167.26.57 - - [06/Feb/2026:10:12:22 +0800] "GET /tag/%E7%89%A9%E6%B5%81/ HTTP/1.1" 200 20931 "-" "Mozilla/5.0 (compatible; MJ12bot/v1.4.8; http://mj12bot.com/)"
36.133.115.36 - - [06/Feb/2026:10:22:34 +0800] "POST /wp-cron.php?doing_wp_cron=1770344554.9166409969329833984375 HTTP/1.1" 200 31 "-" "WordPress/6.9; http://cqqizhou.com"
211.21.61.244 - - [06/Feb/2026:10:22:34 +0800] "POST /xmlrpc.php HTTP/1.1" 200 217 "-" "Mozilla/5.0 (Windows NT 10.0; WOW64) AppleWebKit/537.36 (KHTML, like Gecko) Chrome/141.0.0.0 Safari/537.36"
36.133.115.36 - - [06/Feb/2026:10:28:47 +0800] "POST /wp-cron.php?doing_wp_cron=1770344927.0812950134277343750000 HTTP/1.1" 200 31 "-" "WordPress/6.9; http://cqqizhou.com"
43.166.244.251 - - [06/Feb/2026:10:28:47 +0800] "GET / HTTP/1.1" 200 34690 "-" "Mozilla/5.0 (iPhone; CPU iPhone OS 13_2_3 like Mac OS X) AppleWebKit/605.1.15 (KHTML, like Gecko) Version/13.0.3 Mobile/15E148 Safari/604.1"
36.133.115.36 - - [06/Feb/2026:10:30:01 +0800] "POST /wp-cron.php?doing_wp_cron=1770345001.2395749092102050781250 HTTP/1.1" 200 31 "-" "WordPress/6.9; http://cqqizhou.com"
45.194.92.11 - - [06/Feb/2026:10:30:01 +0800] "GET /dispatch.asp HTTP/1.1" 301 5 "-" "Mozilla/5.0 (Windows NT 10.0; Win64; x64) AppleWebKit/537.36 (KHTML, like Gecko) Chrome/90.0.4430.85 Safari/537.36 Edg/90.0.818.46"
36.133.115.36 - - [06/Feb/2026:10:37:29 +0800] "POST /wp-cron.php?doing_wp_cron=1770345449.5298581123352050781250 HTTP/1.1" 200 31 "-" "WordPress/6.9; http://cqqizhou.com"
66.228.53.162 - - [06/Feb/2026:10:37:29 +0800] "GET / HTTP/1.1" 301 5 "-" "Mozilla/5.0 (Macintosh; Intel Mac OS X 13_1) AppleWebKit/537.36 (KHTML, like Gecko) Chrome/108.0.0.0 Safari/537.36"
66.228.53.162 - - [06/Feb/2026:10:37:30 +0800] "GET / HTTP/1.1" 200 35132 "http://36.133.115.36/" "Mozilla/5.0 (Macintosh; Intel Mac OS X 13_1) AppleWebKit/537.36 (KHTML, like Gecko) Chrome/108.0.0.0 Safari/537.36"
20.65.194.85 - - [06/Feb/2026:10:37:39 +0800] "GET / HTTP/1.1" 301 5 "-" "Mozilla/5.0 zgrab/0.x"
123.77.28.204 - - [06/Feb/2026:10:49:35 +0800] "GET / HTTP/1.1" 200 35132 "-" "Mozilla/5.0 (Windows NT 10.0; WOW64) AppleWebKit/537.36 (KHTML, like Gecko) Chrome/129.0.5335.77 Safari/537.36"
110.218.206.104 - - [06/Feb/2026:10:54:20 +0800] "GET / HTTP/1.1" 200 35132 "-" "Mozilla/5.0 (Windows NT 10.0; Win64; x64) AppleWebKit/537.36 (KHTML, like Gecko) Chrome/130.0.812.67 Safari/537.36"
36.133.115.36 - - [06/Feb/2026:10:55:11 +0800] "POST /wp-cron.php?doing_wp_cron=1770346511.9156100749969482421875 HTTP/1.1" 200 31 "-" "WordPress/6.9; http://cqqizhou.com"
204.76.203.206 - - [06/Feb/2026:10:55:12 +0800] "GET / HTTP/1.1" 200 156810 "-" "Mozilla/5.0"
157.173.199.44 - - [06/Feb/2026:10:56:00 +0800] "POST /hello.world?%ADd+allow_url_include%3d1+%ADd+auto_prepend_file%3dphp://input HTTP/1.1" 404 31367 "-" "libredtail-http"
157.173.199.44 - - [06/Feb/2026:10:56:02 +0800] "POST /?%ADd+allow_url_include%3d1+%ADd+auto_prepend_file%3dphp://input HTTP/1.1" 200 156810 "-" "libredtail-http"
157.173.199.44 - - [06/Feb/2026:10:56:02 +0800] "GET /vendor/phpunit/phpunit/src/Util/PHP/eval-stdin.php HTTP/1.1" 404 27 "-" "libredtail-http"
157.173.199.44 - - [06/Feb/2026:10:56:03 +0800] "GET /vendor/phpunit/phpunit/Util/PHP/eval-stdin.php HTTP/1.1" 404 27 "-" "libredtail-http"
157.173.199.44 - - [06/Feb/2026:10:56:03 +0800] "GET /vendor/phpunit/src/Util/PHP/eval-stdin.php HTTP/1.1" 404 27 "-" "libredtail-http"
157.173.199.44 - - [06/Feb/2026:10:56:03 +0800] "GET /vendor/phpunit/Util/PHP/eval-stdin.php HTTP/1.1" 404 27 "-" "libredtail-http"
157.173.199.44 - - [06/Feb/2026:10:56:03 +0800] "GET /vendor/phpunit/phpunit/LICENSE/eval-stdin.php HTTP/1.1" 404 27 "-" "libredtail-http"
157.173.199.44 - - [06/Feb/2026:10:56:04 +0800] "GET /vendor/vendor/phpunit/phpunit/src/Util/PHP/eval-stdin.php HTTP/1.1" 404 27 "-" "libredtail-http"
157.173.199.44 - - [06/Feb/2026:10:56:04 +0800] "GET /phpunit/phpunit/src/Util/PHP/eval-stdin.php HTTP/1.1" 404 27 "-" "libredtail-http"
157.173.199.44 - - [06/Feb/2026:10:56:04 +0800] "GET /phpunit/phpunit/Util/PHP/eval-stdin.php HTTP/1.1" 404 27 "-" "libredtail-http"
157.173.199.44 - - [06/Feb/2026:10:56:04 +0800] "GET /phpunit/src/Util/PHP/eval-stdin.php HTTP/1.1" 404 27 "-" "libredtail-http"
157.173.199.44 - - [06/Feb/2026:10:56:05 +0800] "GET /phpunit/Util/PHP/eval-stdin.php HTTP/1.1" 404 27 "-" "libredtail-http"
157.173.199.44 - - [06/Feb/2026:10:56:05 +0800] "GET /lib/phpunit/phpunit/src/Util/PHP/eval-stdin.php HTTP/1.1" 404 27 "-" "libredtail-http"
157.173.199.44 - - [06/Feb/2026:10:56:05 +0800] "GET /lib/phpunit/phpunit/Util/PHP/eval-stdin.php HTTP/1.1" 404 27 "-" "libredtail-http"
157.173.199.44 - - [06/Feb/2026:10:56:05 +0800] "GET /lib/phpunit/src/Util/PHP/eval-stdin.php HTTP/1.1" 404 27 "-" "libredtail-http"
157.173.199.44 - - [06/Feb/2026:10:56:06 +0800] "GET /lib/phpunit/Util/PHP/eval-stdin.php HTTP/1.1" 404 27 "-" "libredtail-http"
157.173.199.44 - - [06/Feb/2026:10:56:06 +0800] "GET /lib/vendor/phpunit/phpunit/src/Util/PHP/eval-stdin.php HTTP/1.1" 404 27 "-" "libredtail-http"
157.173.199.44 - - [06/Feb/2026:10:56:06 +0800] "GET /laravel/vendor/phpunit/phpunit/src/Util/PHP/eval-stdin.php HTTP/1.1" 404 27 "-" "libredtail-http"
157.173.199.44 - - [06/Feb/2026:10:56:06 +0800] "GET /www/vendor/phpunit/phpunit/src/Util/PHP/eval-stdin.php HTTP/1.1" 404 27 "-" "libredtail-http"
157.173.199.44 - - [06/Feb/2026:10:56:07 +0800] "GET /ws/vendor/phpunit/phpunit/src/Util/PHP/eval-stdin.php HTTP/1.1" 404 27 "-" "libredtail-http"
157.173.199.44 - - [06/Feb/2026:10:56:07 +0800] "GET /yii/vendor/phpunit/phpunit/src/Util/PHP/eval-stdin.php HTTP/1.1" 404 27 "-" "libredtail-http"
157.173.199.44 - - [06/Feb/2026:10:56:07 +0800] "GET /zend/vendor/phpunit/phpunit/src/Util/PHP/eval-stdin.php HTTP/1.1" 404 27 "-" "libredtail-http"
157.173.199.44 - - [06/Feb/2026:10:56:07 +0800] "GET /ws/ec/vendor/phpunit/phpunit/src/Util/PHP/eval-stdin.php HTTP/1.1" 404 27 "-" "libredtail-http"
157.173.199.44 - - [06/Feb/2026:10:56:08 +0800] "GET /V2/vendor/phpunit/phpunit/src/Util/PHP/eval-stdin.php HTTP/1.1" 404 27 "-" "libredtail-http"
157.173.199.44 - - [06/Feb/2026:10:56:08 +0800] "GET /tests/vendor/phpunit/phpunit/src/Util/PHP/eval-stdin.php HTTP/1.1" 404 27 "-" "libredtail-http"
157.173.199.44 - - [06/Feb/2026:10:56:08 +0800] "GET /test/vendor/phpunit/phpunit/src/Util/PHP/eval-stdin.php HTTP/1.1" 404 27 "-" "libredtail-http"
157.173.199.44 - - [06/Feb/2026:10:56:08 +0800] "GET /testing/vendor/phpunit/phpunit/src/Util/PHP/eval-stdin.php HTTP/1.1" 404 27 "-" "libredtail-http"
157.173.199.44 - - [06/Feb/2026:10:56:09 +0800] "GET /api/vendor/phpunit/phpunit/src/Util/PHP/eval-stdin.php HTTP/1.1" 404 27 "-" "libredtail-http"
157.173.199.44 - - [06/Feb/2026:10:56:09 +0800] "GET /demo/vendor/phpunit/phpunit/src/Util/PHP/eval-stdin.php HTTP/1.1" 404 27 "-" "libredtail-http"
157.173.199.44 - - [06/Feb/2026:10:56:09 +0800] "GET /cms/vendor/phpunit/phpunit/src/Util/PHP/eval-stdin.php HTTP/1.1" 404 27 "-" "libredtail-http"
157.173.199.44 - - [06/Feb/2026:10:56:10 +0800] "GET /crm/vendor/phpunit/phpunit/src/Util/PHP/eval-stdin.php HTTP/1.1" 404 27 "-" "libredtail-http"
157.173.199.44 - - [06/Feb/2026:10:56:10 +0800] "GET /admin/vendor/phpunit/phpunit/src/Util/PHP/eval-stdin.php HTTP/1.1" 404 27 "-" "libredtail-http"
157.173.199.44 - - [06/Feb/2026:10:56:10 +0800] "GET /backup/vendor/phpunit/phpunit/src/Util/PHP/eval-stdin.php HTTP/1.1" 404 27 "-" "libredtail-http"
157.173.199.44 - - [06/Feb/2026:10:56:11 +0800] "GET /blog/vendor/phpunit/phpunit/src/Util/PHP/eval-stdin.php HTTP/1.1" 404 27 "-" "libredtail-http"
157.173.199.44 - - [06/Feb/2026:10:56:11 +0800] "GET /workspace/drupal/vendor/phpunit/phpunit/src/Util/PHP/eval-stdin.php HTTP/1.1" 404 27 "-" "libredtail-http"
157.173.199.44 - - [06/Feb/2026:10:56:11 +0800] "GET /panel/vendor/phpunit/phpunit/src/Util/PHP/eval-stdin.php HTTP/1.1" 404 27 "-" "libredtail-http"
157.173.199.44 - - [06/Feb/2026:10:56:11 +0800] "GET /public/vendor/phpunit/phpunit/src/Util/PHP/eval-stdin.php HTTP/1.1" 404 27 "-" "libredtail-http"
157.173.199.44 - - [06/Feb/2026:10:56:12 +0800] "GET /apps/vendor/phpunit/phpunit/src/Util/PHP/eval-stdin.php HTTP/1.1" 404 27 "-" "libredtail-http"
157.173.199.44 - - [06/Feb/2026:10:56:12 +0800] "GET /app/vendor/phpunit/phpunit/src/Util/PHP/eval-stdin.php HTTP/1.1" 404 27 "-" "libredtail-http"
36.133.115.36 - - [06/Feb/2026:10:56:13 +0800] "POST /wp-cron.php?doing_wp_cron=1770346573.4229419231414794921875 HTTP/1.1" 200 31 "-" "WordPress/6.9; http://cqqizhou.com"
157.173.199.44 - - [06/Feb/2026:10:56:13 +0800] "GET /index.php?s=/index/\x5Cthink\x5Capp/invokefunction&function=call_user_func_array&vars[0]=md5&vars[1][]=Hello HTTP/1.1" 200 65512 "-" "libredtail-http"
157.173.199.44 - - [06/Feb/2026:10:56:14 +0800] "GET /public/index.php?s=/index/\x5Cthink\x5Capp/invokefunction&function=call_user_func_array&vars[0]=md5&vars[1][]=Hello HTTP/1.1" 404 27 "-" "libredtail-http"
157.173.199.44 - - [06/Feb/2026:10:56:15 +0800] "GET /index.php?lang=../../../../../../../../usr/local/lib/php/pearcmd&+config-create+/&/<?echo(md5(\x22hi\x22));?>+/tmp/index1.php HTTP/1.1" 200 156810 "-" "libredtail-http"
157.173.199.44 - - [06/Feb/2026:10:56:17 +0800] "GET /index.php?lang=../../../../../../../../tmp/index1 HTTP/1.1" 200 156810 "-" "libredtail-http"
157.173.199.44 - - [06/Feb/2026:10:56:18 +0800] "GET /containers/json HTTP/1.1" 301 5 "-" "libredtail-http"
36.206.131.65 - - [06/Feb/2026:10:56:46 +0800] "GET / HTTP/1.1" 200 35132 "-" "Mozilla/5.0 (Windows NT 6.3; WOW64) AppleWebKit/537.36 (KHTML, like Gecko) Chrome/127.0.524.43 Safari/537.36"
36.133.115.36 - - [06/Feb/2026:10:58:08 +0800] "POST /wp-cron.php?doing_wp_cron=1770346688.9107611179351806640625 HTTP/1.1" 200 31 "-" "WordPress/6.9; http://cqqizhou.com"
193.142.147.209 - - [06/Feb/2026:10:58:09 +0800] "POST / HTTP/1.1" 200 34690 "-" "Mozilla/5.0 (Windows NT 10.0; Win64; x64) AppleWebKit/537.36"
36.133.115.36 - - [06/Feb/2026:10:59:44 +0800] "POST /wp-cron.php?doing_wp_cron=1770346784.1562559604644775390625 HTTP/1.1" 200 31 "-" "WordPress/6.9; http://cqqizhou.com"
117.33.163.216 - - [06/Feb/2026:10:59:44 +0800] "GET / HTTP/1.1" 200 34690 "-" "Mozilla/5.0 (iPhone; CPU iPhone OS 13_2_3 like Mac OS X) AppleWebKit/605.1.15 (KHTML, like Gecko) Version/13.0.3 Mobile/15E148 Safari/604.1"
110.219.236.77 - - [06/Feb/2026:11:01:19 +0800] "GET / HTTP/1.1" 200 35132 "-" "Mozilla/5.0 (Windows NT 10.0; Win64; x64) AppleWebKit/537.36 (KHTML, like Gecko) Chrome/127.0.6877.21 Safari/537.36"
36.133.115.36 - - [06/Feb/2026:11:16:41 +0800] "POST /wp-cron.php?doing_wp_cron=1770347801.2343459129333496093750 HTTP/1.1" 200 31 "-" "WordPress/6.9; http://cqqizhou.com"
36.133.108.119 - - [06/Feb/2026:11:16:41 +0800] "HEAD /.env HTTP/1.1" 404 0 "-" "Mozilla/5.0 (Macintosh; Intel Mac OS X 10_8_3) AppleWebKit/537.36 (KHTML, like Gecko) Chrome/27.0.1453.93 Safari/537.36"
36.133.115.36 - - [06/Feb/2026:11:22:52 +0800] "POST /wp-cron.php?doing_wp_cron=1770348172.3389089107513427734375 HTTP/1.1" 200 31 "-" "WordPress/6.9; http://cqqizhou.com"
14.108.233.171 - - [06/Feb/2026:11:22:52 +0800] "GET /media/ HTTP/1.1" 200 34432 "http://cqqizhou.com/logistics/" "Mozilla/5.0 (Windows NT 10.0; Win64; x64) AppleWebKit/537.36 (KHTML, like Gecko) Chrome/144.0.0.0 Safari/537.36 Edg/144.0.0.0"
14.108.233.171 - - [06/Feb/2026:11:22:52 +0800] "GET /wp-content/uploads/2026/02/1770341652-2026251Article_images_W900%C3%97500px-768x427.webp HTTP/1.1" 304 0 "http://cqqizhou.com/media/" "Mozilla/5.0 (Windows NT 10.0; Win64; x64) AppleWebKit/537.36 (KHTML, like Gecko) Chrome/144.0.0.0 Safari/537.36 Edg/144.0.0.0"
14.108.233.171 - - [06/Feb/2026:11:22:52 +0800] "GET /wp-content/uploads/2026/02/1770340507-2026261Article_images_W900%C3%97500px-768x427.webp HTTP/1.1" 304 0 "http://cqqizhou.com/media/" "Mozilla/5.0 (Windows NT 10.0; Win64; x64) AppleWebKit/537.36 (KHTML, like Gecko) Chrome/144.0.0.0 Safari/537.36 Edg/144.0.0.0"
36.133.115.36 - - [06/Feb/2026:11:24:12 +0800] "POST /wp-cron.php?doing_wp_cron=1770348252.5673220157623291015625 HTTP/1.1" 200 31 "-" "WordPress/6.9; http://cqqizhou.com"
204.76.203.219 - - [06/Feb/2026:11:24:12 +0800] "GET / HTTP/1.1" 200 34690 "-" "Mozilla/5.0 (Windows NT 10.0; Win64; x64) AppleWebKit/537.36 (KHTML, like Gecko) Chrome/90.0.4430.85 Safari/537.36 Edg/90.0.818.46"
122.158.198.98 - - [06/Feb/2026:11:27:18 +0800] "GET http://cqqizhou.com/2164/ HTTP/1.1" 200 23473 "-" "Mozilla/5.0 (Macintosh; Intel Mac OS X 10_15_7) AppleWebKit/537.36 (KHTML, like Gecko) Chrome/136.0.0.0 Safari/537.36"
36.133.115.36 - - [06/Feb/2026:11:30:18 +0800] "POST /wp-cron.php?doing_wp_cron=1770348618.6335449218750000000000 HTTP/1.1" 200 31 "-" "WordPress/6.9; http://cqqizhou.com"
14.108.233.171 - - [06/Feb/2026:11:30:18 +0800] "GET /2475/ HTTP/1.1" 200 30927 "http://cqqizhou.com/media/" "Mozilla/5.0 (Windows NT 10.0; Win64; x64) AppleWebKit/537.36 (KHTML, like Gecko) Chrome/144.0.0.0 Safari/537.36 Edg/144.0.0.0"
14.108.233.171 - - [06/Feb/2026:11:30:18 +0800] "GET /wp-content/uploads/2025/07/1753454089-Article_images_W900px.webp HTTP/1.1" 200 27552 "http://cqqizhou.com/2475/" "Mozilla/5.0 (Windows NT 10.0; Win64; x64) AppleWebKit/537.36 (KHTML, like Gecko) Chrome/144.0.0.0 Safari/537.36 Edg/144.0.0.0"
14.108.233.171 - - [06/Feb/2026:11:30:18 +0800] "GET /wp-content/uploads/2025/07/1753454299-Article_images_W900px.webp HTTP/1.1" 200 52418 "http://cqqizhou.com/2475/" "Mozilla/5.0 (Windows NT 10.0; Win64; x64) AppleWebKit/537.36 (KHTML, like Gecko) Chrome/144.0.0.0 Safari/537.36 Edg/144.0.0.0"
148.222.186.61 - - [06/Feb/2026:11:31:25 +0800] "GET /2160/ HTTP/1.1" 200 29334 "http://cqqizhou.com/" "Mozilla/5.0 (Windows NT 10.0; Win64; x64) AppleWebKit/537.36 (KHTML, like Gecko) Chrome/114.0.0.0 Safari/537.36 Vivaldi/5.3.2679.68"
36.133.115.36 - - [06/Feb/2026:11:31:27 +0800] "POST /wp-cron.php?doing_wp_cron=1770348687.9404320716857910156250 HTTP/1.1" 200 31 "-" "WordPress/6.9; http://cqqizhou.com"
148.222.186.61 - - [06/Feb/2026:11:31:27 +0800] "GET /wp-admin/admin-ajax.php HTTP/1.1" 400 11 "http://cqqizhou.com/2160/" "Mozilla/5.0 (Windows NT 6.3; Win64; x64) AppleWebKit/537.36 (KHTML, like Gecko) Chrome/103.0.0.0 Safari/537.36"
148.222.186.61 - - [06/Feb/2026:11:31:29 +0800] "GET /wp-admin/admin-ajax.php?action=register HTTP/1.1" 400 11 "http://cqqizhou.com/wp-admin/admin-ajax.php" "Mozilla/5.0 (Windows NT 6.3; Win64; x64) AppleWebKit/537.36 (KHTML, like Gecko) Chrome/103.0.0.0 Safari/537.36"
36.133.115.36 - - [06/Feb/2026:11:38:16 +0800] "POST /wp-cron.php?doing_wp_cron=1770349096.1611149311065673828125 HTTP/1.1" 200 31 "-" "WordPress/6.9; http://cqqizhou.com"
14.108.233.171 - - [06/Feb/2026:11:38:16 +0800] "POST /wp-admin/admin-ajax.php HTTP/1.1" 200 112 "http://cqqizhou.com/wp-admin/post.php?post=2486&action=edit" "Mozilla/5.0 (Windows NT 10.0; Win64; x64) AppleWebKit/537.36 (KHTML, like Gecko) Chrome/144.0.0.0 Safari/537.36 Edg/144.0.0.0"
36.133.115.36 - - [06/Feb/2026:11:38:21 +0800] "POST /wp-cron.php?doing_wp_cron=1770349101.5354499816894531250000 HTTP/1.1" 200 31 "-" "WordPress/6.9; http://cqqizhou.com"
14.108.233.171 - - [06/Feb/2026:11:38:21 +0800] "POST /wp-admin/admin-ajax.php HTTP/1.1" 200 32 "http://cqqizhou.com/wp-admin/post.php?post=2486&action=edit" "Mozilla/5.0 (Windows NT 10.0; Win64; x64) AppleWebKit/537.36 (KHTML, like Gecko) Chrome/144.0.0.0 Safari/537.36 Edg/144.0.0.0"
36.133.115.36 - - [06/Feb/2026:11:38:22 +0800] "POST /wp-cron.php?doing_wp_cron=1770349102.3459160327911376953125 HTTP/1.1" 200 31 "-" "WordPress/6.9; http://cqqizhou.com"
14.108.233.171 - - [06/Feb/2026:11:38:22 +0800] "GET /wp-admin/edit.php?post_type=post HTTP/1.1" 200 85138 "http://cqqizhou.com/wp-admin/post.php?post=2486&action=edit" "Mozilla/5.0 (Windows NT 10.0; Win64; x64) AppleWebKit/537.36 (KHTML, like Gecko) Chrome/144.0.0.0 Safari/537.36 Edg/144.0.0.0"
14.108.233.171 - - [06/Feb/2026:11:38:22 +0800] "GET /wp-content/uploads/2026/02/1770341652-2026251Article_images_W900%C3%97500px-150x150.webp HTTP/1.1" 304 0 "http://cqqizhou.com/wp-admin/edit.php?post_type=post" "Mozilla/5.0 (Windows NT 10.0; Win64; x64) AppleWebKit/537.36 (KHTML, like Gecko) Chrome/144.0.0.0 Safari/537.36 Edg/144.0.0.0"
14.108.233.171 - - [06/Feb/2026:11:38:22 +0800] "GET /wp-content/uploads/2026/02/1770340507-2026261Article_images_W900%C3%97500px-150x150.webp HTTP/1.1" 304 0 "http://cqqizhou.com/wp-admin/edit.php?post_type=post" "Mozilla/5.0 (Windows NT 10.0; Win64; x64) AppleWebKit/537.36 (KHTML, like Gecko) Chrome/144.0.0.0 Safari/537.36 Edg/144.0.0.0"
14.108.233.171 - - [06/Feb/2026:11:38:23 +0800] "POST /wp-admin/admin-ajax.php HTTP/1.1" 200 78 "http://cqqizhou.com/wp-admin/edit.php?post_type=post" "Mozilla/5.0 (Windows NT 10.0; Win64; x64) AppleWebKit/537.36 (KHTML, like Gecko) Chrome/144.0.0.0 Safari/537.36 Edg/144.0.0.0"
204.76.203.206 - - [06/Feb/2026:11:38:25 +0800] "GET / HTTP/1.1" 200 156810 "-" "Mozilla/5.0"
14.108.233.171 - - [06/Feb/2026:11:38:33 +0800] "POST /wp-admin/admin-ajax.php HTTP/1.1" 200 78 "http://cqqizhou.com/wp-admin/edit.php?post_type=post" "Mozilla/5.0 (Windows NT 10.0; Win64; x64) AppleWebKit/537.36 (KHTML, like Gecko) Chrome/144.0.0.0 Safari/537.36 Edg/144.0.0.0"
14.108.233.171 - - [06/Feb/2026:11:38:35 +0800] "GET /wp-admin/post.php?post=2475&action=edit HTTP/1.1" 200 209777 "http://cqqizhou.com/wp-admin/edit.php?post_type=post" "Mozilla/5.0 (Windows NT 10.0; Win64; x64) AppleWebKit/537.36 (KHTML, like Gecko) Chrome/144.0.0.0 Safari/537.36 Edg/144.0.0.0"
14.108.233.171 - - [06/Feb/2026:11:38:36 +0800] "GET /?action=kirki-styles&editor=1&ver=4.0 HTTP/1.1" 200 210 "http://cqqizhou.com/wp-admin/post.php?post=2475&action=edit" "Mozilla/5.0 (Windows NT 10.0; Win64; x64) AppleWebKit/537.36 (KHTML, like Gecko) Chrome/144.0.0.0 Safari/537.36 Edg/144.0.0.0"
14.108.233.171 - - [06/Feb/2026:11:38:38 +0800] "OPTIONS /wp-json/wp/v2/settings?_locale=user HTTP/1.1" 200 1301 "http://cqqizhou.com/wp-admin/post.php?post=2475&action=edit" "Mozilla/5.0 (Windows NT 10.0; Win64; x64) AppleWebKit/537.36 (KHTML, like Gecko) Chrome/144.0.0.0 Safari/537.36 Edg/144.0.0.0"
14.108.233.171 - - [06/Feb/2026:11:38:38 +0800] "GET /wp-json/wp/v2/users/1?context=view&_fields=id%2Cname&_locale=user HTTP/1.1" 200 54 "http://cqqizhou.com/wp-admin/post.php?post=2475&action=edit" "Mozilla/5.0 (Windows NT 10.0; Win64; x64) AppleWebKit/537.36 (KHTML, like Gecko) Chrome/144.0.0.0 Safari/537.36 Edg/144.0.0.0"
14.108.233.171 - - [06/Feb/2026:11:38:38 +0800] "GET /wp-json/wp/v2/comments?context=edit&post=2475&type=note&status=all&per_page=100&_locale=user HTTP/1.1" 200 33 "http://cqqizhou.com/wp-admin/post.php?post=2475&action=edit" "Mozilla/5.0 (Windows NT 10.0; Win64; x64) AppleWebKit/537.36 (KHTML, like Gecko) Chrome/144.0.0.0 Safari/537.36 Edg/144.0.0.0"
