HEX
Server: nginx/1.16.1
System: Linux ecs-04358622 4.19.90-2107.6.0.0100.oe1.bclinux.x86_64 #1 SMP Wed Dec 1 19:59:44 CST 2021 x86_64
User: nginx (994)
PHP: 8.0.0
Disabled: NONE
Upload Files
File: /home/logs/cqqizhou_access_2026-02-06.log
36.133.115.36 - - [06/Feb/2026:00:17:37 +0800] "POST /wp-cron.php?doing_wp_cron=1770308257.6325259208679199218750 HTTP/1.1" 200 31 "-" "WordPress/6.9; http://cqqizhou.com"
124.237.60.227 - - [06/Feb/2026:00:17:37 +0800] "GET /Ly9jcXFpemhvdS5jb20vd3AtY29udGVudC91cGxvYWRzLzIwMjYvMDEvMTc2ODI3NjExOS1xaXpob3VqaWFnb25nX1NsaWRlcl8zODQww5cyMTYwXzIwMjYwMTEzLXNjYWxlZC53ZWJw HTTP/1.1" 404 8951 "-" "Mozilla/5.0 (Windows NT 6.1; Win64; x64) AppleWebKit/537.36 (KHTML, like Gecko) Chrome/80.0.3987.106"
36.133.115.36 - - [06/Feb/2026:00:23:04 +0800] "POST /wp-cron.php?doing_wp_cron=1770308584.4940469264984130859375 HTTP/1.1" 200 31 "-" "WordPress/6.9; http://cqqizhou.com"
172.202.118.18 - - [06/Feb/2026:00:23:04 +0800] "GET /manager/html HTTP/1.1" 404 8952 "-" "Mozilla/5.0 zgrab/0.x"
36.133.115.36 - - [06/Feb/2026:00:23:51 +0800] "POST /wp-cron.php?doing_wp_cron=1770308631.3687469959259033203125 HTTP/1.1" 200 31 "-" "WordPress/6.9; http://cqqizhou.com"
193.142.147.209 - - [06/Feb/2026:00:23:52 +0800] "POST / HTTP/1.1" 200 34753 "-" "Mozilla/5.0 (Windows NT 10.0; Win64; x64) AppleWebKit/537.36"
36.133.115.36 - - [06/Feb/2026:00:25:49 +0800] "POST /wp-cron.php?doing_wp_cron=1770308749.0040850639343261718750 HTTP/1.1" 200 31 "-" "WordPress/6.9; http://cqqizhou.com"
74.249.178.165 - - [06/Feb/2026:00:25:49 +0800] "GET /druid/index.html HTTP/1.1" 404 8951 "-" "Mozilla/5.0 zgrab/0.x"
120.77.183.184 - - [06/Feb/2026:00:27:29 +0800] "GET /adm/preview.php HTTP/1.1" 404 47 "-" "Mozilla/5.0 (Windows NT 10.0; Win64; x64)"
120.77.183.184 - - [06/Feb/2026:00:27:29 +0800] "GET /adm/fileupload.php HTTP/1.1" 404 47 "-" "Mozilla/5.0 (Windows NT 10.0; Win64; x64)"
36.133.115.36 - - [06/Feb/2026:00:33:10 +0800] "POST /wp-cron.php?doing_wp_cron=1770309190.0552000999450683593750 HTTP/1.1" 200 31 "-" "WordPress/6.9; http://cqqizhou.com"
123.179.153.35 - - [06/Feb/2026:00:33:10 +0800] "GET /Ly9jcXFpemhvdS5jb20vd3AtY29udGVudC91cGxvYWRzLzIwMjYvMDEvMTc2ODI4MDI3MC1hbnF1YW5fU2xpZGVyXzM4NDDDlzIxNjBfMjAyNjAxMTQtc2NhbGVkLndlYnA= HTTP/1.1" 404 8949 "-" "Mozilla/5.0 (Windows NT 6.1) AppleWebKit/537.36 (KHTML, like Gecko) Chrome/77.0.3865.10"
47.114.89.255 - - [06/Feb/2026:00:34:21 +0800] "GET /Admin/Public/webuploader/server/preview.php HTTP/1.1" 404 47 "-" "Mozilla/5.0 (Windows NT 10.0; Win64; x64)"
47.114.89.255 - - [06/Feb/2026:00:34:21 +0800] "GET /Admin/Public/webuploader/server/fileupload.php HTTP/1.1" 404 47 "-" "Mozilla/5.0 (Windows NT 10.0; Win64; x64)"
36.133.115.36 - - [06/Feb/2026:00:36:19 +0800] "POST /wp-cron.php?doing_wp_cron=1770309379.4781260490417480468750 HTTP/1.1" 200 31 "-" "WordPress/6.9; http://cqqizhou.com"
198.211.104.159 - - [06/Feb/2026:00:36:19 +0800] "GET / HTTP/1.1" 301 5 "-" "Mozilla/5.0 (X11; Linux x86_64) AppleWebKit/537.36 (KHTML, like Gecko) Chrome/142.0.0.0 Safari/537.36"
47.95.198.251 - - [06/Feb/2026:00:53:50 +0800] "GET /lib/webuploader/0.1.5/server/preview.php HTTP/1.1" 404 47 "-" "Mozilla/5.0 (Windows NT 10.0; Win64; x64)"
47.95.198.251 - - [06/Feb/2026:00:53:50 +0800] "GET /lib/webuploader/0.1.5/server/fileupload.php HTTP/1.1" 404 47 "-" "Mozilla/5.0 (Windows NT 10.0; Win64; x64)"
36.133.115.36 - - [06/Feb/2026:01:01:55 +0800] "POST /wp-cron.php?doing_wp_cron=1770310915.2193560600280761718750 HTTP/1.1" 200 31 "-" "WordPress/6.9; http://cqqizhou.com"
204.76.203.219 - - [06/Feb/2026:01:01:55 +0800] "GET / HTTP/1.1" 200 34753 "-" "Mozilla/5.0 (Windows NT 10.0; Win64; x64) AppleWebKit/537.36 (KHTML, like Gecko) Chrome/90.0.4430.85 Safari/537.36 Edg/90.0.818.46"
36.133.115.36 - - [06/Feb/2026:01:18:41 +0800] "POST /wp-cron.php?doing_wp_cron=1770311921.6466600894927978515625 HTTP/1.1" 200 31 "-" "WordPress/6.9; http://cqqizhou.com"
204.76.203.69 - - [06/Feb/2026:01:18:42 +0800] "GET / HTTP/1.1" 200 157284 "-" "-"
36.133.108.119 - - [06/Feb/2026:01:24:59 +0800] "HEAD /demo/vendor/phpunit/phpunit/src/Util/PHP/eval-stdin.php HTTP/1.1" 404 0 "-" "Mozilla/5.0 (compatible; MSIE 8.0; Windows NT 5.1; Trident/4.0; SLCC1; .NET CLR 3.0.4506.2152; .NET CLR 3.5.30729; .NET CLR 1.1.4322)"
36.133.115.36 - - [06/Feb/2026:01:38:18 +0800] "POST /wp-cron.php?doing_wp_cron=1770313098.5882260799407958984375 HTTP/1.1" 200 31 "-" "WordPress/6.9; http://cqqizhou.com"
34.59.97.228 - - [06/Feb/2026:01:38:18 +0800] "HEAD /wp/ HTTP/1.1" 404 0 "-" "Mozilla/5.0 (Windows NT 11.0; Win64; x64) AppleWebKit/537.36 (KHTML, like Gecko) Chrome/128.0.6540.18 Safari/537.36"
34.59.97.228 - - [06/Feb/2026:01:38:19 +0800] "HEAD /new/ HTTP/1.1" 301 0 "-" "Mozilla/5.0 (Macintosh; Intel Mac OS X 13_5) AppleWebKit/605.1.15 (KHTML, like Gecko) Version/16.5 Safari/605.1.15"
34.59.97.228 - - [06/Feb/2026:01:38:19 +0800] "HEAD /news/ HTTP/1.1" 200 0 "http://cqqizhou.com/new/" "Mozilla/5.0 (Macintosh; Intel Mac OS X 13_5) AppleWebKit/605.1.15 (KHTML, like Gecko) Version/16.5 Safari/605.1.15"
36.133.115.36 - - [06/Feb/2026:01:38:20 +0800] "POST /wp-cron.php?doing_wp_cron=1770313100.6038239002227783203125 HTTP/1.1" 200 31 "-" "WordPress/6.9; http://cqqizhou.com"
34.59.97.228 - - [06/Feb/2026:01:38:20 +0800] "HEAD /old/ HTTP/1.1" 404 0 "-" "Mozilla/5.0 (Windows NT 10.0; Win64; x64) AppleWebKit/537.36 (KHTML, like Gecko) Chrome/126.0.6478.70 Safari/537.36 Vivaldi/6.7.3200.25"
34.59.97.228 - - [06/Feb/2026:01:38:21 +0800] "HEAD / HTTP/1.1" 200 0 "-" "Mozilla/5.0 (Linux; Android 13; Pixel 7a) AppleWebKit/537.36 (KHTML, like Gecko) Chrome/124.0.6367.82 Mobile Safari/537.36"
34.59.97.228 - - [06/Feb/2026:01:38:22 +0800] "HEAD /wordpress/ HTTP/1.1" 404 0 "-" "Mozilla/5.0 (iPhone; CPU iPhone OS 16_7 like Mac OS X) AppleWebKit/605.1.15 (KHTML, like Gecko) Version/16.7 Mobile/15E148 Safari/604.1"
34.59.97.228 - - [06/Feb/2026:01:38:23 +0800] "HEAD /blog/ HTTP/1.1" 404 0 "-" "Mozilla/5.0 (Linux; U; Android 10; en-US; CPH2015) AppleWebKit/537.36 (KHTML, like Gecko) UCBrowser/13.5.8.1311 Mobile Safari/537.36"
34.59.97.228 - - [06/Feb/2026:01:38:24 +0800] "HEAD /backup/ HTTP/1.1" 404 0 "-" "Mozilla/5.0 (Linux; Android 12; TECNO CK6n) AppleWebKit/537.36 (KHTML, like Gecko) Chrome/125.0.6422.50 Mobile Safari/537.36"
36.133.115.36 - - [06/Feb/2026:01:39:30 +0800] "POST /wp-cron.php?doing_wp_cron=1770313170.7570040225982666015625 HTTP/1.1" 200 31 "-" "WordPress/6.9; http://cqqizhou.com"
115.159.33.43 - - [06/Feb/2026:01:39:30 +0800] "GET / HTTP/1.1" 301 5 "-" "Mozilla/5.0 (Windows NT 10.0; Win64; x64) AppleWebKit/537.36 (KHTML, like Gecko) Chrome/79.0.3945.117 Safari/537.36"
36.133.115.36 - - [06/Feb/2026:01:48:14 +0800] "POST /wp-cron.php?doing_wp_cron=1770313694.2798800468444824218750 HTTP/1.1" 200 31 "-" "WordPress/6.9; http://cqqizhou.com"
150.109.119.38 - - [06/Feb/2026:01:48:14 +0800] "GET / HTTP/1.1" 301 5 "-" "Mozilla/5.0 (iPhone; CPU iPhone OS 13_2_3 like Mac OS X) AppleWebKit/605.1.15 (KHTML, like Gecko) Version/13.0.3 Mobile/15E148 Safari/604.1"
150.109.119.38 - - [06/Feb/2026:01:48:19 +0800] "GET / HTTP/1.1" 200 34753 "http://36.133.115.36" "Mozilla/5.0 (iPhone; CPU iPhone OS 13_2_3 like Mac OS X) AppleWebKit/605.1.15 (KHTML, like Gecko) Version/13.0.3 Mobile/15E148 Safari/604.1"
36.133.115.36 - - [06/Feb/2026:01:53:37 +0800] "POST /wp-cron.php?doing_wp_cron=1770314017.3809249401092529296875 HTTP/1.1" 200 31 "-" "WordPress/6.9; http://cqqizhou.com"
193.142.147.209 - - [06/Feb/2026:01:53:37 +0800] "POST / HTTP/1.1" 200 34753 "-" "Mozilla/5.0 (Windows NT 10.0; Win64; x64) AppleWebKit/537.36"
36.133.115.36 - - [06/Feb/2026:02:01:17 +0800] "POST /wp-cron.php?doing_wp_cron=1770314477.4855930805206298828125 HTTP/1.1" 200 31 "-" "WordPress/6.9; http://cqqizhou.com"
204.76.203.219 - - [06/Feb/2026:02:01:17 +0800] "GET / HTTP/1.1" 200 34753 "-" "Mozilla/5.0 (Windows NT 10.0; Win64; x64) AppleWebKit/537.36 (KHTML, like Gecko) Chrome/90.0.4430.85 Safari/537.36 Edg/90.0.818.46"
66.249.74.7 - - [06/Feb/2026:02:05:15 +0800] "GET /wp-content/uploads/2025/12/1766647832-Article_images_W900%C3%97500px20251225.webp HTTP/1.1" 200 44582 "-" "Googlebot-Image/1.0"
36.133.115.36 - - [06/Feb/2026:02:08:29 +0800] "POST /wp-cron.php?doing_wp_cron=1770314908.9669809341430664062500 HTTP/1.1" 200 31 "-" "WordPress/6.9; http://cqqizhou.com"
36.133.108.121 - - [06/Feb/2026:02:08:29 +0800] "HEAD /version HTTP/1.1" 404 0 "-" "Mozilla/5.0 (Windows; U; Windows NT 6.1; zh-HK) AppleWebKit/533.18.1 (KHTML, like Gecko) Version/5.0.2 Safari/533.18.5"
36.133.115.36 - - [06/Feb/2026:02:12:52 +0800] "POST /wp-cron.php?doing_wp_cron=1770315172.5088019371032714843750 HTTP/1.1" 200 31 "-" "WordPress/6.9; http://cqqizhou.com"
139.186.199.9 - - [06/Feb/2026:02:12:52 +0800] "GET / HTTP/1.1" 301 5 "-" "Mozilla/5.0 (Windows NT 10.0; Win64; x64) AppleWebKit/537.36 (KHTML, like Gecko) Chrome/133.0.0.0 Safari/537.36"
139.186.199.9 - - [06/Feb/2026:02:12:58 +0800] "GET / HTTP/1.1" 200 35185 "http://36.133.115.36/" "Mozilla/5.0 (Windows NT 10.0; Win64; x64) AppleWebKit/537.36 (KHTML, like Gecko) Chrome/133.0.0.0 Safari/537.36"
36.133.115.36 - - [06/Feb/2026:02:47:57 +0800] "POST /wp-cron.php?doing_wp_cron=1770317277.9530329704284667968750 HTTP/1.1" 200 31 "-" "WordPress/6.9; http://cqqizhou.com"
204.76.203.18 - - [06/Feb/2026:02:48:00 +0800] "GET / HTTP/1.1" 200 157284 "-" "-"
204.76.203.18 - - [06/Feb/2026:02:48:02 +0800] "GET / HTTP/1.1" 200 157284 "-" "-"
204.76.203.18 - - [06/Feb/2026:02:48:05 +0800] "GET / HTTP/1.1" 200 157284 "-" "-"
204.76.203.18 - - [06/Feb/2026:02:48:07 +0800] "GET / HTTP/1.1" 200 157284 "-" "-"
204.76.203.18 - - [06/Feb/2026:02:48:57 +0800] "GET / HTTP/1.1" 200 109837 "-" "-"
36.133.115.36 - - [06/Feb/2026:02:49:22 +0800] "POST /wp-cron.php?doing_wp_cron=1770317362.1282939910888671875000 HTTP/1.1" 200 31 "-" "WordPress/6.9; http://cqqizhou.com"
204.76.203.219 - - [06/Feb/2026:02:49:22 +0800] "GET / HTTP/1.1" 200 34753 "-" "Mozilla/5.0 (Windows NT 10.0; Win64; x64) AppleWebKit/537.36 (KHTML, like Gecko) Chrome/90.0.4430.85 Safari/537.36 Edg/90.0.818.46"
36.133.115.36 - - [06/Feb/2026:03:04:34 +0800] "POST /wp-cron.php?doing_wp_cron=1770318274.6262419223785400390625 HTTP/1.1" 200 31 "-" "WordPress/6.9; http://cqqizhou.com"
45.194.92.11 - - [06/Feb/2026:03:04:34 +0800] "GET /dispatch.asp HTTP/1.1" 301 5 "-" "Mozilla/5.0 (Windows NT 10.0; Win64; x64) AppleWebKit/537.36 (KHTML, like Gecko) Chrome/90.0.4430.85 Safari/537.36 Edg/90.0.818.46"
36.133.115.36 - - [06/Feb/2026:03:06:05 +0800] "POST /wp-cron.php?doing_wp_cron=1770318365.3721849918365478515625 HTTP/1.1" 200 31 "-" "WordPress/6.9; http://cqqizhou.com"
43.153.102.138 - - [06/Feb/2026:03:06:05 +0800] "GET / HTTP/1.1" 200 34753 "-" "Mozilla/5.0 (iPhone; CPU iPhone OS 13_2_3 like Mac OS X) AppleWebKit/605.1.15 (KHTML, like Gecko) Version/13.0.3 Mobile/15E148 Safari/604.1"
36.133.115.36 - - [06/Feb/2026:03:13:04 +0800] "POST /wp-cron.php?doing_wp_cron=1770318784.5023748874664306640625 HTTP/1.1" 200 31 "-" "WordPress/6.9; http://cqqizhou.com"
36.133.108.125 - - [06/Feb/2026:03:13:04 +0800] "HEAD /staticfiles/.env HTTP/1.1" 404 0 "-" "Mozilla/5.0 (Macintosh; U; Intel Mac OS X 10_6_6; fr-ch) AppleWebKit/533.19.4 (KHTML, like Gecko) Version/5.0.3 Safari/533.19.4"
36.133.115.36 - - [06/Feb/2026:03:14:56 +0800] "POST /wp-cron.php?doing_wp_cron=1770318895.9807069301605224609375 HTTP/1.1" 200 31 "-" "WordPress/6.9; http://cqqizhou.com"
93.174.93.12 - - [06/Feb/2026:03:14:56 +0800] "GET / HTTP/1.0" 301 0 "-" "Opera/9.80 (Android; Opera Mini/7.6.40234/151.113; U; en) Presto/2.12.423 Version/12.16"
36.133.115.36 - - [06/Feb/2026:03:19:29 +0800] "POST /wp-cron.php?doing_wp_cron=1770319169.3912899494171142578125 HTTP/1.1" 200 31 "-" "WordPress/6.9; http://cqqizhou.com"
193.142.147.209 - - [06/Feb/2026:03:19:29 +0800] "POST / HTTP/1.1" 200 34753 "-" "Mozilla/5.0 (Windows NT 10.0; Win64; x64) AppleWebKit/537.36"
66.249.74.8 - - [06/Feb/2026:03:20:15 +0800] "GET /wp-content/uploads/2026/01/1768527483-Article_images_W900%C3%97500px202601161.webp HTTP/1.1" 200 33780 "-" "Googlebot-Image/1.0"
115.60.164.38 - - [06/Feb/2026:03:22:28 +0800] "GET / HTTP/1.1" 200 158943 "-" "Mozilla/5.0 (Macintosh; Intel Mac OS X 10_15_7) AppleWebKit/537.36 (KHTML, like Gecko) Chrome/120.0.0.0 Safari/537.36 Edg/120.0.0.0"
36.133.115.36 - - [06/Feb/2026:03:23:11 +0800] "POST /wp-cron.php?doing_wp_cron=1770319391.6658649444580078125000 HTTP/1.1" 200 31 "-" "WordPress/6.9; http://cqqizhou.com"
27.219.58.86 - - [06/Feb/2026:03:23:11 +0800] "GET /robots.txt HTTP/1.1" 200 190 "-" "Mozilla/5.0 (Macintosh; Intel Mac OS X 10_7_0) AppleWebKit/535.11 (KHTML, like Gecko) Chrome/17.0.963.56 Safari/535.11"
112.85.198.241 - - [06/Feb/2026:03:23:13 +0800] "GET /sitemap.xml HTTP/1.1" 301 5 "-" "Mozilla/5.0 (Macintosh; Intel Mac OS X 10_7_0) AppleWebKit/535.11 (KHTML, like Gecko) Chrome/17.0.963.56 Safari/535.11"
112.85.198.241 - - [06/Feb/2026:03:23:14 +0800] "GET /wp-sitemap.xml HTTP/1.1" 501 253 "http://cqqizhou.com/sitemap.xml" "Mozilla/5.0 (Macintosh; Intel Mac OS X 10_7_0) AppleWebKit/535.11 (KHTML, like Gecko) Chrome/17.0.963.56 Safari/535.11"
115.44.180.109 - - [06/Feb/2026:03:23:16 +0800] "GET /config.json HTTP/1.1" 404 8951 "-" "Mozilla/5.0 (Macintosh; Intel Mac OS X 10_7_0) AppleWebKit/535.11 (KHTML, like Gecko) Chrome/17.0.963.56 Safari/535.11"
115.60.166.237 - - [06/Feb/2026:03:23:39 +0800] "GET /wp-content/plugins/*\x22,\x22/readme.txt HTTP/1.1" 404 8951 "-" "Mozilla/5.0 (X11; Linux x86_64) AppleWebKit/532.1 (KHTML, like Gecko) Chrome/51.0.884.0 Safari/532.1"
120.229.212.67 - - [06/Feb/2026:03:23:52 +0800] "GET /wp-content/plugins/revslider/readme.txt HTTP/1.1" 404 8951 "-" "Mozilla/5.0 (X11; Linux x86_64) AppleWebKit/532.1 (KHTML, like Gecko) Chrome/51.0.884.0 Safari/532.1"
183.197.44.155 - - [06/Feb/2026:03:24:07 +0800] "GET /wp-content/plugins/elementor/readme.txt HTTP/1.1" 200 10514 "-" "Mozilla/5.0 (X11; Linux x86_64) AppleWebKit/532.1 (KHTML, like Gecko) Chrome/51.0.884.0 Safari/532.1"
123.5.37.238 - - [06/Feb/2026:03:24:22 +0800] "GET /wp-content/plugins/elementor-pro/readme.txt HTTP/1.1" 200 337 "-" "Mozilla/5.0 (X11; Linux x86_64) AppleWebKit/532.1 (KHTML, like Gecko) Chrome/51.0.884.0 Safari/532.1"
42.85.4.234 - - [06/Feb/2026:03:24:35 +0800] "GET /wp-content/themes/qizhou/readme.txt HTTP/1.1" 200 1348 "-" "Mozilla/5.0 (X11; Linux x86_64) AppleWebKit/532.1 (KHTML, like Gecko) Chrome/51.0.884.0 Safari/532.1"
36.133.115.36 - - [06/Feb/2026:03:31:25 +0800] "POST /wp-cron.php?doing_wp_cron=1770319885.8620600700378417968750 HTTP/1.1" 200 31 "-" "WordPress/6.9; http://cqqizhou.com"
142.93.115.177 - - [06/Feb/2026:03:31:25 +0800] "POST /xmlrpc.php HTTP/1.1" 200 217 "-" "Mozilla/5.0 (Windows NT 10.0) AppleWebKit/537.43 (KHTML, like Gecko) Chrome/139.0.0.0 Safari/537.36 OPR/123.0.0.0"
36.133.115.36 - - [06/Feb/2026:03:34:52 +0800] "POST /wp-cron.php?doing_wp_cron=1770320092.7811241149902343750000 HTTP/1.1" 200 31 "-" "WordPress/6.9; http://cqqizhou.com"
38.46.221.123 - - [06/Feb/2026:03:34:52 +0800] "GET http://check.9tb.org/ HTTP/1.1" 301 5 "-" "Go-http-client/1.1"
38.46.221.123 - - [06/Feb/2026:03:34:53 +0800] "GET http://cqqizhou.com/ HTTP/1.1" 200 35185 "http://check.9tb.org" "Go-http-client/1.1"
36.133.115.36 - - [06/Feb/2026:03:38:26 +0800] "POST /wp-cron.php?doing_wp_cron=1770320306.0327949523925781250000 HTTP/1.1" 200 31 "-" "WordPress/6.9; http://cqqizhou.com"
121.29.51.28 - - [06/Feb/2026:03:38:26 +0800] "GET / HTTP/1.1" 200 34753 "-" "Mozilla/5.0 (Linux; U; Android 7.1.2; zh-cn; vivo X9L Build/N2G47H) AppleWebKit/537.36 (KHTML, like Gecko) Version/4.0 Chrome/57.0.2987.132 MQQBrowser/8.8 Mobile Safari/537.36"
121.29.51.28 - - [06/Feb/2026:03:39:16 +0800] "GET / HTTP/1.1" 200 35185 "-" "Mozilla/5.0 (Macintosh; Intel Mac OS X 10_11) AppleWebKit/601.1.27 (KHTML, like Gecko) Chrome/47.0.2526.106 Safari/601.1.27"
36.133.115.36 - - [06/Feb/2026:03:45:09 +0800] "POST /wp-cron.php?doing_wp_cron=1770320709.3855390548706054687500 HTTP/1.1" 200 31 "-" "WordPress/6.9; http://cqqizhou.com"
150.255.0.47 - - [06/Feb/2026:03:45:09 +0800] "GET /2231/ HTTP/1.1" 200 23472 "-" "Mozilla/5.0 (Windows Server 2012 R2 Standard; x64) AppleWebKit/537.36 (KHTML, like Gecko) Chrome/118.0.5975.80 Safari/537.36"
51.75.236.128 - - [06/Feb/2026:03:45:34 +0800] "GET /news/ HTTP/1.1" 304 0 "-" "Mozilla/5.0 (compatible; AhrefsBot/7.0; +http://ahrefs.com/robot/)"
66.249.74.8 - - [06/Feb/2026:03:58:45 +0800] "GET /wp-content/uploads/2026/01/1769513871-Article_images_W900%C3%97500px202601273.webp HTTP/1.1" 200 61532 "-" "Googlebot-Image/1.0"
120.230.230.210 - - [06/Feb/2026:04:04:50 +0800] "GET /contacts/ HTTP/1.1" 200 21561 "-" "Mozilla/5.0 (Windows NT 10.0; Win64; x64) AppleWebKit/537.36 (KHTML, like Gecko) Chrome/136.0.0.0 Safari/537.36"
123.161.143.30 - - [06/Feb/2026:04:05:00 +0800] "GET /contacts/ HTTP/1.1" 200 21561 "http://cqqizhou.com/contacts/" "Mozilla/5.0 (Windows NT 10.0; Win64; x64) AppleWebKit/537.36 (KHTML, like Gecko) Chrome/136.0.0.0 Safari/537.36"
129.150.36.137 - - [06/Feb/2026:04:25:49 +0800] "GET / HTTP/1.1" 200 35185 "-" "Mozilla/5.0 (X11; Linux x86_64) Gecko/20100101 Firefox/117.0"
129.150.36.137 - - [06/Feb/2026:04:25:49 +0800] "GET / HTTP/1.1" 200 35185 "-" "Go-http-client/1.1"
36.133.115.36 - - [06/Feb/2026:04:25:50 +0800] "POST /wp-cron.php?doing_wp_cron=1770323150.8633511066436767578125 HTTP/1.1" 200 31 "-" "WordPress/6.9; http://cqqizhou.com"
129.150.36.137 - - [06/Feb/2026:04:25:50 +0800] "GET /wp-login.php HTTP/1.1" 200 2854 "-" "Mozilla/5.0 (X11; Linux x86_64) Gecko/20100101 Firefox/117.0"
129.150.36.137 - - [06/Feb/2026:04:25:51 +0800] "GET /wp-admin/ HTTP/1.1" 302 5 "-" "Mozilla/5.0 (Macintosh; Intel Mac OS X 13_5_1) AppleWebKit/605.1.15 Safari/605.1.15"
129.150.36.137 - - [06/Feb/2026:04:25:52 +0800] "GET /wp-login.php?redirect_to=http%3A%2F%2Fcqqizhou.com%2Fwp-admin%2F&reauth=1 HTTP/1.1" 200 2854 "http://cqqizhou.com/wp-admin/" "Mozilla/5.0 (Macintosh; Intel Mac OS X 13_5_1) AppleWebKit/605.1.15 Safari/605.1.15"
129.150.36.137 - - [06/Feb/2026:04:25:53 +0800] "GET /administrator/ HTTP/1.1" 404 8951 "-" "Mozilla/5.0 (iPhone; CPU iPhone OS 17_4_1 like Mac OS X) AppleWebKit/605.1.15 Mobile/15E148"
129.150.36.137 - - [06/Feb/2026:04:25:54 +0800] "GET /user/login HTTP/1.1" 404 8952 "-" "Mozilla/5.0 (iPhone; CPU iPhone OS 17_4_1 like Mac OS X) AppleWebKit/605.1.15 Mobile/15E148"
129.150.36.137 - - [06/Feb/2026:04:25:54 +0800] "GET /admin HTTP/1.1" 302 5 "-" "Mozilla/5.0 (iPhone; CPU iPhone OS 17_4_1 like Mac OS X) AppleWebKit/605.1.15 Mobile/15E148"
129.150.36.137 - - [06/Feb/2026:04:25:55 +0800] "GET /wp-admin/ HTTP/1.1" 302 5 "http://cqqizhou.com/admin" "Mozilla/5.0 (iPhone; CPU iPhone OS 17_4_1 like Mac OS X) AppleWebKit/605.1.15 Mobile/15E148"
129.150.36.137 - - [06/Feb/2026:04:25:56 +0800] "GET /wp-login.php?redirect_to=http%3A%2F%2Fcqqizhou.com%2Fwp-admin%2F&reauth=1 HTTP/1.1" 200 2854 "http://cqqizhou.com/wp-admin/" "Mozilla/5.0 (iPhone; CPU iPhone OS 17_4_1 like Mac OS X) AppleWebKit/605.1.15 Mobile/15E148"
129.150.36.137 - - [06/Feb/2026:04:25:57 +0800] "GET /login HTTP/1.1" 302 5 "-" "Mozilla/5.0 (iPhone; CPU iPhone OS 17_4_1 like Mac OS X) AppleWebKit/605.1.15 Mobile/15E148"
129.150.36.137 - - [06/Feb/2026:04:25:57 +0800] "GET /wp-login.php HTTP/1.1" 200 2854 "http://cqqizhou.com/login" "Mozilla/5.0 (iPhone; CPU iPhone OS 17_4_1 like Mac OS X) AppleWebKit/605.1.15 Mobile/15E148"
129.150.36.137 - - [06/Feb/2026:04:25:58 +0800] "GET /register HTTP/1.1" 404 8951 "-" "Mozilla/5.0 (iPhone; CPU iPhone OS 17_4_1 like Mac OS X) AppleWebKit/605.1.15 Mobile/15E148"
129.150.36.137 - - [06/Feb/2026:04:25:59 +0800] "GET /admin HTTP/1.1" 302 5 "-" "Mozilla/5.0 (Windows NT 10.0; Win64; x64) AppleWebKit/537.36 Chrome/116.0 Safari/537.36"
129.150.36.137 - - [06/Feb/2026:04:26:00 +0800] "GET /wp-admin/ HTTP/1.1" 302 5 "http://cqqizhou.com/admin" "Mozilla/5.0 (Windows NT 10.0; Win64; x64) AppleWebKit/537.36 Chrome/116.0 Safari/537.36"
129.150.36.137 - - [06/Feb/2026:04:26:00 +0800] "GET /wp-login.php?redirect_to=http%3A%2F%2Fcqqizhou.com%2Fwp-admin%2F&reauth=1 HTTP/1.1" 200 2854 "http://cqqizhou.com/wp-admin/" "Mozilla/5.0 (Windows NT 10.0; Win64; x64) AppleWebKit/537.36 Chrome/116.0 Safari/537.36"
129.150.36.137 - - [06/Feb/2026:04:26:01 +0800] "GET /login HTTP/1.1" 302 5 "-" "Mozilla/5.0 (Windows NT 10.0; Win64; x64) AppleWebKit/537.36 Chrome/116.0 Safari/537.36"
129.150.36.137 - - [06/Feb/2026:04:26:02 +0800] "GET /wp-login.php HTTP/1.1" 200 2854 "http://cqqizhou.com/login" "Mozilla/5.0 (Windows NT 10.0; Win64; x64) AppleWebKit/537.36 Chrome/116.0 Safari/537.36"
148.222.186.61 - - [06/Feb/2026:04:27:41 +0800] "GET /bug/ HTTP/1.1" 200 12866 "http://cqqizhou.com/" "Mozilla/5.0 (Windows NT 10.0; Win64; x64) AppleWebKit/537.36 (KHTML, like Gecko) Chrome/114.0.0.0 Safari/537.36"
36.133.115.36 - - [06/Feb/2026:04:27:43 +0800] "POST /wp-cron.php?doing_wp_cron=1770323263.3066051006317138671875 HTTP/1.1" 200 31 "-" "WordPress/6.9; http://cqqizhou.com"
148.222.186.61 - - [06/Feb/2026:04:27:43 +0800] "GET /wp-admin/admin-ajax.php HTTP/1.1" 400 11 "http://cqqizhou.com/bug/" "Mozilla/5.0 (Windows NT 6.3; Win64; x64) AppleWebKit/537.36 (KHTML, like Gecko) Chrome/103.0.0.0 Safari/537.36"
148.222.186.61 - - [06/Feb/2026:04:27:44 +0800] "GET /wp-admin/admin-ajax.php?action=register HTTP/1.1" 400 11 "http://cqqizhou.com/wp-admin/admin-ajax.php" "Mozilla/5.0 (Windows NT 6.3; Win64; x64) AppleWebKit/537.36 (KHTML, like Gecko) Chrome/103.0.0.0 Safari/537.36"
36.133.115.36 - - [06/Feb/2026:04:38:29 +0800] "POST /wp-cron.php?doing_wp_cron=1770323909.6480579376220703125000 HTTP/1.1" 200 31 "-" "WordPress/6.9; http://cqqizhou.com"
160.30.172.107 - - [06/Feb/2026:04:38:29 +0800] "POST /hello.world?%ADd+allow_url_include%3d1+%ADd+auto_prepend_file%3dphp://input HTTP/1.1" 404 31367 "-" "libredtail-http"
160.30.172.107 - - [06/Feb/2026:04:38:31 +0800] "POST /?%ADd+allow_url_include%3d1+%ADd+auto_prepend_file%3dphp://input HTTP/1.1" 200 157284 "-" "libredtail-http"
160.30.172.107 - - [06/Feb/2026:04:38:31 +0800] "GET /vendor/phpunit/phpunit/src/Util/PHP/eval-stdin.php HTTP/1.1" 404 27 "-" "libredtail-http"
160.30.172.107 - - [06/Feb/2026:04:38:31 +0800] "GET /vendor/phpunit/phpunit/Util/PHP/eval-stdin.php HTTP/1.1" 404 27 "-" "libredtail-http"
160.30.172.107 - - [06/Feb/2026:04:38:31 +0800] "GET /vendor/phpunit/src/Util/PHP/eval-stdin.php HTTP/1.1" 404 27 "-" "libredtail-http"
160.30.172.107 - - [06/Feb/2026:04:38:31 +0800] "GET /vendor/phpunit/Util/PHP/eval-stdin.php HTTP/1.1" 404 27 "-" "libredtail-http"
160.30.172.107 - - [06/Feb/2026:04:38:32 +0800] "GET /vendor/phpunit/phpunit/LICENSE/eval-stdin.php HTTP/1.1" 404 27 "-" "libredtail-http"
160.30.172.107 - - [06/Feb/2026:04:38:32 +0800] "GET /vendor/vendor/phpunit/phpunit/src/Util/PHP/eval-stdin.php HTTP/1.1" 404 27 "-" "libredtail-http"
160.30.172.107 - - [06/Feb/2026:04:38:32 +0800] "GET /phpunit/phpunit/src/Util/PHP/eval-stdin.php HTTP/1.1" 404 27 "-" "libredtail-http"
160.30.172.107 - - [06/Feb/2026:04:38:32 +0800] "GET /phpunit/phpunit/Util/PHP/eval-stdin.php HTTP/1.1" 404 27 "-" "libredtail-http"
160.30.172.107 - - [06/Feb/2026:04:38:32 +0800] "GET /phpunit/src/Util/PHP/eval-stdin.php HTTP/1.1" 404 27 "-" "libredtail-http"
160.30.172.107 - - [06/Feb/2026:04:38:32 +0800] "GET /phpunit/Util/PHP/eval-stdin.php HTTP/1.1" 404 27 "-" "libredtail-http"
160.30.172.107 - - [06/Feb/2026:04:38:32 +0800] "GET /lib/phpunit/phpunit/src/Util/PHP/eval-stdin.php HTTP/1.1" 404 27 "-" "libredtail-http"
160.30.172.107 - - [06/Feb/2026:04:38:33 +0800] "GET /lib/phpunit/phpunit/Util/PHP/eval-stdin.php HTTP/1.1" 404 27 "-" "libredtail-http"
160.30.172.107 - - [06/Feb/2026:04:38:33 +0800] "GET /lib/phpunit/src/Util/PHP/eval-stdin.php HTTP/1.1" 404 27 "-" "libredtail-http"
160.30.172.107 - - [06/Feb/2026:04:38:33 +0800] "GET /lib/phpunit/Util/PHP/eval-stdin.php HTTP/1.1" 404 27 "-" "libredtail-http"
160.30.172.107 - - [06/Feb/2026:04:38:33 +0800] "GET /lib/vendor/phpunit/phpunit/src/Util/PHP/eval-stdin.php HTTP/1.1" 404 27 "-" "libredtail-http"
160.30.172.107 - - [06/Feb/2026:04:38:33 +0800] "GET /laravel/vendor/phpunit/phpunit/src/Util/PHP/eval-stdin.php HTTP/1.1" 404 27 "-" "libredtail-http"
160.30.172.107 - - [06/Feb/2026:04:38:33 +0800] "GET /www/vendor/phpunit/phpunit/src/Util/PHP/eval-stdin.php HTTP/1.1" 404 27 "-" "libredtail-http"
160.30.172.107 - - [06/Feb/2026:04:38:34 +0800] "GET /ws/vendor/phpunit/phpunit/src/Util/PHP/eval-stdin.php HTTP/1.1" 404 27 "-" "libredtail-http"
160.30.172.107 - - [06/Feb/2026:04:38:34 +0800] "GET /yii/vendor/phpunit/phpunit/src/Util/PHP/eval-stdin.php HTTP/1.1" 404 27 "-" "libredtail-http"
160.30.172.107 - - [06/Feb/2026:04:38:34 +0800] "GET /zend/vendor/phpunit/phpunit/src/Util/PHP/eval-stdin.php HTTP/1.1" 404 27 "-" "libredtail-http"
160.30.172.107 - - [06/Feb/2026:04:38:34 +0800] "GET /ws/ec/vendor/phpunit/phpunit/src/Util/PHP/eval-stdin.php HTTP/1.1" 404 27 "-" "libredtail-http"
160.30.172.107 - - [06/Feb/2026:04:38:34 +0800] "GET /V2/vendor/phpunit/phpunit/src/Util/PHP/eval-stdin.php HTTP/1.1" 404 27 "-" "libredtail-http"
160.30.172.107 - - [06/Feb/2026:04:38:34 +0800] "GET /tests/vendor/phpunit/phpunit/src/Util/PHP/eval-stdin.php HTTP/1.1" 404 27 "-" "libredtail-http"
160.30.172.107 - - [06/Feb/2026:04:38:34 +0800] "GET /test/vendor/phpunit/phpunit/src/Util/PHP/eval-stdin.php HTTP/1.1" 404 27 "-" "libredtail-http"
160.30.172.107 - - [06/Feb/2026:04:38:35 +0800] "GET /testing/vendor/phpunit/phpunit/src/Util/PHP/eval-stdin.php HTTP/1.1" 404 27 "-" "libredtail-http"
160.30.172.107 - - [06/Feb/2026:04:38:35 +0800] "GET /api/vendor/phpunit/phpunit/src/Util/PHP/eval-stdin.php HTTP/1.1" 404 27 "-" "libredtail-http"
160.30.172.107 - - [06/Feb/2026:04:38:35 +0800] "GET /demo/vendor/phpunit/phpunit/src/Util/PHP/eval-stdin.php HTTP/1.1" 404 27 "-" "libredtail-http"
160.30.172.107 - - [06/Feb/2026:04:38:35 +0800] "GET /cms/vendor/phpunit/phpunit/src/Util/PHP/eval-stdin.php HTTP/1.1" 404 27 "-" "libredtail-http"
160.30.172.107 - - [06/Feb/2026:04:38:35 +0800] "GET /crm/vendor/phpunit/phpunit/src/Util/PHP/eval-stdin.php HTTP/1.1" 404 27 "-" "libredtail-http"
160.30.172.107 - - [06/Feb/2026:04:38:35 +0800] "GET /admin/vendor/phpunit/phpunit/src/Util/PHP/eval-stdin.php HTTP/1.1" 404 27 "-" "libredtail-http"
160.30.172.107 - - [06/Feb/2026:04:38:35 +0800] "GET /backup/vendor/phpunit/phpunit/src/Util/PHP/eval-stdin.php HTTP/1.1" 404 27 "-" "libredtail-http"
160.30.172.107 - - [06/Feb/2026:04:38:36 +0800] "GET /blog/vendor/phpunit/phpunit/src/Util/PHP/eval-stdin.php HTTP/1.1" 404 27 "-" "libredtail-http"
160.30.172.107 - - [06/Feb/2026:04:38:36 +0800] "GET /workspace/drupal/vendor/phpunit/phpunit/src/Util/PHP/eval-stdin.php HTTP/1.1" 404 27 "-" "libredtail-http"
160.30.172.107 - - [06/Feb/2026:04:38:36 +0800] "GET /panel/vendor/phpunit/phpunit/src/Util/PHP/eval-stdin.php HTTP/1.1" 404 27 "-" "libredtail-http"
160.30.172.107 - - [06/Feb/2026:04:38:36 +0800] "GET /public/vendor/phpunit/phpunit/src/Util/PHP/eval-stdin.php HTTP/1.1" 404 27 "-" "libredtail-http"
160.30.172.107 - - [06/Feb/2026:04:38:36 +0800] "GET /apps/vendor/phpunit/phpunit/src/Util/PHP/eval-stdin.php HTTP/1.1" 404 27 "-" "libredtail-http"
160.30.172.107 - - [06/Feb/2026:04:38:36 +0800] "GET /app/vendor/phpunit/phpunit/src/Util/PHP/eval-stdin.php HTTP/1.1" 404 27 "-" "libredtail-http"
160.30.172.107 - - [06/Feb/2026:04:38:37 +0800] "GET /index.php?s=/index/\x5Cthink\x5Capp/invokefunction&function=call_user_func_array&vars[0]=md5&vars[1][]=Hello HTTP/1.1" 200 65446 "-" "libredtail-http"
160.30.172.107 - - [06/Feb/2026:04:38:37 +0800] "GET /public/index.php?s=/index/\x5Cthink\x5Capp/invokefunction&function=call_user_func_array&vars[0]=md5&vars[1][]=Hello HTTP/1.1" 404 27 "-" "libredtail-http"
160.30.172.107 - - [06/Feb/2026:04:38:39 +0800] "GET /index.php?lang=../../../../../../../../usr/local/lib/php/pearcmd&+config-create+/&/<?echo(md5(\x22hi\x22));?>+/tmp/index1.php HTTP/1.1" 200 157284 "-" "libredtail-http"
160.30.172.107 - - [06/Feb/2026:04:38:40 +0800] "GET /index.php?lang=../../../../../../../../tmp/index1 HTTP/1.1" 200 157284 "-" "libredtail-http"
160.30.172.107 - - [06/Feb/2026:04:38:41 +0800] "GET /containers/json HTTP/1.1" 301 5 "-" "libredtail-http"
160.30.172.107 - - [06/Feb/2026:04:38:43 +0800] "GET /containers/json HTTP/1.1" 301 5 "-" "libredtail-http"
36.133.115.36 - - [06/Feb/2026:04:39:57 +0800] "POST /wp-cron.php?doing_wp_cron=1770323997.0403959751129150390625 HTTP/1.1" 200 31 "-" "WordPress/6.9; http://cqqizhou.com"
36.133.108.125 - - [06/Feb/2026:04:39:57 +0800] "HEAD /repos/.env HTTP/1.1" 404 0 "-" "Mozilla/5.0 (Windows; U; Windows NT 6.1; ja-JP) AppleWebKit/533.20.25 (KHTML, like Gecko) Version/5.0.3 Safari/533.19.4"
36.133.115.36 - - [06/Feb/2026:04:46:11 +0800] "POST /wp-cron.php?doing_wp_cron=1770324371.8420629501342773437500 HTTP/1.1" 200 31 "-" "WordPress/6.9; http://cqqizhou.com"
193.142.147.209 - - [06/Feb/2026:04:46:12 +0800] "POST / HTTP/1.1" 200 34753 "-" "Mozilla/5.0 (Windows NT 10.0; Win64; x64) AppleWebKit/537.36"
36.133.115.36 - - [06/Feb/2026:05:09:18 +0800] "POST /wp-cron.php?doing_wp_cron=1770325758.5201580524444580078125 HTTP/1.1" 200 31 "-" "WordPress/6.9; http://cqqizhou.com"
176.65.148.201 - - [06/Feb/2026:05:09:18 +0800] "GET / HTTP/1.1" 200 34753 "-" "Linux Gnu (cow)"
36.133.115.36 - - [06/Feb/2026:05:10:30 +0800] "POST /wp-cron.php?doing_wp_cron=1770325830.0569190979003906250000 HTTP/1.1" 200 31 "-" "WordPress/6.9; http://cqqizhou.com"
185.191.171.7 - - [06/Feb/2026:05:10:30 +0800] "GET /portfolio/remaining-rolls/ HTTP/1.1" 404 8949 "-" "Mozilla/5.0 (compatible; SemrushBot/7~bl; +http://www.semrush.com/bot.html)"
36.133.115.36 - - [06/Feb/2026:05:13:54 +0800] "POST /wp-cron.php?doing_wp_cron=1770326034.2787630558013916015625 HTTP/1.1" 200 31 "-" "WordPress/6.9; http://cqqizhou.com"
204.76.203.18 - - [06/Feb/2026:05:13:54 +0800] "GET /bins/ HTTP/1.1" 301 5 "-" "-"
36.133.108.125 - - [06/Feb/2026:05:25:45 +0800] "HEAD /crm/vendor/phpunit/phpunit/src/Util/PHP/eval-stdin.php HTTP/1.1" 404 0 "-" "Mozilla/4.0 (compatible; MSIE 8.0; Windows NT 6.1; WOW64; Trident/4.0; SLCC2; Media Center PC 6.0; InfoPath.2; MS-RTC LM 8"
27.150.226.118 - - [06/Feb/2026:05:26:42 +0800] "GET /contacts/ HTTP/1.1" 200 21561 "-" "Mozilla/5.0 (Windows NT 10.0; Win64; x64) AppleWebKit/537.36 (KHTML, like Gecko) Chrome/136.0.0.0 Safari/537.36"
36.133.115.36 - - [06/Feb/2026:05:32:37 +0800] "POST /wp-cron.php?doing_wp_cron=1770327157.0760838985443115234375 HTTP/1.1" 200 31 "-" "WordPress/6.9; http://cqqizhou.com"
36.133.108.119 - - [06/Feb/2026:05:32:37 +0800] "HEAD /icon/.env HTTP/1.1" 404 0 "-" "Mozilla/5.0 (Windows NT 6.1) AppleWebKit/537.36 (KHTML, like Gecko) Chrome/27.0.1453.90 Safari/537.36"
36.133.115.36 - - [06/Feb/2026:05:36:39 +0800] "POST /wp-cron.php?doing_wp_cron=1770327399.3516380786895751953125 HTTP/1.1" 200 31 "-" "WordPress/6.9; http://cqqizhou.com"
170.106.181.163 - - [06/Feb/2026:05:36:39 +0800] "GET / HTTP/1.1" 200 34753 "-" "Mozilla/5.0 (iPhone; CPU iPhone OS 13_2_3 like Mac OS X) AppleWebKit/605.1.15 (KHTML, like Gecko) Version/13.0.3 Mobile/15E148 Safari/604.1"
36.133.115.36 - - [06/Feb/2026:05:38:10 +0800] "POST /wp-cron.php?doing_wp_cron=1770327490.7394421100616455078125 HTTP/1.1" 200 31 "-" "WordPress/6.9; http://cqqizhou.com"
89.42.231.200 - - [06/Feb/2026:05:38:10 +0800] "GET /SDK/webLanguage HTTP/1.1" 301 5 "-" "Mozilla/5.0 (Windows NT 10.0; Win64; x64) AppleWebKit/537.36 (KHTML, like Gecko) Chrome/90.0.4430.85 Safari/537.36 Edg/90.0.818.46"
111.225.149.117 - - [06/Feb/2026:05:42:38 +0800] "GET /wp-content/uploads/revslider/slider-1/1750861156-logistics_Slider_3840%C3%972160_20250625191356-scaled.webp HTTP/1.1" 200 197360 "-" "Mozilla/5.0 (Macintosh; Intel Mac OS X 10_15_7) AppleWebKit/537.36 (KHTML, like Gecko) Chrome/108.0.0.0 Safari/537.36"
111.225.149.6 - - [06/Feb/2026:05:42:38 +0800] "GET /wp-content/uploads/revslider/slider-1/1750861156-logistics_Slider_3840%C3%972160_20250625191356-scaled.webp HTTP/1.1" 200 197360 "-" "Mozilla/5.0 (Linux; Android 5.0) AppleWebKit/537.36 (KHTML, like Gecko) Mobile Safari/537.36 (compatible; Bytespider; https://zhanzhang.toutiao.com/)"
110.249.201.29 - - [06/Feb/2026:05:42:38 +0800] "GET /wp-content/uploads/revslider/slider-1/1750861156-logistics_Slider_3840%C3%972160_20250625191356-scaled.webp HTTP/1.1" 200 197360 "-" "Mozilla/5.0 (Macintosh; Intel Mac OS X 10_15_7) AppleWebKit/537.36 (KHTML, like Gecko) Chrome/108.0.0.0 Safari/537.36"
110.249.201.176 - - [06/Feb/2026:05:42:38 +0800] "GET /wp-content/uploads/revslider/slider-1/1750861156-logistics_Slider_3840%C3%972160_20250625191356-scaled.webp HTTP/1.1" 200 197360 "-" "Mozilla/5.0 (Linux; Android 5.0) AppleWebKit/537.36 (KHTML, like Gecko) Mobile Safari/537.36 (compatible; Bytespider; https://zhanzhang.toutiao.com/)"
128.241.76.61 - - [06/Feb/2026:05:42:40 +0800] "GET /wp-content/uploads/revslider/slider-1/1750861156-logistics_Slider_3840%C3%972160_20250625191356-scaled.webp HTTP/1.1" 200 197360 "-" "Mozilla/5.0 (iPhone; CPU iPhone OS 13_2_3 like Mac OS X) AppleWebKit/605.1.15 (KHTML, like Gecko) Version/13.0.3 Mobile/15E148 Safari/604.1"
119.134.166.213 - - [06/Feb/2026:05:42:41 +0800] "GET /wp-content/uploads/revslider/slider-1/1750861156-logistics_Slider_3840%C3%972160_20250625191356-scaled.webp HTTP/1.1" 200 197360 "-" "Mozilla/5.0 (iPhone; CPU iPhone OS 13_2_3 like Mac OS X) AppleWebKit/605.1.15 (KHTML, like Gecko) Version/13.0.3 Mobile/15E148 Safari/604.1"
111.25.25.175 - - [06/Feb/2026:05:42:41 +0800] "GET /wp-content/uploads/revslider/slider-1/1750861156-logistics_Slider_3840%C3%972160_20250625191356-scaled.webp HTTP/1.1" 200 197360 "-" "Mozilla/5.0 (iPhone; CPU iPhone OS 13_2_3 like Mac OS X) AppleWebKit/605.1.15 (KHTML, like Gecko) Version/13.0.3 Mobile/15E148 Safari/604.1"
128.241.127.39 - - [06/Feb/2026:05:42:59 +0800] "GET /wp-content/uploads/revslider/slider-1/1750861156-logistics_Slider_3840%C3%972160_20250625191356-scaled.webp HTTP/1.1" 200 197360 "-" "Mozilla/5.0 (iPhone; CPU iPhone OS 13_2_3 like Mac OS X) AppleWebKit/605.1.15 (KHTML, like Gecko) Version/13.0.3 Mobile/15E148 Safari/604.1"
193.192.53.189 - - [06/Feb/2026:05:42:59 +0800] "GET /wp-content/uploads/revslider/slider-1/1750861156-logistics_Slider_3840%C3%972160_20250625191356-scaled.webp HTTP/1.1" 200 197360 "-" "Mozilla/5.0 (iPhone; CPU iPhone OS 13_2_3 like Mac OS X) AppleWebKit/605.1.15 (KHTML, like Gecko) Version/13.0.3 Mobile/15E148 Safari/604.1"
91.238.148.163 - - [06/Feb/2026:05:43:02 +0800] "GET /wp-content/uploads/revslider/slider-1/1750861156-logistics_Slider_3840%C3%972160_20250625191356-scaled.webp HTTP/1.1" 200 197360 "-" "Mozilla/5.0 (iPhone; CPU iPhone OS 13_2_3 like Mac OS X) AppleWebKit/605.1.15 (KHTML, like Gecko) Version/13.0.3 Mobile/15E148 Safari/604.1"
36.133.115.36 - - [06/Feb/2026:05:45:26 +0800] "POST /wp-cron.php?doing_wp_cron=1770327926.2016699314117431640625 HTTP/1.1" 200 31 "-" "WordPress/6.9; http://cqqizhou.com"
49.232.172.235 - - [06/Feb/2026:05:45:26 +0800] "GET / HTTP/1.1" 301 5 "-" "Go-http-client/1.1"
49.232.172.235 - - [06/Feb/2026:05:45:26 +0800] "GET / HTTP/1.1" 200 35185 "http://36.133.115.36" "Go-http-client/1.1"
36.133.115.36 - - [06/Feb/2026:05:50:53 +0800] "POST /wp-cron.php?doing_wp_cron=1770328253.7779140472412109375000 HTTP/1.1" 200 31 "-" "WordPress/6.9; http://cqqizhou.com"
204.76.203.219 - - [06/Feb/2026:05:50:53 +0800] "GET / HTTP/1.1" 200 34753 "-" "Mozilla/5.0 (Windows NT 10.0; Win64; x64) AppleWebKit/537.36 (KHTML, like Gecko) Chrome/90.0.4430.85 Safari/537.36 Edg/90.0.818.46"
40.77.167.48 - - [06/Feb/2026:06:04:48 +0800] "GET /about/ HTTP/1.1" 200 30024 "-" "Mozilla/5.0 AppleWebKit/537.36 (KHTML, like Gecko; compatible; bingbot/2.0; +http://www.bing.com/bingbot.htm) Chrome/116.0.1938.76 Safari/537.36"
36.133.115.36 - - [06/Feb/2026:06:06:01 +0800] "POST /wp-cron.php?doing_wp_cron=1770329161.9418990612030029296875 HTTP/1.1" 200 31 "-" "WordPress/6.9; http://cqqizhou.com"
87.236.176.31 - - [06/Feb/2026:06:06:01 +0800] "GET / HTTP/1.1" 301 5 "-" "Mozilla/5.0 (compatible; InternetMeasurement/1.0; +https://internet-measurement.com/)"
87.236.176.31 - - [06/Feb/2026:06:06:02 +0800] "GET / HTTP/1.1" 200 35185 "http://36.133.115.36" "Mozilla/5.0 (compatible; InternetMeasurement/1.0; +https://internet-measurement.com/)"
165.22.58.37 - - [06/Feb/2026:06:08:16 +0800] "GET / HTTP/1.1" 200 158943 "-" "Mozilla/5.0 (Windows NT 10.0; Win64; x64) AppleWebKit/537.36 (KHTML, like Gecko) Chrome/95.0.4638.69 Safari/537.36"
165.22.58.37 - - [06/Feb/2026:06:08:16 +0800] "GET /wp-includes/ID3/license.txt HTTP/1.1" 200 1396 "-" "Mozilla/5.0 (Windows NT 10.0; Win64; x64) AppleWebKit/537.36 (KHTML, like Gecko) Chrome/95.0.4638.69 Safari/537.36"
36.133.115.36 - - [06/Feb/2026:06:08:17 +0800] "POST /wp-cron.php?doing_wp_cron=1770329297.8091380596160888671875 HTTP/1.1" 200 31 "-" "WordPress/6.9; http://cqqizhou.com"
165.22.58.37 - - [06/Feb/2026:06:08:17 +0800] "GET /feed/ HTTP/1.1" 200 59591 "-" "Mozilla/5.0 (Windows NT 10.0; Win64; x64) AppleWebKit/537.36 (KHTML, like Gecko) Chrome/95.0.4638.69 Safari/537.36"
165.22.58.37 - - [06/Feb/2026:06:08:18 +0800] "GET /xmlrpc.php?rsd HTTP/1.1" 200 700 "-" "Mozilla/5.0 (Windows NT 10.0; Win64; x64) AppleWebKit/537.36 (KHTML, like Gecko) Chrome/95.0.4638.69 Safari/537.36"
165.22.58.37 - - [06/Feb/2026:06:08:19 +0800] "GET /?author=1 HTTP/1.1" 301 5 "-" "Mozilla/5.0 (Windows NT 10.0; Win64; x64) AppleWebKit/537.36 (KHTML, like Gecko) Chrome/95.0.4638.69 Safari/537.36"
165.22.58.37 - - [06/Feb/2026:06:08:20 +0800] "GET /?author=2 HTTP/1.1" 404 31367 "-" "Mozilla/5.0 (Windows NT 10.0; Win64; x64) AppleWebKit/537.36 (KHTML, like Gecko) Chrome/95.0.4638.69 Safari/537.36"
165.22.58.37 - - [06/Feb/2026:06:08:21 +0800] "GET /wp-json/wp/v2/users/ HTTP/1.1" 200 498 "-" "Mozilla/5.0 (Windows NT 10.0; Win64; x64) AppleWebKit/537.36 (KHTML, like Gecko) Chrome/95.0.4638.69 Safari/537.36"
165.22.58.37 - - [06/Feb/2026:06:08:22 +0800] "POST /xmlrpc.php HTTP/1.1" 200 415 "-" "Mozilla/5.0 (Windows NT 10.0; Win64; x64) AppleWebKit/537.36 (KHTML, like Gecko) Chrome/95.0.4638.69 Safari/537.36"
165.22.58.37 - - [06/Feb/2026:06:08:22 +0800] "POST /xmlrpc.php HTTP/1.1" 200 415 "-" "Mozilla/5.0 (Windows NT 10.0; Win64; x64) AppleWebKit/537.36 (KHTML, like Gecko) Chrome/95.0.4638.69 Safari/537.36"
165.22.58.37 - - [06/Feb/2026:06:08:23 +0800] "POST /xmlrpc.php HTTP/1.1" 200 415 "-" "Mozilla/5.0 (Windows NT 10.0; Win64; x64) AppleWebKit/537.36 (KHTML, like Gecko) Chrome/95.0.4638.69 Safari/537.36"
165.22.58.37 - - [06/Feb/2026:06:08:24 +0800] "POST /xmlrpc.php HTTP/1.1" 200 415 "-" "Mozilla/5.0 (Windows NT 10.0; Win64; x64) AppleWebKit/537.36 (KHTML, like Gecko) Chrome/95.0.4638.69 Safari/537.36"
165.22.58.37 - - [06/Feb/2026:06:08:25 +0800] "POST /xmlrpc.php HTTP/1.1" 200 415 "-" "Mozilla/5.0 (Windows NT 10.0; Win64; x64) AppleWebKit/537.36 (KHTML, like Gecko) Chrome/95.0.4638.69 Safari/537.36"
165.22.58.37 - - [06/Feb/2026:06:08:25 +0800] "POST /xmlrpc.php HTTP/1.1" 200 415 "-" "Mozilla/5.0 (Windows NT 10.0; Win64; x64) AppleWebKit/537.36 (KHTML, like Gecko) Chrome/95.0.4638.69 Safari/537.36"
165.22.58.37 - - [06/Feb/2026:06:08:26 +0800] "POST /xmlrpc.php HTTP/1.1" 200 415 "-" "Mozilla/5.0 (Windows NT 10.0; Win64; x64) AppleWebKit/537.36 (KHTML, like Gecko) Chrome/95.0.4638.69 Safari/537.36"
165.22.58.37 - - [06/Feb/2026:06:08:27 +0800] "POST /xmlrpc.php HTTP/1.1" 200 415 "-" "Mozilla/5.0 (Windows NT 10.0; Win64; x64) AppleWebKit/537.36 (KHTML, like Gecko) Chrome/95.0.4638.69 Safari/537.36"
165.22.58.37 - - [06/Feb/2026:06:08:28 +0800] "POST /xmlrpc.php HTTP/1.1" 200 415 "-" "Mozilla/5.0 (Windows NT 10.0; Win64; x64) AppleWebKit/537.36 (KHTML, like Gecko) Chrome/95.0.4638.69 Safari/537.36"
165.22.58.37 - - [06/Feb/2026:06:08:28 +0800] "POST /xmlrpc.php HTTP/1.1" 200 415 "-" "Mozilla/5.0 (Windows NT 10.0; Win64; x64) AppleWebKit/537.36 (KHTML, like Gecko) Chrome/95.0.4638.69 Safari/537.36"
165.22.58.37 - - [06/Feb/2026:06:08:29 +0800] "POST /xmlrpc.php HTTP/1.1" 200 415 "-" "Mozilla/5.0 (Windows NT 10.0; Win64; x64) AppleWebKit/537.36 (KHTML, like Gecko) Chrome/95.0.4638.69 Safari/537.36"
165.22.58.37 - - [06/Feb/2026:06:08:30 +0800] "POST /xmlrpc.php HTTP/1.1" 200 415 "-" "Mozilla/5.0 (Windows NT 10.0; Win64; x64) AppleWebKit/537.36 (KHTML, like Gecko) Chrome/95.0.4638.69 Safari/537.36"
165.22.58.37 - - [06/Feb/2026:06:08:31 +0800] "POST /xmlrpc.php HTTP/1.1" 200 415 "-" "Mozilla/5.0 (Windows NT 10.0; Win64; x64) AppleWebKit/537.36 (KHTML, like Gecko) Chrome/95.0.4638.69 Safari/537.36"
165.22.58.37 - - [06/Feb/2026:06:08:31 +0800] "POST /xmlrpc.php HTTP/1.1" 200 415 "-" "Mozilla/5.0 (Windows NT 10.0; Win64; x64) AppleWebKit/537.36 (KHTML, like Gecko) Chrome/95.0.4638.69 Safari/537.36"
165.22.58.37 - - [06/Feb/2026:06:08:32 +0800] "POST /xmlrpc.php HTTP/1.1" 200 415 "-" "Mozilla/5.0 (Windows NT 10.0; Win64; x64) AppleWebKit/537.36 (KHTML, like Gecko) Chrome/95.0.4638.69 Safari/537.36"
165.22.58.37 - - [06/Feb/2026:06:08:33 +0800] "POST /xmlrpc.php HTTP/1.1" 200 415 "-" "Mozilla/5.0 (Windows NT 10.0; Win64; x64) AppleWebKit/537.36 (KHTML, like Gecko) Chrome/95.0.4638.69 Safari/537.36"
165.22.58.37 - - [06/Feb/2026:06:08:33 +0800] "POST /xmlrpc.php HTTP/1.1" 200 415 "-" "Mozilla/5.0 (Windows NT 10.0; Win64; x64) AppleWebKit/537.36 (KHTML, like Gecko) Chrome/95.0.4638.69 Safari/537.36"
165.22.58.37 - - [06/Feb/2026:06:08:34 +0800] "POST /xmlrpc.php HTTP/1.1" 200 415 "-" "Mozilla/5.0 (Windows NT 10.0; Win64; x64) AppleWebKit/537.36 (KHTML, like Gecko) Chrome/95.0.4638.69 Safari/537.36"
165.22.58.37 - - [06/Feb/2026:06:08:35 +0800] "POST /xmlrpc.php HTTP/1.1" 200 415 "-" "Mozilla/5.0 (Windows NT 10.0; Win64; x64) AppleWebKit/537.36 (KHTML, like Gecko) Chrome/95.0.4638.69 Safari/537.36"
165.22.58.37 - - [06/Feb/2026:06:08:36 +0800] "POST /xmlrpc.php HTTP/1.1" 200 415 "-" "Mozilla/5.0 (Windows NT 10.0; Win64; x64) AppleWebKit/537.36 (KHTML, like Gecko) Chrome/95.0.4638.69 Safari/537.36"
165.22.58.37 - - [06/Feb/2026:06:08:36 +0800] "POST /xmlrpc.php HTTP/1.1" 200 415 "-" "Mozilla/5.0 (Windows NT 10.0; Win64; x64) AppleWebKit/537.36 (KHTML, like Gecko) Chrome/95.0.4638.69 Safari/537.36"
165.22.58.37 - - [06/Feb/2026:06:08:37 +0800] "POST /xmlrpc.php HTTP/1.1" 200 415 "-" "Mozilla/5.0 (Windows NT 10.0; Win64; x64) AppleWebKit/537.36 (KHTML, like Gecko) Chrome/95.0.4638.69 Safari/537.36"
165.22.58.37 - - [06/Feb/2026:06:08:38 +0800] "POST /xmlrpc.php HTTP/1.1" 200 415 "-" "Mozilla/5.0 (Windows NT 10.0; Win64; x64) AppleWebKit/537.36 (KHTML, like Gecko) Chrome/95.0.4638.69 Safari/537.36"
165.22.58.37 - - [06/Feb/2026:06:08:39 +0800] "POST /xmlrpc.php HTTP/1.1" 200 415 "-" "Mozilla/5.0 (Windows NT 10.0; Win64; x64) AppleWebKit/537.36 (KHTML, like Gecko) Chrome/95.0.4638.69 Safari/537.36"
165.22.58.37 - - [06/Feb/2026:06:08:39 +0800] "POST /xmlrpc.php HTTP/1.1" 200 415 "-" "Mozilla/5.0 (Windows NT 10.0; Win64; x64) AppleWebKit/537.36 (KHTML, like Gecko) Chrome/95.0.4638.69 Safari/537.36"
165.22.58.37 - - [06/Feb/2026:06:08:40 +0800] "POST /xmlrpc.php HTTP/1.1" 200 415 "-" "Mozilla/5.0 (Windows NT 10.0; Win64; x64) AppleWebKit/537.36 (KHTML, like Gecko) Chrome/95.0.4638.69 Safari/537.36"
165.22.58.37 - - [06/Feb/2026:06:08:41 +0800] "POST /xmlrpc.php HTTP/1.1" 200 415 "-" "Mozilla/5.0 (Windows NT 10.0; Win64; x64) AppleWebKit/537.36 (KHTML, like Gecko) Chrome/95.0.4638.69 Safari/537.36"
165.22.58.37 - - [06/Feb/2026:06:08:42 +0800] "POST /xmlrpc.php HTTP/1.1" 200 415 "-" "Mozilla/5.0 (Windows NT 10.0; Win64; x64) AppleWebKit/537.36 (KHTML, like Gecko) Chrome/95.0.4638.69 Safari/537.36"
165.22.58.37 - - [06/Feb/2026:06:08:42 +0800] "POST /xmlrpc.php HTTP/1.1" 200 415 "-" "Mozilla/5.0 (Windows NT 10.0; Win64; x64) AppleWebKit/537.36 (KHTML, like Gecko) Chrome/95.0.4638.69 Safari/537.36"
165.22.58.37 - - [06/Feb/2026:06:08:43 +0800] "POST /xmlrpc.php HTTP/1.1" 200 415 "-" "Mozilla/5.0 (Windows NT 10.0; Win64; x64) AppleWebKit/537.36 (KHTML, like Gecko) Chrome/95.0.4638.69 Safari/537.36"
165.22.58.37 - - [06/Feb/2026:06:08:44 +0800] "POST /xmlrpc.php HTTP/1.1" 200 415 "-" "Mozilla/5.0 (Windows NT 10.0; Win64; x64) AppleWebKit/537.36 (KHTML, like Gecko) Chrome/95.0.4638.69 Safari/537.36"
165.22.58.37 - - [06/Feb/2026:06:08:45 +0800] "POST /xmlrpc.php HTTP/1.1" 200 415 "-" "Mozilla/5.0 (Windows NT 10.0; Win64; x64) AppleWebKit/537.36 (KHTML, like Gecko) Chrome/95.0.4638.69 Safari/537.36"
165.22.58.37 - - [06/Feb/2026:06:08:45 +0800] "POST /xmlrpc.php HTTP/1.1" 200 415 "-" "Mozilla/5.0 (Windows NT 10.0; Win64; x64) AppleWebKit/537.36 (KHTML, like Gecko) Chrome/95.0.4638.69 Safari/537.36"
165.22.58.37 - - [06/Feb/2026:06:08:46 +0800] "POST /xmlrpc.php HTTP/1.1" 200 415 "-" "Mozilla/5.0 (Windows NT 10.0; Win64; x64) AppleWebKit/537.36 (KHTML, like Gecko) Chrome/95.0.4638.69 Safari/537.36"
165.22.58.37 - - [06/Feb/2026:06:08:47 +0800] "POST /xmlrpc.php HTTP/1.1" 200 415 "-" "Mozilla/5.0 (Windows NT 10.0; Win64; x64) AppleWebKit/537.36 (KHTML, like Gecko) Chrome/95.0.4638.69 Safari/537.36"
165.22.58.37 - - [06/Feb/2026:06:08:48 +0800] "POST /xmlrpc.php HTTP/1.1" 200 415 "-" "Mozilla/5.0 (Windows NT 10.0; Win64; x64) AppleWebKit/537.36 (KHTML, like Gecko) Chrome/95.0.4638.69 Safari/537.36"
165.22.58.37 - - [06/Feb/2026:06:08:48 +0800] "POST /xmlrpc.php HTTP/1.1" 200 415 "-" "Mozilla/5.0 (Windows NT 10.0; Win64; x64) AppleWebKit/537.36 (KHTML, like Gecko) Chrome/95.0.4638.69 Safari/537.36"
165.22.58.37 - - [06/Feb/2026:06:08:49 +0800] "POST /xmlrpc.php HTTP/1.1" 200 415 "-" "Mozilla/5.0 (Windows NT 10.0; Win64; x64) AppleWebKit/537.36 (KHTML, like Gecko) Chrome/95.0.4638.69 Safari/537.36"
165.22.58.37 - - [06/Feb/2026:06:08:50 +0800] "POST /xmlrpc.php HTTP/1.1" 200 415 "-" "Mozilla/5.0 (Windows NT 10.0; Win64; x64) AppleWebKit/537.36 (KHTML, like Gecko) Chrome/95.0.4638.69 Safari/537.36"
165.22.58.37 - - [06/Feb/2026:06:08:50 +0800] "POST /xmlrpc.php HTTP/1.1" 200 415 "-" "Mozilla/5.0 (Windows NT 10.0; Win64; x64) AppleWebKit/537.36 (KHTML, like Gecko) Chrome/95.0.4638.69 Safari/537.36"
165.22.58.37 - - [06/Feb/2026:06:08:51 +0800] "POST /xmlrpc.php HTTP/1.1" 200 415 "-" "Mozilla/5.0 (Windows NT 10.0; Win64; x64) AppleWebKit/537.36 (KHTML, like Gecko) Chrome/95.0.4638.69 Safari/537.36"
165.22.58.37 - - [06/Feb/2026:06:08:52 +0800] "POST /xmlrpc.php HTTP/1.1" 200 415 "-" "Mozilla/5.0 (Windows NT 10.0; Win64; x64) AppleWebKit/537.36 (KHTML, like Gecko) Chrome/95.0.4638.69 Safari/537.36"
165.22.58.37 - - [06/Feb/2026:06:08:52 +0800] "POST /xmlrpc.php HTTP/1.1" 200 415 "-" "Mozilla/5.0 (Windows NT 10.0; Win64; x64) AppleWebKit/537.36 (KHTML, like Gecko) Chrome/95.0.4638.69 Safari/537.36"
165.22.58.37 - - [06/Feb/2026:06:08:53 +0800] "POST /xmlrpc.php HTTP/1.1" 200 415 "-" "Mozilla/5.0 (Windows NT 10.0; Win64; x64) AppleWebKit/537.36 (KHTML, like Gecko) Chrome/95.0.4638.69 Safari/537.36"
165.22.58.37 - - [06/Feb/2026:06:08:54 +0800] "POST /xmlrpc.php HTTP/1.1" 200 415 "-" "Mozilla/5.0 (Windows NT 10.0; Win64; x64) AppleWebKit/537.36 (KHTML, like Gecko) Chrome/95.0.4638.69 Safari/537.36"
165.22.58.37 - - [06/Feb/2026:06:08:55 +0800] "POST /xmlrpc.php HTTP/1.1" 200 415 "-" "Mozilla/5.0 (Windows NT 10.0; Win64; x64) AppleWebKit/537.36 (KHTML, like Gecko) Chrome/95.0.4638.69 Safari/537.36"
165.22.58.37 - - [06/Feb/2026:06:08:55 +0800] "POST /xmlrpc.php HTTP/1.1" 200 415 "-" "Mozilla/5.0 (Windows NT 10.0; Win64; x64) AppleWebKit/537.36 (KHTML, like Gecko) Chrome/95.0.4638.69 Safari/537.36"
165.22.58.37 - - [06/Feb/2026:06:08:56 +0800] "POST /xmlrpc.php HTTP/1.1" 200 415 "-" "Mozilla/5.0 (Windows NT 10.0; Win64; x64) AppleWebKit/537.36 (KHTML, like Gecko) Chrome/95.0.4638.69 Safari/537.36"
165.22.58.37 - - [06/Feb/2026:06:08:57 +0800] "POST /xmlrpc.php HTTP/1.1" 200 415 "-" "Mozilla/5.0 (Windows NT 10.0; Win64; x64) AppleWebKit/537.36 (KHTML, like Gecko) Chrome/95.0.4638.69 Safari/537.36"
165.22.58.37 - - [06/Feb/2026:06:08:58 +0800] "POST /xmlrpc.php HTTP/1.1" 200 415 "-" "Mozilla/5.0 (Windows NT 10.0; Win64; x64) AppleWebKit/537.36 (KHTML, like Gecko) Chrome/95.0.4638.69 Safari/537.36"
165.22.58.37 - - [06/Feb/2026:06:08:58 +0800] "POST /xmlrpc.php HTTP/1.1" 200 415 "-" "Mozilla/5.0 (Windows NT 10.0; Win64; x64) AppleWebKit/537.36 (KHTML, like Gecko) Chrome/95.0.4638.69 Safari/537.36"
165.22.58.37 - - [06/Feb/2026:06:08:59 +0800] "POST /xmlrpc.php HTTP/1.1" 200 415 "-" "Mozilla/5.0 (Windows NT 10.0; Win64; x64) AppleWebKit/537.36 (KHTML, like Gecko) Chrome/95.0.4638.69 Safari/537.36"
165.22.58.37 - - [06/Feb/2026:06:09:00 +0800] "POST /xmlrpc.php HTTP/1.1" 200 415 "-" "Mozilla/5.0 (Windows NT 10.0; Win64; x64) AppleWebKit/537.36 (KHTML, like Gecko) Chrome/95.0.4638.69 Safari/537.36"
165.22.58.37 - - [06/Feb/2026:06:09:01 +0800] "POST /xmlrpc.php HTTP/1.1" 200 415 "-" "Mozilla/5.0 (Windows NT 10.0; Win64; x64) AppleWebKit/537.36 (KHTML, like Gecko) Chrome/95.0.4638.69 Safari/537.36"
165.22.58.37 - - [06/Feb/2026:06:09:01 +0800] "POST /xmlrpc.php HTTP/1.1" 200 415 "-" "Mozilla/5.0 (Windows NT 10.0; Win64; x64) AppleWebKit/537.36 (KHTML, like Gecko) Chrome/95.0.4638.69 Safari/537.36"
165.22.58.37 - - [06/Feb/2026:06:09:02 +0800] "POST /xmlrpc.php HTTP/1.1" 200 415 "-" "Mozilla/5.0 (Windows NT 10.0; Win64; x64) AppleWebKit/537.36 (KHTML, like Gecko) Chrome/95.0.4638.69 Safari/537.36"
165.22.58.37 - - [06/Feb/2026:06:09:03 +0800] "POST /xmlrpc.php HTTP/1.1" 200 415 "-" "Mozilla/5.0 (Windows NT 10.0; Win64; x64) AppleWebKit/537.36 (KHTML, like Gecko) Chrome/95.0.4638.69 Safari/537.36"
165.22.58.37 - - [06/Feb/2026:06:09:04 +0800] "POST /xmlrpc.php HTTP/1.1" 200 415 "-" "Mozilla/5.0 (Windows NT 10.0; Win64; x64) AppleWebKit/537.36 (KHTML, like Gecko) Chrome/95.0.4638.69 Safari/537.36"
165.22.58.37 - - [06/Feb/2026:06:09:04 +0800] "POST /xmlrpc.php HTTP/1.1" 200 415 "-" "Mozilla/5.0 (Windows NT 10.0; Win64; x64) AppleWebKit/537.36 (KHTML, like Gecko) Chrome/95.0.4638.69 Safari/537.36"
