139.59.124.237 - - [06/Feb/2026:12:19:30 +0800] "GET / HTTP/1.1" 301 5 "-" "Mozilla/5.0 (Windows NT 10.0; Win64; x64; rv:130.0) Gecko/20100101 Firefox/130.0"
14.108.233.171 - - [06/Feb/2026:12:19:46 +0800] "POST /wp-admin/admin-ajax.php HTTP/1.1" 200 78 "http://cqqizhou.com/wp-admin/edit.php?s=&post_status=all&m=0&cat=3&orderby=&order=desc" "Mozilla/5.0 (Windows NT 10.0; Win64; x64) AppleWebKit/537.36 (KHTML, like Gecko) Chrome/144.0.0.0 Safari/537.36 Edg/144.0.0.0"
14.108.233.171 - - [06/Feb/2026:12:19:48 +0800] "POST /wp-admin/admin-ajax.php HTTP/1.1" 200 187 "http://cqqizhou.com/wp-admin/plugins.php" "Mozilla/5.0 (Windows NT 10.0; Win64; x64) AppleWebKit/537.36 (KHTML, like Gecko) Chrome/144.0.0.0 Safari/537.36 Edg/144.0.0.0"
14.108.233.171 - - [06/Feb/2026:12:20:05 +0800] "POST /wp-admin/admin-ajax.php HTTP/1.1" 200 78 "http://cqqizhou.com/wp-admin/plugins.php" "Mozilla/5.0 (Windows NT 10.0; Win64; x64) AppleWebKit/537.36 (KHTML, like Gecko) Chrome/144.0.0.0 Safari/537.36 Edg/144.0.0.0"
36.133.115.36 - - [06/Feb/2026:12:20:20 +0800] "POST /wp-cron.php?doing_wp_cron=1770351620.1080000400543212890625 HTTP/1.1" 200 31 "-" "WordPress/6.9; http://cqqizhou.com"
14.108.233.171 - - [06/Feb/2026:12:20:20 +0800] "GET /logistics/ HTTP/1.1" 200 33125 "http://cqqizhou.com/media/" "Mozilla/5.0 (Windows NT 10.0; Win64; x64) AppleWebKit/537.36 (KHTML, like Gecko) Chrome/144.0.0.0 Safari/537.36 Edg/144.0.0.0"
14.108.233.171 - - [06/Feb/2026:12:20:21 +0800] "GET /wp-json/contact-form-7/v1/contact-forms/1444/feedback/schema HTTP/1.1" 200 270 "http://cqqizhou.com/logistics/" "Mozilla/5.0 (Windows NT 10.0; Win64; x64) AppleWebKit/537.36 (KHTML, like Gecko) Chrome/144.0.0.0 Safari/537.36 Edg/144.0.0.0"
14.108.233.171 - - [06/Feb/2026:12:20:21 +0800] "GET /wp-json/contact-form-7/v1/contact-forms/1444/refill HTTP/1.1" 200 33 "http://cqqizhou.com/logistics/" "Mozilla/5.0 (Windows NT 10.0; Win64; x64) AppleWebKit/537.36 (KHTML, like Gecko) Chrome/144.0.0.0 Safari/537.36 Edg/144.0.0.0"
14.108.233.171 - - [06/Feb/2026:12:20:25 +0800] "GET /media/ HTTP/1.1" 200 34419 "http://cqqizhou.com/logistics/" "Mozilla/5.0 (Windows NT 10.0; Win64; x64) AppleWebKit/537.36 (KHTML, like Gecko) Chrome/144.0.0.0 Safari/537.36 Edg/144.0.0.0"
14.108.233.171 - - [06/Feb/2026:12:20:25 +0800] "GET /wp-content/uploads/2026/02/1770341652-2026251Article_images_W900%C3%97500px-768x427.webp HTTP/1.1" 304 0 "http://cqqizhou.com/media/" "Mozilla/5.0 (Windows NT 10.0; Win64; x64) AppleWebKit/537.36 (KHTML, like Gecko) Chrome/144.0.0.0 Safari/537.36 Edg/144.0.0.0"
14.108.233.171 - - [06/Feb/2026:12:20:25 +0800] "GET /wp-content/uploads/2026/02/1770340507-2026261Article_images_W900%C3%97500px-768x427.webp HTTP/1.1" 304 0 "http://cqqizhou.com/media/" "Mozilla/5.0 (Windows NT 10.0; Win64; x64) AppleWebKit/537.36 (KHTML, like Gecko) Chrome/144.0.0.0 Safari/537.36 Edg/144.0.0.0"
14.108.233.171 - - [06/Feb/2026:12:20:25 +0800] "GET /wp-content/uploads/2026/01/1770349139-202624Article_images_W900%C3%97500px20260--768x427.webp HTTP/1.1" 304 0 "http://cqqizhou.com/media/" "Mozilla/5.0 (Windows NT 10.0; Win64; x64) AppleWebKit/537.36 (KHTML, like Gecko) Chrome/144.0.0.0 Safari/537.36 Edg/144.0.0.0"
14.108.233.171 - - [06/Feb/2026:12:20:44 +0800] "GET /logistics/ HTTP/1.1" 200 33126 "http://cqqizhou.com/media/" "Mozilla/5.0 (Windows NT 10.0; Win64; x64) AppleWebKit/537.36 (KHTML, like Gecko) Chrome/144.0.0.0 Safari/537.36 Edg/144.0.0.0"
14.108.233.171 - - [06/Feb/2026:12:20:45 +0800] "GET /wp-json/contact-form-7/v1/contact-forms/1444/feedback/schema HTTP/1.1" 200 270 "http://cqqizhou.com/logistics/" "Mozilla/5.0 (Windows NT 10.0; Win64; x64) AppleWebKit/537.36 (KHTML, like Gecko) Chrome/144.0.0.0 Safari/537.36 Edg/144.0.0.0"
14.108.233.171 - - [06/Feb/2026:12:20:45 +0800] "GET /wp-json/contact-form-7/v1/contact-forms/1444/refill HTTP/1.1" 200 33 "http://cqqizhou.com/logistics/" "Mozilla/5.0 (Windows NT 10.0; Win64; x64) AppleWebKit/537.36 (KHTML, like Gecko) Chrome/144.0.0.0 Safari/537.36 Edg/144.0.0.0"
42.57.113.223 - - [06/Feb/2026:12:21:00 +0800] "GET /2165/ HTTP/1.1" 200 26899 "-" "Mozilla/5.0 (Macintosh; Intel Mac OS X 10_15_7) AppleWebKit/537.36 (KHTML, like Gecko) Chrome/120.0.0.0 Safari/537.36"
36.133.115.36 - - [06/Feb/2026:12:21:47 +0800] "POST /wp-cron.php?doing_wp_cron=1770351707.6227540969848632812500 HTTP/1.1" 200 31 "-" "WordPress/6.9; http://cqqizhou.com"
14.108.233.171 - - [06/Feb/2026:12:21:47 +0800] "POST /wp-admin/admin-ajax.php HTTP/1.1" 200 78 "http://cqqizhou.com/wp-admin/edit.php?s=&post_status=all&m=0&cat=3&orderby=&order=desc" "Mozilla/5.0 (Windows NT 10.0; Win64; x64) AppleWebKit/537.36 (KHTML, like Gecko) Chrome/144.0.0.0 Safari/537.36 Edg/144.0.0.0"
14.108.233.171 - - [06/Feb/2026:12:22:04 +0800] "POST /wp-admin/admin-ajax.php HTTP/1.1" 200 78 "http://cqqizhou.com/wp-admin/edit.php?s=&post_status=all&m=0&cat=3&orderby=&order=desc" "Mozilla/5.0 (Windows NT 10.0; Win64; x64) AppleWebKit/537.36 (KHTML, like Gecko) Chrome/144.0.0.0 Safari/537.36 Edg/144.0.0.0"
14.108.233.171 - - [06/Feb/2026:12:22:06 +0800] "POST /wp-admin/admin-ajax.php HTTP/1.1" 200 78 "http://cqqizhou.com/wp-admin/plugins.php" "Mozilla/5.0 (Windows NT 10.0; Win64; x64) AppleWebKit/537.36 (KHTML, like Gecko) Chrome/144.0.0.0 Safari/537.36 Edg/144.0.0.0"
36.133.115.36 - - [06/Feb/2026:12:22:08 +0800] "POST /wp-cron.php?doing_wp_cron=1770351728.9629139900207519531250 HTTP/1.1" 200 31 "-" "WordPress/6.9; http://cqqizhou.com"
14.108.233.171 - - [06/Feb/2026:12:22:08 +0800] "GET /wp-admin/edit.php HTTP/1.1" 200 84740 "http://cqqizhou.com/wp-admin/edit.php?s=&post_status=all&m=0&cat=3&orderby=&order=desc" "Mozilla/5.0 (Windows NT 10.0; Win64; x64) AppleWebKit/537.36 (KHTML, like Gecko) Chrome/144.0.0.0 Safari/537.36 Edg/144.0.0.0"
14.108.233.171 - - [06/Feb/2026:12:22:09 +0800] "GET /wp-content/uploads/2026/02/1770341652-2026251Article_images_W900%C3%97500px-150x150.webp HTTP/1.1" 304 0 "http://cqqizhou.com/wp-admin/edit.php" "Mozilla/5.0 (Windows NT 10.0; Win64; x64) AppleWebKit/537.36 (KHTML, like Gecko) Chrome/144.0.0.0 Safari/537.36 Edg/144.0.0.0"
14.108.233.171 - - [06/Feb/2026:12:22:09 +0800] "GET /wp-content/uploads/2026/02/1770340507-2026261Article_images_W900%C3%97500px-150x150.webp HTTP/1.1" 304 0 "http://cqqizhou.com/wp-admin/edit.php" "Mozilla/5.0 (Windows NT 10.0; Win64; x64) AppleWebKit/537.36 (KHTML, like Gecko) Chrome/144.0.0.0 Safari/537.36 Edg/144.0.0.0"
14.108.233.171 - - [06/Feb/2026:12:22:09 +0800] "GET /wp-content/uploads/2026/01/1770349139-202624Article_images_W900%C3%97500px20260--150x150.webp HTTP/1.1" 304 0 "http://cqqizhou.com/wp-admin/edit.php" "Mozilla/5.0 (Windows NT 10.0; Win64; x64) AppleWebKit/537.36 (KHTML, like Gecko) Chrome/144.0.0.0 Safari/537.36 Edg/144.0.0.0"
14.108.233.171 - - [06/Feb/2026:12:22:09 +0800] "POST /wp-admin/admin-ajax.php HTTP/1.1" 200 78 "http://cqqizhou.com/wp-admin/edit.php" "Mozilla/5.0 (Windows NT 10.0; Win64; x64) AppleWebKit/537.36 (KHTML, like Gecko) Chrome/144.0.0.0 Safari/537.36 Edg/144.0.0.0"
14.108.233.171 - - [06/Feb/2026:12:22:20 +0800] "POST /wp-admin/admin-ajax.php HTTP/1.1" 200 78 "http://cqqizhou.com/wp-admin/edit.php" "Mozilla/5.0 (Windows NT 10.0; Win64; x64) AppleWebKit/537.36 (KHTML, like Gecko) Chrome/144.0.0.0 Safari/537.36 Edg/144.0.0.0"
36.133.115.36 - - [06/Feb/2026:12:24:07 +0800] "POST /wp-cron.php?doing_wp_cron=1770351847.6611580848693847656250 HTTP/1.1" 200 31 "-" "WordPress/6.9; http://cqqizhou.com"
14.108.233.171 - - [06/Feb/2026:12:24:07 +0800] "POST /wp-admin/admin-ajax.php HTTP/1.1" 200 78 "http://cqqizhou.com/wp-admin/plugins.php" "Mozilla/5.0 (Windows NT 10.0; Win64; x64) AppleWebKit/537.36 (KHTML, like Gecko) Chrome/144.0.0.0 Safari/537.36 Edg/144.0.0.0"
14.108.233.171 - - [06/Feb/2026:12:24:21 +0800] "POST /wp-admin/admin-ajax.php HTTP/1.1" 200 78 "http://cqqizhou.com/wp-admin/edit.php" "Mozilla/5.0 (Windows NT 10.0; Win64; x64) AppleWebKit/537.36 (KHTML, like Gecko) Chrome/144.0.0.0 Safari/537.36 Edg/144.0.0.0"
36.133.115.36 - - [06/Feb/2026:12:26:08 +0800] "POST /wp-cron.php?doing_wp_cron=1770351968.6720440387725830078125 HTTP/1.1" 200 31 "-" "WordPress/6.9; http://cqqizhou.com"
14.108.233.171 - - [06/Feb/2026:12:26:08 +0800] "POST /wp-admin/admin-ajax.php HTTP/1.1" 200 78 "http://cqqizhou.com/wp-admin/plugins.php" "Mozilla/5.0 (Windows NT 10.0; Win64; x64) AppleWebKit/537.36 (KHTML, like Gecko) Chrome/144.0.0.0 Safari/537.36 Edg/144.0.0.0"
14.108.233.171 - - [06/Feb/2026:12:26:22 +0800] "POST /wp-admin/admin-ajax.php HTTP/1.1" 200 78 "http://cqqizhou.com/wp-admin/edit.php" "Mozilla/5.0 (Windows NT 10.0; Win64; x64) AppleWebKit/537.36 (KHTML, like Gecko) Chrome/144.0.0.0 Safari/537.36 Edg/144.0.0.0"
204.76.203.219 - - [06/Feb/2026:12:26:28 +0800] "GET / HTTP/1.1" 200 34678 "-" "Mozilla/5.0 (Windows NT 10.0; Win64; x64) AppleWebKit/537.36 (KHTML, like Gecko) Chrome/90.0.4430.85 Safari/537.36 Edg/90.0.818.46"
36.133.115.36 - - [06/Feb/2026:12:27:14 +0800] "POST /wp-cron.php?doing_wp_cron=1770352034.1568620204925537109375 HTTP/1.1" 200 31 "-" "WordPress/6.9; http://cqqizhou.com"
193.142.147.209 - - [06/Feb/2026:12:27:14 +0800] "POST / HTTP/1.1" 200 34682 "-" "Mozilla/5.0 (Windows NT 10.0; Win64; x64) AppleWebKit/537.36"
36.133.115.36 - - [06/Feb/2026:12:28:09 +0800] "POST /wp-cron.php?doing_wp_cron=1770352089.6411890983581542968750 HTTP/1.1" 200 31 "-" "WordPress/6.9; http://cqqizhou.com"
14.108.233.171 - - [06/Feb/2026:12:28:09 +0800] "POST /wp-admin/admin-ajax.php HTTP/1.1" 200 78 "http://cqqizhou.com/wp-admin/plugins.php" "Mozilla/5.0 (Windows NT 10.0; Win64; x64) AppleWebKit/537.36 (KHTML, like Gecko) Chrome/144.0.0.0 Safari/537.36 Edg/144.0.0.0"
14.108.233.171 - - [06/Feb/2026:12:28:23 +0800] "POST /wp-admin/admin-ajax.php HTTP/1.1" 200 78 "http://cqqizhou.com/wp-admin/edit.php" "Mozilla/5.0 (Windows NT 10.0; Win64; x64) AppleWebKit/537.36 (KHTML, like Gecko) Chrome/144.0.0.0 Safari/537.36 Edg/144.0.0.0"
36.133.115.36 - - [06/Feb/2026:12:30:10 +0800] "POST /wp-cron.php?doing_wp_cron=1770352210.8570320606231689453125 HTTP/1.1" 200 31 "-" "WordPress/6.9; http://cqqizhou.com"
14.108.233.171 - - [06/Feb/2026:12:30:10 +0800] "POST /wp-admin/admin-ajax.php HTTP/1.1" 200 78 "http://cqqizhou.com/wp-admin/plugins.php" "Mozilla/5.0 (Windows NT 10.0; Win64; x64) AppleWebKit/537.36 (KHTML, like Gecko) Chrome/144.0.0.0 Safari/537.36 Edg/144.0.0.0"
14.108.233.171 - - [06/Feb/2026:12:30:24 +0800] "POST /wp-admin/admin-ajax.php HTTP/1.1" 200 78 "http://cqqizhou.com/wp-admin/edit.php" "Mozilla/5.0 (Windows NT 10.0; Win64; x64) AppleWebKit/537.36 (KHTML, like Gecko) Chrome/144.0.0.0 Safari/537.36 Edg/144.0.0.0"
36.133.115.36 - - [06/Feb/2026:12:33:35 +0800] "POST /wp-cron.php?doing_wp_cron=1770352415.7476489543914794921875 HTTP/1.1" 200 31 "-" "WordPress/6.9; http://cqqizhou.com"
66.249.74.7 - - [06/Feb/2026:12:33:35 +0800] "GET /robots.txt HTTP/1.1" 200 190 "-" "Mozilla/5.0 (compatible; Googlebot/2.1; +http://www.google.com/bot.html)"
66.249.74.9 - - [06/Feb/2026:12:33:37 +0800] "GET /2163/ HTTP/1.1" 200 19740 "-" "Mozilla/5.0 (Linux; Android 6.0.1; Nexus 5X Build/MMB29P) AppleWebKit/537.36 (KHTML, like Gecko) Chrome/144.0.7559.132 Mobile Safari/537.36 (compatible; Googlebot/2.1; +http://www.google.com/bot.html)"
36.133.115.36 - - [06/Feb/2026:12:36:23 +0800] "POST /wp-cron.php?doing_wp_cron=1770352583.3975019454956054687500 HTTP/1.1" 200 31 "-" "WordPress/6.9; http://cqqizhou.com"
38.46.221.123 - - [06/Feb/2026:12:36:23 +0800] "GET http://check.9tb.org/ HTTP/1.1" 301 5 "-" "Go-http-client/1.1"
38.46.221.123 - - [06/Feb/2026:12:36:24 +0800] "GET http://cqqizhou.com/ HTTP/1.1" 200 35122 "http://check.9tb.org" "Go-http-client/1.1"
14.108.233.171 - - [06/Feb/2026:12:36:48 +0800] "POST /wp-admin/admin-ajax.php HTTP/1.1" 200 78 "http://cqqizhou.com/wp-admin/edit.php" "Mozilla/5.0 (Windows NT 10.0; Win64; x64) AppleWebKit/537.36 (KHTML, like Gecko) Chrome/144.0.0.0 Safari/537.36 Edg/144.0.0.0"
36.133.115.36 - - [06/Feb/2026:12:38:49 +0800] "POST /wp-cron.php?doing_wp_cron=1770352729.3814129829406738281250 HTTP/1.1" 200 31 "-" "WordPress/6.9; http://cqqizhou.com"
14.108.233.171 - - [06/Feb/2026:12:38:49 +0800] "POST /wp-admin/admin-ajax.php HTTP/1.1" 200 78 "http://cqqizhou.com/wp-admin/edit.php" "Mozilla/5.0 (Windows NT 10.0; Win64; x64) AppleWebKit/537.36 (KHTML, like Gecko) Chrome/144.0.0.0 Safari/537.36 Edg/144.0.0.0"
36.133.115.36 - - [06/Feb/2026:12:39:28 +0800] "POST /wp-cron.php?doing_wp_cron=1770352768.7327930927276611328125 HTTP/1.1" 200 31 "-" "WordPress/6.9; http://cqqizhou.com"
204.76.203.206 - - [06/Feb/2026:12:39:29 +0800] "GET / HTTP/1.1" 200 156878 "-" "Mozilla/5.0"
36.133.115.36 - - [06/Feb/2026:12:40:49 +0800] "POST /wp-cron.php?doing_wp_cron=1770352849.6578779220581054687500 HTTP/1.1" 200 31 "-" "WordPress/6.9; http://cqqizhou.com"
14.108.233.171 - - [06/Feb/2026:12:40:49 +0800] "POST /wp-admin/admin-ajax.php HTTP/1.1" 200 78 "http://cqqizhou.com/wp-admin/edit.php" "Mozilla/5.0 (Windows NT 10.0; Win64; x64) AppleWebKit/537.36 (KHTML, like Gecko) Chrome/144.0.0.0 Safari/537.36 Edg/144.0.0.0"
36.133.115.36 - - [06/Feb/2026:12:42:50 +0800] "POST /wp-cron.php?doing_wp_cron=1770352970.9430580139160156250000 HTTP/1.1" 200 31 "-" "WordPress/6.9; http://cqqizhou.com"
14.108.233.171 - - [06/Feb/2026:12:42:50 +0800] "POST /wp-admin/admin-ajax.php HTTP/1.1" 200 78 "http://cqqizhou.com/wp-admin/edit.php" "Mozilla/5.0 (Windows NT 10.0; Win64; x64) AppleWebKit/537.36 (KHTML, like Gecko) Chrome/144.0.0.0 Safari/537.36 Edg/144.0.0.0"
36.133.115.36 - - [06/Feb/2026:12:44:05 +0800] "POST /wp-cron.php?doing_wp_cron=1770353045.5313389301300048828125 HTTP/1.1" 200 31 "-" "WordPress/6.9; http://cqqizhou.com"
14.108.233.171 - - [06/Feb/2026:12:44:05 +0800] "POST /wp-admin/admin-ajax.php HTTP/1.1" 200 78 "http://cqqizhou.com/wp-admin/edit.php" "Mozilla/5.0 (Windows NT 10.0; Win64; x64) AppleWebKit/537.36 (KHTML, like Gecko) Chrome/144.0.0.0 Safari/537.36 Edg/144.0.0.0"
36.133.115.36 - - [06/Feb/2026:12:44:15 +0800] "POST /wp-cron.php?doing_wp_cron=1770353055.6485140323638916015625 HTTP/1.1" 200 31 "-" "WordPress/6.9; http://cqqizhou.com"
14.108.233.171 - - [06/Feb/2026:12:44:15 +0800] "POST /wp-admin/admin-ajax.php HTTP/1.1" 200 78 "http://cqqizhou.com/wp-admin/edit.php" "Mozilla/5.0 (Windows NT 10.0; Win64; x64) AppleWebKit/537.36 (KHTML, like Gecko) Chrome/144.0.0.0 Safari/537.36 Edg/144.0.0.0"
36.133.115.36 - - [06/Feb/2026:12:46:16 +0800] "POST /wp-cron.php?doing_wp_cron=1770353176.7144498825073242187500 HTTP/1.1" 200 31 "-" "WordPress/6.9; http://cqqizhou.com"
14.108.233.171 - - [06/Feb/2026:12:46:16 +0800] "POST /wp-admin/admin-ajax.php HTTP/1.1" 200 78 "http://cqqizhou.com/wp-admin/edit.php" "Mozilla/5.0 (Windows NT 10.0; Win64; x64) AppleWebKit/537.36 (KHTML, like Gecko) Chrome/144.0.0.0 Safari/537.36 Edg/144.0.0.0"
36.133.115.36 - - [06/Feb/2026:12:47:16 +0800] "POST /wp-cron.php?doing_wp_cron=1770353236.4317638874053955078125 HTTP/1.1" 200 31 "-" "WordPress/6.9; http://cqqizhou.com"
14.108.233.171 - - [06/Feb/2026:12:47:16 +0800] "POST /wp-admin/admin-ajax.php HTTP/1.1" 200 78 "http://cqqizhou.com/wp-admin/edit.php" "Mozilla/5.0 (Windows NT 10.0; Win64; x64) AppleWebKit/537.36 (KHTML, like Gecko) Chrome/144.0.0.0 Safari/537.36 Edg/144.0.0.0"
14.108.233.171 - - [06/Feb/2026:12:47:19 +0800] "POST /wp-admin/admin-ajax.php HTTP/1.1" 200 78 "http://cqqizhou.com/wp-admin/plugins.php" "Mozilla/5.0 (Windows NT 10.0; Win64; x64) AppleWebKit/537.36 (KHTML, like Gecko) Chrome/144.0.0.0 Safari/537.36 Edg/144.0.0.0"
14.108.233.171 - - [06/Feb/2026:12:47:20 +0800] "POST /wp-admin/admin-ajax.php HTTP/1.1" 200 78 "http://cqqizhou.com/wp-admin/options-permalink.php" "Mozilla/5.0 (Windows NT 10.0; Win64; x64) AppleWebKit/537.36 (KHTML, like Gecko) Chrome/144.0.0.0 Safari/537.36 Edg/144.0.0.0"
14.108.233.171 - - [06/Feb/2026:12:47:26 +0800] "POST /wp-admin/admin-ajax.php HTTP/1.1" 200 78 "http://cqqizhou.com/wp-admin/edit.php" "Mozilla/5.0 (Windows NT 10.0; Win64; x64) AppleWebKit/537.36 (KHTML, like Gecko) Chrome/144.0.0.0 Safari/537.36 Edg/144.0.0.0"
36.133.115.36 - - [06/Feb/2026:12:48:17 +0800] "POST /wp-cron.php?doing_wp_cron=1770353297.0696260929107666015625 HTTP/1.1" 200 31 "-" "WordPress/6.9; http://cqqizhou.com"
14.108.233.171 - - [06/Feb/2026:12:48:17 +0800] "POST /wp-admin/options-permalink.php HTTP/1.1" 302 5 "http://cqqizhou.com/wp-admin/options-permalink.php" "Mozilla/5.0 (Windows NT 10.0; Win64; x64) AppleWebKit/537.36 (KHTML, like Gecko) Chrome/144.0.0.0 Safari/537.36 Edg/144.0.0.0"
14.108.233.171 - - [06/Feb/2026:12:48:18 +0800] "GET /wp-admin/options-permalink.php?settings-updated=true HTTP/1.1" 200 73814 "http://cqqizhou.com/wp-admin/options-permalink.php" "Mozilla/5.0 (Windows NT 10.0; Win64; x64) AppleWebKit/537.36 (KHTML, like Gecko) Chrome/144.0.0.0 Safari/537.36 Edg/144.0.0.0"
36.133.115.36 - - [06/Feb/2026:12:48:18 +0800] "GET / HTTP/1.1" 200 34686 "-" "WP Rocket/Pre-fetch Home Links Mozilla/5.0 (iPhone; CPU iPhone OS 9_1 like Mac OS X) AppleWebKit/601.1.46 (KHTML, like Gecko) Version/9.0 Mobile/13B143 Safari/601.1"
14.108.233.171 - - [06/Feb/2026:12:48:24 +0800] "GET /media/ HTTP/1.1" 301 5 "http://cqqizhou.com/logistics/" "Mozilla/5.0 (Windows NT 10.0; Win64; x64) AppleWebKit/537.36 (KHTML, like Gecko) Chrome/144.0.0.0 Safari/537.36 Edg/144.0.0.0"
14.108.233.171 - - [06/Feb/2026:12:48:26 +0800] "GET /media HTTP/1.1" 200 34422 "http://cqqizhou.com/logistics/" "Mozilla/5.0 (Windows NT 10.0; Win64; x64) AppleWebKit/537.36 (KHTML, like Gecko) Chrome/144.0.0.0 Safari/537.36 Edg/144.0.0.0"
14.108.233.171 - - [06/Feb/2026:12:48:26 +0800] "GET /wp-content/uploads/2026/02/1770341652-2026251Article_images_W900%C3%97500px-768x427.webp HTTP/1.1" 304 0 "http://cqqizhou.com/media" "Mozilla/5.0 (Windows NT 10.0; Win64; x64) AppleWebKit/537.36 (KHTML, like Gecko) Chrome/144.0.0.0 Safari/537.36 Edg/144.0.0.0"
14.108.233.171 - - [06/Feb/2026:12:48:26 +0800] "GET /wp-content/uploads/2026/02/1770340507-2026261Article_images_W900%C3%97500px-768x427.webp HTTP/1.1" 304 0 "http://cqqizhou.com/media" "Mozilla/5.0 (Windows NT 10.0; Win64; x64) AppleWebKit/537.36 (KHTML, like Gecko) Chrome/144.0.0.0 Safari/537.36 Edg/144.0.0.0"
14.108.233.171 - - [06/Feb/2026:12:48:26 +0800] "GET /wp-content/uploads/2026/01/1770349139-202624Article_images_W900%C3%97500px20260--768x427.webp HTTP/1.1" 304 0 "http://cqqizhou.com/media" "Mozilla/5.0 (Windows NT 10.0; Win64; x64) AppleWebKit/537.36 (KHTML, like Gecko) Chrome/144.0.0.0 Safari/537.36 Edg/144.0.0.0"
14.108.233.171 - - [06/Feb/2026:12:48:31 +0800] "GET /archives/2486 HTTP/1.1" 200 28262 "http://cqqizhou.com/media" "Mozilla/5.0 (Windows NT 10.0; Win64; x64) AppleWebKit/537.36 (KHTML, like Gecko) Chrome/144.0.0.0 Safari/537.36 Edg/144.0.0.0"
14.108.233.171 - - [06/Feb/2026:12:48:31 +0800] "GET /wp-content/uploads/2026/02/1770341652-2026251Article_images_W900%C3%97500px.webp HTTP/1.1" 304 0 "http://cqqizhou.com/archives/2486" "Mozilla/5.0 (Windows NT 10.0; Win64; x64) AppleWebKit/537.36 (KHTML, like Gecko) Chrome/144.0.0.0 Safari/537.36 Edg/144.0.0.0"
14.108.233.171 - - [06/Feb/2026:12:48:31 +0800] "GET /wp-content/uploads/2026/02/1770341653-2026252Article_images_W900px.webp HTTP/1.1" 200 97830 "http://cqqizhou.com/archives/2486" "Mozilla/5.0 (Windows NT 10.0; Win64; x64) AppleWebKit/537.36 (KHTML, like Gecko) Chrome/144.0.0.0 Safari/537.36 Edg/144.0.0.0"
14.108.233.171 - - [06/Feb/2026:12:48:31 +0800] "GET /wp-content/uploads/2026/02/1770341654-2026253Article_images_W900px.webp HTTP/1.1" 200 88106 "http://cqqizhou.com/archives/2486" "Mozilla/5.0 (Windows NT 10.0; Win64; x64) AppleWebKit/537.36 (KHTML, like Gecko) Chrome/144.0.0.0 Safari/537.36 Edg/144.0.0.0"
14.108.233.171 - - [06/Feb/2026:12:48:31 +0800] "GET /wp-content/uploads/2026/01/1768527483-Article_images_W900%C3%97500px202601161.webp HTTP/1.1" 200 33780 "http://cqqizhou.com/archives/2486" "Mozilla/5.0 (Windows NT 10.0; Win64; x64) AppleWebKit/537.36 (KHTML, like Gecko) Chrome/144.0.0.0 Safari/537.36 Edg/144.0.0.0"
14.108.233.171 - - [06/Feb/2026:12:48:42 +0800] "GET /services HTTP/1.1" 200 34245 "http://cqqizhou.com/archives/2486" "Mozilla/5.0 (Windows NT 10.0; Win64; x64) AppleWebKit/537.36 (KHTML, like Gecko) Chrome/144.0.0.0 Safari/537.36 Edg/144.0.0.0"
14.108.233.171 - - [06/Feb/2026:12:48:42 +0800] "GET /wp-content/uploads/2025/07/1751829518-Precision-processing-services800x500.webp HTTP/1.1" 200 28964 "http://cqqizhou.com/services" "Mozilla/5.0 (Windows NT 10.0; Win64; x64) AppleWebKit/537.36 (KHTML, like Gecko) Chrome/144.0.0.0 Safari/537.36 Edg/144.0.0.0"
14.108.233.171 - - [06/Feb/2026:12:48:42 +0800] "GET /wp-content/uploads/2025/12/1764853157-ISO3-731x1024.webp HTTP/1.1" 200 105856 "http://cqqizhou.com/services" "Mozilla/5.0 (Windows NT 10.0; Win64; x64) AppleWebKit/537.36 (KHTML, like Gecko) Chrome/144.0.0.0 Safari/537.36 Edg/144.0.0.0"
14.108.233.171 - - [06/Feb/2026:12:48:42 +0800] "GET /wp-content/uploads/2025/12/1764853155-ISO2-731x1024.webp HTTP/1.1" 200 91446 "http://cqqizhou.com/services" "Mozilla/5.0 (Windows NT 10.0; Win64; x64) AppleWebKit/537.36 (KHTML, like Gecko) Chrome/144.0.0.0 Safari/537.36 Edg/144.0.0.0"
14.108.233.171 - - [06/Feb/2026:12:48:42 +0800] "GET /wp-content/uploads/2025/07/1750174127-Marketing1920x800_3.webp HTTP/1.1" 200 52790 "http://cqqizhou.com/wp-content/uploads/elementor/css/post-1659.css?ver=1770353322" "Mozilla/5.0 (Windows NT 10.0; Win64; x64) AppleWebKit/537.36 (KHTML, like Gecko) Chrome/144.0.0.0 Safari/537.36 Edg/144.0.0.0"
14.108.233.171 - - [06/Feb/2026:12:48:46 +0800] "GET /logistics HTTP/1.1" 200 33122 "http://cqqizhou.com/services" "Mozilla/5.0 (Windows NT 10.0; Win64; x64) AppleWebKit/537.36 (KHTML, like Gecko) Chrome/144.0.0.0 Safari/537.36 Edg/144.0.0.0"
14.108.233.171 - - [06/Feb/2026:12:48:47 +0800] "GET /wp-json/contact-form-7/v1/contact-forms/1444/feedback/schema HTTP/1.1" 200 270 "http://cqqizhou.com/logistics" "Mozilla/5.0 (Windows NT 10.0; Win64; x64) AppleWebKit/537.36 (KHTML, like Gecko) Chrome/144.0.0.0 Safari/537.36 Edg/144.0.0.0"
14.108.233.171 - - [06/Feb/2026:12:48:47 +0800] "GET /wp-json/contact-form-7/v1/contact-forms/1444/refill HTTP/1.1" 200 33 "http://cqqizhou.com/logistics" "Mozilla/5.0 (Windows NT 10.0; Win64; x64) AppleWebKit/537.36 (KHTML, like Gecko) Chrome/144.0.0.0 Safari/537.36 Edg/144.0.0.0"
14.108.233.171 - - [06/Feb/2026:12:48:48 +0800] "GET /media HTTP/1.1" 200 34422 "http://cqqizhou.com/logistics" "Mozilla/5.0 (Windows NT 10.0; Win64; x64) AppleWebKit/537.36 (KHTML, like Gecko) Chrome/144.0.0.0 Safari/537.36 Edg/144.0.0.0"
14.108.233.171 - - [06/Feb/2026:12:48:52 +0800] "GET /archives/2486 HTTP/1.1" 200 28262 "http://cqqizhou.com/media" "Mozilla/5.0 (Windows NT 10.0; Win64; x64) AppleWebKit/537.36 (KHTML, like Gecko) Chrome/144.0.0.0 Safari/537.36 Edg/144.0.0.0"
14.108.233.171 - - [06/Feb/2026:12:49:19 +0800] "POST /wp-admin/admin-ajax.php HTTP/1.1" 200 78 "http://cqqizhou.com/wp-admin/options-permalink.php" "Mozilla/5.0 (Windows NT 10.0; Win64; x64) AppleWebKit/537.36 (KHTML, like Gecko) Chrome/144.0.0.0 Safari/537.36 Edg/144.0.0.0"
36.133.115.36 - - [06/Feb/2026:12:49:19 +0800] "POST /wp-cron.php?doing_wp_cron=1770353359.6180090904235839843750 HTTP/1.1" 200 31 "-" "WordPress/6.9; http://cqqizhou.com"
14.108.233.171 - - [06/Feb/2026:12:49:19 +0800] "POST /wp-admin/admin-ajax.php HTTP/1.1" 200 78 "http://cqqizhou.com/wp-admin/plugins.php" "Mozilla/5.0 (Windows NT 10.0; Win64; x64) AppleWebKit/537.36 (KHTML, like Gecko) Chrome/144.0.0.0 Safari/537.36 Edg/144.0.0.0"
14.108.233.171 - - [06/Feb/2026:12:49:25 +0800] "GET /news HTTP/1.1" 200 28126 "http://cqqizhou.com/archives/2486" "Mozilla/5.0 (Windows NT 10.0; Win64; x64) AppleWebKit/537.36 (KHTML, like Gecko) Chrome/144.0.0.0 Safari/537.36 Edg/144.0.0.0"
14.108.233.171 - - [06/Feb/2026:12:49:25 +0800] "GET /wp-content/uploads/2026/02/1770340507-2026261Article_images_W900%C3%97500px.webp HTTP/1.1" 200 33216 "http://cqqizhou.com/news" "Mozilla/5.0 (Windows NT 10.0; Win64; x64) AppleWebKit/537.36 (KHTML, like Gecko) Chrome/144.0.0.0 Safari/537.36 Edg/144.0.0.0"
14.108.233.171 - - [06/Feb/2026:12:49:25 +0800] "GET /wp-content/uploads/2026/01/1770349139-202624Article_images_W900%C3%97500px20260-.webp HTTP/1.1" 304 0 "http://cqqizhou.com/news" "Mozilla/5.0 (Windows NT 10.0; Win64; x64) AppleWebKit/537.36 (KHTML, like Gecko) Chrome/144.0.0.0 Safari/537.36 Edg/144.0.0.0"
14.108.233.171 - - [06/Feb/2026:12:49:25 +0800] "GET /wp-content/uploads/2026/01/1767691466-Article_images_W900%C3%97500px202601061.webp HTTP/1.1" 200 56014 "http://cqqizhou.com/news" "Mozilla/5.0 (Windows NT 10.0; Win64; x64) AppleWebKit/537.36 (KHTML, like Gecko) Chrome/144.0.0.0 Safari/537.36 Edg/144.0.0.0"
14.108.233.171 - - [06/Feb/2026:12:49:25 +0800] "GET /wp-content/uploads/2025/12/1766647832-Article_images_W900%C3%97500px20251225.webp HTTP/1.1" 200 44582 "http://cqqizhou.com/news" "Mozilla/5.0 (Windows NT 10.0; Win64; x64) AppleWebKit/537.36 (KHTML, like Gecko) Chrome/144.0.0.0 Safari/537.36 Edg/144.0.0.0"
14.108.233.171 - - [06/Feb/2026:12:49:25 +0800] "GET /wp-content/uploads/2025/12/1766064629-Article_images_20251218212623.webp HTTP/1.1" 200 20366 "http://cqqizhou.com/news" "Mozilla/5.0 (Windows NT 10.0; Win64; x64) AppleWebKit/537.36 (KHTML, like Gecko) Chrome/144.0.0.0 Safari/537.36 Edg/144.0.0.0"
14.108.233.171 - - [06/Feb/2026:12:49:25 +0800] "GET /wp-content/uploads/revslider/slider-1/1750861156-logistics_Slider_3840%C3%972160_20250625191356-scaled.webp HTTP/1.1" 200 197360 "http://cqqizhou.com/news" "Mozilla/5.0 (Windows NT 10.0; Win64; x64) AppleWebKit/537.36 (KHTML, like Gecko) Chrome/144.0.0.0 Safari/537.36 Edg/144.0.0.0"
14.108.233.171 - - [06/Feb/2026:12:49:27 +0800] "POST /wp-admin/admin-ajax.php HTTP/1.1" 200 78 "http://cqqizhou.com/wp-admin/edit.php" "Mozilla/5.0 (Windows NT 10.0; Win64; x64) AppleWebKit/537.36 (KHTML, like Gecko) Chrome/144.0.0.0 Safari/537.36 Edg/144.0.0.0"
14.108.233.171 - - [06/Feb/2026:12:49:38 +0800] "POST /wp-admin/admin-ajax.php HTTP/1.1" 200 78 "http://cqqizhou.com/wp-admin/edit.php" "Mozilla/5.0 (Windows NT 10.0; Win64; x64) AppleWebKit/537.36 (KHTML, like Gecko) Chrome/144.0.0.0 Safari/537.36 Edg/144.0.0.0"
14.108.233.171 - - [06/Feb/2026:12:50:01 +0800] "POST /wp-admin/admin-ajax.php HTTP/1.1" 200 78 "http://cqqizhou.com/wp-admin/edit.php" "Mozilla/5.0 (Windows NT 10.0; Win64; x64) AppleWebKit/537.36 (KHTML, like Gecko) Chrome/144.0.0.0 Safari/537.36 Edg/144.0.0.0"
36.133.115.36 - - [06/Feb/2026:12:50:12 +0800] "POST /wp-cron.php?doing_wp_cron=1770353412.6483869552612304687500 HTTP/1.1" 200 31 "-" "WordPress/6.9; http://cqqizhou.com"
14.108.233.171 - - [06/Feb/2026:12:50:12 +0800] "POST /wp-admin/admin-ajax.php HTTP/1.1" 200 78 "http://cqqizhou.com/wp-admin/edit.php" "Mozilla/5.0 (Windows NT 10.0; Win64; x64) AppleWebKit/537.36 (KHTML, like Gecko) Chrome/144.0.0.0 Safari/537.36 Edg/144.0.0.0"
14.108.233.171 - - [06/Feb/2026:12:50:19 +0800] "POST /wp-admin/admin-ajax.php HTTP/1.1" 200 78 "http://cqqizhou.com/wp-admin/options-permalink.php" "Mozilla/5.0 (Windows NT 10.0; Win64; x64) AppleWebKit/537.36 (KHTML, like Gecko) Chrome/144.0.0.0 Safari/537.36 Edg/144.0.0.0"
14.108.233.171 - - [06/Feb/2026:12:50:20 +0800] "POST /wp-admin/admin-ajax.php HTTP/1.1" 200 78 "http://cqqizhou.com/wp-admin/plugins.php" "Mozilla/5.0 (Windows NT 10.0; Win64; x64) AppleWebKit/537.36 (KHTML, like Gecko) Chrome/144.0.0.0 Safari/537.36 Edg/144.0.0.0"
14.108.233.171 - - [06/Feb/2026:12:50:40 +0800] "POST /wp-admin/options-permalink.php HTTP/1.1" 302 5 "http://cqqizhou.com/wp-admin/options-permalink.php" "Mozilla/5.0 (Windows NT 10.0; Win64; x64) AppleWebKit/537.36 (KHTML, like Gecko) Chrome/144.0.0.0 Safari/537.36 Edg/144.0.0.0"
14.108.233.171 - - [06/Feb/2026:12:50:42 +0800] "GET /wp-admin/options-permalink.php?settings-updated=true HTTP/1.1" 200 73817 "http://cqqizhou.com/wp-admin/options-permalink.php" "Mozilla/5.0 (Windows NT 10.0; Win64; x64) AppleWebKit/537.36 (KHTML, like Gecko) Chrome/144.0.0.0 Safari/537.36 Edg/144.0.0.0"
14.108.233.171 - - [06/Feb/2026:12:50:47 +0800] "GET /media HTTP/1.1" 200 34415 "http://cqqizhou.com/news" "Mozilla/5.0 (Windows NT 10.0; Win64; x64) AppleWebKit/537.36 (KHTML, like Gecko) Chrome/144.0.0.0 Safari/537.36 Edg/144.0.0.0"
14.108.233.171 - - [06/Feb/2026:12:50:52 +0800] "GET /news/2483 HTTP/1.1" 200 28683 "http://cqqizhou.com/media" "Mozilla/5.0 (Windows NT 10.0; Win64; x64) AppleWebKit/537.36 (KHTML, like Gecko) Chrome/144.0.0.0 Safari/537.36 Edg/144.0.0.0"
14.108.233.171 - - [06/Feb/2026:12:50:52 +0800] "GET /wp-content/uploads/2026/02/1770340535-2026262Article_images_W900%C3%97500px.webp HTTP/1.1" 304 0 "http://cqqizhou.com/news/2483" "Mozilla/5.0 (Windows NT 10.0; Win64; x64) AppleWebKit/537.36 (KHTML, like Gecko) Chrome/144.0.0.0 Safari/537.36 Edg/144.0.0.0"
14.108.233.171 - - [06/Feb/2026:12:51:01 +0800] "GET /media HTTP/1.1" 200 34420 "http://cqqizhou.com/news/2483" "Mozilla/5.0 (Windows NT 10.0; Win64; x64) AppleWebKit/537.36 (KHTML, like Gecko) Chrome/144.0.0.0 Safari/537.36 Edg/144.0.0.0"
36.133.115.36 - - [06/Feb/2026:12:51:33 +0800] "POST /wp-cron.php?doing_wp_cron=1770353493.3348939418792724609375 HTTP/1.1" 200 31 "-" "WordPress/6.9; http://cqqizhou.com"
14.108.233.171 - - [06/Feb/2026:12:51:33 +0800] "GET /media/2 HTTP/1.1" 200 34294 "http://cqqizhou.com/media" "Mozilla/5.0 (Windows NT 10.0; Win64; x64) AppleWebKit/537.36 (KHTML, like Gecko) Chrome/144.0.0.0 Safari/537.36 Edg/144.0.0.0"
14.108.233.171 - - [06/Feb/2026:12:51:33 +0800] "GET /wp-content/uploads/2026/01/1769511379-Article_images_W900%C3%97500px202601271-768x576.webp HTTP/1.1" 200 68654 "http://cqqizhou.com/media/2" "Mozilla/5.0 (Windows NT 10.0; Win64; x64) AppleWebKit/537.36 (KHTML, like Gecko) Chrome/144.0.0.0 Safari/537.36 Edg/144.0.0.0"
14.108.233.171 - - [06/Feb/2026:12:51:33 +0800] "GET /wp-content/uploads/2026/01/1768527483-Article_images_W900%C3%97500px202601161-768x427.webp HTTP/1.1" 200 34262 "http://cqqizhou.com/media/2" "Mozilla/5.0 (Windows NT 10.0; Win64; x64) AppleWebKit/537.36 (KHTML, like Gecko) Chrome/144.0.0.0 Safari/537.36 Edg/144.0.0.0"
14.108.233.171 - - [06/Feb/2026:12:51:33 +0800] "GET /wp-content/uploads/2026/01/1767691466-Article_images_W900%C3%97500px202601061-768x427.webp HTTP/1.1" 200 54742 "http://cqqizhou.com/media/2" "Mozilla/5.0 (Windows NT 10.0; Win64; x64) AppleWebKit/537.36 (KHTML, like Gecko) Chrome/144.0.0.0 Safari/537.36 Edg/144.0.0.0"
36.133.115.36 - - [06/Feb/2026:12:51:34 +0800] "GET / HTTP/1.1" 200 34680 "-" "WP Rocket/Pre-fetch Home Links Mozilla/5.0 (iPhone; CPU iPhone OS 9_1 like Mac OS X) AppleWebKit/601.1.46 (KHTML, like Gecko) Version/9.0 Mobile/13B143 Safari/601.1"
14.108.233.171 - - [06/Feb/2026:12:51:43 +0800] "POST /wp-admin/admin-ajax.php HTTP/1.1" 200 78 "http://cqqizhou.com/wp-admin/options-permalink.php" "Mozilla/5.0 (Windows NT 10.0; Win64; x64) AppleWebKit/537.36 (KHTML, like Gecko) Chrome/144.0.0.0 Safari/537.36 Edg/144.0.0.0"
47.114.89.255 - - [06/Feb/2026:12:53:57 +0800] "GET /Public/admincms/lib/webuploader/0.1.5/server/preview.php HTTP/1.1" 404 47 "-" "Mozilla/5.0 (Windows NT 10.0; Win64; x64)"
47.114.89.255 - - [06/Feb/2026:12:53:57 +0800] "GET /Public/admincms/lib/webuploader/0.1.5/server/fileupload.php HTTP/1.1" 404 47 "-" "Mozilla/5.0 (Windows NT 10.0; Win64; x64)"
36.133.115.36 - - [06/Feb/2026:12:58:32 +0800] "POST /wp-cron.php?doing_wp_cron=1770353912.3777899742126464843750 HTTP/1.1" 200 31 "-" "WordPress/6.9; http://cqqizhou.com"
20.64.106.28 - - [06/Feb/2026:12:58:32 +0800] "GET /developmentserver/metadatauploader HTTP/1.1" 404 8949 "-" "Mozilla/5.0 zgrab/0.x"
36.133.115.36 - - [06/Feb/2026:13:11:43 +0800] "POST /wp-cron.php?doing_wp_cron=1770354703.6998090744018554687500 HTTP/1.1" 200 31 "-" "WordPress/6.9; http://cqqizhou.com"
109.105.210.95 - - [06/Feb/2026:13:11:43 +0800] "GET / HTTP/1.1" 301 5 "-" "Mozilla/5.0 (Windows NT 10.0; Win64; x64) AppleWebKit/537.36 (KHTML, like Gecko) Chrome/60.0.3112.113 Safari/537.36"
109.105.210.95 - - [06/Feb/2026:13:11:46 +0800] "GET / HTTP/1.1" 200 40560 "http://36.133.115.36/" "Mozilla/5.0 (Windows NT 10.0; Win64; x64) AppleWebKit/537.36 (KHTML, like Gecko) Chrome/60.0.3112.113 Safari/537.36"
36.133.115.36 - - [06/Feb/2026:13:18:23 +0800] "POST /wp-cron.php?doing_wp_cron=1770355103.7694840431213378906250 HTTP/1.1" 200 31 "-" "WordPress/6.9; http://cqqizhou.com"
204.76.203.219 - - [06/Feb/2026:13:18:23 +0800] "GET / HTTP/1.1" 200 34680 "-" "Mozilla/5.0 (Windows NT 10.0; Win64; x64) AppleWebKit/537.36 (KHTML, like Gecko) Chrome/90.0.4430.85 Safari/537.36 Edg/90.0.818.46"
47.95.198.251 - - [06/Feb/2026:13:25:15 +0800] "GET /Admin/Tpl/Public/lib/webuploader/0.1.5/server/preview.php HTTP/1.1" 404 47 "-" "Mozilla/5.0 (Windows NT 10.0; Win64; x64)"
47.95.198.251 - - [06/Feb/2026:13:25:16 +0800] "GET /Admin/Tpl/Public/lib/webuploader/0.1.5/server/fileupload.php HTTP/1.1" 404 47 "-" "Mozilla/5.0 (Windows NT 10.0; Win64; x64)"
36.133.115.36 - - [06/Feb/2026:13:34:35 +0800] "POST /wp-cron.php?doing_wp_cron=1770356075.5237600803375244140625 HTTP/1.1" 200 31 "-" "WordPress/6.9; http://cqqizhou.com"
36.133.25.124 - - [06/Feb/2026:13:34:35 +0800] "GET / HTTP/1.0" 200 156948 "-" "-"
36.133.25.124 - - [06/Feb/2026:13:34:36 +0800] "GET / HTTP/1.1" 301 5 "-" "Mozilla/5.0 (Windows NT 6.1) AppleWebKit/537.36 (KHTML, like Gecko) Chrome/49.0.2623.112 Safari/537.36"
36.133.115.36 - - [06/Feb/2026:13:37:41 +0800] "POST /wp-cron.php?doing_wp_cron=1770356261.0054459571838378906250 HTTP/1.1" 200 31 "-" "WordPress/6.9; http://cqqizhou.com"
223.101.182.136 - - [06/Feb/2026:13:37:41 +0800] "GET /2418/ HTTP/1.1" 301 5 "-" "Mozilla/5.0 (Macintosh; Intel Mac OS X 10_15_7) AppleWebKit/537.36 (KHTML, like Gecko) Chrome/134.0.0.0 Safari/537.36"
171.82.59.190 - - [06/Feb/2026:13:37:43 +0800] "GET /news/2418 HTTP/1.1" 200 27286 "http://cqqizhou.com/2418/" "Mozilla/5.0 (Macintosh; Intel Mac OS X 10_15_7) AppleWebKit/537.36 (KHTML, like Gecko) Chrome/134.0.0.0 Safari/537.36"
36.133.115.36 - - [06/Feb/2026:13:39:10 +0800] "POST /wp-cron.php?doing_wp_cron=1770356350.7384760379791259765625 HTTP/1.1" 200 31 "-" "WordPress/6.9; http://cqqizhou.com"
193.142.147.209 - - [06/Feb/2026:13:39:11 +0800] "POST / HTTP/1.1" 200 34680 "-" "Mozilla/5.0 (Windows NT 10.0; Win64; x64) AppleWebKit/537.36"
36.133.115.36 - - [06/Feb/2026:13:49:34 +0800] "POST /wp-cron.php?doing_wp_cron=1770356974.4170510768890380859375 HTTP/1.1" 200 31 "-" "WordPress/6.9; http://cqqizhou.com"
82.223.49.50 - - [06/Feb/2026:13:49:34 +0800] "POST /xmlrpc.php HTTP/1.1" 200 217 "-" "Mozilla/5.0 (Windows NT 10.0) AppleWebKit/537.36 (KHTML, like Gecko) Chrome/142.0.0.0 Safari/537.36"
36.133.115.36 - - [06/Feb/2026:13:50:09 +0800] "POST /wp-cron.php?doing_wp_cron=1770357008.9717528820037841796875 HTTP/1.1" 200 31 "-" "WordPress/6.9; http://cqqizhou.com"
36.133.108.119 - - [06/Feb/2026:13:50:09 +0800] "HEAD /SDK/webLanguage HTTP/1.1" 404 0 "-" "Mozilla/5.0 (compatible; MSIE 8.0; Windows NT 5.1; Trident/4.0; SLCC1; .NET CLR 3.0.4506.2152; .NET CLR 3.5.30729; .NET CLR 1.1.4322)"
36.133.115.36 - - [06/Feb/2026:13:51:42 +0800] "POST /wp-cron.php?doing_wp_cron=1770357102.3542549610137939453125 HTTP/1.1" 200 31 "-" "WordPress/6.9; http://cqqizhou.com"
43.157.95.239 - - [06/Feb/2026:13:51:42 +0800] "GET / HTTP/1.1" 301 5 "-" "Mozilla/5.0 (iPhone; CPU iPhone OS 13_2_3 like Mac OS X) AppleWebKit/605.1.15 (KHTML, like Gecko) Version/13.0.3 Mobile/15E148 Safari/604.1"
43.157.95.239 - - [06/Feb/2026:13:51:44 +0800] "GET / HTTP/1.1" 200 34680 "http://www.cqqizhou.com" "Mozilla/5.0 (iPhone; CPU iPhone OS 13_2_3 like Mac OS X) AppleWebKit/605.1.15 (KHTML, like Gecko) Version/13.0.3 Mobile/15E148 Safari/604.1"
36.133.115.36 - - [06/Feb/2026:13:54:59 +0800] "POST /wp-cron.php?doing_wp_cron=1770357299.4444129467010498046875 HTTP/1.1" 200 31 "-" "WordPress/6.9; http://cqqizhou.com"
85.208.96.200 - - [06/Feb/2026:13:54:59 +0800] "GET /robots.txt HTTP/1.1" 200 190 "-" "Mozilla/5.0 (compatible; SemrushBot/7~bl; +http://www.semrush.com/bot.html)"
85.208.96.196 - - [06/Feb/2026:13:55:00 +0800] "GET /2388/ HTTP/1.1" 301 5 "-" "Mozilla/5.0 (compatible; SemrushBot/7~bl; +http://www.semrush.com/bot.html)"
85.208.96.194 - - [06/Feb/2026:13:55:03 +0800] "GET /news/2388 HTTP/1.1" 200 24427 "-" "Mozilla/5.0 (compatible; SemrushBot/7~bl; +http://www.semrush.com/bot.html)"
180.153.236.233 - - [06/Feb/2026:13:57:21 +0800] "GET / HTTP/1.1" 200 40578 "http://cqqizhou.com" "User-Agent:Mozilla/5.0 (Windows NT 10.0; Win64; x64) AppleWebKit/537.36 (KHTML, like Gecko) Chrome/140.0.0.0 Safari/537.36 Edg/140.0.0.0; 360Spider"
36.133.115.36 - - [06/Feb/2026:13:57:39 +0800] "POST /wp-cron.php?doing_wp_cron=1770357459.2664721012115478515625 HTTP/1.1" 200 31 "-" "WordPress/6.9; http://cqqizhou.com"
66.249.74.7 - - [06/Feb/2026:13:57:39 +0800] "GET / HTTP/1.1" 200 34680 "-" "Mozilla/5.0 (Linux; Android 6.0.1; Nexus 5X Build/MMB29P) AppleWebKit/537.36 (KHTML, like Gecko) Chrome/144.0.7559.132 Mobile Safari/537.36 (compatible; Googlebot/2.1; +http://www.google.com/bot.html)"
36.133.115.36 - - [06/Feb/2026:14:14:17 +0800] "POST /wp-cron.php?doing_wp_cron=1770358457.6402769088745117187500 HTTP/1.1" 200 31 "-" "WordPress/6.9; http://cqqizhou.com"
43.155.129.131 - - [06/Feb/2026:14:14:17 +0800] "GET / HTTP/1.1" 301 5 "-" "Mozilla/5.0 (iPhone; CPU iPhone OS 13_2_3 like Mac OS X) AppleWebKit/605.1.15 (KHTML, like Gecko) Version/13.0.3 Mobile/15E148 Safari/604.1"
43.155.129.131 - - [06/Feb/2026:14:14:19 +0800] "GET / HTTP/1.1" 200 34680 "http://36.133.115.36" "Mozilla/5.0 (iPhone; CPU iPhone OS 13_2_3 like Mac OS X) AppleWebKit/605.1.15 (KHTML, like Gecko) Version/13.0.3 Mobile/15E148 Safari/604.1"
116.179.32.79 - - [06/Feb/2026:14:15:21 +0800] "GET / HTTP/1.1" 200 40578 "-" "Mozilla/5.0 (compatible; Baiduspider/2.0; +http://www.baidu.com/search/spider.html)"
36.133.115.36 - - [06/Feb/2026:14:15:39 +0800] "POST /wp-cron.php?doing_wp_cron=1770358539.8388080596923828125000 HTTP/1.1" 200 31 "-" "WordPress/6.9; http://cqqizhou.com"
220.181.51.85 - - [06/Feb/2026:14:15:39 +0800] "GET /robots.txt HTTP/1.1" 200 190 "-" "Mozilla/5.0 (Windows NT 10.0; WOW64) AppleWebKit/537.36 (KHTML, like Gecko) Chrome/48.0.2564.116 Safari/537.36"
101.33.81.73 - - [06/Feb/2026:14:15:49 +0800] "GET /news/portfolio/remaining-rolls HTTP/1.1" 200 18706 "-" "Mozilla/5.0 (iPhone; CPU iPhone OS 13_2_3 like Mac OS X) AppleWebKit/605.1.15 (KHTML, like Gecko) Version/13.0.3 Mobile/15E148 Safari/604.1"
36.133.115.36 - - [06/Feb/2026:14:18:42 +0800] "POST /wp-cron.php?doing_wp_cron=1770358722.4994189739227294921875 HTTP/1.1" 200 31 "-" "WordPress/6.9; http://cqqizhou.com"
220.181.108.155 - - [06/Feb/2026:14:18:42 +0800] "GET /news/2483 HTTP/1.1" 200 24331 "-" "Mozilla/5.0 (compatible; Baiduspider/2.0; +http://www.baidu.com/search/spider.html)"
220.181.108.158 - - [06/Feb/2026:14:18:42 +0800] "GET /about HTTP/1.1" 200 30000 "-" "Mozilla/5.0 (compatible; Baiduspider/2.0; +http://www.baidu.com/search/spider.html)"
220.181.108.83 - - [06/Feb/2026:14:18:43 +0800] "GET /news/portfolio/remaining-rolls HTTP/1.1" 200 22159 "-" "Mozilla/5.0 (compatible; Baiduspider/2.0; +http://www.baidu.com/search/spider.html)"
116.179.32.70 - - [06/Feb/2026:14:18:43 +0800] "GET /news/2475 HTTP/1.1" 200 26588 "-" "Mozilla/5.0 (compatible; Baiduspider/2.0; +http://www.baidu.com/search/spider.html)"
220.181.108.174 - - [06/Feb/2026:14:18:43 +0800] "GET /news/portfolio-category/remaining-rolls HTTP/1.1" 200 21007 "-" "Mozilla/5.0 (compatible; Baiduspider/2.0; +http://www.baidu.com/search/spider.html)"
116.179.37.88 - - [06/Feb/2026:14:18:44 +0800] "GET /wp-content/uploads/2026/02/1770340535-2026262Article_images_W900%C3%97500px.webp HTTP/1.1" 200 42120 "http://cqqizhou.com/news/2483" "Mozilla/5.0 (compatible; Baiduspider-render/2.0; +http://www.baidu.com/search/spider.html)"
116.179.37.49 - - [06/Feb/2026:14:18:44 +0800] "GET /wp-content/uploads/2026/02/1770340507-2026261Article_images_W900%C3%97500px.webp HTTP/1.1" 200 33216 "http://cqqizhou.com/news/2483" "Mozilla/5.0 (compatible; Baiduspider-render/2.0; +http://www.baidu.com/search/spider.html)"
116.179.37.96 - - [06/Feb/2026:14:18:44 +0800] "GET /wp-content/uploads/2025/07/1753453127-%E4%BD%99%E5%8D%B7product_Single600%C3%97284-300x142.webp HTTP/1.1" 200 10690 "http://cqqizhou.com/news/portfolio/remaining-rolls" "Mozilla/5.0 (compatible; Baiduspider-render/2.0; +http://www.baidu.com/search/spider.html)"
116.179.37.77 - - [06/Feb/2026:14:18:44 +0800] "GET /wp-content/uploads/2025/07/1753456770-%E7%83%AD%E9%95%80%E9%94%8C%E5%8D%B7product_Single600-150x150.webp HTTP/1.1" 200 5124 "http://cqqizhou.com/news/portfolio/remaining-rolls" "Mozilla/5.0 (compatible; Baiduspider-render/2.0; +http://www.baidu.com/search/spider.html)"
116.179.37.119 - - [06/Feb/2026:14:18:44 +0800] "GET /wp-content/uploads/2025/07/1753453127-%E4%BD%99%E5%8D%B7product_Single600%C3%97284.webp HTTP/1.1" 200 18744 "http://cqqizhou.com/news/portfolio-category/remaining-rolls" "Mozilla/5.0 (compatible; Baiduspider-render/2.0; +http://www.baidu.com/search/spider.html)"
116.179.37.73 - - [06/Feb/2026:14:18:45 +0800] "GET /wp-content/uploads/2025/07/1750671803-partner3_200x50.webp HTTP/1.1" 200 4414 "http://cqqizhou.com/about" "Mozilla/5.0 (compatible; Baiduspider-render/2.0; +http://www.baidu.com/search/spider.html)"
116.179.37.98 - - [06/Feb/2026:14:18:46 +0800] "GET /wp-content/uploads/elementor/thumbs/1751373145-About_Qizhoudalou_W800px-r91b70ok8huvvdr4ynxnf302e8ie3iydlh6ag9ew82.webp HTTP/1.1" 200 37938 "http://cqqizhou.com/about" "Mozilla/5.0 (compatible; Baiduspider-render/2.0; +http://www.baidu.com/search/spider.html)"
116.179.37.175 - - [06/Feb/2026:14:18:46 +0800] "GET /wp-content/uploads/elementor/thumbs/1751209300-Hello-Qizhou3-r91b71mdtei8mab1rr8x739cnvi1mafuaga3vbed3o.webp HTTP/1.1" 200 39120 "http://cqqizhou.com/about" "Mozilla/5.0 (compatible; Baiduspider-render/2.0; +http://www.baidu.com/search/spider.html)"
116.179.37.184 - - [06/Feb/2026:14:18:47 +0800] "GET /wp-content/uploads/2026/01/1770349139-202624Article_images_W900%C3%97500px20260-.webp HTTP/1.1" 200 58006 "http://cqqizhou.com/news/2475" "Mozilla/5.0 (compatible; Baiduspider-render/2.0; +http://www.baidu.com/search/spider.html)"
220.181.51.85 - - [06/Feb/2026:14:19:00 +0800] "GET /wp-content/uploads/2026/01/1770349139-202624Article_images_W900%A1%C1500px20260-.webp HTTP/1.1" 404 31365 "http://cqqizhou.com/" "Mozilla/5.0 (Windows NT 10.0; WOW64) AppleWebKit/537.36 (KHTML, like Gecko) Chrome/48.0.2564.116 Safari/537.36"
220.181.51.85 - - [06/Feb/2026:14:19:00 +0800] "GET /wp-content/uploads/2026/01/1770349139-202624Article_images_W900%A1%C1500px20260-.webp HTTP/1.1" 404 31365 "http://cqqizhou.com/" "Mozilla/5.0 (Windows NT 10.0; WOW64) AppleWebKit/537.36 (KHTML, like Gecko) Chrome/48.0.2564.116 Safari/537.36"
116.179.32.160 - - [06/Feb/2026:14:22:01 +0800] "GET /wp-content/uploads/2026/01/1770349139-202624Article_images_W900%C3%97500px20260-.webp HTTP/1.1" 200 58006 "-" "Mozilla/5.0 (compatible; Baiduspider/2.0; +http://www.baidu.com/search/spider.html)"
116.179.32.29 - - [06/Feb/2026:14:22:02 +0800] "GET /news/2486 HTTP/1.1" 200 23875 "-" "Mozilla/5.0 (compatible; Baiduspider/2.0; +http://www.baidu.com/search/spider.html)"
36.133.115.36 - - [06/Feb/2026:14:22:02 +0800] "POST /wp-cron.php?doing_wp_cron=1770358922.4052700996398925781250 HTTP/1.1" 200 31 "-" "WordPress/6.9; http://cqqizhou.com"
116.179.32.242 - - [06/Feb/2026:14:22:02 +0800] "GET /feed HTTP/1.1" 200 60175 "-" "Mozilla/5.0 (compatible; Baiduspider/2.0; +http://www.baidu.com/search/spider.html)"
116.179.32.167 - - [06/Feb/2026:14:22:02 +0800] "GET /news/2464 HTTP/1.1" 200 23426 "-" "Mozilla/5.0 (compatible; Baiduspider/2.0; +http://www.baidu.com/search/spider.html)"
220.181.108.91 - - [06/Feb/2026:14:22:02 +0800] "GET /news/portfolio/duplex-stainless-steel HTTP/1.1" 200 22149 "-" "Mozilla/5.0 (compatible; Baiduspider/2.0; +http://www.baidu.com/search/spider.html)"
116.179.37.120 - - [06/Feb/2026:14:22:03 +0800] "GET /wp-content/uploads/2026/02/1770341652-2026251Article_images_W900%C3%97500px.webp HTTP/1.1" 200 43300 "http://cqqizhou.com/news/2486" "Mozilla/5.0 (compatible; Baiduspider-render/2.0; +http://www.baidu.com/search/spider.html)"
116.179.37.243 - - [06/Feb/2026:14:22:03 +0800] "GET /wp-content/uploads/2026/02/1770341655-Article_images_W900px.webp HTTP/1.1" 200 68460 "http://cqqizhou.com/news/2486" "Mozilla/5.0 (compatible; Baiduspider-render/2.0; +http://www.baidu.com/search/spider.html)"
116.179.37.12 - - [06/Feb/2026:14:22:03 +0800] "GET /wp-content/uploads/2026/02/1770341653-2026252Article_images_W900px.webp HTTP/1.1" 200 97830 "http://cqqizhou.com/news/2486" "Mozilla/5.0 (compatible; Baiduspider-render/2.0; +http://www.baidu.com/search/spider.html)"
116.179.37.141 - - [06/Feb/2026:14:22:03 +0800] "GET /wp-content/uploads/2026/02/1770341654-2026253Article_images_W900px.webp HTTP/1.1" 200 88106 "http://cqqizhou.com/news/2486" "Mozilla/5.0 (compatible; Baiduspider-render/2.0; +http://www.baidu.com/search/spider.html)"
146.247.229.2 - - [06/Feb/2026:14:22:57 +0800] "GET / HTTP/1.1" 200 40578 "-" "Mozilla/5.0 (Windows NT 10.0; Win64; x64) AppleWebKit/537.36 (KHTML, like Gecko) Chrome/122.0.0.0 Safari/537.3"
36.133.115.36 - - [06/Feb/2026:14:22:58 +0800] "POST /wp-cron.php?doing_wp_cron=1770358978.7848980426788330078125 HTTP/1.1" 200 31 "-" "WordPress/6.9; http://cqqizhou.com"
178.73.233.115 - - [06/Feb/2026:14:22:58 +0800] "GET /news/portfolio-category/hot-dip-galvanized-coil HTTP/1.1" 200 21034 "-" "Mozilla/5.0 (Windows NT 10.0; Win64; x64) AppleWebKit/537.36 (KHTML, like Gecko) Chrome/122.0.0.0 Safari/537.3"
93.158.91.237 - - [06/Feb/2026:14:23:00 +0800] "GET /news/portfolio/%e5%86%b7%e8%bd%a7%e6%9d%bf HTTP/1.1" 200 22102 "-" "Mozilla/5.0 (Windows NT 10.0; Win64; x64) AppleWebKit/537.36 (KHTML, like Gecko) Chrome/122.0.0.0 Safari/537.3"
146.247.229.2 - - [06/Feb/2026:14:23:02 +0800] "GET /news/portfolio-category/cold-rolled-coil HTTP/1.1" 200 21045 "-" "Mozilla/5.0 (Windows NT 10.0; Win64; x64) AppleWebKit/537.36 (KHTML, like Gecko) Chrome/122.0.0.0 Safari/537.3"
36.133.115.36 - - [06/Feb/2026:14:25:22 +0800] "POST /wp-cron.php?doing_wp_cron=1770359122.5190711021423339843750 HTTP/1.1" 200 31 "-" "WordPress/6.9; http://cqqizhou.com"
220.181.108.155 - - [06/Feb/2026:14:25:22 +0800] "GET /news/portfolio-category/dual-phase-steel HTTP/1.1" 200 21036 "-" "Mozilla/5.0 (compatible; Baiduspider/2.0; +http://www.baidu.com/search/spider.html)"
220.181.108.92 - - [06/Feb/2026:14:25:22 +0800] "GET /news/2440 HTTP/1.1" 200 25404 "-" "Mozilla/5.0 (compatible; Baiduspider/2.0; +http://www.baidu.com/search/spider.html)"
220.181.108.102 - - [06/Feb/2026:14:25:22 +0800] "GET /media HTTP/1.1" 200 31769 "-" "Mozilla/5.0 (compatible; Baiduspider/2.0; +http://www.baidu.com/search/spider.html)"
36.133.115.36 - - [06/Feb/2026:14:25:23 +0800] "POST /wp-cron.php?doing_wp_cron=1770359123.1656429767608642578125 HTTP/1.1" 200 31 "-" "WordPress/6.9; http://cqqizhou.com"
116.179.32.165 - - [06/Feb/2026:14:25:23 +0800] "GET /news/tag/%E7%89%A9%E6%B5%81 HTTP/1.1" 200 20995 "-" "Mozilla/5.0 (compatible; Baiduspider/2.0; +http://www.baidu.com/search/spider.html)"
116.179.37.58 - - [06/Feb/2026:14:25:24 +0800] "GET /wp-content/uploads/2026/02/1770341652-2026251Article_images_W900%C3%97500px-300x167.webp HTTP/1.1" 200 11374 "http://cqqizhou.com/media" "Mozilla/5.0 (compatible; Baiduspider-render/2.0; +http://www.baidu.com/search/spider.html)"
116.179.37.234 - - [06/Feb/2026:14:25:24 +0800] "GET /wp-content/uploads/2026/01/1770349139-202624Article_images_W900%C3%97500px20260--300x167.webp HTTP/1.1" 200 14928 "http://cqqizhou.com/media" "Mozilla/5.0 (compatible; Baiduspider-render/2.0; +http://www.baidu.com/search/spider.html)"
116.179.37.116 - - [06/Feb/2026:14:25:24 +0800] "GET /wp-content/uploads/2026/02/1770340507-2026261Article_images_W900%C3%97500px-300x167.webp HTTP/1.1" 200 11400 "http://cqqizhou.com/media" "Mozilla/5.0 (compatible; Baiduspider-render/2.0; +http://www.baidu.com/search/spider.html)"
116.179.37.86 - - [06/Feb/2026:14:25:24 +0800] "GET /wp-content/uploads/2025/12/1765268955-qizhou_Slider1_3840%C3%972160_20251210-scaled.webp HTTP/1.1" 200 152162 "http://cqqizhou.com/media" "Mozilla/5.0 (compatible; Baiduspider-render/2.0; +http://www.baidu.com/search/spider.html)"
36.133.115.36 - - [06/Feb/2026:14:28:42 +0800] "POST /wp-cron.php?doing_wp_cron=1770359322.4724190235137939453125 HTTP/1.1" 200 31 "-" "WordPress/6.9; http://cqqizhou.com"
116.179.32.196 - - [06/Feb/2026:14:28:42 +0800] "GET /news/portfolio HTTP/1.1" 200 20606 "-" "Mozilla/5.0 (compatible; Baiduspider/2.0; +http://www.baidu.com/search/spider.html)"
36.133.115.36 - - [06/Feb/2026:14:28:42 +0800] "POST /wp-cron.php?doing_wp_cron=1770359322.5181798934936523437500 HTTP/1.1" 200 31 "-" "WordPress/6.9; http://cqqizhou.com"
220.181.108.177 - - [06/Feb/2026:14:28:42 +0800] "GET /news/tag/%E5%8D%9A%E8%81%94%E8%BE%BE HTTP/1.1" 200 21015 "-" "Mozilla/5.0 (compatible; Baiduspider/2.0; +http://www.baidu.com/search/spider.html)"
36.133.115.36 - - [06/Feb/2026:14:28:42 +0800] "POST /wp-cron.php?doing_wp_cron=1770359322.5234830379486083984375 HTTP/1.1" 200 31 "-" "WordPress/6.9; http://cqqizhou.com"
116.179.32.40 - - [06/Feb/2026:14:28:42 +0800] "GET /news/2163 HTTP/1.1" 200 23745 "-" "Mozilla/5.0 (compatible; Baiduspider/2.0; +http://www.baidu.com/search/spider.html)"
36.133.115.36 - - [06/Feb/2026:14:28:42 +0800] "POST /wp-cron.php?doing_wp_cron=1770359322.6384589672088623046875 HTTP/1.1" 200 31 "-" "WordPress/6.9; http://cqqizhou.com"
116.179.32.168 - - [06/Feb/2026:14:28:42 +0800] "GET /industry HTTP/1.1" 200 24121 "-" "Mozilla/5.0 (compatible; Baiduspider/2.0; +http://www.baidu.com/search/spider.html)"
36.133.115.36 - - [06/Feb/2026:14:28:42 +0800] "POST /wp-cron.php?doing_wp_cron=1770359322.7414450645446777343750 HTTP/1.1" 200 31 "-" "WordPress/6.9; http://cqqizhou.com"
