204.76.203.219 - - [06/Feb/2026:17:02:52 +0800] "GET / HTTP/1.1" 200 34682 "-" "Mozilla/5.0 (Windows NT 10.0; Win64; x64) AppleWebKit/537.36 (KHTML, like Gecko) Chrome/90.0.4430.85 Safari/537.36 Edg/90.0.818.46"
36.133.115.36 - - [06/Feb/2026:17:05:12 +0800] "POST /wp-cron.php?doing_wp_cron=1770368712.8245289325714111328125 HTTP/1.1" 200 31 "-" "WordPress/6.9; http://cqqizhou.com"
43.130.102.7 - - [06/Feb/2026:17:05:12 +0800] "GET /news HTTP/1.1" 200 19805 "-" "Mozilla/5.0 (iPhone; CPU iPhone OS 13_2_3 like Mac OS X) AppleWebKit/605.1.15 (KHTML, like Gecko) Version/13.0.3 Mobile/15E148 Safari/604.1"
36.133.115.36 - - [06/Feb/2026:17:08:31 +0800] "POST /wp-cron.php?doing_wp_cron=1770368911.1373579502105712890625 HTTP/1.1" 200 31 "-" "WordPress/6.9; http://cqqizhou.com"
20.163.60.142 - - [06/Feb/2026:17:08:31 +0800] "GET /hudson HTTP/1.1" 404 8949 "-" "Mozilla/5.0 zgrab/0.x"
36.133.115.36 - - [06/Feb/2026:17:09:18 +0800] "POST /wp-cron.php?doing_wp_cron=1770368958.8589270114898681640625 HTTP/1.1" 200 31 "-" "WordPress/6.9; http://cqqizhou.com"
123.147.247.107 - - [06/Feb/2026:17:09:18 +0800] "GET /news/2159 HTTP/1.1" 200 24588 "https://m.baidu.com/?eqid=a23e7b596c505b6c100000056985afa0" "Mozilla/5.0 (iPhone; CPU iPhone OS 18_0 like Mac OS X) AppleWebKit/605.1.15 (KHTML, like Gecko) Mobile/15E148 SP-engine/3.55.0 main/1.0 baiduboxapp/15.47.0.10 (Baidu; P2 18.0) NABar/1.0 themeUA=Theme/default"
36.133.115.36 - - [06/Feb/2026:17:12:57 +0800] "POST /wp-cron.php?doing_wp_cron=1770369177.4941890239715576171875 HTTP/1.1" 200 31 "-" "WordPress/6.9; http://cqqizhou.com"
43.166.247.82 - - [06/Feb/2026:17:12:57 +0800] "GET / HTTP/1.1" 200 34680 "-" "Mozilla/5.0 (iPhone; CPU iPhone OS 13_2_3 like Mac OS X) AppleWebKit/605.1.15 (KHTML, like Gecko) Version/13.0.3 Mobile/15E148 Safari/604.1"
36.133.115.36 - - [06/Feb/2026:17:15:20 +0800] "POST /wp-cron.php?doing_wp_cron=1770369320.4690690040588378906250 HTTP/1.1" 200 31 "-" "WordPress/6.9; http://cqqizhou.com"
43.135.148.92 - - [06/Feb/2026:17:15:20 +0800] "GET /company-news HTTP/1.1" 200 19922 "-" "Mozilla/5.0 (iPhone; CPU iPhone OS 13_2_3 like Mac OS X) AppleWebKit/605.1.15 (KHTML, like Gecko) Version/13.0.3 Mobile/15E148 Safari/604.1"
36.133.115.36 - - [06/Feb/2026:17:16:34 +0800] "POST /wp-cron.php?doing_wp_cron=1770369394.4220139980316162109375 HTTP/1.1" 200 31 "-" "WordPress/6.9; http://cqqizhou.com"
40.77.167.48 - - [06/Feb/2026:17:16:34 +0800] "GET /2475/ HTTP/1.1" 301 5 "-" "Mozilla/5.0 AppleWebKit/537.36 (KHTML, like Gecko; compatible; bingbot/2.0; +http://www.bing.com/bingbot.htm) Chrome/116.0.1938.76 Safari/537.36"
40.77.167.48 - - [06/Feb/2026:17:16:35 +0800] "GET /news/2475 HTTP/1.1" 200 26606 "-" "Mozilla/5.0 AppleWebKit/537.36 (KHTML, like Gecko; compatible; bingbot/2.0; +http://www.bing.com/bingbot.htm) Chrome/116.0.1938.76 Safari/537.36"
36.133.115.36 - - [06/Feb/2026:17:18:33 +0800] "POST /wp-cron.php?doing_wp_cron=1770369513.1366748809814453125000 HTTP/1.1" 200 31 "-" "WordPress/6.9; http://cqqizhou.com"
66.249.74.7 - - [06/Feb/2026:17:18:33 +0800] "GET /about HTTP/1.1" 200 24096 "-" "Mozilla/5.0 (Linux; Android 6.0.1; Nexus 5X Build/MMB29P) AppleWebKit/537.36 (KHTML, like Gecko) Chrome/144.0.7559.132 Mobile Safari/537.36 (compatible; GoogleOther)"
36.133.115.36 - - [06/Feb/2026:17:31:38 +0800] "POST /wp-cron.php?doing_wp_cron=1770370298.5037729740142822265625 HTTP/1.1" 200 31 "-" "WordPress/6.9; http://cqqizhou.com"
45.194.92.11 - - [06/Feb/2026:17:31:38 +0800] "GET /dispatch.asp HTTP/1.1" 301 5 "-" "Mozilla/5.0 (Windows NT 10.0; Win64; x64) AppleWebKit/537.36 (KHTML, like Gecko) Chrome/90.0.4430.85 Safari/537.36 Edg/90.0.818.46"
36.133.115.36 - - [06/Feb/2026:17:33:35 +0800] "POST /wp-cron.php?doing_wp_cron=1770370415.8936719894409179687500 HTTP/1.1" 200 31 "-" "WordPress/6.9; http://cqqizhou.com"
66.249.74.7 - - [06/Feb/2026:17:33:35 +0800] "GET /logistics HTTP/1.1" 200 24991 "-" "Mozilla/5.0 (Linux; Android 6.0.1; Nexus 5X Build/MMB29P) AppleWebKit/537.36 (KHTML, like Gecko) Chrome/144.0.7559.132 Mobile Safari/537.36 (compatible; Googlebot/2.1; +http://www.google.com/bot.html)"
36.133.115.36 - - [06/Feb/2026:17:35:01 +0800] "POST /wp-cron.php?doing_wp_cron=1770370501.0949890613555908203125 HTTP/1.1" 200 31 "-" "WordPress/6.9; http://cqqizhou.com"
182.44.10.67 - - [06/Feb/2026:17:35:01 +0800] "GET / HTTP/1.1" 301 5 "-" "Mozilla/5.0 (iPhone; CPU iPhone OS 13_2_3 like Mac OS X) AppleWebKit/605.1.15 (KHTML, like Gecko) Version/13.0.3 Mobile/15E148 Safari/604.1"
36.133.115.36 - - [06/Feb/2026:17:36:18 +0800] "POST /wp-cron.php?doing_wp_cron=1770370578.7676539421081542968750 HTTP/1.1" 200 31 "-" "WordPress/6.9; http://cqqizhou.com"
43.159.136.201 - - [06/Feb/2026:17:36:18 +0800] "GET /news/portfolio-category/hot-dip-galvanized-coil HTTP/1.1" 200 17707 "-" "Mozilla/5.0 (iPhone; CPU iPhone OS 13_2_3 like Mac OS X) AppleWebKit/605.1.15 (KHTML, like Gecko) Version/13.0.3 Mobile/15E148 Safari/604.1"
36.133.115.36 - - [06/Feb/2026:17:39:50 +0800] "POST /wp-cron.php?doing_wp_cron=1770370790.0984210968017578125000 HTTP/1.1" 200 31 "-" "WordPress/6.9; http://cqqizhou.com"
204.76.203.206 - - [06/Feb/2026:17:39:50 +0800] "GET / HTTP/1.1" 200 156970 "-" "Mozilla/5.0"
36.133.115.36 - - [06/Feb/2026:17:43:32 +0800] "POST /wp-cron.php?doing_wp_cron=1770371012.8757340908050537109375 HTTP/1.1" 200 31 "-" "WordPress/6.9; http://cqqizhou.com"
66.249.74.7 - - [06/Feb/2026:17:43:32 +0800] "GET /news HTTP/1.1" 200 19805 "-" "Mozilla/5.0 (Linux; Android 6.0.1; Nexus 5X Build/MMB29P) AppleWebKit/537.36 (KHTML, like Gecko) Chrome/144.0.7559.132 Mobile Safari/537.36 (compatible; GoogleOther)"
36.133.115.36 - - [06/Feb/2026:17:47:23 +0800] "POST /wp-cron.php?doing_wp_cron=1770371243.2773969173431396484375 HTTP/1.1" 200 31 "-" "WordPress/6.9; http://cqqizhou.com"
204.76.203.69 - - [06/Feb/2026:17:47:23 +0800] "GET / HTTP/1.1" 301 5 "-" "Mozilla/5.0 (Windows NT 10.0; Win64; x64) AppleWebKit/537.36 (KHTML, like Gecko) Chrome/90.0.4430.85 Safari/537.36 Edg/90.0.818.46"
36.133.115.36 - - [06/Feb/2026:17:49:07 +0800] "POST /wp-cron.php?doing_wp_cron=1770371347.5135540962219238281250 HTTP/1.1" 200 31 "-" "WordPress/6.9; http://cqqizhou.com"
43.132.214.228 - - [06/Feb/2026:17:49:07 +0800] "GET / HTTP/1.1" 200 34682 "-" "Mozilla/5.0 (iPhone; CPU iPhone OS 13_2_3 like Mac OS X) AppleWebKit/605.1.15 (KHTML, like Gecko) Version/13.0.3 Mobile/15E148 Safari/604.1"
36.133.115.36 - - [06/Feb/2026:17:50:53 +0800] "POST /wp-cron.php?doing_wp_cron=1770371453.2288711071014404296875 HTTP/1.1" 200 31 "-" "WordPress/6.9; http://cqqizhou.com"
36.133.108.119 - - [06/Feb/2026:17:50:53 +0800] "HEAD /dispatch.asp HTTP/1.1" 404 0 "-" "Mozilla/5.0 (Windows; U; Windows NT 6.1; en-US) AppleWebKit/533.20.25 (KHTML, like Gecko) Version/5.0.4 Safari/533.20.27"
36.133.115.36 - - [06/Feb/2026:17:51:30 +0800] "POST /wp-cron.php?doing_wp_cron=1770371490.7110059261322021484375 HTTP/1.1" 200 31 "-" "WordPress/6.9; http://cqqizhou.com"
176.31.139.19 - - [06/Feb/2026:17:51:30 +0800] "GET /robots.txt HTTP/1.1" 200 190 "-" "Mozilla/5.0 (compatible; AhrefsBot/7.0; +http://ahrefs.com/robot/)"
36.133.115.36 - - [06/Feb/2026:17:58:57 +0800] "POST /wp-cron.php?doing_wp_cron=1770371937.5804059505462646484375 HTTP/1.1" 200 31 "-" "WordPress/6.9; http://cqqizhou.com"
204.76.203.219 - - [06/Feb/2026:17:58:57 +0800] "GET / HTTP/1.1" 200 34682 "-" "Mozilla/5.0 (Windows NT 10.0; Win64; x64) AppleWebKit/537.36 (KHTML, like Gecko) Chrome/90.0.4430.85 Safari/537.36 Edg/90.0.818.46"
36.133.115.36 - - [06/Feb/2026:18:00:13 +0800] "POST /wp-cron.php?doing_wp_cron=1770372013.2595748901367187500000 HTTP/1.1" 200 31 "-" "WordPress/6.9; http://cqqizhou.com"
66.249.74.9 - - [06/Feb/2026:18:00:13 +0800] "GET /company-news HTTP/1.1" 200 19922 "-" "Mozilla/5.0 (Linux; Android 6.0.1; Nexus 5X Build/MMB29P) AppleWebKit/537.36 (KHTML, like Gecko) Chrome/144.0.7559.132 Mobile Safari/537.36 (compatible; GoogleOther)"
36.133.115.36 - - [06/Feb/2026:18:06:28 +0800] "POST /wp-cron.php?doing_wp_cron=1770372388.7450139522552490234375 HTTP/1.1" 200 31 "-" "WordPress/6.9; http://cqqizhou.com"
170.106.163.48 - - [06/Feb/2026:18:06:28 +0800] "GET /news/portfolio-category/dual-phase-steel HTTP/1.1" 200 17702 "-" "Mozilla/5.0 (iPhone; CPU iPhone OS 13_2_3 like Mac OS X) AppleWebKit/605.1.15 (KHTML, like Gecko) Version/13.0.3 Mobile/15E148 Safari/604.1"
36.133.115.36 - - [06/Feb/2026:18:08:41 +0800] "POST /wp-cron.php?doing_wp_cron=1770372521.2943220138549804687500 HTTP/1.1" 200 31 "-" "WordPress/6.9; http://cqqizhou.com"
164.92.66.167 - - [06/Feb/2026:18:08:41 +0800] "POST /xmlrpc.php HTTP/1.1" 200 217 "-" "Mozilla/5.0 (Windows NT 10.0; Win64; x64) AppleWebKit/537.36 (KHTML, like Gecko) Chrome/138.0.0.0 Safari/537.36"
51.68.247.223 - - [06/Feb/2026:18:09:25 +0800] "GET /wp-content/uploads/2026/02/1770340507-2026261Article_images_W900%C3%97500px.webp HTTP/1.1" 200 33216 "-" "Mozilla/5.0 (compatible; AhrefsBot/7.0; +http://ahrefs.com/robot/)"
36.133.115.36 - - [06/Feb/2026:18:10:04 +0800] "POST /wp-cron.php?doing_wp_cron=1770372604.7073318958282470703125 HTTP/1.1" 200 31 "-" "WordPress/6.9; http://cqqizhou.com"
220.181.108.94 - - [06/Feb/2026:18:10:04 +0800] "GET /portfolio-category/pickled-coil/ HTTP/1.1" 301 5 "-" "Mozilla/5.0 (compatible; Baiduspider/2.0; +http://www.baidu.com/search/spider.html)"
220.181.108.156 - - [06/Feb/2026:18:10:04 +0800] "GET /news/portfolio/pickled-coil HTTP/1.1" 200 22185 "-" "Mozilla/5.0 (compatible; Baiduspider/2.0; +http://www.baidu.com/search/spider.html)"
36.133.115.36 - - [06/Feb/2026:18:15:43 +0800] "POST /wp-cron.php?doing_wp_cron=1770372943.7716350555419921875000 HTTP/1.1" 200 31 "-" "WordPress/6.9; http://cqqizhou.com"
43.157.188.74 - - [06/Feb/2026:18:15:43 +0800] "GET /news/portfolio-category/remaining-rolls HTTP/1.1" 200 17683 "-" "Mozilla/5.0 (iPhone; CPU iPhone OS 13_2_3 like Mac OS X) AppleWebKit/605.1.15 (KHTML, like Gecko) Version/13.0.3 Mobile/15E148 Safari/604.1"
36.133.115.36 - - [06/Feb/2026:18:16:53 +0800] "POST /wp-cron.php?doing_wp_cron=1770373013.1413960456848144531250 HTTP/1.1" 200 31 "-" "WordPress/6.9; http://cqqizhou.com"
66.249.74.8 - - [06/Feb/2026:18:16:53 +0800] "GET /news/2418 HTTP/1.1" 200 23262 "-" "Mozilla/5.0 (Linux; Android 6.0.1; Nexus 5X Build/MMB29P) AppleWebKit/537.36 (KHTML, like Gecko) Chrome/144.0.7559.132 Mobile Safari/537.36 (compatible; GoogleOther)"
36.133.115.36 - - [06/Feb/2026:18:17:30 +0800] "POST /wp-cron.php?doing_wp_cron=1770373050.6567649841308593750000 HTTP/1.1" 200 31 "-" "WordPress/6.9; http://cqqizhou.com"
60.165.238.170 - - [06/Feb/2026:18:17:30 +0800] "GET / HTTP/1.1" 301 5 "-" "Go-http-client/1.1"
60.165.238.170 - - [06/Feb/2026:18:17:31 +0800] "GET / HTTP/1.1" 200 40578 "http://36.133.115.36" "Go-http-client/1.1"
36.133.115.36 - - [06/Feb/2026:18:21:44 +0800] "POST /wp-cron.php?doing_wp_cron=1770373304.8158390522003173828125 HTTP/1.1" 200 31 "-" "WordPress/6.9; http://cqqizhou.com"
204.76.203.18 - - [06/Feb/2026:18:21:45 +0800] "GET / HTTP/1.1" 200 156970 "-" "-"
204.76.203.18 - - [06/Feb/2026:18:21:49 +0800] "GET / HTTP/1.1" 200 156970 "-" "-"
204.76.203.18 - - [06/Feb/2026:18:21:53 +0800] "GET / HTTP/1.1" 200 156970 "-" "-"
204.76.203.18 - - [06/Feb/2026:18:22:01 +0800] "GET / HTTP/1.1" 200 156970 "-" "-"
36.133.115.36 - - [06/Feb/2026:18:22:43 +0800] "POST /wp-cron.php?doing_wp_cron=1770373363.3569440841674804687500 HTTP/1.1" 200 31 "-" "WordPress/6.9; http://cqqizhou.com"
204.76.203.206 - - [06/Feb/2026:18:22:43 +0800] "GET / HTTP/1.1" 200 156970 "-" "Mozilla/5.0"
204.76.203.18 - - [06/Feb/2026:18:22:56 +0800] "GET / HTTP/1.1" 200 109837 "-" "-"
36.133.115.36 - - [06/Feb/2026:18:27:51 +0800] "POST /wp-cron.php?doing_wp_cron=1770373671.3289110660552978515625 HTTP/1.1" 200 31 "-" "WordPress/6.9; http://cqqizhou.com"
66.249.74.7 - - [06/Feb/2026:18:27:51 +0800] "GET /news/2475 HTTP/1.1" 200 22542 "-" "Mozilla/5.0 (Linux; Android 6.0.1; Nexus 5X Build/MMB29P) AppleWebKit/537.36 (KHTML, like Gecko) Chrome/144.0.7559.132 Mobile Safari/537.36 (compatible; GoogleOther)"
36.133.115.36 - - [06/Feb/2026:18:28:30 +0800] "POST /wp-cron.php?doing_wp_cron=1770373710.8743550777435302734375 HTTP/1.1" 200 31 "-" "WordPress/6.9; http://cqqizhou.com"
87.121.84.51 - - [06/Feb/2026:18:28:30 +0800] "GET / HTTP/1.0" 301 0 "-" "Mozilla/5.0 (X11; Linux x86_64; rv:140.0) Gecko/20100101 Firefox/140.0"
36.133.115.36 - - [06/Feb/2026:18:33:20 +0800] "POST /wp-cron.php?doing_wp_cron=1770374000.7845239639282226562500 HTTP/1.1" 200 31 "-" "WordPress/6.9; http://cqqizhou.com"
193.142.147.209 - - [06/Feb/2026:18:33:21 +0800] "POST / HTTP/1.1" 200 34682 "-" "Mozilla/5.0 (Windows NT 10.0; Win64; x64) AppleWebKit/537.36"
66.249.74.8 - - [06/Feb/2026:18:33:32 +0800] "GET /news/portfolio HTTP/1.1" 200 17040 "-" "Mozilla/5.0 (Linux; Android 6.0.1; Nexus 5X Build/MMB29P) AppleWebKit/537.36 (KHTML, like Gecko) Chrome/144.0.7559.132 Mobile Safari/537.36 (compatible; GoogleOther)"
36.133.115.36 - - [06/Feb/2026:18:34:33 +0800] "POST /wp-cron.php?doing_wp_cron=1770374073.0306150913238525390625 HTTP/1.1" 200 31 "-" "WordPress/6.9; http://cqqizhou.com"
66.249.74.9 - - [06/Feb/2026:18:34:33 +0800] "GET /news/portfolio-tag/ansteel-thyssen HTTP/1.1" 200 18116 "-" "Mozilla/5.0 (Linux; Android 6.0.1; Nexus 5X Build/MMB29P) AppleWebKit/537.36 (KHTML, like Gecko) Chrome/144.0.7559.132 Mobile Safari/537.36 (compatible; GoogleOther)"
36.133.115.36 - - [06/Feb/2026:18:36:36 +0800] "POST /wp-cron.php?doing_wp_cron=1770374196.6633179187774658203125 HTTP/1.1" 200 31 "-" "WordPress/6.9; http://cqqizhou.com"
170.106.35.187 - - [06/Feb/2026:18:36:36 +0800] "GET /news/2486 HTTP/1.1" 200 19874 "-" "Mozilla/5.0 (iPhone; CPU iPhone OS 13_2_3 like Mac OS X) AppleWebKit/605.1.15 (KHTML, like Gecko) Version/13.0.3 Mobile/15E148 Safari/604.1"
36.133.115.36 - - [06/Feb/2026:18:42:37 +0800] "POST /wp-cron.php?doing_wp_cron=1770374557.6505489349365234375000 HTTP/1.1" 200 31 "-" "WordPress/6.9; http://cqqizhou.com"
204.76.203.206 - - [06/Feb/2026:18:42:38 +0800] "GET / HTTP/1.1" 200 156970 "-" "Mozilla/5.0"
36.133.115.36 - - [06/Feb/2026:18:46:43 +0800] "POST /wp-cron.php?doing_wp_cron=1770374803.0234479904174804687500 HTTP/1.1" 200 31 "-" "WordPress/6.9; http://cqqizhou.com"
49.51.39.209 - - [06/Feb/2026:18:46:43 +0800] "GET /news/portfolio/hot-dip-galvanized-coil HTTP/1.1" 200 18834 "-" "Mozilla/5.0 (iPhone; CPU iPhone OS 13_2_3 like Mac OS X) AppleWebKit/605.1.15 (KHTML, like Gecko) Version/13.0.3 Mobile/15E148 Safari/604.1"
36.133.115.36 - - [06/Feb/2026:18:50:13 +0800] "POST /wp-cron.php?doing_wp_cron=1770375013.1911358833312988281250 HTTP/1.1" 200 31 "-" "WordPress/6.9; http://cqqizhou.com"
66.249.74.9 - - [06/Feb/2026:18:50:13 +0800] "GET /news/2420 HTTP/1.1" 200 19570 "-" "Mozilla/5.0 (Linux; Android 6.0.1; Nexus 5X Build/MMB29P) AppleWebKit/537.36 (KHTML, like Gecko) Chrome/144.0.7559.132 Mobile Safari/537.36 (compatible; GoogleOther)"
36.133.115.36 - - [06/Feb/2026:18:51:19 +0800] "POST /wp-cron.php?doing_wp_cron=1770375079.0118410587310791015625 HTTP/1.1" 200 31 "-" "WordPress/6.9; http://cqqizhou.com"
204.76.203.219 - - [06/Feb/2026:18:51:19 +0800] "GET / HTTP/1.1" 200 34683 "-" "Mozilla/5.0 (Windows NT 10.0; Win64; x64) AppleWebKit/537.36 (KHTML, like Gecko) Chrome/90.0.4430.85 Safari/537.36 Edg/90.0.818.46"
36.133.115.36 - - [06/Feb/2026:18:57:47 +0800] "POST /wp-cron.php?doing_wp_cron=1770375467.8360979557037353515625 HTTP/1.1" 200 31 "-" "WordPress/6.9; http://cqqizhou.com"
66.249.74.8 - - [06/Feb/2026:18:57:47 +0800] "GET /news/2440 HTTP/1.1" 200 21396 "-" "Mozilla/5.0 (Linux; Android 6.0.1; Nexus 5X Build/MMB29P) AppleWebKit/537.36 (KHTML, like Gecko) Chrome/144.0.7559.132 Mobile Safari/537.36 (compatible; Googlebot/2.1; +http://www.google.com/bot.html)"
36.133.115.36 - - [06/Feb/2026:19:04:19 +0800] "POST /wp-cron.php?doing_wp_cron=1770375859.7074038982391357421875 HTTP/1.1" 200 31 "-" "WordPress/6.9; http://cqqizhou.com"
164.52.24.178 - - [06/Feb/2026:19:04:19 +0800] "GET / HTTP/1.1" 301 5 "-" "Mozilla/5.0 (Windows NT 10.0; Win64; x64) AppleWebKit/537.36 (KHTML, like Gecko) Chrome/143.0.0.0 Safari/537.36"
164.52.24.178 - - [06/Feb/2026:19:04:28 +0800] "GET / HTTP/1.1" 200 170896 "-" "Mozilla/5.0 (Windows NT 10.0; Win64; x64) AppleWebKit/537.36 (KHTML, like Gecko) Chrome/143.0.0.0 Safari/537.36"
66.249.74.8 - - [06/Feb/2026:19:04:33 +0800] "GET /news/portfolio/pickled-coil HTTP/1.1" 200 18714 "-" "Mozilla/5.0 (Linux; Android 6.0.1; Nexus 5X Build/MMB29P) AppleWebKit/537.36 (KHTML, like Gecko) Chrome/144.0.7559.132 Mobile Safari/537.36 (compatible; GoogleOther)"
66.249.74.7 - - [06/Feb/2026:19:04:56 +0800] "GET /news/portfolio/pickled-coil HTTP/1.1" 200 18714 "-" "Mozilla/5.0 (Linux; Android 6.0.1; Nexus 5X Build/MMB29P) AppleWebKit/537.36 (KHTML, like Gecko) Chrome/144.0.7559.132 Mobile Safari/537.36 (compatible; Googlebot/2.1; +http://www.google.com/bot.html)"
36.133.115.36 - - [06/Feb/2026:19:05:10 +0800] "POST /wp-cron.php?doing_wp_cron=1770375910.5355699062347412109375 HTTP/1.1" 200 31 "-" "WordPress/6.9; http://cqqizhou.com"
170.106.107.87 - - [06/Feb/2026:19:05:10 +0800] "GET /news/2440 HTTP/1.1" 200 21396 "-" "Mozilla/5.0 (iPhone; CPU iPhone OS 13_2_3 like Mac OS X) AppleWebKit/605.1.15 (KHTML, like Gecko) Version/13.0.3 Mobile/15E148 Safari/604.1"
36.133.115.36 - - [06/Feb/2026:19:06:52 +0800] "POST /wp-cron.php?doing_wp_cron=1770376012.8339331150054931640625 HTTP/1.1" 200 31 "-" "WordPress/6.9; http://cqqizhou.com"
66.249.74.7 - - [06/Feb/2026:19:06:52 +0800] "GET /news/2388 HTTP/1.1" 200 20418 "-" "Mozilla/5.0 (Linux; Android 6.0.1; Nexus 5X Build/MMB29P) AppleWebKit/537.36 (KHTML, like Gecko) Chrome/144.0.7559.132 Mobile Safari/537.36 (compatible; GoogleOther)"
36.133.115.36 - - [06/Feb/2026:19:12:05 +0800] "POST /wp-cron.php?doing_wp_cron=1770376325.7801859378814697265625 HTTP/1.1" 200 31 "-" "WordPress/6.9; http://cqqizhou.com"
66.249.74.9 - - [06/Feb/2026:19:12:05 +0800] "GET /news/portfolio-tag/ansteel-thyssen HTTP/1.1" 200 18117 "-" "Mozilla/5.0 (Linux; Android 6.0.1; Nexus 5X Build/MMB29P) AppleWebKit/537.36 (KHTML, like Gecko) Chrome/144.0.7559.132 Mobile Safari/537.36 (compatible; Googlebot/2.1; +http://www.google.com/bot.html)"
36.133.115.36 - - [06/Feb/2026:19:14:33 +0800] "POST /wp-cron.php?doing_wp_cron=1770376473.5547719001770019531250 HTTP/1.1" 200 31 "-" "WordPress/6.9; http://cqqizhou.com"
52.167.144.218 - - [06/Feb/2026:19:14:33 +0800] "GET /?s= HTTP/1.1" 200 19888 "-" "Mozilla/5.0 AppleWebKit/537.36 (KHTML, like Gecko; compatible; bingbot/2.0; +http://www.bing.com/bingbot.htm) Chrome/116.0.1938.76 Safari/537.36"
36.133.115.36 - - [06/Feb/2026:19:16:18 +0800] "POST /wp-cron.php?doing_wp_cron=1770376578.3596510887145996093750 HTTP/1.1" 200 31 "-" "WordPress/6.9; http://cqqizhou.com"
43.167.236.228 - - [06/Feb/2026:19:16:18 +0800] "GET /news/portfolio HTTP/1.1" 200 17041 "-" "Mozilla/5.0 (iPhone; CPU iPhone OS 13_2_3 like Mac OS X) AppleWebKit/605.1.15 (KHTML, like Gecko) Version/13.0.3 Mobile/15E148 Safari/604.1"
36.133.115.36 - - [06/Feb/2026:19:23:33 +0800] "POST /wp-cron.php?doing_wp_cron=1770377013.1342709064483642578125 HTTP/1.1" 200 31 "-" "WordPress/6.9; http://cqqizhou.com"
66.249.74.7 - - [06/Feb/2026:19:23:33 +0800] "GET /news/2354 HTTP/1.1" 200 20311 "-" "Mozilla/5.0 (Linux; Android 6.0.1; Nexus 5X Build/MMB29P) AppleWebKit/537.36 (KHTML, like Gecko) Chrome/144.0.7559.132 Mobile Safari/537.36 (compatible; GoogleOther)"
43.130.3.120 - - [06/Feb/2026:19:26:26 +0800] "GET /wp-content/uploads/2026/02/1770341654-2026253Article_images_W900px.webp HTTP/1.1" 200 88106 "-" "Mozilla/5.0 (iPhone; CPU iPhone OS 13_2_3 like Mac OS X) AppleWebKit/605.1.15 (KHTML, like Gecko) Version/13.0.3 Mobile/15E148 Safari/604.1"
36.133.115.36 - - [06/Feb/2026:19:33:14 +0800] "POST /wp-cron.php?doing_wp_cron=1770377594.0354199409484863281250 HTTP/1.1" 200 31 "-" "WordPress/6.9; http://cqqizhou.com"
66.249.74.9 - - [06/Feb/2026:19:33:14 +0800] "GET /news/page/3 HTTP/1.1" 200 18477 "-" "Mozilla/5.0 (Linux; Android 6.0.1; Nexus 5X Build/MMB29P) AppleWebKit/537.36 (KHTML, like Gecko) Chrome/144.0.7559.132 Mobile Safari/537.36 (compatible; GoogleOther)"
36.133.115.36 - - [06/Feb/2026:19:36:16 +0800] "POST /wp-cron.php?doing_wp_cron=1770377776.8398430347442626953125 HTTP/1.1" 200 31 "-" "WordPress/6.9; http://cqqizhou.com"
43.135.145.117 - - [06/Feb/2026:19:36:16 +0800] "GET /wp-content/uploads/2026/02/1770341652-2026251Article_images_W900 HTTP/1.1" 404 8948 "-" "Mozilla/5.0 (iPhone; CPU iPhone OS 13_2_3 like Mac OS X) AppleWebKit/605.1.15 (KHTML, like Gecko) Version/13.0.3 Mobile/15E148 Safari/604.1"
52.167.144.216 - - [06/Feb/2026:19:36:35 +0800] "GET /?s=2026 HTTP/1.1" 200 19153 "-" "Mozilla/5.0 AppleWebKit/537.36 (KHTML, like Gecko; compatible; bingbot/2.0; +http://www.bing.com/bingbot.htm) Chrome/116.0.1938.76 Safari/537.36"
36.133.115.36 - - [06/Feb/2026:19:37:39 +0800] "POST /wp-cron.php?doing_wp_cron=1770377859.2714641094207763671875 HTTP/1.1" 200 31 "-" "WordPress/6.9; http://cqqizhou.com"
193.142.147.209 - - [06/Feb/2026:19:37:39 +0800] "POST / HTTP/1.1" 200 34681 "-" "Mozilla/5.0 (Windows NT 10.0; Win64; x64) AppleWebKit/537.36"
36.133.115.36 - - [06/Feb/2026:19:39:09 +0800] "POST /wp-cron.php?doing_wp_cron=1770377949.2854640483856201171875 HTTP/1.1" 200 31 "-" "WordPress/6.9; http://cqqizhou.com"
113.120.154.236 - - [06/Feb/2026:19:39:09 +0800] "GET / HTTP/1.1" 301 5 "-" "Go-http-client/1.1"
123.168.163.15 - - [06/Feb/2026:19:39:09 +0800] "GET / HTTP/1.1" 200 40578 "http://xa4.shaanxi.cn.antiddos.cspt.fullcone.cn" "Go-http-client/1.1"
36.133.115.36 - - [06/Feb/2026:19:40:13 +0800] "POST /wp-cron.php?doing_wp_cron=1770378013.2271249294281005859375 HTTP/1.1" 200 31 "-" "WordPress/6.9; http://cqqizhou.com"
66.249.74.8 - - [06/Feb/2026:19:40:13 +0800] "GET /logistics HTTP/1.1" 200 24991 "-" "Mozilla/5.0 (Linux; Android 6.0.1; Nexus 5X Build/MMB29P) AppleWebKit/537.36 (KHTML, like Gecko) Chrome/144.0.7559.132 Mobile Safari/537.36 (compatible; GoogleOther)"
36.133.115.36 - - [06/Feb/2026:19:46:57 +0800] "POST /wp-cron.php?doing_wp_cron=1770378417.4504809379577636718750 HTTP/1.1" 200 31 "-" "WordPress/6.9; http://cqqizhou.com"
43.166.251.233 - - [06/Feb/2026:19:46:57 +0800] "GET /bug HTTP/1.1" 200 11686 "-" "Mozilla/5.0 (iPhone; CPU iPhone OS 13_2_3 like Mac OS X) AppleWebKit/605.1.15 (KHTML, like Gecko) Version/13.0.3 Mobile/15E148 Safari/604.1"
36.133.115.36 - - [06/Feb/2026:19:51:55 +0800] "POST /wp-cron.php?doing_wp_cron=1770378715.9306769371032714843750 HTTP/1.1" 200 31 "-" "WordPress/6.9; http://cqqizhou.com"
116.169.71.161 - - [06/Feb/2026:19:51:55 +0800] "GET /news/2339 HTTP/1.1" 200 20506 "https://m.baidu.com/" "Mozilla/5.0 (Linux; Android 10; JNY-AL10 Build/HUAWEIJNY-AL10; wv) AppleWebKit/537.36 (KHTML, like Gecko) Version/4.0 Chrome/97.0.4692.98 Mobile Safari/537.36 T7/15.47 BDOS/1.0 (HarmonyOS 2.2.0) SP-engine/3.55.0 bd_dvt/0 baiduboxapp/15.47.0.10 (Baidu; P1 10) NABar/1.0"
116.169.71.161 - - [06/Feb/2026:19:51:55 +0800] "GET /news/2475 HTTP/1.1" 200 22542 "https://m.baidu.com/" "Mozilla/5.0 (Linux; Android 10; JNY-AL10 Build/HUAWEIJNY-AL10; wv) AppleWebKit/537.36 (KHTML, like Gecko) Version/4.0 Chrome/97.0.4692.98 Mobile Safari/537.36 T7/15.47 BDOS/1.0 (HarmonyOS 2.2.0) SP-engine/3.55.0 bd_dvt/0 baiduboxapp/15.47.0.10 (Baidu; P1 10) NABar/1.0"
116.169.71.161 - - [06/Feb/2026:19:52:03 +0800] "GET / HTTP/1.1" 200 34683 "https://m.baidu.com/" "Mozilla/5.0 (Linux; Android 10; JNY-AL10 Build/HUAWEIJNY-AL10; wv) AppleWebKit/537.36 (KHTML, like Gecko) Version/4.0 Chrome/97.0.4692.98 Mobile Safari/537.36 T7/15.47 BDOS/1.0 (HarmonyOS 2.2.0) SP-engine/3.55.0 bd_dvt/0 baiduboxapp/15.47.0.10 (Baidu; P1 10) NABar/1.0"
116.169.71.161 - - [06/Feb/2026:19:52:06 +0800] "GET /about/ HTTP/1.1" 301 5 "https://m.baidu.com/" "Mozilla/5.0 (Linux; Android 10; JNY-AL10 Build/HUAWEIJNY-AL10; wv) AppleWebKit/537.36 (KHTML, like Gecko) Version/4.0 Chrome/97.0.4692.98 Mobile Safari/537.36 T7/15.47 BDOS/1.0 (HarmonyOS 2.2.0) SP-engine/3.55.0 bd_dvt/0 baiduboxapp/15.47.0.10 (Baidu; P1 10) NABar/1.0"
116.169.71.161 - - [06/Feb/2026:19:52:07 +0800] "GET /about HTTP/1.1" 200 24093 "https://m.baidu.com/" "Mozilla/5.0 (Linux; Android 10; JNY-AL10 Build/HUAWEIJNY-AL10; wv) AppleWebKit/537.36 (KHTML, like Gecko) Version/4.0 Chrome/97.0.4692.98 Mobile Safari/537.36 T7/15.47 BDOS/1.0 (HarmonyOS 2.2.0) SP-engine/3.55.0 bd_dvt/0 baiduboxapp/15.47.0.10 (Baidu; P1 10) NABar/1.0"
36.133.115.36 - - [06/Feb/2026:19:52:10 +0800] "POST /wp-cron.php?doing_wp_cron=1770378730.9266750812530517578125 HTTP/1.1" 200 31 "-" "WordPress/6.9; http://cqqizhou.com"
116.169.71.161 - - [06/Feb/2026:19:52:10 +0800] "GET / HTTP/1.1" 301 5 "https://m.baidu.com/" "Mozilla/5.0 (Linux; Android 10; JNY-AL10 Build/HUAWEIJNY-AL10; wv) AppleWebKit/537.36 (KHTML, like Gecko) Version/4.0 Chrome/97.0.4692.98 Mobile Safari/537.36 T7/15.47 BDOS/1.0 (HarmonyOS 2.2.0) SP-engine/3.55.0 bd_dvt/0 baiduboxapp/15.47.0.10 (Baidu; P1 10) NABar/1.0"
116.169.71.161 - - [06/Feb/2026:19:52:11 +0800] "GET / HTTP/1.1" 200 34683 "https://m.baidu.com/" "Mozilla/5.0 (Linux; Android 10; JNY-AL10 Build/HUAWEIJNY-AL10; wv) AppleWebKit/537.36 (KHTML, like Gecko) Version/4.0 Chrome/97.0.4692.98 Mobile Safari/537.36 T7/15.47 BDOS/1.0 (HarmonyOS 2.2.0) SP-engine/3.55.0 bd_dvt/0 baiduboxapp/15.47.0.10 (Baidu; P1 10) NABar/1.0"
217.217.250.193 - - [06/Feb/2026:19:54:29 +0800] "GET / HTTP/1.1" 200 40578 "-" "Go-http-client/1.1"
36.133.115.36 - - [06/Feb/2026:19:55:38 +0800] "POST /wp-cron.php?doing_wp_cron=1770378938.3734409809112548828125 HTTP/1.1" 200 31 "-" "WordPress/6.9; http://cqqizhou.com"
43.157.156.190 - - [06/Feb/2026:19:55:38 +0800] "GET / HTTP/1.1" 301 5 "-" "Mozilla/5.0 (iPhone; CPU iPhone OS 13_2_3 like Mac OS X) AppleWebKit/605.1.15 (KHTML, like Gecko) Version/13.0.3 Mobile/15E148 Safari/604.1"
43.157.156.190 - - [06/Feb/2026:19:55:40 +0800] "GET / HTTP/1.1" 200 34682 "http://36.133.115.36" "Mozilla/5.0 (iPhone; CPU iPhone OS 13_2_3 like Mac OS X) AppleWebKit/605.1.15 (KHTML, like Gecko) Version/13.0.3 Mobile/15E148 Safari/604.1"
36.133.115.36 - - [06/Feb/2026:19:56:18 +0800] "POST /wp-cron.php?doing_wp_cron=1770378978.3530209064483642578125 HTTP/1.1" 200 31 "-" "WordPress/6.9; http://cqqizhou.com"
43.153.71.132 - - [06/Feb/2026:19:56:18 +0800] "GET /wp-content/uploads/2026/01/1768527483-Article_images_W900 HTTP/1.1" 404 8950 "-" "Mozilla/5.0 (iPhone; CPU iPhone OS 13_2_3 like Mac OS X) AppleWebKit/605.1.15 (KHTML, like Gecko) Version/13.0.3 Mobile/15E148 Safari/604.1"
35.239.131.143 - - [06/Feb/2026:19:56:49 +0800] "GET / HTTP/1.1" 200 40578 "-" "Mozilla/5.0 (compatible; CMS-Checker/1.0; +https://example.com)"
66.249.74.9 - - [06/Feb/2026:19:56:53 +0800] "GET /wp-content/uploads/* HTTP/1.1" 404 8949 "-" "Mozilla/5.0 (Linux; Android 6.0.1; Nexus 5X Build/MMB29P) AppleWebKit/537.36 (KHTML, like Gecko) Chrome/144.0.7559.132 Mobile Safari/537.36 (compatible; GoogleOther)"
36.133.115.36 - - [06/Feb/2026:20:04:48 +0800] "POST /wp-cron.php?doing_wp_cron=1770379488.2179598808288574218750 HTTP/1.1" 200 31 "-" "WordPress/6.9; http://cqqizhou.com"
45.156.129.46 - - [06/Feb/2026:20:04:48 +0800] "GET / HTTP/1.1" 301 5 "-" "Mozilla/5.0 (Windows NT 10.0; Win64; x64) AppleWebKit/537.36 (KHTML, like Gecko) Chrome/60.0.3112.113 Safari/537.36"
45.156.129.133 - - [06/Feb/2026:20:04:49 +0800] "GET / HTTP/1.1" 200 40578 "http://36.133.115.36/" "Mozilla/5.0 (Windows NT 10.0; Win64; x64) AppleWebKit/537.36 (KHTML, like Gecko) Chrome/60.0.3112.113 Safari/537.36"
36.133.115.36 - - [06/Feb/2026:20:06:29 +0800] "POST /wp-cron.php?doing_wp_cron=1770379589.7862040996551513671875 HTTP/1.1" 200 31 "-" "WordPress/6.9; http://cqqizhou.com"
49.51.183.84 - - [06/Feb/2026:20:06:29 +0800] "GET /news/2483 HTTP/1.1" 200 20312 "-" "Mozilla/5.0 (iPhone; CPU iPhone OS 13_2_3 like Mac OS X) AppleWebKit/605.1.15 (KHTML, like Gecko) Version/13.0.3 Mobile/15E148 Safari/604.1"
36.133.115.36 - - [06/Feb/2026:20:07:55 +0800] "POST /wp-cron.php?doing_wp_cron=1770379675.8530409336090087890625 HTTP/1.1" 200 31 "-" "WordPress/6.9; http://cqqizhou.com"
170.106.179.68 - - [06/Feb/2026:20:07:55 +0800] "GET / HTTP/1.1" 301 5 "-" "Mozilla/5.0 (iPhone; CPU iPhone OS 13_2_3 like Mac OS X) AppleWebKit/605.1.15 (KHTML, like Gecko) Version/13.0.3 Mobile/15E148 Safari/604.1"
170.106.179.68 - - [06/Feb/2026:20:07:58 +0800] "GET / HTTP/1.1" 200 34682 "http://www.cqqizhou.com" "Mozilla/5.0 (iPhone; CPU iPhone OS 13_2_3 like Mac OS X) AppleWebKit/605.1.15 (KHTML, like Gecko) Version/13.0.3 Mobile/15E148 Safari/604.1"
36.133.115.36 - - [06/Feb/2026:20:11:43 +0800] "POST /wp-cron.php?doing_wp_cron=1770379903.5819950103759765625000 HTTP/1.1" 200 31 "-" "WordPress/6.9; http://cqqizhou.com"
204.76.203.206 - - [06/Feb/2026:20:11:44 +0800] "GET / HTTP/1.1" 200 156970 "-" "Mozilla/5.0"
36.133.115.36 - - [06/Feb/2026:20:13:33 +0800] "POST /wp-cron.php?doing_wp_cron=1770380013.2651751041412353515625 HTTP/1.1" 200 31 "-" "WordPress/6.9; http://cqqizhou.com"
66.249.74.9 - - [06/Feb/2026:20:13:33 +0800] "GET /news/2153 HTTP/1.1" 200 20256 "-" "Mozilla/5.0 (Linux; Android 6.0.1; Nexus 5X Build/MMB29P) AppleWebKit/537.36 (KHTML, like Gecko) Chrome/144.0.7559.132 Mobile Safari/537.36 (compatible; GoogleOther)"
101.20.198.216 - - [06/Feb/2026:20:13:46 +0800] "GET / HTTP/1.1" 301 5 "-" "Mozilla/5.0 (Windows NT 10.0; Win64; x64) AppleWebKit/537.36 (KHTML, like Gecko) Chrome/135.0.0.0 Safari/537.36"
101.20.198.216 - - [06/Feb/2026:20:13:46 +0800] "GET http://cqqizhou.com/ HTTP/1.1" 200 40578 "http://www.cqqizhou.com/" "Mozilla/5.0 (Windows NT 10.0; Win64; x64) AppleWebKit/537.36 (KHTML, like Gecko) Chrome/135.0.0.0 Safari/537.36"
36.133.115.36 - - [06/Feb/2026:20:16:29 +0800] "POST /wp-cron.php?doing_wp_cron=1770380189.3968949317932128906250 HTTP/1.1" 200 31 "-" "WordPress/6.9; http://cqqizhou.com"
43.135.182.95 - - [06/Feb/2026:20:16:29 +0800] "GET /wp-content/uploads/2025/07/1753451773- HTTP/1.1" 404 8949 "-" "Mozilla/5.0 (iPhone; CPU iPhone OS 13_2_3 like Mac OS X) AppleWebKit/605.1.15 (KHTML, like Gecko) Version/13.0.3 Mobile/15E148 Safari/604.1"
35.239.131.143 - - [06/Feb/2026:20:24:11 +0800] "GET / HTTP/1.1" 200 170896 "-" "Mozilla/5.0 (Windows NT 10.0; Win64; x64) AppleWebKit/537.36 (KHTML, like Gecko) Chrome/78.0.3904.108 Safari/537.36"
35.239.131.143 - - [06/Feb/2026:20:24:11 +0800] "GET / HTTP/1.1" 200 170896 "-" "Mozilla/5.0 (Windows NT 10.0; Win64; x64) AppleWebKit/537.36 (KHTML, like Gecko) Chrome/78.0.3904.108 Safari/537.36"
36.133.115.36 - - [06/Feb/2026:20:24:12 +0800] "POST /wp-cron.php?doing_wp_cron=1770380652.7569820880889892578125 HTTP/1.1" 200 31 "-" "WordPress/6.9; http://cqqizhou.com"
35.239.131.143 - - [06/Feb/2026:20:24:12 +0800] "GET /wp-includes/wlwmanifest.xml HTTP/1.1" 404 31365 "-" "Mozilla/5.0 (Windows NT 10.0; Win64; x64) AppleWebKit/537.36 (KHTML, like Gecko) Chrome/78.0.3904.108 Safari/537.36"
35.239.131.143 - - [06/Feb/2026:20:24:13 +0800] "GET /?author=1 HTTP/1.1" 301 5 "-" "Mozilla/5.0 (Windows NT 10.0; Win64; x64) AppleWebKit/537.36 (KHTML, like Gecko) Chrome/78.0.3904.108 Safari/537.36"
35.239.131.143 - - [06/Feb/2026:20:24:14 +0800] "GET /?author=2 HTTP/1.1" 404 31365 "-" "Mozilla/5.0 (Windows NT 10.0; Win64; x64) AppleWebKit/537.36 (KHTML, like Gecko) Chrome/78.0.3904.108 Safari/537.36"
35.239.131.143 - - [06/Feb/2026:20:24:16 +0800] "GET /wp-json/wp/v2/users/ HTTP/1.1" 200 502 "-" "Mozilla/5.0 (Windows NT 10.0; Win64; x64) AppleWebKit/537.36 (KHTML, like Gecko) Chrome/78.0.3904.108 Safari/537.36"
35.239.131.143 - - [06/Feb/2026:20:24:16 +0800] "GET /wp-json/oembed/1.0/embed?url=http://cqqizhou.com HTTP/1.1" 200 2221 "-" "Mozilla/5.0 (Windows NT 10.0; Win64; x64) AppleWebKit/537.36 (KHTML, like Gecko) Chrome/78.0.3904.108 Safari/537.36"
35.239.131.143 - - [06/Feb/2026:20:24:17 +0800] "POST /xmlrpc.php HTTP/1.1" 200 415 "-" "Mozilla/5.0 (Windows NT 10.0; Win64; x64) AppleWebKit/537.36 (KHTML, like Gecko) Chrome/78.0.3904.108 Safari/537.36"
35.239.131.143 - - [06/Feb/2026:20:24:18 +0800] "POST /xmlrpc.php HTTP/1.1" 200 415 "-" "Mozilla/5.0 (Windows NT 10.0; Win64; x64) AppleWebKit/537.36 (KHTML, like Gecko) Chrome/78.0.3904.108 Safari/537.36"
35.239.131.143 - - [06/Feb/2026:20:24:19 +0800] "POST /xmlrpc.php HTTP/1.1" 200 415 "-" "Mozilla/5.0 (Windows NT 10.0; Win64; x64) AppleWebKit/537.36 (KHTML, like Gecko) Chrome/78.0.3904.108 Safari/537.36"
35.239.131.143 - - [06/Feb/2026:20:24:20 +0800] "POST /xmlrpc.php HTTP/1.1" 200 415 "-" "Mozilla/5.0 (Windows NT 10.0; Win64; x64) AppleWebKit/537.36 (KHTML, like Gecko) Chrome/78.0.3904.108 Safari/537.36"
35.239.131.143 - - [06/Feb/2026:20:24:21 +0800] "POST /xmlrpc.php HTTP/1.1" 200 415 "-" "Mozilla/5.0 (Windows NT 10.0; Win64; x64) AppleWebKit/537.36 (KHTML, like Gecko) Chrome/78.0.3904.108 Safari/537.36"
35.239.131.143 - - [06/Feb/2026:20:24:22 +0800] "POST /xmlrpc.php HTTP/1.1" 200 415 "-" "Mozilla/5.0 (Windows NT 10.0; Win64; x64) AppleWebKit/537.36 (KHTML, like Gecko) Chrome/78.0.3904.108 Safari/537.36"
35.239.131.143 - - [06/Feb/2026:20:24:23 +0800] "POST /xmlrpc.php HTTP/1.1" 200 415 "-" "Mozilla/5.0 (Windows NT 10.0; Win64; x64) AppleWebKit/537.36 (KHTML, like Gecko) Chrome/78.0.3904.108 Safari/537.36"
35.239.131.143 - - [06/Feb/2026:20:24:24 +0800] "POST /xmlrpc.php HTTP/1.1" 200 415 "-" "Mozilla/5.0 (Windows NT 10.0; Win64; x64) AppleWebKit/537.36 (KHTML, like Gecko) Chrome/78.0.3904.108 Safari/537.36"
35.239.131.143 - - [06/Feb/2026:20:24:25 +0800] "POST /xmlrpc.php HTTP/1.1" 200 415 "-" "Mozilla/5.0 (Windows NT 10.0; Win64; x64) AppleWebKit/537.36 (KHTML, like Gecko) Chrome/78.0.3904.108 Safari/537.36"
35.239.131.143 - - [06/Feb/2026:20:24:26 +0800] "POST /xmlrpc.php HTTP/1.1" 200 415 "-" "Mozilla/5.0 (Windows NT 10.0; Win64; x64) AppleWebKit/537.36 (KHTML, like Gecko) Chrome/78.0.3904.108 Safari/537.36"
35.239.131.143 - - [06/Feb/2026:20:24:27 +0800] "POST /xmlrpc.php HTTP/1.1" 200 415 "-" "Mozilla/5.0 (Windows NT 10.0; Win64; x64) AppleWebKit/537.36 (KHTML, like Gecko) Chrome/78.0.3904.108 Safari/537.36"
35.239.131.143 - - [06/Feb/2026:20:24:27 +0800] "POST /xmlrpc.php HTTP/1.1" 200 415 "-" "Mozilla/5.0 (Windows NT 10.0; Win64; x64) AppleWebKit/537.36 (KHTML, like Gecko) Chrome/78.0.3904.108 Safari/537.36"
35.239.131.143 - - [06/Feb/2026:20:24:28 +0800] "POST /xmlrpc.php HTTP/1.1" 200 415 "-" "Mozilla/5.0 (Windows NT 10.0; Win64; x64) AppleWebKit/537.36 (KHTML, like Gecko) Chrome/78.0.3904.108 Safari/537.36"
35.239.131.143 - - [06/Feb/2026:20:24:29 +0800] "POST /xmlrpc.php HTTP/1.1" 200 415 "-" "Mozilla/5.0 (Windows NT 10.0; Win64; x64) AppleWebKit/537.36 (KHTML, like Gecko) Chrome/78.0.3904.108 Safari/537.36"
35.239.131.143 - - [06/Feb/2026:20:24:30 +0800] "POST /xmlrpc.php HTTP/1.1" 200 415 "-" "Mozilla/5.0 (Windows NT 10.0; Win64; x64) AppleWebKit/537.36 (KHTML, like Gecko) Chrome/78.0.3904.108 Safari/537.36"
35.239.131.143 - - [06/Feb/2026:20:24:31 +0800] "POST /xmlrpc.php HTTP/1.1" 200 415 "-" "Mozilla/5.0 (Windows NT 10.0; Win64; x64) AppleWebKit/537.36 (KHTML, like Gecko) Chrome/78.0.3904.108 Safari/537.36"
35.239.131.143 - - [06/Feb/2026:20:24:32 +0800] "POST /xmlrpc.php HTTP/1.1" 200 415 "-" "Mozilla/5.0 (Windows NT 10.0; Win64; x64) AppleWebKit/537.36 (KHTML, like Gecko) Chrome/78.0.3904.108 Safari/537.36"
35.239.131.143 - - [06/Feb/2026:20:24:33 +0800] "POST /xmlrpc.php HTTP/1.1" 200 415 "-" "Mozilla/5.0 (Windows NT 10.0; Win64; x64) AppleWebKit/537.36 (KHTML, like Gecko) Chrome/78.0.3904.108 Safari/537.36"
35.239.131.143 - - [06/Feb/2026:20:24:34 +0800] "POST /xmlrpc.php HTTP/1.1" 200 415 "-" "Mozilla/5.0 (Windows NT 10.0; Win64; x64) AppleWebKit/537.36 (KHTML, like Gecko) Chrome/78.0.3904.108 Safari/537.36"
35.239.131.143 - - [06/Feb/2026:20:24:34 +0800] "POST /xmlrpc.php HTTP/1.1" 200 415 "-" "Mozilla/5.0 (Windows NT 10.0; Win64; x64) AppleWebKit/537.36 (KHTML, like Gecko) Chrome/78.0.3904.108 Safari/537.36"
35.239.131.143 - - [06/Feb/2026:20:24:35 +0800] "POST /xmlrpc.php HTTP/1.1" 200 415 "-" "Mozilla/5.0 (Windows NT 10.0; Win64; x64) AppleWebKit/537.36 (KHTML, like Gecko) Chrome/78.0.3904.108 Safari/537.36"
35.239.131.143 - - [06/Feb/2026:20:24:36 +0800] "POST /xmlrpc.php HTTP/1.1" 200 415 "-" "Mozilla/5.0 (Windows NT 10.0; Win64; x64) AppleWebKit/537.36 (KHTML, like Gecko) Chrome/78.0.3904.108 Safari/537.36"
35.239.131.143 - - [06/Feb/2026:20:24:37 +0800] "POST /xmlrpc.php HTTP/1.1" 200 415 "-" "Mozilla/5.0 (Windows NT 10.0; Win64; x64) AppleWebKit/537.36 (KHTML, like Gecko) Chrome/78.0.3904.108 Safari/537.36"
35.239.131.143 - - [06/Feb/2026:20:24:38 +0800] "POST /xmlrpc.php HTTP/1.1" 200 415 "-" "Mozilla/5.0 (Windows NT 10.0; Win64; x64) AppleWebKit/537.36 (KHTML, like Gecko) Chrome/78.0.3904.108 Safari/537.36"
35.239.131.143 - - [06/Feb/2026:20:24:39 +0800] "POST /xmlrpc.php HTTP/1.1" 200 415 "-" "Mozilla/5.0 (Windows NT 10.0; Win64; x64) AppleWebKit/537.36 (KHTML, like Gecko) Chrome/78.0.3904.108 Safari/537.36"
35.239.131.143 - - [06/Feb/2026:20:24:40 +0800] "POST /xmlrpc.php HTTP/1.1" 200 415 "-" "Mozilla/5.0 (Windows NT 10.0; Win64; x64) AppleWebKit/537.36 (KHTML, like Gecko) Chrome/78.0.3904.108 Safari/537.36"
35.239.131.143 - - [06/Feb/2026:20:24:41 +0800] "POST /xmlrpc.php HTTP/1.1" 200 415 "-" "Mozilla/5.0 (Windows NT 10.0; Win64; x64) AppleWebKit/537.36 (KHTML, like Gecko) Chrome/78.0.3904.108 Safari/537.36"
35.239.131.143 - - [06/Feb/2026:20:24:42 +0800] "POST /xmlrpc.php HTTP/1.1" 200 415 "-" "Mozilla/5.0 (Windows NT 10.0; Win64; x64) AppleWebKit/537.36 (KHTML, like Gecko) Chrome/78.0.3904.108 Safari/537.36"
35.239.131.143 - - [06/Feb/2026:20:24:43 +0800] "POST /xmlrpc.php HTTP/1.1" 200 415 "-" "Mozilla/5.0 (Windows NT 10.0; Win64; x64) AppleWebKit/537.36 (KHTML, like Gecko) Chrome/78.0.3904.108 Safari/537.36"
35.239.131.143 - - [06/Feb/2026:20:24:44 +0800] "POST /xmlrpc.php HTTP/1.1" 200 415 "-" "Mozilla/5.0 (Windows NT 10.0; Win64; x64) AppleWebKit/537.36 (KHTML, like Gecko) Chrome/78.0.3904.108 Safari/537.36"
35.239.131.143 - - [06/Feb/2026:20:24:45 +0800] "POST /xmlrpc.php HTTP/1.1" 200 415 "-" "Mozilla/5.0 (Windows NT 10.0; Win64; x64) AppleWebKit/537.36 (KHTML, like Gecko) Chrome/78.0.3904.108 Safari/537.36"
35.239.131.143 - - [06/Feb/2026:20:24:45 +0800] "POST /xmlrpc.php HTTP/1.1" 200 415 "-" "Mozilla/5.0 (Windows NT 10.0; Win64; x64) AppleWebKit/537.36 (KHTML, like Gecko) Chrome/78.0.3904.108 Safari/537.36"
35.239.131.143 - - [06/Feb/2026:20:24:46 +0800] "POST /xmlrpc.php HTTP/1.1" 200 415 "-" "Mozilla/5.0 (Windows NT 10.0; Win64; x64) AppleWebKit/537.36 (KHTML, like Gecko) Chrome/78.0.3904.108 Safari/537.36"
35.239.131.143 - - [06/Feb/2026:20:24:47 +0800] "POST /xmlrpc.php HTTP/1.1" 200 415 "-" "Mozilla/5.0 (Windows NT 10.0; Win64; x64) AppleWebKit/537.36 (KHTML, like Gecko) Chrome/78.0.3904.108 Safari/537.36"
35.239.131.143 - - [06/Feb/2026:20:24:48 +0800] "POST /xmlrpc.php HTTP/1.1" 200 415 "-" "Mozilla/5.0 (Windows NT 10.0; Win64; x64) AppleWebKit/537.36 (KHTML, like Gecko) Chrome/78.0.3904.108 Safari/537.36"
35.239.131.143 - - [06/Feb/2026:20:24:49 +0800] "POST /xmlrpc.php HTTP/1.1" 200 415 "-" "Mozilla/5.0 (Windows NT 10.0; Win64; x64) AppleWebKit/537.36 (KHTML, like Gecko) Chrome/78.0.3904.108 Safari/537.36"
35.239.131.143 - - [06/Feb/2026:20:24:50 +0800] "POST /xmlrpc.php HTTP/1.1" 200 415 "-" "Mozilla/5.0 (Windows NT 10.0; Win64; x64) AppleWebKit/537.36 (KHTML, like Gecko) Chrome/78.0.3904.108 Safari/537.36"
35.239.131.143 - - [06/Feb/2026:20:24:51 +0800] "POST /xmlrpc.php HTTP/1.1" 200 415 "-" "Mozilla/5.0 (Windows NT 10.0; Win64; x64) AppleWebKit/537.36 (KHTML, like Gecko) Chrome/78.0.3904.108 Safari/537.36"
35.239.131.143 - - [06/Feb/2026:20:24:52 +0800] "POST /xmlrpc.php HTTP/1.1" 200 415 "-" "Mozilla/5.0 (Windows NT 10.0; Win64; x64) AppleWebKit/537.36 (KHTML, like Gecko) Chrome/78.0.3904.108 Safari/537.36"
35.239.131.143 - - [06/Feb/2026:20:24:52 +0800] "POST /xmlrpc.php HTTP/1.1" 200 415 "-" "Mozilla/5.0 (Windows NT 10.0; Win64; x64) AppleWebKit/537.36 (KHTML, like Gecko) Chrome/78.0.3904.108 Safari/537.36"
35.239.131.143 - - [06/Feb/2026:20:24:53 +0800] "POST /xmlrpc.php HTTP/1.1" 200 415 "-" "Mozilla/5.0 (Windows NT 10.0; Win64; x64) AppleWebKit/537.36 (KHTML, like Gecko) Chrome/78.0.3904.108 Safari/537.36"
35.239.131.143 - - [06/Feb/2026:20:24:54 +0800] "POST /xmlrpc.php HTTP/1.1" 200 415 "-" "Mozilla/5.0 (Windows NT 10.0; Win64; x64) AppleWebKit/537.36 (KHTML, like Gecko) Chrome/78.0.3904.108 Safari/537.36"
35.239.131.143 - - [06/Feb/2026:20:24:55 +0800] "POST /xmlrpc.php HTTP/1.1" 200 415 "-" "Mozilla/5.0 (Windows NT 10.0; Win64; x64) AppleWebKit/537.36 (KHTML, like Gecko) Chrome/78.0.3904.108 Safari/537.36"
35.239.131.143 - - [06/Feb/2026:20:24:56 +0800] "POST /xmlrpc.php HTTP/1.1" 200 415 "-" "Mozilla/5.0 (Windows NT 10.0; Win64; x64) AppleWebKit/537.36 (KHTML, like Gecko) Chrome/78.0.3904.108 Safari/537.36"
35.239.131.143 - - [06/Feb/2026:20:24:57 +0800] "POST /xmlrpc.php HTTP/1.1" 200 415 "-" "Mozilla/5.0 (Windows NT 10.0; Win64; x64) AppleWebKit/537.36 (KHTML, like Gecko) Chrome/78.0.3904.108 Safari/537.36"
35.239.131.143 - - [06/Feb/2026:20:24:58 +0800] "POST /xmlrpc.php HTTP/1.1" 200 415 "-" "Mozilla/5.0 (Windows NT 10.0; Win64; x64) AppleWebKit/537.36 (KHTML, like Gecko) Chrome/78.0.3904.108 Safari/537.36"
35.239.131.143 - - [06/Feb/2026:20:24:59 +0800] "POST /xmlrpc.php HTTP/1.1" 200 415 "-" "Mozilla/5.0 (Windows NT 10.0; Win64; x64) AppleWebKit/537.36 (KHTML, like Gecko) Chrome/78.0.3904.108 Safari/537.36"
35.239.131.143 - - [06/Feb/2026:20:25:00 +0800] "POST /xmlrpc.php HTTP/1.1" 200 415 "-" "Mozilla/5.0 (Windows NT 10.0; Win64; x64) AppleWebKit/537.36 (KHTML, like Gecko) Chrome/78.0.3904.108 Safari/537.36"
35.239.131.143 - - [06/Feb/2026:20:25:01 +0800] "POST /xmlrpc.php HTTP/1.1" 200 415 "-" "Mozilla/5.0 (Windows NT 10.0; Win64; x64) AppleWebKit/537.36 (KHTML, like Gecko) Chrome/78.0.3904.108 Safari/537.36"
35.239.131.143 - - [06/Feb/2026:20:25:02 +0800] "POST /xmlrpc.php HTTP/1.1" 200 415 "-" "Mozilla/5.0 (Windows NT 10.0; Win64; x64) AppleWebKit/537.36 (KHTML, like Gecko) Chrome/78.0.3904.108 Safari/537.36"
35.239.131.143 - - [06/Feb/2026:20:25:02 +0800] "POST /xmlrpc.php HTTP/1.1" 200 415 "-" "Mozilla/5.0 (Windows NT 10.0; Win64; x64) AppleWebKit/537.36 (KHTML, like Gecko) Chrome/78.0.3904.108 Safari/537.36"
35.239.131.143 - - [06/Feb/2026:20:25:04 +0800] "POST /xmlrpc.php HTTP/1.1" 200 415 "-" "Mozilla/5.0 (Windows NT 10.0; Win64; x64) AppleWebKit/537.36 (KHTML, like Gecko) Chrome/78.0.3904.108 Safari/537.36"
35.239.131.143 - - [06/Feb/2026:20:25:04 +0800] "POST /xmlrpc.php HTTP/1.1" 200 415 "-" "Mozilla/5.0 (Windows NT 10.0; Win64; x64) AppleWebKit/537.36 (KHTML, like Gecko) Chrome/78.0.3904.108 Safari/537.36"
35.239.131.143 - - [06/Feb/2026:20:25:05 +0800] "POST /xmlrpc.php HTTP/1.1" 200 415 "-" "Mozilla/5.0 (Windows NT 10.0; Win64; x64) AppleWebKit/537.36 (KHTML, like Gecko) Chrome/78.0.3904.108 Safari/537.36"
35.239.131.143 - - [06/Feb/2026:20:25:06 +0800] "POST /xmlrpc.php HTTP/1.1" 200 415 "-" "Mozilla/5.0 (Windows NT 10.0; Win64; x64) AppleWebKit/537.36 (KHTML, like Gecko) Chrome/78.0.3904.108 Safari/537.36"
35.239.131.143 - - [06/Feb/2026:20:25:07 +0800] "POST /xmlrpc.php HTTP/1.1" 200 415 "-" "Mozilla/5.0 (Windows NT 10.0; Win64; x64) AppleWebKit/537.36 (KHTML, like Gecko) Chrome/78.0.3904.108 Safari/537.36"
36.133.115.36 - - [06/Feb/2026:20:25:08 +0800] "POST /wp-cron.php?doing_wp_cron=1770380708.4578700065612792968750 HTTP/1.1" 200 31 "-" "WordPress/6.9; http://cqqizhou.com"
35.239.131.143 - - [06/Feb/2026:20:25:08 +0800] "POST /xmlrpc.php HTTP/1.1" 200 415 "-" "Mozilla/5.0 (Windows NT 10.0; Win64; x64) AppleWebKit/537.36 (KHTML, like Gecko) Chrome/78.0.3904.108 Safari/537.36"
35.239.131.143 - - [06/Feb/2026:20:25:09 +0800] "POST /xmlrpc.php HTTP/1.1" 200 415 "-" "Mozilla/5.0 (Windows NT 10.0; Win64; x64) AppleWebKit/537.36 (KHTML, like Gecko) Chrome/78.0.3904.108 Safari/537.36"
35.239.131.143 - - [06/Feb/2026:20:25:10 +0800] "POST /xmlrpc.php HTTP/1.1" 200 415 "-" "Mozilla/5.0 (Windows NT 10.0; Win64; x64) AppleWebKit/537.36 (KHTML, like Gecko) Chrome/78.0.3904.108 Safari/537.36"
35.239.131.143 - - [06/Feb/2026:20:25:11 +0800] "POST /xmlrpc.php HTTP/1.1" 200 415 "-" "Mozilla/5.0 (Windows NT 10.0; Win64; x64) AppleWebKit/537.36 (KHTML, like Gecko) Chrome/78.0.3904.108 Safari/537.36"
36.133.115.36 - - [06/Feb/2026:20:26:09 +0800] "POST /wp-cron.php?doing_wp_cron=1770380769.9369060993194580078125 HTTP/1.1" 200 31 "-" "WordPress/6.9; http://cqqizhou.com"
49.51.132.100 - - [06/Feb/2026:20:26:09 +0800] "GET /wp-json/oembed/1.0/embed?url=http%3A%2F%2Fcqqizhou.com%2Fbug HTTP/1.1" 200 1138 "-" "Mozilla/5.0 (iPhone; CPU iPhone OS 13_2_3 like Mac OS X) AppleWebKit/605.1.15 (KHTML, like Gecko) Version/13.0.3 Mobile/15E148 Safari/604.1"
36.133.115.36 - - [06/Feb/2026:20:30:13 +0800] "POST /wp-cron.php?doing_wp_cron=1770381013.1805670261383056640625 HTTP/1.1" 200 31 "-" "WordPress/6.9; http://cqqizhou.com"
66.249.74.8 - - [06/Feb/2026:20:30:13 +0800] "GET /news/2052 HTTP/1.1" 200 21644 "-" "Mozilla/5.0 (Linux; Android 6.0.1; Nexus 5X Build/MMB29P) AppleWebKit/537.36 (KHTML, like Gecko) Chrome/144.0.7559.132 Mobile Safari/537.36 (compatible; GoogleOther)"
36.133.115.36 - - [06/Feb/2026:20:35:37 +0800] "POST /wp-cron.php?doing_wp_cron=1770381337.7418630123138427734375 HTTP/1.1" 200 31 "-" "WordPress/6.9; http://cqqizhou.com"
66.249.74.9 - - [06/Feb/2026:20:35:37 +0800] "GET / HTTP/1.1" 200 34681 "-" "Mozilla/5.0 (Linux; Android 6.0.1; Nexus 5X Build/MMB29P) AppleWebKit/537.36 (KHTML, like Gecko) Chrome/144.0.7559.132 Mobile Safari/537.36 (compatible; GoogleOther)"
14.108.233.171 - - [06/Feb/2026:20:38:03 +0800] "GET / HTTP/1.1" 200 40578 "-" "Mozilla/5.0 (Windows NT 10.0; Win64; x64) AppleWebKit/537.36 (KHTML, like Gecko) Chrome/144.0.0.0 Safari/537.36 Edg/144.0.0.0"
14.108.233.171 - - [06/Feb/2026:20:38:04 +0800] "GET /wp-content/uploads/2025/12/1765268955-qizhou_Slider1_3840%C3%972160_20251210-scaled.webp HTTP/1.1" 200 152162 "http://cqqizhou.com/" "Mozilla/5.0 (Windows NT 10.0; Win64; x64) AppleWebKit/537.36 (KHTML, like Gecko) Chrome/144.0.0.0 Safari/537.36 Edg/144.0.0.0"
14.108.233.171 - - [06/Feb/2026:20:38:04 +0800] "GET /wp-content/uploads/revslider/slider-1/1750861156-logistics_Slider_3840%C3%972160_20250625191356-scaled-50x100.webp HTTP/1.1" 200 1416 "http://cqqizhou.com/" "Mozilla/5.0 (Windows NT 10.0; Win64; x64) AppleWebKit/537.36 (KHTML, like Gecko) Chrome/144.0.0.0 Safari/537.36 Edg/144.0.0.0"
14.108.233.171 - - [06/Feb/2026:20:38:04 +0800] "GET /wp-content/uploads/2026/01/1768276119-qizhoujiagong_Slider_3840%C3%972160_20260113-scaled-50x100.webp HTTP/1.1" 200 976 "http://cqqizhou.com/" "Mozilla/5.0 (Windows NT 10.0; Win64; x64) AppleWebKit/537.36 (KHTML, like Gecko) Chrome/144.0.0.0 Safari/537.36 Edg/144.0.0.0"
14.108.233.171 - - [06/Feb/2026:20:38:04 +0800] "GET /wp-content/uploads/2025/07/1753456723-%E5%8F%8C%E7%9B%B8%E9%92%A2roduct_Single600.webp HTTP/1.1" 200 22790 "http://cqqizhou.com/" "Mozilla/5.0 (Windows NT 10.0; Win64; x64) AppleWebKit/537.36 (KHTML, like Gecko) Chrome/144.0.0.0 Safari/537.36 Edg/144.0.0.0"
14.108.233.171 - - [06/Feb/2026:20:38:04 +0800] "GET /wp-content/uploads/2025/07/1753453096-%E5%8F%8C%E7%9B%B8%E9%92%A2product_Single600%C3%97284.webp HTTP/1.1" 200 14562 "http://cqqizhou.com/" "Mozilla/5.0 (Windows NT 10.0; Win64; x64) AppleWebKit/537.36 (KHTML, like Gecko) Chrome/144.0.0.0 Safari/537.36 Edg/144.0.0.0"
14.108.233.171 - - [06/Feb/2026:20:38:04 +0800] "GET /wp-content/uploads/2025/07/1753456770-%E7%83%AD%E9%95%80%E9%94%8C%E5%8D%B7product_Single600.webp HTTP/1.1" 200 27502 "http://cqqizhou.com/" "Mozilla/5.0 (Windows NT 10.0; Win64; x64) AppleWebKit/537.36 (KHTML, like Gecko) Chrome/144.0.0.0 Safari/537.36 Edg/144.0.0.0"
14.108.233.171 - - [06/Feb/2026:20:38:04 +0800] "GET /wp-content/uploads/2025/07/1753453127-%E4%BD%99%E5%8D%B7product_Single600%C3%97284.webp HTTP/1.1" 200 18744 "http://cqqizhou.com/" "Mozilla/5.0 (Windows NT 10.0; Win64; x64) AppleWebKit/537.36 (KHTML, like Gecko) Chrome/144.0.0.0 Safari/537.36 Edg/144.0.0.0"
36.133.115.36 - - [06/Feb/2026:20:38:04 +0800] "POST /wp-cron.php?doing_wp_cron=1770381484.9030029773712158203125 HTTP/1.1" 200 31 "-" "WordPress/6.9; http://cqqizhou.com"
14.108.233.171 - - [06/Feb/2026:20:38:04 +0800] "GET /wp-json/sliderrevolution/sliders/1?srengine=7&slideid=4 HTTP/1.1" 200 2580 "http://cqqizhou.com/" "Mozilla/5.0 (Windows NT 10.0; Win64; x64) AppleWebKit/537.36 (KHTML, like Gecko) Chrome/144.0.0.0 Safari/537.36 Edg/144.0.0.0"
36.133.115.36 - - [06/Feb/2026:20:38:04 +0800] "POST /wp-cron.php?doing_wp_cron=1770381484.9029359817504882812500 HTTP/1.1" 200 31 "-" "WordPress/6.9; http://cqqizhou.com"
14.108.233.171 - - [06/Feb/2026:20:38:04 +0800] "GET /wp-json/sliderrevolution/sliders/1?srengine=7&slideid=2 HTTP/1.1" 200 2000 "http://cqqizhou.com/" "Mozilla/5.0 (Windows NT 10.0; Win64; x64) AppleWebKit/537.36 (KHTML, like Gecko) Chrome/144.0.0.0 Safari/537.36 Edg/144.0.0.0"
14.108.233.171 - - [06/Feb/2026:20:38:04 +0800] "GET /wp-content/uploads/2026/01/1768276119-qizhoujiagong_Slider_3840%C3%972160_20260113-scaled.webp HTTP/1.1" 200 131696 "http://cqqizhou.com/" "Mozilla/5.0 (Windows NT 10.0; Win64; x64) AppleWebKit/537.36 (KHTML, like Gecko) Chrome/144.0.0.0 Safari/537.36 Edg/144.0.0.0"
14.108.233.171 - - [06/Feb/2026:20:38:05 +0800] "GET /wp-content/uploads/revslider/slider-1/1750861156-logistics_Slider_3840%C3%972160_20250625191356-scaled.webp HTTP/1.1" 200 197360 "http://cqqizhou.com/" "Mozilla/5.0 (Windows NT 10.0; Win64; x64) AppleWebKit/537.36 (KHTML, like Gecko) Chrome/144.0.0.0 Safari/537.36 Edg/144.0.0.0"
14.108.233.171 - - [06/Feb/2026:20:38:06 +0800] "GET /media HTTP/1.1" 200 31786 "http://cqqizhou.com/" "Mozilla/5.0 (Windows NT 10.0; Win64; x64) AppleWebKit/537.36 (KHTML, like Gecko) Chrome/144.0.0.0 Safari/537.36 Edg/144.0.0.0"
