36.133.115.36 - - [06/Feb/2026:22:47:28 +0800] "POST /wp-cron.php?doing_wp_cron=1770389248.1194519996643066406250 HTTP/1.1" 200 31 "-" "WordPress/6.9; http://cqqizhou.com"
14.108.233.171 - - [06/Feb/2026:22:47:28 +0800] "GET /wp-json/elementor/v1/checklist/user-progress HTTP/1.1" 200 222 "http://cqqizhou.com/wp-admin/post.php?post=2239&action=elementor" "Mozilla/5.0 (Windows NT 10.0; Win64; x64) AppleWebKit/537.36 (KHTML, like Gecko) Chrome/144.0.0.0 Safari/537.36 Edg/144.0.0.0"
14.108.233.171 - - [06/Feb/2026:22:47:29 +0800] "POST /wp-admin/admin-ajax.php HTTP/1.1" 200 496 "http://cqqizhou.com/wp-admin/post.php?post=2239&action=elementor" "Mozilla/5.0 (Windows NT 10.0; Win64; x64) AppleWebKit/537.36 (KHTML, like Gecko) Chrome/144.0.0.0 Safari/537.36 Edg/144.0.0.0"
14.108.233.171 - - [06/Feb/2026:22:47:30 +0800] "GET /wp-json/elementor/v1/checklist/user-progress HTTP/1.1" 200 222 "http://cqqizhou.com/wp-admin/post.php?post=2239&action=elementor" "Mozilla/5.0 (Windows NT 10.0; Win64; x64) AppleWebKit/537.36 (KHTML, like Gecko) Chrome/144.0.0.0 Safari/537.36 Edg/144.0.0.0"
14.108.233.171 - - [06/Feb/2026:22:47:31 +0800] "POST /wp-admin/admin-ajax.php HTTP/1.1" 200 298 "http://cqqizhou.com/wp-admin/post.php?post=2239&action=elementor" "Mozilla/5.0 (Windows NT 10.0; Win64; x64) AppleWebKit/537.36 (KHTML, like Gecko) Chrome/144.0.0.0 Safari/537.36 Edg/144.0.0.0"
14.108.233.171 - - [06/Feb/2026:22:47:34 +0800] "POST /wp-admin/admin-ajax.php HTTP/1.1" 200 78 "http://cqqizhou.com/wp-admin/edit.php?post_type=page" "Mozilla/5.0 (Windows NT 10.0; Win64; x64) AppleWebKit/537.36 (KHTML, like Gecko) Chrome/144.0.0.0 Safari/537.36 Edg/144.0.0.0"
36.133.115.36 - - [06/Feb/2026:22:48:29 +0800] "POST /wp-cron.php?doing_wp_cron=1770389309.0551619529724121093750 HTTP/1.1" 200 31 "-" "WordPress/6.9; http://cqqizhou.com"
204.76.203.18 - - [06/Feb/2026:22:48:29 +0800] "GET /backup/ HTTP/1.1" 301 5 "-" "-"
204.76.203.18 - - [06/Feb/2026:22:48:32 +0800] "GET /backup/ HTTP/1.1" 301 5 "-" "-"
204.76.203.18 - - [06/Feb/2026:22:48:36 +0800] "GET /backup/ HTTP/1.1" 301 5 "-" "-"
204.76.203.18 - - [06/Feb/2026:22:48:40 +0800] "GET /backup/ HTTP/1.1" 301 5 "-" "-"
14.108.233.171 - - [06/Feb/2026:22:48:41 +0800] "POST /wp-admin/admin-ajax.php HTTP/1.1" 200 107 "http://cqqizhou.com/wp-admin/post.php?post=2239&action=elementor" "Mozilla/5.0 (Windows NT 10.0; Win64; x64) AppleWebKit/537.36 (KHTML, like Gecko) Chrome/144.0.0.0 Safari/537.36 Edg/144.0.0.0"
204.76.203.18 - - [06/Feb/2026:22:48:43 +0800] "GET /backup/ HTTP/1.1" 301 5 "-" "-"
36.133.115.36 - - [06/Feb/2026:22:49:35 +0800] "POST /wp-cron.php?doing_wp_cron=1770389375.0673000812530517578125 HTTP/1.1" 200 31 "-" "WordPress/6.9; http://cqqizhou.com"
14.108.233.171 - - [06/Feb/2026:22:49:35 +0800] "POST /wp-admin/admin-ajax.php HTTP/1.1" 200 78 "http://cqqizhou.com/wp-admin/edit.php?post_type=page" "Mozilla/5.0 (Windows NT 10.0; Win64; x64) AppleWebKit/537.36 (KHTML, like Gecko) Chrome/144.0.0.0 Safari/537.36 Edg/144.0.0.0"
36.133.115.36 - - [06/Feb/2026:22:50:42 +0800] "POST /wp-cron.php?doing_wp_cron=1770389442.0587449073791503906250 HTTP/1.1" 200 31 "-" "WordPress/6.9; http://cqqizhou.com"
14.108.233.171 - - [06/Feb/2026:22:50:42 +0800] "POST /wp-admin/admin-ajax.php HTTP/1.1" 200 107 "http://cqqizhou.com/wp-admin/post.php?post=2239&action=elementor" "Mozilla/5.0 (Windows NT 10.0; Win64; x64) AppleWebKit/537.36 (KHTML, like Gecko) Chrome/144.0.0.0 Safari/537.36 Edg/144.0.0.0"
36.133.115.36 - - [06/Feb/2026:22:51:36 +0800] "POST /wp-cron.php?doing_wp_cron=1770389496.1316559314727783203125 HTTP/1.1" 200 31 "-" "WordPress/6.9; http://cqqizhou.com"
14.108.233.171 - - [06/Feb/2026:22:51:36 +0800] "POST /wp-admin/admin-ajax.php HTTP/1.1" 200 78 "http://cqqizhou.com/wp-admin/edit.php?post_type=page" "Mozilla/5.0 (Windows NT 10.0; Win64; x64) AppleWebKit/537.36 (KHTML, like Gecko) Chrome/144.0.0.0 Safari/537.36 Edg/144.0.0.0"
36.133.115.36 - - [06/Feb/2026:22:52:43 +0800] "POST /wp-cron.php?doing_wp_cron=1770389563.0683588981628417968750 HTTP/1.1" 200 31 "-" "WordPress/6.9; http://cqqizhou.com"
14.108.233.171 - - [06/Feb/2026:22:52:43 +0800] "POST /wp-admin/admin-ajax.php HTTP/1.1" 200 107 "http://cqqizhou.com/wp-admin/post.php?post=2239&action=elementor" "Mozilla/5.0 (Windows NT 10.0; Win64; x64) AppleWebKit/537.36 (KHTML, like Gecko) Chrome/144.0.0.0 Safari/537.36 Edg/144.0.0.0"
36.133.115.36 - - [06/Feb/2026:22:53:37 +0800] "POST /wp-cron.php?doing_wp_cron=1770389617.1302859783172607421875 HTTP/1.1" 200 31 "-" "WordPress/6.9; http://cqqizhou.com"
14.108.233.171 - - [06/Feb/2026:22:53:37 +0800] "POST /wp-admin/admin-ajax.php HTTP/1.1" 200 78 "http://cqqizhou.com/wp-admin/edit.php?post_type=page" "Mozilla/5.0 (Windows NT 10.0; Win64; x64) AppleWebKit/537.36 (KHTML, like Gecko) Chrome/144.0.0.0 Safari/537.36 Edg/144.0.0.0"
36.133.115.36 - - [06/Feb/2026:22:54:44 +0800] "POST /wp-cron.php?doing_wp_cron=1770389684.0543589591979980468750 HTTP/1.1" 200 31 "-" "WordPress/6.9; http://cqqizhou.com"
14.108.233.171 - - [06/Feb/2026:22:54:44 +0800] "POST /wp-admin/admin-ajax.php HTTP/1.1" 200 107 "http://cqqizhou.com/wp-admin/post.php?post=2239&action=elementor" "Mozilla/5.0 (Windows NT 10.0; Win64; x64) AppleWebKit/537.36 (KHTML, like Gecko) Chrome/144.0.0.0 Safari/537.36 Edg/144.0.0.0"
36.133.115.36 - - [06/Feb/2026:22:56:02 +0800] "POST /wp-cron.php?doing_wp_cron=1770389762.7953550815582275390625 HTTP/1.1" 200 31 "-" "WordPress/6.9; http://cqqizhou.com"
66.249.74.7 - - [06/Feb/2026:22:56:02 +0800] "GET /news/tag/%E7%89%A9%E6%B5%81 HTTP/1.1" 200 17699 "-" "Mozilla/5.0 (Linux; Android 6.0.1; Nexus 5X Build/MMB29P) AppleWebKit/537.36 (KHTML, like Gecko) Chrome/144.0.7559.132 Mobile Safari/537.36 (compatible; GoogleOther)"
36.133.115.36 - - [06/Feb/2026:22:56:45 +0800] "POST /wp-cron.php?doing_wp_cron=1770389805.0659160614013671875000 HTTP/1.1" 200 31 "-" "WordPress/6.9; http://cqqizhou.com"
14.108.233.171 - - [06/Feb/2026:22:56:45 +0800] "POST /wp-admin/admin-ajax.php HTTP/1.1" 200 107 "http://cqqizhou.com/wp-admin/post.php?post=2239&action=elementor" "Mozilla/5.0 (Windows NT 10.0; Win64; x64) AppleWebKit/537.36 (KHTML, like Gecko) Chrome/144.0.0.0 Safari/537.36 Edg/144.0.0.0"
36.133.115.36 - - [06/Feb/2026:22:58:46 +0800] "POST /wp-cron.php?doing_wp_cron=1770389926.1016809940338134765625 HTTP/1.1" 200 31 "-" "WordPress/6.9; http://cqqizhou.com"
14.108.233.171 - - [06/Feb/2026:22:58:46 +0800] "POST /wp-admin/admin-ajax.php HTTP/1.1" 200 107 "http://cqqizhou.com/wp-admin/post.php?post=2239&action=elementor" "Mozilla/5.0 (Windows NT 10.0; Win64; x64) AppleWebKit/537.36 (KHTML, like Gecko) Chrome/144.0.0.0 Safari/537.36 Edg/144.0.0.0"
36.133.115.36 - - [06/Feb/2026:23:00:47 +0800] "POST /wp-cron.php?doing_wp_cron=1770390047.0991868972778320312500 HTTP/1.1" 200 31 "-" "WordPress/6.9; http://cqqizhou.com"
14.108.233.171 - - [06/Feb/2026:23:00:47 +0800] "POST /wp-admin/admin-ajax.php HTTP/1.1" 200 107 "http://cqqizhou.com/wp-admin/post.php?post=2239&action=elementor" "Mozilla/5.0 (Windows NT 10.0; Win64; x64) AppleWebKit/537.36 (KHTML, like Gecko) Chrome/144.0.0.0 Safari/537.36 Edg/144.0.0.0"
36.133.115.36 - - [06/Feb/2026:23:02:35 +0800] "POST /wp-cron.php?doing_wp_cron=1770390155.8806400299072265625000 HTTP/1.1" 200 31 "-" "WordPress/6.9; http://cqqizhou.com"
66.249.74.9 - - [06/Feb/2026:23:02:35 +0800] "GET /news/2163 HTTP/1.1" 200 19794 "-" "Mozilla/5.0 (Linux; Android 6.0.1; Nexus 5X Build/MMB29P) AppleWebKit/537.36 (KHTML, like Gecko) Chrome/144.0.7559.132 Mobile Safari/537.36 (compatible; GoogleOther)"
14.108.233.171 - - [06/Feb/2026:23:02:48 +0800] "POST /wp-admin/admin-ajax.php HTTP/1.1" 200 107 "http://cqqizhou.com/wp-admin/post.php?post=2239&action=elementor" "Mozilla/5.0 (Windows NT 10.0; Win64; x64) AppleWebKit/537.36 (KHTML, like Gecko) Chrome/144.0.0.0 Safari/537.36 Edg/144.0.0.0"
36.133.115.36 - - [06/Feb/2026:23:04:49 +0800] "POST /wp-cron.php?doing_wp_cron=1770390289.1008288860321044921875 HTTP/1.1" 200 31 "-" "WordPress/6.9; http://cqqizhou.com"
14.108.233.171 - - [06/Feb/2026:23:04:49 +0800] "POST /wp-admin/admin-ajax.php HTTP/1.1" 200 107 "http://cqqizhou.com/wp-admin/post.php?post=2239&action=elementor" "Mozilla/5.0 (Windows NT 10.0; Win64; x64) AppleWebKit/537.36 (KHTML, like Gecko) Chrome/144.0.0.0 Safari/537.36 Edg/144.0.0.0"
36.133.115.36 - - [06/Feb/2026:23:06:35 +0800] "POST /wp-cron.php?doing_wp_cron=1770390395.2706620693206787109375 HTTP/1.1" 200 31 "-" "WordPress/6.9; http://cqqizhou.com"
205.210.31.228 - - [06/Feb/2026:23:06:35 +0800] "GET /wp-login.php HTTP/1.1" 200 9053 "-" "Hello from Palo Alto Networks, find out more about our scans in https://docs-cortex.paloaltonetworks.com/r/1/Cortex-Xpanse/Scanning-activity"
14.108.233.171 - - [06/Feb/2026:23:06:50 +0800] "POST /wp-admin/admin-ajax.php HTTP/1.1" 200 107 "http://cqqizhou.com/wp-admin/post.php?post=2239&action=elementor" "Mozilla/5.0 (Windows NT 10.0; Win64; x64) AppleWebKit/537.36 (KHTML, like Gecko) Chrome/144.0.0.0 Safari/537.36 Edg/144.0.0.0"
36.133.115.36 - - [06/Feb/2026:23:07:15 +0800] "POST /wp-cron.php?doing_wp_cron=1770390435.2694759368896484375000 HTTP/1.1" 200 31 "-" "WordPress/6.9; http://cqqizhou.com"
52.167.144.216 - - [06/Feb/2026:23:07:15 +0800] "GET /news/page/3/ HTTP/1.1" 301 5 "-" "Mozilla/5.0 AppleWebKit/537.36 (KHTML, like Gecko; compatible; bingbot/2.0; +http://www.bing.com/bingbot.htm) Chrome/116.0.1938.76 Safari/537.36"
52.167.144.216 - - [06/Feb/2026:23:07:17 +0800] "GET /news/page/3 HTTP/1.1" 200 22732 "-" "Mozilla/5.0 AppleWebKit/537.36 (KHTML, like Gecko; compatible; bingbot/2.0; +http://www.bing.com/bingbot.htm) Chrome/116.0.1938.76 Safari/537.36"
36.133.115.36 - - [06/Feb/2026:23:08:51 +0800] "POST /wp-cron.php?doing_wp_cron=1770390531.0569610595703125000000 HTTP/1.1" 200 31 "-" "WordPress/6.9; http://cqqizhou.com"
14.108.233.171 - - [06/Feb/2026:23:08:51 +0800] "POST /wp-admin/admin-ajax.php HTTP/1.1" 200 107 "http://cqqizhou.com/wp-admin/post.php?post=2239&action=elementor" "Mozilla/5.0 (Windows NT 10.0; Win64; x64) AppleWebKit/537.36 (KHTML, like Gecko) Chrome/144.0.0.0 Safari/537.36 Edg/144.0.0.0"
36.133.115.36 - - [06/Feb/2026:23:09:22 +0800] "POST /wp-cron.php?doing_wp_cron=1770390562.4808149337768554687500 HTTP/1.1" 200 31 "-" "WordPress/6.9; http://cqqizhou.com"
116.179.32.232 - - [06/Feb/2026:23:09:22 +0800] "GET /about/ HTTP/1.1" 301 5 "-" "Mozilla/5.0 (compatible; Baiduspider/2.0; +http://www.baidu.com/search/spider.html)"
116.179.32.74 - - [06/Feb/2026:23:09:23 +0800] "GET /about HTTP/1.1" 200 24485 "-" "Mozilla/5.0 (compatible; Baiduspider/2.0; +http://www.baidu.com/search/spider.html)"
146.190.84.203 - - [06/Feb/2026:23:09:39 +0800] "POST /xmlrpc.php HTTP/1.1" 200 217 "-" "Mozilla/5.0 (Windows NT 10.0; WOW64) AppleWebKit/537.36 (KHTML, like Gecko) Chrome/140.0.0.0 Safari/537.36"
36.133.115.36 - - [06/Feb/2026:23:10:20 +0800] "POST /wp-cron.php?doing_wp_cron=1770390620.1036250591278076171875 HTTP/1.1" 200 31 "-" "WordPress/6.9; http://cqqizhou.com"
20.65.168.78 - - [06/Feb/2026:23:10:20 +0800] "GET /actuator/health HTTP/1.1" 404 8947 "-" "Mozilla/5.0 zgrab/0.x"
14.108.233.171 - - [06/Feb/2026:23:10:52 +0800] "POST /wp-admin/admin-ajax.php HTTP/1.1" 200 107 "http://cqqizhou.com/wp-admin/post.php?post=2239&action=elementor" "Mozilla/5.0 (Windows NT 10.0; Win64; x64) AppleWebKit/537.36 (KHTML, like Gecko) Chrome/144.0.0.0 Safari/537.36 Edg/144.0.0.0"
36.133.115.36 - - [06/Feb/2026:23:11:28 +0800] "POST /wp-cron.php?doing_wp_cron=1770390688.7711849212646484375000 HTTP/1.1" 200 31 "-" "WordPress/6.9; http://cqqizhou.com"
43.153.74.75 - - [06/Feb/2026:23:11:28 +0800] "GET / HTTP/1.1" 200 34759 "-" "Mozilla/5.0 (iPhone; CPU iPhone OS 13_2_3 like Mac OS X) AppleWebKit/605.1.15 (KHTML, like Gecko) Version/13.0.3 Mobile/15E148 Safari/604.1"
36.133.115.36 - - [06/Feb/2026:23:12:53 +0800] "POST /wp-cron.php?doing_wp_cron=1770390773.0561769008636474609375 HTTP/1.1" 200 31 "-" "WordPress/6.9; http://cqqizhou.com"
14.108.233.171 - - [06/Feb/2026:23:12:53 +0800] "POST /wp-admin/admin-ajax.php HTTP/1.1" 200 107 "http://cqqizhou.com/wp-admin/post.php?post=2239&action=elementor" "Mozilla/5.0 (Windows NT 10.0; Win64; x64) AppleWebKit/537.36 (KHTML, like Gecko) Chrome/144.0.0.0 Safari/537.36 Edg/144.0.0.0"
36.133.115.36 - - [06/Feb/2026:23:13:26 +0800] "POST /wp-cron.php?doing_wp_cron=1770390805.9808990955352783203125 HTTP/1.1" 200 31 "-" "WordPress/6.9; http://cqqizhou.com"
150.109.46.88 - - [06/Feb/2026:23:13:26 +0800] "GET / HTTP/1.1" 200 34759 "-" "Mozilla/5.0 (iPhone; CPU iPhone OS 13_2_3 like Mac OS X) AppleWebKit/605.1.15 (KHTML, like Gecko) Version/13.0.3 Mobile/15E148 Safari/604.1"
116.179.32.35 - - [06/Feb/2026:23:13:51 +0800] "GET /wp-json/oembed/1.0/embed?url=http%3A%2F%2Fcqqizhou.com%2Fabout HTTP/1.1" 200 1137 "-" "Mozilla/5.0 (compatible; Baiduspider/2.0; +http://www.baidu.com/search/spider.html)"
36.133.115.36 - - [06/Feb/2026:23:14:51 +0800] "POST /wp-cron.php?doing_wp_cron=1770390891.7339260578155517578125 HTTP/1.1" 200 31 "-" "WordPress/6.9; http://cqqizhou.com"
204.76.203.206 - - [06/Feb/2026:23:14:52 +0800] "GET / HTTP/1.1" 200 157184 "-" "Mozilla/5.0"
14.108.233.171 - - [06/Feb/2026:23:14:54 +0800] "POST /wp-admin/admin-ajax.php HTTP/1.1" 200 107 "http://cqqizhou.com/wp-admin/post.php?post=2239&action=elementor" "Mozilla/5.0 (Windows NT 10.0; Win64; x64) AppleWebKit/537.36 (KHTML, like Gecko) Chrome/144.0.0.0 Safari/537.36 Edg/144.0.0.0"
14.108.233.171 - - [06/Feb/2026:23:15:18 +0800] "POST /wp-admin/admin-ajax.php HTTP/1.1" 499 0 "http://cqqizhou.com/wp-admin/post.php?post=2239&action=elementor" "Mozilla/5.0 (Windows NT 10.0; Win64; x64) AppleWebKit/537.36 (KHTML, like Gecko) Chrome/144.0.0.0 Safari/537.36 Edg/144.0.0.0"
14.108.233.171 - - [06/Feb/2026:23:15:18 +0800] "GET /wp-json/elementor/v1/checklist/user-progress HTTP/1.1" 499 0 "http://cqqizhou.com/wp-admin/post.php?post=2239&action=elementor" "Mozilla/5.0 (Windows NT 10.0; Win64; x64) AppleWebKit/537.36 (KHTML, like Gecko) Chrome/144.0.0.0 Safari/537.36 Edg/144.0.0.0"
36.133.115.36 - - [06/Feb/2026:23:15:19 +0800] "POST /wp-cron.php?doing_wp_cron=1770390919.2368810176849365234375 HTTP/1.1" 200 31 "-" "WordPress/6.9; http://cqqizhou.com"
36.133.115.36 - - [06/Feb/2026:23:18:14 +0800] "POST /wp-cron.php?doing_wp_cron=1770391094.2259249687194824218750 HTTP/1.1" 200 31 "-" "WordPress/6.9; http://cqqizhou.com"
66.249.74.8 - - [06/Feb/2026:23:18:14 +0800] "GET /news/2162 HTTP/1.1" 200 21154 "-" "Mozilla/5.0 (Linux; Android 6.0.1; Nexus 5X Build/MMB29P) AppleWebKit/537.36 (KHTML, like Gecko) Chrome/144.0.7559.132 Mobile Safari/537.36 (compatible; GoogleOther)"
36.133.115.36 - - [06/Feb/2026:23:33:52 +0800] "POST /wp-cron.php?doing_wp_cron=1770392032.4941749572753906250000 HTTP/1.1" 200 31 "-" "WordPress/6.9; http://cqqizhou.com"
66.249.74.9 - - [06/Feb/2026:23:33:52 +0800] "GET /news/2160 HTTP/1.1" 200 25390 "-" "Mozilla/5.0 (Linux; Android 6.0.1; Nexus 5X Build/MMB29P) AppleWebKit/537.36 (KHTML, like Gecko) Chrome/144.0.7559.132 Mobile Safari/537.36 (compatible; GoogleOther)"
36.133.115.36 - - [06/Feb/2026:23:40:31 +0800] "POST /wp-cron.php?doing_wp_cron=1770392431.5410599708557128906250 HTTP/1.1" 200 31 "-" "WordPress/6.9; http://cqqizhou.com"
204.76.203.206 - - [06/Feb/2026:23:40:32 +0800] "GET / HTTP/1.1" 200 157184 "-" "Mozilla/5.0"
36.133.115.36 - - [06/Feb/2026:23:49:30 +0800] "POST /wp-cron.php?doing_wp_cron=1770392970.7039101123809814453125 HTTP/1.1" 200 31 "-" "WordPress/6.9; http://cqqizhou.com"
66.249.74.9 - - [06/Feb/2026:23:49:30 +0800] "GET /* HTTP/1.1" 404 8948 "-" "Mozilla/5.0 (Linux; Android 6.0.1; Nexus 5X Build/MMB29P) AppleWebKit/537.36 (KHTML, like Gecko) Chrome/144.0.7559.132 Mobile Safari/537.36 (compatible; GoogleOther)"