14.108.233.171 - - [06/Feb/2026:20:38:06 +0800] "GET /wp-content/uploads/2026/02/1770341652-2026251Article_images_W900%C3%97500px-768x427.webp HTTP/1.1" 200 42638 "http://cqqizhou.com/media" "Mozilla/5.0 (Windows NT 10.0; Win64; x64) AppleWebKit/537.36 (KHTML, like Gecko) Chrome/144.0.0.0 Safari/537.36 Edg/144.0.0.0"
14.108.233.171 - - [06/Feb/2026:20:38:06 +0800] "GET /wp-content/uploads/2026/02/1770340507-2026261Article_images_W900%C3%97500px-768x427.webp HTTP/1.1" 200 36222 "http://cqqizhou.com/media" "Mozilla/5.0 (Windows NT 10.0; Win64; x64) AppleWebKit/537.36 (KHTML, like Gecko) Chrome/144.0.0.0 Safari/537.36 Edg/144.0.0.0"
14.108.233.171 - - [06/Feb/2026:20:38:06 +0800] "GET /wp-content/uploads/2026/01/1770349139-202624Article_images_W900%C3%97500px20260--768x427.webp HTTP/1.1" 200 56936 "http://cqqizhou.com/media" "Mozilla/5.0 (Windows NT 10.0; Win64; x64) AppleWebKit/537.36 (KHTML, like Gecko) Chrome/144.0.0.0 Safari/537.36 Edg/144.0.0.0"
14.108.233.171 - - [06/Feb/2026:20:38:06 +0800] "GET /wp-content/uploads/media/qizhou_Brochure.webp HTTP/1.1" 200 26142 "http://cqqizhou.com/media" "Mozilla/5.0 (Windows NT 10.0; Win64; x64) AppleWebKit/537.36 (KHTML, like Gecko) Chrome/144.0.0.0 Safari/537.36 Edg/144.0.0.0"
36.133.115.36 - - [06/Feb/2026:20:38:36 +0800] "POST /wp-cron.php?doing_wp_cron=1770381516.6984388828277587890625 HTTP/1.1" 200 31 "-" "WordPress/6.9; http://cqqizhou.com"
66.249.74.8 - - [06/Feb/2026:20:38:36 +0800] "GET /news/2164 HTTP/1.1" 200 19507 "-" "Mozilla/5.0 (Linux; Android 6.0.1; Nexus 5X Build/MMB29P) AppleWebKit/537.36 (KHTML, like Gecko) Chrome/144.0.7559.132 Mobile Safari/537.36 (compatible; GoogleOther)"
101.26.28.33 - - [06/Feb/2026:20:42:58 +0800] "GET / HTTP/1.1" 200 170896 "-" "Mozilla/5.0 (Macintosh; Intel Mac OS X 10_15_7) AppleWebKit/537.36 (KHTML, like Gecko) Chrome/120.0.0.0 Safari/537.36 Edg/120.0.0.0"
36.133.115.36 - - [06/Feb/2026:20:43:36 +0800] "POST /wp-cron.php?doing_wp_cron=1770381816.3141620159149169921875 HTTP/1.1" 200 31 "-" "WordPress/6.9; http://cqqizhou.com"
39.163.123.28 - - [06/Feb/2026:20:43:36 +0800] "GET /robots.txt HTTP/1.1" 200 190 "-" "Mozilla/5.0 (Macintosh; Intel Mac OS X 10_7_0) AppleWebKit/535.11 (KHTML, like Gecko) Chrome/17.0.963.56 Safari/535.11"
183.253.148.170 - - [06/Feb/2026:20:43:37 +0800] "GET /sitemap.xml HTTP/1.1" 200 537 "-" "Mozilla/5.0 (Macintosh; Intel Mac OS X 10_7_0) AppleWebKit/535.11 (KHTML, like Gecko) Chrome/17.0.963.56 Safari/535.11"
120.231.44.76 - - [06/Feb/2026:20:43:39 +0800] "GET /config.json HTTP/1.1" 404 8949 "-" "Mozilla/5.0 (Macintosh; Intel Mac OS X 10_7_0) AppleWebKit/535.11 (KHTML, like Gecko) Chrome/17.0.963.56 Safari/535.11"
223.85.37.228 - - [06/Feb/2026:20:43:59 +0800] "GET /wp-content/plugins/*\x22,\x22/readme.txt HTTP/1.1" 404 8949 "-" "Mozilla/5.0 (iPod; U; CPU iPhone OS 4_0 like Mac OS X; xh-ZA) AppleWebKit/533.21.6 (KHTML, like Gecko) Version/3.0.5 Mobile/8B119 Safari/6533.21.6"
111.1.97.39 - - [06/Feb/2026:20:44:10 +0800] "GET /wp-content/plugins/elementor-pro/readme.txt HTTP/1.1" 200 337 "-" "Mozilla/5.0 (iPod; U; CPU iPhone OS 4_0 like Mac OS X; xh-ZA) AppleWebKit/533.21.6 (KHTML, like Gecko) Version/3.0.5 Mobile/8B119 Safari/6533.21.6"
223.88.60.85 - - [06/Feb/2026:20:44:24 +0800] "GET /wp-content/plugins/elementor/readme.txt HTTP/1.1" 200 10514 "-" "Mozilla/5.0 (iPod; U; CPU iPhone OS 4_0 like Mac OS X; xh-ZA) AppleWebKit/533.21.6 (KHTML, like Gecko) Version/3.0.5 Mobile/8B119 Safari/6533.21.6"
36.133.115.36 - - [06/Feb/2026:20:44:44 +0800] "POST /wp-cron.php?doing_wp_cron=1770381884.1742711067199707031250 HTTP/1.1" 200 31 "-" "WordPress/6.9; http://cqqizhou.com"
183.214.183.230 - - [06/Feb/2026:20:44:44 +0800] "GET /wp-content/plugins/revslider/readme.txt HTTP/1.1" 404 8950 "-" "Mozilla/5.0 (iPod; U; CPU iPhone OS 4_0 like Mac OS X; xh-ZA) AppleWebKit/533.21.6 (KHTML, like Gecko) Version/3.0.5 Mobile/8B119 Safari/6533.21.6"
120.216.67.61 - - [06/Feb/2026:20:44:58 +0800] "GET /wp-content/plugins/wp-rocket/readme.txt HTTP/1.1" 404 8949 "-" "Mozilla/5.0 (iPod; U; CPU iPhone OS 4_0 like Mac OS X; xh-ZA) AppleWebKit/533.21.6 (KHTML, like Gecko) Version/3.0.5 Mobile/8B119 Safari/6533.21.6"
116.78.54.190 - - [06/Feb/2026:20:45:16 +0800] "GET /wp-content/themes/qizhou/readme.txt HTTP/1.1" 200 1348 "-" "Mozilla/5.0 (iPod; U; CPU iPhone OS 4_0 like Mac OS X; xh-ZA) AppleWebKit/533.21.6 (KHTML, like Gecko) Version/3.0.5 Mobile/8B119 Safari/6533.21.6"
36.133.115.36 - - [06/Feb/2026:20:46:53 +0800] "POST /wp-cron.php?doing_wp_cron=1770382013.1277420520782470703125 HTTP/1.1" 200 31 "-" "WordPress/6.9; http://cqqizhou.com"
66.249.74.7 - - [06/Feb/2026:20:46:53 +0800] "GET /industry HTTP/1.1" 200 18934 "-" "Mozilla/5.0 (Linux; Android 6.0.1; Nexus 5X Build/MMB29P) AppleWebKit/537.36 (KHTML, like Gecko) Chrome/144.0.7559.132 Mobile Safari/537.36 (compatible; GoogleOther)"
14.108.233.171 - - [06/Feb/2026:20:48:30 +0800] "GET /news/2483 HTTP/1.1" 200 24347 "http://cqqizhou.com/media" "Mozilla/5.0 (Windows NT 10.0; Win64; x64) AppleWebKit/537.36 (KHTML, like Gecko) Chrome/144.0.0.0 Safari/537.36 Edg/144.0.0.0"
14.108.233.171 - - [06/Feb/2026:20:48:32 +0800] "GET /wp-content/uploads/2026/02/1770340507-2026261Article_images_W900%C3%97500px.webp HTTP/1.1" 200 33216 "http://cqqizhou.com/news/2483" "Mozilla/5.0 (Windows NT 10.0; Win64; x64) AppleWebKit/537.36 (KHTML, like Gecko) Chrome/144.0.0.0 Safari/537.36 Edg/144.0.0.0"
14.108.233.171 - - [06/Feb/2026:20:48:32 +0800] "GET /wp-content/uploads/2026/02/1770340535-2026262Article_images_W900%C3%97500px.webp HTTP/1.1" 200 42120 "http://cqqizhou.com/news/2483" "Mozilla/5.0 (Windows NT 10.0; Win64; x64) AppleWebKit/537.36 (KHTML, like Gecko) Chrome/144.0.0.0 Safari/537.36 Edg/144.0.0.0"
14.108.233.171 - - [06/Feb/2026:20:48:32 +0800] "GET /wp-content/uploads/2026/01/1767691466-Article_images_W900%C3%97500px202601061.webp HTTP/1.1" 200 56014 "http://cqqizhou.com/news/2483" "Mozilla/5.0 (Windows NT 10.0; Win64; x64) AppleWebKit/537.36 (KHTML, like Gecko) Chrome/144.0.0.0 Safari/537.36 Edg/144.0.0.0"
14.108.233.171 - - [06/Feb/2026:20:48:32 +0800] "GET /wp-content/uploads/2025/07/1753410289-News2000%C3%97400_202571.webp HTTP/1.1" 200 17830 "http://cqqizhou.com/news/2483" "Mozilla/5.0 (Windows NT 10.0; Win64; x64) AppleWebKit/537.36 (KHTML, like Gecko) Chrome/144.0.0.0 Safari/537.36 Edg/144.0.0.0"
14.108.233.171 - - [06/Feb/2026:20:48:32 +0800] "GET /wp-content/uploads/revslider/slider-1/1750861156-logistics_Slider_3840%C3%972160_20250625191356-scaled.webp HTTP/1.1" 200 197360 "http://cqqizhou.com/news/2483" "Mozilla/5.0 (Windows NT 10.0; Win64; x64) AppleWebKit/537.36 (KHTML, like Gecko) Chrome/144.0.0.0 Safari/537.36 Edg/144.0.0.0"
36.133.115.36 - - [06/Feb/2026:20:48:36 +0800] "POST /wp-cron.php?doing_wp_cron=1770382116.5688350200653076171875 HTTP/1.1" 200 31 "-" "WordPress/6.9; http://cqqizhou.com"
14.108.233.171 - - [06/Feb/2026:20:48:36 +0800] "GET /news/ HTTP/1.1" 301 5 "-" "Mozilla/5.0 (Windows NT 10.0; Win64; x64) AppleWebKit/537.36 (KHTML, like Gecko) Chrome/144.0.0.0 Safari/537.36 Edg/144.0.0.0"
14.108.233.171 - - [06/Feb/2026:20:48:36 +0800] "GET /news HTTP/1.1" 200 25696 "-" "Mozilla/5.0 (Windows NT 10.0; Win64; x64) AppleWebKit/537.36 (KHTML, like Gecko) Chrome/144.0.0.0 Safari/537.36 Edg/144.0.0.0"
14.108.233.171 - - [06/Feb/2026:20:48:37 +0800] "GET /wp-content/uploads/2026/01/1769511379-Article_images_W900%C3%97500px202601271.webp HTTP/1.1" 200 67912 "http://cqqizhou.com/news" "Mozilla/5.0 (Windows NT 10.0; Win64; x64) AppleWebKit/537.36 (KHTML, like Gecko) Chrome/144.0.0.0 Safari/537.36 Edg/144.0.0.0"
14.108.233.171 - - [06/Feb/2026:20:48:37 +0800] "GET /wp-content/uploads/2026/01/1770349139-202624Article_images_W900%C3%97500px20260-.webp HTTP/1.1" 200 58006 "http://cqqizhou.com/news" "Mozilla/5.0 (Windows NT 10.0; Win64; x64) AppleWebKit/537.36 (KHTML, like Gecko) Chrome/144.0.0.0 Safari/537.36 Edg/144.0.0.0"
14.108.233.171 - - [06/Feb/2026:20:48:37 +0800] "GET /wp-content/uploads/2026/02/1770341652-2026251Article_images_W900%C3%97500px.webp HTTP/1.1" 200 43300 "http://cqqizhou.com/news" "Mozilla/5.0 (Windows NT 10.0; Win64; x64) AppleWebKit/537.36 (KHTML, like Gecko) Chrome/144.0.0.0 Safari/537.36 Edg/144.0.0.0"
14.108.233.171 - - [06/Feb/2026:20:48:37 +0800] "GET /wp-content/uploads/2026/01/1768527483-Article_images_W900%C3%97500px202601161.webp HTTP/1.1" 200 33780 "http://cqqizhou.com/news" "Mozilla/5.0 (Windows NT 10.0; Win64; x64) AppleWebKit/537.36 (KHTML, like Gecko) Chrome/144.0.0.0 Safari/537.36 Edg/144.0.0.0"
14.108.233.171 - - [06/Feb/2026:20:48:37 +0800] "GET /wp-content/uploads/2025/12/1766064629-Article_images_20251218212623.webp HTTP/1.1" 200 20366 "http://cqqizhou.com/news" "Mozilla/5.0 (Windows NT 10.0; Win64; x64) AppleWebKit/537.36 (KHTML, like Gecko) Chrome/144.0.0.0 Safari/537.36 Edg/144.0.0.0"
14.108.233.171 - - [06/Feb/2026:20:48:37 +0800] "GET /wp-content/uploads/2025/12/1766647832-Article_images_W900%C3%97500px20251225.webp HTTP/1.1" 200 44582 "http://cqqizhou.com/news" "Mozilla/5.0 (Windows NT 10.0; Win64; x64) AppleWebKit/537.36 (KHTML, like Gecko) Chrome/144.0.0.0 Safari/537.36 Edg/144.0.0.0"
14.108.233.171 - - [06/Feb/2026:20:48:37 +0800] "GET /wp-content/uploads/2025/12/1765891153-Article20251216211543.webp HTTP/1.1" 200 43108 "http://cqqizhou.com/news" "Mozilla/5.0 (Windows NT 10.0; Win64; x64) AppleWebKit/537.36 (KHTML, like Gecko) Chrome/144.0.0.0 Safari/537.36 Edg/144.0.0.0"
36.133.115.36 - - [06/Feb/2026:20:49:53 +0800] "POST /wp-cron.php?doing_wp_cron=1770382192.9850280284881591796875 HTTP/1.1" 200 31 "-" "WordPress/6.9; http://cqqizhou.com"
14.108.233.171 - - [06/Feb/2026:20:49:53 +0800] "GET /wp-admin/ HTTP/1.1" 302 5 "-" "Mozilla/5.0 (Windows NT 10.0; Win64; x64) AppleWebKit/537.36 (KHTML, like Gecko) Chrome/144.0.0.0 Safari/537.36 Edg/144.0.0.0"
14.108.233.171 - - [06/Feb/2026:20:49:53 +0800] "GET /wp-login.php?redirect_to=http%3A%2F%2Fcqqizhou.com%2Fwp-admin%2F&reauth=1 HTTP/1.1" 200 2854 "-" "Mozilla/5.0 (Windows NT 10.0; Win64; x64) AppleWebKit/537.36 (KHTML, like Gecko) Chrome/144.0.0.0 Safari/537.36 Edg/144.0.0.0"
14.108.233.171 - - [06/Feb/2026:20:49:57 +0800] "POST /wp-login.php HTTP/1.1" 302 5 "http://cqqizhou.com/wp-login.php?redirect_to=http%3A%2F%2Fcqqizhou.com%2Fwp-admin%2F&reauth=1" "Mozilla/5.0 (Windows NT 10.0; Win64; x64) AppleWebKit/537.36 (KHTML, like Gecko) Chrome/144.0.0.0 Safari/537.36 Edg/144.0.0.0"
14.108.233.171 - - [06/Feb/2026:20:49:59 +0800] "GET /wp-admin/ HTTP/1.1" 200 83589 "http://cqqizhou.com/wp-login.php?redirect_to=http%3A%2F%2Fcqqizhou.com%2Fwp-admin%2F&reauth=1" "Mozilla/5.0 (Windows NT 10.0; Win64; x64) AppleWebKit/537.36 (KHTML, like Gecko) Chrome/144.0.0.0 Safari/537.36 Edg/144.0.0.0"
14.108.233.171 - - [06/Feb/2026:20:49:59 +0800] "GET /wp-admin/load-styles.php?c=0&dir=ltr&load%5Bchunk_0%5D=dashicons,admin-bar,site-health,common,forms,admin-menu,dashboard,list-tables,edit,revisions,media,themes,about,nav-menus,wp-poi&load%5Bchunk_1%5D=nter,widgets,site-icon,l10n,buttons,media-views,wp-color-picker,editor-buttons,wp-auth-check,wp-components,wp-commands&ver=6.9 HTTP/1.1" 200 132502 "http://cqqizhou.com/wp-admin/" "Mozilla/5.0 (Windows NT 10.0; Win64; x64) AppleWebKit/537.36 (KHTML, like Gecko) Chrome/144.0.0.0 Safari/537.36 Edg/144.0.0.0"
36.133.115.36 - - [06/Feb/2026:20:50:11 +0800] "POST /wp-cron.php?doing_wp_cron=1770382211.8679831027984619140625 HTTP/1.1" 200 31 "-" "WordPress/6.9; http://cqqizhou.com"
14.108.233.171 - - [06/Feb/2026:20:50:11 +0800] "GET /wp-admin/edit.php?post_type=page HTTP/1.1" 200 81275 "http://cqqizhou.com/wp-admin/" "Mozilla/5.0 (Windows NT 10.0; Win64; x64) AppleWebKit/537.36 (KHTML, like Gecko) Chrome/144.0.0.0 Safari/537.36 Edg/144.0.0.0"
14.108.233.171 - - [06/Feb/2026:20:50:12 +0800] "POST /wp-admin/admin-ajax.php HTTP/1.1" 200 78 "http://cqqizhou.com/wp-admin/edit.php?post_type=page" "Mozilla/5.0 (Windows NT 10.0; Win64; x64) AppleWebKit/537.36 (KHTML, like Gecko) Chrome/144.0.0.0 Safari/537.36 Edg/144.0.0.0"
14.108.233.171 - - [06/Feb/2026:20:50:22 +0800] "POST /wp-admin/admin-ajax.php HTTP/1.1" 200 76 "http://cqqizhou.com/wp-admin/edit.php?post_type=page" "Mozilla/5.0 (Windows NT 10.0; Win64; x64) AppleWebKit/537.36 (KHTML, like Gecko) Chrome/144.0.0.0 Safari/537.36 Edg/144.0.0.0"
14.108.233.171 - - [06/Feb/2026:20:50:32 +0800] "POST /wp-admin/admin-ajax.php HTTP/1.1" 200 78 "http://cqqizhou.com/wp-admin/edit.php?post_type=page" "Mozilla/5.0 (Windows NT 10.0; Win64; x64) AppleWebKit/537.36 (KHTML, like Gecko) Chrome/144.0.0.0 Safari/537.36 Edg/144.0.0.0"
14.108.233.171 - - [06/Feb/2026:20:50:42 +0800] "POST /wp-admin/admin-ajax.php HTTP/1.1" 200 78 "http://cqqizhou.com/wp-admin/edit.php?post_type=page" "Mozilla/5.0 (Windows NT 10.0; Win64; x64) AppleWebKit/537.36 (KHTML, like Gecko) Chrome/144.0.0.0 Safari/537.36 Edg/144.0.0.0"
14.108.233.171 - - [06/Feb/2026:20:50:42 +0800] "POST /wp-admin/admin-ajax.php HTTP/1.1" 200 1394 "http://cqqizhou.com/wp-admin/edit.php?post_type=page" "Mozilla/5.0 (Windows NT 10.0; Win64; x64) AppleWebKit/537.36 (KHTML, like Gecko) Chrome/144.0.0.0 Safari/537.36 Edg/144.0.0.0"
14.108.233.171 - - [06/Feb/2026:20:50:52 +0800] "POST /wp-admin/admin-ajax.php HTTP/1.1" 200 78 "http://cqqizhou.com/wp-admin/edit.php?post_type=page" "Mozilla/5.0 (Windows NT 10.0; Win64; x64) AppleWebKit/537.36 (KHTML, like Gecko) Chrome/144.0.0.0 Safari/537.36 Edg/144.0.0.0"
14.108.233.171 - - [06/Feb/2026:20:51:02 +0800] "POST /wp-admin/admin-ajax.php HTTP/1.1" 200 78 "http://cqqizhou.com/wp-admin/edit.php?post_type=page" "Mozilla/5.0 (Windows NT 10.0; Win64; x64) AppleWebKit/537.36 (KHTML, like Gecko) Chrome/144.0.0.0 Safari/537.36 Edg/144.0.0.0"
36.133.115.36 - - [06/Feb/2026:20:51:12 +0800] "POST /wp-cron.php?doing_wp_cron=1770382272.8466470241546630859375 HTTP/1.1" 200 31 "-" "WordPress/6.9; http://cqqizhou.com"
14.108.233.171 - - [06/Feb/2026:20:51:12 +0800] "POST /wp-admin/admin-ajax.php HTTP/1.1" 200 1409 "http://cqqizhou.com/wp-admin/edit.php?post_type=page" "Mozilla/5.0 (Windows NT 10.0; Win64; x64) AppleWebKit/537.36 (KHTML, like Gecko) Chrome/144.0.0.0 Safari/537.36 Edg/144.0.0.0"
14.108.233.171 - - [06/Feb/2026:20:51:12 +0800] "POST /wp-admin/admin-ajax.php HTTP/1.1" 200 78 "http://cqqizhou.com/wp-admin/edit.php?post_type=page" "Mozilla/5.0 (Windows NT 10.0; Win64; x64) AppleWebKit/537.36 (KHTML, like Gecko) Chrome/144.0.0.0 Safari/537.36 Edg/144.0.0.0"
14.108.233.171 - - [06/Feb/2026:20:51:22 +0800] "POST /wp-admin/admin-ajax.php HTTP/1.1" 200 78 "http://cqqizhou.com/wp-admin/edit.php?post_type=page" "Mozilla/5.0 (Windows NT 10.0; Win64; x64) AppleWebKit/537.36 (KHTML, like Gecko) Chrome/144.0.0.0 Safari/537.36 Edg/144.0.0.0"
14.108.233.171 - - [06/Feb/2026:20:51:28 +0800] "POST /wp-admin/admin-ajax.php HTTP/1.1" 200 1394 "http://cqqizhou.com/wp-admin/edit.php?post_type=page" "Mozilla/5.0 (Windows NT 10.0; Win64; x64) AppleWebKit/537.36 (KHTML, like Gecko) Chrome/144.0.0.0 Safari/537.36 Edg/144.0.0.0"
14.108.233.171 - - [06/Feb/2026:20:51:33 +0800] "POST /wp-admin/admin-ajax.php HTTP/1.1" 200 78 "http://cqqizhou.com/wp-admin/edit.php?post_type=page" "Mozilla/5.0 (Windows NT 10.0; Win64; x64) AppleWebKit/537.36 (KHTML, like Gecko) Chrome/144.0.0.0 Safari/537.36 Edg/144.0.0.0"
147.185.132.243 - - [06/Feb/2026:20:51:40 +0800] "GET / HTTP/1.1" 200 34681 "-" "Hello from Palo Alto Networks, find out more about our scans in https://docs-cortex.paloaltonetworks.com/r/1/Cortex-Xpanse/Scanning-activity"
14.108.233.171 - - [06/Feb/2026:20:51:42 +0800] "POST /wp-admin/admin-ajax.php HTTP/1.1" 200 78 "http://cqqizhou.com/wp-admin/edit.php?post_type=page" "Mozilla/5.0 (Windows NT 10.0; Win64; x64) AppleWebKit/537.36 (KHTML, like Gecko) Chrome/144.0.0.0 Safari/537.36 Edg/144.0.0.0"
14.108.233.171 - - [06/Feb/2026:20:51:52 +0800] "POST /wp-admin/admin-ajax.php HTTP/1.1" 200 78 "http://cqqizhou.com/wp-admin/edit.php?post_type=page" "Mozilla/5.0 (Windows NT 10.0; Win64; x64) AppleWebKit/537.36 (KHTML, like Gecko) Chrome/144.0.0.0 Safari/537.36 Edg/144.0.0.0"
14.108.233.171 - - [06/Feb/2026:20:52:02 +0800] "POST /wp-admin/admin-ajax.php HTTP/1.1" 200 78 "http://cqqizhou.com/wp-admin/edit.php?post_type=page" "Mozilla/5.0 (Windows NT 10.0; Win64; x64) AppleWebKit/537.36 (KHTML, like Gecko) Chrome/144.0.0.0 Safari/537.36 Edg/144.0.0.0"
14.108.233.171 - - [06/Feb/2026:20:52:03 +0800] "GET /wp-admin/nav-menus.php HTTP/1.1" 200 92263 "http://cqqizhou.com/wp-admin/edit.php?post_type=page" "Mozilla/5.0 (Windows NT 10.0; Win64; x64) AppleWebKit/537.36 (KHTML, like Gecko) Chrome/144.0.0.0 Safari/537.36 Edg/144.0.0.0"
36.133.115.36 - - [06/Feb/2026:20:53:04 +0800] "POST /wp-cron.php?doing_wp_cron=1770382384.5845251083374023437500 HTTP/1.1" 200 31 "-" "WordPress/6.9; http://cqqizhou.com"
14.108.233.171 - - [06/Feb/2026:20:53:04 +0800] "POST /wp-admin/admin-ajax.php HTTP/1.1" 200 78 "http://cqqizhou.com/wp-admin/nav-menus.php" "Mozilla/5.0 (Windows NT 10.0; Win64; x64) AppleWebKit/537.36 (KHTML, like Gecko) Chrome/144.0.0.0 Safari/537.36 Edg/144.0.0.0"
36.133.115.36 - - [06/Feb/2026:20:54:04 +0800] "POST /wp-cron.php?doing_wp_cron=1770382444.5870039463043212890625 HTTP/1.1" 200 31 "-" "WordPress/6.9; http://cqqizhou.com"
14.108.233.171 - - [06/Feb/2026:20:54:04 +0800] "POST /wp-admin/admin-ajax.php HTTP/1.1" 200 78 "http://cqqizhou.com/wp-admin/nav-menus.php" "Mozilla/5.0 (Windows NT 10.0; Win64; x64) AppleWebKit/537.36 (KHTML, like Gecko) Chrome/144.0.0.0 Safari/537.36 Edg/144.0.0.0"
36.133.115.36 - - [06/Feb/2026:20:54:11 +0800] "POST /wp-cron.php?doing_wp_cron=1770382451.4151680469512939453125 HTTP/1.1" 200 31 "-" "WordPress/6.9; http://cqqizhou.com"
14.108.233.171 - - [06/Feb/2026:20:54:11 +0800] "POST /wp-admin/admin-ajax.php HTTP/1.1" 200 1611 "http://cqqizhou.com/wp-admin/nav-menus.php" "Mozilla/5.0 (Windows NT 10.0; Win64; x64) AppleWebKit/537.36 (KHTML, like Gecko) Chrome/144.0.0.0 Safari/537.36 Edg/144.0.0.0"
14.108.233.171 - - [06/Feb/2026:20:54:32 +0800] "POST /wp-admin/nav-menus.php HTTP/1.1" 200 92638 "http://cqqizhou.com/wp-admin/nav-menus.php" "Mozilla/5.0 (Windows NT 10.0; Win64; x64) AppleWebKit/537.36 (KHTML, like Gecko) Chrome/144.0.0.0 Safari/537.36 Edg/144.0.0.0"
14.108.233.171 - - [06/Feb/2026:20:54:37 +0800] "GET / HTTP/1.1" 200 43267 "http://cqqizhou.com/wp-admin/nav-menus.php" "Mozilla/5.0 (Windows NT 10.0; Win64; x64) AppleWebKit/537.36 (KHTML, like Gecko) Chrome/144.0.0.0 Safari/537.36 Edg/144.0.0.0"
14.108.233.171 - - [06/Feb/2026:20:54:38 +0800] "GET /wp-content/uploads/2025/07/1753453096-%E5%8F%8C%E7%9B%B8%E9%92%A2product_Single600%C3%97284.webp HTTP/1.1" 200 14562 "http://cqqizhou.com/" "Mozilla/5.0 (Windows NT 10.0; Win64; x64) AppleWebKit/537.36 (KHTML, like Gecko) Chrome/144.0.0.0 Safari/537.36 Edg/144.0.0.0"
14.108.233.171 - - [06/Feb/2026:20:54:38 +0800] "GET /wp-content/uploads/2025/07/1753456723-%E5%8F%8C%E7%9B%B8%E9%92%A2roduct_Single600.webp HTTP/1.1" 200 22790 "http://cqqizhou.com/" "Mozilla/5.0 (Windows NT 10.0; Win64; x64) AppleWebKit/537.36 (KHTML, like Gecko) Chrome/144.0.0.0 Safari/537.36 Edg/144.0.0.0"
14.108.233.171 - - [06/Feb/2026:20:54:38 +0800] "GET /wp-content/uploads/2025/07/1753453127-%E4%BD%99%E5%8D%B7product_Single600%C3%97284.webp HTTP/1.1" 200 18744 "http://cqqizhou.com/" "Mozilla/5.0 (Windows NT 10.0; Win64; x64) AppleWebKit/537.36 (KHTML, like Gecko) Chrome/144.0.0.0 Safari/537.36 Edg/144.0.0.0"
14.108.233.171 - - [06/Feb/2026:20:54:38 +0800] "GET /wp-content/uploads/2025/07/1753456770-%E7%83%AD%E9%95%80%E9%94%8C%E5%8D%B7product_Single600.webp HTTP/1.1" 200 27502 "http://cqqizhou.com/" "Mozilla/5.0 (Windows NT 10.0; Win64; x64) AppleWebKit/537.36 (KHTML, like Gecko) Chrome/144.0.0.0 Safari/537.36 Edg/144.0.0.0"
14.108.233.171 - - [06/Feb/2026:20:54:39 +0800] "GET /wp-json/sliderrevolution/sliders/1?srengine=7&slideid=4 HTTP/1.1" 200 2580 "http://cqqizhou.com/" "Mozilla/5.0 (Windows NT 10.0; Win64; x64) AppleWebKit/537.36 (KHTML, like Gecko) Chrome/144.0.0.0 Safari/537.36 Edg/144.0.0.0"
14.108.233.171 - - [06/Feb/2026:20:54:39 +0800] "GET /wp-json/sliderrevolution/sliders/1?srengine=7&slideid=2 HTTP/1.1" 200 2000 "http://cqqizhou.com/" "Mozilla/5.0 (Windows NT 10.0; Win64; x64) AppleWebKit/537.36 (KHTML, like Gecko) Chrome/144.0.0.0 Safari/537.36 Edg/144.0.0.0"
14.108.233.171 - - [06/Feb/2026:20:54:39 +0800] "GET /wp-content/uploads/2026/01/1768276119-qizhoujiagong_Slider_3840%C3%972160_20260113-scaled.webp HTTP/1.1" 200 131696 "http://cqqizhou.com/" "Mozilla/5.0 (Windows NT 10.0; Win64; x64) AppleWebKit/537.36 (KHTML, like Gecko) Chrome/144.0.0.0 Safari/537.36 Edg/144.0.0.0"
14.108.233.171 - - [06/Feb/2026:20:54:42 +0800] "GET /media HTTP/1.1" 200 34456 "http://cqqizhou.com/" "Mozilla/5.0 (Windows NT 10.0; Win64; x64) AppleWebKit/537.36 (KHTML, like Gecko) Chrome/144.0.0.0 Safari/537.36 Edg/144.0.0.0"
14.108.233.171 - - [06/Feb/2026:20:54:43 +0800] "GET /wp-content/uploads/2026/02/1770341652-2026251Article_images_W900%C3%97500px-768x427.webp HTTP/1.1" 200 42638 "http://cqqizhou.com/media" "Mozilla/5.0 (Windows NT 10.0; Win64; x64) AppleWebKit/537.36 (KHTML, like Gecko) Chrome/144.0.0.0 Safari/537.36 Edg/144.0.0.0"
14.108.233.171 - - [06/Feb/2026:20:54:43 +0800] "GET /wp-content/uploads/2026/01/1770349139-202624Article_images_W900%C3%97500px20260--768x427.webp HTTP/1.1" 200 56936 "http://cqqizhou.com/media" "Mozilla/5.0 (Windows NT 10.0; Win64; x64) AppleWebKit/537.36 (KHTML, like Gecko) Chrome/144.0.0.0 Safari/537.36 Edg/144.0.0.0"
14.108.233.171 - - [06/Feb/2026:20:54:43 +0800] "GET /wp-content/uploads/2026/02/1770340507-2026261Article_images_W900%C3%97500px-768x427.webp HTTP/1.1" 200 36222 "http://cqqizhou.com/media" "Mozilla/5.0 (Windows NT 10.0; Win64; x64) AppleWebKit/537.36 (KHTML, like Gecko) Chrome/144.0.0.0 Safari/537.36 Edg/144.0.0.0"
14.108.233.171 - - [06/Feb/2026:20:54:43 +0800] "GET /wp-content/uploads/media/qizhou_Brochure.webp HTTP/1.1" 200 26142 "http://cqqizhou.com/media" "Mozilla/5.0 (Windows NT 10.0; Win64; x64) AppleWebKit/537.36 (KHTML, like Gecko) Chrome/144.0.0.0 Safari/537.36 Edg/144.0.0.0"
36.133.115.36 - - [06/Feb/2026:20:55:13 +0800] "POST /wp-cron.php?doing_wp_cron=1770382513.2179009914398193359375 HTTP/1.1" 200 31 "-" "WordPress/6.9; http://cqqizhou.com"
14.108.233.171 - - [06/Feb/2026:20:55:13 +0800] "POST /wp-admin/nav-menus.php HTTP/1.1" 200 92299 "http://cqqizhou.com/wp-admin/nav-menus.php" "Mozilla/5.0 (Windows NT 10.0; Win64; x64) AppleWebKit/537.36 (KHTML, like Gecko) Chrome/144.0.0.0 Safari/537.36 Edg/144.0.0.0"
14.108.233.171 - - [06/Feb/2026:20:55:19 +0800] "GET /wp-admin/nav-menus.php?action=edit&menu=35 HTTP/1.1" 200 91901 "http://cqqizhou.com/wp-admin/nav-menus.php" "Mozilla/5.0 (Windows NT 10.0; Win64; x64) AppleWebKit/537.36 (KHTML, like Gecko) Chrome/144.0.0.0 Safari/537.36 Edg/144.0.0.0"
36.133.115.36 - - [06/Feb/2026:20:56:20 +0800] "POST /wp-cron.php?doing_wp_cron=1770382580.6571230888366699218750 HTTP/1.1" 200 31 "-" "WordPress/6.9; http://cqqizhou.com"
14.108.233.171 - - [06/Feb/2026:20:56:20 +0800] "POST /wp-admin/admin-ajax.php HTTP/1.1" 200 78 "http://cqqizhou.com/wp-admin/nav-menus.php?action=edit&menu=35" "Mozilla/5.0 (Windows NT 10.0; Win64; x64) AppleWebKit/537.36 (KHTML, like Gecko) Chrome/144.0.0.0 Safari/537.36 Edg/144.0.0.0"
14.108.233.171 - - [06/Feb/2026:20:56:25 +0800] "GET /wp-admin/edit.php?post_type=page HTTP/1.1" 200 81290 "http://cqqizhou.com/wp-admin/nav-menus.php?action=edit&menu=35" "Mozilla/5.0 (Windows NT 10.0; Win64; x64) AppleWebKit/537.36 (KHTML, like Gecko) Chrome/144.0.0.0 Safari/537.36 Edg/144.0.0.0"
14.108.233.171 - - [06/Feb/2026:20:56:26 +0800] "POST /wp-admin/admin-ajax.php HTTP/1.1" 200 78 "http://cqqizhou.com/wp-admin/edit.php?post_type=page" "Mozilla/5.0 (Windows NT 10.0; Win64; x64) AppleWebKit/537.36 (KHTML, like Gecko) Chrome/144.0.0.0 Safari/537.36 Edg/144.0.0.0"
14.108.233.171 - - [06/Feb/2026:20:56:27 +0800] "GET /wp-admin/edit.php?post_type=page HTTP/1.1" 200 81291 "http://cqqizhou.com/wp-admin/nav-menus.php?action=edit&menu=35" "Mozilla/5.0 (Windows NT 10.0; Win64; x64) AppleWebKit/537.36 (KHTML, like Gecko) Chrome/144.0.0.0 Safari/537.36 Edg/144.0.0.0"
14.108.233.171 - - [06/Feb/2026:20:56:27 +0800] "GET /wp-admin/nav-menus.php?action=edit&menu=35 HTTP/1.1" 200 91901 "http://cqqizhou.com/wp-admin/nav-menus.php" "Mozilla/5.0 (Windows NT 10.0; Win64; x64) AppleWebKit/537.36 (KHTML, like Gecko) Chrome/144.0.0.0 Safari/537.36 Edg/144.0.0.0"
14.108.233.171 - - [06/Feb/2026:20:56:28 +0800] "POST /wp-admin/admin-ajax.php HTTP/1.1" 200 78 "http://cqqizhou.com/wp-admin/edit.php?post_type=page" "Mozilla/5.0 (Windows NT 10.0; Win64; x64) AppleWebKit/537.36 (KHTML, like Gecko) Chrome/144.0.0.0 Safari/537.36 Edg/144.0.0.0"
36.133.115.36 - - [06/Feb/2026:20:57:28 +0800] "POST /wp-cron.php?doing_wp_cron=1770382648.8176810741424560546875 HTTP/1.1" 200 31 "-" "WordPress/6.9; http://cqqizhou.com"
14.108.233.171 - - [06/Feb/2026:20:57:28 +0800] "POST /wp-admin/admin-ajax.php HTTP/1.1" 200 78 "http://cqqizhou.com/wp-admin/nav-menus.php?action=edit&menu=35" "Mozilla/5.0 (Windows NT 10.0; Win64; x64) AppleWebKit/537.36 (KHTML, like Gecko) Chrome/144.0.0.0 Safari/537.36 Edg/144.0.0.0"
36.133.115.36 - - [06/Feb/2026:20:58:28 +0800] "POST /wp-cron.php?doing_wp_cron=1770382708.9046239852905273437500 HTTP/1.1" 200 31 "-" "WordPress/6.9; http://cqqizhou.com"
14.108.233.171 - - [06/Feb/2026:20:58:28 +0800] "POST /wp-admin/admin-ajax.php HTTP/1.1" 200 78 "http://cqqizhou.com/wp-admin/nav-menus.php?action=edit&menu=35" "Mozilla/5.0 (Windows NT 10.0; Win64; x64) AppleWebKit/537.36 (KHTML, like Gecko) Chrome/144.0.0.0 Safari/537.36 Edg/144.0.0.0"
14.108.233.171 - - [06/Feb/2026:20:58:29 +0800] "POST /wp-admin/admin-ajax.php HTTP/1.1" 200 78 "http://cqqizhou.com/wp-admin/edit.php?post_type=page" "Mozilla/5.0 (Windows NT 10.0; Win64; x64) AppleWebKit/537.36 (KHTML, like Gecko) Chrome/144.0.0.0 Safari/537.36 Edg/144.0.0.0"
14.108.233.171 - - [06/Feb/2026:20:58:35 +0800] "POST /wp-admin/admin-ajax.php HTTP/1.1" 200 1611 "http://cqqizhou.com/wp-admin/nav-menus.php?action=edit&menu=35" "Mozilla/5.0 (Windows NT 10.0; Win64; x64) AppleWebKit/537.36 (KHTML, like Gecko) Chrome/144.0.0.0 Safari/537.36 Edg/144.0.0.0"
14.108.233.171 - - [06/Feb/2026:20:58:43 +0800] "POST /wp-admin/nav-menus.php?action=edit&menu=35 HTTP/1.1" 200 92378 "http://cqqizhou.com/wp-admin/nav-menus.php?action=edit&menu=35" "Mozilla/5.0 (Windows NT 10.0; Win64; x64) AppleWebKit/537.36 (KHTML, like Gecko) Chrome/144.0.0.0 Safari/537.36 Edg/144.0.0.0"
14.108.233.171 - - [06/Feb/2026:20:58:50 +0800] "GET /media HTTP/1.1" 200 34462 "http://cqqizhou.com/" "Mozilla/5.0 (Windows NT 10.0; Win64; x64) AppleWebKit/537.36 (KHTML, like Gecko) Chrome/144.0.0.0 Safari/537.36 Edg/144.0.0.0"
14.108.233.171 - - [06/Feb/2026:20:58:58 +0800] "GET / HTTP/1.1" 200 43271 "http://cqqizhou.com/media" "Mozilla/5.0 (Windows NT 10.0; Win64; x64) AppleWebKit/537.36 (KHTML, like Gecko) Chrome/144.0.0.0 Safari/537.36 Edg/144.0.0.0"
14.108.233.171 - - [06/Feb/2026:20:58:59 +0800] "GET /wp-content/uploads/2025/07/1753456723-%E5%8F%8C%E7%9B%B8%E9%92%A2roduct_Single600.webp HTTP/1.1" 200 22790 "http://cqqizhou.com/" "Mozilla/5.0 (Windows NT 10.0; Win64; x64) AppleWebKit/537.36 (KHTML, like Gecko) Chrome/144.0.0.0 Safari/537.36 Edg/144.0.0.0"
14.108.233.171 - - [06/Feb/2026:20:58:59 +0800] "GET /wp-content/uploads/2025/07/1753453096-%E5%8F%8C%E7%9B%B8%E9%92%A2product_Single600%C3%97284.webp HTTP/1.1" 200 14562 "http://cqqizhou.com/" "Mozilla/5.0 (Windows NT 10.0; Win64; x64) AppleWebKit/537.36 (KHTML, like Gecko) Chrome/144.0.0.0 Safari/537.36 Edg/144.0.0.0"
14.108.233.171 - - [06/Feb/2026:20:58:59 +0800] "GET /wp-content/uploads/2025/07/1753456770-%E7%83%AD%E9%95%80%E9%94%8C%E5%8D%B7product_Single600.webp HTTP/1.1" 200 27502 "http://cqqizhou.com/" "Mozilla/5.0 (Windows NT 10.0; Win64; x64) AppleWebKit/537.36 (KHTML, like Gecko) Chrome/144.0.0.0 Safari/537.36 Edg/144.0.0.0"
14.108.233.171 - - [06/Feb/2026:20:58:59 +0800] "GET /wp-content/uploads/2025/07/1753453127-%E4%BD%99%E5%8D%B7product_Single600%C3%97284.webp HTTP/1.1" 200 18744 "http://cqqizhou.com/" "Mozilla/5.0 (Windows NT 10.0; Win64; x64) AppleWebKit/537.36 (KHTML, like Gecko) Chrome/144.0.0.0 Safari/537.36 Edg/144.0.0.0"
14.108.233.171 - - [06/Feb/2026:20:59:00 +0800] "GET /wp-json/sliderrevolution/sliders/1?srengine=7&slideid=4 HTTP/1.1" 200 2580 "http://cqqizhou.com/" "Mozilla/5.0 (Windows NT 10.0; Win64; x64) AppleWebKit/537.36 (KHTML, like Gecko) Chrome/144.0.0.0 Safari/537.36 Edg/144.0.0.0"
14.108.233.171 - - [06/Feb/2026:20:59:00 +0800] "GET /wp-content/uploads/2026/01/1768276119-qizhoujiagong_Slider_3840%C3%972160_20260113-scaled.webp HTTP/1.1" 200 131696 "http://cqqizhou.com/" "Mozilla/5.0 (Windows NT 10.0; Win64; x64) AppleWebKit/537.36 (KHTML, like Gecko) Chrome/144.0.0.0 Safari/537.36 Edg/144.0.0.0"
14.108.233.171 - - [06/Feb/2026:20:59:00 +0800] "GET /wp-json/sliderrevolution/sliders/1?srengine=7&slideid=2 HTTP/1.1" 200 2000 "http://cqqizhou.com/" "Mozilla/5.0 (Windows NT 10.0; Win64; x64) AppleWebKit/537.36 (KHTML, like Gecko) Chrome/144.0.0.0 Safari/537.36 Edg/144.0.0.0"
14.108.233.171 - - [06/Feb/2026:20:59:08 +0800] "GET /wp-content/uploads/2025/12/1765268955-qizhou_Slider1_3840%C3%972160_20251210-scaled-50x100.webp HTTP/1.1" 200 1812 "http://cqqizhou.com/" "Mozilla/5.0 (Windows NT 10.0; Win64; x64) AppleWebKit/537.36 (KHTML, like Gecko) Chrome/144.0.0.0 Safari/537.36 Edg/144.0.0.0"
36.133.115.36 - - [06/Feb/2026:20:59:16 +0800] "POST /wp-cron.php?doing_wp_cron=1770382756.5350248813629150390625 HTTP/1.1" 200 31 "-" "WordPress/6.9; http://cqqizhou.com"
14.108.233.171 - - [06/Feb/2026:20:59:16 +0800] "GET /contacts/ HTTP/1.1" 301 5 "http://cqqizhou.com/" "Mozilla/5.0 (Windows NT 10.0; Win64; x64) AppleWebKit/537.36 (KHTML, like Gecko) Chrome/144.0.0.0 Safari/537.36 Edg/144.0.0.0"
14.108.233.171 - - [06/Feb/2026:20:59:18 +0800] "GET /contacts HTTP/1.1" 200 26976 "http://cqqizhou.com/" "Mozilla/5.0 (Windows NT 10.0; Win64; x64) AppleWebKit/537.36 (KHTML, like Gecko) Chrome/144.0.0.0 Safari/537.36 Edg/144.0.0.0"
14.108.233.171 - - [06/Feb/2026:20:59:18 +0800] "GET /wp-content/uploads/2025/11/1762826323-Contacts2000x400_20251111.webp HTTP/1.1" 200 15144 "http://cqqizhou.com/contacts" "Mozilla/5.0 (Windows NT 10.0; Win64; x64) AppleWebKit/537.36 (KHTML, like Gecko) Chrome/144.0.0.0 Safari/537.36 Edg/144.0.0.0"
14.108.233.171 - - [06/Feb/2026:20:59:18 +0800] "GET /wp-content/uploads/2025/07/1750005875-qizhou_map2025616.webp HTTP/1.1" 200 348798 "http://cqqizhou.com/contacts" "Mozilla/5.0 (Windows NT 10.0; Win64; x64) AppleWebKit/537.36 (KHTML, like Gecko) Chrome/144.0.0.0 Safari/537.36 Edg/144.0.0.0"
14.108.233.171 - - [06/Feb/2026:20:59:19 +0800] "GET /wp-json/contact-form-7/v1/contact-forms/158/feedback/schema HTTP/1.1" 200 358 "http://cqqizhou.com/contacts" "Mozilla/5.0 (Windows NT 10.0; Win64; x64) AppleWebKit/537.36 (KHTML, like Gecko) Chrome/144.0.0.0 Safari/537.36 Edg/144.0.0.0"
14.108.233.171 - - [06/Feb/2026:20:59:19 +0800] "GET /wp-json/contact-form-7/v1/contact-forms/158/refill HTTP/1.1" 200 33 "http://cqqizhou.com/contacts" "Mozilla/5.0 (Windows NT 10.0; Win64; x64) AppleWebKit/537.36 (KHTML, like Gecko) Chrome/144.0.0.0 Safari/537.36 Edg/144.0.0.0"
204.76.203.206 - - [06/Feb/2026:20:59:20 +0800] "GET / HTTP/1.1" 200 157184 "-" "Mozilla/5.0"
14.108.233.171 - - [06/Feb/2026:20:59:45 +0800] "POST /wp-admin/admin-ajax.php HTTP/1.1" 200 78 "http://cqqizhou.com/wp-admin/nav-menus.php?action=edit&menu=35" "Mozilla/5.0 (Windows NT 10.0; Win64; x64) AppleWebKit/537.36 (KHTML, like Gecko) Chrome/144.0.0.0 Safari/537.36 Edg/144.0.0.0"
36.133.115.36 - - [06/Feb/2026:21:00:30 +0800] "POST /wp-cron.php?doing_wp_cron=1770382830.1260409355163574218750 HTTP/1.1" 200 31 "-" "WordPress/6.9; http://cqqizhou.com"
14.108.233.171 - - [06/Feb/2026:21:00:30 +0800] "POST /wp-admin/admin-ajax.php HTTP/1.1" 200 78 "http://cqqizhou.com/wp-admin/edit.php?post_type=page" "Mozilla/5.0 (Windows NT 10.0; Win64; x64) AppleWebKit/537.36 (KHTML, like Gecko) Chrome/144.0.0.0 Safari/537.36 Edg/144.0.0.0"
36.133.115.36 - - [06/Feb/2026:21:01:46 +0800] "POST /wp-cron.php?doing_wp_cron=1770382906.0625929832458496093750 HTTP/1.1" 200 31 "-" "WordPress/6.9; http://cqqizhou.com"
14.108.233.171 - - [06/Feb/2026:21:01:46 +0800] "POST /wp-admin/admin-ajax.php HTTP/1.1" 200 78 "http://cqqizhou.com/wp-admin/nav-menus.php?action=edit&menu=35" "Mozilla/5.0 (Windows NT 10.0; Win64; x64) AppleWebKit/537.36 (KHTML, like Gecko) Chrome/144.0.0.0 Safari/537.36 Edg/144.0.0.0"
36.133.115.36 - - [06/Feb/2026:21:02:31 +0800] "POST /wp-cron.php?doing_wp_cron=1770382951.0673010349273681640625 HTTP/1.1" 200 31 "-" "WordPress/6.9; http://cqqizhou.com"
14.108.233.171 - - [06/Feb/2026:21:02:31 +0800] "POST /wp-admin/admin-ajax.php HTTP/1.1" 200 78 "http://cqqizhou.com/wp-admin/edit.php?post_type=page" "Mozilla/5.0 (Windows NT 10.0; Win64; x64) AppleWebKit/537.36 (KHTML, like Gecko) Chrome/144.0.0.0 Safari/537.36 Edg/144.0.0.0"
36.133.115.36 - - [06/Feb/2026:21:03:32 +0800] "POST /wp-cron.php?doing_wp_cron=1770383012.8940498828887939453125 HTTP/1.1" 200 31 "-" "WordPress/6.9; http://cqqizhou.com"
66.249.74.7 - - [06/Feb/2026:21:03:32 +0800] "GET /news/page/1 HTTP/1.1" 301 5 "-" "Mozilla/5.0 (Linux; Android 6.0.1; Nexus 5X Build/MMB29P) AppleWebKit/537.36 (KHTML, like Gecko) Chrome/144.0.7559.132 Mobile Safari/537.36 (compatible; GoogleOther)"
14.108.233.171 - - [06/Feb/2026:21:03:47 +0800] "POST /wp-admin/admin-ajax.php HTTP/1.1" 200 78 "http://cqqizhou.com/wp-admin/nav-menus.php?action=edit&menu=35" "Mozilla/5.0 (Windows NT 10.0; Win64; x64) AppleWebKit/537.36 (KHTML, like Gecko) Chrome/144.0.0.0 Safari/537.36 Edg/144.0.0.0"
36.133.115.36 - - [06/Feb/2026:21:04:32 +0800] "POST /wp-cron.php?doing_wp_cron=1770383072.1034960746765136718750 HTTP/1.1" 200 31 "-" "WordPress/6.9; http://cqqizhou.com"
14.108.233.171 - - [06/Feb/2026:21:04:32 +0800] "POST /wp-admin/admin-ajax.php HTTP/1.1" 200 78 "http://cqqizhou.com/wp-admin/edit.php?post_type=page" "Mozilla/5.0 (Windows NT 10.0; Win64; x64) AppleWebKit/537.36 (KHTML, like Gecko) Chrome/144.0.0.0 Safari/537.36 Edg/144.0.0.0"
36.133.115.36 - - [06/Feb/2026:21:05:37 +0800] "POST /wp-cron.php?doing_wp_cron=1770383137.2828969955444335937500 HTTP/1.1" 200 31 "-" "WordPress/6.9; http://cqqizhou.com"
66.249.74.8 - - [06/Feb/2026:21:05:37 +0800] "GET /media/5/ HTTP/1.1" 301 5 "-" "Mozilla/5.0 (Linux; Android 6.0.1; Nexus 5X Build/MMB29P) AppleWebKit/537.36 (KHTML, like Gecko) Chrome/144.0.7559.132 Mobile Safari/537.36 (compatible; Googlebot/2.1; +http://www.google.com/bot.html)"
66.249.74.7 - - [06/Feb/2026:21:05:38 +0800] "GET /media/5 HTTP/1.1" 200 26001 "-" "Mozilla/5.0 (Linux; Android 6.0.1; Nexus 5X Build/MMB29P) AppleWebKit/537.36 (KHTML, like Gecko) Chrome/144.0.7559.132 Mobile Safari/537.36 (compatible; Googlebot/2.1; +http://www.google.com/bot.html)"
14.108.233.171 - - [06/Feb/2026:21:05:48 +0800] "POST /wp-admin/admin-ajax.php HTTP/1.1" 200 78 "http://cqqizhou.com/wp-admin/nav-menus.php?action=edit&menu=35" "Mozilla/5.0 (Windows NT 10.0; Win64; x64) AppleWebKit/537.36 (KHTML, like Gecko) Chrome/144.0.0.0 Safari/537.36 Edg/144.0.0.0"
36.133.115.36 - - [06/Feb/2026:21:06:33 +0800] "POST /wp-cron.php?doing_wp_cron=1770383193.0988171100616455078125 HTTP/1.1" 200 31 "-" "WordPress/6.9; http://cqqizhou.com"
14.108.233.171 - - [06/Feb/2026:21:06:33 +0800] "POST /wp-admin/admin-ajax.php HTTP/1.1" 200 78 "http://cqqizhou.com/wp-admin/edit.php?post_type=page" "Mozilla/5.0 (Windows NT 10.0; Win64; x64) AppleWebKit/537.36 (KHTML, like Gecko) Chrome/144.0.0.0 Safari/537.36 Edg/144.0.0.0"
36.133.115.36 - - [06/Feb/2026:21:07:49 +0800] "POST /wp-cron.php?doing_wp_cron=1770383269.0641379356384277343750 HTTP/1.1" 200 31 "-" "WordPress/6.9; http://cqqizhou.com"
14.108.233.171 - - [06/Feb/2026:21:07:49 +0800] "POST /wp-admin/admin-ajax.php HTTP/1.1" 200 78 "http://cqqizhou.com/wp-admin/nav-menus.php?action=edit&menu=35" "Mozilla/5.0 (Windows NT 10.0; Win64; x64) AppleWebKit/537.36 (KHTML, like Gecko) Chrome/144.0.0.0 Safari/537.36 Edg/144.0.0.0"
36.133.115.36 - - [06/Feb/2026:21:08:34 +0800] "POST /wp-cron.php?doing_wp_cron=1770383314.0650460720062255859375 HTTP/1.1" 200 31 "-" "WordPress/6.9; http://cqqizhou.com"
14.108.233.171 - - [06/Feb/2026:21:08:34 +0800] "POST /wp-admin/admin-ajax.php HTTP/1.1" 200 78 "http://cqqizhou.com/wp-admin/edit.php?post_type=page" "Mozilla/5.0 (Windows NT 10.0; Win64; x64) AppleWebKit/537.36 (KHTML, like Gecko) Chrome/144.0.0.0 Safari/537.36 Edg/144.0.0.0"
36.133.115.36 - - [06/Feb/2026:21:09:50 +0800] "POST /wp-cron.php?doing_wp_cron=1770383390.0981850624084472656250 HTTP/1.1" 200 31 "-" "WordPress/6.9; http://cqqizhou.com"
14.108.233.171 - - [06/Feb/2026:21:09:50 +0800] "POST /wp-admin/admin-ajax.php HTTP/1.1" 200 78 "http://cqqizhou.com/wp-admin/nav-menus.php?action=edit&menu=35" "Mozilla/5.0 (Windows NT 10.0; Win64; x64) AppleWebKit/537.36 (KHTML, like Gecko) Chrome/144.0.0.0 Safari/537.36 Edg/144.0.0.0"
36.133.115.36 - - [06/Feb/2026:21:10:35 +0800] "POST /wp-cron.php?doing_wp_cron=1770383435.1009869575500488281250 HTTP/1.1" 200 31 "-" "WordPress/6.9; http://cqqizhou.com"
14.108.233.171 - - [06/Feb/2026:21:10:35 +0800] "POST /wp-admin/admin-ajax.php HTTP/1.1" 200 78 "http://cqqizhou.com/wp-admin/edit.php?post_type=page" "Mozilla/5.0 (Windows NT 10.0; Win64; x64) AppleWebKit/537.36 (KHTML, like Gecko) Chrome/144.0.0.0 Safari/537.36 Edg/144.0.0.0"
66.249.74.9 - - [06/Feb/2026:21:10:38 +0800] "GET /news/page/2 HTTP/1.1" 200 19874 "-" "Mozilla/5.0 (Linux; Android 6.0.1; Nexus 5X Build/MMB29P) AppleWebKit/537.36 (KHTML, like Gecko) Chrome/144.0.7559.132 Mobile Safari/537.36 (compatible; GoogleOther)"
66.249.74.8 - - [06/Feb/2026:21:10:46 +0800] "GET /news/2373 HTTP/1.1" 200 22334 "-" "Mozilla/5.0 (Linux; Android 6.0.1; Nexus 5X Build/MMB29P) AppleWebKit/537.36 (KHTML, like Gecko) Chrome/144.0.7559.132 Mobile Safari/537.36 (compatible; GoogleOther)"
36.133.115.36 - - [06/Feb/2026:21:11:51 +0800] "POST /wp-cron.php?doing_wp_cron=1770383511.0796630382537841796875 HTTP/1.1" 200 31 "-" "WordPress/6.9; http://cqqizhou.com"
14.108.233.171 - - [06/Feb/2026:21:11:51 +0800] "POST /wp-admin/admin-ajax.php HTTP/1.1" 200 78 "http://cqqizhou.com/wp-admin/nav-menus.php?action=edit&menu=35" "Mozilla/5.0 (Windows NT 10.0; Win64; x64) AppleWebKit/537.36 (KHTML, like Gecko) Chrome/144.0.0.0 Safari/537.36 Edg/144.0.0.0"
36.133.115.36 - - [06/Feb/2026:21:12:13 +0800] "POST /wp-cron.php?doing_wp_cron=1770383533.2160799503326416015625 HTTP/1.1" 200 31 "-" "WordPress/6.9; http://cqqizhou.com"
14.108.233.171 - - [06/Feb/2026:21:12:13 +0800] "GET /news HTTP/1.1" 200 28199 "http://cqqizhou.com/contacts" "Mozilla/5.0 (Windows NT 10.0; Win64; x64) AppleWebKit/537.36 (KHTML, like Gecko) Chrome/144.0.0.0 Safari/537.36 Edg/144.0.0.0"
14.108.233.171 - - [06/Feb/2026:21:12:36 +0800] "POST /wp-admin/admin-ajax.php HTTP/1.1" 200 78 "http://cqqizhou.com/wp-admin/edit.php?post_type=page" "Mozilla/5.0 (Windows NT 10.0; Win64; x64) AppleWebKit/537.36 (KHTML, like Gecko) Chrome/144.0.0.0 Safari/537.36 Edg/144.0.0.0"
14.108.233.171 - - [06/Feb/2026:21:12:39 +0800] "GET /news/2483 HTTP/1.1" 200 28740 "http://cqqizhou.com/news" "Mozilla/5.0 (Windows NT 10.0; Win64; x64) AppleWebKit/537.36 (KHTML, like Gecko) Chrome/144.0.0.0 Safari/537.36 Edg/144.0.0.0"
14.108.233.171 - - [06/Feb/2026:21:12:39 +0800] "GET /wp-content/uploads/2026/02/1770340535-2026262Article_images_W900%C3%97500px.webp HTTP/1.1" 200 42120 "http://cqqizhou.com/news/2483" "Mozilla/5.0 (Windows NT 10.0; Win64; x64) AppleWebKit/537.36 (KHTML, like Gecko) Chrome/144.0.0.0 Safari/537.36 Edg/144.0.0.0"
36.133.115.36 - - [06/Feb/2026:21:13:20 +0800] "POST /wp-cron.php?doing_wp_cron=1770383600.7815790176391601562500 HTTP/1.1" 200 31 "-" "WordPress/6.9; http://cqqizhou.com"
14.108.233.171 - - [06/Feb/2026:21:13:20 +0800] "POST /wp-admin/admin-ajax.php HTTP/1.1" 200 78 "http://cqqizhou.com/wp-admin/edit.php?post_type=page" "Mozilla/5.0 (Windows NT 10.0; Win64; x64) AppleWebKit/537.36 (KHTML, like Gecko) Chrome/144.0.0.0 Safari/537.36 Edg/144.0.0.0"
14.108.233.171 - - [06/Feb/2026:21:13:31 +0800] "GET /bug HTTP/1.1" 200 20125 "http://cqqizhou.com/wp-admin/edit.php?post_type=page" "Mozilla/5.0 (Windows NT 10.0; Win64; x64) AppleWebKit/537.36 (KHTML, like Gecko) Chrome/144.0.0.0 Safari/537.36 Edg/144.0.0.0"
14.108.233.171 - - [06/Feb/2026:21:13:31 +0800] "POST /wp-admin/admin-ajax.php HTTP/1.1" 200 78 "http://cqqizhou.com/wp-admin/edit.php?post_type=page" "Mozilla/5.0 (Windows NT 10.0; Win64; x64) AppleWebKit/537.36 (KHTML, like Gecko) Chrome/144.0.0.0 Safari/537.36 Edg/144.0.0.0"
14.108.233.171 - - [06/Feb/2026:21:13:52 +0800] "POST /wp-admin/admin-ajax.php HTTP/1.1" 200 78 "http://cqqizhou.com/wp-admin/nav-menus.php?action=edit&menu=35" "Mozilla/5.0 (Windows NT 10.0; Win64; x64) AppleWebKit/537.36 (KHTML, like Gecko) Chrome/144.0.0.0 Safari/537.36 Edg/144.0.0.0"
36.133.115.36 - - [06/Feb/2026:21:15:32 +0800] "POST /wp-cron.php?doing_wp_cron=1770383732.1139318943023681640625 HTTP/1.1" 200 31 "-" "WordPress/6.9; http://cqqizhou.com"
14.108.233.171 - - [06/Feb/2026:21:15:32 +0800] "POST /wp-admin/admin-ajax.php HTTP/1.1" 200 78 "http://cqqizhou.com/wp-admin/edit.php?post_type=page" "Mozilla/5.0 (Windows NT 10.0; Win64; x64) AppleWebKit/537.36 (KHTML, like Gecko) Chrome/144.0.0.0 Safari/537.36 Edg/144.0.0.0"
14.108.233.171 - - [06/Feb/2026:21:15:53 +0800] "POST /wp-admin/admin-ajax.php HTTP/1.1" 200 78 "http://cqqizhou.com/wp-admin/nav-menus.php?action=edit&menu=35" "Mozilla/5.0 (Windows NT 10.0; Win64; x64) AppleWebKit/537.36 (KHTML, like Gecko) Chrome/144.0.0.0 Safari/537.36 Edg/144.0.0.0"
66.249.74.8 - - [06/Feb/2026:21:16:03 +0800] "GET /news/portfolio/%E5%86%B7%E8%BD%A7%E5%8D%B7 HTTP/1.1" 200 18816 "-" "Mozilla/5.0 (Linux; Android 6.0.1; Nexus 5X Build/MMB29P) AppleWebKit/537.36 (KHTML, like Gecko) Chrome/144.0.7559.132 Mobile Safari/537.36 (compatible; GoogleOther)"
36.133.115.36 - - [06/Feb/2026:21:16:11 +0800] "POST /wp-cron.php?doing_wp_cron=1770383771.4015429019927978515625 HTTP/1.1" 200 31 "-" "WordPress/6.9; http://cqqizhou.com"
14.108.233.171 - - [06/Feb/2026:21:16:11 +0800] "POST /wp-admin/admin-ajax.php HTTP/1.1" 200 78 "http://cqqizhou.com/wp-admin/edit.php?post_type=page" "Mozilla/5.0 (Windows NT 10.0; Win64; x64) AppleWebKit/537.36 (KHTML, like Gecko) Chrome/144.0.0.0 Safari/537.36 Edg/144.0.0.0"
14.108.233.171 - - [06/Feb/2026:21:16:21 +0800] "POST /wp-admin/admin-ajax.php HTTP/1.1" 200 78 "http://cqqizhou.com/wp-admin/edit.php?post_type=page" "Mozilla/5.0 (Windows NT 10.0; Win64; x64) AppleWebKit/537.36 (KHTML, like Gecko) Chrome/144.0.0.0 Safari/537.36 Edg/144.0.0.0"
36.133.115.36 - - [06/Feb/2026:21:17:25 +0800] "POST /wp-cron.php?doing_wp_cron=1770383845.9278099536895751953125 HTTP/1.1" 200 31 "-" "WordPress/6.9; http://cqqizhou.com"
14.108.233.171 - - [06/Feb/2026:21:17:25 +0800] "POST /wp-admin/admin-ajax.php HTTP/1.1" 200 78 "http://cqqizhou.com/wp-admin/edit.php?post_type=page" "Mozilla/5.0 (Windows NT 10.0; Win64; x64) AppleWebKit/537.36 (KHTML, like Gecko) Chrome/144.0.0.0 Safari/537.36 Edg/144.0.0.0"
14.108.233.171 - - [06/Feb/2026:21:17:33 +0800] "GET /mall HTTP/1.1" 200 32020 "http://cqqizhou.com/wp-admin/edit.php?post_type=page" "Mozilla/5.0 (Windows NT 10.0; Win64; x64) AppleWebKit/537.36 (KHTML, like Gecko) Chrome/144.0.0.0 Safari/537.36 Edg/144.0.0.0"
40.77.167.48 - - [06/Feb/2026:21:17:35 +0800] "GET /?s=2026 HTTP/1.1" 200 19234 "-" "Mozilla/5.0 AppleWebKit/537.36 (KHTML, like Gecko; compatible; bingbot/2.0; +http://www.bing.com/bingbot.htm) Chrome/116.0.1938.76 Safari/537.36"
14.108.233.171 - - [06/Feb/2026:21:17:36 +0800] "POST /wp-admin/admin-ajax.php HTTP/1.1" 200 78 "http://cqqizhou.com/wp-admin/edit.php?post_type=page" "Mozilla/5.0 (Windows NT 10.0; Win64; x64) AppleWebKit/537.36 (KHTML, like Gecko) Chrome/144.0.0.0 Safari/537.36 Edg/144.0.0.0"
14.108.233.171 - - [06/Feb/2026:21:17:46 +0800] "POST /wp-admin/admin-ajax.php HTTP/1.1" 200 78 "http://cqqizhou.com/wp-admin/edit.php?post_type=page" "Mozilla/5.0 (Windows NT 10.0; Win64; x64) AppleWebKit/537.36 (KHTML, like Gecko) Chrome/144.0.0.0 Safari/537.36 Edg/144.0.0.0"
14.108.233.171 - - [06/Feb/2026:21:17:54 +0800] "POST /wp-admin/admin-ajax.php HTTP/1.1" 200 78 "http://cqqizhou.com/wp-admin/nav-menus.php?action=edit&menu=35" "Mozilla/5.0 (Windows NT 10.0; Win64; x64) AppleWebKit/537.36 (KHTML, like Gecko) Chrome/144.0.0.0 Safari/537.36 Edg/144.0.0.0"
14.108.233.171 - - [06/Feb/2026:21:17:56 +0800] "POST /wp-admin/admin-ajax.php HTTP/1.1" 200 78 "http://cqqizhou.com/wp-admin/edit.php?post_type=page" "Mozilla/5.0 (Windows NT 10.0; Win64; x64) AppleWebKit/537.36 (KHTML, like Gecko) Chrome/144.0.0.0 Safari/537.36 Edg/144.0.0.0"
14.108.233.171 - - [06/Feb/2026:21:18:02 +0800] "GET /logistics/service HTTP/1.1" 200 24964 "http://cqqizhou.com/wp-admin/edit.php?post_type=page" "Mozilla/5.0 (Windows NT 10.0; Win64; x64) AppleWebKit/537.36 (KHTML, like Gecko) Chrome/144.0.0.0 Safari/537.36 Edg/144.0.0.0"
14.108.233.171 - - [06/Feb/2026:21:18:02 +0800] "GET /wp-content/uploads/2025/07/1753407887-Logistics_Banner2000%C3%97400px-%E6%8B%B7%E8%B4%9D.webp HTTP/1.1" 200 18866 "http://cqqizhou.com/logistics/service" "Mozilla/5.0 (Windows NT 10.0; Win64; x64) AppleWebKit/537.36 (KHTML, like Gecko) Chrome/144.0.0.0 Safari/537.36 Edg/144.0.0.0"
14.108.233.171 - - [06/Feb/2026:21:18:07 +0800] "POST /wp-admin/admin-ajax.php HTTP/1.1" 200 78 "http://cqqizhou.com/wp-admin/edit.php?post_type=page" "Mozilla/5.0 (Windows NT 10.0; Win64; x64) AppleWebKit/537.36 (KHTML, like Gecko) Chrome/144.0.0.0 Safari/537.36 Edg/144.0.0.0"
36.133.115.36 - - [06/Feb/2026:21:18:17 +0800] "POST /wp-cron.php?doing_wp_cron=1770383897.0728909969329833984375 HTTP/1.1" 200 31 "-" "WordPress/6.9; http://cqqizhou.com"
14.108.233.171 - - [06/Feb/2026:21:18:17 +0800] "POST /wp-admin/admin-ajax.php HTTP/1.1" 200 78 "http://cqqizhou.com/wp-admin/edit.php?post_type=page" "Mozilla/5.0 (Windows NT 10.0; Win64; x64) AppleWebKit/537.36 (KHTML, like Gecko) Chrome/144.0.0.0 Safari/537.36 Edg/144.0.0.0"
14.108.233.171 - - [06/Feb/2026:21:18:27 +0800] "POST /wp-admin/admin-ajax.php HTTP/1.1" 200 78 "http://cqqizhou.com/wp-admin/edit.php?post_type=page" "Mozilla/5.0 (Windows NT 10.0; Win64; x64) AppleWebKit/537.36 (KHTML, like Gecko) Chrome/144.0.0.0 Safari/537.36 Edg/144.0.0.0"
204.76.203.206 - - [06/Feb/2026:21:18:28 +0800] "GET / HTTP/1.1" 200 157184 "-" "Mozilla/5.0"
14.108.233.171 - - [06/Feb/2026:21:18:38 +0800] "POST /wp-admin/admin-ajax.php HTTP/1.1" 200 78 "http://cqqizhou.com/wp-admin/edit.php?post_type=page" "Mozilla/5.0 (Windows NT 10.0; Win64; x64) AppleWebKit/537.36 (KHTML, like Gecko) Chrome/144.0.0.0 Safari/537.36 Edg/144.0.0.0"
14.108.233.171 - - [06/Feb/2026:21:18:38 +0800] "GET /wp-admin/post.php?post=2239&action=elementor HTTP/1.1" 200 346625 "http://cqqizhou.com/wp-admin/edit.php?post_type=page" "Mozilla/5.0 (Windows NT 10.0; Win64; x64) AppleWebKit/537.36 (KHTML, like Gecko) Chrome/144.0.0.0 Safari/537.36 Edg/144.0.0.0"
14.108.233.171 - - [06/Feb/2026:21:18:40 +0800] "GET /wp-admin/load-scripts.php?c=0&load%5Bchunk_0%5D=jquery-core,jquery-migrate,jquery-ui-core,jquery-ui-mouse,jquery-ui-draggable,underscore,backbone,wp-api-request,wp-hooks&ver=6.9 HTTP/1.1" 200 62844 "http://cqqizhou.com/wp-admin/post.php?post=2239&action=elementor" "Mozilla/5.0 (Windows NT 10.0; Win64; x64) AppleWebKit/537.36 (KHTML, like Gecko) Chrome/144.0.0.0 Safari/537.36 Edg/144.0.0.0"
14.108.233.171 - - [06/Feb/2026:21:18:40 +0800] "GET /wp-admin/load-scripts.php?c=0&load%5Bchunk_0%5D=react,react-dom&ver=6.9 HTTP/1.1" 200 45577 "http://cqqizhou.com/wp-admin/post.php?post=2239&action=elementor" "Mozilla/5.0 (Windows NT 10.0; Win64; x64) AppleWebKit/537.36 (KHTML, like Gecko) Chrome/144.0.0.0 Safari/537.36 Edg/144.0.0.0"
14.108.233.171 - - [06/Feb/2026:21:18:45 +0800] "POST /wp-admin/admin-ajax.php HTTP/1.1" 200 78 "http://cqqizhou.com/wp-admin/post.php?post=2239&action=elementor" "Mozilla/5.0 (Windows NT 10.0; Win64; x64) AppleWebKit/537.36 (KHTML, like Gecko) Chrome/144.0.0.0 Safari/537.36 Edg/144.0.0.0"
14.108.233.171 - - [06/Feb/2026:21:19:00 +0800] "POST /wp-admin/admin-ajax.php HTTP/1.1" 200 78 "http://cqqizhou.com/wp-admin/post.php?post=2239&action=elementor" "Mozilla/5.0 (Windows NT 10.0; Win64; x64) AppleWebKit/537.36 (KHTML, like Gecko) Chrome/144.0.0.0 Safari/537.36 Edg/144.0.0.0"
36.133.115.36 - - [06/Feb/2026:21:19:11 +0800] "POST /wp-cron.php?doing_wp_cron=1770383951.5286660194396972656250 HTTP/1.1" 200 31 "-" "WordPress/6.9; http://cqqizhou.com"
14.108.233.171 - - [06/Feb/2026:21:19:11 +0800] "GET /wp-json/elementor/v1/global-widget/templates HTTP/1.1" 200 33 "http://cqqizhou.com/wp-admin/post.php?post=2239&action=elementor" "Mozilla/5.0 (Windows NT 10.0; Win64; x64) AppleWebKit/537.36 (KHTML, like Gecko) Chrome/144.0.0.0 Safari/537.36 Edg/144.0.0.0"
14.108.233.171 - - [06/Feb/2026:21:19:11 +0800] "GET /wp-json/elementor/v1/checklist/user-progress HTTP/1.1" 200 222 "http://cqqizhou.com/wp-admin/post.php?post=2239&action=elementor" "Mozilla/5.0 (Windows NT 10.0; Win64; x64) AppleWebKit/537.36 (KHTML, like Gecko) Chrome/144.0.0.0 Safari/537.36 Edg/144.0.0.0"
14.108.233.171 - - [06/Feb/2026:21:19:11 +0800] "GET /wp-json/elementor/v1/site-navigation/recent-posts?posts_per_page=6&_locale=user HTTP/1.1" 200 375 "http://cqqizhou.com/wp-admin/post.php?post=2239&action=elementor" "Mozilla/5.0 (Windows NT 10.0; Win64; x64) AppleWebKit/537.36 (KHTML, like Gecko) Chrome/144.0.0.0 Safari/537.36 Edg/144.0.0.0"
14.108.233.171 - - [06/Feb/2026:21:19:11 +0800] "GET /wp-json/elementor/v1/kit-elements-defaults HTTP/1.1" 200 33 "http://cqqizhou.com/wp-admin/post.php?post=2239&action=elementor" "Mozilla/5.0 (Windows NT 10.0; Win64; x64) AppleWebKit/537.36 (KHTML, like Gecko) Chrome/144.0.0.0 Safari/537.36 Edg/144.0.0.0"
