36.133.115.36 - - [28/Jan/2026:18:00:29 +0800] "POST /wp-cron.php?doing_wp_cron=1769594429.5362460613250732421875 HTTP/1.1" 200 31 "-" "WordPress/6.9; http://cqqizhou.com"
113.120.139.244 - - [28/Jan/2026:18:00:29 +0800] "GET / HTTP/1.1" 301 5 "-" "Go-http-client/1.1"
113.120.154.236 - - [28/Jan/2026:18:00:29 +0800] "GET / HTTP/1.1" 200 35166 "http://xa4.shaanxi.cn.antiddos.cspt.fullcone.cn" "Go-http-client/1.1"
36.133.115.36 - - [28/Jan/2026:18:03:38 +0800] "POST /wp-cron.php?doing_wp_cron=1769594618.2308681011199951171875 HTTP/1.1" 200 31 "-" "WordPress/6.9; http://cqqizhou.com"
95.214.54.147 - - [28/Jan/2026:18:03:38 +0800] "GET / HTTP/1.1" 200 157321 "-" "Mozilla/5.0"
36.133.115.36 - - [28/Jan/2026:18:06:08 +0800] "POST /wp-cron.php?doing_wp_cron=1769594768.0600380897521972656250 HTTP/1.1" 200 31 "-" "WordPress/6.9; http://cqqizhou.com"
38.46.221.123 - - [28/Jan/2026:18:06:08 +0800] "GET http://check.9tb.org/ HTTP/1.1" 301 5 "-" "Go-http-client/1.1"
38.46.221.123 - - [28/Jan/2026:18:06:08 +0800] "GET http://cqqizhou.com/ HTTP/1.1" 200 35166 "http://check.9tb.org" "Go-http-client/1.1"
36.133.115.36 - - [28/Jan/2026:18:11:11 +0800] "POST /wp-cron.php?doing_wp_cron=1769595071.0129559040069580078125 HTTP/1.1" 200 31 "-" "WordPress/6.9; http://cqqizhou.com"
40.76.248.118 - - [28/Jan/2026:18:11:11 +0800] "GET /portal/redlion HTTP/1.1" 404 8951 "-" "Mozilla/5.0 zgrab/0.x"
40.77.167.44 - - [28/Jan/2026:18:12:37 +0800] "GET /2339/ HTTP/1.1" 200 24518 "-" "Mozilla/5.0 AppleWebKit/537.36 (KHTML, like Gecko; compatible; bingbot/2.0; +http://www.bing.com/bingbot.htm) Chrome/116.0.1938.76 Safari/537.36"
36.133.115.36 - - [28/Jan/2026:18:27:41 +0800] "POST /wp-cron.php?doing_wp_cron=1769596061.1159610748291015625000 HTTP/1.1" 200 31 "-" "WordPress/6.9; http://cqqizhou.com"
193.142.147.209 - - [28/Jan/2026:18:27:41 +0800] "POST / HTTP/1.1" 200 34721 "-" "Mozilla/5.0 (Windows NT 10.0; Win64; x64) AppleWebKit/537.36"
36.133.115.36 - - [28/Jan/2026:18:28:33 +0800] "POST /wp-cron.php?doing_wp_cron=1769596113.3009231090545654296875 HTTP/1.1" 200 31 "-" "WordPress/6.9; http://cqqizhou.com"
204.76.203.219 - - [28/Jan/2026:18:28:33 +0800] "GET / HTTP/1.1" 200 34722 "-" "Mozilla/5.0 (Windows NT 10.0; Win64; x64) AppleWebKit/537.36 (KHTML, like Gecko) Chrome/90.0.4430.85 Safari/537.36 Edg/90.0.818.46"
36.133.115.36 - - [28/Jan/2026:18:37:26 +0800] "POST /wp-cron.php?doing_wp_cron=1769596646.8086841106414794921875 HTTP/1.1" 200 31 "-" "WordPress/6.9; http://cqqizhou.com"
79.124.40.174 - - [28/Jan/2026:18:37:26 +0800] "GET /?XDEBUG_SESSION_START=phpstorm HTTP/1.1" 200 34721 "-" "Mozilla/5.0 (Windows NT 10.0; Win64; x64) AppleWebKit/537.36 (KHTML, like Gecko) Chrome/78.0.3904.108 Safari/537.36"
36.133.115.36 - - [28/Jan/2026:18:38:48 +0800] "POST /wp-cron.php?doing_wp_cron=1769596728.2379279136657714843750 HTTP/1.1" 200 31 "-" "WordPress/6.9; http://cqqizhou.com"
5.189.153.179 - - [28/Jan/2026:18:38:48 +0800] "POST /xmlrpc.php HTTP/1.1" 200 217 "-" "Mozilla/5.0 (Windows NT 10.0; Win64; x64) AppleWebKit/537.36 (KHTML, like Gecko) Chrome/138.0.0.0 Safari/537.36"
36.133.115.36 - - [28/Jan/2026:18:52:16 +0800] "POST /wp-cron.php?doing_wp_cron=1769597536.4141039848327636718750 HTTP/1.1" 200 31 "-" "WordPress/6.9; http://cqqizhou.com"
87.236.176.55 - - [28/Jan/2026:18:52:16 +0800] "GET / HTTP/1.1" 301 5 "-" "Mozilla/5.0 (compatible; InternetMeasurement/1.0; +https://internet-measurement.com/)"
87.236.176.55 - - [28/Jan/2026:18:52:17 +0800] "GET / HTTP/1.1" 200 35166 "http://36.133.115.36" "Mozilla/5.0 (compatible; InternetMeasurement/1.0; +https://internet-measurement.com/)"
36.133.115.36 - - [28/Jan/2026:19:06:05 +0800] "POST /wp-cron.php?doing_wp_cron=1769598365.2943220138549804687500 HTTP/1.1" 200 31 "-" "WordPress/6.9; http://cqqizhou.com"
36.133.108.121 - - [28/Jan/2026:19:06:05 +0800] "HEAD / HTTP/1.1" 301 0 "-" "Opera/9.80 (Windows NT 6.1; U; es-ES) Presto/2.9.181 Version/12.00"
36.133.115.36 - - [28/Jan/2026:19:10:16 +0800] "POST /wp-cron.php?doing_wp_cron=1769598616.2180950641632080078125 HTTP/1.1" 200 31 "-" "WordPress/6.9; http://cqqizhou.com"
204.76.203.6 - - [28/Jan/2026:19:10:16 +0800] "GET /SDK/webLanguage HTTP/1.1" 301 5 "-" "Mozilla/5.0 (Windows NT 10.0; Win64; x64) AppleWebKit/537.36 (KHTML, like Gecko) Chrome/90.0.4430.85 Safari/537.36 Edg/90.0.818.46"
36.133.115.36 - - [28/Jan/2026:19:14:01 +0800] "POST /wp-cron.php?doing_wp_cron=1769598841.0254480838775634765625 HTTP/1.1" 200 31 "-" "WordPress/6.9; http://cqqizhou.com"
95.214.54.147 - - [28/Jan/2026:19:14:01 +0800] "GET / HTTP/1.1" 200 157321 "-" "Mozilla/5.0"
36.133.115.36 - - [28/Jan/2026:19:19:51 +0800] "POST /wp-cron.php?doing_wp_cron=1769599191.0345180034637451171875 HTTP/1.1" 200 31 "-" "WordPress/6.9; http://cqqizhou.com"
204.76.203.219 - - [28/Jan/2026:19:19:51 +0800] "GET / HTTP/1.1" 200 34721 "-" "Mozilla/5.0 (Windows NT 10.0; Win64; x64) AppleWebKit/537.36 (KHTML, like Gecko) Chrome/90.0.4430.85 Safari/537.36 Edg/90.0.818.46"
36.133.115.36 - - [28/Jan/2026:19:39:06 +0800] "POST /wp-cron.php?doing_wp_cron=1769600346.7499380111694335937500 HTTP/1.1" 200 31 "-" "WordPress/6.9; http://cqqizhou.com"
43.159.141.150 - - [28/Jan/2026:19:39:06 +0800] "GET / HTTP/1.1" 301 5 "-" "Mozilla/5.0 (iPhone; CPU iPhone OS 13_2_3 like Mac OS X) AppleWebKit/605.1.15 (KHTML, like Gecko) Version/13.0.3 Mobile/15E148 Safari/604.1"
36.133.115.36 - - [28/Jan/2026:19:39:08 +0800] "POST /wp-cron.php?doing_wp_cron=1769600348.8132319450378417968750 HTTP/1.1" 200 31 "-" "WordPress/6.9; http://cqqizhou.com"
43.159.141.150 - - [28/Jan/2026:19:39:08 +0800] "GET / HTTP/1.1" 200 34722 "http://36.133.115.36" "Mozilla/5.0 (iPhone; CPU iPhone OS 13_2_3 like Mac OS X) AppleWebKit/605.1.15 (KHTML, like Gecko) Version/13.0.3 Mobile/15E148 Safari/604.1"
42.89.96.220 - - [28/Jan/2026:19:40:34 +0800] "GET /contacts/ HTTP/1.1" 200 21695 "-" "Mozilla/5.0 (Windows NT 10.0; Win64; x64) AppleWebKit/537.36 (KHTML, like Gecko) Chrome/136.0.0.0 Safari/537.36"
36.133.115.36 - - [28/Jan/2026:19:44:41 +0800] "POST /wp-cron.php?doing_wp_cron=1769600681.5749900341033935546875 HTTP/1.1" 200 31 "-" "WordPress/6.9; http://cqqizhou.com"
95.214.54.147 - - [28/Jan/2026:19:44:42 +0800] "GET / HTTP/1.1" 200 157321 "-" "Mozilla/5.0"
36.133.115.36 - - [28/Jan/2026:19:50:07 +0800] "POST /wp-cron.php?doing_wp_cron=1769601007.6757700443267822265625 HTTP/1.1" 200 31 "-" "WordPress/6.9; http://cqqizhou.com"
79.124.40.174 - - [28/Jan/2026:19:50:07 +0800] "GET /actuator/gateway/routes HTTP/1.1" 301 5 "-" "Mozilla/5.0 (Windows NT 10.0; Win64; x64) AppleWebKit/537.36 (KHTML, like Gecko) Chrome/78.0.3904.108 Safari/537.36"
36.133.115.36 - - [28/Jan/2026:19:52:27 +0800] "POST /wp-cron.php?doing_wp_cron=1769601147.4889369010925292968750 HTTP/1.1" 200 31 "-" "WordPress/6.9; http://cqqizhou.com"
54.36.100.158 - - [28/Jan/2026:19:52:27 +0800] "POST /xmlrpc.php HTTP/1.1" 200 217 "-" "Mozilla/5.0 (Windows NT 10.0; Win64; x64; rv:140.0) Gecko/20100101 Firefox/140.0"
36.133.115.36 - - [28/Jan/2026:19:54:14 +0800] "POST /wp-cron.php?doing_wp_cron=1769601254.4903490543365478515625 HTTP/1.1" 200 31 "-" "WordPress/6.9; http://cqqizhou.com"
45.78.235.66 - - [28/Jan/2026:19:54:14 +0800] "POST /hello.world?%ADd+allow_url_include%3d1+%ADd+auto_prepend_file%3dphp://input HTTP/1.1" 404 31367 "-" "libredtail-http"
45.78.235.66 - - [28/Jan/2026:19:54:16 +0800] "POST /?%ADd+allow_url_include%3d1+%ADd+auto_prepend_file%3dphp://input HTTP/1.1" 200 157321 "-" "libredtail-http"
45.78.235.66 - - [28/Jan/2026:19:54:16 +0800] "GET /vendor/phpunit/phpunit/src/Util/PHP/eval-stdin.php HTTP/1.1" 404 27 "-" "libredtail-http"
45.78.235.66 - - [28/Jan/2026:19:54:17 +0800] "GET /vendor/phpunit/phpunit/Util/PHP/eval-stdin.php HTTP/1.1" 404 27 "-" "libredtail-http"
45.78.235.66 - - [28/Jan/2026:19:54:17 +0800] "GET /vendor/phpunit/src/Util/PHP/eval-stdin.php HTTP/1.1" 404 27 "-" "libredtail-http"
45.78.235.66 - - [28/Jan/2026:19:54:17 +0800] "GET /vendor/phpunit/Util/PHP/eval-stdin.php HTTP/1.1" 404 27 "-" "libredtail-http"
45.78.235.66 - - [28/Jan/2026:19:54:18 +0800] "GET /vendor/phpunit/phpunit/LICENSE/eval-stdin.php HTTP/1.1" 404 27 "-" "libredtail-http"
45.78.235.66 - - [28/Jan/2026:19:54:18 +0800] "GET /vendor/vendor/phpunit/phpunit/src/Util/PHP/eval-stdin.php HTTP/1.1" 404 27 "-" "libredtail-http"
45.78.235.66 - - [28/Jan/2026:19:54:19 +0800] "GET /phpunit/phpunit/src/Util/PHP/eval-stdin.php HTTP/1.1" 404 27 "-" "libredtail-http"
45.78.235.66 - - [28/Jan/2026:19:54:19 +0800] "GET /phpunit/phpunit/Util/PHP/eval-stdin.php HTTP/1.1" 404 27 "-" "libredtail-http"
45.78.235.66 - - [28/Jan/2026:19:54:19 +0800] "GET /phpunit/src/Util/PHP/eval-stdin.php HTTP/1.1" 404 27 "-" "libredtail-http"
45.78.235.66 - - [28/Jan/2026:19:54:20 +0800] "GET /phpunit/Util/PHP/eval-stdin.php HTTP/1.1" 404 27 "-" "libredtail-http"
45.78.235.66 - - [28/Jan/2026:19:54:20 +0800] "GET /lib/phpunit/phpunit/src/Util/PHP/eval-stdin.php HTTP/1.1" 404 27 "-" "libredtail-http"
45.78.235.66 - - [28/Jan/2026:19:54:20 +0800] "GET /lib/phpunit/phpunit/Util/PHP/eval-stdin.php HTTP/1.1" 404 27 "-" "libredtail-http"
45.78.235.66 - - [28/Jan/2026:19:54:20 +0800] "GET /lib/phpunit/src/Util/PHP/eval-stdin.php HTTP/1.1" 404 27 "-" "libredtail-http"
45.78.235.66 - - [28/Jan/2026:19:54:21 +0800] "GET /lib/phpunit/Util/PHP/eval-stdin.php HTTP/1.1" 404 27 "-" "libredtail-http"
45.78.235.66 - - [28/Jan/2026:19:54:21 +0800] "GET /lib/vendor/phpunit/phpunit/src/Util/PHP/eval-stdin.php HTTP/1.1" 404 27 "-" "libredtail-http"
45.78.235.66 - - [28/Jan/2026:19:54:21 +0800] "GET /laravel/vendor/phpunit/phpunit/src/Util/PHP/eval-stdin.php HTTP/1.1" 404 27 "-" "libredtail-http"
45.78.235.66 - - [28/Jan/2026:19:54:22 +0800] "GET /www/vendor/phpunit/phpunit/src/Util/PHP/eval-stdin.php HTTP/1.1" 404 27 "-" "libredtail-http"
45.78.235.66 - - [28/Jan/2026:19:54:22 +0800] "GET /ws/vendor/phpunit/phpunit/src/Util/PHP/eval-stdin.php HTTP/1.1" 404 27 "-" "libredtail-http"
45.78.235.66 - - [28/Jan/2026:19:54:22 +0800] "GET /yii/vendor/phpunit/phpunit/src/Util/PHP/eval-stdin.php HTTP/1.1" 404 27 "-" "libredtail-http"
45.78.235.66 - - [28/Jan/2026:19:54:23 +0800] "GET /zend/vendor/phpunit/phpunit/src/Util/PHP/eval-stdin.php HTTP/1.1" 404 27 "-" "libredtail-http"
45.78.235.66 - - [28/Jan/2026:19:54:23 +0800] "GET /ws/ec/vendor/phpunit/phpunit/src/Util/PHP/eval-stdin.php HTTP/1.1" 404 27 "-" "libredtail-http"
45.78.235.66 - - [28/Jan/2026:19:54:23 +0800] "GET /V2/vendor/phpunit/phpunit/src/Util/PHP/eval-stdin.php HTTP/1.1" 404 27 "-" "libredtail-http"
45.78.235.66 - - [28/Jan/2026:19:54:24 +0800] "GET /tests/vendor/phpunit/phpunit/src/Util/PHP/eval-stdin.php HTTP/1.1" 404 27 "-" "libredtail-http"
45.78.235.66 - - [28/Jan/2026:19:54:24 +0800] "GET /test/vendor/phpunit/phpunit/src/Util/PHP/eval-stdin.php HTTP/1.1" 404 27 "-" "libredtail-http"
45.78.235.66 - - [28/Jan/2026:19:54:24 +0800] "GET /testing/vendor/phpunit/phpunit/src/Util/PHP/eval-stdin.php HTTP/1.1" 404 27 "-" "libredtail-http"
45.78.235.66 - - [28/Jan/2026:19:54:25 +0800] "GET /api/vendor/phpunit/phpunit/src/Util/PHP/eval-stdin.php HTTP/1.1" 404 27 "-" "libredtail-http"
45.78.235.66 - - [28/Jan/2026:19:54:25 +0800] "GET /demo/vendor/phpunit/phpunit/src/Util/PHP/eval-stdin.php HTTP/1.1" 404 27 "-" "libredtail-http"
45.78.235.66 - - [28/Jan/2026:19:54:25 +0800] "GET /cms/vendor/phpunit/phpunit/src/Util/PHP/eval-stdin.php HTTP/1.1" 404 27 "-" "libredtail-http"
45.78.235.66 - - [28/Jan/2026:19:54:26 +0800] "GET /crm/vendor/phpunit/phpunit/src/Util/PHP/eval-stdin.php HTTP/1.1" 404 27 "-" "libredtail-http"
45.78.235.66 - - [28/Jan/2026:19:54:26 +0800] "GET /admin/vendor/phpunit/phpunit/src/Util/PHP/eval-stdin.php HTTP/1.1" 404 27 "-" "libredtail-http"
45.78.235.66 - - [28/Jan/2026:19:54:27 +0800] "GET /backup/vendor/phpunit/phpunit/src/Util/PHP/eval-stdin.php HTTP/1.1" 404 27 "-" "libredtail-http"
45.78.235.66 - - [28/Jan/2026:19:54:27 +0800] "GET /blog/vendor/phpunit/phpunit/src/Util/PHP/eval-stdin.php HTTP/1.1" 404 27 "-" "libredtail-http"
45.78.235.66 - - [28/Jan/2026:19:54:28 +0800] "GET /workspace/drupal/vendor/phpunit/phpunit/src/Util/PHP/eval-stdin.php HTTP/1.1" 404 27 "-" "libredtail-http"
45.78.235.66 - - [28/Jan/2026:19:54:28 +0800] "GET /panel/vendor/phpunit/phpunit/src/Util/PHP/eval-stdin.php HTTP/1.1" 404 27 "-" "libredtail-http"
45.78.235.66 - - [28/Jan/2026:19:54:28 +0800] "GET /public/vendor/phpunit/phpunit/src/Util/PHP/eval-stdin.php HTTP/1.1" 404 27 "-" "libredtail-http"
45.78.235.66 - - [28/Jan/2026:19:54:29 +0800] "GET /apps/vendor/phpunit/phpunit/src/Util/PHP/eval-stdin.php HTTP/1.1" 404 27 "-" "libredtail-http"
45.78.235.66 - - [28/Jan/2026:19:54:29 +0800] "GET /app/vendor/phpunit/phpunit/src/Util/PHP/eval-stdin.php HTTP/1.1" 404 27 "-" "libredtail-http"
45.78.235.66 - - [28/Jan/2026:19:54:30 +0800] "GET /index.php?s=/index/\x5Cthink\x5Capp/invokefunction&function=call_user_func_array&vars[0]=md5&vars[1][]=Hello HTTP/1.1" 200 65613 "-" "libredtail-http"
45.78.235.66 - - [28/Jan/2026:19:54:31 +0800] "GET /public/index.php?s=/index/\x5Cthink\x5Capp/invokefunction&function=call_user_func_array&vars[0]=md5&vars[1][]=Hello HTTP/1.1" 404 27 "-" "libredtail-http"
45.78.235.66 - - [28/Jan/2026:19:54:33 +0800] "GET /index.php?lang=../../../../../../../../usr/local/lib/php/pearcmd&+config-create+/&/<?echo(md5(\x22hi\x22));?>+/tmp/index1.php HTTP/1.1" 200 157321 "-" "libredtail-http"
45.78.235.66 - - [28/Jan/2026:19:54:35 +0800] "GET /index.php?lang=../../../../../../../../tmp/index1 HTTP/1.1" 200 157321 "-" "libredtail-http"
45.78.235.66 - - [28/Jan/2026:19:54:36 +0800] "GET /containers/json HTTP/1.1" 301 5 "-" "libredtail-http"
45.78.235.66 - - [28/Jan/2026:19:54:37 +0800] "GET /containers/json HTTP/1.1" 301 5 "-" "libredtail-http"
36.133.115.36 - - [28/Jan/2026:20:06:57 +0800] "POST /wp-cron.php?doing_wp_cron=1769602017.0390920639038085937500 HTTP/1.1" 200 31 "-" "WordPress/6.9; http://cqqizhou.com"
204.76.203.69 - - [28/Jan/2026:20:06:57 +0800] "GET / HTTP/1.1" 200 157321 "-" "-"
36.133.115.36 - - [28/Jan/2026:20:08:59 +0800] "POST /wp-cron.php?doing_wp_cron=1769602139.4851241111755371093750 HTTP/1.1" 200 31 "-" "WordPress/6.9; http://cqqizhou.com"
204.76.203.219 - - [28/Jan/2026:20:08:59 +0800] "GET / HTTP/1.1" 200 34723 "-" "Mozilla/5.0 (Windows NT 10.0; Win64; x64) AppleWebKit/537.36 (KHTML, like Gecko) Chrome/90.0.4430.85 Safari/537.36 Edg/90.0.818.46"
36.133.115.36 - - [28/Jan/2026:20:10:10 +0800] "POST /wp-cron.php?doing_wp_cron=1769602210.7102510929107666015625 HTTP/1.1" 200 31 "-" "WordPress/6.9; http://cqqizhou.com"
95.214.54.147 - - [28/Jan/2026:20:10:11 +0800] "GET / HTTP/1.1" 200 157321 "-" "Mozilla/5.0"
36.133.115.36 - - [28/Jan/2026:20:15:29 +0800] "POST /wp-cron.php?doing_wp_cron=1769602529.7730739116668701171875 HTTP/1.1" 200 31 "-" "WordPress/6.9; http://cqqizhou.com"
141.98.51.127 - - [28/Jan/2026:20:15:29 +0800] "GET / HTTP/1.1" 301 5 "-" "Go-http-client/1.1"
141.98.51.127 - - [28/Jan/2026:20:15:32 +0800] "GET / HTTP/1.1" 200 35166 "http://36.133.115.36" "Go-http-client/1.1"
36.133.115.36 - - [28/Jan/2026:20:31:41 +0800] "POST /wp-cron.php?doing_wp_cron=1769603501.3271310329437255859375 HTTP/1.1" 200 31 "-" "WordPress/6.9; http://cqqizhou.com"
78.153.140.179 - - [28/Jan/2026:20:31:41 +0800] "GET /.env HTTP/1.1" 404 31367 "-" "Mozilla/5.0 (Macintosh; U; PPC Mac OS X 10_5_5; fi-fi) AppleWebKit/525.26.2 (KHTML, like Gecko) Version/3.2 Safari/525.26.12"
78.153.140.179 - - [28/Jan/2026:20:31:43 +0800] "GET /conf/.env.dev HTTP/1.1" 404 31367 "-" "Mozilla/5.0 (Linux; Android 5.0.2; SAMSUNG SM-T530 Build/LRX22G) AppleWebKit/537.36 (KHTML, like Gecko) SamsungBrowser/3.2 Chrome/38.0.2125.102 Safari/537.36"
78.153.140.179 - - [28/Jan/2026:20:31:45 +0800] "GET /api/.env.prod HTTP/1.1" 404 31367 "-" "Mozilla/5.0 (Linux; Android 4.1.2; GT-I9100 Build/JZO54K) AppleWebKit/537.36 (KHTML, like Gecko) Chrome/42.0.2311.107 Mobile Safari/537.36 OPR/29.0.1809.91837"
78.153.140.179 - - [28/Jan/2026:20:31:48 +0800] "GET /auth/.env.gcp HTTP/1.1" 404 31367 "-" "Mozilla/5.0 (Linux; Android 5.1.1; 5017B Build/LMY47V) AppleWebKit/537.36 (KHTML, like Gecko) Chrome/47.0.2526.83 Mobile Safari/537.36"
78.153.140.179 - - [28/Jan/2026:20:31:51 +0800] "GET /config/.env.1 HTTP/1.1" 404 31367 "-" "Mozilla/5.0 (Windows NT 6.1; Win64; x64) AppleWebKit/537.36 (KHTML, like Gecko) Chrome/64.0.3282.186 Safari/537.36 OPR/51.0.2830.55"
78.153.140.179 - - [28/Jan/2026:20:31:53 +0800] "GET /config/.env.2 HTTP/1.1" 404 31367 "-" "Opera/9.64 (X11; Linux i686; U; de) Presto/2.1.1"
36.133.115.36 - - [28/Jan/2026:20:55:41 +0800] "POST /wp-cron.php?doing_wp_cron=1769604941.0479590892791748046875 HTTP/1.1" 200 31 "-" "WordPress/6.9; http://cqqizhou.com"
204.76.203.18 - - [28/Jan/2026:20:55:41 +0800] "GET / HTTP/1.1" 200 157321 "-" "-"
204.76.203.18 - - [28/Jan/2026:20:55:49 +0800] "GET / HTTP/1.1" 200 157321 "-" "-"
204.76.203.18 - - [28/Jan/2026:20:55:53 +0800] "GET / HTTP/1.1" 200 109837 "-" "-"
204.76.203.18 - - [28/Jan/2026:20:55:55 +0800] "GET / HTTP/1.1" 200 157321 "-" "-"
204.76.203.18 - - [28/Jan/2026:20:56:50 +0800] "GET / HTTP/1.1" 200 109837 "-" "-"
36.133.115.36 - - [28/Jan/2026:20:57:04 +0800] "POST /wp-cron.php?doing_wp_cron=1769605024.3412420749664306640625 HTTP/1.1" 200 31 "-" "WordPress/6.9; http://cqqizhou.com"
43.135.130.202 - - [28/Jan/2026:20:57:04 +0800] "GET / HTTP/1.1" 301 5 "-" "Mozilla/5.0 (iPhone; CPU iPhone OS 13_2_3 like Mac OS X) AppleWebKit/605.1.15 (KHTML, like Gecko) Version/13.0.3 Mobile/15E148 Safari/604.1"
36.133.115.36 - - [28/Jan/2026:20:57:09 +0800] "POST /wp-cron.php?doing_wp_cron=1769605029.6223809719085693359375 HTTP/1.1" 200 31 "-" "WordPress/6.9; http://cqqizhou.com"
43.135.130.202 - - [28/Jan/2026:20:57:09 +0800] "GET / HTTP/1.1" 200 34722 "http://www.cqqizhou.com" "Mozilla/5.0 (iPhone; CPU iPhone OS 13_2_3 like Mac OS X) AppleWebKit/605.1.15 (KHTML, like Gecko) Version/13.0.3 Mobile/15E148 Safari/604.1"
207.46.13.151 - - [28/Jan/2026:20:57:44 +0800] "GET /wp-content/uploads/2025/12/1765891153-Article20251216211543.webp HTTP/1.1" 200 43108 "-" "Mozilla/5.0 AppleWebKit/537.36 (KHTML, like Gecko; compatible; bingbot/2.0; +http://www.bing.com/bingbot.htm) Chrome/116.0.1938.76 Safari/537.36"
36.133.115.36 - - [28/Jan/2026:21:01:18 +0800] "POST /wp-cron.php?doing_wp_cron=1769605278.7262380123138427734375 HTTP/1.1" 200 31 "-" "WordPress/6.9; http://cqqizhou.com"
193.142.147.209 - - [28/Jan/2026:21:01:19 +0800] "POST / HTTP/1.1" 200 34723 "-" "Mozilla/5.0 (Windows NT 10.0; Win64; x64) AppleWebKit/537.36"
36.133.115.36 - - [28/Jan/2026:21:02:33 +0800] "POST /wp-cron.php?doing_wp_cron=1769605353.2821180820465087890625 HTTP/1.1" 200 31 "-" "WordPress/6.9; http://cqqizhou.com"
204.76.203.219 - - [28/Jan/2026:21:02:33 +0800] "GET / HTTP/1.1" 200 34722 "-" "Mozilla/5.0 (Windows NT 10.0; Win64; x64) AppleWebKit/537.36 (KHTML, like Gecko) Chrome/90.0.4430.85 Safari/537.36 Edg/90.0.818.46"
59.62.91.60 - - [28/Jan/2026:21:08:08 +0800] "GET /contacts/ HTTP/1.1" 200 21695 "-" "Mozilla/5.0 (Windows NT 10.0; Win64; x64) AppleWebKit/537.36 (KHTML, like Gecko) Chrome/136.0.0.0 Safari/537.36"
36.133.115.36 - - [28/Jan/2026:21:08:33 +0800] "POST /wp-cron.php?doing_wp_cron=1769605713.4906029701232910156250 HTTP/1.1" 200 31 "-" "WordPress/6.9; http://cqqizhou.com"
38.46.221.123 - - [28/Jan/2026:21:08:33 +0800] "GET http://check.9tb.org/ HTTP/1.1" 301 5 "-" "Go-http-client/1.1"
38.46.221.123 - - [28/Jan/2026:21:08:34 +0800] "GET http://cqqizhou.com/ HTTP/1.1" 200 35166 "http://check.9tb.org" "Go-http-client/1.1"
91.134.81.68 - - [28/Jan/2026:21:08:42 +0800] "POST /xmlrpc.php HTTP/1.1" 200 217 "-" "Mozilla/5.0 (Windows NT 10.0; WOW64) AppleWebKit/537.43 (KHTML, like Gecko) Chrome/138.0.0.0 Safari/537.36 OPR/122.0.0.0"
204.76.203.69 - - [28/Jan/2026:21:08:45 +0800] "GET / HTTP/1.1" 301 5 "-" "Mozilla/5.0 (Windows NT 10.0; Win64; x64) AppleWebKit/537.36 (KHTML, like Gecko) Chrome/90.0.4430.85 Safari/537.36 Edg/90.0.818.46"
36.133.115.36 - - [28/Jan/2026:21:11:14 +0800] "POST /wp-cron.php?doing_wp_cron=1769605874.6534650325775146484375 HTTP/1.1" 200 31 "-" "WordPress/6.9; http://cqqizhou.com"
222.186.13.130 - - [28/Jan/2026:21:11:14 +0800] "GET / HTTP/1.1" 301 5 "-" "Mozilla/5.0 (X11; Linux x86_64) AppleWebKit/537.36 (KHTML, like Gecko) Chrome/86.0.4 240.111 Safari/537.36"
222.186.13.130 - - [28/Jan/2026:21:11:33 +0800] "GET /robots.txt HTTP/1.1" 200 190 "-" "Mozilla/5.0 (X11; Linux x86_64) AppleWebKit/537.36 (KHTML, like Gecko) Chrome/86.0.4 240.111 Safari/537.36"
222.186.13.130 - - [28/Jan/2026:21:11:33 +0800] "GET /.well-known/security.txt HTTP/1.1" 404 8951 "-" "Mozilla/5.0 (X11; Linux x86_64) AppleWebKit/537.36 (KHTML, like Gecko) Chrome/86.0.4 240.111 Safari/537.36"
222.186.13.130 - - [28/Jan/2026:21:11:34 +0800] "GET /sitemap.xml HTTP/1.1" 501 253 "-" "Mozilla/5.0 (X11; Linux x86_64) AppleWebKit/537.36 (KHTML, like Gecko) Chrome/86.0.4 240.111 Safari/537.36"
222.186.13.130 - - [28/Jan/2026:21:11:35 +0800] "GET /llms.txt HTTP/1.1" 404 8951 "-" "Mozilla/5.0 (X11; Linux x86_64) AppleWebKit/537.36 (KHTML, like Gecko) Chrome/86.0.4 240.111 Safari/537.36"
36.133.115.36 - - [28/Jan/2026:21:12:33 +0800] "POST /wp-cron.php?doing_wp_cron=1769605953.3391671180725097656250 HTTP/1.1" 200 31 "-" "WordPress/6.9; http://cqqizhou.com"
95.214.54.147 - - [28/Jan/2026:21:12:33 +0800] "GET / HTTP/1.1" 200 157321 "-" "Mozilla/5.0"
36.133.115.36 - - [28/Jan/2026:21:18:00 +0800] "POST /wp-cron.php?doing_wp_cron=1769606280.3153960704803466796875 HTTP/1.1" 200 31 "-" "WordPress/6.9; http://cqqizhou.com"
183.134.59.133 - - [28/Jan/2026:21:18:00 +0800] "GET / HTTP/1.1" 200 34722 "-" "Dalvik/2.1.0 (Linux; U; Android 9.0; ZTE BA520 Build/MRA58K)"
183.134.59.133 - - [28/Jan/2026:21:18:03 +0800] "GET / HTTP/1.1" 200 34722 "-" "Dalvik/2.1.0 (Linux; U; Android 9.0; ZTE BA520 Build/MRA58K)"
183.134.59.133 - - [28/Jan/2026:21:18:09 +0800] "GET / HTTP/1.1" 200 35166 "-" "Mozilla/5.0 (Macintosh; Intel Mac OS X 10_11) AppleWebKit/601.1.27 (KHTML, like Gecko) Chrome/47.0.2526.106 Safari/601.1.27"
36.133.115.36 - - [28/Jan/2026:21:38:19 +0800] "POST /wp-cron.php?doing_wp_cron=1769607499.6080930233001708984375 HTTP/1.1" 200 31 "-" "WordPress/6.9; http://cqqizhou.com"
95.214.54.147 - - [28/Jan/2026:21:38:20 +0800] "GET / HTTP/1.1" 200 157321 "-" "Mozilla/5.0"
36.133.115.36 - - [28/Jan/2026:21:52:43 +0800] "POST /wp-cron.php?doing_wp_cron=1769608363.5334880352020263671875 HTTP/1.1" 200 31 "-" "WordPress/6.9; http://cqqizhou.com"
116.179.32.234 - - [28/Jan/2026:21:52:43 +0800] "GET /portfolio-category/remaining-rolls/ HTTP/1.1" 301 5 "-" "Mozilla/5.0 (compatible; Baiduspider/2.0; +http://www.baidu.com/search/spider.html)"
116.179.32.196 - - [28/Jan/2026:21:52:44 +0800] "GET /portfolio/remaining-rolls/ HTTP/1.1" 404 8952 "-" "Mozilla/5.0 (compatible; Baiduspider/2.0; +http://www.baidu.com/search/spider.html)"
36.133.115.36 - - [28/Jan/2026:21:59:08 +0800] "POST /wp-cron.php?doing_wp_cron=1769608748.9439799785614013671875 HTTP/1.1" 200 31 "-" "WordPress/6.9; http://cqqizhou.com"
204.76.203.219 - - [28/Jan/2026:21:59:08 +0800] "GET / HTTP/1.1" 200 34723 "-" "Mozilla/5.0 (Windows NT 10.0; Win64; x64) AppleWebKit/537.36 (KHTML, like Gecko) Chrome/90.0.4430.85 Safari/537.36 Edg/90.0.818.46"
36.133.115.36 - - [28/Jan/2026:22:00:19 +0800] "POST /wp-cron.php?doing_wp_cron=1769608819.7250790596008300781250 HTTP/1.1" 200 31 "-" "WordPress/6.9; http://cqqizhou.com"
38.207.176.73 - - [28/Jan/2026:22:00:19 +0800] "POST / HTTP/1.1" 200 86669 "-" "Mozilla/5.0"
36.133.115.36 - - [28/Jan/2026:22:06:05 +0800] "POST /wp-cron.php?doing_wp_cron=1769609165.5821609497070312500000 HTTP/1.1" 200 31 "-" "WordPress/6.9; http://cqqizhou.com"
66.249.74.134 - - [28/Jan/2026:22:06:05 +0800] "GET /bug HTTP/1.1" 301 5 "-" "Mozilla/5.0 (Linux; Android 6.0.1; Nexus 5X Build/MMB29P) AppleWebKit/537.36 (KHTML, like Gecko) Chrome/143.0.7499.192 Mobile Safari/537.36 (compatible; Googlebot/2.1; +http://www.google.com/bot.html)"
66.249.74.136 - - [28/Jan/2026:22:06:07 +0800] "GET /bug/ HTTP/1.1" 200 11659 "-" "Mozilla/5.0 (Linux; Android 6.0.1; Nexus 5X Build/MMB29P) AppleWebKit/537.36 (KHTML, like Gecko) Chrome/143.0.7499.192 Mobile Safari/537.36 (compatible; Googlebot/2.1; +http://www.google.com/bot.html)"
36.133.115.36 - - [28/Jan/2026:22:14:43 +0800] "POST /wp-cron.php?doing_wp_cron=1769609683.6540689468383789062500 HTTP/1.1" 200 31 "-" "WordPress/6.9; http://cqqizhou.com"
95.214.54.147 - - [28/Jan/2026:22:14:44 +0800] "GET / HTTP/1.1" 200 157321 "-" "Mozilla/5.0"
36.133.115.36 - - [28/Jan/2026:22:16:20 +0800] "POST /wp-cron.php?doing_wp_cron=1769609780.3186469078063964843750 HTTP/1.1" 200 31 "-" "WordPress/6.9; http://cqqizhou.com"
45.156.87.161 - - [28/Jan/2026:22:16:20 +0800] "GET /backend/.env HTTP/1.1" 404 8949 "-" "Mozilla/5.0 (compatible; Googlebot/2.1; +http://www.google.com/bot.html)"
36.133.115.36 - - [28/Jan/2026:22:18:52 +0800] "POST /wp-cron.php?doing_wp_cron=1769609932.9079151153564453125000 HTTP/1.1" 200 31 "-" "WordPress/6.9; http://cqqizhou.com"
51.159.214.31 - - [28/Jan/2026:22:18:52 +0800] "POST /xmlrpc.php HTTP/1.1" 200 217 "-" "Mozilla/5.0 (Windows NT 10.0; WOW64) AppleWebKit/537.36 (KHTML, like Gecko) Chrome/138.0.0.0 Safari/537.36 Edg/138.0.0.0"
36.133.115.36 - - [28/Jan/2026:22:30:33 +0800] "POST /wp-cron.php?doing_wp_cron=1769610633.9368960857391357421875 HTTP/1.1" 200 31 "-" "WordPress/6.9; http://cqqizhou.com"
41.186.176.26 - - [28/Jan/2026:22:30:34 +0800] "GET / HTTP/1.1" 200 157321 "-" "Mozilla/5.0 (Macintosh; Intel Mac OS X 10_11_6) AppleWebKit/601.7.7 (KHTML, like Gecko) Version/9.1.2 Safari/601.7.7"
36.133.115.36 - - [28/Jan/2026:22:40:15 +0800] "POST /wp-cron.php?doing_wp_cron=1769611215.5990951061248779296875 HTTP/1.1" 200 31 "-" "WordPress/6.9; http://cqqizhou.com"
13.219.78.63 - - [28/Jan/2026:22:40:15 +0800] "GET / HTTP/1.1" 301 5 "-" "Mozilla/5.0 (Windows NT 10.0; Win64; x64) AppleWebKit/537.36 (KHTML, like Gecko) Chrome/136.0.0.0 Safari/537.36"
38.46.221.123 - - [28/Jan/2026:22:40:21 +0800] "GET http://check.9tb.org/ HTTP/1.1" 301 5 "-" "Go-http-client/1.1"
38.46.221.123 - - [28/Jan/2026:22:40:22 +0800] "GET http://cqqizhou.com/ HTTP/1.1" 200 35166 "http://check.9tb.org" "Go-http-client/1.1"
36.133.115.36 - - [28/Jan/2026:22:46:18 +0800] "POST /wp-cron.php?doing_wp_cron=1769611578.1105659008026123046875 HTTP/1.1" 200 31 "-" "WordPress/6.9; http://cqqizhou.com"
185.191.171.16 - - [28/Jan/2026:22:46:18 +0800] "GET /robots.txt HTTP/1.1" 200 190 "-" "Mozilla/5.0 (compatible; SemrushBot/7~bl; +http://www.semrush.com/bot.html)"
185.191.171.16 - - [28/Jan/2026:22:46:18 +0800] "GET /2231/ HTTP/1.1" 200 23528 "-" "Mozilla/5.0 (compatible; SemrushBot/7~bl; +http://www.semrush.com/bot.html)"
36.133.115.36 - - [28/Jan/2026:22:52:31 +0800] "POST /wp-cron.php?doing_wp_cron=1769611951.3513579368591308593750 HTTP/1.1" 200 31 "-" "WordPress/6.9; http://cqqizhou.com"
204.76.203.219 - - [28/Jan/2026:22:52:31 +0800] "GET / HTTP/1.1" 200 34722 "-" "Mozilla/5.0 (Windows NT 10.0; Win64; x64) AppleWebKit/537.36 (KHTML, like Gecko) Chrome/90.0.4430.85 Safari/537.36 Edg/90.0.818.46"
36.133.115.36 - - [28/Jan/2026:22:54:19 +0800] "POST /wp-cron.php?doing_wp_cron=1769612059.1127390861511230468750 HTTP/1.1" 200 31 "-" "WordPress/6.9; http://cqqizhou.com"
43.130.150.80 - - [28/Jan/2026:22:54:19 +0800] "GET / HTTP/1.1" 200 34722 "-" "Mozilla/5.0 (iPhone; CPU iPhone OS 13_2_3 like Mac OS X) AppleWebKit/605.1.15 (KHTML, like Gecko) Version/13.0.3 Mobile/15E148 Safari/604.1"
36.133.115.36 - - [28/Jan/2026:23:03:01 +0800] "POST /wp-cron.php?doing_wp_cron=1769612581.8011169433593750000000 HTTP/1.1" 200 31 "-" "WordPress/6.9; http://cqqizhou.com"
193.142.147.209 - - [28/Jan/2026:23:03:02 +0800] "POST / HTTP/1.1" 200 34722 "-" "Mozilla/5.0 (Windows NT 10.0; Win64; x64) AppleWebKit/537.36"
36.133.115.36 - - [28/Jan/2026:23:09:40 +0800] "POST /wp-cron.php?doing_wp_cron=1769612980.0986239910125732421875 HTTP/1.1" 200 31 "-" "WordPress/6.9; http://cqqizhou.com"
34.38.45.85 - - [28/Jan/2026:23:09:40 +0800] "GET / HTTP/1.1" 301 5 "-" "python-requests/2.32.5"
36.133.115.36 - - [28/Jan/2026:23:18:20 +0800] "POST /wp-cron.php?doing_wp_cron=1769613500.6135210990905761718750 HTTP/1.1" 200 31 "-" "WordPress/6.9; http://cqqizhou.com"
198.244.226.32 - - [28/Jan/2026:23:18:20 +0800] "GET /robots.txt HTTP/1.1" 200 190 "-" "Mozilla/5.0 (compatible; AhrefsBot/7.0; +http://ahrefs.com/robot/)"
51.195.183.253 - - [28/Jan/2026:23:18:24 +0800] "GET /policy/ HTTP/1.1" 304 0 "-" "Mozilla/5.0 (compatible; AhrefsBot/7.0; +http://ahrefs.com/robot/)"
36.133.115.36 - - [28/Jan/2026:23:23:02 +0800] "POST /wp-cron.php?doing_wp_cron=1769613782.6953389644622802734375 HTTP/1.1" 200 31 "-" "WordPress/6.9; http://cqqizhou.com"
66.249.74.136 - - [28/Jan/2026:23:23:02 +0800] "GET /portfolio/duplex-stainless-steel/ HTTP/1.1" 404 8951 "-" "Mozilla/5.0 (Linux; Android 6.0.1; Nexus 5X Build/MMB29P) AppleWebKit/537.36 (KHTML, like Gecko) Chrome/143.0.7499.192 Mobile Safari/537.36 (compatible; Googlebot/2.1; +http://www.google.com/bot.html)"
36.133.115.36 - - [28/Jan/2026:23:27:04 +0800] "POST /wp-cron.php?doing_wp_cron=1769614024.5683209896087646484375 HTTP/1.1" 200 31 "-" "WordPress/6.9; http://cqqizhou.com"
104.152.52.211 - - [28/Jan/2026:23:27:04 +0800] "GET / HTTP/1.1" 301 5 "-" "curl/7.61.1"
36.133.115.36 - - [28/Jan/2026:23:32:07 +0800] "POST /wp-cron.php?doing_wp_cron=1769614327.8448030948638916015625 HTTP/1.1" 200 31 "-" "WordPress/6.9; http://cqqizhou.com"
5.61.209.92 - - [28/Jan/2026:23:32:07 +0800] "GET /SDK/webLanguage HTTP/1.1" 301 5 "-" "Mozilla/5.0 (Windows NT 10.0; Win64; x64) AppleWebKit/537.36 (KHTML, like Gecko) Chrome/90.0.4430.85 Safari/537.36 Edg/90.0.818.46"
51.89.3.141 - - [28/Jan/2026:23:32:57 +0800] "POST /xmlrpc.php HTTP/1.1" 200 217 "-" "Mozilla/5.0 (Windows NT 10.0; rv:141.0) Gecko/20100101 Firefox/141.0"
36.133.115.36 - - [28/Jan/2026:23:43:47 +0800] "POST /wp-cron.php?doing_wp_cron=1769615027.6928620338439941406250 HTTP/1.1" 200 31 "-" "WordPress/6.9; http://cqqizhou.com"
204.76.203.18 - - [28/Jan/2026:23:43:47 +0800] "GET /bins/ HTTP/1.1" 301 5 "-" "-"
204.76.203.18 - - [28/Jan/2026:23:43:50 +0800] "GET /bins/ HTTP/1.1" 301 5 "-" "-"
204.76.203.18 - - [28/Jan/2026:23:43:53 +0800] "GET /bins/ HTTP/1.1" 301 5 "-" "-"
204.76.203.18 - - [28/Jan/2026:23:43:58 +0800] "GET /bins/ HTTP/1.1" 301 5 "-" "-"
204.76.203.18 - - [28/Jan/2026:23:44:01 +0800] "GET /bins/ HTTP/1.1" 301 5 "-" "-"
182.87.91.38 - - [28/Jan/2026:23:48:52 +0800] "GET /indexback.php HTTP/1.1" 404 47 "http://cqqizhou.com/indexback.php" "Mozilla/5.0 (Windows NT 6.1; WOW64) AppleWebKit/537.11 (KHTML, like Gecko) Chrome/23.0.1271.97 Safari/537.11"
36.133.115.36 - - [28/Jan/2026:23:53:42 +0800] "POST /wp-cron.php?doing_wp_cron=1769615622.4702930450439453125000 HTTP/1.1" 200 31 "-" "WordPress/6.9; http://cqqizhou.com"
95.214.54.147 - - [28/Jan/2026:23:53:42 +0800] "GET / HTTP/1.1" 200 157321 "-" "Mozilla/5.0"
139.9.55.116 - - [28/Jan/2026:23:55:14 +0800] "GET /Public/Admin/Js/Webuploader/server/preview.php HTTP/1.1" 404 47 "-" "Mozilla/5.0 (Windows NT 10.0; Win64; x64)"
139.9.55.116 - - [28/Jan/2026:23:55:14 +0800] "GET /Public/Admin/Js/Webuploader/server/fileupload.php HTTP/1.1" 404 47 "-" "Mozilla/5.0 (Windows NT 10.0; Win64; x64)"