36.133.115.36 - - [28/Jan/2026:14:35:16 +0800] "POST /wp-cron.php?doing_wp_cron=1769582116.9229719638824462890625 HTTP/1.1" 200 31 "-" "WordPress/6.9; http://cqqizhou.com"
65.49.1.24 - - [28/Jan/2026:14:35:16 +0800] "GET / HTTP/1.1" 301 5 "-" "Mozilla/5.0 (Windows NT 10.0; Win64; x64) AppleWebKit/537.36 (KHTML, like Gecko) Chrome/110.0.0.0 Safari/537.36 Edg/110.0.1587.50"
47.96.157.127 - - [28/Jan/2026:14:35:40 +0800] "POST /wp-login.php HTTP/1.1" 200 9495 "-" "Mozilla/5.0"
36.133.115.36 - - [28/Jan/2026:14:36:21 +0800] "POST /wp-cron.php?doing_wp_cron=1769582181.5702300071716308593750 HTTP/1.1" 200 31 "-" "WordPress/6.9; http://cqqizhou.com"
65.49.1.24 - - [28/Jan/2026:14:36:21 +0800] "GET /webui/ HTTP/1.1" 404 8951 "-" "Mozilla/5.0 (X11; Linux x86_64; rv:140.0) Gecko/20100101 Firefox/140.0"
65.49.1.33 - - [28/Jan/2026:14:36:58 +0800] "GET / HTTP/1.1" 301 5 "-" "Mozilla/5.0 (X11; Linux x86_64; rv:140.0) Gecko/20100101 Firefox/140.0"
65.49.1.28 - - [28/Jan/2026:14:37:00 +0800] "GET / HTTP/1.1" 200 35166 "http://36.133.115.36/" "Mozilla/5.0 (X11; Linux x86_64; rv:140.0) Gecko/20100101 Firefox/140.0"
65.49.1.24 - - [28/Jan/2026:14:38:35 +0800] "GET /geoserver/web/ HTTP/1.1" 499 0 "-" "Mozilla/5.0 (Windows NT 10.0; Win64; x64) AppleWebKit/537.36 (KHTML, like Gecko) Chrome/110.0.0.0 Safari/537.36 Edg/110.0.1587.50"
36.133.115.36 - - [28/Jan/2026:14:41:14 +0800] "POST /wp-cron.php?doing_wp_cron=1769582474.1643540859222412109375 HTTP/1.1" 200 31 "-" "WordPress/6.9; http://cqqizhou.com"
47.96.157.127 - - [28/Jan/2026:14:41:14 +0800] "POST /wp-login.php HTTP/1.1" 200 9495 "-" "Mozilla/5.0"
36.133.115.36 - - [28/Jan/2026:14:43:56 +0800] "POST /wp-cron.php?doing_wp_cron=1769582636.8040509223937988281250 HTTP/1.1" 200 31 "-" "WordPress/6.9; http://cqqizhou.com"
43.135.211.148 - - [28/Jan/2026:14:43:56 +0800] "GET / HTTP/1.1" 301 5 "-" "Mozilla/5.0 (iPhone; CPU iPhone OS 13_2_3 like Mac OS X) AppleWebKit/605.1.15 (KHTML, like Gecko) Version/13.0.3 Mobile/15E148 Safari/604.1"
43.135.211.148 - - [28/Jan/2026:14:44:00 +0800] "GET / HTTP/1.1" 200 34723 "http://www.cqqizhou.com" "Mozilla/5.0 (iPhone; CPU iPhone OS 13_2_3 like Mac OS X) AppleWebKit/605.1.15 (KHTML, like Gecko) Version/13.0.3 Mobile/15E148 Safari/604.1"
36.133.115.36 - - [28/Jan/2026:14:46:49 +0800] "POST /wp-cron.php?doing_wp_cron=1769582809.6340019702911376953125 HTTP/1.1" 200 31 "-" "WordPress/6.9; http://cqqizhou.com"
47.96.157.127 - - [28/Jan/2026:14:46:49 +0800] "POST /wp-login.php HTTP/1.1" 200 9495 "-" "Mozilla/5.0"
204.76.203.219 - - [28/Jan/2026:14:47:06 +0800] "GET / HTTP/1.1" 200 34722 "-" "Mozilla/5.0 (Windows NT 10.0; Win64; x64) AppleWebKit/537.36 (KHTML, like Gecko) Chrome/90.0.4430.85 Safari/537.36 Edg/90.0.818.46"
36.133.115.36 - - [28/Jan/2026:14:50:02 +0800] "POST /wp-cron.php?doing_wp_cron=1769583002.3469719886779785156250 HTTP/1.1" 200 31 "-" "WordPress/6.9; http://cqqizhou.com"
45.148.10.124 - - [28/Jan/2026:14:50:02 +0800] "GET /.env HTTP/1.1" 404 8950 "-" "Mozilla/5.0 (Macintosh; Intel Mac OS X 10_14_5) AppleWebKit/537.36 (KHTML, like Gecko) Chrome/78.0.3880.4 Safari/537.36"
36.133.115.36 - - [28/Jan/2026:14:52:17 +0800] "POST /wp-cron.php?doing_wp_cron=1769583137.7692708969116210937500 HTTP/1.1" 200 31 "-" "WordPress/6.9; http://cqqizhou.com"
47.96.157.127 - - [28/Jan/2026:14:52:17 +0800] "POST /wp-login.php HTTP/1.1" 200 9495 "-" "Mozilla/5.0"
36.133.115.36 - - [28/Jan/2026:14:57:41 +0800] "POST /wp-cron.php?doing_wp_cron=1769583461.0707139968872070312500 HTTP/1.1" 200 31 "-" "WordPress/6.9; http://cqqizhou.com"
47.96.157.127 - - [28/Jan/2026:14:57:41 +0800] "POST /wp-login.php HTTP/1.1" 200 9495 "-" "Mozilla/5.0"
36.133.115.36 - - [28/Jan/2026:15:02:09 +0800] "POST /wp-cron.php?doing_wp_cron=1769583729.3757269382476806640625 HTTP/1.1" 200 31 "-" "WordPress/6.9; http://cqqizhou.com"
204.76.203.69 - - [28/Jan/2026:15:02:09 +0800] "GET / HTTP/1.1" 301 5 "-" "Mozilla/5.0 (Windows NT 10.0; Win64; x64) AppleWebKit/537.36 (KHTML, like Gecko) Chrome/90.0.4430.85 Safari/537.36 Edg/90.0.818.46"
47.96.157.127 - - [28/Jan/2026:15:02:57 +0800] "POST /wp-login.php HTTP/1.1" 200 9495 "-" "Mozilla/5.0"
36.133.115.36 - - [28/Jan/2026:15:04:38 +0800] "POST /wp-cron.php?doing_wp_cron=1769583878.9186179637908935546875 HTTP/1.1" 200 31 "-" "WordPress/6.9; http://cqqizhou.com"
38.46.221.123 - - [28/Jan/2026:15:04:38 +0800] "GET http://check.9tb.org/ HTTP/1.1" 301 5 "-" "Go-http-client/1.1"
38.46.221.123 - - [28/Jan/2026:15:04:39 +0800] "GET http://cqqizhou.com/ HTTP/1.1" 200 35166 "http://check.9tb.org" "Go-http-client/1.1"
36.133.115.36 - - [28/Jan/2026:15:08:22 +0800] "POST /wp-cron.php?doing_wp_cron=1769584102.5651059150695800781250 HTTP/1.1" 200 31 "-" "WordPress/6.9; http://cqqizhou.com"
47.96.157.127 - - [28/Jan/2026:15:08:22 +0800] "POST /wp-login.php HTTP/1.1" 200 9495 "-" "Mozilla/5.0"
36.133.115.36 - - [28/Jan/2026:15:13:48 +0800] "POST /wp-cron.php?doing_wp_cron=1769584427.9688730239868164062500 HTTP/1.1" 200 31 "-" "WordPress/6.9; http://cqqizhou.com"
47.96.157.127 - - [28/Jan/2026:15:13:48 +0800] "POST /wp-login.php HTTP/1.1" 200 9495 "-" "Mozilla/5.0"
36.133.115.36 - - [28/Jan/2026:15:15:36 +0800] "POST /wp-cron.php?doing_wp_cron=1769584536.4988870620727539062500 HTTP/1.1" 200 31 "-" "WordPress/6.9; http://cqqizhou.com"
95.214.54.147 - - [28/Jan/2026:15:15:36 +0800] "GET / HTTP/1.1" 200 157321 "-" "Mozilla/5.0"
54.38.147.117 - - [28/Jan/2026:15:15:53 +0800] "GET /2165/ HTTP/1.1" 200 26908 "-" "Mozilla/5.0 (compatible; AhrefsBot/7.0; +http://ahrefs.com/robot/)"
36.133.115.36 - - [28/Jan/2026:15:18:46 +0800] "POST /wp-cron.php?doing_wp_cron=1769584726.3987200260162353515625 HTTP/1.1" 200 31 "-" "WordPress/6.9; http://cqqizhou.com"
14.108.234.63 - - [28/Jan/2026:15:18:46 +0800] "GET /media/ HTTP/1.1" 200 33382 "http://cqqizhou.com/logistics/" "Mozilla/5.0 (Windows NT 10.0; Win64; x64) AppleWebKit/537.36 (KHTML, like Gecko) Chrome/143.0.0.0 Safari/537.36 Edg/143.0.0.0"
14.108.234.63 - - [28/Jan/2026:15:18:46 +0800] "GET /wp-content/uploads/2025/11/1762861549-%E5%85%A8%E6%99%AF%E5%90%AF%E8%88%9F%E5%9D%A4%E7%85%8C%E5%BA%93.webp HTTP/1.1" 200 18812 "http://cqqizhou.com/media/" "Mozilla/5.0 (Windows NT 10.0; Win64; x64) AppleWebKit/537.36 (KHTML, like Gecko) Chrome/143.0.0.0 Safari/537.36 Edg/143.0.0.0"
14.108.234.63 - - [28/Jan/2026:15:18:46 +0800] "GET /wp-content/uploads/2025/11/1762861550-%E4%B8%87%E5%98%89%E7%9B%9B%E5%BA%93%E5%85%A8%E6%99%AF%E5%9B%BE.webp HTTP/1.1" 200 24278 "http://cqqizhou.com/media/" "Mozilla/5.0 (Windows NT 10.0; Win64; x64) AppleWebKit/537.36 (KHTML, like Gecko) Chrome/143.0.0.0 Safari/537.36 Edg/143.0.0.0"
14.108.234.63 - - [28/Jan/2026:15:18:46 +0800] "GET /wp-content/uploads/media/qizhou_Brochure.webp HTTP/1.1" 200 26142 "http://cqqizhou.com/media/" "Mozilla/5.0 (Windows NT 10.0; Win64; x64) AppleWebKit/537.36 (KHTML, like Gecko) Chrome/143.0.0.0 Safari/537.36 Edg/143.0.0.0"
14.108.234.63 - - [28/Jan/2026:15:18:46 +0800] "GET /wp-content/uploads/2025/12/1765268955-qizhou_Slider1_3840%C3%972160_20251210-scaled.webp HTTP/1.1" 200 152162 "http://cqqizhou.com/media/" "Mozilla/5.0 (Windows NT 10.0; Win64; x64) AppleWebKit/537.36 (KHTML, like Gecko) Chrome/143.0.0.0 Safari/537.36 Edg/143.0.0.0"
36.133.115.36 - - [28/Jan/2026:15:19:18 +0800] "POST /wp-cron.php?doing_wp_cron=1769584758.7629499435424804687500 HTTP/1.1" 200 31 "-" "WordPress/6.9; http://cqqizhou.com"
14.108.234.63 - - [28/Jan/2026:15:19:18 +0800] "GET /2464/ HTTP/1.1" 200 27771 "http://cqqizhou.com/media/" "Mozilla/5.0 (Windows NT 10.0; Win64; x64) AppleWebKit/537.36 (KHTML, like Gecko) Chrome/143.0.0.0 Safari/537.36 Edg/143.0.0.0"
14.108.234.63 - - [28/Jan/2026:15:19:18 +0800] "GET /wp-content/uploads/2026/01/1769511379-Article_images_W900%C3%97500px202601271.webp HTTP/1.1" 200 67912 "http://cqqizhou.com/2464/" "Mozilla/5.0 (Windows NT 10.0; Win64; x64) AppleWebKit/537.36 (KHTML, like Gecko) Chrome/143.0.0.0 Safari/537.36 Edg/143.0.0.0"
14.108.234.63 - - [28/Jan/2026:15:19:18 +0800] "GET /wp-content/uploads/2026/01/1769513871-Article_images_W900%C3%97500px202601273.webp HTTP/1.1" 200 61532 "http://cqqizhou.com/2464/" "Mozilla/5.0 (Windows NT 10.0; Win64; x64) AppleWebKit/537.36 (KHTML, like Gecko) Chrome/143.0.0.0 Safari/537.36 Edg/143.0.0.0"
14.108.234.63 - - [28/Jan/2026:15:19:18 +0800] "GET /wp-content/uploads/2026/01/1768527483-Article_images_W900%C3%97500px202601161.webp HTTP/1.1" 200 33780 "http://cqqizhou.com/2464/" "Mozilla/5.0 (Windows NT 10.0; Win64; x64) AppleWebKit/537.36 (KHTML, like Gecko) Chrome/143.0.0.0 Safari/537.36 Edg/143.0.0.0"
14.108.234.63 - - [28/Jan/2026:15:19:18 +0800] "GET /wp-content/uploads/2025/12/1766647832-Article_images_W900%C3%97500px20251225.webp HTTP/1.1" 200 44582 "http://cqqizhou.com/2464/" "Mozilla/5.0 (Windows NT 10.0; Win64; x64) AppleWebKit/537.36 (KHTML, like Gecko) Chrome/143.0.0.0 Safari/537.36 Edg/143.0.0.0"
14.108.234.63 - - [28/Jan/2026:15:19:18 +0800] "GET /wp-content/uploads/2025/07/1753410289-News2000%C3%97400_202571.webp HTTP/1.1" 200 17830 "http://cqqizhou.com/2464/" "Mozilla/5.0 (Windows NT 10.0; Win64; x64) AppleWebKit/537.36 (KHTML, like Gecko) Chrome/143.0.0.0 Safari/537.36 Edg/143.0.0.0"
47.96.157.127 - - [28/Jan/2026:15:19:19 +0800] "POST /wp-login.php HTTP/1.1" 200 9495 "-" "Mozilla/5.0"
14.108.234.63 - - [28/Jan/2026:15:19:37 +0800] "GET /media/ HTTP/1.1" 200 33379 "http://cqqizhou.com/2464/" "Mozilla/5.0 (Windows NT 10.0; Win64; x64) AppleWebKit/537.36 (KHTML, like Gecko) Chrome/143.0.0.0 Safari/537.36 Edg/143.0.0.0"
36.133.115.36 - - [28/Jan/2026:15:21:05 +0800] "POST /wp-cron.php?doing_wp_cron=1769584864.9651739597320556640625 HTTP/1.1" 200 31 "-" "WordPress/6.9; http://cqqizhou.com"
14.108.234.63 - - [28/Jan/2026:15:21:05 +0800] "GET /logistics/ HTTP/1.1" 200 33123 "http://cqqizhou.com/media/" "Mozilla/5.0 (Windows NT 10.0; Win64; x64) AppleWebKit/537.36 (KHTML, like Gecko) Chrome/143.0.0.0 Safari/537.36 Edg/143.0.0.0"
14.108.234.63 - - [28/Jan/2026:15:21:05 +0800] "GET /wp-json/contact-form-7/v1/contact-forms/1444/feedback/schema HTTP/1.1" 200 270 "http://cqqizhou.com/logistics/" "Mozilla/5.0 (Windows NT 10.0; Win64; x64) AppleWebKit/537.36 (KHTML, like Gecko) Chrome/143.0.0.0 Safari/537.36 Edg/143.0.0.0"
14.108.234.63 - - [28/Jan/2026:15:21:05 +0800] "GET /wp-json/contact-form-7/v1/contact-forms/1444/refill HTTP/1.1" 200 33 "http://cqqizhou.com/logistics/" "Mozilla/5.0 (Windows NT 10.0; Win64; x64) AppleWebKit/537.36 (KHTML, like Gecko) Chrome/143.0.0.0 Safari/537.36 Edg/143.0.0.0"
36.133.115.36 - - [28/Jan/2026:15:24:47 +0800] "POST /wp-cron.php?doing_wp_cron=1769585087.2255270481109619140625 HTTP/1.1" 200 31 "-" "WordPress/6.9; http://cqqizhou.com"
47.96.157.127 - - [28/Jan/2026:15:24:47 +0800] "POST /wp-login.php HTTP/1.1" 200 9495 "-" "Mozilla/5.0"
36.133.115.36 - - [28/Jan/2026:15:28:18 +0800] "POST /wp-cron.php?doing_wp_cron=1769585298.2990798950195312500000 HTTP/1.1" 200 31 "-" "WordPress/6.9; http://cqqizhou.com"
3.224.196.144 - - [28/Jan/2026:15:28:18 +0800] "POST /xmlrpc.php HTTP/1.1" 200 217 "-" "Mozilla/5.0 (Windows NT 10.0; Win64; x64) AppleWebKit/537.36 (KHTML, like Gecko) Chrome/139.0.0.0 Safari/537.36"
36.133.115.36 - - [28/Jan/2026:15:30:36 +0800] "POST /wp-cron.php?doing_wp_cron=1769585436.3726589679718017578125 HTTP/1.1" 200 31 "-" "WordPress/6.9; http://cqqizhou.com"
47.96.157.127 - - [28/Jan/2026:15:30:36 +0800] "POST /wp-login.php HTTP/1.1" 200 9495 "-" "Mozilla/5.0"
36.133.115.36 - - [28/Jan/2026:15:36:02 +0800] "POST /wp-cron.php?doing_wp_cron=1769585762.1039030551910400390625 HTTP/1.1" 200 31 "-" "WordPress/6.9; http://cqqizhou.com"
47.96.157.127 - - [28/Jan/2026:15:36:02 +0800] "POST /wp-login.php HTTP/1.1" 200 9495 "-" "Mozilla/5.0"
36.133.115.36 - - [28/Jan/2026:15:36:28 +0800] "POST /wp-cron.php?doing_wp_cron=1769585788.6333529949188232421875 HTTP/1.1" 200 31 "-" "WordPress/6.9; http://cqqizhou.com"
3.143.33.63 - - [28/Jan/2026:15:36:28 +0800] "GET / HTTP/1.1" 301 5 "-" "cypex.ai/scanning Mozilla/5.0 (Macintosh; Intel Mac OS X 10_15_7) Chrome/126.0.0.0 Safari/537.36"
207.46.13.54 - - [28/Jan/2026:15:37:42 +0800] "GET /2464/ HTTP/1.1" 200 23405 "-" "Mozilla/5.0 AppleWebKit/537.36 (KHTML, like Gecko; compatible; bingbot/2.0; +http://www.bing.com/bingbot.htm) Chrome/116.0.1938.76 Safari/537.36"
52.167.144.183 - - [28/Jan/2026:15:38:11 +0800] "GET /wp-content/uploads/2026/01/1769513871-Article_images_W900%C3%97500px202601273.webp HTTP/1.1" 200 61532 "-" "Mozilla/5.0 AppleWebKit/537.36 (KHTML, like Gecko; compatible; bingbot/2.0; +http://www.bing.com/bingbot.htm) Chrome/116.0.1938.76 Safari/537.36"
207.46.13.54 - - [28/Jan/2026:15:38:15 +0800] "GET /wp-content/uploads/2026/01/1769511379-Article_images_W900%C3%97500px202601271.webp HTTP/1.1" 200 67912 "-" "Mozilla/5.0 AppleWebKit/537.36 (KHTML, like Gecko; compatible; bingbot/2.0; +http://www.bing.com/bingbot.htm) Chrome/116.0.1938.76 Safari/537.36"
36.133.115.36 - - [28/Jan/2026:15:38:19 +0800] "POST /wp-cron.php?doing_wp_cron=1769585899.4939310550689697265625 HTTP/1.1" 200 31 "-" "WordPress/6.9; http://cqqizhou.com"
3.143.33.63 - - [28/Jan/2026:15:38:19 +0800] "GET / HTTP/1.1" 301 5 "-" "cypex.ai/scanning Mozilla/5.0 (Macintosh; Intel Mac OS X 10_15_7) Chrome/126.0.0.0 Safari/537.36"
36.133.115.36 - - [28/Jan/2026:15:41:30 +0800] "POST /wp-cron.php?doing_wp_cron=1769586090.8763489723205566406250 HTTP/1.1" 200 31 "-" "WordPress/6.9; http://cqqizhou.com"
47.96.157.127 - - [28/Jan/2026:15:41:30 +0800] "POST /wp-login.php HTTP/1.1" 200 9495 "-" "Mozilla/5.0"
36.133.115.36 - - [28/Jan/2026:15:43:47 +0800] "POST /wp-cron.php?doing_wp_cron=1769586227.3150610923767089843750 HTTP/1.1" 200 31 "-" "WordPress/6.9; http://cqqizhou.com"
204.76.203.219 - - [28/Jan/2026:15:43:47 +0800] "GET / HTTP/1.1" 200 34722 "-" "Mozilla/5.0 (Windows NT 10.0; Win64; x64) AppleWebKit/537.36 (KHTML, like Gecko) Chrome/90.0.4430.85 Safari/537.36 Edg/90.0.818.46"
36.133.115.36 - - [28/Jan/2026:15:45:49 +0800] "POST /wp-cron.php?doing_wp_cron=1769586349.0154149532318115234375 HTTP/1.1" 200 31 "-" "WordPress/6.9; http://cqqizhou.com"
182.42.105.144 - - [28/Jan/2026:15:45:49 +0800] "GET / HTTP/1.1" 200 34722 "-" "Mozilla/5.0 (iPhone; CPU iPhone OS 13_2_3 like Mac OS X) AppleWebKit/605.1.15 (KHTML, like Gecko) Version/13.0.3 Mobile/15E148 Safari/604.1"
36.133.115.36 - - [28/Jan/2026:15:46:57 +0800] "POST /wp-cron.php?doing_wp_cron=1769586417.7389070987701416015625 HTTP/1.1" 200 31 "-" "WordPress/6.9; http://cqqizhou.com"
47.96.157.127 - - [28/Jan/2026:15:46:57 +0800] "POST /wp-login.php HTTP/1.1" 200 9495 "-" "Mozilla/5.0"
36.133.115.36 - - [28/Jan/2026:15:53:48 +0800] "POST /wp-cron.php?doing_wp_cron=1769586828.9001901149749755859375 HTTP/1.1" 200 31 "-" "WordPress/6.9; http://cqqizhou.com"
47.96.157.127 - - [28/Jan/2026:15:53:48 +0800] "POST /wp-login.php HTTP/1.1" 200 9495 "-" "Mozilla/5.0"
36.133.115.36 - - [28/Jan/2026:15:56:22 +0800] "POST /wp-cron.php?doing_wp_cron=1769586982.2775180339813232421875 HTTP/1.1" 200 31 "-" "WordPress/6.9; http://cqqizhou.com"
95.214.54.147 - - [28/Jan/2026:15:56:22 +0800] "GET / HTTP/1.1" 200 157321 "-" "Mozilla/5.0"
36.133.115.36 - - [28/Jan/2026:15:59:04 +0800] "POST /wp-cron.php?doing_wp_cron=1769587144.5315780639648437500000 HTTP/1.1" 200 31 "-" "WordPress/6.9; http://cqqizhou.com"
112.124.22.214 - - [28/Jan/2026:15:59:04 +0800] "GET / HTTP/1.1" 301 5 "-" "Mozilla/5.0 (Windows NT 10.0; Win64; x64) AppleWebKit/537.36 (KHTML, like Gecko) Chrome/59.0.3071.115 Safari/537.36"
36.133.115.36 - - [28/Jan/2026:15:59:47 +0800] "POST /wp-cron.php?doing_wp_cron=1769587187.0972950458526611328125 HTTP/1.1" 200 31 "-" "WordPress/6.9; http://cqqizhou.com"
47.96.157.127 - - [28/Jan/2026:15:59:47 +0800] "POST /wp-login.php HTTP/1.1" 200 9495 "-" "Mozilla/5.0"
36.133.115.36 - - [28/Jan/2026:16:05:17 +0800] "POST /wp-cron.php?doing_wp_cron=1769587517.0594210624694824218750 HTTP/1.1" 200 31 "-" "WordPress/6.9; http://cqqizhou.com"
47.96.157.127 - - [28/Jan/2026:16:05:17 +0800] "POST /wp-login.php HTTP/1.1" 200 9495 "-" "Mozilla/5.0"
36.133.115.36 - - [28/Jan/2026:16:08:07 +0800] "POST /wp-cron.php?doing_wp_cron=1769587687.5085968971252441406250 HTTP/1.1" 200 31 "-" "WordPress/6.9; http://cqqizhou.com"
193.142.147.209 - - [28/Jan/2026:16:08:07 +0800] "POST / HTTP/1.1" 200 34722 "-" "Mozilla/5.0 (Windows NT 10.0; Win64; x64) AppleWebKit/537.36"
52.167.144.209 - - [28/Jan/2026:16:09:44 +0800] "GET /2373/ HTTP/1.1" 200 26203 "-" "Mozilla/5.0 AppleWebKit/537.36 (KHTML, like Gecko; compatible; bingbot/2.0; +http://www.bing.com/bingbot.htm) Chrome/116.0.1938.76 Safari/537.36"
36.133.115.36 - - [28/Jan/2026:16:10:43 +0800] "POST /wp-cron.php?doing_wp_cron=1769587843.6013779640197753906250 HTTP/1.1" 200 31 "-" "WordPress/6.9; http://cqqizhou.com"
47.96.157.127 - - [28/Jan/2026:16:10:43 +0800] "POST /wp-login.php HTTP/1.1" 200 9495 "-" "Mozilla/5.0"
36.133.115.36 - - [28/Jan/2026:16:11:39 +0800] "POST /wp-cron.php?doing_wp_cron=1769587899.5436739921569824218750 HTTP/1.1" 200 31 "-" "WordPress/6.9; http://cqqizhou.com"
193.174.89.19 - - [28/Jan/2026:16:11:39 +0800] "GET / HTTP/1.1" 200 34722 "-" "Mozilla/5.0 zgrab/0.x"
193.174.89.19 - - [28/Jan/2026:16:11:40 +0800] "GET /app/ HTTP/1.1" 301 5 "-" "Mozilla/5.0 zgrab/0.x"
36.133.115.36 - - [28/Jan/2026:16:12:09 +0800] "POST /wp-cron.php?doing_wp_cron=1769587929.5380411148071289062500 HTTP/1.1" 200 31 "-" "WordPress/6.9; http://cqqizhou.com"
27.124.17.170 - - [28/Jan/2026:16:12:09 +0800] "POST / HTTP/1.1" 200 34722 "-" "Mozilla/5.0 (X11; Linux x86_64) AppleWebKit/537.36 (KHTML, like Gecko) Chrome/41.0.2227.0 Safari/537.36"
36.133.115.36 - - [28/Jan/2026:16:14:33 +0800] "POST /wp-cron.php?doing_wp_cron=1769588073.2041480541229248046875 HTTP/1.1" 200 31 "-" "WordPress/6.9; http://cqqizhou.com"
138.197.186.56 - - [28/Jan/2026:16:14:33 +0800] "GET /solr/admin/cores?action=STATUS&wt=json HTTP/1.1" 301 5 "-" "Go-http-client/1.1"
36.133.115.36 - - [28/Jan/2026:16:16:15 +0800] "POST /wp-cron.php?doing_wp_cron=1769588174.9700219631195068359375 HTTP/1.1" 200 31 "-" "WordPress/6.9; http://cqqizhou.com"
47.96.157.127 - - [28/Jan/2026:16:16:15 +0800] "POST /wp-login.php HTTP/1.1" 200 9495 "-" "Mozilla/5.0"
36.133.115.36 - - [28/Jan/2026:16:17:32 +0800] "POST /wp-cron.php?doing_wp_cron=1769588252.9558019638061523437500 HTTP/1.1" 200 31 "-" "WordPress/6.9; http://cqqizhou.com"
66.249.74.135 - - [28/Jan/2026:16:17:32 +0800] "GET /robots.txt HTTP/1.1" 200 190 "-" "Mozilla/5.0 (compatible; Googlebot/2.1; +http://www.google.com/bot.html)"
161.118.193.239 - - [28/Jan/2026:16:21:12 +0800] "GET / HTTP/1.1" 200 35166 "-" "Mozilla/5.0 (Macintosh; Intel Mac OS X 13_5_1) AppleWebKit/605.1.15 Safari/605.1.15"
161.118.193.239 - - [28/Jan/2026:16:21:12 +0800] "GET / HTTP/1.1" 200 35166 "-" "Go-http-client/1.1"
36.133.115.36 - - [28/Jan/2026:16:21:13 +0800] "POST /wp-cron.php?doing_wp_cron=1769588473.4339640140533447265625 HTTP/1.1" 200 31 "-" "WordPress/6.9; http://cqqizhou.com"
161.118.193.239 - - [28/Jan/2026:16:21:13 +0800] "GET /wp-login.php HTTP/1.1" 200 2853 "-" "Mozilla/5.0 (iPad; CPU OS 17_4 like Mac OS X) AppleWebKit/605.1.15 Mobile/15E148"
161.118.193.239 - - [28/Jan/2026:16:21:14 +0800] "GET /wp-admin/ HTTP/1.1" 302 5 "-" "Mozilla/5.0 (X11; Linux x86_64) Gecko/20100101 Firefox/117.0"
161.118.193.239 - - [28/Jan/2026:16:21:15 +0800] "GET /wp-login.php?redirect_to=http%3A%2F%2Fcqqizhou.com%2Fwp-admin%2F&reauth=1 HTTP/1.1" 200 2853 "http://cqqizhou.com/wp-admin/" "Mozilla/5.0 (X11; Linux x86_64) Gecko/20100101 Firefox/117.0"
161.118.193.239 - - [28/Jan/2026:16:21:15 +0800] "GET /administrator/ HTTP/1.1" 404 8951 "-" "Mozilla/5.0 (X11; Linux x86_64) Gecko/20100101 Firefox/117.0"
161.118.193.239 - - [28/Jan/2026:16:21:16 +0800] "GET /user/login HTTP/1.1" 404 8951 "-" "Mozilla/5.0 (Windows NT 10.0; Win64; x64) AppleWebKit/537.36 Chrome/116.0 Safari/537.36"
161.118.193.239 - - [28/Jan/2026:16:21:17 +0800] "GET /admin HTTP/1.1" 302 5 "-" "Mozilla/5.0 (iPad; CPU OS 17_4 like Mac OS X) AppleWebKit/605.1.15 Mobile/15E148"
161.118.193.239 - - [28/Jan/2026:16:21:18 +0800] "GET /wp-admin/ HTTP/1.1" 302 5 "http://cqqizhou.com/admin" "Mozilla/5.0 (iPad; CPU OS 17_4 like Mac OS X) AppleWebKit/605.1.15 Mobile/15E148"
161.118.193.239 - - [28/Jan/2026:16:21:18 +0800] "GET /wp-login.php?redirect_to=http%3A%2F%2Fcqqizhou.com%2Fwp-admin%2F&reauth=1 HTTP/1.1" 200 2853 "http://cqqizhou.com/wp-admin/" "Mozilla/5.0 (iPad; CPU OS 17_4 like Mac OS X) AppleWebKit/605.1.15 Mobile/15E148"
161.118.193.239 - - [28/Jan/2026:16:21:19 +0800] "GET /login HTTP/1.1" 302 5 "-" "Mozilla/5.0 (iPhone; CPU iPhone OS 17_4_1 like Mac OS X) AppleWebKit/605.1.15 Mobile/15E148"
161.118.193.239 - - [28/Jan/2026:16:21:20 +0800] "GET /wp-login.php HTTP/1.1" 200 2853 "http://cqqizhou.com/login" "Mozilla/5.0 (iPhone; CPU iPhone OS 17_4_1 like Mac OS X) AppleWebKit/605.1.15 Mobile/15E148"
161.118.193.239 - - [28/Jan/2026:16:21:21 +0800] "GET /register HTTP/1.1" 404 8951 "-" "Mozilla/5.0 (Macintosh; Intel Mac OS X 13_5_1) AppleWebKit/605.1.15 Safari/605.1.15"
161.118.193.239 - - [28/Jan/2026:16:21:22 +0800] "GET /admin HTTP/1.1" 302 5 "-" "Mozilla/5.0 (Android 13; Mobile; rv:117.0) Gecko/117.0 Firefox/117.0"
161.118.193.239 - - [28/Jan/2026:16:21:22 +0800] "GET /wp-admin/ HTTP/1.1" 302 5 "http://cqqizhou.com/admin" "Mozilla/5.0 (Android 13; Mobile; rv:117.0) Gecko/117.0 Firefox/117.0"
161.118.193.239 - - [28/Jan/2026:16:21:23 +0800] "GET /wp-login.php?redirect_to=http%3A%2F%2Fcqqizhou.com%2Fwp-admin%2F&reauth=1 HTTP/1.1" 200 2853 "http://cqqizhou.com/wp-admin/" "Mozilla/5.0 (Android 13; Mobile; rv:117.0) Gecko/117.0 Firefox/117.0"
161.118.193.239 - - [28/Jan/2026:16:21:24 +0800] "GET /login HTTP/1.1" 302 5 "-" "Mozilla/5.0 (Android 13; Mobile; rv:117.0) Gecko/117.0 Firefox/117.0"
161.118.193.239 - - [28/Jan/2026:16:21:24 +0800] "GET /wp-login.php HTTP/1.1" 200 2853 "http://cqqizhou.com/login" "Mozilla/5.0 (Android 13; Mobile; rv:117.0) Gecko/117.0 Firefox/117.0"
47.96.157.127 - - [28/Jan/2026:16:21:49 +0800] "POST /wp-login.php HTTP/1.1" 200 9495 "-" "Mozilla/5.0"
36.133.115.36 - - [28/Jan/2026:16:27:15 +0800] "POST /wp-cron.php?doing_wp_cron=1769588835.6978859901428222656250 HTTP/1.1" 200 31 "-" "WordPress/6.9; http://cqqizhou.com"
47.96.157.127 - - [28/Jan/2026:16:27:15 +0800] "POST /wp-login.php HTTP/1.1" 200 9495 "-" "Mozilla/5.0"
183.227.104.77 - - [28/Jan/2026:16:27:43 +0800] "GET / HTTP/1.1" 200 34722 "https://m.baidu.com/" "Mozilla/5.0 (Linux; Android 10; CDY-AN90 Build/HUAWEICDY-AN90; wv) AppleWebKit/537.36 (KHTML, like Gecko) Version/4.0 Chrome/97.0.4692.98 Mobile Safari/537.36 T7/15.45 BDOS/1.0 (HarmonyOS 2.2.0) SP-engine/3.55.0 bd_dvt/0 baiduboxapp/15.45.0.10 (Baidu; P1 10) NABar/1.0"
36.133.115.36 - - [28/Jan/2026:16:29:59 +0800] "POST /wp-cron.php?doing_wp_cron=1769588999.1903989315032958984375 HTTP/1.1" 200 31 "-" "WordPress/6.9; http://cqqizhou.com"
123.58.200.21 - - [28/Jan/2026:16:29:59 +0800] "GET / HTTP/1.1" 301 5 "-" "Mozilla/5.0 (Macintosh; Intel Mac OS X 10_15_7) AppleWebKit/537.36 (KHTML, like Gecko) Chrome/120.0.0.0 Safari/537.36 Edg/120.0.0.0"
36.133.115.36 - - [28/Jan/2026:16:30:19 +0800] "POST /wp-cron.php?doing_wp_cron=1769589019.0911018848419189453125 HTTP/1.1" 200 31 "-" "WordPress/6.9; http://cqqizhou.com"
123.58.200.21 - - [28/Jan/2026:16:30:19 +0800] "GET /robots.txt HTTP/1.1" 200 190 "-" "Mozilla/5.0 (Macintosh; Intel Mac OS X 10_7_0) AppleWebKit/535.11 (KHTML, like Gecko) Chrome/17.0.963.56 Safari/535.11"
123.58.200.21 - - [28/Jan/2026:16:30:20 +0800] "GET /sitemap.xml HTTP/1.1" 501 253 "-" "Mozilla/5.0 (Macintosh; Intel Mac OS X 10_7_0) AppleWebKit/535.11 (KHTML, like Gecko) Chrome/17.0.963.56 Safari/535.11"
36.133.115.36 - - [28/Jan/2026:16:32:50 +0800] "POST /wp-cron.php?doing_wp_cron=1769589170.1658730506896972656250 HTTP/1.1" 200 31 "-" "WordPress/6.9; http://cqqizhou.com"
47.96.157.127 - - [28/Jan/2026:16:32:50 +0800] "POST /wp-login.php HTTP/1.1" 200 9495 "-" "Mozilla/5.0"
36.133.115.36 - - [28/Jan/2026:16:33:55 +0800] "POST /wp-cron.php?doing_wp_cron=1769589235.0654239654541015625000 HTTP/1.1" 200 31 "-" "WordPress/6.9; http://cqqizhou.com"
95.214.54.147 - - [28/Jan/2026:16:33:55 +0800] "GET / HTTP/1.1" 200 157321 "-" "Mozilla/5.0"
36.133.115.36 - - [28/Jan/2026:16:35:05 +0800] "POST /wp-cron.php?doing_wp_cron=1769589305.8411591053009033203125 HTTP/1.1" 200 31 "-" "WordPress/6.9; http://cqqizhou.com"
204.76.203.219 - - [28/Jan/2026:16:35:05 +0800] "GET / HTTP/1.1" 200 34722 "-" "Mozilla/5.0 (Windows NT 10.0; Win64; x64) AppleWebKit/537.36 (KHTML, like Gecko) Chrome/90.0.4430.85 Safari/537.36 Edg/90.0.818.46"
36.133.115.36 - - [28/Jan/2026:16:36:16 +0800] "POST /wp-cron.php?doing_wp_cron=1769589376.0723929405212402343750 HTTP/1.1" 200 31 "-" "WordPress/6.9; http://cqqizhou.com"
183.207.45.112 - - [28/Jan/2026:16:36:16 +0800] "GET / HTTP/1.1" 301 5 "-" "Mozilla/5.0 (Windows NT 10.0; Win64; x64) AppleWebKit/537.36 (KHTML, like Gecko) Chrome/107.0.0.0 Safari/537.36"
183.207.45.112 - - [28/Jan/2026:16:36:16 +0800] "GET / HTTP/1.1" 200 35166 "-" "Mozilla/5.0 (Windows NT 10.0; Win64; x64) AppleWebKit/537.36 (KHTML, like Gecko) Chrome/107.0.0.0 Safari/537.36"
183.207.45.112 - - [28/Jan/2026:16:36:19 +0800] "GET /wp-json/oembed/1.0/embed?url=http%3A%2F%2Fcqqizhou.com%2F HTTP/1.1" 200 1129 "-" "Mozilla/5.0 (Windows NT 10.0; Win64; x64) AppleWebKit/537.36 (KHTML, like Gecko) Chrome/107.0.0.0 Safari/537.36"
183.207.45.112 - - [28/Jan/2026:16:36:20 +0800] "GET /comments/feed/ HTTP/1.1" 200 704 "-" "Mozilla/5.0 (Windows NT 10.0; Win64; x64) AppleWebKit/537.36 (KHTML, like Gecko) Chrome/107.0.0.0 Safari/537.36"
183.207.45.112 - - [28/Jan/2026:16:36:20 +0800] "GET /feed/ HTTP/1.1" 200 53125 "-" "Mozilla/5.0 (Windows NT 10.0; Win64; x64) AppleWebKit/537.36 (KHTML, like Gecko) Chrome/107.0.0.0 Safari/537.36"
183.207.45.112 - - [28/Jan/2026:16:36:21 +0800] "GET /bug HTTP/1.1" 301 5 "-" "Mozilla/5.0 (Windows NT 10.0; Win64; x64) AppleWebKit/537.36 (KHTML, like Gecko) Chrome/107.0.0.0 Safari/537.36"
183.207.45.112 - - [28/Jan/2026:16:36:22 +0800] "GET /bug/ HTTP/1.1" 200 12816 "-" "Mozilla/5.0 (Windows NT 10.0; Win64; x64) AppleWebKit/537.36 (KHTML, like Gecko) Chrome/107.0.0.0 Safari/537.36"
183.207.45.112 - - [28/Jan/2026:16:36:22 +0800] "GET /club/ HTTP/1.1" 200 13083 "-" "Mozilla/5.0 (Windows NT 10.0; Win64; x64) AppleWebKit/537.36 (KHTML, like Gecko) Chrome/107.0.0.0 Safari/537.36"
183.207.45.112 - - [28/Jan/2026:16:36:23 +0800] "GET /contacts/ HTTP/1.1" 301 5 "-" "Mozilla/5.0 (Windows NT 10.0; Win64; x64) AppleWebKit/537.36 (KHTML, like Gecko) Chrome/107.0.0.0 Safari/537.36"
183.207.45.112 - - [28/Jan/2026:16:36:23 +0800] "GET /contacts/ HTTP/1.1" 200 21695 "-" "Mozilla/5.0 (Windows NT 10.0; Win64; x64) AppleWebKit/537.36 (KHTML, like Gecko) Chrome/107.0.0.0 Safari/537.36"
183.207.45.112 - - [28/Jan/2026:16:36:23 +0800] "GET /2388/ HTTP/1.1" 200 24389 "-" "Mozilla/5.0 (Windows NT 10.0; Win64; x64) AppleWebKit/537.36 (KHTML, like Gecko) Chrome/107.0.0.0 Safari/537.36"
183.207.45.112 - - [28/Jan/2026:16:36:24 +0800] "GET /2418/ HTTP/1.1" 200 27297 "-" "Mozilla/5.0 (Windows NT 10.0; Win64; x64) AppleWebKit/537.36 (KHTML, like Gecko) Chrome/107.0.0.0 Safari/537.36"
183.207.45.112 - - [28/Jan/2026:16:36:24 +0800] "GET /work-safety/ HTTP/1.1" 200 22557 "-" "Mozilla/5.0 (Windows NT 10.0; Win64; x64) AppleWebKit/537.36 (KHTML, like Gecko) Chrome/107.0.0.0 Safari/537.36"
183.207.45.112 - - [28/Jan/2026:16:36:24 +0800] "GET /2420/ HTTP/1.1" 200 23585 "-" "Mozilla/5.0 (Windows NT 10.0; Win64; x64) AppleWebKit/537.36 (KHTML, like Gecko) Chrome/107.0.0.0 Safari/537.36"
183.207.45.112 - - [28/Jan/2026:16:36:24 +0800] "GET /2440/ HTTP/1.1" 200 21682 "-" "Mozilla/5.0 (Windows NT 10.0; Win64; x64) AppleWebKit/537.36 (KHTML, like Gecko) Chrome/107.0.0.0 Safari/537.36"
183.207.45.112 - - [28/Jan/2026:16:36:25 +0800] "GET /company-news/ HTTP/1.1" 200 25764 "-" "Mozilla/5.0 (Windows NT 10.0; Win64; x64) AppleWebKit/537.36 (KHTML, like Gecko) Chrome/107.0.0.0 Safari/537.36"
183.207.45.112 - - [28/Jan/2026:16:36:25 +0800] "GET /2464/ HTTP/1.1" 200 23405 "-" "Mozilla/5.0 (Windows NT 10.0; Win64; x64) AppleWebKit/537.36 (KHTML, like Gecko) Chrome/107.0.0.0 Safari/537.36"
183.207.45.112 - - [28/Jan/2026:16:36:25 +0800] "GET /material.html HTTP/1.1" 200 6459 "-" "Mozilla/5.0 (Windows NT 10.0; Win64; x64) AppleWebKit/537.36 (KHTML, like Gecko) Chrome/107.0.0.0 Safari/537.36"
183.207.45.112 - - [28/Jan/2026:16:36:26 +0800] "GET /logistics HTTP/1.1" 301 5 "-" "Mozilla/5.0 (Windows NT 10.0; Win64; x64) AppleWebKit/537.36 (KHTML, like Gecko) Chrome/107.0.0.0 Safari/537.36"
183.207.45.112 - - [28/Jan/2026:16:36:27 +0800] "GET /logistics/ HTTP/1.1" 200 30835 "-" "Mozilla/5.0 (Windows NT 10.0; Win64; x64) AppleWebKit/537.36 (KHTML, like Gecko) Chrome/107.0.0.0 Safari/537.36"
183.207.45.112 - - [28/Jan/2026:16:36:27 +0800] "GET /services HTTP/1.1" 301 5 "-" "Mozilla/5.0 (Windows NT 10.0; Win64; x64) AppleWebKit/537.36 (KHTML, like Gecko) Chrome/107.0.0.0 Safari/537.36"
183.207.45.112 - - [28/Jan/2026:16:36:28 +0800] "GET /services/ HTTP/1.1" 200 31628 "-" "Mozilla/5.0 (Windows NT 10.0; Win64; x64) AppleWebKit/537.36 (KHTML, like Gecko) Chrome/107.0.0.0 Safari/537.36"
183.207.45.112 - - [28/Jan/2026:16:36:29 +0800] "GET / HTTP/1.1" 301 5 "-" "Mozilla/5.0 (Windows NT 10.0; Win64; x64) AppleWebKit/537.36 (KHTML, like Gecko) Chrome/107.0.0.0 Safari/537.36"
183.207.45.112 - - [28/Jan/2026:16:36:29 +0800] "GET / HTTP/1.1" 200 35166 "-" "Mozilla/5.0 (Windows NT 10.0; Win64; x64) AppleWebKit/537.36 (KHTML, like Gecko) Chrome/107.0.0.0 Safari/537.36"
183.207.45.112 - - [28/Jan/2026:16:36:30 +0800] "GET /portfolio-category/remaining-rolls/ HTTP/1.1" 301 5 "-" "Mozilla/5.0 (Windows NT 10.0; Win64; x64) AppleWebKit/537.36 (KHTML, like Gecko) Chrome/107.0.0.0 Safari/537.36"
183.207.45.112 - - [28/Jan/2026:16:36:31 +0800] "GET /portfolio/remaining-rolls/ HTTP/1.1" 404 8951 "-" "Mozilla/5.0 (Windows NT 10.0; Win64; x64) AppleWebKit/537.36 (KHTML, like Gecko) Chrome/107.0.0.0 Safari/537.36"
183.207.45.112 - - [28/Jan/2026:16:36:31 +0800] "GET /portfolio/remaining-rolls/ HTTP/1.1" 404 8951 "-" "Mozilla/5.0 (Windows NT 10.0; Win64; x64) AppleWebKit/537.36 (KHTML, like Gecko) Chrome/107.0.0.0 Safari/537.36"
183.207.45.112 - - [28/Jan/2026:16:36:32 +0800] "GET /portfolio-category/hot-dip-galvanized-coil/ HTTP/1.1" 301 5 "-" "Mozilla/5.0 (Windows NT 10.0; Win64; x64) AppleWebKit/537.36 (KHTML, like Gecko) Chrome/107.0.0.0 Safari/537.36"
183.207.45.112 - - [28/Jan/2026:16:36:33 +0800] "GET /portfolio/hot-dip-galvanized-coil/ HTTP/1.1" 404 8951 "-" "Mozilla/5.0 (Windows NT 10.0; Win64; x64) AppleWebKit/537.36 (KHTML, like Gecko) Chrome/107.0.0.0 Safari/537.36"
183.207.45.112 - - [28/Jan/2026:16:36:34 +0800] "GET /portfolio/hot-dip-galvanized-coil/ HTTP/1.1" 404 8952 "-" "Mozilla/5.0 (Windows NT 10.0; Win64; x64) AppleWebKit/537.36 (KHTML, like Gecko) Chrome/107.0.0.0 Safari/537.36"
183.207.45.112 - - [28/Jan/2026:16:36:34 +0800] "GET /portfolio-category/dual-phase-steel/ HTTP/1.1" 404 8952 "-" "Mozilla/5.0 (Windows NT 10.0; Win64; x64) AppleWebKit/537.36 (KHTML, like Gecko) Chrome/107.0.0.0 Safari/537.36"
183.207.45.112 - - [28/Jan/2026:16:36:35 +0800] "GET /portfolio/duplex-stainless-steel/ HTTP/1.1" 404 8951 "-" "Mozilla/5.0 (Windows NT 10.0; Win64; x64) AppleWebKit/537.36 (KHTML, like Gecko) Chrome/107.0.0.0 Safari/537.36"
183.207.45.112 - - [28/Jan/2026:16:36:36 +0800] "GET /portfolio-category/cold-rolled-coil/ HTTP/1.1" 404 8951 "-" "Mozilla/5.0 (Windows NT 10.0; Win64; x64) AppleWebKit/537.36 (KHTML, like Gecko) Chrome/107.0.0.0 Safari/537.36"
183.207.45.112 - - [28/Jan/2026:16:36:37 +0800] "GET /portfolio/%e5%86%b7%e8%bd%a7%e6%9d%bf/ HTTP/1.1" 404 8951 "-" "Mozilla/5.0 (Windows NT 10.0; Win64; x64) AppleWebKit/537.36 (KHTML, like Gecko) Chrome/107.0.0.0 Safari/537.36"
183.207.45.112 - - [28/Jan/2026:16:36:37 +0800] "GET / HTTP/1.1" 301 5 "-" "Mozilla/5.0 (Windows NT 10.0; Win64; x64) AppleWebKit/537.36 (KHTML, like Gecko) Chrome/107.0.0.0 Safari/537.36"
183.207.45.112 - - [28/Jan/2026:16:36:37 +0800] "GET / HTTP/1.1" 200 35166 "-" "Mozilla/5.0 (Windows NT 10.0; Win64; x64) AppleWebKit/537.36 (KHTML, like Gecko) Chrome/107.0.0.0 Safari/537.36"
183.207.45.112 - - [28/Jan/2026:16:36:38 +0800] "GET / HTTP/1.1" 301 5 "-" "Mozilla/5.0 (Windows NT 10.0; Win64; x64) AppleWebKit/537.36 (KHTML, like Gecko) Chrome/107.0.0.0 Safari/537.36"
183.207.45.112 - - [28/Jan/2026:16:36:38 +0800] "GET / HTTP/1.1" 200 35166 "-" "Mozilla/5.0 (Windows NT 10.0; Win64; x64) AppleWebKit/537.36 (KHTML, like Gecko) Chrome/107.0.0.0 Safari/537.36"
183.207.45.112 - - [28/Jan/2026:16:36:39 +0800] "GET / HTTP/1.1" 301 5 "-" "Mozilla/5.0 (Windows NT 10.0; Win64; x64) AppleWebKit/537.36 (KHTML, like Gecko) Chrome/107.0.0.0 Safari/537.36"
183.207.45.112 - - [28/Jan/2026:16:36:39 +0800] "GET / HTTP/1.1" 200 35166 "-" "Mozilla/5.0 (Windows NT 10.0; Win64; x64) AppleWebKit/537.36 (KHTML, like Gecko) Chrome/107.0.0.0 Safari/537.36"
183.207.45.112 - - [28/Jan/2026:16:36:40 +0800] "GET / HTTP/1.1" 301 5 "-" "Mozilla/5.0 (Windows NT 10.0; Win64; x64) AppleWebKit/537.36 (KHTML, like Gecko) Chrome/107.0.0.0 Safari/537.36"
183.207.45.112 - - [28/Jan/2026:16:36:40 +0800] "GET / HTTP/1.1" 200 35166 "-" "Mozilla/5.0 (Windows NT 10.0; Win64; x64) AppleWebKit/537.36 (KHTML, like Gecko) Chrome/107.0.0.0 Safari/537.36"
183.207.45.112 - - [28/Jan/2026:16:36:40 +0800] "GET /contacts/ HTTP/1.1" 200 21695 "-" "Mozilla/5.0 (Windows NT 10.0; Win64; x64) AppleWebKit/537.36 (KHTML, like Gecko) Chrome/107.0.0.0 Safari/537.36"
183.207.45.112 - - [28/Jan/2026:16:36:40 +0800] "GET /media/ HTTP/1.1" 200 30628 "-" "Mozilla/5.0 (Windows NT 10.0; Win64; x64) AppleWebKit/537.36 (KHTML, like Gecko) Chrome/107.0.0.0 Safari/537.36"
183.207.45.112 - - [28/Jan/2026:16:36:40 +0800] "GET /logistics/ HTTP/1.1" 200 30847 "-" "Mozilla/5.0 (Windows NT 10.0; Win64; x64) AppleWebKit/537.36 (KHTML, like Gecko) Chrome/107.0.0.0 Safari/537.36"
183.207.45.112 - - [28/Jan/2026:16:36:40 +0800] "GET /services/ HTTP/1.1" 200 31646 "-" "Mozilla/5.0 (Windows NT 10.0; Win64; x64) AppleWebKit/537.36 (KHTML, like Gecko) Chrome/107.0.0.0 Safari/537.36"
183.207.45.112 - - [28/Jan/2026:16:36:40 +0800] "GET /about/ HTTP/1.1" 200 30025 "-" "Mozilla/5.0 (Windows NT 10.0; Win64; x64) AppleWebKit/537.36 (KHTML, like Gecko) Chrome/107.0.0.0 Safari/537.36"
183.207.45.112 - - [28/Jan/2026:16:36:40 +0800] "GET / HTTP/1.1" 200 35166 "-" "Mozilla/5.0 (Windows NT 10.0; Win64; x64) AppleWebKit/537.36 (KHTML, like Gecko) Chrome/107.0.0.0 Safari/537.36"
183.207.45.112 - - [28/Jan/2026:16:36:40 +0800] "GET /wp-content/uploads/2025/12/1766647832-Article_images_W900%C3%97500px20251225.webp HTTP/1.1" 200 44582 "-" "Mozilla/5.0 (Windows NT 10.0; Win64; x64) AppleWebKit/537.36 (KHTML, like Gecko) Chrome/107.0.0.0 Safari/537.36"
183.207.45.112 - - [28/Jan/2026:16:36:40 +0800] "GET /wp-content/uploads/2026/01/1767691466-Article_images_W900%C3%97500px202601061.webp HTTP/1.1" 200 56014 "-" "Mozilla/5.0 (Windows NT 10.0; Win64; x64) AppleWebKit/537.36 (KHTML, like Gecko) Chrome/107.0.0.0 Safari/537.36"
183.207.45.112 - - [28/Jan/2026:16:36:41 +0800] "GET /wp-content/uploads/2026/01/1768527483-Article_images_W900%C3%97500px202601161.webp HTTP/1.1" 200 33780 "-" "Mozilla/5.0 (Windows NT 10.0; Win64; x64) AppleWebKit/537.36 (KHTML, like Gecko) Chrome/107.0.0.0 Safari/537.36"
183.207.45.112 - - [28/Jan/2026:16:36:41 +0800] "GET /wp-content/uploads/2026/01/1769511379-Article_images_W900%C3%97500px202601271.webp HTTP/1.1" 200 67912 "-" "Mozilla/5.0 (Windows NT 10.0; Win64; x64) AppleWebKit/537.36 (KHTML, like Gecko) Chrome/107.0.0.0 Safari/537.36"
183.207.45.112 - - [28/Jan/2026:16:36:41 +0800] "GET /wp-content/uploads/2025/07/1753453127-%E4%BD%99%E5%8D%B7product_Single600%C3%97284.webp HTTP/1.1" 200 18744 "-" "Mozilla/5.0 (Windows NT 10.0; Win64; x64) AppleWebKit/537.36 (KHTML, like Gecko) Chrome/107.0.0.0 Safari/537.36"
183.207.45.112 - - [28/Jan/2026:16:36:41 +0800] "GET /wp-content/uploads/2025/07/1753456770-%E7%83%AD%E9%95%80%E9%94%8C%E5%8D%B7product_Single600.webp HTTP/1.1" 200 27502 "-" "Mozilla/5.0 (Windows NT 10.0; Win64; x64) AppleWebKit/537.36 (KHTML, like Gecko) Chrome/107.0.0.0 Safari/537.36"
183.207.45.112 - - [28/Jan/2026:16:36:41 +0800] "GET /wp-content/uploads/2025/07/1753453096-%E5%8F%8C%E7%9B%B8%E9%92%A2product_Single600%C3%97284.webp HTTP/1.1" 200 14562 "-" "Mozilla/5.0 (Windows NT 10.0; Win64; x64) AppleWebKit/537.36 (KHTML, like Gecko) Chrome/107.0.0.0 Safari/537.36"
183.207.45.112 - - [28/Jan/2026:16:36:41 +0800] "GET /wp-content/uploads/2025/07/1753456723-%E5%8F%8C%E7%9B%B8%E9%92%A2roduct_Single600.webp HTTP/1.1" 200 22790 "-" "Mozilla/5.0 (Windows NT 10.0; Win64; x64) AppleWebKit/537.36 (KHTML, like Gecko) Chrome/107.0.0.0 Safari/537.36"
183.207.45.112 - - [28/Jan/2026:16:36:41 +0800] "GET /wp-content/uploads/2025/07/1751425283-qizhou.kf_.qq_.com_.webp HTTP/1.1" 200 16864 "-" "Mozilla/5.0 (Windows NT 10.0; Win64; x64) AppleWebKit/537.36 (KHTML, like Gecko) Chrome/107.0.0.0 Safari/537.36"
183.207.45.112 - - [28/Jan/2026:16:36:41 +0800] "GET /wp-content/uploads/revslider/slider-1/1750861156-logistics_Slider_3840%C3%972160_20250625191356-scaled.webp HTTP/1.1" 200 197360 "-" "Mozilla/5.0 (Windows NT 10.0; Win64; x64) AppleWebKit/537.36 (KHTML, like Gecko) Chrome/107.0.0.0 Safari/537.36"
183.207.45.112 - - [28/Jan/2026:16:36:41 +0800] "GET /wp-content/uploads/2026/01/1768276119-qizhoujiagong_Slider_3840%C3%972160_20260113-scaled.webp HTTP/1.1" 200 131696 "-" "Mozilla/5.0 (Windows NT 10.0; Win64; x64) AppleWebKit/537.36 (KHTML, like Gecko) Chrome/107.0.0.0 Safari/537.36"
183.207.45.112 - - [28/Jan/2026:16:36:41 +0800] "GET /wp-content/uploads/2025/12/1765268955-qizhou_Slider1_3840%C3%972160_20251210-scaled.webp HTTP/1.1" 200 152162 "-" "Mozilla/5.0 (Windows NT 10.0; Win64; x64) AppleWebKit/537.36 (KHTML, like Gecko) Chrome/107.0.0.0 Safari/537.36"
36.133.115.36 - - [28/Jan/2026:16:38:23 +0800] "POST /wp-cron.php?doing_wp_cron=1769589503.5490019321441650390625 HTTP/1.1" 200 31 "-" "WordPress/6.9; http://cqqizhou.com"
47.96.157.127 - - [28/Jan/2026:16:38:23 +0800] "POST /wp-login.php HTTP/1.1" 200 9495 "-" "Mozilla/5.0"
36.133.115.36 - - [28/Jan/2026:16:43:48 +0800] "POST /wp-cron.php?doing_wp_cron=1769589828.8823978900909423828125 HTTP/1.1" 200 31 "-" "WordPress/6.9; http://cqqizhou.com"
47.96.157.127 - - [28/Jan/2026:16:43:48 +0800] "POST /wp-login.php HTTP/1.1" 200 9495 "-" "Mozilla/5.0"
36.133.115.36 - - [28/Jan/2026:16:49:11 +0800] "POST /wp-cron.php?doing_wp_cron=1769590151.4766790866851806640625 HTTP/1.1" 200 31 "-" "WordPress/6.9; http://cqqizhou.com"
47.96.157.127 - - [28/Jan/2026:16:49:11 +0800] "POST /wp-login.php HTTP/1.1" 200 9495 "-" "Mozilla/5.0"
36.133.115.36 - - [28/Jan/2026:16:50:35 +0800] "POST /wp-cron.php?doing_wp_cron=1769590235.3706018924713134765625 HTTP/1.1" 200 31 "-" "WordPress/6.9; http://cqqizhou.com"
92.63.197.197 - - [28/Jan/2026:16:50:35 +0800] "GET / HTTP/1.1" 301 5 "-" "Mozilla/5.0 (iPad; CPU OS 8_1_3 like Mac OS X) AppleWebKit/600.1.4 (KHTML, like Gecko) CriOS/45.0.2454.68 Mobile/12B466 Safari/600.1.4"
192.71.12.140 - - [28/Jan/2026:16:51:58 +0800] "GET / HTTP/1.1" 200 35166 "-" "Mozilla/5.0 (Windows NT 10.0; Win64; x64) AppleWebKit/537.36 (KHTML, like Gecko) Chrome/122.0.0.0 Safari/537.3"
36.133.115.36 - - [28/Jan/2026:16:52:00 +0800] "POST /wp-cron.php?doing_wp_cron=1769590320.1117029190063476562500 HTTP/1.1" 200 31 "-" "WordPress/6.9; http://cqqizhou.com"
192.71.38.71 - - [28/Jan/2026:16:52:00 +0800] "GET /portfolio-category/hot-dip-galvanized-coil/ HTTP/1.1" 301 5 "-" "Mozilla/5.0 (Windows NT 10.0; Win64; x64) AppleWebKit/537.36 (KHTML, like Gecko) Chrome/122.0.0.0 Safari/537.3"
192.71.225.127 - - [28/Jan/2026:16:52:01 +0800] "GET /portfolio/hot-dip-galvanized-coil/ HTTP/1.1" 404 8950 "http://cqqizhou.com/portfolio-category/hot-dip-galvanized-coil/" "Mozilla/5.0 (Windows NT 10.0; Win64; x64) AppleWebKit/537.36 (KHTML, like Gecko) Chrome/122.0.0.0 Safari/537.3"
192.71.2.171 - - [28/Jan/2026:16:52:03 +0800] "GET /portfolio/%e5%86%b7%e8%bd%a7%e6%9d%bf/ HTTP/1.1" 404 8951 "-" "Mozilla/5.0 (Windows NT 10.0; Win64; x64) AppleWebKit/537.36 (KHTML, like Gecko) Chrome/122.0.0.0 Safari/537.3"
192.71.126.175 - - [28/Jan/2026:16:52:04 +0800] "GET /portfolio-category/cold-rolled-coil/ HTTP/1.1" 404 8949 "-" "Mozilla/5.0 (Windows NT 10.0; Win64; x64) AppleWebKit/537.36 (KHTML, like Gecko) Chrome/122.0.0.0 Safari/537.3"
36.133.115.36 - - [28/Jan/2026:16:52:08 +0800] "POST /wp-cron.php?doing_wp_cron=1769590328.4348530769348144531250 HTTP/1.1" 200 31 "-" "WordPress/6.9; http://cqqizhou.com"
80.248.227.19 - - [28/Jan/2026:16:52:08 +0800] "GET / HTTP/1.1" 200 34722 "-" "Mozilla/5.0 (Linux; Android 12; SAMSUNG SM-A415F) AppleWebKit/537.36 (KHTML, like Gecko) SamsungBrowser/23.0 Chrome/115.0.0.0 Mobile Safari/537.3"
93.158.90.17 - - [28/Jan/2026:16:52:09 +0800] "GET /portfolio-category/hot-dip-galvanized-coil/ HTTP/1.1" 301 5 "-" "Mozilla/5.0 (Linux; Android 12; SAMSUNG SM-A415F) AppleWebKit/537.36 (KHTML, like Gecko) SamsungBrowser/23.0 Chrome/115.0.0.0 Mobile Safari/537.3"
93.158.90.29 - - [28/Jan/2026:16:52:11 +0800] "GET /portfolio/hot-dip-galvanized-coil/ HTTP/1.1" 404 8950 "http://cqqizhou.com/portfolio-category/hot-dip-galvanized-coil/" "Mozilla/5.0 (Linux; Android 12; SAMSUNG SM-A415F) AppleWebKit/537.36 (KHTML, like Gecko) SamsungBrowser/23.0 Chrome/115.0.0.0 Mobile Safari/537.3"
93.158.90.31 - - [28/Jan/2026:16:52:13 +0800] "GET /portfolio/%e5%86%b7%e8%bd%a7%e6%9d%bf/ HTTP/1.1" 404 8951 "-" "Mozilla/5.0 (Linux; Android 12; SAMSUNG SM-A415F) AppleWebKit/537.36 (KHTML, like Gecko) SamsungBrowser/23.0 Chrome/115.0.0.0 Mobile Safari/537.3"
93.158.91.33 - - [28/Jan/2026:16:52:14 +0800] "GET /portfolio-category/cold-rolled-coil/ HTTP/1.1" 404 8952 "-" "Mozilla/5.0 (Linux; Android 12; SAMSUNG SM-A415F) AppleWebKit/537.36 (KHTML, like Gecko) SamsungBrowser/23.0 Chrome/115.0.0.0 Mobile Safari/537.3"
36.133.115.36 - - [28/Jan/2026:16:54:29 +0800] "POST /wp-cron.php?doing_wp_cron=1769590469.7676310539245605468750 HTTP/1.1" 200 31 "-" "WordPress/6.9; http://cqqizhou.com"
47.96.157.127 - - [28/Jan/2026:16:54:29 +0800] "POST /wp-login.php HTTP/1.1" 200 9495 "-" "Mozilla/5.0"
36.133.115.36 - - [28/Jan/2026:16:58:22 +0800] "POST /wp-cron.php?doing_wp_cron=1769590702.4820740222930908203125 HTTP/1.1" 200 31 "-" "WordPress/6.9; http://cqqizhou.com"
204.76.203.69 - - [28/Jan/2026:16:58:23 +0800] "GET / HTTP/1.1" 200 157321 "-" "-"
36.133.115.36 - - [28/Jan/2026:16:59:46 +0800] "POST /wp-cron.php?doing_wp_cron=1769590786.8284640312194824218750 HTTP/1.1" 200 31 "-" "WordPress/6.9; http://cqqizhou.com"
47.96.157.127 - - [28/Jan/2026:16:59:46 +0800] "POST /wp-login.php HTTP/1.1" 200 9495 "-" "Mozilla/5.0"
36.133.115.36 - - [28/Jan/2026:17:05:07 +0800] "POST /wp-cron.php?doing_wp_cron=1769591107.8146739006042480468750 HTTP/1.1" 200 31 "-" "WordPress/6.9; http://cqqizhou.com"
47.96.157.127 - - [28/Jan/2026:17:05:07 +0800] "POST /wp-login.php HTTP/1.1" 200 9495 "-" "Mozilla/5.0"
36.133.115.36 - - [28/Jan/2026:17:08:39 +0800] "POST /wp-cron.php?doing_wp_cron=1769591319.9372029304504394531250 HTTP/1.1" 200 31 "-" "WordPress/6.9; http://cqqizhou.com"
203.25.213.72 - - [28/Jan/2026:17:08:39 +0800] "GET / HTTP/1.0" 301 0 "-" "Mozilla/5.0 (Windows NT 10.0; Win64; x64; rv:122.0) Gecko/20100101 Firefox/122."
36.133.115.36 - - [28/Jan/2026:17:10:35 +0800] "POST /wp-cron.php?doing_wp_cron=1769591435.7732191085815429687500 HTTP/1.1" 200 31 "-" "WordPress/6.9; http://cqqizhou.com"
47.96.157.127 - - [28/Jan/2026:17:10:35 +0800] "POST /wp-login.php HTTP/1.1" 200 9495 "-" "Mozilla/5.0"
36.133.115.36 - - [28/Jan/2026:17:14:04 +0800] "POST /wp-cron.php?doing_wp_cron=1769591644.2849380970001220703125 HTTP/1.1" 200 31 "-" "WordPress/6.9; http://cqqizhou.com"
139.59.215.137 - - [28/Jan/2026:17:14:04 +0800] "GET /solr/admin/cores?action=STATUS&wt=json HTTP/1.1" 301 5 "-" "Go-http-client/1.1"
36.133.115.36 - - [28/Jan/2026:17:14:21 +0800] "POST /wp-cron.php?doing_wp_cron=1769591661.5621540546417236328125 HTTP/1.1" 200 31 "-" "WordPress/6.9; http://cqqizhou.com"
205.210.31.208 - - [28/Jan/2026:17:14:21 +0800] "GET /wp-login.php HTTP/1.1" 200 9053 "-" "Hello from Palo Alto Networks, find out more about our scans in https://docs-cortex.paloaltonetworks.com/r/1/Cortex-Xpanse/Scanning-activity"
36.133.115.36 - - [28/Jan/2026:17:15:52 +0800] "POST /wp-cron.php?doing_wp_cron=1769591752.3885519504547119140625 HTTP/1.1" 200 31 "-" "WordPress/6.9; http://cqqizhou.com"
47.96.157.127 - - [28/Jan/2026:17:15:52 +0800] "POST /wp-login.php HTTP/1.1" 200 9495 "-" "Mozilla/5.0"
36.133.115.36 - - [28/Jan/2026:17:17:13 +0800] "POST /wp-cron.php?doing_wp_cron=1769591833.0309040546417236328125 HTTP/1.1" 200 31 "-" "WordPress/6.9; http://cqqizhou.com"
42.236.17.28 - - [28/Jan/2026:17:17:13 +0800] "GET / HTTP/1.1" 301 5 "http://www.cqqizhou.com/" "User-Agent:Mozilla/5.0 (Windows NT 10.0; Win64; x64) AppleWebKit/537.36 (KHTML, like Gecko) Chrome/140.0.0.0 Safari/537.36 Edg/140.0.0.0; 360Spider"
42.236.17.28 - - [28/Jan/2026:17:17:14 +0800] "GET / HTTP/1.1" 200 35166 "http://cqqizhou.com/" "User-Agent:Mozilla/5.0 (Windows NT 10.0; Win64; x64) AppleWebKit/537.36 (KHTML, like Gecko) Chrome/140.0.0.0 Safari/537.36 Edg/140.0.0.0; 360Spider"
36.133.115.36 - - [28/Jan/2026:17:18:15 +0800] "POST /wp-cron.php?doing_wp_cron=1769591895.7211019992828369140625 HTTP/1.1" 200 31 "-" "WordPress/6.9; http://cqqizhou.com"
52.167.144.173 - - [28/Jan/2026:17:18:15 +0800] "GET /news/page/2/ HTTP/1.1" 200 25582 "-" "Mozilla/5.0 AppleWebKit/537.36 (KHTML, like Gecko; compatible; bingbot/2.0; +http://www.bing.com/bingbot.htm) Chrome/116.0.1938.76 Safari/537.36"
36.133.115.36 - - [28/Jan/2026:17:21:12 +0800] "POST /wp-cron.php?doing_wp_cron=1769592072.1933889389038085937500 HTTP/1.1" 200 31 "-" "WordPress/6.9; http://cqqizhou.com"
47.96.157.127 - - [28/Jan/2026:17:21:12 +0800] "POST /wp-login.php HTTP/1.1" 200 9495 "-" "Mozilla/5.0"
36.133.115.36 - - [28/Jan/2026:17:26:22 +0800] "POST /wp-cron.php?doing_wp_cron=1769592382.5883688926696777343750 HTTP/1.1" 200 31 "-" "WordPress/6.9; http://cqqizhou.com"
47.96.157.127 - - [28/Jan/2026:17:26:22 +0800] "POST /wp-login.php HTTP/1.1" 200 9495 "-" "Mozilla/5.0"
36.133.115.36 - - [28/Jan/2026:17:28:48 +0800] "POST /wp-cron.php?doing_wp_cron=1769592528.5518889427185058593750 HTTP/1.1" 200 31 "-" "WordPress/6.9; http://cqqizhou.com"
204.76.203.219 - - [28/Jan/2026:17:28:48 +0800] "GET / HTTP/1.1" 200 34722 "-" "Mozilla/5.0 (Windows NT 10.0; Win64; x64) AppleWebKit/537.36 (KHTML, like Gecko) Chrome/90.0.4430.85 Safari/537.36 Edg/90.0.818.46"
36.133.115.36 - - [28/Jan/2026:17:30:46 +0800] "POST /wp-cron.php?doing_wp_cron=1769592646.7911369800567626953125 HTTP/1.1" 200 31 "-" "WordPress/6.9; http://cqqizhou.com"
129.226.174.80 - - [28/Jan/2026:17:30:46 +0800] "GET / HTTP/1.1" 200 34721 "-" "Mozilla/5.0 (iPhone; CPU iPhone OS 13_2_3 like Mac OS X) AppleWebKit/605.1.15 (KHTML, like Gecko) Version/13.0.3 Mobile/15E148 Safari/604.1"
36.133.115.36 - - [28/Jan/2026:17:31:24 +0800] "POST /wp-cron.php?doing_wp_cron=1769592684.3851850032806396484375 HTTP/1.1" 200 31 "-" "WordPress/6.9; http://cqqizhou.com"
47.96.157.127 - - [28/Jan/2026:17:31:24 +0800] "POST /wp-login.php HTTP/1.1" 200 9495 "-" "Mozilla/5.0"
36.133.115.36 - - [28/Jan/2026:17:32:13 +0800] "POST /wp-cron.php?doing_wp_cron=1769592733.5998039245605468750000 HTTP/1.1" 200 31 "-" "WordPress/6.9; http://cqqizhou.com"
107.180.253.134 - - [28/Jan/2026:17:32:13 +0800] "POST /xmlrpc.php HTTP/1.1" 200 217 "-" "Mozilla/5.0 (Windows NT 10.0; WOW64) AppleWebKit/537.43 (KHTML, like Gecko) Chrome/138.0.0.0 Safari/537.36 OPR/122.0.0.0"
207.46.13.54 - - [28/Jan/2026:17:32:44 +0800] "GET / HTTP/1.1" 200 35166 "-" "Mozilla/5.0 AppleWebKit/537.36 (KHTML, like Gecko; compatible; bingbot/2.0; +http://www.bing.com/bingbot.htm) Chrome/116.0.1938.76 Safari/537.36"
36.133.115.36 - - [28/Jan/2026:17:36:16 +0800] "POST /wp-cron.php?doing_wp_cron=1769592976.4328320026397705078125 HTTP/1.1" 200 31 "-" "WordPress/6.9; http://cqqizhou.com"
47.96.157.127 - - [28/Jan/2026:17:36:16 +0800] "POST /wp-login.php HTTP/1.1" 200 9495 "-" "Mozilla/5.0"
36.133.115.36 - - [28/Jan/2026:17:42:52 +0800] "POST /wp-cron.php?doing_wp_cron=1769593372.1917669773101806640625 HTTP/1.1" 200 31 "-" "WordPress/6.9; http://cqqizhou.com"
95.214.54.147 - - [28/Jan/2026:17:42:52 +0800] "GET / HTTP/1.1" 200 157321 "-" "Mozilla/5.0"
36.133.115.36 - - [28/Jan/2026:17:49:17 +0800] "POST /wp-cron.php?doing_wp_cron=1769593757.4379630088806152343750 HTTP/1.1" 200 31 "-" "WordPress/6.9; http://cqqizhou.com"
204.76.203.69 - - [28/Jan/2026:17:49:18 +0800] "GET / HTTP/1.1" 200 157321 "-" "-"
36.133.115.36 - - [28/Jan/2026:17:53:40 +0800] "POST /wp-cron.php?doing_wp_cron=1769594020.6761860847473144531250 HTTP/1.1" 200 31 "-" "WordPress/6.9; http://cqqizhou.com"
85.208.96.206 - - [28/Jan/2026:17:53:40 +0800] "GET /robots.txt HTTP/1.1" 200 190 "-" "Mozilla/5.0 (compatible; SemrushBot/7~bl; +http://www.semrush.com/bot.html)"
85.208.96.193 - - [28/Jan/2026:17:53:42 +0800] "GET /2339/ HTTP/1.1" 200 24518 "-" "Mozilla/5.0 (compatible; SemrushBot/7~bl; +http://www.semrush.com/bot.html)"
36.133.115.36 - - [28/Jan/2026:17:55:06 +0800] "POST /wp-cron.php?doing_wp_cron=1769594106.6756820678710937500000 HTTP/1.1" 200 31 "-" "WordPress/6.9; http://cqqizhou.com"
43.159.128.237 - - [28/Jan/2026:17:55:06 +0800] "GET / HTTP/1.1" 200 34721 "-" "Mozilla/5.0 (iPhone; CPU iPhone OS 13_2_3 like Mac OS X) AppleWebKit/605.1.15 (KHTML, like Gecko) Version/13.0.3 Mobile/15E148 Safari/604.1"
36.133.115.36 - - [28/Jan/2026:17:55:59 +0800] "POST /wp-cron.php?doing_wp_cron=1769594159.5604081153869628906250 HTTP/1.1" 200 31 "-" "WordPress/6.9; http://cqqizhou.com"
103.203.57.3 - - [28/Jan/2026:17:55:59 +0800] "GET / HTTP/1.1" 301 5 "-" "Mozilla/5.0 zgrab/0.x"
