14.108.234.63 - - [28/Jan/2026:11:05:39 +0800] "POST /wp-admin/admin-ajax.php HTTP/1.1" 200 105 "http://cqqizhou.com/wp-admin/post.php?post=1959&action=elementor" "Mozilla/5.0 (Windows NT 10.0; Win64; x64) AppleWebKit/537.36 (KHTML, like Gecko) Chrome/143.0.0.0 Safari/537.36 Edg/143.0.0.0"
14.108.234.63 - - [28/Jan/2026:11:05:48 +0800] "GET /wp-json/elementor/v1/checklist/user-progress HTTP/1.1" 200 222 "http://cqqizhou.com/wp-admin/post.php?post=1959&action=elementor" "Mozilla/5.0 (Windows NT 10.0; Win64; x64) AppleWebKit/537.36 (KHTML, like Gecko) Chrome/143.0.0.0 Safari/537.36 Edg/143.0.0.0"
14.108.234.63 - - [28/Jan/2026:11:05:54 +0800] "POST /wp-admin/admin-ajax.php HTTP/1.1" 200 105 "http://cqqizhou.com/wp-admin/post.php?post=1959&action=elementor" "Mozilla/5.0 (Windows NT 10.0; Win64; x64) AppleWebKit/537.36 (KHTML, like Gecko) Chrome/143.0.0.0 Safari/537.36 Edg/143.0.0.0"
36.133.115.36 - - [28/Jan/2026:11:06:10 +0800] "POST /wp-cron.php?doing_wp_cron=1769569570.2086811065673828125000 HTTP/1.1" 200 31 "-" "WordPress/6.9; http://cqqizhou.com"
14.108.234.63 - - [28/Jan/2026:11:06:10 +0800] "POST /wp-admin/admin-ajax.php HTTP/1.1" 200 105 "http://cqqizhou.com/wp-admin/post.php?post=1959&action=elementor" "Mozilla/5.0 (Windows NT 10.0; Win64; x64) AppleWebKit/537.36 (KHTML, like Gecko) Chrome/143.0.0.0 Safari/537.36 Edg/143.0.0.0"
47.96.157.127 - - [28/Jan/2026:11:06:33 +0800] "POST /wp-login.php HTTP/1.1" 200 9495 "-" "Mozilla/5.0"
14.108.234.63 - - [28/Jan/2026:11:06:36 +0800] "GET /wp-json/elementor/v1/checklist/user-progress HTTP/1.1" 200 222 "http://cqqizhou.com/wp-admin/post.php?post=1959&action=elementor" "Mozilla/5.0 (Windows NT 10.0; Win64; x64) AppleWebKit/537.36 (KHTML, like Gecko) Chrome/143.0.0.0 Safari/537.36 Edg/143.0.0.0"
14.108.234.63 - - [28/Jan/2026:11:06:36 +0800] "POST /wp-admin/admin-ajax.php HTTP/1.1" 200 105 "http://cqqizhou.com/wp-admin/post.php?post=1959&action=elementor" "Mozilla/5.0 (Windows NT 10.0; Win64; x64) AppleWebKit/537.36 (KHTML, like Gecko) Chrome/143.0.0.0 Safari/537.36 Edg/143.0.0.0"
14.108.234.63 - - [28/Jan/2026:11:06:50 +0800] "GET /wp-json/elementor/v1/checklist/user-progress HTTP/1.1" 200 222 "http://cqqizhou.com/wp-admin/post.php?post=1959&action=elementor" "Mozilla/5.0 (Windows NT 10.0; Win64; x64) AppleWebKit/537.36 (KHTML, like Gecko) Chrome/143.0.0.0 Safari/537.36 Edg/143.0.0.0"
14.108.234.63 - - [28/Jan/2026:11:06:51 +0800] "POST /wp-admin/admin-ajax.php HTTP/1.1" 200 107 "http://cqqizhou.com/wp-admin/post.php?post=1959&action=elementor" "Mozilla/5.0 (Windows NT 10.0; Win64; x64) AppleWebKit/537.36 (KHTML, like Gecko) Chrome/143.0.0.0 Safari/537.36 Edg/143.0.0.0"
14.108.234.63 - - [28/Jan/2026:11:07:06 +0800] "POST /wp-admin/admin-ajax.php HTTP/1.1" 200 107 "http://cqqizhou.com/wp-admin/post.php?post=1959&action=elementor" "Mozilla/5.0 (Windows NT 10.0; Win64; x64) AppleWebKit/537.36 (KHTML, like Gecko) Chrome/143.0.0.0 Safari/537.36 Edg/143.0.0.0"
36.133.115.36 - - [28/Jan/2026:11:07:21 +0800] "POST /wp-cron.php?doing_wp_cron=1769569641.4969758987426757812500 HTTP/1.1" 200 31 "-" "WordPress/6.9; http://cqqizhou.com"
14.108.234.63 - - [28/Jan/2026:11:07:21 +0800] "POST /wp-admin/admin-ajax.php HTTP/1.1" 200 107 "http://cqqizhou.com/wp-admin/post.php?post=1959&action=elementor" "Mozilla/5.0 (Windows NT 10.0; Win64; x64) AppleWebKit/537.36 (KHTML, like Gecko) Chrome/143.0.0.0 Safari/537.36 Edg/143.0.0.0"
14.108.234.63 - - [28/Jan/2026:11:07:36 +0800] "POST /wp-admin/admin-ajax.php HTTP/1.1" 200 107 "http://cqqizhou.com/wp-admin/post.php?post=1959&action=elementor" "Mozilla/5.0 (Windows NT 10.0; Win64; x64) AppleWebKit/537.36 (KHTML, like Gecko) Chrome/143.0.0.0 Safari/537.36 Edg/143.0.0.0"
14.108.234.63 - - [28/Jan/2026:11:07:51 +0800] "POST /wp-admin/admin-ajax.php HTTP/1.1" 200 107 "http://cqqizhou.com/wp-admin/post.php?post=1959&action=elementor" "Mozilla/5.0 (Windows NT 10.0; Win64; x64) AppleWebKit/537.36 (KHTML, like Gecko) Chrome/143.0.0.0 Safari/537.36 Edg/143.0.0.0"
14.108.234.63 - - [28/Jan/2026:11:08:06 +0800] "POST /wp-admin/admin-ajax.php HTTP/1.1" 200 107 "http://cqqizhou.com/wp-admin/post.php?post=1959&action=elementor" "Mozilla/5.0 (Windows NT 10.0; Win64; x64) AppleWebKit/537.36 (KHTML, like Gecko) Chrome/143.0.0.0 Safari/537.36 Edg/143.0.0.0"
36.133.115.36 - - [28/Jan/2026:11:08:16 +0800] "POST /wp-cron.php?doing_wp_cron=1769569696.2718009948730468750000 HTTP/1.1" 200 31 "-" "WordPress/6.9; http://cqqizhou.com"
185.237.252.236 - - [28/Jan/2026:11:08:16 +0800] "POST /xmlrpc.php HTTP/1.1" 200 217 "-" "Mozilla/5.0 (Windows NT 10.0) AppleWebKit/537.36 (KHTML, like Gecko) Chrome/141.0.0.0 Safari/537.36"
36.133.115.36 - - [28/Jan/2026:11:11:08 +0800] "POST /wp-cron.php?doing_wp_cron=1769569868.5948429107666015625000 HTTP/1.1" 200 31 "-" "WordPress/6.9; http://cqqizhou.com"
47.96.157.127 - - [28/Jan/2026:11:11:08 +0800] "POST /wp-login.php HTTP/1.1" 200 9495 "-" "Mozilla/5.0"
36.133.115.36 - - [28/Jan/2026:11:15:08 +0800] "POST /wp-cron.php?doing_wp_cron=1769570108.2057878971099853515625 HTTP/1.1" 200 31 "-" "WordPress/6.9; http://cqqizhou.com"
14.108.234.63 - - [28/Jan/2026:11:15:08 +0800] "POST /wp-admin/admin-ajax.php HTTP/1.1" 200 78 "http://cqqizhou.com/wp-admin/edit.php?post_type=page" "Mozilla/5.0 (Windows NT 10.0; Win64; x64) AppleWebKit/537.36 (KHTML, like Gecko) Chrome/143.0.0.0 Safari/537.36 Edg/143.0.0.0"
14.108.234.63 - - [28/Jan/2026:11:15:18 +0800] "POST /wp-admin/admin-ajax.php HTTP/1.1" 200 78 "http://cqqizhou.com/wp-admin/edit.php?post_type=page" "Mozilla/5.0 (Windows NT 10.0; Win64; x64) AppleWebKit/537.36 (KHTML, like Gecko) Chrome/143.0.0.0 Safari/537.36 Edg/143.0.0.0"
47.96.157.127 - - [28/Jan/2026:11:15:44 +0800] "POST /wp-login.php HTTP/1.1" 200 9495 "-" "Mozilla/5.0"
36.133.115.36 - - [28/Jan/2026:11:17:19 +0800] "POST /wp-cron.php?doing_wp_cron=1769570239.2654600143432617187500 HTTP/1.1" 200 31 "-" "WordPress/6.9; http://cqqizhou.com"
14.108.234.63 - - [28/Jan/2026:11:17:19 +0800] "POST /wp-admin/admin-ajax.php HTTP/1.1" 200 78 "http://cqqizhou.com/wp-admin/edit.php?post_type=page" "Mozilla/5.0 (Windows NT 10.0; Win64; x64) AppleWebKit/537.36 (KHTML, like Gecko) Chrome/143.0.0.0 Safari/537.36 Edg/143.0.0.0"
95.214.54.147 - - [28/Jan/2026:11:17:51 +0800] "GET / HTTP/1.1" 200 157321 "-" "Mozilla/5.0"
36.133.115.36 - - [28/Jan/2026:11:18:23 +0800] "POST /wp-cron.php?doing_wp_cron=1769570303.2547719478607177734375 HTTP/1.1" 200 31 "-" "WordPress/6.9; http://cqqizhou.com"
204.76.203.219 - - [28/Jan/2026:11:18:23 +0800] "GET / HTTP/1.1" 200 34722 "-" "Mozilla/5.0 (Windows NT 10.0; Win64; x64) AppleWebKit/537.36 (KHTML, like Gecko) Chrome/90.0.4430.85 Safari/537.36 Edg/90.0.818.46"
36.133.115.36 - - [28/Jan/2026:11:19:20 +0800] "POST /wp-cron.php?doing_wp_cron=1769570360.2499070167541503906250 HTTP/1.1" 200 31 "-" "WordPress/6.9; http://cqqizhou.com"
14.108.234.63 - - [28/Jan/2026:11:19:20 +0800] "POST /wp-admin/admin-ajax.php HTTP/1.1" 200 78 "http://cqqizhou.com/wp-admin/edit.php?post_type=page" "Mozilla/5.0 (Windows NT 10.0; Win64; x64) AppleWebKit/537.36 (KHTML, like Gecko) Chrome/143.0.0.0 Safari/537.36 Edg/143.0.0.0"
36.133.115.36 - - [28/Jan/2026:11:20:23 +0800] "POST /wp-cron.php?doing_wp_cron=1769570423.3383619785308837890625 HTTP/1.1" 200 31 "-" "WordPress/6.9; http://cqqizhou.com"
47.96.157.127 - - [28/Jan/2026:11:20:23 +0800] "POST /wp-login.php HTTP/1.1" 200 9495 "-" "Mozilla/5.0"
36.133.115.36 - - [28/Jan/2026:11:21:21 +0800] "POST /wp-cron.php?doing_wp_cron=1769570481.2587890625000000000000 HTTP/1.1" 200 31 "-" "WordPress/6.9; http://cqqizhou.com"
14.108.234.63 - - [28/Jan/2026:11:21:21 +0800] "POST /wp-admin/admin-ajax.php HTTP/1.1" 200 78 "http://cqqizhou.com/wp-admin/edit.php?post_type=page" "Mozilla/5.0 (Windows NT 10.0; Win64; x64) AppleWebKit/537.36 (KHTML, like Gecko) Chrome/143.0.0.0 Safari/537.36 Edg/143.0.0.0"
36.133.115.36 - - [28/Jan/2026:11:23:22 +0800] "POST /wp-cron.php?doing_wp_cron=1769570602.2575531005859375000000 HTTP/1.1" 200 31 "-" "WordPress/6.9; http://cqqizhou.com"
14.108.234.63 - - [28/Jan/2026:11:23:22 +0800] "POST /wp-admin/admin-ajax.php HTTP/1.1" 200 78 "http://cqqizhou.com/wp-admin/edit.php?post_type=page" "Mozilla/5.0 (Windows NT 10.0; Win64; x64) AppleWebKit/537.36 (KHTML, like Gecko) Chrome/143.0.0.0 Safari/537.36 Edg/143.0.0.0"
36.133.115.36 - - [28/Jan/2026:11:25:23 +0800] "POST /wp-cron.php?doing_wp_cron=1769570723.3170518875122070312500 HTTP/1.1" 200 31 "-" "WordPress/6.9; http://cqqizhou.com"
14.108.234.63 - - [28/Jan/2026:11:25:23 +0800] "POST /wp-admin/admin-ajax.php HTTP/1.1" 200 78 "http://cqqizhou.com/wp-admin/edit.php?post_type=page" "Mozilla/5.0 (Windows NT 10.0; Win64; x64) AppleWebKit/537.36 (KHTML, like Gecko) Chrome/143.0.0.0 Safari/537.36 Edg/143.0.0.0"
47.96.157.127 - - [28/Jan/2026:11:25:33 +0800] "POST /wp-login.php HTTP/1.1" 200 9495 "-" "Mozilla/5.0"
36.133.115.36 - - [28/Jan/2026:11:26:43 +0800] "POST /wp-cron.php?doing_wp_cron=1769570803.4422550201416015625000 HTTP/1.1" 200 31 "-" "WordPress/6.9; http://cqqizhou.com"
14.108.234.63 - - [28/Jan/2026:11:26:43 +0800] "POST /wp-admin/admin-ajax.php HTTP/1.1" 200 78 "http://cqqizhou.com/wp-admin/edit.php?post_type=page" "Mozilla/5.0 (Windows NT 10.0; Win64; x64) AppleWebKit/537.36 (KHTML, like Gecko) Chrome/143.0.0.0 Safari/537.36 Edg/143.0.0.0"
14.108.234.63 - - [28/Jan/2026:11:26:49 +0800] "GET /logistics/ HTTP/1.1" 200 33119 "http://cqqizhou.com/wp-admin/edit.php?post_type=page" "Mozilla/5.0 (Windows NT 10.0; Win64; x64) AppleWebKit/537.36 (KHTML, like Gecko) Chrome/143.0.0.0 Safari/537.36 Edg/143.0.0.0"
14.108.234.63 - - [28/Jan/2026:11:26:50 +0800] "GET /wp-json/contact-form-7/v1/contact-forms/1444/feedback/schema HTTP/1.1" 200 270 "http://cqqizhou.com/logistics/" "Mozilla/5.0 (Windows NT 10.0; Win64; x64) AppleWebKit/537.36 (KHTML, like Gecko) Chrome/143.0.0.0 Safari/537.36 Edg/143.0.0.0"
14.108.234.63 - - [28/Jan/2026:11:26:50 +0800] "GET /wp-json/contact-form-7/v1/contact-forms/1444/refill HTTP/1.1" 200 33 "http://cqqizhou.com/logistics/" "Mozilla/5.0 (Windows NT 10.0; Win64; x64) AppleWebKit/537.36 (KHTML, like Gecko) Chrome/143.0.0.0 Safari/537.36 Edg/143.0.0.0"
14.108.234.63 - - [28/Jan/2026:11:26:54 +0800] "POST /wp-admin/admin-ajax.php HTTP/1.1" 200 78 "http://cqqizhou.com/wp-admin/edit.php?post_type=page" "Mozilla/5.0 (Windows NT 10.0; Win64; x64) AppleWebKit/537.36 (KHTML, like Gecko) Chrome/143.0.0.0 Safari/537.36 Edg/143.0.0.0"
36.133.115.36 - - [28/Jan/2026:11:28:55 +0800] "POST /wp-cron.php?doing_wp_cron=1769570935.4674921035766601562500 HTTP/1.1" 200 31 "-" "WordPress/6.9; http://cqqizhou.com"
14.108.234.63 - - [28/Jan/2026:11:28:55 +0800] "POST /wp-admin/admin-ajax.php HTTP/1.1" 200 78 "http://cqqizhou.com/wp-admin/edit.php?post_type=page" "Mozilla/5.0 (Windows NT 10.0; Win64; x64) AppleWebKit/537.36 (KHTML, like Gecko) Chrome/143.0.0.0 Safari/537.36 Edg/143.0.0.0"
54.38.147.197 - - [28/Jan/2026:11:29:28 +0800] "GET / HTTP/1.1" 200 35166 "-" "Mozilla/5.0 (compatible; AhrefsBot/7.0; +http://ahrefs.com/robot/)"
36.133.115.36 - - [28/Jan/2026:11:29:31 +0800] "POST /wp-cron.php?doing_wp_cron=1769570971.4626209735870361328125 HTTP/1.1" 200 31 "-" "WordPress/6.9; http://cqqizhou.com"
20.15.163.51 - - [28/Jan/2026:11:29:31 +0800] "GET /druid/index.html HTTP/1.1" 404 8951 "-" "Mozilla/5.0 zgrab/0.x"
36.133.115.36 - - [28/Jan/2026:11:30:25 +0800] "POST /wp-cron.php?doing_wp_cron=1769571025.6828589439392089843750 HTTP/1.1" 200 31 "-" "WordPress/6.9; http://cqqizhou.com"
47.96.157.127 - - [28/Jan/2026:11:30:25 +0800] "POST /wp-login.php HTTP/1.1" 200 9495 "-" "Mozilla/5.0"
14.108.234.63 - - [28/Jan/2026:11:30:56 +0800] "POST /wp-admin/admin-ajax.php HTTP/1.1" 200 78 "http://cqqizhou.com/wp-admin/edit.php?post_type=page" "Mozilla/5.0 (Windows NT 10.0; Win64; x64) AppleWebKit/537.36 (KHTML, like Gecko) Chrome/143.0.0.0 Safari/537.36 Edg/143.0.0.0"
36.133.115.36 - - [28/Jan/2026:11:32:57 +0800] "POST /wp-cron.php?doing_wp_cron=1769571177.2477691173553466796875 HTTP/1.1" 200 31 "-" "WordPress/6.9; http://cqqizhou.com"
14.108.234.63 - - [28/Jan/2026:11:32:57 +0800] "POST /wp-admin/admin-ajax.php HTTP/1.1" 200 78 "http://cqqizhou.com/wp-admin/edit.php?post_type=page" "Mozilla/5.0 (Windows NT 10.0; Win64; x64) AppleWebKit/537.36 (KHTML, like Gecko) Chrome/143.0.0.0 Safari/537.36 Edg/143.0.0.0"
36.133.115.36 - - [28/Jan/2026:11:33:14 +0800] "POST /wp-cron.php?doing_wp_cron=1769571194.2053549289703369140625 HTTP/1.1" 200 31 "-" "WordPress/6.9; http://cqqizhou.com"
114.119.134.51 - - [28/Jan/2026:11:33:14 +0800] "GET /wp-sitemap.xml HTTP/1.1" 501 253 "-" "Mozilla/5.0 (Linux; Android 7.0;) AppleWebKit/537.36 (KHTML, like Gecko) Mobile Safari/537.36 (compatible; PetalBot;+https://webmaster.petalsearch.com/site/petalbot)"
36.133.115.36 - - [28/Jan/2026:11:34:58 +0800] "POST /wp-cron.php?doing_wp_cron=1769571298.3427810668945312500000 HTTP/1.1" 200 31 "-" "WordPress/6.9; http://cqqizhou.com"
14.108.234.63 - - [28/Jan/2026:11:34:58 +0800] "POST /wp-admin/admin-ajax.php HTTP/1.1" 200 78 "http://cqqizhou.com/wp-admin/edit.php?post_type=page" "Mozilla/5.0 (Windows NT 10.0; Win64; x64) AppleWebKit/537.36 (KHTML, like Gecko) Chrome/143.0.0.0 Safari/537.36 Edg/143.0.0.0"
36.133.115.36 - - [28/Jan/2026:11:35:22 +0800] "POST /wp-cron.php?doing_wp_cron=1769571322.1597089767456054687500 HTTP/1.1" 200 31 "-" "WordPress/6.9; http://cqqizhou.com"
47.96.157.127 - - [28/Jan/2026:11:35:22 +0800] "POST /wp-login.php HTTP/1.1" 200 9495 "-" "Mozilla/5.0"
36.133.115.36 - - [28/Jan/2026:11:36:22 +0800] "POST /wp-cron.php?doing_wp_cron=1769571382.3727679252624511718750 HTTP/1.1" 200 31 "-" "WordPress/6.9; http://cqqizhou.com"
193.142.147.209 - - [28/Jan/2026:11:36:22 +0800] "POST / HTTP/1.1" 200 34722 "-" "Mozilla/5.0 (Windows NT 10.0; Win64; x64) AppleWebKit/537.36"
14.108.234.63 - - [28/Jan/2026:11:36:59 +0800] "POST /wp-admin/admin-ajax.php HTTP/1.1" 200 78 "http://cqqizhou.com/wp-admin/edit.php?post_type=page" "Mozilla/5.0 (Windows NT 10.0; Win64; x64) AppleWebKit/537.36 (KHTML, like Gecko) Chrome/143.0.0.0 Safari/537.36 Edg/143.0.0.0"
36.133.115.36 - - [28/Jan/2026:11:40:01 +0800] "POST /wp-cron.php?doing_wp_cron=1769571601.6325430870056152343750 HTTP/1.1" 200 31 "-" "WordPress/6.9; http://cqqizhou.com"
47.96.157.127 - - [28/Jan/2026:11:40:01 +0800] "POST /wp-login.php HTTP/1.1" 200 9495 "-" "Mozilla/5.0"
123.57.13.121 - - [28/Jan/2026:11:41:33 +0800] "GET / HTTP/1.1" 200 35166 "-" "Mozilla/5.0 (Windows NT 10.0; Win64; x64) AppleWebKit/537.36 (KHTML, like Gecko) Chrome/104.0.0.0 Safari/537.36"
36.133.115.36 - - [28/Jan/2026:11:41:35 +0800] "POST /wp-cron.php?doing_wp_cron=1769571695.2569499015808105468750 HTTP/1.1" 200 31 "-" "WordPress/6.9; http://cqqizhou.com"
43.173.1.69 - - [28/Jan/2026:11:41:35 +0800] "GET / HTTP/1.1" 200 34721 "-" "Mozilla/5.0 (iPhone; CPU iPhone OS 13_2_3 like Mac OS X) AppleWebKit/605.1.15 (KHTML, like Gecko) Version/13.0.3 Mobile/15E148 Safari/604.1"
36.133.115.36 - - [28/Jan/2026:11:44:35 +0800] "POST /wp-cron.php?doing_wp_cron=1769571875.3646540641784667968750 HTTP/1.1" 200 31 "-" "WordPress/6.9; http://cqqizhou.com"
47.96.157.127 - - [28/Jan/2026:11:44:35 +0800] "POST /wp-login.php HTTP/1.1" 200 9495 "-" "Mozilla/5.0"
36.133.115.36 - - [28/Jan/2026:11:48:57 +0800] "POST /wp-cron.php?doing_wp_cron=1769572137.7812418937683105468750 HTTP/1.1" 200 31 "-" "WordPress/6.9; http://cqqizhou.com"
43.166.247.155 - - [28/Jan/2026:11:48:57 +0800] "GET / HTTP/1.1" 200 34724 "-" "Mozilla/5.0 (iPhone; CPU iPhone OS 13_2_3 like Mac OS X) AppleWebKit/605.1.15 (KHTML, like Gecko) Version/13.0.3 Mobile/15E148 Safari/604.1"
36.133.115.36 - - [28/Jan/2026:11:49:11 +0800] "POST /wp-cron.php?doing_wp_cron=1769572151.0420010089874267578125 HTTP/1.1" 200 31 "-" "WordPress/6.9; http://cqqizhou.com"
47.96.157.127 - - [28/Jan/2026:11:49:11 +0800] "POST /wp-login.php HTTP/1.1" 200 9495 "-" "Mozilla/5.0"
135.181.180.59 - - [28/Jan/2026:11:49:22 +0800] "GET /robots.txt HTTP/1.1" 200 390 "-" "Mozilla/5.0 (compatible; MJ12bot/v1.4.8; http://mj12bot.com/)"
135.181.180.59 - - [28/Jan/2026:11:49:25 +0800] "GET /portfolio-tag/%E9%9E%8D%E9%92%A2%E8%92%82%E6%A3%AE/ HTTP/1.1" 404 8951 "-" "Mozilla/5.0 (compatible; MJ12bot/v1.4.8; http://mj12bot.com/)"
135.181.180.59 - - [28/Jan/2026:11:49:27 +0800] "GET /portfolio/%E5%86%B7%E8%BD%A7%E5%8D%B7/ HTTP/1.1" 404 8951 "-" "Mozilla/5.0 (compatible; MJ12bot/v1.4.8; http://mj12bot.com/)"
135.181.180.59 - - [28/Jan/2026:11:49:30 +0800] "GET /portfolio/%E5%86%B7%E8%BD%A7%E6%9D%BF/ HTTP/1.1" 404 8949 "-" "Mozilla/5.0 (compatible; MJ12bot/v1.4.8; http://mj12bot.com/)"
36.133.115.36 - - [28/Jan/2026:11:53:53 +0800] "POST /wp-cron.php?doing_wp_cron=1769572433.4488630294799804687500 HTTP/1.1" 200 31 "-" "WordPress/6.9; http://cqqizhou.com"
47.96.157.127 - - [28/Jan/2026:11:53:53 +0800] "POST /wp-login.php HTTP/1.1" 200 9495 "-" "Mozilla/5.0"
36.133.115.36 - - [28/Jan/2026:11:54:46 +0800] "POST /wp-cron.php?doing_wp_cron=1769572486.5710520744323730468750 HTTP/1.1" 200 31 "-" "WordPress/6.9; http://cqqizhou.com"
8.219.244.135 - - [28/Jan/2026:11:54:46 +0800] "POST /xmlrpc.php HTTP/1.1" 200 217 "-" "Mozilla/5.0 (Windows NT 10.0) AppleWebKit/537.36 (KHTML, like Gecko) Chrome/138.0.0.0 Safari/537.36"
36.133.115.36 - - [28/Jan/2026:11:56:29 +0800] "POST /wp-cron.php?doing_wp_cron=1769572589.2014739513397216796875 HTTP/1.1" 200 31 "-" "WordPress/6.9; http://cqqizhou.com"
114.119.140.185 - - [28/Jan/2026:11:56:29 +0800] "GET /wp-sitemap.xml HTTP/1.1" 501 253 "-" "Mozilla/5.0 (Linux; Android 7.0;) AppleWebKit/537.36 (KHTML, like Gecko) Mobile Safari/537.36 (compatible; PetalBot;+https://webmaster.petalsearch.com/site/petalbot)"
36.133.115.36 - - [28/Jan/2026:11:57:28 +0800] "POST /wp-cron.php?doing_wp_cron=1769572648.2996370792388916015625 HTTP/1.1" 200 31 "-" "WordPress/6.9; http://cqqizhou.com"
172.105.234.247 - - [28/Jan/2026:11:57:28 +0800] "GET / HTTP/1.1" 200 157321 "-" "Mozilla/5.0 AppleWebKit/537.36 (KHTML, like Gecko) Mobile Safari/537.36 (compatible; Bytespider; https://zhanzhang.toutiao.com/)"
36.133.115.36 - - [28/Jan/2026:11:58:13 +0800] "POST /wp-cron.php?doing_wp_cron=1769572693.3491210937500000000000 HTTP/1.1" 200 31 "-" "WordPress/6.9; http://cqqizhou.com"
38.46.221.123 - - [28/Jan/2026:11:58:13 +0800] "GET http://check.9tb.org/ HTTP/1.1" 301 5 "-" "Go-http-client/1.1"
38.46.221.123 - - [28/Jan/2026:11:58:13 +0800] "GET http://cqqizhou.com/ HTTP/1.1" 200 35166 "http://check.9tb.org" "Go-http-client/1.1"
47.96.157.127 - - [28/Jan/2026:11:58:38 +0800] "POST /wp-login.php HTTP/1.1" 200 9495 "-" "Mozilla/5.0"
36.133.115.36 - - [28/Jan/2026:12:03:09 +0800] "POST /wp-cron.php?doing_wp_cron=1769572989.5051660537719726562500 HTTP/1.1" 200 31 "-" "WordPress/6.9; http://cqqizhou.com"
47.96.157.127 - - [28/Jan/2026:12:03:09 +0800] "POST /wp-login.php HTTP/1.1" 200 9495 "-" "Mozilla/5.0"
36.133.115.36 - - [28/Jan/2026:12:05:59 +0800] "POST /wp-cron.php?doing_wp_cron=1769573159.6530740261077880859375 HTTP/1.1" 200 31 "-" "WordPress/6.9; http://cqqizhou.com"
204.76.203.219 - - [28/Jan/2026:12:05:59 +0800] "GET / HTTP/1.1" 200 34722 "-" "Mozilla/5.0 (Windows NT 10.0; Win64; x64) AppleWebKit/537.36 (KHTML, like Gecko) Chrome/90.0.4430.85 Safari/537.36 Edg/90.0.818.46"
36.133.115.36 - - [28/Jan/2026:12:07:46 +0800] "POST /wp-cron.php?doing_wp_cron=1769573266.0120410919189453125000 HTTP/1.1" 200 31 "-" "WordPress/6.9; http://cqqizhou.com"
47.96.157.127 - - [28/Jan/2026:12:07:46 +0800] "POST /wp-login.php HTTP/1.1" 200 9495 "-" "Mozilla/5.0"
36.133.115.36 - - [28/Jan/2026:12:12:56 +0800] "POST /wp-cron.php?doing_wp_cron=1769573576.5790479183197021484375 HTTP/1.1" 200 31 "-" "WordPress/6.9; http://cqqizhou.com"
47.96.157.127 - - [28/Jan/2026:12:12:56 +0800] "POST /wp-login.php HTTP/1.1" 200 9495 "-" "Mozilla/5.0"
36.133.115.36 - - [28/Jan/2026:12:17:39 +0800] "POST /wp-cron.php?doing_wp_cron=1769573859.1409029960632324218750 HTTP/1.1" 200 31 "-" "WordPress/6.9; http://cqqizhou.com"
47.96.157.127 - - [28/Jan/2026:12:17:39 +0800] "POST /wp-login.php HTTP/1.1" 200 9495 "-" "Mozilla/5.0"
36.133.115.36 - - [28/Jan/2026:12:20:21 +0800] "POST /wp-cron.php?doing_wp_cron=1769574021.4877939224243164062500 HTTP/1.1" 200 31 "-" "WordPress/6.9; http://cqqizhou.com"
95.214.54.147 - - [28/Jan/2026:12:20:21 +0800] "GET / HTTP/1.1" 200 157321 "-" "Mozilla/5.0"
185.242.226.102 - - [28/Jan/2026:12:21:45 +0800] "GET / HTTP/1.1" 499 0 "-" "python-requests/2.26.0"
36.133.115.36 - - [28/Jan/2026:12:21:45 +0800] "POST /wp-cron.php?doing_wp_cron=1769574105.1429369449615478515625 HTTP/1.1" 200 31 "-" "WordPress/6.9; http://cqqizhou.com"
36.133.115.36 - - [28/Jan/2026:12:22:27 +0800] "POST /wp-cron.php?doing_wp_cron=1769574146.9939589500427246093750 HTTP/1.1" 200 31 "-" "WordPress/6.9; http://cqqizhou.com"
47.96.157.127 - - [28/Jan/2026:12:22:27 +0800] "POST /wp-login.php HTTP/1.1" 200 9495 "-" "Mozilla/5.0"
36.133.115.36 - - [28/Jan/2026:12:27:08 +0800] "POST /wp-cron.php?doing_wp_cron=1769574428.4469950199127197265625 HTTP/1.1" 200 31 "-" "WordPress/6.9; http://cqqizhou.com"
47.96.157.127 - - [28/Jan/2026:12:27:08 +0800] "POST /wp-login.php HTTP/1.1" 200 9495 "-" "Mozilla/5.0"
36.133.115.36 - - [28/Jan/2026:12:30:58 +0800] "POST /wp-cron.php?doing_wp_cron=1769574658.5101730823516845703125 HTTP/1.1" 200 31 "-" "WordPress/6.9; http://cqqizhou.com"
5.61.209.92 - - [28/Jan/2026:12:30:58 +0800] "GET /SDK/webLanguage HTTP/1.1" 301 5 "-" "Mozilla/5.0 (Windows NT 10.0; Win64; x64) AppleWebKit/537.36 (KHTML, like Gecko) Chrome/90.0.4430.85 Safari/537.36 Edg/90.0.818.46"
36.133.115.36 - - [28/Jan/2026:12:32:16 +0800] "POST /wp-cron.php?doing_wp_cron=1769574736.5610539913177490234375 HTTP/1.1" 200 31 "-" "WordPress/6.9; http://cqqizhou.com"
47.96.157.127 - - [28/Jan/2026:12:32:16 +0800] "POST /wp-login.php HTTP/1.1" 200 9495 "-" "Mozilla/5.0"
36.133.115.36 - - [28/Jan/2026:12:36:03 +0800] "POST /wp-cron.php?doing_wp_cron=1769574963.0849280357360839843750 HTTP/1.1" 200 31 "-" "WordPress/6.9; http://cqqizhou.com"
207.90.244.14 - - [28/Jan/2026:12:36:03 +0800] "GET / HTTP/1.1" 301 5 "-" "Mozilla/5.0 (Windows NT 6.1) AppleWebKit/537.36 (KHTML, like Gecko) Chrome/41.0.2228.0 Safari/537.36"
207.90.244.14 - - [28/Jan/2026:12:36:06 +0800] "GET / HTTP/1.1" 200 158980 "-" "Mozilla/5.0 (Windows NT 6.1) AppleWebKit/537.36 (KHTML, like Gecko) Chrome/41.0.2228.0 Safari/537.36"
36.133.115.36 - - [28/Jan/2026:12:36:15 +0800] "POST /wp-cron.php?doing_wp_cron=1769574975.0785648822784423828125 HTTP/1.1" 200 31 "-" "WordPress/6.9; http://cqqizhou.com"
207.90.244.14 - - [28/Jan/2026:12:36:15 +0800] "GET /robots.txt HTTP/1.1" 200 390 "-" "-"
36.133.115.36 - - [28/Jan/2026:12:37:09 +0800] "POST /wp-cron.php?doing_wp_cron=1769575029.9618990421295166015625 HTTP/1.1" 200 31 "-" "WordPress/6.9; http://cqqizhou.com"
47.96.157.127 - - [28/Jan/2026:12:37:09 +0800] "POST /wp-login.php HTTP/1.1" 200 9495 "-" "Mozilla/5.0"
36.133.115.36 - - [28/Jan/2026:12:41:51 +0800] "POST /wp-cron.php?doing_wp_cron=1769575311.2228000164031982421875 HTTP/1.1" 200 31 "-" "WordPress/6.9; http://cqqizhou.com"
47.96.157.127 - - [28/Jan/2026:12:41:51 +0800] "POST /wp-login.php HTTP/1.1" 200 9495 "-" "Mozilla/5.0"
36.133.115.36 - - [28/Jan/2026:12:46:27 +0800] "POST /wp-cron.php?doing_wp_cron=1769575586.9839830398559570312500 HTTP/1.1" 200 31 "-" "WordPress/6.9; http://cqqizhou.com"
66.235.175.246 - - [28/Jan/2026:12:46:27 +0800] "POST /xmlrpc.php HTTP/1.1" 200 217 "-" "Mozilla/5.0 (Windows NT 10.0; Win64; x64) AppleWebKit/537.43 (KHTML, like Gecko) Chrome/139.0.0.0 Safari/537.36 OPR/123.0.0.0"
47.96.157.127 - - [28/Jan/2026:12:46:53 +0800] "POST /wp-login.php HTTP/1.1" 200 9495 "-" "Mozilla/5.0"
36.133.115.36 - - [28/Jan/2026:12:47:16 +0800] "POST /wp-cron.php?doing_wp_cron=1769575636.0575499534606933593750 HTTP/1.1" 200 31 "-" "WordPress/6.9; http://cqqizhou.com"
52.167.144.209 - - [28/Jan/2026:12:47:16 +0800] "GET /portfolio/duplex-stainless-steel/ HTTP/1.1" 404 8951 "-" "Mozilla/5.0 AppleWebKit/537.36 (KHTML, like Gecko; compatible; bingbot/2.0; +http://www.bing.com/bingbot.htm) Chrome/116.0.1938.76 Safari/537.36"
36.133.115.36 - - [28/Jan/2026:12:51:41 +0800] "POST /wp-cron.php?doing_wp_cron=1769575900.9770879745483398437500 HTTP/1.1" 200 31 "-" "WordPress/6.9; http://cqqizhou.com"
47.96.157.127 - - [28/Jan/2026:12:51:41 +0800] "POST /wp-login.php HTTP/1.1" 200 9495 "-" "Mozilla/5.0"
36.133.115.36 - - [28/Jan/2026:12:56:42 +0800] "POST /wp-cron.php?doing_wp_cron=1769576202.8900959491729736328125 HTTP/1.1" 200 31 "-" "WordPress/6.9; http://cqqizhou.com"
47.96.157.127 - - [28/Jan/2026:12:56:42 +0800] "POST /wp-login.php HTTP/1.1" 200 9495 "-" "Mozilla/5.0"
36.133.115.36 - - [28/Jan/2026:12:59:18 +0800] "POST /wp-cron.php?doing_wp_cron=1769576358.7250890731811523437500 HTTP/1.1" 200 31 "-" "WordPress/6.9; http://cqqizhou.com"
204.76.203.219 - - [28/Jan/2026:12:59:18 +0800] "GET / HTTP/1.1" 200 34722 "-" "Mozilla/5.0 (Windows NT 10.0; Win64; x64) AppleWebKit/537.36 (KHTML, like Gecko) Chrome/90.0.4430.85 Safari/537.36 Edg/90.0.818.46"
36.133.115.36 - - [28/Jan/2026:13:01:59 +0800] "POST /wp-cron.php?doing_wp_cron=1769576519.4250860214233398437500 HTTP/1.1" 200 31 "-" "WordPress/6.9; http://cqqizhou.com"
47.96.157.127 - - [28/Jan/2026:13:01:59 +0800] "POST /wp-login.php HTTP/1.1" 200 9495 "-" "Mozilla/5.0"
36.133.115.36 - - [28/Jan/2026:13:02:09 +0800] "POST /wp-cron.php?doing_wp_cron=1769576529.4147388935089111328125 HTTP/1.1" 200 31 "-" "WordPress/6.9; http://cqqizhou.com"
121.40.47.185 - - [28/Jan/2026:13:02:09 +0800] "GET / HTTP/1.0" 301 0 "-" "-"
121.40.47.185 - - [28/Jan/2026:13:02:20 +0800] "GET / HTTP/1.0" 301 0 "-" "-"
121.40.47.185 - - [28/Jan/2026:13:02:20 +0800] "GET /nmaplowercheck1769576532 HTTP/1.1" 404 31367 "-" "Mozilla/5.0 (compatible; Nmap Scripting Engine; https://nmap.org/book/nse.html)"
121.40.47.185 - - [28/Jan/2026:13:02:20 +0800] "POST /sdk HTTP/1.1" 404 31367 "-" "Mozilla/5.0 (compatible; Nmap Scripting Engine; https://nmap.org/book/nse.html)"
121.40.47.185 - - [28/Jan/2026:13:02:21 +0800] "GET /HNAP1 HTTP/1.1" 404 31367 "-" "Mozilla/5.0 (compatible; Nmap Scripting Engine; https://nmap.org/book/nse.html)"
121.40.47.185 - - [28/Jan/2026:13:02:21 +0800] "GET /evox/about HTTP/1.1" 404 31367 "-" "Mozilla/5.0 (compatible; Nmap Scripting Engine; https://nmap.org/book/nse.html)"
121.40.47.185 - - [28/Jan/2026:13:02:40 +0800] "GET / HTTP/1.0" 301 0 "-" "-"
121.40.47.185 - - [28/Jan/2026:13:02:41 +0800] "GET / HTTP/1.1" 301 5 "-" "-"
36.133.115.36 - - [28/Jan/2026:13:06:55 +0800] "POST /wp-cron.php?doing_wp_cron=1769576815.6947140693664550781250 HTTP/1.1" 200 31 "-" "WordPress/6.9; http://cqqizhou.com"
47.96.157.127 - - [28/Jan/2026:13:06:55 +0800] "POST /wp-login.php HTTP/1.1" 200 9495 "-" "Mozilla/5.0"
36.133.115.36 - - [28/Jan/2026:13:12:06 +0800] "POST /wp-cron.php?doing_wp_cron=1769577126.4038109779357910156250 HTTP/1.1" 200 31 "-" "WordPress/6.9; http://cqqizhou.com"
47.96.157.127 - - [28/Jan/2026:13:12:06 +0800] "POST /wp-login.php HTTP/1.1" 200 9495 "-" "Mozilla/5.0"
36.133.115.36 - - [28/Jan/2026:13:14:00 +0800] "POST /wp-cron.php?doing_wp_cron=1769577240.7366790771484375000000 HTTP/1.1" 200 31 "-" "WordPress/6.9; http://cqqizhou.com"
198.235.24.159 - - [28/Jan/2026:13:14:00 +0800] "GET / HTTP/1.1" 200 34722 "-" "Hello from Palo Alto Networks, find out more about our scans in https://docs-cortex.paloaltonetworks.com/r/1/Cortex-Xpanse/Scanning-activity"
36.133.115.36 - - [28/Jan/2026:13:15:43 +0800] "POST /wp-cron.php?doing_wp_cron=1769577343.3700520992279052734375 HTTP/1.1" 200 31 "-" "WordPress/6.9; http://cqqizhou.com"
95.214.54.147 - - [28/Jan/2026:13:15:43 +0800] "GET / HTTP/1.1" 200 157321 "-" "Mozilla/5.0"
36.133.115.36 - - [28/Jan/2026:13:16:45 +0800] "POST /wp-cron.php?doing_wp_cron=1769577405.3458709716796875000000 HTTP/1.1" 200 31 "-" "WordPress/6.9; http://cqqizhou.com"
185.191.171.13 - - [28/Jan/2026:13:16:45 +0800] "GET /robots.txt HTTP/1.1" 200 190 "-" "Mozilla/5.0 (compatible; SemrushBot/7~bl; +http://www.semrush.com/bot.html)"
185.191.171.16 - - [28/Jan/2026:13:16:46 +0800] "GET /portfolio/pickled-coil/ HTTP/1.1" 404 8951 "-" "Mozilla/5.0 (compatible; SemrushBot/7~bl; +http://www.semrush.com/bot.html)"
47.96.157.127 - - [28/Jan/2026:13:17:05 +0800] "POST /wp-login.php HTTP/1.1" 200 9495 "-" "Mozilla/5.0"
36.133.115.36 - - [28/Jan/2026:13:22:12 +0800] "POST /wp-cron.php?doing_wp_cron=1769577732.4537699222564697265625 HTTP/1.1" 200 31 "-" "WordPress/6.9; http://cqqizhou.com"
47.96.157.127 - - [28/Jan/2026:13:22:12 +0800] "POST /wp-login.php HTTP/1.1" 200 9495 "-" "Mozilla/5.0"
36.133.115.36 - - [28/Jan/2026:13:27:18 +0800] "POST /wp-cron.php?doing_wp_cron=1769578038.3793599605560302734375 HTTP/1.1" 200 31 "-" "WordPress/6.9; http://cqqizhou.com"
47.96.157.127 - - [28/Jan/2026:13:27:18 +0800] "POST /wp-login.php HTTP/1.1" 200 9495 "-" "Mozilla/5.0"
36.133.115.36 - - [28/Jan/2026:13:32:31 +0800] "POST /wp-cron.php?doing_wp_cron=1769578351.0176169872283935546875 HTTP/1.1" 200 31 "-" "WordPress/6.9; http://cqqizhou.com"
47.96.157.127 - - [28/Jan/2026:13:32:31 +0800] "POST /wp-login.php HTTP/1.1" 200 9495 "-" "Mozilla/5.0"
36.133.115.36 - - [28/Jan/2026:13:33:48 +0800] "POST /wp-cron.php?doing_wp_cron=1769578428.0914239883422851562500 HTTP/1.1" 200 31 "-" "WordPress/6.9; http://cqqizhou.com"
51.195.183.14 - - [28/Jan/2026:13:33:48 +0800] "GET /2052/ HTTP/1.1" 200 25582 "-" "Mozilla/5.0 (compatible; AhrefsBot/7.0; +http://ahrefs.com/robot/)"
38.46.221.123 - - [28/Jan/2026:13:33:53 +0800] "GET http://check.9tb.org/ HTTP/1.1" 301 5 "-" "Go-http-client/1.1"
38.46.221.123 - - [28/Jan/2026:13:33:53 +0800] "GET http://cqqizhou.com/ HTTP/1.1" 200 35166 "http://check.9tb.org" "Go-http-client/1.1"
36.133.115.36 - - [28/Jan/2026:13:37:40 +0800] "POST /wp-cron.php?doing_wp_cron=1769578660.5604910850524902343750 HTTP/1.1" 200 31 "-" "WordPress/6.9; http://cqqizhou.com"
47.96.157.127 - - [28/Jan/2026:13:37:40 +0800] "POST /wp-login.php HTTP/1.1" 200 9495 "-" "Mozilla/5.0"
36.133.115.36 - - [28/Jan/2026:13:39:23 +0800] "POST /wp-cron.php?doing_wp_cron=1769578763.5689940452575683593750 HTTP/1.1" 200 31 "-" "WordPress/6.9; http://cqqizhou.com"
188.40.164.33 - - [28/Jan/2026:13:39:23 +0800] "POST /xmlrpc.php HTTP/1.1" 200 217 "-" "Mozilla/5.0 (Windows NT 10.0; Win64; x64) AppleWebKit/537.43 (KHTML, like Gecko) Chrome/139.0.0.0 Safari/537.36 OPR/123.0.0.0"
36.133.115.36 - - [28/Jan/2026:13:42:33 +0800] "POST /wp-cron.php?doing_wp_cron=1769578953.4649488925933837890625 HTTP/1.1" 200 31 "-" "WordPress/6.9; http://cqqizhou.com"
47.96.157.127 - - [28/Jan/2026:13:42:33 +0800] "POST /wp-login.php HTTP/1.1" 200 9495 "-" "Mozilla/5.0"
36.133.115.36 - - [28/Jan/2026:13:44:11 +0800] "POST /wp-cron.php?doing_wp_cron=1769579051.4510710239410400390625 HTTP/1.1" 200 31 "-" "WordPress/6.9; http://cqqizhou.com"
204.76.203.69 - - [28/Jan/2026:13:44:12 +0800] "GET / HTTP/1.1" 200 157321 "-" "-"
36.133.115.36 - - [28/Jan/2026:13:47:32 +0800] "POST /wp-cron.php?doing_wp_cron=1769579252.7256729602813720703125 HTTP/1.1" 200 31 "-" "WordPress/6.9; http://cqqizhou.com"
47.96.157.127 - - [28/Jan/2026:13:47:32 +0800] "POST /wp-login.php HTTP/1.1" 200 9495 "-" "Mozilla/5.0"
36.133.115.36 - - [28/Jan/2026:13:52:24 +0800] "POST /wp-cron.php?doing_wp_cron=1769579543.9751129150390625000000 HTTP/1.1" 200 31 "-" "WordPress/6.9; http://cqqizhou.com"
47.96.157.127 - - [28/Jan/2026:13:52:24 +0800] "POST /wp-login.php HTTP/1.1" 200 9495 "-" "Mozilla/5.0"
36.133.115.36 - - [28/Jan/2026:13:55:33 +0800] "POST /wp-cron.php?doing_wp_cron=1769579733.5107569694519042968750 HTTP/1.1" 200 31 "-" "WordPress/6.9; http://cqqizhou.com"
204.76.203.219 - - [28/Jan/2026:13:55:33 +0800] "GET / HTTP/1.1" 200 34722 "-" "Mozilla/5.0 (Windows NT 10.0; Win64; x64) AppleWebKit/537.36 (KHTML, like Gecko) Chrome/90.0.4430.85 Safari/537.36 Edg/90.0.818.46"
36.133.115.36 - - [28/Jan/2026:13:57:57 +0800] "POST /wp-cron.php?doing_wp_cron=1769579877.5092699527740478515625 HTTP/1.1" 200 31 "-" "WordPress/6.9; http://cqqizhou.com"
47.96.157.127 - - [28/Jan/2026:13:57:57 +0800] "POST /wp-login.php HTTP/1.1" 200 9495 "-" "Mozilla/5.0"
157.55.39.195 - - [28/Jan/2026:13:59:54 +0800] "GET / HTTP/1.1" 200 35166 "-" "Mozilla/5.0 AppleWebKit/537.36 (KHTML, like Gecko; compatible; bingbot/2.0; +http://www.bing.com/bingbot.htm) Chrome/116.0.1938.76 Safari/537.36"
36.133.115.36 - - [28/Jan/2026:14:00:50 +0800] "POST /wp-cron.php?doing_wp_cron=1769580050.6470959186553955078125 HTTP/1.1" 200 31 "-" "WordPress/6.9; http://cqqizhou.com"
43.130.150.80 - - [28/Jan/2026:14:00:50 +0800] "GET / HTTP/1.1" 301 5 "-" "Mozilla/5.0 (iPhone; CPU iPhone OS 13_2_3 like Mac OS X) AppleWebKit/605.1.15 (KHTML, like Gecko) Version/13.0.3 Mobile/15E148 Safari/604.1"
43.130.150.80 - - [28/Jan/2026:14:00:55 +0800] "GET / HTTP/1.1" 200 34722 "http://36.133.115.36" "Mozilla/5.0 (iPhone; CPU iPhone OS 13_2_3 like Mac OS X) AppleWebKit/605.1.15 (KHTML, like Gecko) Version/13.0.3 Mobile/15E148 Safari/604.1"
36.133.115.36 - - [28/Jan/2026:14:03:07 +0800] "POST /wp-cron.php?doing_wp_cron=1769580187.6429090499877929687500 HTTP/1.1" 200 31 "-" "WordPress/6.9; http://cqqizhou.com"
47.96.157.127 - - [28/Jan/2026:14:03:07 +0800] "POST /wp-login.php HTTP/1.1" 200 9495 "-" "Mozilla/5.0"
36.133.115.36 - - [28/Jan/2026:14:04:26 +0800] "POST /wp-cron.php?doing_wp_cron=1769580266.2278330326080322265625 HTTP/1.1" 200 31 "-" "WordPress/6.9; http://cqqizhou.com"
114.119.152.69 - - [28/Jan/2026:14:04:26 +0800] "GET /wp-sitemap.xml HTTP/1.1" 501 253 "-" "Mozilla/5.0 (Linux; Android 7.0;) AppleWebKit/537.36 (KHTML, like Gecko) Mobile Safari/537.36 (compatible; PetalBot;+https://webmaster.petalsearch.com/site/petalbot)"
36.133.115.36 - - [28/Jan/2026:14:06:13 +0800] "POST /wp-cron.php?doing_wp_cron=1769580373.0342049598693847656250 HTTP/1.1" 200 31 "-" "WordPress/6.9; http://cqqizhou.com"
157.55.39.195 - - [28/Jan/2026:14:06:13 +0800] "GET /?s= HTTP/1.1" 200 19859 "-" "Mozilla/5.0 AppleWebKit/537.36 (KHTML, like Gecko; compatible; bingbot/2.0; +http://www.bing.com/bingbot.htm) Chrome/116.0.1938.76 Safari/537.36"
36.133.115.36 - - [28/Jan/2026:14:07:13 +0800] "POST /wp-cron.php?doing_wp_cron=1769580433.7676510810852050781250 HTTP/1.1" 200 31 "-" "WordPress/6.9; http://cqqizhou.com"
5.183.209.196 - - [28/Jan/2026:14:07:13 +0800] "GET /SDK/webLanguage HTTP/1.1" 301 5 "-" "Mozilla/5.0 (Windows NT 10.0; Win64; x64) AppleWebKit/537.36 (KHTML, like Gecko) Chrome/90.0.4430.85 Safari/537.36 Edg/90.0.818.46"
36.133.115.36 - - [28/Jan/2026:14:08:13 +0800] "POST /wp-cron.php?doing_wp_cron=1769580493.9298529624938964843750 HTTP/1.1" 200 31 "-" "WordPress/6.9; http://cqqizhou.com"
47.96.157.127 - - [28/Jan/2026:14:08:13 +0800] "POST /wp-login.php HTTP/1.1" 200 9495 "-" "Mozilla/5.0"
36.133.115.36 - - [28/Jan/2026:14:11:47 +0800] "POST /wp-cron.php?doing_wp_cron=1769580707.6931331157684326171875 HTTP/1.1" 200 31 "-" "WordPress/6.9; http://cqqizhou.com"
193.142.147.209 - - [28/Jan/2026:14:11:48 +0800] "POST / HTTP/1.1" 200 34723 "-" "Mozilla/5.0 (Windows NT 10.0; Win64; x64) AppleWebKit/537.36"
36.133.115.36 - - [28/Jan/2026:14:13:34 +0800] "POST /wp-cron.php?doing_wp_cron=1769580814.6129269599914550781250 HTTP/1.1" 200 31 "-" "WordPress/6.9; http://cqqizhou.com"
47.96.157.127 - - [28/Jan/2026:14:13:34 +0800] "POST /wp-login.php HTTP/1.1" 200 9495 "-" "Mozilla/5.0"
36.133.115.36 - - [28/Jan/2026:14:14:10 +0800] "POST /wp-cron.php?doing_wp_cron=1769580850.4023330211639404296875 HTTP/1.1" 200 31 "-" "WordPress/6.9; http://cqqizhou.com"
191.58.176.185 - - [28/Jan/2026:14:14:10 +0800] "GET / HTTP/1.1" 301 5 "-" "Mozilla/5.0 (Windows NT 10.0; WOW64) AppleWebKit/537.36 (KHTML, like Gecko) Chrome/51.0.2704.103 Safari/537.36"
36.133.115.36 - - [28/Jan/2026:14:18:01 +0800] "POST /wp-cron.php?doing_wp_cron=1769581081.3398809432983398437500 HTTP/1.1" 200 31 "-" "WordPress/6.9; http://cqqizhou.com"
198.244.240.157 - - [28/Jan/2026:14:18:01 +0800] "GET /services/processing/ HTTP/1.1" 200 22961 "-" "Mozilla/5.0 (compatible; AhrefsBot/7.0; +http://ahrefs.com/robot/)"
36.133.115.36 - - [28/Jan/2026:14:18:58 +0800] "POST /wp-cron.php?doing_wp_cron=1769581138.0509879589080810546875 HTTP/1.1" 200 31 "-" "WordPress/6.9; http://cqqizhou.com"
47.96.157.127 - - [28/Jan/2026:14:18:58 +0800] "POST /wp-login.php HTTP/1.1" 200 9495 "-" "Mozilla/5.0"
36.133.115.36 - - [28/Jan/2026:14:19:48 +0800] "POST /wp-cron.php?doing_wp_cron=1769581188.4526779651641845703125 HTTP/1.1" 200 31 "-" "WordPress/6.9; http://cqqizhou.com"
35.203.210.22 - - [28/Jan/2026:14:19:48 +0800] "GET /wp-login.php HTTP/1.1" 200 9053 "-" "Hello from Palo Alto Networks, find out more about our scans in https://docs-cortex.paloaltonetworks.com/r/1/Cortex-Xpanse/Scanning-activity"
36.133.115.36 - - [28/Jan/2026:14:24:18 +0800] "POST /wp-cron.php?doing_wp_cron=1769581458.4043750762939453125000 HTTP/1.1" 200 31 "-" "WordPress/6.9; http://cqqizhou.com"
47.96.157.127 - - [28/Jan/2026:14:24:18 +0800] "POST /wp-login.php HTTP/1.1" 200 9495 "-" "Mozilla/5.0"
36.133.115.36 - - [28/Jan/2026:14:27:45 +0800] "POST /wp-cron.php?doing_wp_cron=1769581665.8522779941558837890625 HTTP/1.1" 200 31 "-" "WordPress/6.9; http://cqqizhou.com"
36.133.108.125 - - [28/Jan/2026:14:27:45 +0800] "HEAD / HTTP/1.1" 301 0 "-" "Mozilla/4.0 (compatible; MSIE 8.0; Windows NT 6.1; WOW64; Trident/4.0; SLCC2; Media Center PC 6.0; InfoPath.2; MS-RTC LM 8"
14.108.234.63 - - [28/Jan/2026:14:27:50 +0800] "GET /services/ HTTP/1.1" 200 34255 "http://cqqizhou.com/logistics/" "Mozilla/5.0 (Windows NT 10.0; Win64; x64) AppleWebKit/537.36 (KHTML, like Gecko) Chrome/143.0.0.0 Safari/537.36 Edg/143.0.0.0"
14.108.234.63 - - [28/Jan/2026:14:27:50 +0800] "GET /wp-content/uploads/2025/07/1751829518-Precision-processing-services800x500.webp HTTP/1.1" 200 28964 "http://cqqizhou.com/services/" "Mozilla/5.0 (Windows NT 10.0; Win64; x64) AppleWebKit/537.36 (KHTML, like Gecko) Chrome/143.0.0.0 Safari/537.36 Edg/143.0.0.0"
14.108.234.63 - - [28/Jan/2026:14:27:50 +0800] "GET /wp-content/uploads/2025/12/1764853157-ISO3-731x1024.webp HTTP/1.1" 200 105856 "http://cqqizhou.com/services/" "Mozilla/5.0 (Windows NT 10.0; Win64; x64) AppleWebKit/537.36 (KHTML, like Gecko) Chrome/143.0.0.0 Safari/537.36 Edg/143.0.0.0"
14.108.234.63 - - [28/Jan/2026:14:27:50 +0800] "GET /wp-content/uploads/2025/12/1764853155-ISO2-731x1024.webp HTTP/1.1" 200 91446 "http://cqqizhou.com/services/" "Mozilla/5.0 (Windows NT 10.0; Win64; x64) AppleWebKit/537.36 (KHTML, like Gecko) Chrome/143.0.0.0 Safari/537.36 Edg/143.0.0.0"
14.108.234.63 - - [28/Jan/2026:14:27:50 +0800] "GET /wp-content/uploads/2025/07/1750174127-Marketing1920x800_3.webp HTTP/1.1" 200 52790 "http://cqqizhou.com/wp-content/uploads/elementor/css/post-1659.css?ver=1769183194" "Mozilla/5.0 (Windows NT 10.0; Win64; x64) AppleWebKit/537.36 (KHTML, like Gecko) Chrome/143.0.0.0 Safari/537.36 Edg/143.0.0.0"
14.108.234.63 - - [28/Jan/2026:14:27:59 +0800] "GET /wp-content/uploads/2025/12/1764853152-ISO1-731x1024.webp HTTP/1.1" 200 111032 "http://cqqizhou.com/services/" "Mozilla/5.0 (Windows NT 10.0; Win64; x64) AppleWebKit/537.36 (KHTML, like Gecko) Chrome/143.0.0.0 Safari/537.36 Edg/143.0.0.0"
14.108.234.63 - - [28/Jan/2026:14:28:01 +0800] "GET /wp-content/uploads/2025/07/1753405252-Services_Banner2000%C3%97400px2.webp HTTP/1.1" 200 23730 "http://cqqizhou.com/wp-content/uploads/elementor/css/post-1659.css?ver=1769183194" "Mozilla/5.0 (Windows NT 10.0; Win64; x64) AppleWebKit/537.36 (KHTML, like Gecko) Chrome/143.0.0.0 Safari/537.36 Edg/143.0.0.0"
14.108.234.63 - - [28/Jan/2026:14:28:18 +0800] "GET /wp-content/uploads/2025/07/1751829454-Smart-warehousing800x500.webp HTTP/1.1" 200 79504 "http://cqqizhou.com/services/" "Mozilla/5.0 (Windows NT 10.0; Win64; x64) AppleWebKit/537.36 (KHTML, like Gecko) Chrome/143.0.0.0 Safari/537.36 Edg/143.0.0.0"
14.108.234.63 - - [28/Jan/2026:14:28:41 +0800] "GET /wp-content/uploads/2025/12/1765265398-qizhou_Slider_3840%C3%972160_20251209-scaled.webp HTTP/1.1" 200 175208 "http://cqqizhou.com/wp-content/uploads/elementor/css/post-1659.css?ver=1769183194" "Mozilla/5.0 (Windows NT 10.0; Win64; x64) AppleWebKit/537.36 (KHTML, like Gecko) Chrome/143.0.0.0 Safari/537.36 Edg/143.0.0.0"
36.133.115.36 - - [28/Jan/2026:14:29:46 +0800] "POST /wp-cron.php?doing_wp_cron=1769581786.7932140827178955078125 HTTP/1.1" 200 31 "-" "WordPress/6.9; http://cqqizhou.com"
14.108.234.63 - - [28/Jan/2026:14:29:46 +0800] "GET /logistics/ HTTP/1.1" 200 33126 "http://cqqizhou.com/services/" "Mozilla/5.0 (Windows NT 10.0; Win64; x64) AppleWebKit/537.36 (KHTML, like Gecko) Chrome/143.0.0.0 Safari/537.36 Edg/143.0.0.0"
14.108.234.63 - - [28/Jan/2026:14:29:46 +0800] "GET /wp-content/uploads/2026/01/1767696162-qizhoutruck3.webp HTTP/1.1" 200 19026 "http://cqqizhou.com/logistics/" "Mozilla/5.0 (Windows NT 10.0; Win64; x64) AppleWebKit/537.36 (KHTML, like Gecko) Chrome/143.0.0.0 Safari/537.36 Edg/143.0.0.0"
14.108.234.63 - - [28/Jan/2026:14:29:46 +0800] "GET /wp-content/uploads/2025/11/1762864381-QZ_Photo-7.webp HTTP/1.1" 200 129922 "http://cqqizhou.com/logistics/" "Mozilla/5.0 (Windows NT 10.0; Win64; x64) AppleWebKit/537.36 (KHTML, like Gecko) Chrome/143.0.0.0 Safari/537.36 Edg/143.0.0.0"
14.108.234.63 - - [28/Jan/2026:14:29:46 +0800] "GET /wp-content/uploads/2025/12/1765862012-DSC20251216131140.webp HTTP/1.1" 200 78744 "http://cqqizhou.com/logistics/" "Mozilla/5.0 (Windows NT 10.0; Win64; x64) AppleWebKit/537.36 (KHTML, like Gecko) Chrome/143.0.0.0 Safari/537.36 Edg/143.0.0.0"
14.108.234.63 - - [28/Jan/2026:14:29:46 +0800] "GET /wp-content/uploads/2026/01/1767696142-aojiaqiao20260104.webp HTTP/1.1" 200 184988 "http://cqqizhou.com/wp-content/uploads/elementor/css/post-1959.css?ver=1769566905" "Mozilla/5.0 (Windows NT 10.0; Win64; x64) AppleWebKit/537.36 (KHTML, like Gecko) Chrome/143.0.0.0 Safari/537.36 Edg/143.0.0.0"
14.108.234.63 - - [28/Jan/2026:14:29:47 +0800] "GET /wp-json/contact-form-7/v1/contact-forms/1444/feedback/schema HTTP/1.1" 200 270 "http://cqqizhou.com/logistics/" "Mozilla/5.0 (Windows NT 10.0; Win64; x64) AppleWebKit/537.36 (KHTML, like Gecko) Chrome/143.0.0.0 Safari/537.36 Edg/143.0.0.0"
14.108.234.63 - - [28/Jan/2026:14:29:47 +0800] "GET /wp-json/contact-form-7/v1/contact-forms/1444/refill HTTP/1.1" 200 33 "http://cqqizhou.com/logistics/" "Mozilla/5.0 (Windows NT 10.0; Win64; x64) AppleWebKit/537.36 (KHTML, like Gecko) Chrome/143.0.0.0 Safari/537.36 Edg/143.0.0.0"
47.96.157.127 - - [28/Jan/2026:14:29:51 +0800] "POST /wp-login.php HTTP/1.1" 200 9495 "-" "Mozilla/5.0"
14.108.234.63 - - [28/Jan/2026:14:29:59 +0800] "GET /wp-content/uploads/2026/01/1767534397-4.2%E7%B1%B3%E4%BD%8E%E6%A0%8F%E8%B4%A7%E8%BD%A6.webp HTTP/1.1" 200 91652 "http://cqqizhou.com/logistics/" "Mozilla/5.0 (Windows NT 10.0; Win64; x64) AppleWebKit/537.36 (KHTML, like Gecko) Chrome/143.0.0.0 Safari/537.36 Edg/143.0.0.0"
14.108.234.63 - - [28/Jan/2026:14:29:59 +0800] "GET /wp-content/uploads/2026/01/1767534396-17.5%E7%B1%B3%E5%B9%B3%E6%9D%BF%E8%B4%A7%E8%BD%A6.webp HTTP/1.1" 200 118248 "http://cqqizhou.com/logistics/" "Mozilla/5.0 (Windows NT 10.0; Win64; x64) AppleWebKit/537.36 (KHTML, like Gecko) Chrome/143.0.0.0 Safari/537.36 Edg/143.0.0.0"
14.108.234.63 - - [28/Jan/2026:14:29:59 +0800] "GET /wp-content/uploads/2026/01/1767534398-6.8%E7%B1%B3%E9%AB%98%E6%A0%8F%E8%B4%A7%E8%BD%A6.webp HTTP/1.1" 200 113794 "http://cqqizhou.com/logistics/" "Mozilla/5.0 (Windows NT 10.0; Win64; x64) AppleWebKit/537.36 (KHTML, like Gecko) Chrome/143.0.0.0 Safari/537.36 Edg/143.0.0.0"
14.108.234.63 - - [28/Jan/2026:14:30:02 +0800] "GET /wp-content/uploads/2026/01/1767618076-Logistics_BG2508.webp HTTP/1.1" 200 94788 "http://cqqizhou.com/wp-content/uploads/elementor/css/post-1959.css?ver=1769566905" "Mozilla/5.0 (Windows NT 10.0; Win64; x64) AppleWebKit/537.36 (KHTML, like Gecko) Chrome/143.0.0.0 Safari/537.36 Edg/143.0.0.0"
36.133.115.36 - - [28/Jan/2026:14:30:20 +0800] "POST /wp-cron.php?doing_wp_cron=1769581820.1757340431213378906250 HTTP/1.1" 200 31 "-" "WordPress/6.9; http://cqqizhou.com"
14.108.234.63 - - [28/Jan/2026:14:30:20 +0800] "GET /media/ HTTP/1.1" 200 33382 "http://cqqizhou.com/logistics/" "Mozilla/5.0 (Windows NT 10.0; Win64; x64) AppleWebKit/537.36 (KHTML, like Gecko) Chrome/143.0.0.0 Safari/537.36 Edg/143.0.0.0"
14.108.234.63 - - [28/Jan/2026:14:30:20 +0800] "GET /wp-content/uploads/2025/11/1762861549-%E5%85%A8%E6%99%AF%E5%90%AF%E8%88%9F%E5%9D%A4%E7%85%8C%E5%BA%93.webp HTTP/1.1" 200 18812 "http://cqqizhou.com/media/" "Mozilla/5.0 (Windows NT 10.0; Win64; x64) AppleWebKit/537.36 (KHTML, like Gecko) Chrome/143.0.0.0 Safari/537.36 Edg/143.0.0.0"
14.108.234.63 - - [28/Jan/2026:14:30:20 +0800] "GET /wp-content/uploads/2025/11/1762861550-%E4%B8%87%E5%98%89%E7%9B%9B%E5%BA%93%E5%85%A8%E6%99%AF%E5%9B%BE.webp HTTP/1.1" 200 24278 "http://cqqizhou.com/media/" "Mozilla/5.0 (Windows NT 10.0; Win64; x64) AppleWebKit/537.36 (KHTML, like Gecko) Chrome/143.0.0.0 Safari/537.36 Edg/143.0.0.0"
14.108.234.63 - - [28/Jan/2026:14:30:20 +0800] "GET /wp-content/uploads/media/qizhou_Brochure.webp HTTP/1.1" 200 26142 "http://cqqizhou.com/media/" "Mozilla/5.0 (Windows NT 10.0; Win64; x64) AppleWebKit/537.36 (KHTML, like Gecko) Chrome/143.0.0.0 Safari/537.36 Edg/143.0.0.0"
14.108.234.63 - - [28/Jan/2026:14:30:20 +0800] "GET /wp-content/uploads/2025/12/1765268955-qizhou_Slider1_3840%C3%972160_20251210-scaled.webp HTTP/1.1" 200 152162 "http://cqqizhou.com/media/" "Mozilla/5.0 (Windows NT 10.0; Win64; x64) AppleWebKit/537.36 (KHTML, like Gecko) Chrome/143.0.0.0 Safari/537.36 Edg/143.0.0.0"
36.133.115.36 - - [28/Jan/2026:14:31:08 +0800] "POST /wp-cron.php?doing_wp_cron=1769581868.8171150684356689453125 HTTP/1.1" 200 31 "-" "WordPress/6.9; http://cqqizhou.com"
159.223.176.184 - - [28/Jan/2026:14:31:08 +0800] "POST /xmlrpc.php HTTP/1.1" 200 217 "-" "Mozilla/5.0 (Windows NT 10.0; WOW64) AppleWebKit/537.43 (KHTML, like Gecko) Chrome/137.0.0.0 Safari/537.36 OPR/121.0.0.0"
14.108.234.63 - - [28/Jan/2026:14:31:33 +0800] "GET /wp-content/uploads/2025/11/1762864379-QZ_Photo-6.webp HTTP/1.1" 200 121336 "http://cqqizhou.com/media/" "Mozilla/5.0 (Windows NT 10.0; Win64; x64) AppleWebKit/537.36 (KHTML, like Gecko) Chrome/143.0.0.0 Safari/537.36 Edg/143.0.0.0"
14.108.234.63 - - [28/Jan/2026:14:31:33 +0800] "GET /wp-content/uploads/2025/11/1762864378-QZ_Photo-5.webp HTTP/1.1" 200 150306 "http://cqqizhou.com/media/" "Mozilla/5.0 (Windows NT 10.0; Win64; x64) AppleWebKit/537.36 (KHTML, like Gecko) Chrome/143.0.0.0 Safari/537.36 Edg/143.0.0.0"
14.108.234.63 - - [28/Jan/2026:14:31:33 +0800] "GET /wp-content/uploads/2025/11/1762908477-QZ_Photo-2.webp HTTP/1.1" 200 185928 "http://cqqizhou.com/media/" "Mozilla/5.0 (Windows NT 10.0; Win64; x64) AppleWebKit/537.36 (KHTML, like Gecko) Chrome/143.0.0.0 Safari/537.36 Edg/143.0.0.0"
14.108.234.63 - - [28/Jan/2026:14:31:33 +0800] "GET /wp-content/uploads/2025/11/1762864376-QZ_Photo-4.webp HTTP/1.1" 200 249734 "http://cqqizhou.com/media/" "Mozilla/5.0 (Windows NT 10.0; Win64; x64) AppleWebKit/537.36 (KHTML, like Gecko) Chrome/143.0.0.0 Safari/537.36 Edg/143.0.0.0"
14.108.234.63 - - [28/Jan/2026:14:31:33 +0800] "GET /wp-content/uploads/2025/11/1762908489-QZ_Photo-9.webp HTTP/1.1" 200 149094 "http://cqqizhou.com/media/" "Mozilla/5.0 (Windows NT 10.0; Win64; x64) AppleWebKit/537.36 (KHTML, like Gecko) Chrome/143.0.0.0 Safari/537.36 Edg/143.0.0.0"
14.108.234.63 - - [28/Jan/2026:14:31:33 +0800] "GET /wp-content/uploads/2025/11/1762864385-QZ_Photo-10.webp HTTP/1.1" 200 145408 "http://cqqizhou.com/media/" "Mozilla/5.0 (Windows NT 10.0; Win64; x64) AppleWebKit/537.36 (KHTML, like Gecko) Chrome/143.0.0.0 Safari/537.36 Edg/143.0.0.0"
14.108.234.63 - - [28/Jan/2026:14:31:33 +0800] "GET /wp-content/uploads/2025/11/1762864369-QZ_Photo-11.webp HTTP/1.1" 200 240198 "http://cqqizhou.com/media/" "Mozilla/5.0 (Windows NT 10.0; Win64; x64) AppleWebKit/537.36 (KHTML, like Gecko) Chrome/143.0.0.0 Safari/537.36 Edg/143.0.0.0"
14.108.234.63 - - [28/Jan/2026:14:31:33 +0800] "GET /wp-content/uploads/2025/11/1762864370-QZ_Photo-1.webp HTTP/1.1" 200 162970 "http://cqqizhou.com/media/" "Mozilla/5.0 (Windows NT 10.0; Win64; x64) AppleWebKit/537.36 (KHTML, like Gecko) Chrome/143.0.0.0 Safari/537.36 Edg/143.0.0.0"
14.108.234.63 - - [28/Jan/2026:14:31:33 +0800] "GET /wp-content/uploads/2025/11/1762864375-QZ_Photo-3.webp HTTP/1.1" 200 338100 "http://cqqizhou.com/media/" "Mozilla/5.0 (Windows NT 10.0; Win64; x64) AppleWebKit/537.36 (KHTML, like Gecko) Chrome/143.0.0.0 Safari/537.36 Edg/143.0.0.0"
14.108.234.63 - - [28/Jan/2026:14:31:33 +0800] "GET /wp-content/uploads/2025/07/1750649186-qizhou1920x1080_3.webp HTTP/1.1" 200 134070 "http://cqqizhou.com/media/" "Mozilla/5.0 (Windows NT 10.0; Win64; x64) AppleWebKit/537.36 (KHTML, like Gecko) Chrome/143.0.0.0 Safari/537.36 Edg/143.0.0.0"
36.133.115.36 - - [28/Jan/2026:14:32:14 +0800] "POST /wp-cron.php?doing_wp_cron=1769581934.2451479434967041015625 HTTP/1.1" 200 31 "-" "WordPress/6.9; http://cqqizhou.com"
14.108.234.63 - - [28/Jan/2026:14:32:14 +0800] "GET /logistics/ HTTP/1.1" 200 33123 "http://cqqizhou.com/media/" "Mozilla/5.0 (Windows NT 10.0; Win64; x64) AppleWebKit/537.36 (KHTML, like Gecko) Chrome/143.0.0.0 Safari/537.36 Edg/143.0.0.0"
14.108.234.63 - - [28/Jan/2026:14:32:15 +0800] "GET /wp-json/contact-form-7/v1/contact-forms/1444/feedback/schema HTTP/1.1" 200 270 "http://cqqizhou.com/logistics/" "Mozilla/5.0 (Windows NT 10.0; Win64; x64) AppleWebKit/537.36 (KHTML, like Gecko) Chrome/143.0.0.0 Safari/537.36 Edg/143.0.0.0"
14.108.234.63 - - [28/Jan/2026:14:32:15 +0800] "GET /wp-json/contact-form-7/v1/contact-forms/1444/refill HTTP/1.1" 200 33 "http://cqqizhou.com/logistics/" "Mozilla/5.0 (Windows NT 10.0; Win64; x64) AppleWebKit/537.36 (KHTML, like Gecko) Chrome/143.0.0.0 Safari/537.36 Edg/143.0.0.0"
36.133.115.36 - - [28/Jan/2026:14:33:43 +0800] "POST /wp-cron.php?doing_wp_cron=1769582023.4593729972839355468750 HTTP/1.1" 200 31 "-" "WordPress/6.9; http://cqqizhou.com"
95.214.54.147 - - [28/Jan/2026:14:33:43 +0800] "GET / HTTP/1.1" 200 157321 "-" "Mozilla/5.0"
