HEX
Server: nginx/1.16.1
System: Linux ecs-04358622 4.19.90-2107.6.0.0100.oe1.bclinux.x86_64 #1 SMP Wed Dec 1 19:59:44 CST 2021 x86_64
User: nginx (994)
PHP: 8.0.0
Disabled: NONE
Upload Files
File: /home/logs/cqqizhou_access_2026-01-28.log
36.133.115.36 - - [28/Jan/2026:00:04:48 +0800] "POST /wp-cron.php?doing_wp_cron=1769529888.5102651119232177734375 HTTP/1.1" 200 31 "-" "WordPress/6.9; http://cqqizhou.com"
43.158.91.71 - - [28/Jan/2026:00:04:48 +0800] "GET / HTTP/1.1" 200 34722 "-" "Mozilla/5.0 (iPhone; CPU iPhone OS 13_2_3 like Mac OS X) AppleWebKit/605.1.15 (KHTML, like Gecko) Version/13.0.3 Mobile/15E148 Safari/604.1"
192.126.253.148 - - [28/Jan/2026:00:07:48 +0800] "GET /contacts/ HTTP/1.1" 200 21695 "-" "Mozilla/5.0 (Windows NT 10.0; Win64; x64) AppleWebKit/537.36 (KHTML, like Gecko) Chrome/114.0.0.0 Safari/537.36 OPR/89.0.4447.51"
36.133.115.36 - - [28/Jan/2026:00:07:54 +0800] "POST /wp-cron.php?doing_wp_cron=1769530074.8219339847564697265625 HTTP/1.1" 200 31 "-" "WordPress/6.9; http://cqqizhou.com"
192.126.253.148 - - [28/Jan/2026:00:07:54 +0800] "POST /wp-json/contact-form-7/v1/contact-forms/158/feedback HTTP/1.1" 200 219 "http://cqqizhou.com/contacts/" "Mozilla/5.0 (Windows NT 10.0; Win64; x64) AppleWebKit/537.36 (KHTML, like Gecko) Chrome/114.0.0.0 Safari/537.36 OPR/89.0.4447.51"
36.133.115.36 - - [28/Jan/2026:00:14:43 +0800] "POST /wp-cron.php?doing_wp_cron=1769530483.1181640625000000000000 HTTP/1.1" 200 31 "-" "WordPress/6.9; http://cqqizhou.com"
20.150.194.49 - - [28/Jan/2026:00:14:43 +0800] "GET /developmentserver/metadatauploader HTTP/1.1" 404 8950 "-" "Mozilla/5.0 zgrab/0.x"
36.133.115.36 - - [28/Jan/2026:00:26:21 +0800] "POST /wp-cron.php?doing_wp_cron=1769531181.3043100833892822265625 HTTP/1.1" 200 31 "-" "WordPress/6.9; http://cqqizhou.com"
36.143.179.78 - - [28/Jan/2026:00:26:21 +0800] "GET /Ly9jcXFpemhvdS5jb20vd3AtY29udGVudC91cGxvYWRzLzIwMjYvMDEvMTc2ODI3NjExOS1xaXpob3VqaWFnb25nX1NsaWRlcl8zODQww5cyMTYwXzIwMjYwMTEzLXNjYWxlZC53ZWJw HTTP/1.1" 404 8950 "-" "Mozilla/5.0 (Windows NT 10.0; Win64; x64) AppleWebKit/537.36 (KHTML, like Gecko) Chrome/80.0.3987.16"
42.236.17.90 - - [28/Jan/2026:00:27:15 +0800] "GET / HTTP/1.1" 200 35166 "http://cqqizhou.com" "Mozilla/5.0 (Windows NT 10.0; Win64; x64) AppleWebKit/537.36 (KHTML, like Gecko) Chrome/140.0.0.0 Safari/537.36 Edg/140.0.0.0; 360Spider"
36.133.115.36 - - [28/Jan/2026:00:31:03 +0800] "POST /wp-cron.php?doing_wp_cron=1769531463.7444579601287841796875 HTTP/1.1" 200 31 "-" "WordPress/6.9; http://cqqizhou.com"
204.76.203.219 - - [28/Jan/2026:00:31:03 +0800] "GET / HTTP/1.1" 200 34722 "-" "Mozilla/5.0 (Windows NT 10.0; Win64; x64) AppleWebKit/537.36 (KHTML, like Gecko) Chrome/90.0.4430.85 Safari/537.36 Edg/90.0.818.46"
36.133.115.36 - - [28/Jan/2026:00:33:48 +0800] "POST /wp-cron.php?doing_wp_cron=1769531628.6139779090881347656250 HTTP/1.1" 200 31 "-" "WordPress/6.9; http://cqqizhou.com"
47.96.157.127 - - [28/Jan/2026:00:33:48 +0800] "GET /wp-login.php HTTP/1.1" 200 2854 "-" "Mozilla/5.0"
47.96.157.127 - - [28/Jan/2026:00:33:49 +0800] "GET /?author=1 HTTP/1.1" 301 5 "-" "Mozilla/5.0"
47.96.157.127 - - [28/Jan/2026:00:33:49 +0800] "GET /?author=2 HTTP/1.1" 301 5 "-" "Mozilla/5.0"
36.133.115.36 - - [28/Jan/2026:00:39:34 +0800] "POST /wp-cron.php?doing_wp_cron=1769531974.8135669231414794921875 HTTP/1.1" 200 31 "-" "WordPress/6.9; http://cqqizhou.com"
39.182.57.246 - - [28/Jan/2026:00:39:34 +0800] "GET /Ly9jcXFpemhvdS5jb20vd3AtY29udGVudC91cGxvYWRzLzIwMjYvMDEvMTc2ODI4MDI3MC1hbnF1YW5fU2xpZGVyXzM4NDDDlzIxNjBfMjAyNjAxMTQtc2NhbGVkLndlYnA= HTTP/1.1" 404 8951 "-" "Mozilla/5.0 (Windows NT 6.2; Win64; x64) AppleWebKit/537.36 (KHTML, like Gecko) Chrome/83.0.4103.39"
36.133.108.121 - - [28/Jan/2026:00:39:34 +0800] "HEAD /backup/ HTTP/1.1" 404 0 "-" "Mozilla/5.0 (compatible; MSIE 9.0; Windows NT 6.1; Trident/5.0; FunWebProducts)"
36.133.115.36 - - [28/Jan/2026:00:42:27 +0800] "POST /wp-cron.php?doing_wp_cron=1769532147.5840969085693359375000 HTTP/1.1" 200 31 "-" "WordPress/6.9; http://cqqizhou.com"
178.62.32.109 - - [28/Jan/2026:00:42:27 +0800] "POST /xmlrpc.php HTTP/1.1" 200 217 "-" "Mozilla/5.0 (Windows NT 10.0) AppleWebKit/537.36 (KHTML, like Gecko) Chrome/139.0.0.0 Safari/537.36"
121.29.51.28 - - [28/Jan/2026:00:42:36 +0800] "GET / HTTP/1.1" 200 34722 "-" "Dalvik/2.1.0 (Linux; U; Android 9.0; ZTE BA520 Build/MRA58K)"
118.31.107.95 - - [28/Jan/2026:00:49:56 +0800] "GET /admini/webUploader/preview.php HTTP/1.1" 404 47 "-" "Mozilla/5.0 (Windows NT 10.0; Win64; x64)"
118.31.107.95 - - [28/Jan/2026:00:49:56 +0800] "GET /admini/webUploader/fileupload.php HTTP/1.1" 404 47 "-" "Mozilla/5.0 (Windows NT 10.0; Win64; x64)"
52.167.144.158 - - [28/Jan/2026:00:51:52 +0800] "GET /services/ HTTP/1.1" 200 31647 "-" "Mozilla/5.0 AppleWebKit/537.36 (KHTML, like Gecko; compatible; bingbot/2.0; +http://www.bing.com/bingbot.htm) Chrome/116.0.1938.76 Safari/537.36"
36.133.115.36 - - [28/Jan/2026:01:00:17 +0800] "POST /wp-cron.php?doing_wp_cron=1769533217.1084721088409423828125 HTTP/1.1" 200 31 "-" "WordPress/6.9; http://cqqizhou.com"
38.46.221.123 - - [28/Jan/2026:01:00:17 +0800] "GET http://check.9tb.org/ HTTP/1.1" 301 5 "-" "Go-http-client/1.1"
38.46.221.123 - - [28/Jan/2026:01:00:17 +0800] "GET http://cqqizhou.com/ HTTP/1.1" 200 35166 "http://check.9tb.org" "Go-http-client/1.1"
36.133.115.36 - - [28/Jan/2026:01:15:04 +0800] "POST /wp-cron.php?doing_wp_cron=1769534104.1751179695129394531250 HTTP/1.1" 200 31 "-" "WordPress/6.9; http://cqqizhou.com"
95.214.54.147 - - [28/Jan/2026:01:15:04 +0800] "GET / HTTP/1.1" 200 157321 "-" "Mozilla/5.0"
36.133.115.36 - - [28/Jan/2026:01:23:47 +0800] "POST /wp-cron.php?doing_wp_cron=1769534627.6624639034271240234375 HTTP/1.1" 200 31 "-" "WordPress/6.9; http://cqqizhou.com"
95.214.54.147 - - [28/Jan/2026:01:23:48 +0800] "GET / HTTP/1.1" 200 157321 "-" "Mozilla/5.0"
204.76.203.219 - - [28/Jan/2026:01:24:04 +0800] "GET / HTTP/1.1" 200 34722 "-" "Mozilla/5.0 (Windows NT 10.0; Win64; x64) AppleWebKit/537.36 (KHTML, like Gecko) Chrome/90.0.4430.85 Safari/537.36 Edg/90.0.818.46"
36.133.115.36 - - [28/Jan/2026:01:29:44 +0800] "POST /wp-cron.php?doing_wp_cron=1769534984.1615769863128662109375 HTTP/1.1" 200 31 "-" "WordPress/6.9; http://cqqizhou.com"
124.156.172.52 - - [28/Jan/2026:01:29:44 +0800] "GET /logistics HTTP/1.1" 301 5 "-" "Mozilla/5.0 (Windows NT 10.0; Win64; x64) AppleWebKit/537.36 (KHTML, like Gecko) Chrome/120.0.0.0 Safari/537.36 Edg/120.0.0.0"
124.156.172.52 - - [28/Jan/2026:01:29:44 +0800] "GET /logistics/ HTTP/1.1" 200 119864 "-" "Mozilla/5.0 (Windows NT 10.0; Win64; x64) AppleWebKit/537.36 (KHTML, like Gecko) Chrome/120.0.0.0 Safari/537.36 Edg/120.0.0.0"
195.7.5.127 - - [28/Jan/2026:01:30:07 +0800] "POST /xmlrpc.php HTTP/1.1" 200 217 "-" "Mozilla/5.0 (Windows NT 10.0; Win64; x64; rv:140.0) Gecko/20100101 Firefox/140.0"
36.133.115.36 - - [28/Jan/2026:01:35:06 +0800] "POST /wp-cron.php?doing_wp_cron=1769535306.0899219512939453125000 HTTP/1.1" 200 31 "-" "WordPress/6.9; http://cqqizhou.com"
204.76.203.69 - - [28/Jan/2026:01:35:06 +0800] "GET / HTTP/1.1" 200 157321 "-" "-"
36.133.115.36 - - [28/Jan/2026:01:40:01 +0800] "POST /wp-cron.php?doing_wp_cron=1769535601.4977490901947021484375 HTTP/1.1" 200 31 "-" "WordPress/6.9; http://cqqizhou.com"
43.130.102.7 - - [28/Jan/2026:01:40:01 +0800] "GET / HTTP/1.1" 301 5 "-" "Mozilla/5.0 (iPhone; CPU iPhone OS 13_2_3 like Mac OS X) AppleWebKit/605.1.15 (KHTML, like Gecko) Version/13.0.3 Mobile/15E148 Safari/604.1"
43.130.102.7 - - [28/Jan/2026:01:40:04 +0800] "GET / HTTP/1.1" 200 34722 "http://www.cqqizhou.com" "Mozilla/5.0 (iPhone; CPU iPhone OS 13_2_3 like Mac OS X) AppleWebKit/605.1.15 (KHTML, like Gecko) Version/13.0.3 Mobile/15E148 Safari/604.1"
36.133.115.36 - - [28/Jan/2026:02:02:43 +0800] "POST /wp-cron.php?doing_wp_cron=1769536963.2068729400634765625000 HTTP/1.1" 200 31 "-" "WordPress/6.9; http://cqqizhou.com"
5.61.209.92 - - [28/Jan/2026:02:02:43 +0800] "GET /SDK/webLanguage HTTP/1.1" 301 5 "-" "Mozilla/5.0 (Windows NT 10.0; Win64; x64) AppleWebKit/537.36 (KHTML, like Gecko) Chrome/90.0.4430.85 Safari/537.36 Edg/90.0.818.46"
36.133.115.36 - - [28/Jan/2026:02:07:50 +0800] "POST /wp-cron.php?doing_wp_cron=1769537270.4533638954162597656250 HTTP/1.1" 200 31 "-" "WordPress/6.9; http://cqqizhou.com"
142.44.220.215 - - [28/Jan/2026:02:07:50 +0800] "GET /robots.txt HTTP/1.1" 200 190 "-" "Mozilla/5.0 (compatible; AhrefsBot/7.0; +http://ahrefs.com/robot/)"
51.195.244.52 - - [28/Jan/2026:02:07:54 +0800] "GET /news/ HTTP/1.1" 200 25741 "-" "Mozilla/5.0 (compatible; AhrefsBot/7.0; +http://ahrefs.com/robot/)"
198.244.183.144 - - [28/Jan/2026:02:11:33 +0800] "GET /wp-content/uploads/2026/01/1769511379-Article_images_W900%C3%97500px202601271.webp HTTP/1.1" 200 67912 "-" "Mozilla/5.0 (compatible; AhrefsBot/7.0; +http://ahrefs.com/robot/)"
36.133.115.36 - - [28/Jan/2026:02:13:54 +0800] "POST /wp-cron.php?doing_wp_cron=1769537634.0530929565429687500000 HTTP/1.1" 200 31 "-" "WordPress/6.9; http://cqqizhou.com"
43.157.53.115 - - [28/Jan/2026:02:13:54 +0800] "GET / HTTP/1.1" 301 5 "-" "Mozilla/5.0 (iPhone; CPU iPhone OS 13_2_3 like Mac OS X) AppleWebKit/605.1.15 (KHTML, like Gecko) Version/13.0.3 Mobile/15E148 Safari/604.1"
43.157.53.115 - - [28/Jan/2026:02:13:56 +0800] "GET / HTTP/1.1" 200 34723 "http://36.133.115.36" "Mozilla/5.0 (iPhone; CPU iPhone OS 13_2_3 like Mac OS X) AppleWebKit/605.1.15 (KHTML, like Gecko) Version/13.0.3 Mobile/15E148 Safari/604.1"
36.133.115.36 - - [28/Jan/2026:02:14:31 +0800] "POST /wp-cron.php?doing_wp_cron=1769537671.0164330005645751953125 HTTP/1.1" 200 31 "-" "WordPress/6.9; http://cqqizhou.com"
204.76.203.219 - - [28/Jan/2026:02:14:31 +0800] "GET / HTTP/1.1" 200 34722 "-" "Mozilla/5.0 (Windows NT 10.0; Win64; x64) AppleWebKit/537.36 (KHTML, like Gecko) Chrome/90.0.4430.85 Safari/537.36 Edg/90.0.818.46"
36.133.115.36 - - [28/Jan/2026:02:15:55 +0800] "POST /wp-cron.php?doing_wp_cron=1769537755.5523920059204101562500 HTTP/1.1" 200 31 "-" "WordPress/6.9; http://cqqizhou.com"
193.142.147.209 - - [28/Jan/2026:02:15:56 +0800] "POST / HTTP/1.1" 200 34722 "-" "Mozilla/5.0 (Windows NT 10.0; Win64; x64) AppleWebKit/537.36"
36.133.115.36 - - [28/Jan/2026:02:22:38 +0800] "POST /wp-cron.php?doing_wp_cron=1769538158.5354890823364257812500 HTTP/1.1" 200 31 "-" "WordPress/6.9; http://cqqizhou.com"
50.116.31.125 - - [28/Jan/2026:02:22:38 +0800] "POST /xmlrpc.php HTTP/1.1" 200 217 "-" "Mozilla/5.0 (Windows NT 10.0; Win64; x64; rv:143.0) Gecko/20100101 Firefox/143.0"
36.133.115.36 - - [28/Jan/2026:02:24:21 +0800] "POST /wp-cron.php?doing_wp_cron=1769538261.3945400714874267578125 HTTP/1.1" 200 31 "-" "WordPress/6.9; http://cqqizhou.com"
147.185.133.111 - - [28/Jan/2026:02:24:21 +0800] "GET /api/modular-connector/ HTTP/1.1" 301 5 "-" "Hello from Palo Alto Networks, find out more about our scans in https://docs-cortex.paloaltonetworks.com/r/1/Cortex-Xpanse/Scanning-activity"
36.133.115.36 - - [28/Jan/2026:02:32:09 +0800] "POST /wp-cron.php?doing_wp_cron=1769538729.0254220962524414062500 HTTP/1.1" 200 31 "-" "WordPress/6.9; http://cqqizhou.com"
159.223.20.142 - - [28/Jan/2026:02:32:09 +0800] "GET /query?q=SHOW+DIAGNOSTICS HTTP/1.1" 301 5 "-" "Go-http-client/1.1"
159.223.20.142 - - [28/Jan/2026:02:32:11 +0800] "GET /query?q=SHOW+DIAGNOSTICS HTTP/1.1" 404 31367 "http://36.133.115.36:80/query?q=SHOW+DIAGNOSTICS" "Go-http-client/1.1"
36.133.115.36 - - [28/Jan/2026:02:35:37 +0800] "POST /wp-cron.php?doing_wp_cron=1769538937.5754120349884033203125 HTTP/1.1" 200 31 "-" "WordPress/6.9; http://cqqizhou.com"
95.214.54.147 - - [28/Jan/2026:02:35:38 +0800] "GET / HTTP/1.1" 200 157321 "-" "Mozilla/5.0"
36.133.115.36 - - [28/Jan/2026:02:37:02 +0800] "POST /wp-cron.php?doing_wp_cron=1769539022.5947949886322021484375 HTTP/1.1" 200 31 "-" "WordPress/6.9; http://cqqizhou.com"
147.185.132.93 - - [28/Jan/2026:02:37:02 +0800] "GET /api/modular-connector/ HTTP/1.1" 404 31367 "-" "Hello from Palo Alto Networks, find out more about our scans in https://docs-cortex.paloaltonetworks.com/r/1/Cortex-Xpanse/Scanning-activity"
117.181.4.95 - - [28/Jan/2026:02:38:23 +0800] "GET /contacts/ HTTP/1.1" 200 21695 "-" "Mozilla/5.0 (Windows NT 10.0; Win64; x64) AppleWebKit/537.36 (KHTML, like Gecko) Chrome/136.0.0.0 Safari/537.36"
112.36.68.231 - - [28/Jan/2026:02:38:24 +0800] "GET /contacts/ HTTP/1.1" 200 21695 "-" "Mozilla/5.0 (Windows NT 10.0; Win64; x64) AppleWebKit/537.36 (KHTML, like Gecko) Chrome/136.0.0.0 Safari/537.36"
223.73.37.24 - - [28/Jan/2026:02:38:24 +0800] "GET /contacts/ HTTP/1.1" 200 21695 "-" "Mozilla/5.0 (Windows NT 10.0; Win64; x64) AppleWebKit/537.36 (KHTML, like Gecko) Chrome/136.0.0.0 Safari/537.36"
221.9.216.205 - - [28/Jan/2026:02:38:24 +0800] "GET /contacts/ HTTP/1.1" 200 21695 "-" "Mozilla/5.0 (Windows NT 10.0; Win64; x64) AppleWebKit/537.36 (KHTML, like Gecko) Chrome/136.0.0.0 Safari/537.36"
167.71.226.190 - - [28/Jan/2026:02:58:05 +0800] "GET / HTTP/1.1" 200 35166 "-" "Mozilla/5.0 (X11; Linux x86_64; rv:142.0) Gecko/20100101 Firefox/142.0"
36.133.115.36 - - [28/Jan/2026:03:06:45 +0800] "POST /wp-cron.php?doing_wp_cron=1769540805.0035300254821777343750 HTTP/1.1" 200 31 "-" "WordPress/6.9; http://cqqizhou.com"
199.45.154.124 - - [28/Jan/2026:03:06:45 +0800] "GET / HTTP/1.1" 301 5 "-" "Mozilla/5.0 (compatible; CensysInspect/1.1; +https://about.censys.io/)"
199.45.154.124 - - [28/Jan/2026:03:06:52 +0800] "GET /.well-known/security.txt HTTP/1.1" 404 8950 "-" "Mozilla/5.0 (compatible; CensysInspect/1.1; +https://about.censys.io/)"
36.133.115.36 - - [28/Jan/2026:03:07:09 +0800] "POST /wp-cron.php?doing_wp_cron=1769540829.7270119190216064453125 HTTP/1.1" 200 31 "-" "WordPress/6.9; http://cqqizhou.com"
115.159.33.43 - - [28/Jan/2026:03:07:09 +0800] "GET / HTTP/1.1" 301 5 "-" "Mozilla/5.0 (Windows NT 10.0; Win64; x64) AppleWebKit/537.36 (KHTML, like Gecko) Chrome/79.0.3945.117 Safari/537.36"
36.133.115.36 - - [28/Jan/2026:03:08:12 +0800] "POST /wp-cron.php?doing_wp_cron=1769540892.8225600719451904296875 HTTP/1.1" 200 31 "-" "WordPress/6.9; http://cqqizhou.com"
203.2.64.59 - - [28/Jan/2026:03:08:12 +0800] "GET / HTTP/1.1" 200 34722 "-" "Mozilla/5.0 (iPhone; CPU iPhone OS 13_2_3 like Mac OS X) AppleWebKit/605.1.15 (KHTML, like Gecko) Version/13.0.3 Mobile/15E148 Safari/604.1"
36.133.115.36 - - [28/Jan/2026:03:11:17 +0800] "POST /wp-cron.php?doing_wp_cron=1769541077.6685070991516113281250 HTTP/1.1" 200 31 "-" "WordPress/6.9; http://cqqizhou.com"
77.83.39.184 - - [28/Jan/2026:03:11:17 +0800] "GET / HTTP/1.1" 301 5 "-" "Mozilla/5.0 (Macintosh; Intel Mac OS X 10_14_4) AppleWebKit/537.36 (KHTML, like Gecko) Chrome/75.0.3770.142 Safari/537.36"
204.76.203.219 - - [28/Jan/2026:03:12:04 +0800] "GET / HTTP/1.1" 200 34722 "-" "Mozilla/5.0 (Windows NT 10.0; Win64; x64) AppleWebKit/537.36 (KHTML, like Gecko) Chrome/90.0.4430.85 Safari/537.36 Edg/90.0.818.46"
36.133.115.36 - - [28/Jan/2026:03:16:06 +0800] "POST /wp-cron.php?doing_wp_cron=1769541366.6298789978027343750000 HTTP/1.1" 200 31 "-" "WordPress/6.9; http://cqqizhou.com"
95.214.54.147 - - [28/Jan/2026:03:16:07 +0800] "GET / HTTP/1.1" 200 157321 "-" "Mozilla/5.0"
36.133.115.36 - - [28/Jan/2026:03:16:40 +0800] "POST /wp-cron.php?doing_wp_cron=1769541399.9947550296783447265625 HTTP/1.1" 200 31 "-" "WordPress/6.9; http://cqqizhou.com"
46.246.39.245 - - [28/Jan/2026:03:16:40 +0800] "POST /xmlrpc.php HTTP/1.1" 200 217 "-" "Mozilla/5.0 (Windows NT 10.0; Win64; x64) AppleWebKit/537.36 (KHTML, like Gecko) Chrome/138.0.0.0 Safari/537.36 Edg/138.0.0.0"
36.133.115.36 - - [28/Jan/2026:03:35:06 +0800] "POST /wp-cron.php?doing_wp_cron=1769542506.0712819099426269531250 HTTP/1.1" 200 31 "-" "WordPress/6.9; http://cqqizhou.com"
205.210.31.243 - - [28/Jan/2026:03:35:06 +0800] "GET /api/modular-connector/ HTTP/1.1" 404 31367 "-" "Hello from Palo Alto Networks, find out more about our scans in https://docs-cortex.paloaltonetworks.com/r/1/Cortex-Xpanse/Scanning-activity"
36.133.115.36 - - [28/Jan/2026:03:35:55 +0800] "POST /wp-cron.php?doing_wp_cron=1769542555.6985480785369873046875 HTTP/1.1" 200 31 "-" "WordPress/6.9; http://cqqizhou.com"
35.203.210.210 - - [28/Jan/2026:03:35:55 +0800] "GET /api/modular-connector/ HTTP/1.1" 301 5 "-" "Hello from Palo Alto Networks, find out more about our scans in https://docs-cortex.paloaltonetworks.com/r/1/Cortex-Xpanse/Scanning-activity"
36.133.115.36 - - [28/Jan/2026:03:46:52 +0800] "POST /wp-cron.php?doing_wp_cron=1769543212.1188230514526367187500 HTTP/1.1" 200 31 "-" "WordPress/6.9; http://cqqizhou.com"
95.214.54.147 - - [28/Jan/2026:03:46:52 +0800] "GET / HTTP/1.1" 200 157321 "-" "Mozilla/5.0"
36.133.115.36 - - [28/Jan/2026:04:01:23 +0800] "POST /wp-cron.php?doing_wp_cron=1769544083.0943551063537597656250 HTTP/1.1" 200 31 "-" "WordPress/6.9; http://cqqizhou.com"
204.76.203.219 - - [28/Jan/2026:04:01:23 +0800] "GET / HTTP/1.1" 200 34722 "-" "Mozilla/5.0 (Windows NT 10.0; Win64; x64) AppleWebKit/537.36 (KHTML, like Gecko) Chrome/90.0.4430.85 Safari/537.36 Edg/90.0.818.46"
36.133.115.36 - - [28/Jan/2026:04:11:21 +0800] "POST /wp-cron.php?doing_wp_cron=1769544681.5033600330352783203125 HTTP/1.1" 200 31 "-" "WordPress/6.9; http://cqqizhou.com"
178.128.250.184 - - [28/Jan/2026:04:11:21 +0800] "POST /xmlrpc.php HTTP/1.1" 200 217 "-" "Mozilla/5.0 (Windows NT 10.0; WOW64; rv:144.0) Gecko/20100101 Firefox/144.0"
36.133.115.36 - - [28/Jan/2026:04:19:18 +0800] "POST /wp-cron.php?doing_wp_cron=1769545158.9464778900146484375000 HTTP/1.1" 200 31 "-" "WordPress/6.9; http://cqqizhou.com"
147.185.132.239 - - [28/Jan/2026:04:19:18 +0800] "GET /api/modular-connector/ HTTP/1.1" 301 5 "-" "Hello from Palo Alto Networks, find out more about our scans in https://docs-cortex.paloaltonetworks.com/r/1/Cortex-Xpanse/Scanning-activity"
147.185.132.239 - - [28/Jan/2026:04:19:20 +0800] "GET /api/modular-connector/ HTTP/1.1" 404 31367 "http://36.133.115.36:80/api/modular-connector/" "Hello from Palo Alto Networks, find out more about our scans in https://docs-cortex.paloaltonetworks.com/r/1/Cortex-Xpanse/Scanning-activity"
36.133.115.36 - - [28/Jan/2026:04:22:07 +0800] "POST /wp-cron.php?doing_wp_cron=1769545327.3052299022674560546875 HTTP/1.1" 200 31 "-" "WordPress/6.9; http://cqqizhou.com"
95.214.54.147 - - [28/Jan/2026:04:22:07 +0800] "GET / HTTP/1.1" 200 157321 "-" "Mozilla/5.0"
36.133.115.36 - - [28/Jan/2026:04:41:35 +0800] "POST /wp-cron.php?doing_wp_cron=1769546495.8603479862213134765625 HTTP/1.1" 200 31 "-" "WordPress/6.9; http://cqqizhou.com"
205.210.31.178 - - [28/Jan/2026:04:41:35 +0800] "GET /api/modular-connector/ HTTP/1.1" 404 31367 "-" "Hello from Palo Alto Networks, find out more about our scans in https://docs-cortex.paloaltonetworks.com/r/1/Cortex-Xpanse/Scanning-activity"
36.133.115.36 - - [28/Jan/2026:04:51:08 +0800] "POST /wp-cron.php?doing_wp_cron=1769547068.1206851005554199218750 HTTP/1.1" 200 31 "-" "WordPress/6.9; http://cqqizhou.com"
195.3.222.218 - - [28/Jan/2026:04:51:08 +0800] "GET / HTTP/1.1" 200 34722 "-" "Mozilla/5.0 (Windows NT 10.0; Win64; x64) AppleWebKit/537.36 (KHTML, like Gecko) Chrome/131.0.6778.140 Safari/537.36"
198.235.24.88 - - [28/Jan/2026:04:51:20 +0800] "GET / HTTP/1.0" 301 0 "-" "Hello from Palo Alto Networks, find out more about our scans in https://docs-cortex.paloaltonetworks.com/r/1/Cortex-Xpanse/Scanning-activity"
36.133.115.36 - - [28/Jan/2026:04:53:15 +0800] "POST /wp-cron.php?doing_wp_cron=1769547195.5986070632934570312500 HTTP/1.1" 200 31 "-" "WordPress/6.9; http://cqqizhou.com"
193.142.147.209 - - [28/Jan/2026:04:53:16 +0800] "POST / HTTP/1.1" 200 34722 "-" "Mozilla/5.0 (Windows NT 10.0; Win64; x64) AppleWebKit/537.36"
36.133.115.36 - - [28/Jan/2026:04:57:28 +0800] "POST /wp-cron.php?doing_wp_cron=1769547448.6325418949127197265625 HTTP/1.1" 200 31 "-" "WordPress/6.9; http://cqqizhou.com"
204.76.203.219 - - [28/Jan/2026:04:57:28 +0800] "GET / HTTP/1.1" 200 34722 "-" "Mozilla/5.0 (Windows NT 10.0; Win64; x64) AppleWebKit/537.36 (KHTML, like Gecko) Chrome/90.0.4430.85 Safari/537.36 Edg/90.0.818.46"
93.190.49.83 - - [28/Jan/2026:04:57:39 +0800] "POST /xmlrpc.php HTTP/1.1" 200 217 "-" "Mozilla/5.0 (Windows NT 10.0) AppleWebKit/537.36 (KHTML, like Gecko) Chrome/142.0.0.0 Safari/537.36"
36.133.115.36 - - [28/Jan/2026:04:59:49 +0800] "POST /wp-cron.php?doing_wp_cron=1769547589.2004909515380859375000 HTTP/1.1" 200 31 "-" "WordPress/6.9; http://cqqizhou.com"
91.196.152.89 - - [28/Jan/2026:04:59:49 +0800] "GET / HTTP/1.1" 301 5 "-" "Mozilla/5.0 (X11; Ubuntu; Linux x86_64; rv:134.0) Gecko/20100101 Firefox/134.0"
36.133.115.36 - - [28/Jan/2026:05:01:15 +0800] "POST /wp-cron.php?doing_wp_cron=1769547675.8859579563140869140625 HTTP/1.1" 200 31 "-" "WordPress/6.9; http://cqqizhou.com"
95.214.54.147 - - [28/Jan/2026:05:01:16 +0800] "GET / HTTP/1.1" 200 157321 "-" "Mozilla/5.0"
36.133.115.36 - - [28/Jan/2026:05:05:50 +0800] "POST /wp-cron.php?doing_wp_cron=1769547950.1541590690612792968750 HTTP/1.1" 200 31 "-" "WordPress/6.9; http://cqqizhou.com"
43.152.72.244 - - [28/Jan/2026:05:05:50 +0800] "GET / HTTP/1.1" 200 34722 "-" "Mozilla/5.0 (iPhone; CPU iPhone OS 13_2_3 like Mac OS X) AppleWebKit/605.1.15 (KHTML, like Gecko) Version/13.0.3 Mobile/15E148 Safari/604.1"
36.133.115.36 - - [28/Jan/2026:05:18:25 +0800] "POST /wp-cron.php?doing_wp_cron=1769548705.1990389823913574218750 HTTP/1.1" 200 31 "-" "WordPress/6.9; http://cqqizhou.com"
198.244.168.213 - - [28/Jan/2026:05:18:25 +0800] "GET /news/page/3/ HTTP/1.1" 200 21065 "-" "Mozilla/5.0 (compatible; AhrefsBot/7.0; +http://ahrefs.com/robot/)"
36.133.115.36 - - [28/Jan/2026:05:25:35 +0800] "POST /wp-cron.php?doing_wp_cron=1769549135.4613571166992187500000 HTTP/1.1" 200 31 "-" "WordPress/6.9; http://cqqizhou.com"
95.214.54.147 - - [28/Jan/2026:05:25:36 +0800] "GET / HTTP/1.1" 200 157321 "-" "Mozilla/5.0"
175.184.134.235 - - [28/Jan/2026:05:26:41 +0800] "GET / HTTP/1.1" 200 35166 "-" "Mozilla/5.0 (Windows NT 10.0; Win64; x64) AppleWebKit/537.36 (KHTML, like Gecko) Chrome/136.0.0.0 Safari/537.36"
36.133.115.36 - - [28/Jan/2026:05:26:42 +0800] "POST /wp-cron.php?doing_wp_cron=1769549202.4646100997924804687500 HTTP/1.1" 200 31 "-" "WordPress/6.9; http://cqqizhou.com"
42.184.185.25 - - [28/Jan/2026:05:26:42 +0800] "GET / HTTP/1.1" 301 5 "-" "Mozilla/5.0 (Windows NT 10.0; Win64; x64) AppleWebKit/537.36 (KHTML, like Gecko) Chrome/136.0.0.0 Safari/537.36"
42.184.185.25 - - [28/Jan/2026:05:26:42 +0800] "GET http://cqqizhou.com/ HTTP/1.1" 200 35166 "-" "Mozilla/5.0 (Windows NT 10.0; Win64; x64) AppleWebKit/537.36 (KHTML, like Gecko) Chrome/136.0.0.0 Safari/537.36"
42.184.185.25 - - [28/Jan/2026:05:26:46 +0800] "GET / HTTP/1.1" 301 5 "http://www.cqqizhou.com" "Mozilla/5.0 (Windows NT 10.0; Win64; x64) AppleWebKit/537.36 (KHTML, like Gecko) Chrome/136.0.0.0 Safari/537.36"
42.184.185.25 - - [28/Jan/2026:05:26:46 +0800] "GET http://cqqizhou.com/ HTTP/1.1" 200 35166 "http://www.cqqizhou.com" "Mozilla/5.0 (Windows NT 10.0; Win64; x64) AppleWebKit/537.36 (KHTML, like Gecko) Chrome/136.0.0.0 Safari/537.36"
42.184.185.25 - - [28/Jan/2026:05:26:49 +0800] "GET /contacts/ HTTP/1.1" 200 21695 "http://www.cqqizhou.com" "Mozilla/5.0 (Windows NT 10.0; Win64; x64) AppleWebKit/537.36 (KHTML, like Gecko) Chrome/136.0.0.0 Safari/537.36"
175.184.134.235 - - [28/Jan/2026:05:26:52 +0800] "GET / HTTP/1.1" 200 35166 "http://cqqizhou.com" "Mozilla/5.0 (Windows NT 10.0; Win64; x64) AppleWebKit/537.36 (KHTML, like Gecko) Chrome/136.0.0.0 Safari/537.36"
42.184.185.25 - - [28/Jan/2026:05:26:58 +0800] "GET /contacts/ HTTP/1.1" 200 21695 "http://cqqizhou.com/contacts/" "Mozilla/5.0 (Windows NT 10.0; Win64; x64) AppleWebKit/537.36 (KHTML, like Gecko) Chrome/136.0.0.0 Safari/537.36"
175.184.134.235 - - [28/Jan/2026:05:29:19 +0800] "GET /contacts/ HTTP/1.1" 200 21695 "http://cqqizhou.com" "Mozilla/5.0 (Windows NT 10.0; Win64; x64) AppleWebKit/537.36 (KHTML, like Gecko) Chrome/136.0.0.0 Safari/537.36"
175.184.134.235 - - [28/Jan/2026:05:29:22 +0800] "GET /contacts/ HTTP/1.1" 200 21695 "http://cqqizhou.com/contacts/" "Mozilla/5.0 (Windows NT 10.0; Win64; x64) AppleWebKit/537.36 (KHTML, like Gecko) Chrome/136.0.0.0 Safari/537.36"
36.133.115.36 - - [28/Jan/2026:05:32:39 +0800] "POST /wp-cron.php?doing_wp_cron=1769549559.5585689544677734375000 HTTP/1.1" 200 31 "-" "WordPress/6.9; http://cqqizhou.com"
175.178.115.55 - - [28/Jan/2026:05:32:39 +0800] "GET / HTTP/1.1" 301 5 "-" "Go-http-client/1.1"
175.178.115.55 - - [28/Jan/2026:05:32:39 +0800] "GET / HTTP/1.1" 200 35166 "http://36.133.115.36" "Go-http-client/1.1"
36.133.115.36 - - [28/Jan/2026:05:45:13 +0800] "POST /wp-cron.php?doing_wp_cron=1769550313.3798151016235351562500 HTTP/1.1" 200 31 "-" "WordPress/6.9; http://cqqizhou.com"
109.199.108.120 - - [28/Jan/2026:05:45:13 +0800] "POST /xmlrpc.php HTTP/1.1" 200 217 "-" "Mozilla/5.0 (Windows NT 10.0) AppleWebKit/537.36 (KHTML, like Gecko) Chrome/138.0.0.0 Safari/537.36 Edg/138.0.0.0"
36.133.115.36 - - [28/Jan/2026:05:46:17 +0800] "POST /wp-cron.php?doing_wp_cron=1769550377.8372271060943603515625 HTTP/1.1" 200 31 "-" "WordPress/6.9; http://cqqizhou.com"
45.156.128.128 - - [28/Jan/2026:05:46:17 +0800] "GET / HTTP/1.1" 301 5 "-" "Mozilla/5.0 (Windows NT 10.0; Win64; x64) AppleWebKit/537.36 (KHTML, like Gecko) Chrome/60.0.3112.113 Safari/537.36"
45.156.128.49 - - [28/Jan/2026:05:46:19 +0800] "GET / HTTP/1.1" 200 35166 "http://36.133.115.36/" "Mozilla/5.0 (Windows NT 10.0; Win64; x64) AppleWebKit/537.36 (KHTML, like Gecko) Chrome/60.0.3112.113 Safari/537.36"
36.133.115.36 - - [28/Jan/2026:05:48:45 +0800] "POST /wp-cron.php?doing_wp_cron=1769550525.3526279926300048828125 HTTP/1.1" 200 31 "-" "WordPress/6.9; http://cqqizhou.com"
38.46.221.123 - - [28/Jan/2026:05:48:45 +0800] "GET http://check.9tb.org/ HTTP/1.1" 301 5 "-" "Go-http-client/1.1"
38.46.221.123 - - [28/Jan/2026:05:48:45 +0800] "GET http://cqqizhou.com/ HTTP/1.1" 200 35166 "http://check.9tb.org" "Go-http-client/1.1"
36.133.115.36 - - [28/Jan/2026:05:49:44 +0800] "POST /wp-cron.php?doing_wp_cron=1769550584.6175661087036132812500 HTTP/1.1" 200 31 "-" "WordPress/6.9; http://cqqizhou.com"
204.76.203.219 - - [28/Jan/2026:05:49:44 +0800] "GET / HTTP/1.1" 200 34722 "-" "Mozilla/5.0 (Windows NT 10.0; Win64; x64) AppleWebKit/537.36 (KHTML, like Gecko) Chrome/90.0.4430.85 Safari/537.36 Edg/90.0.818.46"
36.133.115.36 - - [28/Jan/2026:05:51:26 +0800] "POST /wp-cron.php?doing_wp_cron=1769550686.6361849308013916015625 HTTP/1.1" 200 31 "-" "WordPress/6.9; http://cqqizhou.com"
188.166.97.23 - - [28/Jan/2026:05:51:26 +0800] "GET /.env HTTP/1.1" 404 8950 "-" "Mozilla/5.0; Keydrop.io/1.0(onlyscans.com/about);"
188.166.97.23 - - [28/Jan/2026:05:51:27 +0800] "GET /.git/config HTTP/1.1" 404 8950 "-" "Mozilla/5.0; Keydrop.io/1.0(onlyscans.com/about);"
36.133.115.36 - - [28/Jan/2026:05:52:32 +0800] "POST /wp-cron.php?doing_wp_cron=1769550752.2298660278320312500000 HTTP/1.1" 200 31 "-" "WordPress/6.9; http://cqqizhou.com"
35.233.24.129 - - [28/Jan/2026:05:52:32 +0800] "GET / HTTP/1.1" 301 5 "-" "python-requests/2.32.5"
36.133.115.36 - - [28/Jan/2026:05:54:34 +0800] "POST /wp-cron.php?doing_wp_cron=1769550874.2658751010894775390625 HTTP/1.1" 200 31 "-" "WordPress/6.9; http://cqqizhou.com"
124.156.179.141 - - [28/Jan/2026:05:54:34 +0800] "GET / HTTP/1.1" 200 34723 "-" "Mozilla/5.0 (iPhone; CPU iPhone OS 13_2_3 like Mac OS X) AppleWebKit/605.1.15 (KHTML, like Gecko) Version/13.0.3 Mobile/15E148 Safari/604.1"
36.133.115.36 - - [28/Jan/2026:05:56:21 +0800] "POST /wp-cron.php?doing_wp_cron=1769550981.0600159168243408203125 HTTP/1.1" 200 31 "-" "WordPress/6.9; http://cqqizhou.com"
167.94.146.52 - - [28/Jan/2026:05:56:21 +0800] "GET / HTTP/1.1" 301 5 "-" "Mozilla/5.0 (compatible; CensysInspect/1.1; +https://about.censys.io/)"
167.94.146.52 - - [28/Jan/2026:05:56:28 +0800] "GET /robots.txt HTTP/1.1" 200 190 "-" "Mozilla/5.0 (compatible; CensysInspect/1.1; +https://about.censys.io/)"
167.94.146.52 - - [28/Jan/2026:05:56:31 +0800] "GET /frn7k8kn5 HTTP/1.1" 404 8950 "-" "Mozilla/5.0 (compatible; CensysInspect/1.1; +https://about.censys.io/)"
85.203.23.10 - - [28/Jan/2026:06:04:09 +0800] "GET /nrhogjyecktixbal0fnt5Cakc.php HTTP/1.1" 404 47 "-" "Go-http-client/1.1"
85.203.23.10 - - [28/Jan/2026:06:04:10 +0800] "GET /znv3hcxz6mwjdz1jwxrxiCakc.php HTTP/1.1" 404 47 "-" "Go-http-client/1.1"
85.203.23.10 - - [28/Jan/2026:06:04:10 +0800] "GET /admin.php HTTP/1.1" 404 47 "-" "Go-http-client/1.1"
85.203.23.10 - - [28/Jan/2026:06:04:10 +0800] "GET /deepseek_d.php HTTP/1.1" 404 47 "-" "Go-http-client/1.1"
85.203.23.10 - - [28/Jan/2026:06:04:10 +0800] "GET /ioxi-o.php HTTP/1.1" 404 47 "-" "Go-http-client/1.1"
85.203.23.10 - - [28/Jan/2026:06:04:11 +0800] "GET /adminfuns.php HTTP/1.1" 404 47 "-" "Go-http-client/1.1"
85.203.23.10 - - [28/Jan/2026:06:04:11 +0800] "GET /file.php HTTP/1.1" 404 47 "-" "Go-http-client/1.1"
85.203.23.10 - - [28/Jan/2026:06:04:11 +0800] "GET /pu9.php HTTP/1.1" 404 47 "-" "Go-http-client/1.1"
85.203.23.10 - - [28/Jan/2026:06:04:11 +0800] "GET /uk5pqv0wksbuaourleCakc.php HTTP/1.1" 404 47 "-" "Go-http-client/1.1"
85.203.23.10 - - [28/Jan/2026:06:04:11 +0800] "GET /wp-admin/wp.php HTTP/1.1" 404 47 "-" "Go-http-client/1.1"
85.203.23.10 - - [28/Jan/2026:06:04:12 +0800] "GET /hplfuns.php HTTP/1.1" 404 47 "-" "Go-http-client/1.1"
85.203.23.10 - - [28/Jan/2026:06:04:12 +0800] "GET /t.php HTTP/1.1" 404 47 "-" "Go-http-client/1.1"
85.203.23.10 - - [28/Jan/2026:06:04:12 +0800] "GET /about.php HTTP/1.1" 404 47 "-" "Go-http-client/1.1"
85.203.23.10 - - [28/Jan/2026:06:04:12 +0800] "GET /goods.php HTTP/1.1" 404 47 "-" "Go-http-client/1.1"
36.133.115.36 - - [28/Jan/2026:06:04:13 +0800] "POST /wp-cron.php?doing_wp_cron=1769551453.7661900520324707031250 HTTP/1.1" 200 31 "-" "WordPress/6.9; http://cqqizhou.com"
85.203.23.10 - - [28/Jan/2026:06:04:13 +0800] "GET /assets/ HTTP/1.1" 404 8950 "-" "Go-http-client/1.1"
85.203.23.10 - - [28/Jan/2026:06:04:14 +0800] "GET /edit.php HTTP/1.1" 404 47 "-" "Go-http-client/1.1"
85.203.23.10 - - [28/Jan/2026:06:04:14 +0800] "GET /file_content_657f93f532f3b/ HTTP/1.1" 404 8951 "-" "Go-http-client/1.1"
85.203.23.10 - - [28/Jan/2026:06:04:15 +0800] "GET /test.php HTTP/1.1" 404 47 "-" "Go-http-client/1.1"
85.203.23.10 - - [28/Jan/2026:06:04:15 +0800] "GET /num.php?p= HTTP/1.1" 404 47 "-" "Go-http-client/1.1"
85.203.23.10 - - [28/Jan/2026:06:04:15 +0800] "GET /wp-includes/ID3/ HTTP/1.1" 403 146 "-" "Go-http-client/1.1"
85.203.23.10 - - [28/Jan/2026:06:04:16 +0800] "GET /admin/ HTTP/1.1" 302 5 "-" "Go-http-client/1.1"
85.203.23.10 - - [28/Jan/2026:06:04:17 +0800] "GET /wp-admin/ HTTP/1.1" 302 5 "http://cqqizhou.com/admin/" "Go-http-client/1.1"
85.203.23.10 - - [28/Jan/2026:06:04:18 +0800] "GET /wp-login.php?redirect_to=http%3A%2F%2Fcqqizhou.com%2Fwp-admin%2F&reauth=1 HTTP/1.1" 200 2854 "http://cqqizhou.com/wp-admin/" "Go-http-client/1.1"
85.203.23.10 - - [28/Jan/2026:06:04:18 +0800] "GET /abcd.php HTTP/1.1" 404 47 "-" "Go-http-client/1.1"
85.203.23.10 - - [28/Jan/2026:06:04:18 +0800] "GET /ab.php HTTP/1.1" 404 47 "-" "Go-http-client/1.1"
85.203.23.10 - - [28/Jan/2026:06:04:18 +0800] "GET /fm.php HTTP/1.1" 404 47 "-" "Go-http-client/1.1"
85.203.23.10 - - [28/Jan/2026:06:04:19 +0800] "GET /index/function.php HTTP/1.1" 404 47 "-" "Go-http-client/1.1"
85.203.23.10 - - [28/Jan/2026:06:04:19 +0800] "GET /wp.php HTTP/1.1" 404 47 "-" "Go-http-client/1.1"
85.203.23.10 - - [28/Jan/2026:06:04:19 +0800] "GET /filemanager.php HTTP/1.1" 404 47 "-" "Go-http-client/1.1"
85.203.23.10 - - [28/Jan/2026:06:04:20 +0800] "GET /wp-admin/ HTTP/1.1" 302 5 "-" "Go-http-client/1.1"
85.203.23.10 - - [28/Jan/2026:06:04:21 +0800] "GET /wp-login.php?redirect_to=http%3A%2F%2Fcqqizhou.com%2Fwp-admin%2F&reauth=1 HTTP/1.1" 200 2854 "http://cqqizhou.com/wp-admin/" "Go-http-client/1.1"
85.203.23.10 - - [28/Jan/2026:06:04:21 +0800] "GET /inputs.php HTTP/1.1" 404 47 "-" "Go-http-client/1.1"
85.203.23.10 - - [28/Jan/2026:06:04:21 +0800] "GET /wp-content/plugins/pwnd/pwnd.php HTTP/1.1" 404 47 "-" "Go-http-client/1.1"
85.203.23.10 - - [28/Jan/2026:06:04:22 +0800] "GET /wp-content/plugins/hello-plus/classes/ehp-sarang.php HTTP/1.1" 404 47 "-" "Go-http-client/1.1"
85.203.23.10 - - [28/Jan/2026:06:04:22 +0800] "GET /wp-admin/network/cache/ HTTP/1.1" 404 8950 "-" "Go-http-client/1.1"
85.203.23.10 - - [28/Jan/2026:06:04:23 +0800] "GET /wp-confiq.php HTTP/1.1" 404 47 "-" "Go-http-client/1.1"
85.203.23.10 - - [28/Jan/2026:06:04:23 +0800] "GET /wp-content/plugins/aatdgetgdg/main.php HTTP/1.1" 404 47 "-" "Go-http-client/1.1"
85.203.23.10 - - [28/Jan/2026:06:04:23 +0800] "GET /wp-content/ HTTP/1.1" 200 31 "-" "Go-http-client/1.1"
85.203.23.10 - - [28/Jan/2026:06:04:23 +0800] "GET /assets/images/selam.php HTTP/1.1" 404 47 "-" "Go-http-client/1.1"
85.203.23.10 - - [28/Jan/2026:06:04:24 +0800] "GET /222.php HTTP/1.1" 404 47 "-" "Go-http-client/1.1"
85.203.23.10 - - [28/Jan/2026:06:04:24 +0800] "GET /wp-includes/Text/Diff/Engine/template-singl-portfolio.php HTTP/1.1" 404 47 "-" "Go-http-client/1.1"
85.203.23.10 - - [28/Jan/2026:06:04:24 +0800] "GET /wp-admin/js/ HTTP/1.1" 403 146 "-" "Go-http-client/1.1"
85.203.23.10 - - [28/Jan/2026:06:04:24 +0800] "GET /3PJcpMFsD8B.php HTTP/1.1" 404 47 "-" "Go-http-client/1.1"
85.203.23.10 - - [28/Jan/2026:06:04:25 +0800] "GET /wp-content/uploads/ HTTP/1.1" 403 146 "-" "Go-http-client/1.1"
85.203.23.10 - - [28/Jan/2026:06:04:26 +0800] "GET /upload/ HTTP/1.1" 404 8950 "-" "Go-http-client/1.1"
85.203.23.10 - - [28/Jan/2026:06:04:26 +0800] "GET /wp-content/themes/twentytwentyfive/patterns/template-singl-portfolio.php HTTP/1.1" 404 47 "-" "Go-http-client/1.1"
85.203.23.10 - - [28/Jan/2026:06:04:26 +0800] "GET /wp-content/plugins/advanced-product-fields-for-woocommerce/db.php HTTP/1.1" 404 47 "-" "Go-http-client/1.1"
85.203.23.10 - - [28/Jan/2026:06:04:26 +0800] "GET /wp-content/admin.php HTTP/1.1" 404 47 "-" "Go-http-client/1.1"
85.203.23.10 - - [28/Jan/2026:06:04:27 +0800] "GET /wp-admin/css/colors/blue/ HTTP/1.1" 403 146 "-" "Go-http-client/1.1"
85.203.23.10 - - [28/Jan/2026:06:04:27 +0800] "GET /wp-links-opml.php HTTP/1.1" 200 177 "-" "Go-http-client/1.1"
85.203.23.10 - - [28/Jan/2026:06:04:28 +0800] "GET /class.api.php HTTP/1.1" 404 47 "-" "Go-http-client/1.1"
85.203.23.10 - - [28/Jan/2026:06:04:28 +0800] "GET /wp-good.php HTTP/1.1" 404 47 "-" "Go-http-client/1.1"
85.203.23.10 - - [28/Jan/2026:06:04:28 +0800] "GET /wp-includes/Text/Diff/ HTTP/1.1" 403 146 "-" "Go-http-client/1.1"
85.203.23.10 - - [28/Jan/2026:06:04:28 +0800] "GET /wp-content/themes/twentytwentyfour/patterns/template-singl-portfolio.php HTTP/1.1" 404 47 "-" "Go-http-client/1.1"
85.203.23.10 - - [28/Jan/2026:06:04:29 +0800] "GET /wp-config-sample.php HTTP/1.1" 500 2434 "-" "Go-http-client/1.1"
85.203.23.10 - - [28/Jan/2026:06:04:29 +0800] "GET /wp-content/plugins/filester/assets/css/404.php HTTP/1.1" 404 47 "-" "Go-http-client/1.1"
85.203.23.10 - - [28/Jan/2026:06:04:29 +0800] "GET /wp-content/themes/radio.php HTTP/1.1" 404 47 "-" "Go-http-client/1.1"
85.203.23.10 - - [28/Jan/2026:06:04:29 +0800] "GET /wp-content/plugins/so-pinyin-slugs/inc/main_json.php HTTP/1.1" 404 47 "-" "Go-http-client/1.1"
85.203.23.10 - - [28/Jan/2026:06:04:30 +0800] "GET /wp-content/updates.php HTTP/1.1" 404 47 "-" "Go-http-client/1.1"
85.203.23.10 - - [28/Jan/2026:06:04:30 +0800] "GET /wp-admin/shell.php HTTP/1.1" 404 47 "-" "Go-http-client/1.1"
85.203.23.10 - - [28/Jan/2026:06:04:30 +0800] "GET /chosen.php HTTP/1.1" 404 47 "-" "Go-http-client/1.1"
85.203.23.10 - - [28/Jan/2026:06:04:30 +0800] "GET /bless.php HTTP/1.1" 404 47 "-" "Go-http-client/1.1"
85.203.23.10 - - [28/Jan/2026:06:04:31 +0800] "GET /wp-admin/network/ HTTP/1.1" 302 5 "-" "Go-http-client/1.1"
85.203.23.10 - - [28/Jan/2026:06:04:32 +0800] "GET /wp-login.php?redirect_to=http%3A%2F%2Fcqqizhou.com%2Fwp-admin%2Fnetwork%2F&reauth=1 HTTP/1.1" 200 2860 "http://cqqizhou.com/wp-admin/network/" "Go-http-client/1.1"
85.203.23.10 - - [28/Jan/2026:06:04:32 +0800] "GET /simple.php HTTP/1.1" 404 47 "-" "Go-http-client/1.1"
85.203.23.10 - - [28/Jan/2026:06:04:32 +0800] "GET /wp-content/plugins/hello.php HTTP/1.1" 200 31 "-" "Go-http-client/1.1"
85.203.23.10 - - [28/Jan/2026:06:04:33 +0800] "GET /wp-content/languages/plugins/ HTTP/1.1" 403 146 "-" "Go-http-client/1.1"
85.203.23.10 - - [28/Jan/2026:06:04:33 +0800] "GET /wp-includes/blocks/code/ HTTP/1.1" 403 146 "-" "Go-http-client/1.1"
85.203.23.10 - - [28/Jan/2026:06:04:33 +0800] "GET /wp-content/themes/ HTTP/1.1" 200 31 "-" "Go-http-client/1.1"
85.203.23.10 - - [28/Jan/2026:06:04:34 +0800] "GET /wp-content/plugins/shell/ HTTP/1.1" 404 8951 "-" "Go-http-client/1.1"
85.203.23.10 - - [28/Jan/2026:06:04:34 +0800] "GET /wp-content/themes/admin.php HTTP/1.1" 404 47 "-" "Go-http-client/1.1"
85.203.23.10 - - [28/Jan/2026:06:04:35 +0800] "GET /themes.php HTTP/1.1" 404 47 "-" "Go-http-client/1.1"
85.203.23.10 - - [28/Jan/2026:06:04:35 +0800] "GET /bolt.php HTTP/1.1" 404 47 "-" "Go-http-client/1.1"
85.203.23.10 - - [28/Jan/2026:06:04:35 +0800] "GET /autoload_classmap/function.php HTTP/1.1" 404 47 "-" "Go-http-client/1.1"
85.203.23.10 - - [28/Jan/2026:06:04:35 +0800] "GET /radio.php HTTP/1.1" 404 47 "-" "Go-http-client/1.1"
85.203.23.10 - - [28/Jan/2026:06:04:35 +0800] "GET /item.php HTTP/1.1" 404 47 "-" "Go-http-client/1.1"
85.203.23.10 - - [28/Jan/2026:06:04:36 +0800] "GET /wp-includes/css/ HTTP/1.1" 403 146 "-" "Go-http-client/1.1"
85.203.23.10 - - [28/Jan/2026:06:04:36 +0800] "GET /classwithtostring.php HTTP/1.1" 404 47 "-" "Go-http-client/1.1"
85.203.23.10 - - [28/Jan/2026:06:04:36 +0800] "GET /wp-admin/js/widgets/ HTTP/1.1" 403 146 "-" "Go-http-client/1.1"
85.203.23.10 - - [28/Jan/2026:06:04:37 +0800] "GET /wp-content/plugins/revslider/includes/external/page/ HTTP/1.1" 404 8950 "-" "Go-http-client/1.1"
85.203.23.10 - - [28/Jan/2026:06:04:37 +0800] "GET /mah.php HTTP/1.1" 404 47 "-" "Go-http-client/1.1"
85.203.23.10 - - [28/Jan/2026:06:04:38 +0800] "GET /admin/function.php HTTP/1.1" 404 47 "-" "Go-http-client/1.1"
85.203.23.10 - - [28/Jan/2026:06:04:38 +0800] "GET /info.php HTTP/1.1" 200 49 "-" "Go-http-client/1.1"
85.203.23.10 - - [28/Jan/2026:06:04:38 +0800] "GET /wp-includes/ HTTP/1.1" 403 146 "-" "Go-http-client/1.1"
85.203.23.10 - - [28/Jan/2026:06:04:38 +0800] "GET /wp-admin/includes/ HTTP/1.1" 403 146 "-" "Go-http-client/1.1"
85.203.23.10 - - [28/Jan/2026:06:04:38 +0800] "GET /wp-content.php HTTP/1.1" 404 47 "-" "Go-http-client/1.1"
85.203.23.10 - - [28/Jan/2026:06:04:39 +0800] "GET /wp-includes/theme-compat/ HTTP/1.1" 403 146 "-" "Go-http-client/1.1"
85.203.23.10 - - [28/Jan/2026:06:04:39 +0800] "GET /worksec.php HTTP/1.1" 404 47 "-" "Go-http-client/1.1"
85.203.23.10 - - [28/Jan/2026:06:04:39 +0800] "GET /wp-admin/images/admin.php HTTP/1.1" 404 47 "-" "Go-http-client/1.1"
85.203.23.10 - - [28/Jan/2026:06:04:39 +0800] "GET /wp-content/themes/chosen.php HTTP/1.1" 404 47 "-" "Go-http-client/1.1"
85.203.23.10 - - [28/Jan/2026:06:04:40 +0800] "GET /buy.php HTTP/1.1" 404 47 "-" "Go-http-client/1.1"
85.203.23.10 - - [28/Jan/2026:06:04:40 +0800] "GET /wp-content/classwithtostring.php HTTP/1.1" 404 47 "-" "Go-http-client/1.1"
85.203.23.10 - - [28/Jan/2026:06:04:40 +0800] "GET /wp-content/themes/news-portal/error.php HTTP/1.1" 404 47 "-" "Go-http-client/1.1"
85.203.23.10 - - [28/Jan/2026:06:04:40 +0800] "GET /404.php HTTP/1.1" 404 47 "-" "Go-http-client/1.1"
85.203.23.10 - - [28/Jan/2026:06:04:41 +0800] "GET /wp-content/about.php HTTP/1.1" 404 47 "-" "Go-http-client/1.1"
85.203.23.10 - - [28/Jan/2026:06:04:41 +0800] "GET /x.php HTTP/1.1" 404 47 "-" "Go-http-client/1.1"
85.203.23.10 - - [28/Jan/2026:06:04:41 +0800] "GET /wp-admin/maint/ HTTP/1.1" 403 146 "-" "Go-http-client/1.1"
85.203.23.10 - - [28/Jan/2026:06:04:41 +0800] "GET /wp-includes/blocks/archives/ HTTP/1.1" 403 146 "-" "Go-http-client/1.1"
85.203.23.10 - - [28/Jan/2026:06:04:41 +0800] "GET /wp-includes/Requests/library/ HTTP/1.1" 403 146 "-" "Go-http-client/1.1"
85.203.23.10 - - [28/Jan/2026:06:04:42 +0800] "GET /wp-includes/css/dist/block-library/ HTTP/1.1" 403 146 "-" "Go-http-client/1.1"
85.203.23.12 - - [28/Jan/2026:06:04:42 +0800] "GET /wp-includes/blocks/audio/ HTTP/1.1" 403 146 "-" "Go-http-client/1.1"
85.203.23.12 - - [28/Jan/2026:06:04:42 +0800] "GET /k.php HTTP/1.1" 404 47 "-" "Go-http-client/1.1"
85.203.23.12 - - [28/Jan/2026:06:04:43 +0800] "GET /wp-content/plugins/ HTTP/1.1" 200 31 "-" "Go-http-client/1.1"
85.203.23.12 - - [28/Jan/2026:06:04:43 +0800] "GET /wp-includes/css/dist/ HTTP/1.1" 403 146 "-" "Go-http-client/1.1"
85.203.23.12 - - [28/Jan/2026:06:04:43 +0800] "GET /wp-admin/js/widgets/admin.php HTTP/1.1" 404 47 "-" "Go-http-client/1.1"
85.203.23.12 - - [28/Jan/2026:06:04:43 +0800] "GET /wp-content/lock360.php HTTP/1.1" 404 47 "-" "Go-http-client/1.1"
85.203.23.12 - - [28/Jan/2026:06:04:43 +0800] "GET /test1.php HTTP/1.1" 404 47 "-" "Go-http-client/1.1"
85.203.23.12 - - [28/Jan/2026:06:04:44 +0800] "GET /wp-content/themes/theme-check/main.php HTTP/1.1" 404 47 "-" "Go-http-client/1.1"
85.203.23.12 - - [28/Jan/2026:06:04:44 +0800] "GET /wp-content/uploads/2024/ HTTP/1.1" 403 146 "-" "Go-http-client/1.1"
85.203.23.12 - - [28/Jan/2026:06:04:44 +0800] "GET /wp-includes/fonts/ HTTP/1.1" 403 146 "-" "Go-http-client/1.1"
85.203.23.12 - - [28/Jan/2026:06:04:44 +0800] "GET /function/function.php HTTP/1.1" 404 47 "-" "Go-http-client/1.1"
85.203.23.12 - - [28/Jan/2026:06:04:45 +0800] "GET /wp-includes/blocks/comment-content/ HTTP/1.1" 403 146 "-" "Go-http-client/1.1"
85.203.23.12 - - [28/Jan/2026:06:04:45 +0800] "GET /wp-content/themes/404.php HTTP/1.1" 404 47 "-" "Go-http-client/1.1"
85.203.23.12 - - [28/Jan/2026:06:04:45 +0800] "GET /wp-admin/css/ HTTP/1.1" 403 146 "-" "Go-http-client/1.1"
85.203.23.12 - - [28/Jan/2026:06:04:45 +0800] "GET /wp-includes/block-bindings/ HTTP/1.1" 403 146 "-" "Go-http-client/1.1"
85.203.23.12 - - [28/Jan/2026:06:04:45 +0800] "GET /wp-includes/assets/ HTTP/1.1" 403 146 "-" "Go-http-client/1.1"
85.203.23.12 - - [28/Jan/2026:06:04:46 +0800] "GET /system.php HTTP/1.1" 404 47 "-" "Go-http-client/1.1"
85.203.23.12 - - [28/Jan/2026:06:04:46 +0800] "GET /wp-includes/fonts/wp-conflg.php HTTP/1.1" 404 47 "-" "Go-http-client/1.1"
85.203.23.12 - - [28/Jan/2026:06:04:46 +0800] "GET /wp-includes/Text/Diff/Engine/ HTTP/1.1" 403 146 "-" "Go-http-client/1.1"
85.203.23.12 - - [28/Jan/2026:06:04:46 +0800] "GET /wp-content/themes/wp-conflg.php HTTP/1.1" 404 47 "-" "Go-http-client/1.1"
85.203.23.12 - - [28/Jan/2026:06:04:47 +0800] "GET /wp-admin/admin-wolf.php HTTP/1.1" 404 47 "-" "Go-http-client/1.1"
85.203.23.12 - - [28/Jan/2026:06:04:47 +0800] "GET /wp-admin/css/colors/sunrise/ HTTP/1.1" 403 146 "-" "Go-http-client/1.1"
85.203.23.12 - - [28/Jan/2026:06:04:47 +0800] "GET /wp-includes/block-supports/ HTTP/1.1" 403 146 "-" "Go-http-client/1.1"
85.203.23.12 - - [28/Jan/2026:06:04:47 +0800] "GET /system_log.php HTTP/1.1" 404 47 "-" "Go-http-client/1.1"
85.203.23.12 - - [28/Jan/2026:06:04:47 +0800] "GET /wp-includes/widgets/ HTTP/1.1" 403 146 "-" "Go-http-client/1.1"
85.203.23.12 - - [28/Jan/2026:06:04:48 +0800] "GET /wp-signin.php HTTP/1.1" 404 47 "-" "Go-http-client/1.1"
85.203.23.12 - - [28/Jan/2026:06:04:48 +0800] "GET /wp-content/packed.php HTTP/1.1" 404 47 "-" "Go-http-client/1.1"
85.203.23.12 - - [28/Jan/2026:06:04:48 +0800] "GET /wp-includes/blocks/details/ HTTP/1.1" 403 146 "-" "Go-http-client/1.1"
85.203.23.12 - - [28/Jan/2026:06:04:48 +0800] "GET /wp-includes/certificates/ HTTP/1.1" 403 146 "-" "Go-http-client/1.1"
85.203.23.12 - - [28/Jan/2026:06:04:49 +0800] "GET / HTTP/1.1" 200 35166 "-" "Go-http-client/1.1"
85.203.23.12 - - [28/Jan/2026:06:04:49 +0800] "GET /wp-content/themes/about.php HTTP/1.1" 404 47 "-" "Go-http-client/1.1"
85.203.23.12 - - [28/Jan/2026:06:04:50 +0800] "GET /wp-admin/edit.php HTTP/1.1" 302 5 "-" "Go-http-client/1.1"
85.203.23.12 - - [28/Jan/2026:06:04:51 +0800] "GET /wp-login.php?redirect_to=http%3A%2F%2Fcqqizhou.com%2Fwp-admin%2Fedit.php&reauth=1 HTTP/1.1" 200 2858 "http://cqqizhou.com/wp-admin/edit.php" "Go-http-client/1.1"
85.203.23.12 - - [28/Jan/2026:06:04:51 +0800] "GET /dropdown.php HTTP/1.1" 404 47 "-" "Go-http-client/1.1"
85.203.23.12 - - [28/Jan/2026:06:04:51 +0800] "GET /wp-content/plugins/admin.php HTTP/1.1" 404 47 "-" "Go-http-client/1.1"
85.203.23.12 - - [28/Jan/2026:06:04:51 +0800] "GET /wp-content/themes/news-portal/fm.php HTTP/1.1" 404 47 "-" "Go-http-client/1.1"
85.203.23.12 - - [28/Jan/2026:06:04:52 +0800] "GET /wp-content/zoom1.php HTTP/1.1" 404 47 "-" "Go-http-client/1.1"
85.203.23.12 - - [28/Jan/2026:06:04:52 +0800] "GET /wp-content/wp-conflg.php HTTP/1.1" 404 47 "-" "Go-http-client/1.1"
85.203.23.12 - - [28/Jan/2026:06:04:52 +0800] "GET /wp-content/themes/covr-wpcom/assets/fonts/manrope_normal.php HTTP/1.1" 404 47 "-" "Go-http-client/1.1"
85.203.23.12 - - [28/Jan/2026:06:04:52 +0800] "GET /wp-includes/css/dist/block-directory/ HTTP/1.1" 403 146 "-" "Go-http-client/1.1"
85.203.23.12 - - [28/Jan/2026:06:04:53 +0800] "GET /we.php HTTP/1.1" 404 47 "-" "Go-http-client/1.1"
85.203.23.12 - - [28/Jan/2026:06:04:53 +0800] "GET /network_xo.php HTTP/1.1" 404 47 "-" "Go-http-client/1.1"
85.203.23.12 - - [28/Jan/2026:06:04:53 +0800] "GET /wp-includes/IXR/ HTTP/1.1" 403 146 "-" "Go-http-client/1.1"
85.203.23.12 - - [28/Jan/2026:06:04:53 +0800] "GET /wp-content/222.php HTTP/1.1" 404 47 "-" "Go-http-client/1.1"
85.203.23.12 - - [28/Jan/2026:06:04:53 +0800] "GET /wp-admin/dofault.php HTTP/1.1" 404 47 "-" "Go-http-client/1.1"
85.203.23.12 - - [28/Jan/2026:06:04:54 +0800] "GET /wp-includes/blocks/tag-cloud/ HTTP/1.1" 403 146 "-" "Go-http-client/1.1"
85.203.23.12 - - [28/Jan/2026:06:04:54 +0800] "GET /wp-admin/images/ HTTP/1.1" 403 146 "-" "Go-http-client/1.1"
85.203.23.12 - - [28/Jan/2026:06:04:54 +0800] "GET /m.php HTTP/1.1" 404 47 "-" "Go-http-client/1.1"
85.203.23.12 - - [28/Jan/2026:06:04:54 +0800] "GET /wp-includes/css/dist/components/ HTTP/1.1" 403 146 "-" "Go-http-client/1.1"
85.203.23.12 - - [28/Jan/2026:06:04:55 +0800] "GET /wp-content/languages/ HTTP/1.1" 403 146 "-" "Go-http-client/1.1"
85.203.23.12 - - [28/Jan/2026:06:04:55 +0800] "GET /wp-includes/js/jcrop/Jcrop.php HTTP/1.1" 404 47 "-" "Go-http-client/1.1"
85.203.23.12 - - [28/Jan/2026:06:04:55 +0800] "GET /wp-admin/user/wp-conflg.php HTTP/1.1" 404 47 "-" "Go-http-client/1.1"
85.203.23.12 - - [28/Jan/2026:06:04:55 +0800] "GET /wp-includes/sodium_compat/lib/ HTTP/1.1" 403 146 "-" "Go-http-client/1.1"
85.203.23.12 - - [28/Jan/2026:06:04:55 +0800] "GET /mah/function.php HTTP/1.1" 404 47 "-" "Go-http-client/1.1"
85.203.23.12 - - [28/Jan/2026:06:04:56 +0800] "GET /wp-includes/themes.php HTTP/1.1" 404 47 "-" "Go-http-client/1.1"
85.203.23.12 - - [28/Jan/2026:06:04:56 +0800] "GET /wp-includes/blocks/social-links/ HTTP/1.1" 403 146 "-" "Go-http-client/1.1"
85.203.23.12 - - [28/Jan/2026:06:04:56 +0800] "GET /wp-includes/blocks/post-terms/ HTTP/1.1" 403 146 "-" "Go-http-client/1.1"
85.203.23.12 - - [28/Jan/2026:06:04:56 +0800] "GET /wp-includes/sitemaps/ HTTP/1.1" 403 146 "-" "Go-http-client/1.1"
85.203.23.12 - - [28/Jan/2026:06:04:57 +0800] "GET /wp-admin/man.php HTTP/1.1" 404 47 "-" "Go-http-client/1.1"
85.203.23.12 - - [28/Jan/2026:06:04:57 +0800] "GET /wp-includes/blocks/freeform/ HTTP/1.1" 403 146 "-" "Go-http-client/1.1"
85.203.23.12 - - [28/Jan/2026:06:04:57 +0800] "GET /s.php HTTP/1.1" 404 47 "-" "Go-http-client/1.1"
85.203.23.12 - - [28/Jan/2026:06:04:57 +0800] "GET /wp-includes/js/jcrop/ HTTP/1.1" 403 146 "-" "Go-http-client/1.1"
85.203.23.12 - - [28/Jan/2026:06:04:57 +0800] "GET /1.php HTTP/1.1" 404 47 "-" "Go-http-client/1.1"
85.203.23.12 - - [28/Jan/2026:06:04:58 +0800] "GET /wp-includes/css/dist/commands/ HTTP/1.1" 403 146 "-" "Go-http-client/1.1"
85.203.23.12 - - [28/Jan/2026:06:04:58 +0800] "GET /manager.php HTTP/1.1" 404 47 "-" "Go-http-client/1.1"
85.203.23.12 - - [28/Jan/2026:06:04:58 +0800] "GET /wp-includes/blocks/column/ HTTP/1.1" 403 146 "-" "Go-http-client/1.1"
85.203.23.12 - - [28/Jan/2026:06:04:59 +0800] "GET /wp-content/themes/twentytwenty/assets/fonts/inter/ HTTP/1.1" 404 8950 "-" "Go-http-client/1.1"
85.203.23.12 - - [28/Jan/2026:06:04:59 +0800] "GET /wp-includes/blocks/separator/ HTTP/1.1" 403 146 "-" "Go-http-client/1.1"
85.203.23.12 - - [28/Jan/2026:06:04:59 +0800] "GET /wp-content/languages/themes/ HTTP/1.1" 403 146 "-" "Go-http-client/1.1"
85.203.23.12 - - [28/Jan/2026:06:05:00 +0800] "GET /wp-includes/admin.php HTTP/1.1" 404 47 "-" "Go-http-client/1.1"
85.203.23.12 - - [28/Jan/2026:06:05:00 +0800] "GET /ufbngowues/main.php HTTP/1.1" 404 47 "-" "Go-http-client/1.1"
85.203.23.12 - - [28/Jan/2026:06:05:00 +0800] "GET /wp-includes/blocks/post-comments-form/ HTTP/1.1" 403 146 "-" "Go-http-client/1.1"
85.203.23.12 - - [28/Jan/2026:06:05:00 +0800] "GET /wp-file.php HTTP/1.1" 404 47 "-" "Go-http-client/1.1"
85.203.23.12 - - [28/Jan/2026:06:05:01 +0800] "GET /shell.php HTTP/1.1" 404 47 "-" "Go-http-client/1.1"
85.203.23.12 - - [28/Jan/2026:06:05:01 +0800] "GET /wp-content/edit-wolf.php HTTP/1.1" 404 47 "-" "Go-http-client/1.1"
85.203.23.12 - - [28/Jan/2026:06:05:01 +0800] "GET /wp-includes/widgets/chosen.php HTTP/1.1" 404 47 "-" "Go-http-client/1.1"
85.203.23.12 - - [28/Jan/2026:06:05:01 +0800] "GET /wp-includes/rest-api/fields/ HTTP/1.1" 403 146 "-" "Go-http-client/1.1"
85.203.23.12 - - [28/Jan/2026:06:05:01 +0800] "GET /wp-content/plugins/twenty/function.php HTTP/1.1" 404 47 "-" "Go-http-client/1.1"
85.203.23.12 - - [28/Jan/2026:06:05:02 +0800] "GET /wp-includes/assets/chosen.php HTTP/1.1" 404 47 "-" "Go-http-client/1.1"
85.203.23.12 - - [28/Jan/2026:06:05:02 +0800] "GET /av.php HTTP/1.1" 404 47 "-" "Go-http-client/1.1"
85.203.23.12 - - [28/Jan/2026:06:05:02 +0800] "GET /wp-includes/js/mediaelement/ HTTP/1.1" 403 146 "-" "Go-http-client/1.1"
85.203.23.12 - - [28/Jan/2026:06:05:02 +0800] "GET /wp-admin/classwithtostring.php HTTP/1.1" 404 47 "-" "Go-http-client/1.1"
85.203.23.12 - - [28/Jan/2026:06:05:03 +0800] "GET /wp-content/plugins/contact-form-7/wp-contact-form-7.php HTTP/1.1" 500 5 "-" "Go-http-client/1.1"
85.203.23.12 - - [28/Jan/2026:06:05:03 +0800] "GET /new.php HTTP/1.1" 404 47 "-" "Go-http-client/1.1"
