36.133.115.36 - - [25/Jan/2026:13:15:17 +0800] "POST /wp-cron.php?doing_wp_cron=1769318117.4943730831146240234375 HTTP/1.1" 200 31 "-" "WordPress/6.9; http://cqqizhou.com"
204.76.203.219 - - [25/Jan/2026:13:15:17 +0800] "GET / HTTP/1.1" 200 34739 "-" "Mozilla/5.0 (Windows NT 10.0; Win64; x64) AppleWebKit/537.36 (KHTML, like Gecko) Chrome/90.0.4430.85 Safari/537.36 Edg/90.0.818.46"
36.133.115.36 - - [25/Jan/2026:13:19:55 +0800] "POST /wp-cron.php?doing_wp_cron=1769318394.9669530391693115234375 HTTP/1.1" 200 31 "-" "WordPress/6.9; http://cqqizhou.com"
95.214.54.147 - - [25/Jan/2026:13:19:55 +0800] "GET / HTTP/1.1" 200 157416 "-" "Mozilla/5.0"
36.133.115.36 - - [25/Jan/2026:13:39:53 +0800] "POST /wp-cron.php?doing_wp_cron=1769319593.4114859104156494140625 HTTP/1.1" 200 31 "-" "WordPress/6.9; http://cqqizhou.com"
47.96.157.127 - - [25/Jan/2026:13:39:53 +0800] "POST /wp-login.php HTTP/1.1" 200 9495 "-" "Mozilla/5.0"
36.133.115.36 - - [25/Jan/2026:13:40:26 +0800] "POST /wp-cron.php?doing_wp_cron=1769319626.1149239540100097656250 HTTP/1.1" 200 31 "-" "WordPress/6.9; http://cqqizhou.com"
114.119.135.78 - - [25/Jan/2026:13:40:26 +0800] "GET /wp-sitemap.xml HTTP/1.1" 501 253 "-" "Mozilla/5.0 (Linux; Android 7.0;) AppleWebKit/537.36 (KHTML, like Gecko) Mobile Safari/537.36 (compatible; PetalBot;+https://webmaster.petalsearch.com/site/petalbot)"
36.133.115.36 - - [25/Jan/2026:13:43:53 +0800] "POST /wp-cron.php?doing_wp_cron=1769319833.4608609676361083984375 HTTP/1.1" 200 31 "-" "WordPress/6.9; http://cqqizhou.com"
47.96.157.127 - - [25/Jan/2026:13:43:53 +0800] "POST /wp-login.php HTTP/1.1" 200 9495 "-" "Mozilla/5.0"
36.133.115.36 - - [25/Jan/2026:13:46:08 +0800] "POST /wp-cron.php?doing_wp_cron=1769319968.7267351150512695312500 HTTP/1.1" 200 31 "-" "WordPress/6.9; http://cqqizhou.com"
52.167.144.221 - - [25/Jan/2026:13:46:08 +0800] "GET /?s=2025 HTTP/1.1" 200 19873 "-" "Mozilla/5.0 AppleWebKit/537.36 (KHTML, like Gecko; compatible; bingbot/2.0; +http://www.bing.com/bingbot.htm) Chrome/116.0.1938.76 Safari/537.36"
36.133.115.36 - - [25/Jan/2026:13:47:14 +0800] "POST /wp-cron.php?doing_wp_cron=1769320034.6928129196166992187500 HTTP/1.1" 200 31 "-" "WordPress/6.9; http://cqqizhou.com"
47.96.157.127 - - [25/Jan/2026:13:47:14 +0800] "POST /wp-login.php HTTP/1.1" 200 9495 "-" "Mozilla/5.0"
36.133.115.36 - - [25/Jan/2026:13:50:39 +0800] "POST /wp-cron.php?doing_wp_cron=1769320239.3143839836120605468750 HTTP/1.1" 200 31 "-" "WordPress/6.9; http://cqqizhou.com"
47.96.157.127 - - [25/Jan/2026:13:50:39 +0800] "POST /wp-login.php HTTP/1.1" 200 9495 "-" "Mozilla/5.0"
36.133.115.36 - - [25/Jan/2026:13:52:13 +0800] "POST /wp-cron.php?doing_wp_cron=1769320333.9412620067596435546875 HTTP/1.1" 200 31 "-" "WordPress/6.9; http://cqqizhou.com"
147.135.213.9 - - [25/Jan/2026:13:52:13 +0800] "GET /robots.txt HTTP/1.1" 200 390 "-" "Mozilla/5.0 (compatible; MJ12bot/v1.4.8; http://mj12bot.com/)"
147.135.213.9 - - [25/Jan/2026:13:52:17 +0800] "GET /portfolio-tag/%E9%9E%8D%E9%92%A2%E8%92%82%E6%A3%AE/ HTTP/1.1" 404 8951 "-" "Mozilla/5.0 (compatible; MJ12bot/v1.4.8; http://mj12bot.com/)"
147.135.213.9 - - [25/Jan/2026:13:52:19 +0800] "GET /portfolio/%E5%86%B7%E8%BD%A7%E5%8D%B7/ HTTP/1.1" 404 8951 "-" "Mozilla/5.0 (compatible; MJ12bot/v1.4.8; http://mj12bot.com/)"
147.135.213.9 - - [25/Jan/2026:13:52:25 +0800] "GET /portfolio/%E5%86%B7%E8%BD%A7%E6%9D%BF/ HTTP/1.1" 404 8951 "-" "Mozilla/5.0 (compatible; MJ12bot/v1.4.8; http://mj12bot.com/)"
43.157.52.37 - - [25/Jan/2026:13:52:40 +0800] "GET / HTTP/1.1" 200 34739 "-" "Mozilla/5.0 (iPhone; CPU iPhone OS 13_2_3 like Mac OS X) AppleWebKit/605.1.15 (KHTML, like Gecko) Version/13.0.3 Mobile/15E148 Safari/604.1"
36.133.115.36 - - [25/Jan/2026:13:53:52 +0800] "POST /wp-cron.php?doing_wp_cron=1769320432.7347800731658935546875 HTTP/1.1" 200 31 "-" "WordPress/6.9; http://cqqizhou.com"
47.96.157.127 - - [25/Jan/2026:13:53:52 +0800] "POST /wp-login.php HTTP/1.1" 200 9495 "-" "Mozilla/5.0"
36.133.115.36 - - [25/Jan/2026:13:56:29 +0800] "POST /wp-cron.php?doing_wp_cron=1769320589.1511139869689941406250 HTTP/1.1" 200 31 "-" "WordPress/6.9; http://cqqizhou.com"
95.214.54.147 - - [25/Jan/2026:13:56:29 +0800] "GET / HTTP/1.1" 200 157416 "-" "Mozilla/5.0"
36.133.115.36 - - [25/Jan/2026:13:57:12 +0800] "POST /wp-cron.php?doing_wp_cron=1769320632.9283020496368408203125 HTTP/1.1" 200 31 "-" "WordPress/6.9; http://cqqizhou.com"
47.96.157.127 - - [25/Jan/2026:13:57:12 +0800] "POST /wp-login.php HTTP/1.1" 200 9495 "-" "Mozilla/5.0"
36.133.115.36 - - [25/Jan/2026:14:00:17 +0800] "POST /wp-cron.php?doing_wp_cron=1769320817.7354769706726074218750 HTTP/1.1" 200 31 "-" "WordPress/6.9; http://cqqizhou.com"
47.96.157.127 - - [25/Jan/2026:14:00:17 +0800] "POST /wp-login.php HTTP/1.1" 200 9495 "-" "Mozilla/5.0"
36.133.115.36 - - [25/Jan/2026:14:03:31 +0800] "POST /wp-cron.php?doing_wp_cron=1769321011.2738111019134521484375 HTTP/1.1" 200 31 "-" "WordPress/6.9; http://cqqizhou.com"
47.96.157.127 - - [25/Jan/2026:14:03:31 +0800] "POST /wp-login.php HTTP/1.1" 200 9495 "-" "Mozilla/5.0"
36.133.115.36 - - [25/Jan/2026:14:05:30 +0800] "POST /wp-cron.php?doing_wp_cron=1769321130.5373089313507080078125 HTTP/1.1" 200 31 "-" "WordPress/6.9; http://cqqizhou.com"
114.119.137.38 - - [25/Jan/2026:14:05:30 +0800] "GET /wp-sitemap.xml HTTP/1.1" 501 253 "-" "Mozilla/5.0 (Linux; Android 7.0;) AppleWebKit/537.36 (KHTML, like Gecko) Mobile Safari/537.36 (compatible; PetalBot;+https://webmaster.petalsearch.com/site/petalbot)"
40.81.230.77 - - [25/Jan/2026:14:06:00 +0800] "GET / HTTP/1.1" 301 5 "-" "Mozilla/5.0 (Macintosh; Intel Mac OS X 10_15_7) AppleWebKit/537.36 (KHTML, like Gecko) Chrome/120.0.0.0 Safari/537.36"
40.81.230.77 - - [25/Jan/2026:14:06:02 +0800] "POST / HTTP/1.1" 200 34739 "-" "Mozilla/5.0 (Macintosh; Intel Mac OS X 10_15_7) AppleWebKit/537.36 (KHTML, like Gecko) Chrome/120.0.0.0 Safari/537.36"
36.133.115.36 - - [25/Jan/2026:14:06:48 +0800] "POST /wp-cron.php?doing_wp_cron=1769321208.8352301120758056640625 HTTP/1.1" 200 31 "-" "WordPress/6.9; http://cqqizhou.com"
47.96.157.127 - - [25/Jan/2026:14:06:48 +0800] "POST /wp-login.php HTTP/1.1" 200 9495 "-" "Mozilla/5.0"
36.133.115.36 - - [25/Jan/2026:14:10:00 +0800] "POST /wp-cron.php?doing_wp_cron=1769321399.9798440933227539062500 HTTP/1.1" 200 31 "-" "WordPress/6.9; http://cqqizhou.com"
47.96.157.127 - - [25/Jan/2026:14:10:00 +0800] "POST /wp-login.php HTTP/1.1" 200 9495 "-" "Mozilla/5.0"
36.133.115.36 - - [25/Jan/2026:14:10:11 +0800] "POST /wp-cron.php?doing_wp_cron=1769321411.0920929908752441406250 HTTP/1.1" 200 31 "-" "WordPress/6.9; http://cqqizhou.com"
85.208.96.196 - - [25/Jan/2026:14:10:11 +0800] "GET /robots.txt HTTP/1.1" 200 190 "-" "Mozilla/5.0 (compatible; SemrushBot/7~bl; +http://www.semrush.com/bot.html)"
185.191.171.17 - - [25/Jan/2026:14:10:12 +0800] "GET /about/ HTTP/1.1" 200 30025 "-" "Mozilla/5.0 (compatible; SemrushBot/7~bl; +http://www.semrush.com/bot.html)"
204.76.203.219 - - [25/Jan/2026:14:10:19 +0800] "GET / HTTP/1.1" 200 34739 "-" "Mozilla/5.0 (Windows NT 10.0; Win64; x64) AppleWebKit/537.36 (KHTML, like Gecko) Chrome/90.0.4430.85 Safari/537.36 Edg/90.0.818.46"
36.133.115.36 - - [25/Jan/2026:14:13:11 +0800] "POST /wp-cron.php?doing_wp_cron=1769321591.2709980010986328125000 HTTP/1.1" 200 31 "-" "WordPress/6.9; http://cqqizhou.com"
47.96.157.127 - - [25/Jan/2026:14:13:11 +0800] "POST /wp-login.php HTTP/1.1" 200 9495 "-" "Mozilla/5.0"
36.133.115.36 - - [25/Jan/2026:14:16:50 +0800] "POST /wp-cron.php?doing_wp_cron=1769321810.6931779384613037109375 HTTP/1.1" 200 31 "-" "WordPress/6.9; http://cqqizhou.com"
47.96.157.127 - - [25/Jan/2026:14:16:50 +0800] "POST /wp-login.php HTTP/1.1" 200 9495 "-" "Mozilla/5.0"
36.133.115.36 - - [25/Jan/2026:14:20:17 +0800] "POST /wp-cron.php?doing_wp_cron=1769322017.2744510173797607421875 HTTP/1.1" 200 31 "-" "WordPress/6.9; http://cqqizhou.com"
47.96.157.127 - - [25/Jan/2026:14:20:17 +0800] "POST /wp-login.php HTTP/1.1" 200 9495 "-" "Mozilla/5.0"
79.124.40.174 - - [25/Jan/2026:14:20:47 +0800] "GET /?XDEBUG_SESSION_START=phpstorm HTTP/1.1" 200 34739 "-" "Mozilla/5.0 (Windows NT 10.0; Win64; x64) AppleWebKit/537.36 (KHTML, like Gecko) Chrome/78.0.3904.108 Safari/537.36"
36.133.115.36 - - [25/Jan/2026:14:23:55 +0800] "POST /wp-cron.php?doing_wp_cron=1769322235.0183920860290527343750 HTTP/1.1" 200 31 "-" "WordPress/6.9; http://cqqizhou.com"
47.96.157.127 - - [25/Jan/2026:14:23:55 +0800] "POST /wp-login.php HTTP/1.1" 200 9495 "-" "Mozilla/5.0"
36.133.115.36 - - [25/Jan/2026:14:27:20 +0800] "POST /wp-cron.php?doing_wp_cron=1769322440.2547349929809570312500 HTTP/1.1" 200 31 "-" "WordPress/6.9; http://cqqizhou.com"
47.96.157.127 - - [25/Jan/2026:14:27:20 +0800] "POST /wp-login.php HTTP/1.1" 200 9495 "-" "Mozilla/5.0"
36.133.115.36 - - [25/Jan/2026:14:30:57 +0800] "POST /wp-cron.php?doing_wp_cron=1769322657.5515630245208740234375 HTTP/1.1" 200 31 "-" "WordPress/6.9; http://cqqizhou.com"
47.96.157.127 - - [25/Jan/2026:14:30:57 +0800] "POST /wp-login.php HTTP/1.1" 200 9495 "-" "Mozilla/5.0"
3.143.33.63 - - [25/Jan/2026:14:31:03 +0800] "GET / HTTP/1.1" 301 5 "-" "cypex.ai/scanning Mozilla/5.0 (Macintosh; Intel Mac OS X 10_15_7) Chrome/126.0.0.0 Safari/537.36"
36.133.115.36 - - [25/Jan/2026:14:31:48 +0800] "POST /wp-cron.php?doing_wp_cron=1769322708.4659540653228759765625 HTTP/1.1" 200 31 "-" "WordPress/6.9; http://cqqizhou.com"
193.142.147.209 - - [25/Jan/2026:14:31:48 +0800] "POST / HTTP/1.1" 200 34739 "-" "Mozilla/5.0 (Windows NT 10.0; Win64; x64) AppleWebKit/537.36"
36.133.115.36 - - [25/Jan/2026:14:33:16 +0800] "POST /wp-cron.php?doing_wp_cron=1769322796.6850879192352294921875 HTTP/1.1" 200 31 "-" "WordPress/6.9; http://cqqizhou.com"
65.49.1.80 - - [25/Jan/2026:14:33:16 +0800] "GET / HTTP/1.1" 301 5 "-" "Mozilla/5.0 (X11; Linux x86_64) AppleWebKit/537.36 (KHTML, like Gecko) Chrome/61.0.3163.100 Electron/2.0.18 Safari/537.36"
36.133.115.36 - - [25/Jan/2026:14:34:24 +0800] "POST /wp-cron.php?doing_wp_cron=1769322864.7000799179077148437500 HTTP/1.1" 200 31 "-" "WordPress/6.9; http://cqqizhou.com"
65.49.1.80 - - [25/Jan/2026:14:34:24 +0800] "GET /webui/ HTTP/1.1" 404 8952 "-" "Mozilla/5.0 (X11; Linux x86_64) AppleWebKit/537.36 (KHTML, like Gecko) Chrome/140.0.0.0 Safari/537.36"
47.96.157.127 - - [25/Jan/2026:14:34:48 +0800] "POST /wp-login.php HTTP/1.1" 200 9495 "-" "Mozilla/5.0"
65.49.1.93 - - [25/Jan/2026:14:34:53 +0800] "GET / HTTP/1.1" 301 5 "-" "Mozilla/5.0 (X11; Linux x86_64) AppleWebKit/537.36 (KHTML, like Gecko) Chrome/140.0.0.0 Safari/537.36"
36.133.115.36 - - [25/Jan/2026:14:36:20 +0800] "POST /wp-cron.php?doing_wp_cron=1769322980.4242451190948486328125 HTTP/1.1" 200 31 "-" "WordPress/6.9; http://cqqizhou.com"
65.49.1.80 - - [25/Jan/2026:14:36:20 +0800] "GET /geoserver/web/ HTTP/1.1" 404 8949 "-" "Mozilla/5.0 (X11; Linux x86_64) AppleWebKit/537.36 (KHTML, like Gecko) Chrome/61.0.3163.100 Electron/2.0.18 Safari/537.36"
178.128.125.133 - - [25/Jan/2026:14:36:38 +0800] "GET / HTTP/1.1" 301 5 "-" "Mozilla/5.0 (Windows NT 10.0; Win64; x64) AppleWebKit/537.36 (KHTML, like Gecko) Chrome/108.0.0.0 Safari/537.36"
178.128.125.133 - - [25/Jan/2026:14:36:39 +0800] "GET / HTTP/1.1" 200 40638 "http://36.133.115.36/" "Mozilla/5.0 (Windows NT 10.0; Win64; x64) AppleWebKit/537.36 (KHTML, like Gecko) Chrome/108.0.0.0 Safari/537.36"
178.128.125.133 - - [25/Jan/2026:14:36:40 +0800] "GET /form.html HTTP/1.1" 404 8948 "-" "curl/8.1.2"
178.128.125.133 - - [25/Jan/2026:14:36:40 +0800] "GET /upl.php HTTP/1.1" 404 47 "-" "Mozilla/5.0"
178.128.125.133 - - [25/Jan/2026:14:36:41 +0800] "GET /t4 HTTP/1.1" 404 8950 "-" "Mozilla/5.0"
178.128.125.133 - - [25/Jan/2026:14:36:42 +0800] "GET /geoip/ HTTP/1.1" 404 8950 "-" "Mozilla/5.0 (Windows NT 10.0; Win64; x64) AppleWebKit/537.36 (KHTML, like Gecko) Chrome/108.0.0.0 Safari/537.36"
178.128.125.133 - - [25/Jan/2026:14:36:42 +0800] "GET /1.php HTTP/1.1" 404 47 "-" "Mozilla/5.0 (Windows NT 10.0; Win64; x64) AppleWebKit/537.36 (KHTML, like Gecko) Chrome/108.0.0.0 Safari/537.36"
178.128.125.133 - - [25/Jan/2026:14:36:43 +0800] "GET /systembc/password.php HTTP/1.1" 404 47 "-" "Mozilla/5.0 (Windows NT 10.0; Win64; x64) AppleWebKit/537.36 (KHTML, like Gecko) Chrome/108.0.0.0 Safari/537.36"
178.128.125.133 - - [25/Jan/2026:14:36:43 +0800] "GET /password.php HTTP/1.1" 404 47 "-" "Mozilla/5.0 (Windows NT 10.0; Win64; x64) AppleWebKit/537.36 (KHTML, like Gecko) Chrome/108.0.0.0 Safari/537.36"
36.133.115.36 - - [25/Jan/2026:14:38:14 +0800] "POST /wp-cron.php?doing_wp_cron=1769323094.4032480716705322265625 HTTP/1.1" 200 31 "-" "WordPress/6.9; http://cqqizhou.com"
47.96.157.127 - - [25/Jan/2026:14:38:14 +0800] "POST /wp-login.php HTTP/1.1" 200 9495 "-" "Mozilla/5.0"
95.214.54.147 - - [25/Jan/2026:14:38:16 +0800] "GET / HTTP/1.1" 200 157416 "-" "Mozilla/5.0"
36.133.115.36 - - [25/Jan/2026:14:41:56 +0800] "POST /wp-cron.php?doing_wp_cron=1769323316.2184040546417236328125 HTTP/1.1" 200 31 "-" "WordPress/6.9; http://cqqizhou.com"
47.96.157.127 - - [25/Jan/2026:14:41:56 +0800] "POST /wp-login.php HTTP/1.1" 200 9495 "-" "Mozilla/5.0"
36.133.115.36 - - [25/Jan/2026:14:45:20 +0800] "POST /wp-cron.php?doing_wp_cron=1769323520.0848278999328613281250 HTTP/1.1" 200 31 "-" "WordPress/6.9; http://cqqizhou.com"
47.96.157.127 - - [25/Jan/2026:14:45:20 +0800] "POST /wp-login.php HTTP/1.1" 200 9495 "-" "Mozilla/5.0"
36.133.115.36 - - [25/Jan/2026:14:48:39 +0800] "POST /wp-cron.php?doing_wp_cron=1769323719.2824239730834960937500 HTTP/1.1" 200 31 "-" "WordPress/6.9; http://cqqizhou.com"
47.96.157.127 - - [25/Jan/2026:14:48:39 +0800] "POST /wp-login.php HTTP/1.1" 200 9495 "-" "Mozilla/5.0"
36.133.115.36 - - [25/Jan/2026:14:49:10 +0800] "POST /wp-cron.php?doing_wp_cron=1769323750.5289430618286132812500 HTTP/1.1" 200 31 "-" "WordPress/6.9; http://cqqizhou.com"
43.153.62.161 - - [25/Jan/2026:14:49:10 +0800] "GET / HTTP/1.1" 301 5 "-" "Mozilla/5.0 (iPhone; CPU iPhone OS 13_2_3 like Mac OS X) AppleWebKit/605.1.15 (KHTML, like Gecko) Version/13.0.3 Mobile/15E148 Safari/604.1"
43.153.62.161 - - [25/Jan/2026:14:49:12 +0800] "GET / HTTP/1.1" 200 34738 "http://www.cqqizhou.com" "Mozilla/5.0 (iPhone; CPU iPhone OS 13_2_3 like Mac OS X) AppleWebKit/605.1.15 (KHTML, like Gecko) Version/13.0.3 Mobile/15E148 Safari/604.1"
36.133.115.36 - - [25/Jan/2026:14:52:07 +0800] "POST /wp-cron.php?doing_wp_cron=1769323927.1118879318237304687500 HTTP/1.1" 200 31 "-" "WordPress/6.9; http://cqqizhou.com"
47.96.157.127 - - [25/Jan/2026:14:52:07 +0800] "POST /wp-login.php HTTP/1.1" 200 9495 "-" "Mozilla/5.0"
36.133.115.36 - - [25/Jan/2026:14:55:29 +0800] "POST /wp-cron.php?doing_wp_cron=1769324129.6502490043640136718750 HTTP/1.1" 200 31 "-" "WordPress/6.9; http://cqqizhou.com"
47.96.157.127 - - [25/Jan/2026:14:55:29 +0800] "POST /wp-login.php HTTP/1.1" 200 9495 "-" "Mozilla/5.0"
36.133.115.36 - - [25/Jan/2026:14:58:59 +0800] "POST /wp-cron.php?doing_wp_cron=1769324339.4551830291748046875000 HTTP/1.1" 200 31 "-" "WordPress/6.9; http://cqqizhou.com"
47.96.157.127 - - [25/Jan/2026:14:58:59 +0800] "POST /wp-login.php HTTP/1.1" 200 9495 "-" "Mozilla/5.0"
36.133.115.36 - - [25/Jan/2026:15:00:13 +0800] "POST /wp-cron.php?doing_wp_cron=1769324413.4493560791015625000000 HTTP/1.1" 200 31 "-" "WordPress/6.9; http://cqqizhou.com"
95.214.54.147 - - [25/Jan/2026:15:00:14 +0800] "GET / HTTP/1.1" 200 157416 "-" "Mozilla/5.0"
52.167.144.176 - - [25/Jan/2026:15:00:20 +0800] "GET /2373/ HTTP/1.1" 200 26203 "-" "Mozilla/5.0 AppleWebKit/537.36 (KHTML, like Gecko; compatible; bingbot/2.0; +http://www.bing.com/bingbot.htm) Chrome/116.0.1938.76 Safari/537.36"
36.133.115.36 - - [25/Jan/2026:15:01:42 +0800] "POST /wp-cron.php?doing_wp_cron=1769324502.4942960739135742187500 HTTP/1.1" 200 31 "-" "WordPress/6.9; http://cqqizhou.com"
204.76.203.219 - - [25/Jan/2026:15:01:42 +0800] "GET / HTTP/1.1" 200 34739 "-" "Mozilla/5.0 (Windows NT 10.0; Win64; x64) AppleWebKit/537.36 (KHTML, like Gecko) Chrome/90.0.4430.85 Safari/537.36 Edg/90.0.818.46"
36.133.115.36 - - [25/Jan/2026:15:02:21 +0800] "POST /wp-cron.php?doing_wp_cron=1769324541.0451691150665283203125 HTTP/1.1" 200 31 "-" "WordPress/6.9; http://cqqizhou.com"
47.96.157.127 - - [25/Jan/2026:15:02:21 +0800] "POST /wp-login.php HTTP/1.1" 200 9495 "-" "Mozilla/5.0"
36.133.115.36 - - [25/Jan/2026:15:05:40 +0800] "POST /wp-cron.php?doing_wp_cron=1769324740.7432980537414550781250 HTTP/1.1" 200 31 "-" "WordPress/6.9; http://cqqizhou.com"
47.96.157.127 - - [25/Jan/2026:15:05:40 +0800] "POST /wp-login.php HTTP/1.1" 200 9495 "-" "Mozilla/5.0"
36.133.115.36 - - [25/Jan/2026:15:08:59 +0800] "POST /wp-cron.php?doing_wp_cron=1769324939.4777319431304931640625 HTTP/1.1" 200 31 "-" "WordPress/6.9; http://cqqizhou.com"
47.96.157.127 - - [25/Jan/2026:15:08:59 +0800] "POST /wp-login.php HTTP/1.1" 200 9495 "-" "Mozilla/5.0"
52.167.144.193 - - [25/Jan/2026:15:12:03 +0800] "GET / HTTP/1.1" 200 40638 "-" "Mozilla/5.0 AppleWebKit/537.36 (KHTML, like Gecko; compatible; bingbot/2.0; +http://www.bing.com/bingbot.htm) Chrome/116.0.1938.76 Safari/537.36"
36.133.115.36 - - [25/Jan/2026:15:12:19 +0800] "POST /wp-cron.php?doing_wp_cron=1769325139.7492759227752685546875 HTTP/1.1" 200 31 "-" "WordPress/6.9; http://cqqizhou.com"
47.96.157.127 - - [25/Jan/2026:15:12:19 +0800] "POST /wp-login.php HTTP/1.1" 200 9495 "-" "Mozilla/5.0"
157.55.39.193 - - [25/Jan/2026:15:14:25 +0800] "GET /2163/ HTTP/1.1" 200 23716 "-" "Mozilla/5.0 AppleWebKit/537.36 (KHTML, like Gecko; compatible; bingbot/2.0; +http://www.bing.com/bingbot.htm) Chrome/116.0.1938.76 Safari/537.36"
36.133.115.36 - - [25/Jan/2026:15:15:46 +0800] "POST /wp-cron.php?doing_wp_cron=1769325346.4908459186553955078125 HTTP/1.1" 200 31 "-" "WordPress/6.9; http://cqqizhou.com"
47.96.157.127 - - [25/Jan/2026:15:15:46 +0800] "POST /wp-login.php HTTP/1.1" 200 9495 "-" "Mozilla/5.0"
36.133.115.36 - - [25/Jan/2026:15:19:15 +0800] "POST /wp-cron.php?doing_wp_cron=1769325555.5404729843139648437500 HTTP/1.1" 200 31 "-" "WordPress/6.9; http://cqqizhou.com"
47.96.157.127 - - [25/Jan/2026:15:19:15 +0800] "POST /wp-login.php HTTP/1.1" 200 9495 "-" "Mozilla/5.0"
36.133.115.36 - - [25/Jan/2026:15:22:39 +0800] "POST /wp-cron.php?doing_wp_cron=1769325759.5471930503845214843750 HTTP/1.1" 200 31 "-" "WordPress/6.9; http://cqqizhou.com"
47.96.157.127 - - [25/Jan/2026:15:22:39 +0800] "POST /wp-login.php HTTP/1.1" 200 9495 "-" "Mozilla/5.0"
36.133.115.36 - - [25/Jan/2026:15:25:58 +0800] "POST /wp-cron.php?doing_wp_cron=1769325958.5909509658813476562500 HTTP/1.1" 200 31 "-" "WordPress/6.9; http://cqqizhou.com"
47.96.157.127 - - [25/Jan/2026:15:25:58 +0800] "POST /wp-login.php HTTP/1.1" 200 9495 "-" "Mozilla/5.0"
36.133.115.36 - - [25/Jan/2026:15:29:28 +0800] "POST /wp-cron.php?doing_wp_cron=1769326168.2520999908447265625000 HTTP/1.1" 200 31 "-" "WordPress/6.9; http://cqqizhou.com"
47.96.157.127 - - [25/Jan/2026:15:29:28 +0800] "POST /wp-login.php HTTP/1.1" 200 9495 "-" "Mozilla/5.0"
36.133.115.36 - - [25/Jan/2026:15:33:18 +0800] "POST /wp-cron.php?doing_wp_cron=1769326398.2274219989776611328125 HTTP/1.1" 200 31 "-" "WordPress/6.9; http://cqqizhou.com"
47.96.157.127 - - [25/Jan/2026:15:33:18 +0800] "POST /wp-login.php HTTP/1.1" 200 9495 "-" "Mozilla/5.0"
36.133.115.36 - - [25/Jan/2026:15:34:23 +0800] "POST /wp-cron.php?doing_wp_cron=1769326463.9174048900604248046875 HTTP/1.1" 200 31 "-" "WordPress/6.9; http://cqqizhou.com"
79.124.40.174 - - [25/Jan/2026:15:34:23 +0800] "GET /actuator/gateway/routes HTTP/1.1" 301 5 "-" "Mozilla/5.0 (Windows NT 10.0; Win64; x64) AppleWebKit/537.36 (KHTML, like Gecko) Chrome/78.0.3904.108 Safari/537.36"
79.124.40.174 - - [25/Jan/2026:15:34:25 +0800] "GET /actuator/gateway/routes HTTP/1.1" 404 8951 "http://36.133.115.36:80/actuator/gateway/routes" "Mozilla/5.0 (Windows NT 10.0; Win64; x64) AppleWebKit/537.36 (KHTML, like Gecko) Chrome/78.0.3904.108 Safari/537.36"
36.133.115.36 - - [25/Jan/2026:15:36:39 +0800] "POST /wp-cron.php?doing_wp_cron=1769326599.6120529174804687500000 HTTP/1.1" 200 31 "-" "WordPress/6.9; http://cqqizhou.com"
47.96.157.127 - - [25/Jan/2026:15:36:39 +0800] "POST /wp-login.php HTTP/1.1" 200 9495 "-" "Mozilla/5.0"
36.133.115.36 - - [25/Jan/2026:15:40:26 +0800] "POST /wp-cron.php?doing_wp_cron=1769326826.5415220260620117187500 HTTP/1.1" 200 31 "-" "WordPress/6.9; http://cqqizhou.com"
47.96.157.127 - - [25/Jan/2026:15:40:26 +0800] "POST /wp-login.php HTTP/1.1" 200 9495 "-" "Mozilla/5.0"
36.133.115.36 - - [25/Jan/2026:15:43:51 +0800] "POST /wp-cron.php?doing_wp_cron=1769327031.6983599662780761718750 HTTP/1.1" 200 31 "-" "WordPress/6.9; http://cqqizhou.com"
47.96.157.127 - - [25/Jan/2026:15:43:51 +0800] "POST /wp-login.php HTTP/1.1" 200 9495 "-" "Mozilla/5.0"
36.133.115.36 - - [25/Jan/2026:15:47:13 +0800] "POST /wp-cron.php?doing_wp_cron=1769327233.1271550655364990234375 HTTP/1.1" 200 31 "-" "WordPress/6.9; http://cqqizhou.com"
47.96.157.127 - - [25/Jan/2026:15:47:13 +0800] "POST /wp-login.php HTTP/1.1" 200 9495 "-" "Mozilla/5.0"
36.133.115.36 - - [25/Jan/2026:15:50:43 +0800] "POST /wp-cron.php?doing_wp_cron=1769327443.5585598945617675781250 HTTP/1.1" 200 31 "-" "WordPress/6.9; http://cqqizhou.com"
47.96.157.127 - - [25/Jan/2026:15:50:43 +0800] "POST /wp-login.php HTTP/1.1" 200 9495 "-" "Mozilla/5.0"
36.133.115.36 - - [25/Jan/2026:15:53:14 +0800] "POST /wp-cron.php?doing_wp_cron=1769327594.5467600822448730468750 HTTP/1.1" 200 31 "-" "WordPress/6.9; http://cqqizhou.com"
204.76.203.219 - - [25/Jan/2026:15:53:14 +0800] "GET / HTTP/1.1" 200 34739 "-" "Mozilla/5.0 (Windows NT 10.0; Win64; x64) AppleWebKit/537.36 (KHTML, like Gecko) Chrome/90.0.4430.85 Safari/537.36 Edg/90.0.818.46"
47.96.157.127 - - [25/Jan/2026:15:54:03 +0800] "POST /wp-login.php HTTP/1.1" 200 9495 "-" "Mozilla/5.0"
36.133.115.36 - - [25/Jan/2026:15:57:26 +0800] "POST /wp-cron.php?doing_wp_cron=1769327846.4385299682617187500000 HTTP/1.1" 200 31 "-" "WordPress/6.9; http://cqqizhou.com"
47.96.157.127 - - [25/Jan/2026:15:57:26 +0800] "POST /wp-login.php HTTP/1.1" 200 9495 "-" "Mozilla/5.0"
36.133.115.36 - - [25/Jan/2026:15:59:52 +0800] "POST /wp-cron.php?doing_wp_cron=1769327992.7109920978546142578125 HTTP/1.1" 200 31 "-" "WordPress/6.9; http://cqqizhou.com"
95.214.54.147 - - [25/Jan/2026:15:59:53 +0800] "GET / HTTP/1.1" 200 157416 "-" "Mozilla/5.0"
36.133.115.36 - - [25/Jan/2026:16:00:46 +0800] "POST /wp-cron.php?doing_wp_cron=1769328046.1180140972137451171875 HTTP/1.1" 200 31 "-" "WordPress/6.9; http://cqqizhou.com"
47.96.157.127 - - [25/Jan/2026:16:00:46 +0800] "POST /wp-login.php HTTP/1.1" 200 9495 "-" "Mozilla/5.0"
36.133.115.36 - - [25/Jan/2026:16:04:02 +0800] "POST /wp-cron.php?doing_wp_cron=1769328242.2170360088348388671875 HTTP/1.1" 200 31 "-" "WordPress/6.9; http://cqqizhou.com"
47.96.157.127 - - [25/Jan/2026:16:04:02 +0800] "POST /wp-login.php HTTP/1.1" 200 9495 "-" "Mozilla/5.0"
36.133.115.36 - - [25/Jan/2026:16:07:21 +0800] "POST /wp-cron.php?doing_wp_cron=1769328441.3771739006042480468750 HTTP/1.1" 200 31 "-" "WordPress/6.9; http://cqqizhou.com"
47.96.157.127 - - [25/Jan/2026:16:07:21 +0800] "POST /wp-login.php HTTP/1.1" 200 9495 "-" "Mozilla/5.0"
36.133.115.36 - - [25/Jan/2026:16:10:47 +0800] "POST /wp-cron.php?doing_wp_cron=1769328647.4377799034118652343750 HTTP/1.1" 200 31 "-" "WordPress/6.9; http://cqqizhou.com"
47.96.157.127 - - [25/Jan/2026:16:10:47 +0800] "POST /wp-login.php HTTP/1.1" 200 9495 "-" "Mozilla/5.0"
36.133.115.36 - - [25/Jan/2026:16:14:17 +0800] "POST /wp-cron.php?doing_wp_cron=1769328857.1624670028686523437500 HTTP/1.1" 200 31 "-" "WordPress/6.9; http://cqqizhou.com"
47.96.157.127 - - [25/Jan/2026:16:14:17 +0800] "POST /wp-login.php HTTP/1.1" 200 9495 "-" "Mozilla/5.0"
212.34.128.179 - - [25/Jan/2026:16:15:56 +0800] "GET / HTTP/1.0" 200 171320 "http://cqqizhou.com/" "Mozilla/5.0 (Windows NT 10.0; Win64; x64) AppleWebKit/537.36 (KHTML, like Gecko) Chrome/129.0.0.0 Safari/537.36"
36.133.115.36 - - [25/Jan/2026:16:17:15 +0800] "POST /wp-cron.php?doing_wp_cron=1769329035.4436628818511962890625 HTTP/1.1" 200 31 "-" "WordPress/6.9; http://cqqizhou.com"
116.179.32.218 - - [25/Jan/2026:16:17:15 +0800] "GET /wp-json/oembed/1.0/embed?url=http%3A%2F%2Fcqqizhou.com%2Fbug%2F HTTP/1.1" 200 1137 "-" "Mozilla/5.0 (compatible; Baiduspider/2.0; +http://www.baidu.com/search/spider.html)"
47.96.157.127 - - [25/Jan/2026:16:17:38 +0800] "POST /wp-login.php HTTP/1.1" 200 9495 "-" "Mozilla/5.0"
36.133.115.36 - - [25/Jan/2026:16:20:55 +0800] "POST /wp-cron.php?doing_wp_cron=1769329255.4962699413299560546875 HTTP/1.1" 200 31 "-" "WordPress/6.9; http://cqqizhou.com"
47.96.157.127 - - [25/Jan/2026:16:20:55 +0800] "POST /wp-login.php HTTP/1.1" 200 9495 "-" "Mozilla/5.0"
36.133.115.36 - - [25/Jan/2026:16:21:36 +0800] "POST /wp-cron.php?doing_wp_cron=1769329296.9628660678863525390625 HTTP/1.1" 200 31 "-" "WordPress/6.9; http://cqqizhou.com"
148.153.56.62 - - [25/Jan/2026:16:21:36 +0800] "GET /w4y8 HTTP/1.1" 301 5 "-" "Mozilla/5.0 (Macintosh; Intel Mac OS X 10.9; rv:32.0) Gecko/20100101 Firefox/32.0"
148.153.56.62 - - [25/Jan/2026:16:21:38 +0800] "GET /w4y8 HTTP/1.1" 404 8951 "http://36.133.115.36:80/w4y8" "Mozilla/5.0 (Macintosh; Intel Mac OS X 10.9; rv:32.0) Gecko/20100101 Firefox/32.0"
148.153.56.62 - - [25/Jan/2026:16:21:39 +0800] "GET /pZKH HTTP/1.1" 301 5 "-" "Mozilla/5.0 (Macintosh; Intel Mac OS X 10.9; rv:32.0) Gecko/20100101 Firefox/32.0"
148.153.56.62 - - [25/Jan/2026:16:21:40 +0800] "GET /pZKH HTTP/1.1" 404 8949 "http://36.133.115.36:80/pZKH" "Mozilla/5.0 (Macintosh; Intel Mac OS X 10.9; rv:32.0) Gecko/20100101 Firefox/32.0"
148.153.56.62 - - [25/Jan/2026:16:21:41 +0800] "GET /aab8 HTTP/1.1" 301 5 "-" "Mozilla/5.0 (Macintosh; Intel Mac OS X 10.9; rv:32.0) Gecko/20100101 Firefox/32.0"
148.153.56.62 - - [25/Jan/2026:16:21:42 +0800] "GET /aab8 HTTP/1.1" 404 8951 "http://36.133.115.36:80/aab8" "Mozilla/5.0 (Macintosh; Intel Mac OS X 10.9; rv:32.0) Gecko/20100101 Firefox/32.0"
148.153.56.62 - - [25/Jan/2026:16:21:44 +0800] "GET /aab9 HTTP/1.1" 301 5 "-" "Mozilla/5.0 (Macintosh; Intel Mac OS X 10.9; rv:32.0) Gecko/20100101 Firefox/32.0"
148.153.56.62 - - [25/Jan/2026:16:21:45 +0800] "GET /aab9 HTTP/1.1" 404 8951 "http://36.133.115.36:80/aab9" "Mozilla/5.0 (Macintosh; Intel Mac OS X 10.9; rv:32.0) Gecko/20100101 Firefox/32.0"
36.133.115.36 - - [25/Jan/2026:16:22:19 +0800] "POST /wp-cron.php?doing_wp_cron=1769329339.4505259990692138671875 HTTP/1.1" 200 31 "-" "WordPress/6.9; http://cqqizhou.com"
43.153.119.119 - - [25/Jan/2026:16:22:19 +0800] "GET / HTTP/1.1" 301 5 "-" "Mozilla/5.0 (iPhone; CPU iPhone OS 13_2_3 like Mac OS X) AppleWebKit/605.1.15 (KHTML, like Gecko) Version/13.0.3 Mobile/15E148 Safari/604.1"
43.153.119.119 - - [25/Jan/2026:16:22:21 +0800] "GET / HTTP/1.1" 200 34739 "http://36.133.115.36" "Mozilla/5.0 (iPhone; CPU iPhone OS 13_2_3 like Mac OS X) AppleWebKit/605.1.15 (KHTML, like Gecko) Version/13.0.3 Mobile/15E148 Safari/604.1"
36.133.115.36 - - [25/Jan/2026:16:24:33 +0800] "POST /wp-cron.php?doing_wp_cron=1769329473.6836988925933837890625 HTTP/1.1" 200 31 "-" "WordPress/6.9; http://cqqizhou.com"
47.96.157.127 - - [25/Jan/2026:16:24:33 +0800] "POST /wp-login.php HTTP/1.1" 200 9495 "-" "Mozilla/5.0"
36.133.115.36 - - [25/Jan/2026:16:28:10 +0800] "POST /wp-cron.php?doing_wp_cron=1769329690.0171029567718505859375 HTTP/1.1" 200 31 "-" "WordPress/6.9; http://cqqizhou.com"
47.96.157.127 - - [25/Jan/2026:16:28:10 +0800] "POST /wp-login.php HTTP/1.1" 200 9495 "-" "Mozilla/5.0"
36.133.115.36 - - [25/Jan/2026:16:31:38 +0800] "POST /wp-cron.php?doing_wp_cron=1769329898.1813919544219970703125 HTTP/1.1" 200 31 "-" "WordPress/6.9; http://cqqizhou.com"
47.96.157.127 - - [25/Jan/2026:16:31:38 +0800] "POST /wp-login.php HTTP/1.1" 200 9495 "-" "Mozilla/5.0"
36.133.115.36 - - [25/Jan/2026:16:34:57 +0800] "POST /wp-cron.php?doing_wp_cron=1769330097.4260540008544921875000 HTTP/1.1" 200 31 "-" "WordPress/6.9; http://cqqizhou.com"
47.96.157.127 - - [25/Jan/2026:16:34:57 +0800] "POST /wp-login.php HTTP/1.1" 200 9495 "-" "Mozilla/5.0"
36.133.115.36 - - [25/Jan/2026:16:35:45 +0800] "POST /wp-cron.php?doing_wp_cron=1769330145.1879699230194091796875 HTTP/1.1" 200 31 "-" "WordPress/6.9; http://cqqizhou.com"
95.214.54.147 - - [25/Jan/2026:16:35:45 +0800] "GET / HTTP/1.1" 200 157416 "-" "Mozilla/5.0"
36.133.115.36 - - [25/Jan/2026:16:37:49 +0800] "POST /wp-cron.php?doing_wp_cron=1769330269.8170769214630126953125 HTTP/1.1" 200 31 "-" "WordPress/6.9; http://cqqizhou.com"
45.156.87.161 - - [25/Jan/2026:16:37:49 +0800] "GET /frontend/.env HTTP/1.1" 404 8951 "-" "Mozilla/5.0 (compatible; Googlebot/2.1; +http://www.google.com/bot.html)"
64.34.87.123 - - [25/Jan/2026:16:37:52 +0800] "GET / HTTP/1.1" 200 34739 "-" "Mozilla/5.0 (Windows NT 10.0; Win64; x64) AppleWebKit/537.36 (KHTML, like Gecko) Chrome/90.0.4430.85 Safari/537.36 Edg/90.0.818.46"
36.133.115.36 - - [25/Jan/2026:16:38:37 +0800] "POST /wp-cron.php?doing_wp_cron=1769330317.5188488960266113281250 HTTP/1.1" 200 31 "-" "WordPress/6.9; http://cqqizhou.com"
47.96.157.127 - - [25/Jan/2026:16:38:37 +0800] "POST /wp-login.php HTTP/1.1" 200 9495 "-" "Mozilla/5.0"
36.133.115.36 - - [25/Jan/2026:16:42:16 +0800] "POST /wp-cron.php?doing_wp_cron=1769330536.8450529575347900390625 HTTP/1.1" 200 31 "-" "WordPress/6.9; http://cqqizhou.com"
47.96.157.127 - - [25/Jan/2026:16:42:16 +0800] "POST /wp-login.php HTTP/1.1" 200 9495 "-" "Mozilla/5.0"
36.133.115.36 - - [25/Jan/2026:16:45:55 +0800] "POST /wp-cron.php?doing_wp_cron=1769330755.3475029468536376953125 HTTP/1.1" 200 31 "-" "WordPress/6.9; http://cqqizhou.com"
47.96.157.127 - - [25/Jan/2026:16:45:55 +0800] "POST /wp-login.php HTTP/1.1" 200 9495 "-" "Mozilla/5.0"
36.133.115.36 - - [25/Jan/2026:16:49:09 +0800] "POST /wp-cron.php?doing_wp_cron=1769330949.4536120891571044921875 HTTP/1.1" 200 31 "-" "WordPress/6.9; http://cqqizhou.com"
204.76.203.219 - - [25/Jan/2026:16:49:09 +0800] "GET / HTTP/1.1" 200 34739 "-" "Mozilla/5.0 (Windows NT 10.0; Win64; x64) AppleWebKit/537.36 (KHTML, like Gecko) Chrome/90.0.4430.85 Safari/537.36 Edg/90.0.818.46"
47.96.157.127 - - [25/Jan/2026:16:49:39 +0800] "POST /wp-login.php HTTP/1.1" 200 9495 "-" "Mozilla/5.0"
36.133.115.36 - - [25/Jan/2026:16:52:41 +0800] "POST /wp-cron.php?doing_wp_cron=1769331161.0443940162658691406250 HTTP/1.1" 200 31 "-" "WordPress/6.9; http://cqqizhou.com"
95.214.54.147 - - [25/Jan/2026:16:52:41 +0800] "GET / HTTP/1.1" 200 157416 "-" "Mozilla/5.0"
36.133.115.36 - - [25/Jan/2026:16:53:16 +0800] "POST /wp-cron.php?doing_wp_cron=1769331196.2048399448394775390625 HTTP/1.1" 200 31 "-" "WordPress/6.9; http://cqqizhou.com"
47.96.157.127 - - [25/Jan/2026:16:53:16 +0800] "POST /wp-login.php HTTP/1.1" 200 9495 "-" "Mozilla/5.0"
36.133.115.36 - - [25/Jan/2026:16:56:46 +0800] "POST /wp-cron.php?doing_wp_cron=1769331406.3792140483856201171875 HTTP/1.1" 200 31 "-" "WordPress/6.9; http://cqqizhou.com"
47.96.157.127 - - [25/Jan/2026:16:56:46 +0800] "POST /wp-login.php HTTP/1.1" 200 9495 "-" "Mozilla/5.0"
36.133.115.36 - - [25/Jan/2026:17:00:15 +0800] "POST /wp-cron.php?doing_wp_cron=1769331615.6989190578460693359375 HTTP/1.1" 200 31 "-" "WordPress/6.9; http://cqqizhou.com"
47.96.157.127 - - [25/Jan/2026:17:00:15 +0800] "POST /wp-login.php HTTP/1.1" 200 9495 "-" "Mozilla/5.0"
36.133.115.36 - - [25/Jan/2026:17:03:47 +0800] "POST /wp-cron.php?doing_wp_cron=1769331827.8438279628753662109375 HTTP/1.1" 200 31 "-" "WordPress/6.9; http://cqqizhou.com"
47.96.157.127 - - [25/Jan/2026:17:03:47 +0800] "POST /wp-login.php HTTP/1.1" 200 9495 "-" "Mozilla/5.0"
36.133.115.36 - - [25/Jan/2026:17:07:24 +0800] "POST /wp-cron.php?doing_wp_cron=1769332044.1521608829498291015625 HTTP/1.1" 200 31 "-" "WordPress/6.9; http://cqqizhou.com"
47.96.157.127 - - [25/Jan/2026:17:07:24 +0800] "POST /wp-login.php HTTP/1.1" 200 9495 "-" "Mozilla/5.0"
36.133.115.36 - - [25/Jan/2026:17:10:56 +0800] "POST /wp-cron.php?doing_wp_cron=1769332256.4073998928070068359375 HTTP/1.1" 200 31 "-" "WordPress/6.9; http://cqqizhou.com"
47.96.157.127 - - [25/Jan/2026:17:10:56 +0800] "POST /wp-login.php HTTP/1.1" 200 9495 "-" "Mozilla/5.0"
207.46.13.153 - - [25/Jan/2026:17:13:05 +0800] "GET /news/page/2/ HTTP/1.1" 200 25466 "-" "Mozilla/5.0 AppleWebKit/537.36 (KHTML, like Gecko; compatible; bingbot/2.0; +http://www.bing.com/bingbot.htm) Chrome/116.0.1938.76 Safari/537.36"
36.133.115.36 - - [25/Jan/2026:17:14:34 +0800] "POST /wp-cron.php?doing_wp_cron=1769332474.7336421012878417968750 HTTP/1.1" 200 31 "-" "WordPress/6.9; http://cqqizhou.com"
47.96.157.127 - - [25/Jan/2026:17:14:34 +0800] "POST /wp-login.php HTTP/1.1" 200 9495 "-" "Mozilla/5.0"
36.133.115.36 - - [25/Jan/2026:17:18:17 +0800] "POST /wp-cron.php?doing_wp_cron=1769332697.7674689292907714843750 HTTP/1.1" 200 31 "-" "WordPress/6.9; http://cqqizhou.com"
47.96.157.127 - - [25/Jan/2026:17:18:17 +0800] "POST /wp-login.php HTTP/1.1" 200 9495 "-" "Mozilla/5.0"
103.19.190.182 - - [25/Jan/2026:17:19:53 +0800] "GET /webuploader/0.1.5/server/preview.php HTTP/1.1" 404 47 "-" "Mozilla/5.0 (Windows NT 10.0; Win64; x64)"
103.19.190.182 - - [25/Jan/2026:17:19:53 +0800] "GET /webuploader/0.1.5/server/fileupload.php HTTP/1.1" 404 47 "-" "Mozilla/5.0 (Windows NT 10.0; Win64; x64)"
36.133.115.36 - - [25/Jan/2026:17:21:50 +0800] "POST /wp-cron.php?doing_wp_cron=1769332910.7615270614624023437500 HTTP/1.1" 200 31 "-" "WordPress/6.9; http://cqqizhou.com"
47.96.157.127 - - [25/Jan/2026:17:21:50 +0800] "POST /wp-login.php HTTP/1.1" 200 9495 "-" "Mozilla/5.0"
36.133.115.36 - - [25/Jan/2026:17:25:26 +0800] "POST /wp-cron.php?doing_wp_cron=1769333126.9293160438537597656250 HTTP/1.1" 200 31 "-" "WordPress/6.9; http://cqqizhou.com"
47.96.157.127 - - [25/Jan/2026:17:25:26 +0800] "POST /wp-login.php HTTP/1.1" 200 9495 "-" "Mozilla/5.0"
36.133.115.36 - - [25/Jan/2026:17:28:58 +0800] "POST /wp-cron.php?doing_wp_cron=1769333338.2141950130462646484375 HTTP/1.1" 200 31 "-" "WordPress/6.9; http://cqqizhou.com"
47.96.157.127 - - [25/Jan/2026:17:28:58 +0800] "POST /wp-login.php HTTP/1.1" 200 9495 "-" "Mozilla/5.0"
36.133.115.36 - - [25/Jan/2026:17:32:23 +0800] "POST /wp-cron.php?doing_wp_cron=1769333543.0642759799957275390625 HTTP/1.1" 200 31 "-" "WordPress/6.9; http://cqqizhou.com"
65.108.2.171 - - [25/Jan/2026:17:32:23 +0800] "GET /robots.txt HTTP/1.1" 200 390 "-" "Mozilla/5.0 (compatible; MJ12bot/v1.4.8; http://mj12bot.com/)"
65.108.2.171 - - [25/Jan/2026:17:32:25 +0800] "GET /portfolio/%E5%86%B7%E8%BD%A7%E5%8D%B7/ HTTP/1.1" 404 8951 "-" "Mozilla/5.0 (compatible; MJ12bot/v1.4.8; http://mj12bot.com/)"
47.96.157.127 - - [25/Jan/2026:17:32:29 +0800] "POST /wp-login.php HTTP/1.1" 200 9495 "-" "Mozilla/5.0"
36.133.115.36 - - [25/Jan/2026:17:35:57 +0800] "POST /wp-cron.php?doing_wp_cron=1769333757.8341720104217529296875 HTTP/1.1" 200 31 "-" "WordPress/6.9; http://cqqizhou.com"
47.96.157.127 - - [25/Jan/2026:17:35:57 +0800] "POST /wp-login.php HTTP/1.1" 200 9495 "-" "Mozilla/5.0"
36.133.115.36 - - [25/Jan/2026:17:39:30 +0800] "POST /wp-cron.php?doing_wp_cron=1769333970.1499850749969482421875 HTTP/1.1" 200 31 "-" "WordPress/6.9; http://cqqizhou.com"
47.96.157.127 - - [25/Jan/2026:17:39:30 +0800] "POST /wp-login.php HTTP/1.1" 200 9495 "-" "Mozilla/5.0"
36.133.115.36 - - [25/Jan/2026:17:40:33 +0800] "POST /wp-cron.php?doing_wp_cron=1769334033.2783749103546142578125 HTTP/1.1" 200 31 "-" "WordPress/6.9; http://cqqizhou.com"
192.142.25.95 - - [25/Jan/2026:17:40:33 +0800] "GET / HTTP/1.1" 301 5 "-" "Mozilla/5.0"
36.133.115.36 - - [25/Jan/2026:17:41:46 +0800] "POST /wp-cron.php?doing_wp_cron=1769334106.1095609664916992187500 HTTP/1.1" 200 31 "-" "WordPress/6.9; http://cqqizhou.com"
204.76.203.219 - - [25/Jan/2026:17:41:46 +0800] "GET / HTTP/1.1" 200 34738 "-" "Mozilla/5.0 (Windows NT 10.0; Win64; x64) AppleWebKit/537.36 (KHTML, like Gecko) Chrome/90.0.4430.85 Safari/537.36 Edg/90.0.818.46"
36.133.115.36 - - [25/Jan/2026:17:42:58 +0800] "POST /wp-cron.php?doing_wp_cron=1769334178.3785960674285888671875 HTTP/1.1" 200 31 "-" "WordPress/6.9; http://cqqizhou.com"
47.96.157.127 - - [25/Jan/2026:17:42:58 +0800] "POST /wp-login.php HTTP/1.1" 200 9495 "-" "Mozilla/5.0"
36.133.115.36 - - [25/Jan/2026:17:46:28 +0800] "POST /wp-cron.php?doing_wp_cron=1769334388.4219079017639160156250 HTTP/1.1" 200 31 "-" "WordPress/6.9; http://cqqizhou.com"
47.96.157.127 - - [25/Jan/2026:17:46:28 +0800] "POST /wp-login.php HTTP/1.1" 200 9495 "-" "Mozilla/5.0"
36.133.115.36 - - [25/Jan/2026:17:49:56 +0800] "POST /wp-cron.php?doing_wp_cron=1769334596.7644889354705810546875 HTTP/1.1" 200 31 "-" "WordPress/6.9; http://cqqizhou.com"
47.96.157.127 - - [25/Jan/2026:17:49:56 +0800] "POST /wp-login.php HTTP/1.1" 200 9495 "-" "Mozilla/5.0"
36.133.115.36 - - [25/Jan/2026:17:53:35 +0800] "POST /wp-cron.php?doing_wp_cron=1769334815.7156319618225097656250 HTTP/1.1" 200 31 "-" "WordPress/6.9; http://cqqizhou.com"
47.96.157.127 - - [25/Jan/2026:17:53:35 +0800] "POST /wp-login.php HTTP/1.1" 200 9495 "-" "Mozilla/5.0"
36.133.115.36 - - [25/Jan/2026:17:57:12 +0800] "POST /wp-cron.php?doing_wp_cron=1769335032.6676270961761474609375 HTTP/1.1" 200 31 "-" "WordPress/6.9; http://cqqizhou.com"
47.96.157.127 - - [25/Jan/2026:17:57:12 +0800] "POST /wp-login.php HTTP/1.1" 200 9495 "-" "Mozilla/5.0"
36.133.115.36 - - [25/Jan/2026:18:00:24 +0800] "POST /wp-cron.php?doing_wp_cron=1769335224.2733740806579589843750 HTTP/1.1" 200 31 "-" "WordPress/6.9; http://cqqizhou.com"
95.214.54.147 - - [25/Jan/2026:18:00:24 +0800] "GET / HTTP/1.1" 200 157416 "-" "Mozilla/5.0"
47.96.157.127 - - [25/Jan/2026:18:00:58 +0800] "POST /wp-login.php HTTP/1.1" 200 9495 "-" "Mozilla/5.0"
36.133.115.36 - - [25/Jan/2026:18:04:29 +0800] "POST /wp-cron.php?doing_wp_cron=1769335468.9940500259399414062500 HTTP/1.1" 200 31 "-" "WordPress/6.9; http://cqqizhou.com"
47.96.157.127 - - [25/Jan/2026:18:04:29 +0800] "POST /wp-login.php HTTP/1.1" 200 9495 "-" "Mozilla/5.0"
36.133.115.36 - - [25/Jan/2026:18:06:09 +0800] "POST /wp-cron.php?doing_wp_cron=1769335569.4906849861145019531250 HTTP/1.1" 200 31 "-" "WordPress/6.9; http://cqqizhou.com"
122.51.236.174 - - [25/Jan/2026:18:06:09 +0800] "GET / HTTP/1.1" 301 5 "-" "Mozilla/5.0 (iPhone; CPU iPhone OS 13_2_3 like Mac OS X) AppleWebKit/605.1.15 (KHTML, like Gecko) Version/13.0.3 Mobile/15E148 Safari/604.1"
122.51.236.174 - - [25/Jan/2026:18:06:19 +0800] "GET / HTTP/1.1" 200 34739 "http://www.cqqizhou.com" "Mozilla/5.0 (iPhone; CPU iPhone OS 13_2_3 like Mac OS X) AppleWebKit/605.1.15 (KHTML, like Gecko) Version/13.0.3 Mobile/15E148 Safari/604.1"
36.133.115.36 - - [25/Jan/2026:18:07:57 +0800] "POST /wp-cron.php?doing_wp_cron=1769335676.9793939590454101562500 HTTP/1.1" 200 31 "-" "WordPress/6.9; http://cqqizhou.com"
47.96.157.127 - - [25/Jan/2026:18:07:57 +0800] "POST /wp-login.php HTTP/1.1" 200 9495 "-" "Mozilla/5.0"
36.133.115.36 - - [25/Jan/2026:18:11:24 +0800] "POST /wp-cron.php?doing_wp_cron=1769335884.9547040462493896484375 HTTP/1.1" 200 31 "-" "WordPress/6.9; http://cqqizhou.com"
47.96.157.127 - - [25/Jan/2026:18:11:24 +0800] "POST /wp-login.php HTTP/1.1" 200 9495 "-" "Mozilla/5.0"
36.133.115.36 - - [25/Jan/2026:18:12:36 +0800] "POST /wp-cron.php?doing_wp_cron=1769335956.6649250984191894531250 HTTP/1.1" 200 31 "-" "WordPress/6.9; http://cqqizhou.com"
193.142.147.209 - - [25/Jan/2026:18:12:37 +0800] "POST / HTTP/1.1" 200 34739 "-" "Mozilla/5.0 (Windows NT 10.0; Win64; x64) AppleWebKit/537.36"
36.133.115.36 - - [25/Jan/2026:18:15:01 +0800] "POST /wp-cron.php?doing_wp_cron=1769336101.2975668907165527343750 HTTP/1.1" 200 31 "-" "WordPress/6.9; http://cqqizhou.com"
47.96.157.127 - - [25/Jan/2026:18:15:01 +0800] "POST /wp-login.php HTTP/1.1" 200 9495 "-" "Mozilla/5.0"
36.133.115.36 - - [25/Jan/2026:18:18:43 +0800] "POST /wp-cron.php?doing_wp_cron=1769336323.7585189342498779296875 HTTP/1.1" 200 31 "-" "WordPress/6.9; http://cqqizhou.com"
47.96.157.127 - - [25/Jan/2026:18:18:43 +0800] "POST /wp-login.php HTTP/1.1" 200 9495 "-" "Mozilla/5.0"
36.133.115.36 - - [25/Jan/2026:18:20:34 +0800] "POST /wp-cron.php?doing_wp_cron=1769336434.4279038906097412109375 HTTP/1.1" 200 31 "-" "WordPress/6.9; http://cqqizhou.com"
43.130.228.73 - - [25/Jan/2026:18:20:34 +0800] "GET / HTTP/1.1" 200 34739 "-" "Mozilla/5.0 (iPhone; CPU iPhone OS 13_2_3 like Mac OS X) AppleWebKit/605.1.15 (KHTML, like Gecko) Version/13.0.3 Mobile/15E148 Safari/604.1"
36.133.115.36 - - [25/Jan/2026:18:22:16 +0800] "POST /wp-cron.php?doing_wp_cron=1769336536.0030710697174072265625 HTTP/1.1" 200 31 "-" "WordPress/6.9; http://cqqizhou.com"
47.96.157.127 - - [25/Jan/2026:18:22:16 +0800] "POST /wp-login.php HTTP/1.1" 200 9495 "-" "Mozilla/5.0"
51.68.111.213 - - [25/Jan/2026:18:22:44 +0800] "GET /robots.txt HTTP/1.1" 301 5 "-" "Mozilla/5.0 (compatible; MJ12bot/v2.0.4; http://mj12bot.com/)"
51.68.111.213 - - [25/Jan/2026:18:22:45 +0800] "GET /robots.txt HTTP/1.1" 200 190 "-" "Mozilla/5.0 (compatible; MJ12bot/v2.0.4; http://mj12bot.com/)"
51.68.111.213 - - [25/Jan/2026:18:22:46 +0800] "GET / HTTP/1.1" 301 5 "-" "Mozilla/5.0 (compatible; MJ12bot/v2.0.4; http://mj12bot.com/)"
51.68.111.213 - - [25/Jan/2026:18:22:46 +0800] "GET / HTTP/1.1" 200 40638 "-" "Mozilla/5.0 (compatible; MJ12bot/v2.0.4; http://mj12bot.com/)"
36.133.115.36 - - [25/Jan/2026:18:25:45 +0800] "POST /wp-cron.php?doing_wp_cron=1769336745.8853509426116943359375 HTTP/1.1" 200 31 "-" "WordPress/6.9; http://cqqizhou.com"
47.96.157.127 - - [25/Jan/2026:18:25:45 +0800] "POST /wp-login.php HTTP/1.1" 200 9495 "-" "Mozilla/5.0"
36.133.115.36 - - [25/Jan/2026:18:29:25 +0800] "POST /wp-cron.php?doing_wp_cron=1769336965.4544649124145507812500 HTTP/1.1" 200 31 "-" "WordPress/6.9; http://cqqizhou.com"
47.96.157.127 - - [25/Jan/2026:18:29:25 +0800] "POST /wp-login.php HTTP/1.1" 200 9495 "-" "Mozilla/5.0"
36.133.115.36 - - [25/Jan/2026:18:40:01 +0800] "POST /wp-cron.php?doing_wp_cron=1769337601.1566240787506103515625 HTTP/1.1" 200 31 "-" "WordPress/6.9; http://cqqizhou.com"
95.214.54.147 - - [25/Jan/2026:18:40:01 +0800] "GET / HTTP/1.1" 200 157416 "-" "Mozilla/5.0"
36.133.115.36 - - [25/Jan/2026:18:42:23 +0800] "POST /wp-cron.php?doing_wp_cron=1769337743.9399209022521972656250 HTTP/1.1" 200 31 "-" "WordPress/6.9; http://cqqizhou.com"
204.76.203.219 - - [25/Jan/2026:18:42:23 +0800] "GET / HTTP/1.1" 200 34739 "-" "Mozilla/5.0 (Windows NT 10.0; Win64; x64) AppleWebKit/537.36 (KHTML, like Gecko) Chrome/90.0.4430.85 Safari/537.36 Edg/90.0.818.46"
36.133.115.36 - - [25/Jan/2026:18:49:18 +0800] "POST /wp-cron.php?doing_wp_cron=1769338158.4835140705108642578125 HTTP/1.1" 200 31 "-" "WordPress/6.9; http://cqqizhou.com"
149.56.150.125 - - [25/Jan/2026:18:49:18 +0800] "GET / HTTP/1.1" 301 5 "-" "Mozilla/5.0 (compatible; Dataprovider.com)"
149.56.150.125 - - [25/Jan/2026:18:49:19 +0800] "GET / HTTP/1.1" 200 171342 "-" "Mozilla/5.0 (compatible; Dataprovider.com)"
149.56.150.125 - - [25/Jan/2026:18:49:21 +0800] "GET /robots.txt HTTP/1.1" 200 390 "-" "Mozilla/5.0 (compatible; Dataprovider.com)"
149.56.150.125 - - [25/Jan/2026:18:49:22 +0800] "GET /wp-sitemap.xml HTTP/1.1" 501 253 "-" "Mozilla/5.0 (compatible; Dataprovider.com)"
149.56.150.125 - - [25/Jan/2026:18:49:28 +0800] "GET /contacts/ HTTP/1.1" 200 78729 "-" "Mozilla/5.0 (compatible; Dataprovider.com)"
149.56.150.125 - - [25/Jan/2026:18:49:29 +0800] "GET /logistics/ HTTP/1.1" 200 121871 "-" "Mozilla/5.0 (compatible; Dataprovider.com)"
149.56.150.125 - - [25/Jan/2026:18:49:31 +0800] "GET /2418/ HTTP/1.1" 200 92044 "-" "Mozilla/5.0 (compatible; Dataprovider.com)"
149.56.150.125 - - [25/Jan/2026:18:49:32 +0800] "GET /services/ HTTP/1.1" 200 126245 "-" "Mozilla/5.0 (compatible; Dataprovider.com)"
149.56.150.125 - - [25/Jan/2026:18:49:33 +0800] "GET /about/ HTTP/1.1" 200 119376 "-" "Mozilla/5.0 (compatible; Dataprovider.com)"
149.56.150.125 - - [25/Jan/2026:18:49:35 +0800] "GET /wp-content/uploads/2025/07/1750649179-qizhou1920x1080_1.webp HTTP/1.1" 200 172154 "-" "Mozilla/5.0 (compatible; Dataprovider.com)"
149.56.150.125 - - [25/Jan/2026:18:49:36 +0800] "GET /wp-content/uploads/2025/07/1750649186-qizhou1920x1080_3.webp HTTP/1.1" 200 134070 "-" "Mozilla/5.0 (compatible; Dataprovider.com)"
149.56.150.125 - - [25/Jan/2026:18:49:37 +0800] "GET /wp-content/uploads/2025/07/1750649183-qizhou1920x1080_2.webp HTTP/1.1" 200 267936 "-" "Mozilla/5.0 (compatible; Dataprovider.com)"
149.56.150.125 - - [25/Jan/2026:18:49:39 +0800] "GET /wp-content/uploads/2025/07/1750649189-qizhou1920x1080_4.webp HTTP/1.1" 200 174962 "-" "Mozilla/5.0 (compatible; Dataprovider.com)"
149.56.150.125 - - [25/Jan/2026:18:49:41 +0800] "GET /ads.txt HTTP/1.1" 404 31367 "-" "Mozilla/5.0 (compatible; Dataprovider.com)"
149.56.150.125 - - [25/Jan/2026:18:49:43 +0800] "GET / HTTP/1.1" 200 157416 "-" "Mozilla/5.0 (Linux; Android 10; SM-G981B) AppleWebKit/537.36 (KHTML, like Gecko) Chrome/80.0.3987.162 Mobile Safari/537.36"
149.56.150.125 - - [25/Jan/2026:18:49:44 +0800] "GET /llms.txt HTTP/1.1" 404 31367 "-" "Mozilla/5.0 (compatible; Dataprovider.com)"
149.56.150.125 - - [25/Jan/2026:18:49:45 +0800] "GET /humans.txt HTTP/1.1" 404 31367 "-" "Mozilla/5.0 (compatible; Dataprovider.com)"
149.56.150.125 - - [25/Jan/2026:18:49:46 +0800] "GET /security.txt HTTP/1.1" 404 31367 "-" "Mozilla/5.0 (compatible; Dataprovider.com)"
149.56.150.125 - - [25/Jan/2026:18:49:47 +0800] "GET /.well-known/security.txt HTTP/1.1" 404 31367 "-" "Mozilla/5.0 (compatible; Dataprovider.com)"
149.56.150.47 - - [25/Jan/2026:18:49:56 +0800] "GET / HTTP/1.1" 301 5 "-" "Mozilla/5.0 (compatible; Dataprovider.com)"
149.56.150.47 - - [25/Jan/2026:18:49:58 +0800] "GET / HTTP/1.1" 200 40638 "-" "Mozilla/5.0 (compatible; Dataprovider.com)"
149.56.150.47 - - [25/Jan/2026:18:50:03 +0800] "GET /wp-content/uploads/2025/07/1751425283-qizhou.kf_.qq_.com_.webp HTTP/1.1" 200 16864 "http://cqqizhou.com/" "Mozilla/5.0 (compatible; Dataprovider.com)"
149.56.150.47 - - [25/Jan/2026:18:50:03 +0800] "GET /wp-content/uploads/2025/07/1750174127-Marketing1920x800_3.webp HTTP/1.1" 200 52790 "http://cqqizhou.com/wp-content/uploads/elementor/css/post-1666.css?ver=1769183108" "Mozilla/5.0 (compatible; Dataprovider.com)"
149.56.150.47 - - [25/Jan/2026:18:50:03 +0800] "GET /wp-content/uploads/2025/07/1753456723-%E5%8F%8C%E7%9B%B8%E9%92%A2roduct_Single600.webp HTTP/1.1" 200 22790 "http://cqqizhou.com/" "Mozilla/5.0 (compatible; Dataprovider.com)"
149.56.150.47 - - [25/Jan/2026:18:50:03 +0800] "GET /wp-content/uploads/2025/07/1753453096-%E5%8F%8C%E7%9B%B8%E9%92%A2product_Single600%C3%97284.webp HTTP/1.1" 200 14562 "http://cqqizhou.com/" "Mozilla/5.0 (compatible; Dataprovider.com)"
149.56.150.47 - - [25/Jan/2026:18:50:04 +0800] "GET /wp-content/uploads/2025/07/1753456770-%E7%83%AD%E9%95%80%E9%94%8C%E5%8D%B7product_Single600.webp HTTP/1.1" 200 27502 "http://cqqizhou.com/" "Mozilla/5.0 (compatible; Dataprovider.com)"
149.56.150.47 - - [25/Jan/2026:18:50:04 +0800] "GET /wp-content/uploads/2025/07/1753453127-%E4%BD%99%E5%8D%B7product_Single600%C3%97284.webp HTTP/1.1" 200 18744 "http://cqqizhou.com/" "Mozilla/5.0 (compatible; Dataprovider.com)"
149.56.150.47 - - [25/Jan/2026:18:50:06 +0800] "GET /wp-content/uploads/2025/12/1765268955-qizhou_Slider1_3840%C3%972160_20251210-scaled.webp HTTP/1.1" 200 152162 "http://cqqizhou.com/" "Mozilla/5.0 (compatible; Dataprovider.com)"
149.56.150.47 - - [25/Jan/2026:18:50:06 +0800] "GET /wp-content/uploads/revslider/slider-1/1750861156-logistics_Slider_3840%C3%972160_20250625191356-scaled-50x100.webp HTTP/1.1" 200 1416 "http://cqqizhou.com/" "Mozilla/5.0 (compatible; Dataprovider.com)"
149.56.150.47 - - [25/Jan/2026:18:50:06 +0800] "GET /wp-content/uploads/2026/01/1768276119-qizhoujiagong_Slider_3840%C3%972160_20260113-scaled-50x100.webp HTTP/1.1" 200 976 "http://cqqizhou.com/" "Mozilla/5.0 (compatible; Dataprovider.com)"
149.56.150.47 - - [25/Jan/2026:18:50:07 +0800] "GET /wp-json/sliderrevolution/sliders/1?srengine=7&slideid=2 HTTP/1.1" 200 2000 "http://cqqizhou.com/" "Mozilla/5.0 (compatible; Dataprovider.com)"
149.56.150.47 - - [25/Jan/2026:18:50:07 +0800] "GET /wp-json/sliderrevolution/sliders/1?srengine=7&slideid=4 HTTP/1.1" 200 2580 "http://cqqizhou.com/" "Mozilla/5.0 (compatible; Dataprovider.com)"
149.56.150.47 - - [25/Jan/2026:18:50:08 +0800] "GET /wp-content/uploads/2026/01/1768276119-qizhoujiagong_Slider_3840%C3%972160_20260113-scaled.webp HTTP/1.1" 200 131696 "http://cqqizhou.com/" "Mozilla/5.0 (compatible; Dataprovider.com)"
149.56.150.47 - - [25/Jan/2026:18:50:08 +0800] "GET /wp-content/uploads/revslider/slider-1/1750861156-logistics_Slider_3840%C3%972160_20250625191356-scaled.webp HTTP/1.1" 200 197360 "http://cqqizhou.com/" "Mozilla/5.0 (compatible; Dataprovider.com)"
149.56.150.47 - - [25/Jan/2026:18:50:15 +0800] "GET /wp-content/uploads/2025/12/1765268955-qizhou_Slider1_3840%C3%972160_20251210-scaled-50x100.webp HTTP/1.1" 200 1812 "http://cqqizhou.com/" "Mozilla/5.0 (compatible; Dataprovider.com)"
36.133.115.36 - - [25/Jan/2026:18:50:21 +0800] "POST /wp-cron.php?doing_wp_cron=1769338221.3903551101684570312500 HTTP/1.1" 200 31 "-" "WordPress/6.9; http://cqqizhou.com"
149.56.150.47 - - [25/Jan/2026:18:50:21 +0800] "POST /wp-admin/admin-ajax.php HTTP/1.1" 403 33 "http://cqqizhou.com/" "Mozilla/5.0 (compatible; Dataprovider.com)"
149.56.150.47 - - [25/Jan/2026:18:50:23 +0800] "POST /wp-admin/admin-ajax.php HTTP/1.1" 499 0 "http://cqqizhou.com/" "Mozilla/5.0 (compatible; Dataprovider.com)"
36.133.115.36 - - [25/Jan/2026:18:50:25 +0800] "POST /wp-cron.php?doing_wp_cron=1769338225.2426090240478515625000 HTTP/1.1" 200 31 "-" "WordPress/6.9; http://cqqizhou.com"
47.114.89.255 - - [25/Jan/2026:18:50:46 +0800] "GET /Public/plugins/webupload/preview.php HTTP/1.1" 404 47 "-" "Mozilla/5.0 (Windows NT 10.0; Win64; x64)"
47.114.89.255 - - [25/Jan/2026:18:50:46 +0800] "GET /Public/plugins/webupload/fileupload.php HTTP/1.1" 404 47 "-" "Mozilla/5.0 (Windows NT 10.0; Win64; x64)"
36.133.115.36 - - [25/Jan/2026:18:53:33 +0800] "POST /wp-cron.php?doing_wp_cron=1769338413.9335811138153076171875 HTTP/1.1" 200 31 "-" "WordPress/6.9; http://cqqizhou.com"
95.214.54.147 - - [25/Jan/2026:18:53:34 +0800] "GET / HTTP/1.1" 200 157416 "-" "Mozilla/5.0"
