14.108.233.234 - - [12/Dec/2025:21:09:42 +0800] "GET /wp-content/uploads/2025/07/1750649212-qizhou1920x1080_10.webp HTTP/1.1" 200 143362 "http://cqqizhou.com/about/" "Mozilla/5.0 (Windows NT 10.0; Win64; x64) AppleWebKit/537.36 (KHTML, like Gecko) Chrome/142.0.0.0 Safari/537.36 Edg/142.0.0.0"
14.108.233.234 - - [12/Dec/2025:21:09:42 +0800] "GET /wp-content/uploads/2025/07/1750649203-qizhou1920x1080_8.webp HTTP/1.1" 200 256782 "http://cqqizhou.com/about/" "Mozilla/5.0 (Windows NT 10.0; Win64; x64) AppleWebKit/537.36 (KHTML, like Gecko) Chrome/142.0.0.0 Safari/537.36 Edg/142.0.0.0"
14.108.233.234 - - [12/Dec/2025:21:09:44 +0800] "GET /wp-content/uploads/2025/07/1750656103-Visionr2000x800_20250623131702.webp HTTP/1.1" 200 57650 "http://cqqizhou.com/wp-content/uploads/elementor/css/post-1849.css?ver=1765315481" "Mozilla/5.0 (Windows NT 10.0; Win64; x64) AppleWebKit/537.36 (KHTML, like Gecko) Chrome/142.0.0.0 Safari/537.36 Edg/142.0.0.0"
14.108.233.234 - - [12/Dec/2025:21:09:44 +0800] "POST /wp-admin/admin-ajax.php HTTP/1.1" 200 78 "http://cqqizhou.com/wp-admin/edit.php?post_type=page" "Mozilla/5.0 (Windows NT 10.0; Win64; x64) AppleWebKit/537.36 (KHTML, like Gecko) Chrome/142.0.0.0 Safari/537.36 Edg/142.0.0.0"
36.133.115.36 - - [12/Dec/2025:21:09:56 +0800] "POST /wp-cron.php?doing_wp_cron=1765544996.9328570365905761718750 HTTP/1.1" 200 31 "-" "WordPress/6.8.3; http://cqqizhou.com"
141.98.11.170 - - [12/Dec/2025:21:09:57 +0800] "GET / HTTP/1.1" 200 33673 "-" "Mozilla/5.0 (Windows NT 10.0; Win64; x64) AppleWebKit/537.36 (KHTML, like Gecko) Chrome/90.0.4430.85 Safari/537.36 Edg/90.0.818.46"
14.108.233.234 - - [12/Dec/2025:21:10:02 +0800] "GET /logistics/ HTTP/1.1" 200 26631 "http://cqqizhou.com/about/" "Mozilla/5.0 (Windows NT 10.0; Win64; x64) AppleWebKit/537.36 (KHTML, like Gecko) Chrome/142.0.0.0 Safari/537.36 Edg/142.0.0.0"
14.108.233.234 - - [12/Dec/2025:21:10:02 +0800] "GET /wp-content/uploads/2025/07/1751864682-Logistics800x500_2.webp HTTP/1.1" 200 27420 "http://cqqizhou.com/logistics/" "Mozilla/5.0 (Windows NT 10.0; Win64; x64) AppleWebKit/537.36 (KHTML, like Gecko) Chrome/142.0.0.0 Safari/537.36 Edg/142.0.0.0"
14.108.233.234 - - [12/Dec/2025:21:10:02 +0800] "GET /wp-content/uploads/2025/07/1751864664-Logistics800x500_1.webp HTTP/1.1" 200 76914 "http://cqqizhou.com/logistics/" "Mozilla/5.0 (Windows NT 10.0; Win64; x64) AppleWebKit/537.36 (KHTML, like Gecko) Chrome/142.0.0.0 Safari/537.36 Edg/142.0.0.0"
14.108.233.234 - - [12/Dec/2025:21:10:02 +0800] "GET /wp-content/uploads/2025/07/1753407887-Logistics_Banner2000%C3%97400px-%E6%8B%B7%E8%B4%9D.webp HTTP/1.1" 200 18866 "http://cqqizhou.com/logistics/" "Mozilla/5.0 (Windows NT 10.0; Win64; x64) AppleWebKit/537.36 (KHTML, like Gecko) Chrome/142.0.0.0 Safari/537.36 Edg/142.0.0.0"
14.108.233.234 - - [12/Dec/2025:21:10:07 +0800] "GET /services/ HTTP/1.1" 200 34159 "http://cqqizhou.com/logistics/" "Mozilla/5.0 (Windows NT 10.0; Win64; x64) AppleWebKit/537.36 (KHTML, like Gecko) Chrome/142.0.0.0 Safari/537.36 Edg/142.0.0.0"
14.108.233.234 - - [12/Dec/2025:21:10:07 +0800] "GET /wp-content/uploads/2025/07/1751829518-Precision-processing-services800x500.webp HTTP/1.1" 200 28964 "http://cqqizhou.com/services/" "Mozilla/5.0 (Windows NT 10.0; Win64; x64) AppleWebKit/537.36 (KHTML, like Gecko) Chrome/142.0.0.0 Safari/537.36 Edg/142.0.0.0"
14.108.233.234 - - [12/Dec/2025:21:10:07 +0800] "GET /wp-content/uploads/2025/12/1764853155-ISO2-731x1024.webp HTTP/1.1" 200 91446 "http://cqqizhou.com/services/" "Mozilla/5.0 (Windows NT 10.0; Win64; x64) AppleWebKit/537.36 (KHTML, like Gecko) Chrome/142.0.0.0 Safari/537.36 Edg/142.0.0.0"
14.108.233.234 - - [12/Dec/2025:21:10:07 +0800] "GET /wp-content/uploads/2025/12/1764853157-ISO3-731x1024.webp HTTP/1.1" 200 105856 "http://cqqizhou.com/services/" "Mozilla/5.0 (Windows NT 10.0; Win64; x64) AppleWebKit/537.36 (KHTML, like Gecko) Chrome/142.0.0.0 Safari/537.36 Edg/142.0.0.0"
14.108.233.234 - - [12/Dec/2025:21:10:10 +0800] "GET /wp-content/uploads/2025/12/1764853152-ISO1-731x1024.webp HTTP/1.1" 200 111032 "http://cqqizhou.com/services/" "Mozilla/5.0 (Windows NT 10.0; Win64; x64) AppleWebKit/537.36 (KHTML, like Gecko) Chrome/142.0.0.0 Safari/537.36 Edg/142.0.0.0"
14.108.233.234 - - [12/Dec/2025:21:10:23 +0800] "GET /wp-content/uploads/2025/07/1753405252-Services_Banner2000%C3%97400px2.webp HTTP/1.1" 200 23730 "http://cqqizhou.com/wp-content/uploads/elementor/css/post-1659.css?ver=1765281909" "Mozilla/5.0 (Windows NT 10.0; Win64; x64) AppleWebKit/537.36 (KHTML, like Gecko) Chrome/142.0.0.0 Safari/537.36 Edg/142.0.0.0"
36.133.115.36 - - [12/Dec/2025:21:10:46 +0800] "POST /wp-cron.php?doing_wp_cron=1765545046.6531569957733154296875 HTTP/1.1" 200 31 "-" "WordPress/6.8.3; http://cqqizhou.com"
14.108.233.234 - - [12/Dec/2025:21:10:46 +0800] "GET /logistics/ HTTP/1.1" 200 26632 "http://cqqizhou.com/services/" "Mozilla/5.0 (Windows NT 10.0; Win64; x64) AppleWebKit/537.36 (KHTML, like Gecko) Chrome/142.0.0.0 Safari/537.36 Edg/142.0.0.0"
14.108.233.234 - - [12/Dec/2025:21:11:07 +0800] "POST /wp-admin/admin-ajax.php HTTP/1.1" 200 78 "http://cqqizhou.com/wp-admin/edit.php?post_type=page" "Mozilla/5.0 (Windows NT 10.0; Win64; x64) AppleWebKit/537.36 (KHTML, like Gecko) Chrome/142.0.0.0 Safari/537.36 Edg/142.0.0.0"
14.108.233.234 - - [12/Dec/2025:21:11:17 +0800] "POST /wp-admin/admin-ajax.php HTTP/1.1" 200 78 "http://cqqizhou.com/wp-admin/edit.php?post_type=page" "Mozilla/5.0 (Windows NT 10.0; Win64; x64) AppleWebKit/537.36 (KHTML, like Gecko) Chrome/142.0.0.0 Safari/537.36 Edg/142.0.0.0"
14.108.233.234 - - [12/Dec/2025:21:11:27 +0800] "POST /wp-admin/admin-ajax.php HTTP/1.1" 200 78 "http://cqqizhou.com/wp-admin/edit.php?post_type=page" "Mozilla/5.0 (Windows NT 10.0; Win64; x64) AppleWebKit/537.36 (KHTML, like Gecko) Chrome/142.0.0.0 Safari/537.36 Edg/142.0.0.0"
111.7.96.147 - - [12/Dec/2025:21:11:28 +0800] "GET / HTTP/1.1" 200 41369 "-" "curl/7.64.1"
121.237.36.28 - - [12/Dec/2025:21:11:33 +0800] "GET / HTTP/1.1" 200 34102 "-" "Mozilla/5.0 (Macintosh; Intel Mac OS X 10_11) AppleWebKit/601.1.27 (KHTML, like Gecko) Chrome/47.0.2526.106 Safari/601.1.27"
14.108.233.234 - - [12/Dec/2025:21:11:36 +0800] "GET /about/ HTTP/1.1" 200 32292 "http://cqqizhou.com/wp-admin/edit.php?post_type=page" "Mozilla/5.0 (Windows NT 10.0; Win64; x64) AppleWebKit/537.36 (KHTML, like Gecko) Chrome/142.0.0.0 Safari/537.36 Edg/142.0.0.0"
14.108.233.234 - - [12/Dec/2025:21:11:37 +0800] "POST /wp-admin/admin-ajax.php HTTP/1.1" 200 78 "http://cqqizhou.com/wp-admin/edit.php?post_type=page" "Mozilla/5.0 (Windows NT 10.0; Win64; x64) AppleWebKit/537.36 (KHTML, like Gecko) Chrome/142.0.0.0 Safari/537.36 Edg/142.0.0.0"
36.133.115.36 - - [12/Dec/2025:21:12:00 +0800] "POST /wp-cron.php?doing_wp_cron=1765545120.6954600811004638671875 HTTP/1.1" 200 31 "-" "WordPress/6.8.3; http://cqqizhou.com"
113.141.81.153 - - [12/Dec/2025:21:12:00 +0800] "GET / HTTP/1.1" 301 5 "-" "Mozilla/5.0 (Macintosh; Intel Mac OS X 10_15_7) AppleWebKit/537.36 (KHTML, like Gecko) Chrome/96.0.4664.110 Safari/537.36"
113.141.81.153 - - [12/Dec/2025:21:12:00 +0800] "GET / HTTP/1.1" 200 34102 "http://www.cqqizhou.com" "Mozilla/5.0 (Macintosh; Intel Mac OS X 10_15_7) AppleWebKit/537.36 (KHTML, like Gecko) Chrome/96.0.4664.110 Safari/537.36"
123.160.223.74 - - [12/Dec/2025:21:12:04 +0800] "GET / HTTP/1.1" 200 34102 "-" "Mozilla/5.0 (Macintosh; Intel Mac OS X 10_15_7) AppleWebKit/537.36 (KHTML, like Gecko) Chrome/96.0.4664.110 Safari/537.36"
14.108.233.234 - - [12/Dec/2025:21:12:14 +0800] "POST /wp-admin/admin-ajax.php HTTP/1.1" 200 78 "http://cqqizhou.com/wp-admin/edit.php?post_type=page" "Mozilla/5.0 (Windows NT 10.0; Win64; x64) AppleWebKit/537.36 (KHTML, like Gecko) Chrome/142.0.0.0 Safari/537.36 Edg/142.0.0.0"
111.7.96.156 - - [12/Dec/2025:21:12:15 +0800] "GET / HTTP/1.1" 301 5 "-" "Mozilla/5.0 (Macintosh; Intel Mac OS X 10_15_7) AppleWebKit/537.36 (KHTML, like Gecko) Chrome/96.0.4664.110 Safari/537.36"
111.7.96.156 - - [12/Dec/2025:21:12:16 +0800] "GET / HTTP/1.1" 200 34102 "http://36.133.115.36" "Mozilla/5.0 (Macintosh; Intel Mac OS X 10_15_7) AppleWebKit/537.36 (KHTML, like Gecko) Chrome/96.0.4664.110 Safari/537.36"
14.108.233.234 - - [12/Dec/2025:21:12:21 +0800] "GET /wp-admin/post.php?post=1849&action=elementor HTTP/1.1" 200 312444 "http://cqqizhou.com/wp-admin/edit.php?post_type=page" "Mozilla/5.0 (Windows NT 10.0; Win64; x64) AppleWebKit/537.36 (KHTML, like Gecko) Chrome/142.0.0.0 Safari/537.36 Edg/142.0.0.0"
14.108.233.234 - - [12/Dec/2025:21:12:21 +0800] "GET /wp-admin/load-scripts.php?c=0&load%5Bchunk_0%5D=jquery-core,jquery-migrate,jquery-ui-core,jquery-ui-mouse,jquery-ui-draggable,underscore,backbone,wp-api-request,wp-hooks&ver=6.8.3 HTTP/1.1" 200 62569 "http://cqqizhou.com/wp-admin/post.php?post=1849&action=elementor" "Mozilla/5.0 (Windows NT 10.0; Win64; x64) AppleWebKit/537.36 (KHTML, like Gecko) Chrome/142.0.0.0 Safari/537.36 Edg/142.0.0.0"
14.108.233.234 - - [12/Dec/2025:21:12:21 +0800] "GET /wp-admin/load-scripts.php?c=0&load%5Bchunk_0%5D=react,react-dom&ver=6.8.3 HTTP/1.1" 200 45577 "http://cqqizhou.com/wp-admin/post.php?post=1849&action=elementor" "Mozilla/5.0 (Windows NT 10.0; Win64; x64) AppleWebKit/537.36 (KHTML, like Gecko) Chrome/142.0.0.0 Safari/537.36 Edg/142.0.0.0"
14.108.233.234 - - [12/Dec/2025:21:12:24 +0800] "GET /wp-json/elementor/v1/global-widget/templates HTTP/1.1" 200 33 "http://cqqizhou.com/wp-admin/post.php?post=1849&action=elementor" "Mozilla/5.0 (Windows NT 10.0; Win64; x64) AppleWebKit/537.36 (KHTML, like Gecko) Chrome/142.0.0.0 Safari/537.36 Edg/142.0.0.0"
14.108.233.234 - - [12/Dec/2025:21:12:24 +0800] "GET /wp-json/elementor/v1/kit-elements-defaults HTTP/1.1" 200 33 "http://cqqizhou.com/wp-admin/post.php?post=1849&action=elementor" "Mozilla/5.0 (Windows NT 10.0; Win64; x64) AppleWebKit/537.36 (KHTML, like Gecko) Chrome/142.0.0.0 Safari/537.36 Edg/142.0.0.0"
14.108.233.234 - - [12/Dec/2025:21:12:24 +0800] "GET /wp-json/elementor/v1/checklist/user-progress HTTP/1.1" 200 222 "http://cqqizhou.com/wp-admin/post.php?post=1849&action=elementor" "Mozilla/5.0 (Windows NT 10.0; Win64; x64) AppleWebKit/537.36 (KHTML, like Gecko) Chrome/142.0.0.0 Safari/537.36 Edg/142.0.0.0"
14.108.233.234 - - [12/Dec/2025:21:12:24 +0800] "POST /wp-admin/admin-ajax.php HTTP/1.1" 200 107 "http://cqqizhou.com/wp-admin/post.php?post=1849&action=elementor" "Mozilla/5.0 (Windows NT 10.0; Win64; x64) AppleWebKit/537.36 (KHTML, like Gecko) Chrome/142.0.0.0 Safari/537.36 Edg/142.0.0.0"
14.108.233.234 - - [12/Dec/2025:21:12:24 +0800] "GET /wp-json/elementor/v1/site-navigation/recent-posts?posts_per_page=6&_locale=user HTTP/1.1" 200 380 "http://cqqizhou.com/wp-admin/post.php?post=1849&action=elementor" "Mozilla/5.0 (Windows NT 10.0; Win64; x64) AppleWebKit/537.36 (KHTML, like Gecko) Chrome/142.0.0.0 Safari/537.36 Edg/142.0.0.0"
14.108.233.234 - - [12/Dec/2025:21:12:24 +0800] "GET /about/?elementor-preview=1849&ver=1765545140 HTTP/1.1" 200 20774 "http://cqqizhou.com/wp-admin/post.php?post=1849&action=elementor" "Mozilla/5.0 (Windows NT 10.0; Win64; x64) AppleWebKit/537.36 (KHTML, like Gecko) Chrome/142.0.0.0 Safari/537.36 Edg/142.0.0.0"
14.108.233.234 - - [12/Dec/2025:21:12:25 +0800] "POST /wp-admin/admin-ajax.php HTTP/1.1" 200 78 "http://cqqizhou.com/wp-admin/edit.php?post_type=page" "Mozilla/5.0 (Windows NT 10.0; Win64; x64) AppleWebKit/537.36 (KHTML, like Gecko) Chrome/142.0.0.0 Safari/537.36 Edg/142.0.0.0"
14.108.233.234 - - [12/Dec/2025:21:12:25 +0800] "POST /wp-admin/admin-ajax.php HTTP/1.1" 200 568968 "http://cqqizhou.com/wp-admin/post.php?post=1849&action=elementor" "Mozilla/5.0 (Windows NT 10.0; Win64; x64) AppleWebKit/537.36 (KHTML, like Gecko) Chrome/142.0.0.0 Safari/537.36 Edg/142.0.0.0"
14.108.233.234 - - [12/Dec/2025:21:12:27 +0800] "GET /wp-json/elementor/v1/globals HTTP/1.1" 200 336 "http://cqqizhou.com/wp-admin/post.php?post=1849&action=elementor" "Mozilla/5.0 (Windows NT 10.0; Win64; x64) AppleWebKit/537.36 (KHTML, like Gecko) Chrome/142.0.0.0 Safari/537.36 Edg/142.0.0.0"
14.108.233.234 - - [12/Dec/2025:21:12:34 +0800] "GET /wp-json/elementor/v1/user-data/current-user?context=edit HTTP/1.1" 200 544 "http://cqqizhou.com/wp-admin/post.php?post=1849&action=elementor" "Mozilla/5.0 (Windows NT 10.0; Win64; x64) AppleWebKit/537.36 (KHTML, like Gecko) Chrome/142.0.0.0 Safari/537.36 Edg/142.0.0.0"
14.108.233.234 - - [12/Dec/2025:21:12:35 +0800] "POST /wp-admin/admin-ajax.php HTTP/1.1" 200 603 "http://cqqizhou.com/wp-admin/post.php?post=1849&action=elementor" "Mozilla/5.0 (Windows NT 10.0; Win64; x64) AppleWebKit/537.36 (KHTML, like Gecko) Chrome/142.0.0.0 Safari/537.36 Edg/142.0.0.0"
36.133.115.36 - - [12/Dec/2025:21:13:34 +0800] "POST /wp-cron.php?doing_wp_cron=1765545214.7587759494781494140625 HTTP/1.1" 200 31 "-" "WordPress/6.8.3; http://cqqizhou.com"
204.76.203.212 - - [12/Dec/2025:21:13:35 +0800] "GET / HTTP/1.1" 200 33673 "-" "Mozilla/5.0 (Windows NT 10.0; Win64; x64) AppleWebKit/537.36 (KHTML, like Gecko) Chrome/90.0.4430.85 Safari/537.36 Edg/90.0.818.46"
36.133.115.36 - - [12/Dec/2025:21:14:24 +0800] "POST /wp-cron.php?doing_wp_cron=1765545264.7492620944976806640625 HTTP/1.1" 200 31 "-" "WordPress/6.8.3; http://cqqizhou.com"
14.108.233.234 - - [12/Dec/2025:21:14:24 +0800] "POST /wp-admin/admin-ajax.php HTTP/1.1" 200 107 "http://cqqizhou.com/wp-admin/post.php?post=1849&action=elementor" "Mozilla/5.0 (Windows NT 10.0; Win64; x64) AppleWebKit/537.36 (KHTML, like Gecko) Chrome/142.0.0.0 Safari/537.36 Edg/142.0.0.0"
14.108.233.234 - - [12/Dec/2025:21:14:24 +0800] "POST /wp-admin/admin-ajax.php HTTP/1.1" 200 78 "http://cqqizhou.com/wp-admin/edit.php?post_type=page" "Mozilla/5.0 (Windows NT 10.0; Win64; x64) AppleWebKit/537.36 (KHTML, like Gecko) Chrome/142.0.0.0 Safari/537.36 Edg/142.0.0.0"
36.133.115.36 - - [12/Dec/2025:21:16:25 +0800] "POST /wp-cron.php?doing_wp_cron=1765545385.7532310485839843750000 HTTP/1.1" 200 31 "-" "WordPress/6.8.3; http://cqqizhou.com"
14.108.233.234 - - [12/Dec/2025:21:16:25 +0800] "POST /wp-admin/admin-ajax.php HTTP/1.1" 200 107 "http://cqqizhou.com/wp-admin/post.php?post=1849&action=elementor" "Mozilla/5.0 (Windows NT 10.0; Win64; x64) AppleWebKit/537.36 (KHTML, like Gecko) Chrome/142.0.0.0 Safari/537.36 Edg/142.0.0.0"
14.108.233.234 - - [12/Dec/2025:21:16:25 +0800] "POST /wp-admin/admin-ajax.php HTTP/1.1" 200 78 "http://cqqizhou.com/wp-admin/edit.php?post_type=page" "Mozilla/5.0 (Windows NT 10.0; Win64; x64) AppleWebKit/537.36 (KHTML, like Gecko) Chrome/142.0.0.0 Safari/537.36 Edg/142.0.0.0"
36.133.115.36 - - [12/Dec/2025:21:18:26 +0800] "POST /wp-cron.php?doing_wp_cron=1765545506.7597570419311523437500 HTTP/1.1" 200 31 "-" "WordPress/6.8.3; http://cqqizhou.com"
14.108.233.234 - - [12/Dec/2025:21:18:26 +0800] "POST /wp-admin/admin-ajax.php HTTP/1.1" 200 107 "http://cqqizhou.com/wp-admin/post.php?post=1849&action=elementor" "Mozilla/5.0 (Windows NT 10.0; Win64; x64) AppleWebKit/537.36 (KHTML, like Gecko) Chrome/142.0.0.0 Safari/537.36 Edg/142.0.0.0"
14.108.233.234 - - [12/Dec/2025:21:18:26 +0800] "POST /wp-admin/admin-ajax.php HTTP/1.1" 200 78 "http://cqqizhou.com/wp-admin/edit.php?post_type=page" "Mozilla/5.0 (Windows NT 10.0; Win64; x64) AppleWebKit/537.36 (KHTML, like Gecko) Chrome/142.0.0.0 Safari/537.36 Edg/142.0.0.0"
14.108.233.234 - - [12/Dec/2025:21:20:27 +0800] "POST /wp-admin/admin-ajax.php HTTP/1.1" 200 107 "http://cqqizhou.com/wp-admin/post.php?post=1849&action=elementor" "Mozilla/5.0 (Windows NT 10.0; Win64; x64) AppleWebKit/537.36 (KHTML, like Gecko) Chrome/142.0.0.0 Safari/537.36 Edg/142.0.0.0"
36.133.115.36 - - [12/Dec/2025:21:20:27 +0800] "POST /wp-cron.php?doing_wp_cron=1765545627.8153491020202636718750 HTTP/1.1" 200 31 "-" "WordPress/6.8.3; http://cqqizhou.com"
14.108.233.234 - - [12/Dec/2025:21:20:27 +0800] "POST /wp-admin/admin-ajax.php HTTP/1.1" 200 78 "http://cqqizhou.com/wp-admin/edit.php?post_type=page" "Mozilla/5.0 (Windows NT 10.0; Win64; x64) AppleWebKit/537.36 (KHTML, like Gecko) Chrome/142.0.0.0 Safari/537.36 Edg/142.0.0.0"
36.133.115.36 - - [12/Dec/2025:21:22:28 +0800] "POST /wp-cron.php?doing_wp_cron=1765545748.7665259838104248046875 HTTP/1.1" 200 31 "-" "WordPress/6.8.3; http://cqqizhou.com"
14.108.233.234 - - [12/Dec/2025:21:22:28 +0800] "POST /wp-admin/admin-ajax.php HTTP/1.1" 200 107 "http://cqqizhou.com/wp-admin/post.php?post=1849&action=elementor" "Mozilla/5.0 (Windows NT 10.0; Win64; x64) AppleWebKit/537.36 (KHTML, like Gecko) Chrome/142.0.0.0 Safari/537.36 Edg/142.0.0.0"
36.133.115.36 - - [12/Dec/2025:21:23:29 +0800] "POST /wp-cron.php?doing_wp_cron=1765545809.3969099521636962890625 HTTP/1.1" 200 31 "-" "WordPress/6.8.3; http://cqqizhou.com"
14.108.233.234 - - [12/Dec/2025:21:23:29 +0800] "GET /services/ HTTP/1.1" 200 34158 "http://cqqizhou.com/about/" "Mozilla/5.0 (Windows NT 10.0; Win64; x64) AppleWebKit/537.36 (KHTML, like Gecko) Chrome/142.0.0.0 Safari/537.36 Edg/142.0.0.0"
14.108.233.234 - - [12/Dec/2025:21:23:29 +0800] "GET /wp-content/uploads/2025/12/1764853155-ISO2-731x1024.webp HTTP/1.1" 200 91446 "http://cqqizhou.com/services/" "Mozilla/5.0 (Windows NT 10.0; Win64; x64) AppleWebKit/537.36 (KHTML, like Gecko) Chrome/142.0.0.0 Safari/537.36 Edg/142.0.0.0"
14.108.233.234 - - [12/Dec/2025:21:23:29 +0800] "GET /wp-content/uploads/2025/12/1764853157-ISO3-731x1024.webp HTTP/1.1" 200 105856 "http://cqqizhou.com/services/" "Mozilla/5.0 (Windows NT 10.0; Win64; x64) AppleWebKit/537.36 (KHTML, like Gecko) Chrome/142.0.0.0 Safari/537.36 Edg/142.0.0.0"
14.108.233.234 - - [12/Dec/2025:21:23:29 +0800] "GET /wp-content/uploads/2025/07/1751829518-Precision-processing-services800x500.webp HTTP/1.1" 200 28964 "http://cqqizhou.com/services/" "Mozilla/5.0 (Windows NT 10.0; Win64; x64) AppleWebKit/537.36 (KHTML, like Gecko) Chrome/142.0.0.0 Safari/537.36 Edg/142.0.0.0"
14.108.233.234 - - [12/Dec/2025:21:23:30 +0800] "GET /wp-content/uploads/2025/12/1764853152-ISO1-731x1024.webp HTTP/1.1" 200 111032 "http://cqqizhou.com/services/" "Mozilla/5.0 (Windows NT 10.0; Win64; x64) AppleWebKit/537.36 (KHTML, like Gecko) Chrome/142.0.0.0 Safari/537.36 Edg/142.0.0.0"
14.108.233.234 - - [12/Dec/2025:21:23:32 +0800] "GET /wp-content/uploads/2025/07/1753405252-Services_Banner2000%C3%97400px2.webp HTTP/1.1" 200 23730 "http://cqqizhou.com/wp-content/uploads/elementor/css/post-1659.css?ver=1765281909" "Mozilla/5.0 (Windows NT 10.0; Win64; x64) AppleWebKit/537.36 (KHTML, like Gecko) Chrome/142.0.0.0 Safari/537.36 Edg/142.0.0.0"
36.133.115.36 - - [12/Dec/2025:21:24:03 +0800] "POST /wp-cron.php?doing_wp_cron=1765545843.6768159866333007812500 HTTP/1.1" 200 31 "-" "WordPress/6.8.3; http://cqqizhou.com"
14.108.233.234 - - [12/Dec/2025:21:24:03 +0800] "POST /wp-admin/admin-ajax.php HTTP/1.1" 200 107 "http://cqqizhou.com/wp-admin/post.php?post=1849&action=elementor" "Mozilla/5.0 (Windows NT 10.0; Win64; x64) AppleWebKit/537.36 (KHTML, like Gecko) Chrome/142.0.0.0 Safari/537.36 Edg/142.0.0.0"
14.108.233.234 - - [12/Dec/2025:21:24:03 +0800] "GET /wp-json/elementor/v1/checklist/user-progress HTTP/1.1" 200 222 "http://cqqizhou.com/wp-admin/post.php?post=1849&action=elementor" "Mozilla/5.0 (Windows NT 10.0; Win64; x64) AppleWebKit/537.36 (KHTML, like Gecko) Chrome/142.0.0.0 Safari/537.36 Edg/142.0.0.0"
14.108.233.234 - - [12/Dec/2025:21:24:18 +0800] "POST /wp-admin/admin-ajax.php HTTP/1.1" 200 107 "http://cqqizhou.com/wp-admin/post.php?post=1849&action=elementor" "Mozilla/5.0 (Windows NT 10.0; Win64; x64) AppleWebKit/537.36 (KHTML, like Gecko) Chrome/142.0.0.0 Safari/537.36 Edg/142.0.0.0"
193.142.147.209 - - [12/Dec/2025:21:24:19 +0800] "GET /cgi-bin/luci/;stok=/locale HTTP/1.1" 301 5 "-" "-"
193.142.147.209 - - [12/Dec/2025:21:24:20 +0800] "GET /cgi-bin/luci/;stok=/locale HTTP/1.1" 404 31364 "http://36.133.115.36:80/cgi-bin/luci/;stok=/locale" "-"
36.133.115.36 - - [12/Dec/2025:21:26:19 +0800] "POST /wp-cron.php?doing_wp_cron=1765545979.8181099891662597656250 HTTP/1.1" 200 31 "-" "WordPress/6.8.3; http://cqqizhou.com"
14.108.233.234 - - [12/Dec/2025:21:26:19 +0800] "POST /wp-admin/admin-ajax.php HTTP/1.1" 200 107 "http://cqqizhou.com/wp-admin/post.php?post=1849&action=elementor" "Mozilla/5.0 (Windows NT 10.0; Win64; x64) AppleWebKit/537.36 (KHTML, like Gecko) Chrome/142.0.0.0 Safari/537.36 Edg/142.0.0.0"
36.133.115.36 - - [12/Dec/2025:21:28:20 +0800] "POST /wp-cron.php?doing_wp_cron=1765546100.7700300216674804687500 HTTP/1.1" 200 31 "-" "WordPress/6.8.3; http://cqqizhou.com"
14.108.233.234 - - [12/Dec/2025:21:28:20 +0800] "POST /wp-admin/admin-ajax.php HTTP/1.1" 200 107 "http://cqqizhou.com/wp-admin/post.php?post=1849&action=elementor" "Mozilla/5.0 (Windows NT 10.0; Win64; x64) AppleWebKit/537.36 (KHTML, like Gecko) Chrome/142.0.0.0 Safari/537.36 Edg/142.0.0.0"
36.133.115.36 - - [12/Dec/2025:21:29:01 +0800] "POST /wp-cron.php?doing_wp_cron=1765546141.2655599117279052734375 HTTP/1.1" 200 31 "-" "WordPress/6.8.3; http://cqqizhou.com"
183.36.35.206 - - [12/Dec/2025:21:29:01 +0800] "GET / HTTP/1.1" 301 5 "-" "Mozilla/5.0 (Macintosh; Intel Mac OS X 10_15_7) AppleWebKit/537.36 (KHTML, like Gecko) Chrome/142.0.0.0 Safari/537.36"
183.36.35.206 - - [12/Dec/2025:21:29:01 +0800] "GET / HTTP/1.1" 200 34102 "-" "Mozilla/5.0 (Macintosh; Intel Mac OS X 10_15_7) AppleWebKit/537.36 (KHTML, like Gecko) Chrome/142.0.0.0 Safari/537.36"
36.133.115.36 - - [12/Dec/2025:21:30:21 +0800] "POST /wp-cron.php?doing_wp_cron=1765546221.7406771183013916015625 HTTP/1.1" 200 31 "-" "WordPress/6.8.3; http://cqqizhou.com"
14.108.233.234 - - [12/Dec/2025:21:30:21 +0800] "POST /wp-admin/admin-ajax.php HTTP/1.1" 200 107 "http://cqqizhou.com/wp-admin/post.php?post=1849&action=elementor" "Mozilla/5.0 (Windows NT 10.0; Win64; x64) AppleWebKit/537.36 (KHTML, like Gecko) Chrome/142.0.0.0 Safari/537.36 Edg/142.0.0.0"
36.133.115.36 - - [12/Dec/2025:21:32:22 +0800] "POST /wp-cron.php?doing_wp_cron=1765546342.7557260990142822265625 HTTP/1.1" 200 31 "-" "WordPress/6.8.3; http://cqqizhou.com"
14.108.233.234 - - [12/Dec/2025:21:32:22 +0800] "POST /wp-admin/admin-ajax.php HTTP/1.1" 200 107 "http://cqqizhou.com/wp-admin/post.php?post=1849&action=elementor" "Mozilla/5.0 (Windows NT 10.0; Win64; x64) AppleWebKit/537.36 (KHTML, like Gecko) Chrome/142.0.0.0 Safari/537.36 Edg/142.0.0.0"
36.133.115.36 - - [12/Dec/2025:21:34:23 +0800] "POST /wp-cron.php?doing_wp_cron=1765546463.7654700279235839843750 HTTP/1.1" 200 31 "-" "WordPress/6.8.3; http://cqqizhou.com"
14.108.233.234 - - [12/Dec/2025:21:34:23 +0800] "POST /wp-admin/admin-ajax.php HTTP/1.1" 200 107 "http://cqqizhou.com/wp-admin/post.php?post=1849&action=elementor" "Mozilla/5.0 (Windows NT 10.0; Win64; x64) AppleWebKit/537.36 (KHTML, like Gecko) Chrome/142.0.0.0 Safari/537.36 Edg/142.0.0.0"
36.133.115.36 - - [12/Dec/2025:21:34:48 +0800] "POST /wp-cron.php?doing_wp_cron=1765546488.2156009674072265625000 HTTP/1.1" 200 31 "-" "WordPress/6.8.3; http://cqqizhou.com"
14.108.233.234 - - [12/Dec/2025:21:34:48 +0800] "POST /wp-admin/admin-ajax.php HTTP/1.1" 200 107 "http://cqqizhou.com/wp-admin/post.php?post=1849&action=elementor" "Mozilla/5.0 (Windows NT 10.0; Win64; x64) AppleWebKit/537.36 (KHTML, like Gecko) Chrome/142.0.0.0 Safari/537.36 Edg/142.0.0.0"
14.108.233.234 - - [12/Dec/2025:21:34:48 +0800] "GET /wp-json/elementor/v1/checklist/user-progress HTTP/1.1" 200 222 "http://cqqizhou.com/wp-admin/post.php?post=1849&action=elementor" "Mozilla/5.0 (Windows NT 10.0; Win64; x64) AppleWebKit/537.36 (KHTML, like Gecko) Chrome/142.0.0.0 Safari/537.36 Edg/142.0.0.0"
14.108.233.234 - - [12/Dec/2025:21:35:03 +0800] "POST /wp-admin/admin-ajax.php HTTP/1.1" 200 107 "http://cqqizhou.com/wp-admin/post.php?post=1849&action=elementor" "Mozilla/5.0 (Windows NT 10.0; Win64; x64) AppleWebKit/537.36 (KHTML, like Gecko) Chrome/142.0.0.0 Safari/537.36 Edg/142.0.0.0"
14.108.233.234 - - [12/Dec/2025:21:35:15 +0800] "GET /services/ HTTP/1.1" 200 34176 "http://cqqizhou.com/about/?elementor-preview=1849&ver=1765545140" "Mozilla/5.0 (Windows NT 10.0; Win64; x64) AppleWebKit/537.36 (KHTML, like Gecko) Chrome/142.0.0.0 Safari/537.36 Edg/142.0.0.0"
14.108.233.234 - - [12/Dec/2025:21:35:18 +0800] "POST /wp-admin/admin-ajax.php HTTP/1.1" 200 107 "http://cqqizhou.com/wp-admin/post.php?post=1849&action=elementor" "Mozilla/5.0 (Windows NT 10.0; Win64; x64) AppleWebKit/537.36 (KHTML, like Gecko) Chrome/142.0.0.0 Safari/537.36 Edg/142.0.0.0"
36.133.115.36 - - [12/Dec/2025:21:37:19 +0800] "POST /wp-cron.php?doing_wp_cron=1765546639.7712569236755371093750 HTTP/1.1" 200 31 "-" "WordPress/6.8.3; http://cqqizhou.com"
14.108.233.234 - - [12/Dec/2025:21:37:19 +0800] "POST /wp-admin/admin-ajax.php HTTP/1.1" 200 107 "http://cqqizhou.com/wp-admin/post.php?post=1849&action=elementor" "Mozilla/5.0 (Windows NT 10.0; Win64; x64) AppleWebKit/537.36 (KHTML, like Gecko) Chrome/142.0.0.0 Safari/537.36 Edg/142.0.0.0"
36.133.115.36 - - [12/Dec/2025:21:39:15 +0800] "POST /wp-cron.php?doing_wp_cron=1765546755.6997060775756835937500 HTTP/1.1" 200 31 "-" "WordPress/6.8.3; http://cqqizhou.com"
49.51.38.193 - - [12/Dec/2025:21:39:16 +0800] "GET / HTTP/1.1" 200 33673 "-" "Mozilla/5.0 (iPhone; CPU iPhone OS 13_2_3 like Mac OS X) AppleWebKit/605.1.15 (KHTML, like Gecko) Version/13.0.3 Mobile/15E148 Safari/604.1"
14.108.233.234 - - [12/Dec/2025:21:39:16 +0800] "GET /wp-json/elementor/v1/checklist/user-progress HTTP/1.1" 200 222 "http://cqqizhou.com/wp-admin/post.php?post=1849&action=elementor" "Mozilla/5.0 (Windows NT 10.0; Win64; x64) AppleWebKit/537.36 (KHTML, like Gecko) Chrome/142.0.0.0 Safari/537.36 Edg/142.0.0.0"
14.108.233.234 - - [12/Dec/2025:21:39:16 +0800] "POST /wp-admin/admin-ajax.php HTTP/1.1" 200 107 "http://cqqizhou.com/wp-admin/post.php?post=1849&action=elementor" "Mozilla/5.0 (Windows NT 10.0; Win64; x64) AppleWebKit/537.36 (KHTML, like Gecko) Chrome/142.0.0.0 Safari/537.36 Edg/142.0.0.0"
14.108.233.234 - - [12/Dec/2025:21:39:30 +0800] "POST /wp-admin/admin-ajax.php HTTP/1.1" 200 78 "http://cqqizhou.com/wp-admin/edit.php?post_type=page" "Mozilla/5.0 (Windows NT 10.0; Win64; x64) AppleWebKit/537.36 (KHTML, like Gecko) Chrome/142.0.0.0 Safari/537.36 Edg/142.0.0.0"
14.108.233.234 - - [12/Dec/2025:21:39:31 +0800] "POST /wp-admin/admin-ajax.php HTTP/1.1" 200 107 "http://cqqizhou.com/wp-admin/post.php?post=1849&action=elementor" "Mozilla/5.0 (Windows NT 10.0; Win64; x64) AppleWebKit/537.36 (KHTML, like Gecko) Chrome/142.0.0.0 Safari/537.36 Edg/142.0.0.0"
14.108.233.234 - - [12/Dec/2025:21:39:40 +0800] "POST /wp-admin/admin-ajax.php HTTP/1.1" 200 78 "http://cqqizhou.com/wp-admin/edit.php?post_type=page" "Mozilla/5.0 (Windows NT 10.0; Win64; x64) AppleWebKit/537.36 (KHTML, like Gecko) Chrome/142.0.0.0 Safari/537.36 Edg/142.0.0.0"
14.108.233.234 - - [12/Dec/2025:21:39:51 +0800] "GET /wp-content/uploads/2025/07/1750656103-Visionr2000x800_20250623131702.webp HTTP/1.1" 200 57650 "-" "WordPress/6.9; http://localhost/qizhou"
223.74.213.204 - - [12/Dec/2025:21:40:06 +0800] "GET /portfolio-tag/%e9%9e%8d%e9%92%a2%e8%92%82%e6%a3%ae/ HTTP/1.1" 200 22787 "-" "Mozilla/5.0 (Windows NT 11.0; Win64; x64) AppleWebKit/537.36 (KHTML, like Gecko) Chrome/134.0.6998.166 Safari/537.36"
36.133.115.36 - - [12/Dec/2025:21:41:32 +0800] "POST /wp-cron.php?doing_wp_cron=1765546892.8353800773620605468750 HTTP/1.1" 200 31 "-" "WordPress/6.8.3; http://cqqizhou.com"
14.108.233.234 - - [12/Dec/2025:21:41:32 +0800] "POST /wp-admin/admin-ajax.php HTTP/1.1" 200 107 "http://cqqizhou.com/wp-admin/post.php?post=1849&action=elementor" "Mozilla/5.0 (Windows NT 10.0; Win64; x64) AppleWebKit/537.36 (KHTML, like Gecko) Chrome/142.0.0.0 Safari/537.36 Edg/142.0.0.0"
14.108.233.234 - - [12/Dec/2025:21:41:41 +0800] "POST /wp-admin/admin-ajax.php HTTP/1.1" 200 78 "http://cqqizhou.com/wp-admin/edit.php?post_type=page" "Mozilla/5.0 (Windows NT 10.0; Win64; x64) AppleWebKit/537.36 (KHTML, like Gecko) Chrome/142.0.0.0 Safari/537.36 Edg/142.0.0.0"
113.222.188.55 - - [12/Dec/2025:21:41:54 +0800] "GET /portfolio/ HTTP/1.1" 200 20595 "-" "Mozilla/5.0 (Windows NT 11.0; Win64; x64) AppleWebKit/537.36 (KHTML, like Gecko) Chrome/134.0.6998.166 Safari/537.36"
36.133.115.36 - - [12/Dec/2025:21:43:33 +0800] "POST /wp-cron.php?doing_wp_cron=1765547013.7615358829498291015625 HTTP/1.1" 200 31 "-" "WordPress/6.8.3; http://cqqizhou.com"
14.108.233.234 - - [12/Dec/2025:21:43:33 +0800] "POST /wp-admin/admin-ajax.php HTTP/1.1" 200 107 "http://cqqizhou.com/wp-admin/post.php?post=1849&action=elementor" "Mozilla/5.0 (Windows NT 10.0; Win64; x64) AppleWebKit/537.36 (KHTML, like Gecko) Chrome/142.0.0.0 Safari/537.36 Edg/142.0.0.0"
14.108.233.234 - - [12/Dec/2025:21:43:42 +0800] "POST /wp-admin/admin-ajax.php HTTP/1.1" 200 78 "http://cqqizhou.com/wp-admin/edit.php?post_type=page" "Mozilla/5.0 (Windows NT 10.0; Win64; x64) AppleWebKit/537.36 (KHTML, like Gecko) Chrome/142.0.0.0 Safari/537.36 Edg/142.0.0.0"
36.133.115.36 - - [12/Dec/2025:21:45:34 +0800] "POST /wp-cron.php?doing_wp_cron=1765547134.7695310115814208984375 HTTP/1.1" 200 31 "-" "WordPress/6.8.3; http://cqqizhou.com"
14.108.233.234 - - [12/Dec/2025:21:45:34 +0800] "POST /wp-admin/admin-ajax.php HTTP/1.1" 200 107 "http://cqqizhou.com/wp-admin/post.php?post=1849&action=elementor" "Mozilla/5.0 (Windows NT 10.0; Win64; x64) AppleWebKit/537.36 (KHTML, like Gecko) Chrome/142.0.0.0 Safari/537.36 Edg/142.0.0.0"
14.108.233.234 - - [12/Dec/2025:21:45:43 +0800] "POST /wp-admin/admin-ajax.php HTTP/1.1" 200 78 "http://cqqizhou.com/wp-admin/edit.php?post_type=page" "Mozilla/5.0 (Windows NT 10.0; Win64; x64) AppleWebKit/537.36 (KHTML, like Gecko) Chrome/142.0.0.0 Safari/537.36 Edg/142.0.0.0"
36.133.115.36 - - [12/Dec/2025:21:47:35 +0800] "POST /wp-cron.php?doing_wp_cron=1765547255.7859520912170410156250 HTTP/1.1" 200 31 "-" "WordPress/6.8.3; http://cqqizhou.com"
14.108.233.234 - - [12/Dec/2025:21:47:35 +0800] "POST /wp-admin/admin-ajax.php HTTP/1.1" 200 107 "http://cqqizhou.com/wp-admin/post.php?post=1849&action=elementor" "Mozilla/5.0 (Windows NT 10.0; Win64; x64) AppleWebKit/537.36 (KHTML, like Gecko) Chrome/142.0.0.0 Safari/537.36 Edg/142.0.0.0"
14.108.233.234 - - [12/Dec/2025:21:47:44 +0800] "POST /wp-admin/admin-ajax.php HTTP/1.1" 200 78 "http://cqqizhou.com/wp-admin/edit.php?post_type=page" "Mozilla/5.0 (Windows NT 10.0; Win64; x64) AppleWebKit/537.36 (KHTML, like Gecko) Chrome/142.0.0.0 Safari/537.36 Edg/142.0.0.0"
36.133.115.36 - - [12/Dec/2025:21:49:36 +0800] "POST /wp-cron.php?doing_wp_cron=1765547376.7618420124053955078125 HTTP/1.1" 200 31 "-" "WordPress/6.8.3; http://cqqizhou.com"
14.108.233.234 - - [12/Dec/2025:21:49:36 +0800] "POST /wp-admin/admin-ajax.php HTTP/1.1" 200 107 "http://cqqizhou.com/wp-admin/post.php?post=1849&action=elementor" "Mozilla/5.0 (Windows NT 10.0; Win64; x64) AppleWebKit/537.36 (KHTML, like Gecko) Chrome/142.0.0.0 Safari/537.36 Edg/142.0.0.0"
14.108.233.234 - - [12/Dec/2025:21:49:45 +0800] "POST /wp-admin/admin-ajax.php HTTP/1.1" 200 78 "http://cqqizhou.com/wp-admin/edit.php?post_type=page" "Mozilla/5.0 (Windows NT 10.0; Win64; x64) AppleWebKit/537.36 (KHTML, like Gecko) Chrome/142.0.0.0 Safari/537.36 Edg/142.0.0.0"
36.133.115.36 - - [12/Dec/2025:21:51:35 +0800] "POST /wp-cron.php?doing_wp_cron=1765547495.6361389160156250000000 HTTP/1.1" 200 31 "-" "WordPress/6.8.3; http://cqqizhou.com"
162.142.125.220 - - [12/Dec/2025:21:51:35 +0800] "GET /robots.txt HTTP/1.1" 200 190 "-" "Mozilla/5.0 (compatible; CensysInspect/1.1; +https://about.censys.io/)"
14.108.233.234 - - [12/Dec/2025:21:51:37 +0800] "POST /wp-admin/admin-ajax.php HTTP/1.1" 200 107 "http://cqqizhou.com/wp-admin/post.php?post=1849&action=elementor" "Mozilla/5.0 (Windows NT 10.0; Win64; x64) AppleWebKit/537.36 (KHTML, like Gecko) Chrome/142.0.0.0 Safari/537.36 Edg/142.0.0.0"
183.212.241.7 - - [12/Dec/2025:21:51:59 +0800] "POST /HNAP1/ HTTP/1.0" 400 0 "-" "-"
36.133.115.36 - - [12/Dec/2025:21:53:38 +0800] "POST /wp-cron.php?doing_wp_cron=1765547618.7852580547332763671875 HTTP/1.1" 200 31 "-" "WordPress/6.8.3; http://cqqizhou.com"
14.108.233.234 - - [12/Dec/2025:21:53:38 +0800] "POST /wp-admin/admin-ajax.php HTTP/1.1" 200 107 "http://cqqizhou.com/wp-admin/post.php?post=1849&action=elementor" "Mozilla/5.0 (Windows NT 10.0; Win64; x64) AppleWebKit/537.36 (KHTML, like Gecko) Chrome/142.0.0.0 Safari/537.36 Edg/142.0.0.0"
36.133.115.36 - - [12/Dec/2025:21:55:39 +0800] "POST /wp-cron.php?doing_wp_cron=1765547739.7726008892059326171875 HTTP/1.1" 200 31 "-" "WordPress/6.8.3; http://cqqizhou.com"
14.108.233.234 - - [12/Dec/2025:21:55:39 +0800] "POST /wp-admin/admin-ajax.php HTTP/1.1" 200 107 "http://cqqizhou.com/wp-admin/post.php?post=1849&action=elementor" "Mozilla/5.0 (Windows NT 10.0; Win64; x64) AppleWebKit/537.36 (KHTML, like Gecko) Chrome/142.0.0.0 Safari/537.36 Edg/142.0.0.0"
36.133.115.36 - - [12/Dec/2025:21:57:40 +0800] "POST /wp-cron.php?doing_wp_cron=1765547860.8286631107330322265625 HTTP/1.1" 200 31 "-" "WordPress/6.8.3; http://cqqizhou.com"
14.108.233.234 - - [12/Dec/2025:21:57:40 +0800] "POST /wp-admin/admin-ajax.php HTTP/1.1" 200 107 "http://cqqizhou.com/wp-admin/post.php?post=1849&action=elementor" "Mozilla/5.0 (Windows NT 10.0; Win64; x64) AppleWebKit/537.36 (KHTML, like Gecko) Chrome/142.0.0.0 Safari/537.36 Edg/142.0.0.0"
36.133.115.36 - - [12/Dec/2025:21:59:19 +0800] "POST /wp-cron.php?doing_wp_cron=1765547959.7665700912475585937500 HTTP/1.1" 200 31 "-" "WordPress/6.8.3; http://cqqizhou.com"
14.108.233.234 - - [12/Dec/2025:21:59:19 +0800] "POST /wp-admin/admin-ajax.php HTTP/1.1" 200 78 "http://cqqizhou.com/wp-admin/edit.php?post_type=page" "Mozilla/5.0 (Windows NT 10.0; Win64; x64) AppleWebKit/537.36 (KHTML, like Gecko) Chrome/142.0.0.0 Safari/537.36 Edg/142.0.0.0"
14.108.233.234 - - [12/Dec/2025:21:59:26 +0800] "GET / HTTP/1.1" 200 42102 "http://cqqizhou.com/wp-admin/edit.php?post_type=page" "Mozilla/5.0 (Windows NT 10.0; Win64; x64) AppleWebKit/537.36 (KHTML, like Gecko) Chrome/142.0.0.0 Safari/537.36 Edg/142.0.0.0"
14.108.233.234 - - [12/Dec/2025:21:59:26 +0800] "GET /wp-content/uploads/2025/07/1753456723-%E5%8F%8C%E7%9B%B8%E9%92%A2roduct_Single600.webp HTTP/1.1" 200 22790 "http://cqqizhou.com/" "Mozilla/5.0 (Windows NT 10.0; Win64; x64) AppleWebKit/537.36 (KHTML, like Gecko) Chrome/142.0.0.0 Safari/537.36 Edg/142.0.0.0"
14.108.233.234 - - [12/Dec/2025:21:59:26 +0800] "GET /wp-content/uploads/2025/07/1753456770-%E7%83%AD%E9%95%80%E9%94%8C%E5%8D%B7product_Single600.webp HTTP/1.1" 200 27502 "http://cqqizhou.com/" "Mozilla/5.0 (Windows NT 10.0; Win64; x64) AppleWebKit/537.36 (KHTML, like Gecko) Chrome/142.0.0.0 Safari/537.36 Edg/142.0.0.0"
14.108.233.234 - - [12/Dec/2025:21:59:26 +0800] "GET /wp-content/uploads/2025/07/1753453096-%E5%8F%8C%E7%9B%B8%E9%92%A2product_Single600%C3%97284.webp HTTP/1.1" 200 14562 "http://cqqizhou.com/" "Mozilla/5.0 (Windows NT 10.0; Win64; x64) AppleWebKit/537.36 (KHTML, like Gecko) Chrome/142.0.0.0 Safari/537.36 Edg/142.0.0.0"
14.108.233.234 - - [12/Dec/2025:21:59:26 +0800] "GET /wp-content/uploads/2025/07/1753454089-Article_images_W900px.webp HTTP/1.1" 200 27552 "http://cqqizhou.com/" "Mozilla/5.0 (Windows NT 10.0; Win64; x64) AppleWebKit/537.36 (KHTML, like Gecko) Chrome/142.0.0.0 Safari/537.36 Edg/142.0.0.0"
14.108.233.234 - - [12/Dec/2025:21:59:26 +0800] "GET /wp-content/uploads/2025/07/1753453127-%E4%BD%99%E5%8D%B7product_Single600%C3%97284.webp HTTP/1.1" 200 18744 "http://cqqizhou.com/" "Mozilla/5.0 (Windows NT 10.0; Win64; x64) AppleWebKit/537.36 (KHTML, like Gecko) Chrome/142.0.0.0 Safari/537.36 Edg/142.0.0.0"
14.108.233.234 - - [12/Dec/2025:21:59:26 +0800] "GET /wp-content/uploads/2025/07/1753454299-Article_images_W900px.webp HTTP/1.1" 200 52418 "http://cqqizhou.com/" "Mozilla/5.0 (Windows NT 10.0; Win64; x64) AppleWebKit/537.36 (KHTML, like Gecko) Chrome/142.0.0.0 Safari/537.36 Edg/142.0.0.0"
14.108.233.234 - - [12/Dec/2025:21:59:27 +0800] "GET /wp-content/uploads/2025/12/1765268955-qizhou_Slider1_3840%C3%972160_20251210-scaled.webp HTTP/1.1" 200 152162 "http://cqqizhou.com/" "Mozilla/5.0 (Windows NT 10.0; Win64; x64) AppleWebKit/537.36 (KHTML, like Gecko) Chrome/142.0.0.0 Safari/537.36 Edg/142.0.0.0"
14.108.233.234 - - [12/Dec/2025:21:59:27 +0800] "GET /wp-content/uploads/2025/12/1765265398-qizhou_Slider_3840%C3%972160_20251209-scaled-50x100.webp HTTP/1.1" 200 2166 "http://cqqizhou.com/" "Mozilla/5.0 (Windows NT 10.0; Win64; x64) AppleWebKit/537.36 (KHTML, like Gecko) Chrome/142.0.0.0 Safari/537.36 Edg/142.0.0.0"
14.108.233.234 - - [12/Dec/2025:21:59:27 +0800] "GET /wp-content/uploads/revslider/slider-1/1750861156-logistics_Slider_3840%C3%972160_20250625191356-scaled-50x100.webp HTTP/1.1" 200 1416 "http://cqqizhou.com/" "Mozilla/5.0 (Windows NT 10.0; Win64; x64) AppleWebKit/537.36 (KHTML, like Gecko) Chrome/142.0.0.0 Safari/537.36 Edg/142.0.0.0"
14.108.233.234 - - [12/Dec/2025:21:59:27 +0800] "GET /wp-json/sliderrevolution/sliders/1?srengine=7&slideid=2 HTTP/1.1" 200 2058 "http://cqqizhou.com/" "Mozilla/5.0 (Windows NT 10.0; Win64; x64) AppleWebKit/537.36 (KHTML, like Gecko) Chrome/142.0.0.0 Safari/537.36 Edg/142.0.0.0"
14.108.233.234 - - [12/Dec/2025:21:59:27 +0800] "GET /wp-json/sliderrevolution/sliders/1?srengine=7&slideid=3 HTTP/1.1" 200 2286 "http://cqqizhou.com/" "Mozilla/5.0 (Windows NT 10.0; Win64; x64) AppleWebKit/537.36 (KHTML, like Gecko) Chrome/142.0.0.0 Safari/537.36 Edg/142.0.0.0"
14.108.233.234 - - [12/Dec/2025:21:59:28 +0800] "GET /wp-content/uploads/revslider/slider-1/1750861156-logistics_Slider_3840%C3%972160_20250625191356-scaled.webp HTTP/1.1" 200 197360 "http://cqqizhou.com/" "Mozilla/5.0 (Windows NT 10.0; Win64; x64) AppleWebKit/537.36 (KHTML, like Gecko) Chrome/142.0.0.0 Safari/537.36 Edg/142.0.0.0"
14.108.233.234 - - [12/Dec/2025:21:59:28 +0800] "GET /wp-content/uploads/2025/12/1765265398-qizhou_Slider_3840%C3%972160_20251209-scaled.webp HTTP/1.1" 200 175208 "http://cqqizhou.com/" "Mozilla/5.0 (Windows NT 10.0; Win64; x64) AppleWebKit/537.36 (KHTML, like Gecko) Chrome/142.0.0.0 Safari/537.36 Edg/142.0.0.0"
14.108.233.234 - - [12/Dec/2025:21:59:29 +0800] "POST /wp-admin/admin-ajax.php HTTP/1.1" 200 78 "http://cqqizhou.com/wp-admin/edit.php?post_type=page" "Mozilla/5.0 (Windows NT 10.0; Win64; x64) AppleWebKit/537.36 (KHTML, like Gecko) Chrome/142.0.0.0 Safari/537.36 Edg/142.0.0.0"
14.108.233.234 - - [12/Dec/2025:21:59:30 +0800] "GET /logistics/ HTTP/1.1" 200 26629 "http://cqqizhou.com/" "Mozilla/5.0 (Windows NT 10.0; Win64; x64) AppleWebKit/537.36 (KHTML, like Gecko) Chrome/142.0.0.0 Safari/537.36 Edg/142.0.0.0"
14.108.233.234 - - [12/Dec/2025:21:59:30 +0800] "GET /wp-content/uploads/2025/07/1751864664-Logistics800x500_1.webp HTTP/1.1" 200 76914 "http://cqqizhou.com/logistics/" "Mozilla/5.0 (Windows NT 10.0; Win64; x64) AppleWebKit/537.36 (KHTML, like Gecko) Chrome/142.0.0.0 Safari/537.36 Edg/142.0.0.0"
14.108.233.234 - - [12/Dec/2025:21:59:30 +0800] "GET /wp-content/uploads/2025/07/1751864682-Logistics800x500_2.webp HTTP/1.1" 200 27420 "http://cqqizhou.com/logistics/" "Mozilla/5.0 (Windows NT 10.0; Win64; x64) AppleWebKit/537.36 (KHTML, like Gecko) Chrome/142.0.0.0 Safari/537.36 Edg/142.0.0.0"
14.108.233.234 - - [12/Dec/2025:21:59:30 +0800] "GET /wp-content/uploads/2025/07/1753407887-Logistics_Banner2000%C3%97400px-%E6%8B%B7%E8%B4%9D.webp HTTP/1.1" 200 18866 "http://cqqizhou.com/logistics/" "Mozilla/5.0 (Windows NT 10.0; Win64; x64) AppleWebKit/537.36 (KHTML, like Gecko) Chrome/142.0.0.0 Safari/537.36 Edg/142.0.0.0"
14.108.233.234 - - [12/Dec/2025:21:59:36 +0800] "GET /services/ HTTP/1.1" 200 34159 "http://cqqizhou.com/logistics/" "Mozilla/5.0 (Windows NT 10.0; Win64; x64) AppleWebKit/537.36 (KHTML, like Gecko) Chrome/142.0.0.0 Safari/537.36 Edg/142.0.0.0"
14.108.233.234 - - [12/Dec/2025:21:59:41 +0800] "POST /wp-admin/admin-ajax.php HTTP/1.1" 200 107 "http://cqqizhou.com/wp-admin/post.php?post=1849&action=elementor" "Mozilla/5.0 (Windows NT 10.0; Win64; x64) AppleWebKit/537.36 (KHTML, like Gecko) Chrome/142.0.0.0 Safari/537.36 Edg/142.0.0.0"
36.133.115.36 - - [12/Dec/2025:22:00:08 +0800] "POST /wp-cron.php?doing_wp_cron=1765548008.4412341117858886718750 HTTP/1.1" 200 31 "-" "WordPress/6.8.3; http://cqqizhou.com"
14.108.233.234 - - [12/Dec/2025:22:00:08 +0800] "POST /wp-admin/admin-ajax.php HTTP/1.1" 200 78 "http://cqqizhou.com/wp-admin/edit.php?post_type=page" "Mozilla/5.0 (Windows NT 10.0; Win64; x64) AppleWebKit/537.36 (KHTML, like Gecko) Chrome/142.0.0.0 Safari/537.36 Edg/142.0.0.0"
14.108.233.234 - - [12/Dec/2025:22:00:18 +0800] "POST /wp-admin/admin-ajax.php HTTP/1.1" 200 78 "http://cqqizhou.com/wp-admin/edit.php?post_type=page" "Mozilla/5.0 (Windows NT 10.0; Win64; x64) AppleWebKit/537.36 (KHTML, like Gecko) Chrome/142.0.0.0 Safari/537.36 Edg/142.0.0.0"
14.108.233.234 - - [12/Dec/2025:22:00:18 +0800] "GET /wp-admin/post.php?post=1659&action=elementor HTTP/1.1" 200 315399 "http://cqqizhou.com/wp-admin/edit.php?post_type=page" "Mozilla/5.0 (Windows NT 10.0; Win64; x64) AppleWebKit/537.36 (KHTML, like Gecko) Chrome/142.0.0.0 Safari/537.36 Edg/142.0.0.0"
14.108.233.234 - - [12/Dec/2025:22:00:18 +0800] "GET /wp-admin/load-scripts.php?c=0&load%5Bchunk_0%5D=jquery-core,jquery-migrate,jquery-ui-core,jquery-ui-mouse,jquery-ui-draggable,underscore,backbone,wp-api-request,wp-hooks&ver=6.8.3 HTTP/1.1" 200 62569 "http://cqqizhou.com/wp-admin/post.php?post=1659&action=elementor" "Mozilla/5.0 (Windows NT 10.0; Win64; x64) AppleWebKit/537.36 (KHTML, like Gecko) Chrome/142.0.0.0 Safari/537.36 Edg/142.0.0.0"
14.108.233.234 - - [12/Dec/2025:22:00:18 +0800] "GET /wp-admin/load-scripts.php?c=0&load%5Bchunk_0%5D=react,react-dom&ver=6.8.3 HTTP/1.1" 200 45577 "http://cqqizhou.com/wp-admin/post.php?post=1659&action=elementor" "Mozilla/5.0 (Windows NT 10.0; Win64; x64) AppleWebKit/537.36 (KHTML, like Gecko) Chrome/142.0.0.0 Safari/537.36 Edg/142.0.0.0"
14.108.233.234 - - [12/Dec/2025:22:00:25 +0800] "GET /wp-json/elementor/v1/global-widget/templates HTTP/1.1" 200 33 "http://cqqizhou.com/wp-admin/post.php?post=1659&action=elementor" "Mozilla/5.0 (Windows NT 10.0; Win64; x64) AppleWebKit/537.36 (KHTML, like Gecko) Chrome/142.0.0.0 Safari/537.36 Edg/142.0.0.0"
14.108.233.234 - - [12/Dec/2025:22:00:25 +0800] "POST /wp-admin/admin-ajax.php HTTP/1.1" 200 107 "http://cqqizhou.com/wp-admin/post.php?post=1659&action=elementor" "Mozilla/5.0 (Windows NT 10.0; Win64; x64) AppleWebKit/537.36 (KHTML, like Gecko) Chrome/142.0.0.0 Safari/537.36 Edg/142.0.0.0"
14.108.233.234 - - [12/Dec/2025:22:00:25 +0800] "GET /wp-json/elementor/v1/site-navigation/recent-posts?posts_per_page=6&_locale=user HTTP/1.1" 200 380 "http://cqqizhou.com/wp-admin/post.php?post=1659&action=elementor" "Mozilla/5.0 (Windows NT 10.0; Win64; x64) AppleWebKit/537.36 (KHTML, like Gecko) Chrome/142.0.0.0 Safari/537.36 Edg/142.0.0.0"
14.108.233.234 - - [12/Dec/2025:22:00:25 +0800] "GET /wp-json/elementor/v1/checklist/user-progress HTTP/1.1" 200 222 "http://cqqizhou.com/wp-admin/post.php?post=1659&action=elementor" "Mozilla/5.0 (Windows NT 10.0; Win64; x64) AppleWebKit/537.36 (KHTML, like Gecko) Chrome/142.0.0.0 Safari/537.36 Edg/142.0.0.0"
14.108.233.234 - - [12/Dec/2025:22:00:25 +0800] "GET /wp-json/elementor/v1/kit-elements-defaults HTTP/1.1" 200 33 "http://cqqizhou.com/wp-admin/post.php?post=1659&action=elementor" "Mozilla/5.0 (Windows NT 10.0; Win64; x64) AppleWebKit/537.36 (KHTML, like Gecko) Chrome/142.0.0.0 Safari/537.36 Edg/142.0.0.0"
14.108.233.234 - - [12/Dec/2025:22:00:25 +0800] "GET /services/?elementor-preview=1659&ver=1765548018 HTTP/1.1" 200 20625 "http://cqqizhou.com/wp-admin/post.php?post=1659&action=elementor" "Mozilla/5.0 (Windows NT 10.0; Win64; x64) AppleWebKit/537.36 (KHTML, like Gecko) Chrome/142.0.0.0 Safari/537.36 Edg/142.0.0.0"
14.108.233.234 - - [12/Dec/2025:22:00:26 +0800] "POST /wp-admin/admin-ajax.php HTTP/1.1" 200 568953 "http://cqqizhou.com/wp-admin/post.php?post=1659&action=elementor" "Mozilla/5.0 (Windows NT 10.0; Win64; x64) AppleWebKit/537.36 (KHTML, like Gecko) Chrome/142.0.0.0 Safari/537.36 Edg/142.0.0.0"
14.108.233.234 - - [12/Dec/2025:22:00:29 +0800] "GET /wp-json/elementor/v1/globals HTTP/1.1" 200 336 "http://cqqizhou.com/wp-admin/post.php?post=1659&action=elementor" "Mozilla/5.0 (Windows NT 10.0; Win64; x64) AppleWebKit/537.36 (KHTML, like Gecko) Chrome/142.0.0.0 Safari/537.36 Edg/142.0.0.0"
14.108.233.234 - - [12/Dec/2025:22:00:31 +0800] "GET /wp-json/elementor/v1/user-data/current-user?context=edit HTTP/1.1" 200 544 "http://cqqizhou.com/wp-admin/post.php?post=1659&action=elementor" "Mozilla/5.0 (Windows NT 10.0; Win64; x64) AppleWebKit/537.36 (KHTML, like Gecko) Chrome/142.0.0.0 Safari/537.36 Edg/142.0.0.0"
14.108.233.234 - - [12/Dec/2025:22:00:32 +0800] "POST /wp-admin/admin-ajax.php HTTP/1.1" 200 412 "http://cqqizhou.com/wp-admin/post.php?post=1659&action=elementor" "Mozilla/5.0 (Windows NT 10.0; Win64; x64) AppleWebKit/537.36 (KHTML, like Gecko) Chrome/142.0.0.0 Safari/537.36 Edg/142.0.0.0"
14.108.233.234 - - [12/Dec/2025:22:00:40 +0800] "POST /wp-admin/admin-ajax.php HTTP/1.1" 200 107 "http://cqqizhou.com/wp-admin/post.php?post=1659&action=elementor" "Mozilla/5.0 (Windows NT 10.0; Win64; x64) AppleWebKit/537.36 (KHTML, like Gecko) Chrome/142.0.0.0 Safari/537.36 Edg/142.0.0.0"
36.133.115.36 - - [12/Dec/2025:22:00:55 +0800] "POST /wp-cron.php?doing_wp_cron=1765548055.8823750019073486328125 HTTP/1.1" 200 31 "-" "WordPress/6.8.3; http://cqqizhou.com"
14.108.233.234 - - [12/Dec/2025:22:00:55 +0800] "POST /wp-admin/admin-ajax.php HTTP/1.1" 200 107 "http://cqqizhou.com/wp-admin/post.php?post=1659&action=elementor" "Mozilla/5.0 (Windows NT 10.0; Win64; x64) AppleWebKit/537.36 (KHTML, like Gecko) Chrome/142.0.0.0 Safari/537.36 Edg/142.0.0.0"
14.108.233.234 - - [12/Dec/2025:22:01:10 +0800] "POST /wp-admin/admin-ajax.php HTTP/1.1" 200 107 "http://cqqizhou.com/wp-admin/post.php?post=1659&action=elementor" "Mozilla/5.0 (Windows NT 10.0; Win64; x64) AppleWebKit/537.36 (KHTML, like Gecko) Chrome/142.0.0.0 Safari/537.36 Edg/142.0.0.0"
14.108.233.234 - - [12/Dec/2025:22:01:26 +0800] "POST /wp-admin/admin-ajax.php HTTP/1.1" 200 107 "http://cqqizhou.com/wp-admin/post.php?post=1659&action=elementor" "Mozilla/5.0 (Windows NT 10.0; Win64; x64) AppleWebKit/537.36 (KHTML, like Gecko) Chrome/142.0.0.0 Safari/537.36 Edg/142.0.0.0"
14.108.233.234 - - [12/Dec/2025:22:01:42 +0800] "POST /wp-admin/admin-ajax.php HTTP/1.1" 200 107 "http://cqqizhou.com/wp-admin/post.php?post=1849&action=elementor" "Mozilla/5.0 (Windows NT 10.0; Win64; x64) AppleWebKit/537.36 (KHTML, like Gecko) Chrome/142.0.0.0 Safari/537.36 Edg/142.0.0.0"
36.133.115.36 - - [12/Dec/2025:22:02:18 +0800] "POST /wp-cron.php?doing_wp_cron=1765548138.7367990016937255859375 HTTP/1.1" 200 31 "-" "WordPress/6.8.3; http://cqqizhou.com"
14.108.233.234 - - [12/Dec/2025:22:02:18 +0800] "POST /wp-admin/admin-ajax.php HTTP/1.1" 200 78 "http://cqqizhou.com/wp-admin/edit.php?post_type=page" "Mozilla/5.0 (Windows NT 10.0; Win64; x64) AppleWebKit/537.36 (KHTML, like Gecko) Chrome/142.0.0.0 Safari/537.36 Edg/142.0.0.0"
36.133.115.36 - - [12/Dec/2025:22:03:27 +0800] "POST /wp-cron.php?doing_wp_cron=1765548207.7943379878997802734375 HTTP/1.1" 200 31 "-" "WordPress/6.8.3; http://cqqizhou.com"
14.108.233.234 - - [12/Dec/2025:22:03:27 +0800] "POST /wp-admin/admin-ajax.php HTTP/1.1" 200 107 "http://cqqizhou.com/wp-admin/post.php?post=1659&action=elementor" "Mozilla/5.0 (Windows NT 10.0; Win64; x64) AppleWebKit/537.36 (KHTML, like Gecko) Chrome/142.0.0.0 Safari/537.36 Edg/142.0.0.0"
14.108.233.234 - - [12/Dec/2025:22:03:32 +0800] "POST /wp-admin/admin-ajax.php HTTP/1.1" 200 78 "http://cqqizhou.com/wp-admin/edit.php?post_type=page" "Mozilla/5.0 (Windows NT 10.0; Win64; x64) AppleWebKit/537.36 (KHTML, like Gecko) Chrome/142.0.0.0 Safari/537.36 Edg/142.0.0.0"
14.108.233.234 - - [12/Dec/2025:22:03:33 +0800] "GET /wp-json/elementor/v1/checklist/user-progress HTTP/1.1" 200 222 "http://cqqizhou.com/wp-admin/post.php?post=1659&action=elementor" "Mozilla/5.0 (Windows NT 10.0; Win64; x64) AppleWebKit/537.36 (KHTML, like Gecko) Chrome/142.0.0.0 Safari/537.36 Edg/142.0.0.0"
14.108.233.234 - - [12/Dec/2025:22:03:42 +0800] "POST /wp-admin/admin-ajax.php HTTP/1.1" 200 78 "http://cqqizhou.com/wp-admin/edit.php?post_type=page" "Mozilla/5.0 (Windows NT 10.0; Win64; x64) AppleWebKit/537.36 (KHTML, like Gecko) Chrome/142.0.0.0 Safari/537.36 Edg/142.0.0.0"
14.108.233.234 - - [12/Dec/2025:22:03:43 +0800] "POST /wp-admin/admin-ajax.php HTTP/1.1" 200 107 "http://cqqizhou.com/wp-admin/post.php?post=1849&action=elementor" "Mozilla/5.0 (Windows NT 10.0; Win64; x64) AppleWebKit/537.36 (KHTML, like Gecko) Chrome/142.0.0.0 Safari/537.36 Edg/142.0.0.0"
14.108.233.234 - - [12/Dec/2025:22:03:43 +0800] "POST /wp-admin/admin-ajax.php HTTP/1.1" 200 107 "http://cqqizhou.com/wp-admin/post.php?post=1659&action=elementor" "Mozilla/5.0 (Windows NT 10.0; Win64; x64) AppleWebKit/537.36 (KHTML, like Gecko) Chrome/142.0.0.0 Safari/537.36 Edg/142.0.0.0"
36.133.115.36 - - [12/Dec/2025:22:03:58 +0800] "POST /wp-cron.php?doing_wp_cron=1765548238.0390069484710693359375 HTTP/1.1" 200 31 "-" "WordPress/6.8.3; http://cqqizhou.com"
14.108.233.234 - - [12/Dec/2025:22:03:58 +0800] "GET /wp-json/elementor/v1/checklist/user-progress HTTP/1.1" 200 222 "http://cqqizhou.com/wp-admin/post.php?post=1659&action=elementor" "Mozilla/5.0 (Windows NT 10.0; Win64; x64) AppleWebKit/537.36 (KHTML, like Gecko) Chrome/142.0.0.0 Safari/537.36 Edg/142.0.0.0"
14.108.233.234 - - [12/Dec/2025:22:03:58 +0800] "POST /wp-admin/admin-ajax.php HTTP/1.1" 200 107 "http://cqqizhou.com/wp-admin/post.php?post=1659&action=elementor" "Mozilla/5.0 (Windows NT 10.0; Win64; x64) AppleWebKit/537.36 (KHTML, like Gecko) Chrome/142.0.0.0 Safari/537.36 Edg/142.0.0.0"
14.108.233.234 - - [12/Dec/2025:22:04:00 +0800] "GET /wp-json/elementor/v1/checklist/user-progress HTTP/1.1" 200 222 "http://cqqizhou.com/wp-admin/post.php?post=1849&action=elementor" "Mozilla/5.0 (Windows NT 10.0; Win64; x64) AppleWebKit/537.36 (KHTML, like Gecko) Chrome/142.0.0.0 Safari/537.36 Edg/142.0.0.0"
