51.159.101.227 - - [15/Nov/2025:05:35:40 +0800] "GET /wp-json/sliderrevolution/sliders/1?srengine=7&slideid=3 HTTP/1.1" 200 2292 "http://cqqizhou.com/" "Mozilla/5.0 (X11; Linux x86_64) AppleWebKit/537.36 (KHTML, like Gecko) Chrome/132.0.0.0 Safari/537.3"
51.159.101.227 - - [15/Nov/2025:05:35:40 +0800] "GET /wp-json/sliderrevolution/sliders/1?srengine=7&slideid=2 HTTP/1.1" 200 2058 "http://cqqizhou.com/" "Mozilla/5.0 (X11; Linux x86_64) AppleWebKit/537.36 (KHTML, like Gecko) Chrome/132.0.0.0 Safari/537.3"
51.159.101.227 - - [15/Nov/2025:05:35:41 +0800] "GET /wp-content/uploads/2025/07/1753587901-Slider_3840%C3%972160_20250727-scaled.webp HTTP/1.1" 200 141034 "http://cqqizhou.com/" "Mozilla/5.0 (X11; Linux x86_64) AppleWebKit/537.36 (KHTML, like Gecko) Chrome/132.0.0.0 Safari/537.3"
51.159.101.227 - - [15/Nov/2025:05:35:41 +0800] "GET /wp-content/uploads/revslider/slider-1/1750861156-logistics_Slider_3840%C3%972160_20250625191356-scaled.webp HTTP/1.1" 200 197360 "http://cqqizhou.com/" "Mozilla/5.0 (X11; Linux x86_64) AppleWebKit/537.36 (KHTML, like Gecko) Chrome/132.0.0.0 Safari/537.3"
51.159.101.227 - - [15/Nov/2025:05:35:48 +0800] "GET /wp-content/uploads/revslider/slider-1/1750929639-yuanjing_Slider_3840%C3%972160_20250626171955-scaled-50x100.webp HTTP/1.1" 200 1784 "http://cqqizhou.com/" "Mozilla/5.0 (X11; Linux x86_64) AppleWebKit/537.36 (KHTML, like Gecko) Chrome/132.0.0.0 Safari/537.3"
36.133.115.36 - - [15/Nov/2025:05:36:07 +0800] "POST /wp-cron.php?doing_wp_cron=1763156167.8765399456024169921875 HTTP/1.1" 200 31 "-" "WordPress/6.8.3; http://cqqizhou.com"
51.159.101.227 - - [15/Nov/2025:05:36:08 +0800] "GET /ads.txt HTTP/1.1" 200 25198 "-" "Mozilla/5.0 (X11; Linux x86_64) AppleWebKit/537.36 (KHTML, like Gecko) Chrome/132.0.0.0 Safari/537.3"
51.159.101.227 - - [15/Nov/2025:05:36:09 +0800] "GET /app-ads.txt HTTP/1.1" 200 25205 "-" "Mozilla/5.0 (X11; Linux x86_64) AppleWebKit/537.36 (KHTML, like Gecko) Chrome/132.0.0.0 Safari/537.3"
51.159.101.227 - - [15/Nov/2025:05:36:11 +0800] "GET /sellers.json HTTP/1.1" 404 8990 "-" "Mozilla/5.0 (X11; Linux x86_64) AppleWebKit/537.36 (KHTML, like Gecko) Chrome/132.0.0.0 Safari/537.3"
180.153.236.171 - - [15/Nov/2025:06:00:57 +0800] "GET / HTTP/1.1" 200 33929 "http://cqqizhou.com/" "Mozilla/5.0 (Windows NT 10.0; Win64; x64) AppleWebKit/537.36 (KHTML, like Gecko) Chrome/140.0.0.0 Safari/537.36 Edg/140.0.0.0; 360Spider"
36.133.115.36 - - [15/Nov/2025:06:01:20 +0800] "POST /wp-cron.php?doing_wp_cron=1763157680.4047260284423828125000 HTTP/1.1" 200 31 "-" "WordPress/6.8.3; http://cqqizhou.com"
117.33.163.216 - - [15/Nov/2025:06:01:20 +0800] "GET / HTTP/1.1" 301 5 "-" "Mozilla/5.0 (iPhone; CPU iPhone OS 13_2_3 like Mac OS X) AppleWebKit/605.1.15 (KHTML, like Gecko) Version/13.0.3 Mobile/15E148 Safari/604.1"
117.33.163.216 - - [15/Nov/2025:06:01:22 +0800] "GET / HTTP/1.1" 200 33527 "http://www.cqqizhou.com" "Mozilla/5.0 (iPhone; CPU iPhone OS 13_2_3 like Mac OS X) AppleWebKit/605.1.15 (KHTML, like Gecko) Version/13.0.3 Mobile/15E148 Safari/604.1"
36.133.115.36 - - [15/Nov/2025:06:30:24 +0800] "POST /wp-cron.php?doing_wp_cron=1763159424.1559379100799560546875 HTTP/1.1" 200 31 "-" "WordPress/6.8.3; http://cqqizhou.com"
220.181.108.167 - - [15/Nov/2025:06:30:24 +0800] "GET /services/processing/ HTTP/1.1" 200 22966 "-" "Mozilla/5.0 (compatible; Baiduspider/2.0; +http://www.baidu.com/search/spider.html)"
36.133.115.36 - - [15/Nov/2025:06:32:29 +0800] "POST /wp-cron.php?doing_wp_cron=1763159549.7584140300750732421875 HTTP/1.1" 200 31 "-" "WordPress/6.8.3; http://cqqizhou.com"
85.11.167.3 - - [15/Nov/2025:06:32:29 +0800] "GET /api/v1/version HTTP/1.1" 404 8990 "-" "Mozilla/5.0 (X11; Linux x86_64; rv:89.0) Gecko/20100101 Firefox/89.0"
36.133.115.36 - - [15/Nov/2025:06:52:36 +0800] "POST /wp-cron.php?doing_wp_cron=1763160756.6730690002441406250000 HTTP/1.1" 200 31 "-" "WordPress/6.8.3; http://cqqizhou.com"
78.153.140.179 - - [15/Nov/2025:06:52:36 +0800] "GET /.env HTTP/1.1" 404 31381 "-" "Mozilla/5.0 (Windows NT 10.0) AppleWebKit/537.36 (KHTML, like Gecko) Chrome/54.0.2840.99 Safari/537.36 OPR/41.0.2353.69"
36.133.115.36 - - [15/Nov/2025:07:00:00 +0800] "POST /wp-cron.php?doing_wp_cron=1763161200.0020101070404052734375 HTTP/1.1" 200 31 "-" "WordPress/6.8.3; http://cqqizhou.com"
36.133.108.125 - - [15/Nov/2025:07:00:00 +0800] "HEAD /api/v1/version HTTP/1.1" 404 0 "-" "Mozilla/5.0 (compatible; MSIE 9.0; Windows NT 6.1; Trident/5.0; yie8)"
36.133.115.36 - - [15/Nov/2025:07:04:56 +0800] "POST /wp-cron.php?doing_wp_cron=1763161496.7754030227661132812500 HTTP/1.1" 200 31 "-" "WordPress/6.8.3; http://cqqizhou.com"
43.154.127.188 - - [15/Nov/2025:07:04:57 +0800] "GET / HTTP/1.1" 200 33527 "-" "Mozilla/5.0 (iPhone; CPU iPhone OS 13_2_3 like Mac OS X) AppleWebKit/605.1.15 (KHTML, like Gecko) Version/13.0.3 Mobile/15E148 Safari/604.1"
36.133.115.36 - - [15/Nov/2025:07:08:01 +0800] "POST /wp-cron.php?doing_wp_cron=1763161681.2577099800109863281250 HTTP/1.1" 200 31 "-" "WordPress/6.8.3; http://cqqizhou.com"
147.185.132.202 - - [15/Nov/2025:07:08:01 +0800] "GET / HTTP/1.1" 200 33527 "-" "Hello from Palo Alto Networks, find out more about our scans in https://docs-cortex.paloaltonetworks.com/r/1/Cortex-Xpanse/Scanning-activity"
36.133.115.36 - - [15/Nov/2025:07:16:42 +0800] "POST /wp-cron.php?doing_wp_cron=1763162202.1137731075286865234375 HTTP/1.1" 200 31 "-" "WordPress/6.8.3; http://cqqizhou.com"
103.252.89.75 - - [15/Nov/2025:07:16:42 +0800] "GET / HTTP/1.1" 200 152189 "-" "-"
36.133.115.36 - - [15/Nov/2025:07:21:35 +0800] "POST /wp-cron.php?doing_wp_cron=1763162495.8757920265197753906250 HTTP/1.1" 200 31 "-" "WordPress/6.8.3; http://cqqizhou.com"
116.240.149.7 - - [15/Nov/2025:07:21:35 +0800] "GET /robots.txt HTTP/1.1" 200 390 "-" "Mozilla/5.0 (compatible; MJ12bot/v1.4.8; http://mj12bot.com/)"
116.240.149.7 - - [15/Nov/2025:07:21:37 +0800] "GET /portfolio-tag/%E9%9E%8D%E9%92%A2%E8%92%82%E6%A3%AE/ HTTP/1.1" 200 22746 "-" "Mozilla/5.0 (compatible; MJ12bot/v1.4.8; http://mj12bot.com/)"
116.240.149.7 - - [15/Nov/2025:07:21:40 +0800] "GET /portfolio/%E5%86%B7%E8%BD%A7%E6%9D%BF/ HTTP/1.1" 200 22121 "-" "Mozilla/5.0 (compatible; MJ12bot/v1.4.8; http://mj12bot.com/)"
36.133.115.36 - - [15/Nov/2025:07:22:23 +0800] "POST /wp-cron.php?doing_wp_cron=1763162543.6038889884948730468750 HTTP/1.1" 200 31 "-" "WordPress/6.8.3; http://cqqizhou.com"
216.73.216.43 - - [15/Nov/2025:07:22:23 +0800] "GET /robots.txt HTTP/1.1" 200 390 "-" "Mozilla/5.0 AppleWebKit/537.36 (KHTML, like Gecko; compatible; ClaudeBot/1.0; +claudebot@anthropic.com)"
216.73.216.43 - - [15/Nov/2025:07:22:24 +0800] "GET /wp-sitemap.xml HTTP/1.1" 501 253 "-" "Mozilla/5.0 AppleWebKit/537.36 (KHTML, like Gecko; compatible; ClaudeBot/1.0; +claudebot@anthropic.com)"
78.29.44.164 - - [15/Nov/2025:07:31:06 +0800] "GET / HTTP/1.0" 200 153587 "http://cqqizhou.com/" "Mozilla/5.0 (Windows NT 10.0; Win64; x64) AppleWebKit/537.36 (KHTML, like Gecko) Chrome/103.0.5060.66 Safari/537.36"
78.29.44.164 - - [15/Nov/2025:07:31:07 +0800] "GET /contacts/ HTTP/1.0" 200 76629 "http://cqqizhou.com/contacts/" "Mozilla/5.0 (Windows NT 10.0; Win64; x64) AppleWebKit/537.36 (KHTML, like Gecko) Chrome/103.0.5060.66 Safari/537.36"
36.133.115.36 - - [15/Nov/2025:07:31:09 +0800] "POST /wp-cron.php?doing_wp_cron=1763163069.1906828880310058593750 HTTP/1.1" 200 31 "-" "WordPress/6.8.3; http://cqqizhou.com"
78.29.44.164 - - [15/Nov/2025:07:31:10 +0800] "POST /contacts/ HTTP/1.0" 200 70670 "http://cqqizhou.com/contacts/" "Mozilla/5.0 (Windows NT 10.0; Win64; x64) AppleWebKit/537.36 (KHTML, like Gecko) Chrome/103.0.5060.66 Safari/537.36"
36.133.115.36 - - [15/Nov/2025:07:33:51 +0800] "POST /wp-cron.php?doing_wp_cron=1763163231.5594339370727539062500 HTTP/1.1" 200 31 "-" "WordPress/6.8.3; http://cqqizhou.com"
43.166.226.57 - - [15/Nov/2025:07:33:51 +0800] "GET / HTTP/1.1" 200 33527 "-" "Mozilla/5.0 (iPhone; CPU iPhone OS 13_2_3 like Mac OS X) AppleWebKit/605.1.15 (KHTML, like Gecko) Version/13.0.3 Mobile/15E148 Safari/604.1"
36.133.115.36 - - [15/Nov/2025:07:47:09 +0800] "POST /wp-cron.php?doing_wp_cron=1763164029.0043570995330810546875 HTTP/1.1" 200 31 "-" "WordPress/6.8.3; http://cqqizhou.com"
81.167.26.57 - - [15/Nov/2025:07:47:09 +0800] "GET /robots.txt HTTP/1.1" 200 390 "-" "Mozilla/5.0 (compatible; MJ12bot/v1.4.8; http://mj12bot.com/)"
81.167.26.57 - - [15/Nov/2025:07:47:10 +0800] "GET /portfolio-tag/%E9%9E%8D%E9%92%A2%E8%92%82%E6%A3%AE/ HTTP/1.1" 200 22746 "-" "Mozilla/5.0 (compatible; MJ12bot/v1.4.8; http://mj12bot.com/)"
81.167.26.57 - - [15/Nov/2025:07:47:13 +0800] "GET /portfolio/%E5%86%B7%E8%BD%A7%E5%8D%B7/ HTTP/1.1" 200 22115 "-" "Mozilla/5.0 (compatible; MJ12bot/v1.4.8; http://mj12bot.com/)"
4.205.91.17 - - [15/Nov/2025:07:51:54 +0800] "GET /wp-content/plugins/hellopress/wp_filemanager.php HTTP/1.1" 404 27 "-" "-"
4.205.91.17 - - [15/Nov/2025:07:51:54 +0800] "GET /error.php HTTP/1.1" 404 27 "-" "-"
4.205.91.17 - - [15/Nov/2025:07:51:54 +0800] "GET /x.php HTTP/1.1" 404 27 "-" "-"
4.205.91.17 - - [15/Nov/2025:07:51:55 +0800] "GET /efsd.php HTTP/1.1" 404 27 "-" "-"
4.205.91.17 - - [15/Nov/2025:07:51:55 +0800] "GET /13ede.php HTTP/1.1" 404 27 "-" "-"
4.205.91.17 - - [15/Nov/2025:07:51:55 +0800] "GET /uuu.php HTTP/1.1" 404 27 "-" "-"
4.205.91.17 - - [15/Nov/2025:07:51:56 +0800] "GET /xvent.php HTTP/1.1" 404 27 "-" "-"
4.205.91.17 - - [15/Nov/2025:07:51:56 +0800] "GET /xx.php HTTP/1.1" 404 27 "-" "-"
4.205.91.17 - - [15/Nov/2025:07:51:56 +0800] "GET /222.php HTTP/1.1" 404 27 "-" "-"
4.205.91.17 - - [15/Nov/2025:07:51:56 +0800] "GET /444.php HTTP/1.1" 404 27 "-" "-"
4.205.91.17 - - [15/Nov/2025:07:51:57 +0800] "GET /file9.php HTTP/1.1" 404 27 "-" "-"
4.205.91.17 - - [15/Nov/2025:07:51:57 +0800] "GET /filesss.php HTTP/1.1" 404 27 "-" "-"
4.205.91.17 - - [15/Nov/2025:07:51:57 +0800] "GET /file88.php HTTP/1.1" 404 27 "-" "-"
4.205.91.17 - - [15/Nov/2025:07:51:57 +0800] "GET /gifclass4.php HTTP/1.1" 404 27 "-" "-"
4.205.91.17 - - [15/Nov/2025:07:51:58 +0800] "GET /class19.php HTTP/1.1" 404 27 "-" "-"
4.205.91.17 - - [15/Nov/2025:07:51:58 +0800] "GET /2clas.php HTTP/1.1" 404 27 "-" "-"
4.205.91.17 - - [15/Nov/2025:07:51:58 +0800] "GET /bless5.php HTTP/1.1" 404 27 "-" "-"
4.205.91.17 - - [15/Nov/2025:07:51:59 +0800] "GET /file15.php HTTP/1.1" 404 27 "-" "-"
4.205.91.17 - - [15/Nov/2025:07:51:59 +0800] "GET /333.php HTTP/1.1" 404 27 "-" "-"
4.205.91.17 - - [15/Nov/2025:07:51:59 +0800] "GET /alpa.php HTTP/1.1" 404 27 "-" "-"
4.205.91.17 - - [15/Nov/2025:07:51:59 +0800] "GET /file21.php HTTP/1.1" 404 27 "-" "-"
4.205.91.17 - - [15/Nov/2025:07:52:00 +0800] "GET /ut.php HTTP/1.1" 404 27 "-" "-"
4.205.91.17 - - [15/Nov/2025:07:52:00 +0800] "GET /inde.php HTTP/1.1" 404 27 "-" "-"
4.205.91.17 - - [15/Nov/2025:07:52:00 +0800] "GET /classgoto24.php HTTP/1.1" 404 27 "-" "-"
4.205.91.17 - - [15/Nov/2025:07:52:01 +0800] "GET /thh.php HTTP/1.1" 404 27 "-" "-"
4.205.91.17 - - [15/Nov/2025:07:52:01 +0800] "GET /fffff.php HTTP/1.1" 404 27 "-" "-"
4.205.91.17 - - [15/Nov/2025:07:52:01 +0800] "GET /indo.php HTTP/1.1" 404 27 "-" "-"
4.205.91.17 - - [15/Nov/2025:07:52:02 +0800] "GET /fileas.php HTTP/1.1" 404 27 "-" "-"
4.205.91.17 - - [15/Nov/2025:07:52:02 +0800] "GET /yellow.php HTTP/1.1" 404 27 "-" "-"
4.205.91.17 - - [15/Nov/2025:07:52:02 +0800] "GET /wfile.php HTTP/1.1" 404 27 "-" "-"
4.205.91.17 - - [15/Nov/2025:07:52:02 +0800] "GET /class20.php HTTP/1.1" 404 27 "-" "-"
4.205.91.17 - - [15/Nov/2025:07:52:03 +0800] "GET /build.php HTTP/1.1" 404 27 "-" "-"
4.205.91.17 - - [15/Nov/2025:07:52:03 +0800] "GET /1.php HTTP/1.1" 404 27 "-" "-"
4.205.91.17 - - [15/Nov/2025:07:52:03 +0800] "GET /usep.php HTTP/1.1" 404 27 "-" "-"
4.205.91.17 - - [15/Nov/2025:07:52:04 +0800] "GET /wa.php HTTP/1.1" 404 27 "-" "-"
4.205.91.17 - - [15/Nov/2025:07:52:04 +0800] "GET /wb.php HTTP/1.1" 404 27 "-" "-"
4.205.91.17 - - [15/Nov/2025:07:52:04 +0800] "GET /file1.php HTTP/1.1" 404 27 "-" "-"
4.205.91.17 - - [15/Nov/2025:07:52:04 +0800] "GET /gmo.php HTTP/1.1" 404 27 "-" "-"
4.205.91.17 - - [15/Nov/2025:07:52:05 +0800] "GET /info.php HTTP/1.1" 200 29 "-" "-"
4.205.91.17 - - [15/Nov/2025:07:52:05 +0800] "GET /file2.php HTTP/1.1" 404 27 "-" "-"
4.205.91.17 - - [15/Nov/2025:07:52:05 +0800] "GET /lv.php HTTP/1.1" 404 27 "-" "-"
4.205.91.17 - - [15/Nov/2025:07:52:05 +0800] "GET /about.php HTTP/1.1" 404 27 "-" "-"
4.205.91.17 - - [15/Nov/2025:07:52:06 +0800] "GET /abcd.php HTTP/1.1" 404 27 "-" "-"
4.205.91.17 - - [15/Nov/2025:07:52:06 +0800] "GET /lock360.php HTTP/1.1" 404 27 "-" "-"
4.205.91.17 - - [15/Nov/2025:07:52:06 +0800] "GET /pp.php HTTP/1.1" 404 27 "-" "-"
4.205.91.17 - - [15/Nov/2025:07:52:07 +0800] "GET /geck.php HTTP/1.1" 404 27 "-" "-"
4.205.91.17 - - [15/Nov/2025:07:52:07 +0800] "GET /gm.php HTTP/1.1" 404 27 "-" "-"
4.205.91.17 - - [15/Nov/2025:07:52:07 +0800] "GET /file4.php HTTP/1.1" 404 27 "-" "-"
4.205.91.17 - - [15/Nov/2025:07:52:07 +0800] "GET /520.php HTTP/1.1" 404 27 "-" "-"
4.205.91.17 - - [15/Nov/2025:07:52:08 +0800] "GET /file18.php HTTP/1.1" 404 27 "-" "-"
4.205.91.17 - - [15/Nov/2025:07:52:08 +0800] "GET /ffile.php HTTP/1.1" 404 27 "-" "-"
4.205.91.17 - - [15/Nov/2025:07:52:08 +0800] "GET /file7.php HTTP/1.1" 404 27 "-" "-"
4.205.91.17 - - [15/Nov/2025:07:52:09 +0800] "GET /aaa.php HTTP/1.1" 404 27 "-" "-"
4.205.91.17 - - [15/Nov/2025:07:52:09 +0800] "GET /vee.php HTTP/1.1" 404 27 "-" "-"
4.205.91.17 - - [15/Nov/2025:07:52:09 +0800] "GET /efile.php HTTP/1.1" 404 27 "-" "-"
4.205.91.17 - - [15/Nov/2025:07:52:09 +0800] "GET /afile.php HTTP/1.1" 404 27 "-" "-"
4.205.91.17 - - [15/Nov/2025:07:52:10 +0800] "GET /f35.php HTTP/1.1" 404 27 "-" "-"
4.205.91.17 - - [15/Nov/2025:07:52:10 +0800] "GET /goods.php HTTP/1.1" 404 27 "-" "-"
4.205.91.17 - - [15/Nov/2025:07:52:10 +0800] "GET /enclas.php HTTP/1.1" 404 27 "-" "-"
4.205.91.17 - - [15/Nov/2025:07:52:10 +0800] "GET /ioxi-o.php HTTP/1.1" 404 27 "-" "-"
4.205.91.17 - - [15/Nov/2025:07:52:11 +0800] "GET /wp-admin/js/wp-conflg.php?p= HTTP/1.1" 404 27 "-" "-"
4.205.91.17 - - [15/Nov/2025:07:52:11 +0800] "GET /classwithtostring.php HTTP/1.1" 404 27 "-" "-"
4.205.91.17 - - [15/Nov/2025:07:52:11 +0800] "GET /image.php HTTP/1.1" 404 27 "-" "-"
4.205.91.17 - - [15/Nov/2025:07:52:12 +0800] "GET /wp-admin/wp-conflg.php?p= HTTP/1.1" 404 27 "-" "-"
4.205.91.17 - - [15/Nov/2025:07:52:12 +0800] "GET /wp-freya.php HTTP/1.1" 404 27 "-" "-"
4.205.91.17 - - [15/Nov/2025:07:52:12 +0800] "GET /X7x.php HTTP/1.1" 404 27 "-" "-"
4.205.91.17 - - [15/Nov/2025:07:52:12 +0800] "GET /admir.php HTTP/1.1" 404 27 "-" "-"
4.205.91.17 - - [15/Nov/2025:07:52:13 +0800] "GET /file52.php HTTP/1.1" 404 27 "-" "-"
4.205.91.17 - - [15/Nov/2025:07:52:13 +0800] "GET /zde.php HTTP/1.1" 404 27 "-" "-"
4.205.91.17 - - [15/Nov/2025:07:52:13 +0800] "GET /wpo.php HTTP/1.1" 404 27 "-" "-"
4.205.91.17 - - [15/Nov/2025:07:52:13 +0800] "GET /aj.php HTTP/1.1" 404 27 "-" "-"
4.205.91.17 - - [15/Nov/2025:07:52:14 +0800] "GET /opts.php HTTP/1.1" 404 27 "-" "-"
4.205.91.17 - - [15/Nov/2025:07:52:14 +0800] "GET /filer.php HTTP/1.1" 404 27 "-" "-"
4.205.91.17 - - [15/Nov/2025:07:52:14 +0800] "GET /lites.php HTTP/1.1" 404 27 "-" "-"
4.205.91.17 - - [15/Nov/2025:07:52:14 +0800] "GET /0x.php HTTP/1.1" 404 27 "-" "-"
4.205.91.17 - - [15/Nov/2025:07:52:15 +0800] "GET /bless3.php HTTP/1.1" 404 27 "-" "-"
4.205.91.17 - - [15/Nov/2025:07:52:15 +0800] "GET /wsd.php HTTP/1.1" 404 27 "-" "-"
4.205.91.17 - - [15/Nov/2025:07:52:15 +0800] "GET /f6.php HTTP/1.1" 404 27 "-" "-"
4.205.91.17 - - [15/Nov/2025:07:52:16 +0800] "GET /he.php HTTP/1.1" 404 27 "-" "-"
4.205.91.17 - - [15/Nov/2025:07:52:16 +0800] "GET /aves.php HTTP/1.1" 404 27 "-" "-"
4.205.91.17 - - [15/Nov/2025:07:52:16 +0800] "GET /.well-known/acme-challenge/about.php HTTP/1.1" 404 27 "-" "-"
4.205.91.17 - - [15/Nov/2025:07:52:16 +0800] "GET /gorila.php HTTP/1.1" 404 27 "-" "-"
4.205.91.17 - - [15/Nov/2025:07:52:17 +0800] "GET /vanta.php HTTP/1.1" 404 27 "-" "-"
4.205.91.17 - - [15/Nov/2025:07:52:17 +0800] "GET /sh3ll.php HTTP/1.1" 404 27 "-" "-"
4.205.91.17 - - [15/Nov/2025:07:52:17 +0800] "GET /cabs.php HTTP/1.1" 404 27 "-" "-"
4.205.91.17 - - [15/Nov/2025:07:52:18 +0800] "GET /filesss.php HTTP/1.1" 404 27 "-" "-"
4.205.91.17 - - [15/Nov/2025:07:52:18 +0800] "GET /wp-aaa.php HTTP/1.1" 404 27 "-" "-"
4.205.91.17 - - [15/Nov/2025:07:52:18 +0800] "GET /css.php HTTP/1.1" 404 27 "-" "-"
4.205.91.17 - - [15/Nov/2025:07:52:18 +0800] "GET /ioxi-o.php HTTP/1.1" 404 27 "-" "-"
4.205.91.17 - - [15/Nov/2025:07:52:19 +0800] "GET /classwithtostring.php?p= HTTP/1.1" 404 27 "-" "-"
4.205.91.17 - - [15/Nov/2025:07:52:19 +0800] "GET /fm.php HTTP/1.1" 404 27 "-" "-"
4.205.91.17 - - [15/Nov/2025:07:52:19 +0800] "GET /403.php HTTP/1.1" 404 27 "-" "-"
4.205.91.17 - - [15/Nov/2025:07:52:19 +0800] "GET /admin.php HTTP/1.1" 404 27 "-" "-"
4.205.91.17 - - [15/Nov/2025:07:52:20 +0800] "GET /lv.php HTTP/1.1" 404 27 "-" "-"
4.205.91.17 - - [15/Nov/2025:07:52:20 +0800] "GET /file.php HTTP/1.1" 404 27 "-" "-"
4.205.91.17 - - [15/Nov/2025:07:52:20 +0800] "GET /la.php HTTP/1.1" 404 27 "-" "-"
4.205.91.17 - - [15/Nov/2025:07:52:21 +0800] "GET /abc.php HTTP/1.1" 404 27 "-" "-"
4.205.91.17 - - [15/Nov/2025:07:52:21 +0800] "GET /berlin.php HTTP/1.1" 404 27 "-" "-"
4.205.91.17 - - [15/Nov/2025:07:52:21 +0800] "GET /avaa.php HTTP/1.1" 404 27 "-" "-"
4.205.91.17 - - [15/Nov/2025:07:52:21 +0800] "GET /mail.php HTTP/1.1" 404 27 "-" "-"
4.205.91.17 - - [15/Nov/2025:07:52:22 +0800] "GET /goat1.php HTTP/1.1" 404 27 "-" "-"
4.205.91.17 - - [15/Nov/2025:07:52:22 +0800] "GET /lock.php HTTP/1.1" 404 27 "-" "-"
4.205.91.17 - - [15/Nov/2025:07:52:23 +0800] "GET /cong.php HTTP/1.1" 404 27 "-" "-"
4.205.91.17 - - [15/Nov/2025:07:52:23 +0800] "GET /i1.php HTTP/1.1" 404 27 "-" "-"
4.205.91.17 - - [15/Nov/2025:07:52:23 +0800] "GET /thai.php HTTP/1.1" 404 27 "-" "-"
209.50.181.63 - - [15/Nov/2025:08:08:32 +0800] "GET /contacts/ HTTP/1.1" 200 21608 "-" "Mozilla/5.0 (X11; Linux x86_64) AppleWebKit/537.36 (KHTML, like Gecko) Chrome/114.0.0.0 Safari/537.36 OPR/89.0.4447.51"
220.181.108.90 - - [15/Nov/2025:08:58:11 +0800] "GET /contacts/ HTTP/1.1" 200 21608 "-" "Mozilla/5.0 (compatible; Baiduspider/2.0; +http://www.baidu.com/search/spider.html)"
36.133.115.36 - - [15/Nov/2025:09:23:00 +0800] "POST /wp-cron.php?doing_wp_cron=1763169780.1700439453125000000000 HTTP/1.1" 200 31 "-" "WordPress/6.8.3; http://cqqizhou.com"
20.65.137.218 - - [15/Nov/2025:09:23:00 +0800] "GET /manager/text/list HTTP/1.1" 404 8989 "-" "Mozilla/5.0 zgrab/0.x"
36.133.115.36 - - [15/Nov/2025:09:44:55 +0800] "POST /wp-cron.php?doing_wp_cron=1763171095.6774399280548095703125 HTTP/1.1" 200 31 "-" "WordPress/6.8.3; http://cqqizhou.com"
34.38.246.252 - - [15/Nov/2025:09:44:55 +0800] "GET / HTTP/1.1" 301 5 "-" "python-requests/2.32.5"
45.3.36.141 - - [15/Nov/2025:09:50:51 +0800] "GET /contacts/ HTTP/1.1" 200 21608 "-" "Mozilla/5.0 (X11; Linux x86_64) AppleWebKit/537.36 (KHTML, like Gecko) Chrome/114.0.0.0 Safari/537.36 OPR/89.0.4447.51"
36.133.115.36 - - [15/Nov/2025:09:52:14 +0800] "POST /wp-cron.php?doing_wp_cron=1763171534.8886220455169677734375 HTTP/1.1" 200 31 "-" "WordPress/6.8.3; http://cqqizhou.com"
91.239.216.8 - - [15/Nov/2025:09:52:16 +0800] "GET / HTTP/1.1" 200 152189 "-" "-"
220.181.108.158 - - [15/Nov/2025:10:13:47 +0800] "GET / HTTP/1.1" 301 5 "-" "Mozilla/5.0 (compatible; Baiduspider/2.0; +http://www.baidu.com/search/spider.html)"
36.133.115.36 - - [15/Nov/2025:10:13:47 +0800] "POST /wp-cron.php?doing_wp_cron=1763172827.0119950771331787109375 HTTP/1.1" 200 31 "-" "WordPress/6.8.3; http://cqqizhou.com"
220.181.108.81 - - [15/Nov/2025:10:13:47 +0800] "GET / HTTP/1.1" 301 5 "-" "Mozilla/5.0 (Linux;u;Android 4.2.2;zh-cn;) AppleWebKit/534.46 (KHTML,like Gecko) Version/5.1 Mobile Safari/10600.6.3 (compatible; Baiduspider/2.0; +http://www.baidu.com/search/spider.html)"
220.181.108.176 - - [15/Nov/2025:10:13:47 +0800] "GET / HTTP/1.1" 200 33929 "-" "Mozilla/5.0 (compatible; Baiduspider/2.0; +http://www.baidu.com/search/spider.html)"
220.181.108.84 - - [15/Nov/2025:10:13:48 +0800] "GET / HTTP/1.1" 200 33526 "-" "Mozilla/5.0 (Linux;u;Android 4.2.2;zh-cn;) AppleWebKit/534.46 (KHTML,like Gecko) Version/5.1 Mobile Safari/10600.6.3 (compatible; Baiduspider/2.0; +http://www.baidu.com/search/spider.html)"
116.179.37.100 - - [15/Nov/2025:10:13:51 +0800] "GET /wp-content/uploads/2025/07/1750174127-Marketing1920x800_3.webp HTTP/1.1" 200 52790 "http://cqqizhou.com/wp-content/uploads/elementor/css/post-1666.css?ver=1762870941" "Mozilla/5.0 (compatible; Baiduspider-render/2.0; +http://www.baidu.com/search/spider.html)"
36.133.115.36 - - [15/Nov/2025:10:19:10 +0800] "POST /wp-cron.php?doing_wp_cron=1763173150.8293058872222900390625 HTTP/1.1" 200 31 "-" "WordPress/6.8.3; http://cqqizhou.com"
91.232.238.112 - - [15/Nov/2025:10:19:10 +0800] "GET / HTTP/1.0" 301 0 "-" "ivre-masscan/1.3 https://github.com/robertdavidgraham/"
36.133.115.36 - - [15/Nov/2025:10:21:05 +0800] "POST /wp-cron.php?doing_wp_cron=1763173265.7529630661010742187500 HTTP/1.1" 200 31 "-" "WordPress/6.8.3; http://cqqizhou.com"
129.226.213.145 - - [15/Nov/2025:10:21:05 +0800] "GET / HTTP/1.1" 301 5 "-" "Mozilla/5.0 (iPhone; CPU iPhone OS 13_2_3 like Mac OS X) AppleWebKit/605.1.15 (KHTML, like Gecko) Version/13.0.3 Mobile/15E148 Safari/604.1"
129.226.213.145 - - [15/Nov/2025:10:21:07 +0800] "GET / HTTP/1.1" 200 33525 "http://36.133.115.36" "Mozilla/5.0 (iPhone; CPU iPhone OS 13_2_3 like Mac OS X) AppleWebKit/605.1.15 (KHTML, like Gecko) Version/13.0.3 Mobile/15E148 Safari/604.1"
43.156.202.34 - - [15/Nov/2025:10:21:23 +0800] "GET / HTTP/1.1" 301 5 "-" "Mozilla/5.0 (iPhone; CPU iPhone OS 13_2_3 like Mac OS X) AppleWebKit/605.1.15 (KHTML, like Gecko) Version/13.0.3 Mobile/15E148 Safari/604.1"
43.156.202.34 - - [15/Nov/2025:10:21:24 +0800] "GET / HTTP/1.1" 200 33525 "http://www.cqqizhou.com" "Mozilla/5.0 (iPhone; CPU iPhone OS 13_2_3 like Mac OS X) AppleWebKit/605.1.15 (KHTML, like Gecko) Version/13.0.3 Mobile/15E148 Safari/604.1"
36.133.115.36 - - [15/Nov/2025:10:23:55 +0800] "POST /wp-cron.php?doing_wp_cron=1763173435.8697419166564941406250 HTTP/1.1" 200 31 "-" "WordPress/6.8.3; http://cqqizhou.com"
39.191.208.24 - - [15/Nov/2025:10:23:56 +0800] "GET /cache.ott.ygyhvod.itv.cmvideo.cn/000000001000/1000000001000021973/1000000001000021973_1500000_20251115_102000_16.ts?channel-id=ystenlive&Contentid=1000000001000021973&livemode=1&stbId=F2A444E978430FB5B9316733D6C51D08&version=1.0&owaccmark=1000000001000021973&owchid=ystenlive&owsid=9864971763173415915&AuthInfo=Vm756Hxd1Fgz9uoe7fHfRCZx0KubBaIBygG83PFGXXFOkxFx3Hp59J6Y%2Fxp71RFzZKOrpc06hV%2B7DQDaKopE%2FhBko88cqQhPM2n6V%2FNKVQIg%2FUztxHH9vmV4H3%2BQ7Jxi HTTP/1.1" 404 31381 "-" "ZTE/1.0.1"
39.191.208.24 - - [15/Nov/2025:10:23:56 +0800] "GET /cache.ott.wasulive.itv.cmvideo.cn/000000001000/1000000001000021973/1000000001000021973_1500000_20251115_102000_16.ts?channel-id=ystenlive&Contentid=1000000001000021973&livemode=1&stbId=F2A444E978430FB5B9316733D6C51D08&version=1.0&owaccmark=1000000001000021973&owchid=ystenlive&owsid=9864971763173415915&AuthInfo=Vm756Hxd1Fgz9uoe7fHfRCZx0KubBaIBygG83PFGXXFOkxFx3Hp59J6Y%2Fxp71RFzZKOrpc06hV%2B7DQDaKopE%2FhBko88cqQhPM2n6V%2FNKVQIg%2FUztxHH9vmV4H3%2BQ7Jxi HTTP/1.1" 404 31381 "-" "ZTE/1.0.1"
39.191.208.24 - - [15/Nov/2025:10:23:56 +0800] "GET /cache.ott.mstgwvod.itv.cmvideo.cn/000000001000/1000000001000021973/1000000001000021973_1500000_20251115_102000_16.ts?channel-id=ystenlive&Contentid=1000000001000021973&livemode=1&stbId=F2A444E978430FB5B9316733D6C51D08&version=1.0&owaccmark=1000000001000021973&owchid=ystenlive&owsid=9864971763173415915&AuthInfo=Vm756Hxd1Fgz9uoe7fHfRCZx0KubBaIBygG83PFGXXFOkxFx3Hp59J6Y%2Fxp71RFzZKOrpc06hV%2B7DQDaKopE%2FhBko88cqQhPM2n6V%2FNKVQIg%2FUztxHH9vmV4H3%2BQ7Jxi HTTP/1.1" 404 31381 "-" "ZTE/1.0.1"
39.191.208.24 - - [15/Nov/2025:10:23:56 +0800] "GET /cache.ott.fifalive.itv.cmvideo.cn/000000001000/1000000001000021973/1000000001000021973_1500000_20251115_102000_16.ts?channel-id=ystenlive&Contentid=1000000001000021973&livemode=1&stbId=F2A444E978430FB5B9316733D6C51D08&version=1.0&owaccmark=1000000001000021973&owchid=ystenlive&owsid=9864971763173415915&AuthInfo=Vm756Hxd1Fgz9uoe7fHfRCZx0KubBaIBygG83PFGXXFOkxFx3Hp59J6Y%2Fxp71RFzZKOrpc06hV%2B7DQDaKopE%2FhBko88cqQhPM2n6V%2FNKVQIg%2FUztxHH9vmV4H3%2BQ7Jxi HTTP/1.1" 404 31381 "-" "ZTE/1.0.1"
39.191.208.24 - - [15/Nov/2025:10:23:56 +0800] "GET /cache.ott.hnbblive.itv.cmvideo.cn/000000001000/1000000001000021973/1000000001000021973_1500000_20251115_102000_16.ts?channel-id=ystenlive&Contentid=1000000001000021973&livemode=1&stbId=F2A444E978430FB5B9316733D6C51D08&version=1.0&owaccmark=1000000001000021973&owchid=ystenlive&owsid=9864971763173415915&AuthInfo=Vm756Hxd1Fgz9uoe7fHfRCZx0KubBaIBygG83PFGXXFOkxFx3Hp59J6Y%2Fxp71RFzZKOrpc06hV%2B7DQDaKopE%2FhBko88cqQhPM2n6V%2FNKVQIg%2FUztxHH9vmV4H3%2BQ7Jxi HTTP/1.1" 404 31381 "-" "ZTE/1.0.1"
39.191.208.24 - - [15/Nov/2025:10:23:56 +0800] "GET /cache.ott.ystenlive.itv.cmvideo.cn/000000001000/1000000001000021973/1000000001000021973_1500000_20251115_102000_16.ts?channel-id=ystenlive&Contentid=1000000001000021973&livemode=1&stbId=F2A444E978430FB5B9316733D6C51D08&version=1.0&owaccmark=1000000001000021973&owchid=ystenlive&owsid=9864971763173415915&AuthInfo=Vm756Hxd1Fgz9uoe7fHfRCZx0KubBaIBygG83PFGXXFOkxFx3Hp59J6Y%2Fxp71RFzZKOrpc06hV%2B7DQDaKopE%2FhBko88cqQhPM2n6V%2FNKVQIg%2FUztxHH9vmV4H3%2BQ7Jxi HTTP/1.1" 404 31381 "-" "ZTE/1.0.1"
39.191.208.24 - - [15/Nov/2025:10:23:56 +0800] "GET /cache.ott.mstgwlive.itv.cmvideo.cn/000000001000/1000000001000021973/1000000001000021973_1500000_20251115_102000_16.ts?channel-id=ystenlive&Contentid=1000000001000021973&livemode=1&stbId=F2A444E978430FB5B9316733D6C51D08&version=1.0&owaccmark=1000000001000021973&owchid=ystenlive&owsid=9864971763173415915&AuthInfo=Vm756Hxd1Fgz9uoe7fHfRCZx0KubBaIBygG83PFGXXFOkxFx3Hp59J6Y%2Fxp71RFzZKOrpc06hV%2B7DQDaKopE%2FhBko88cqQhPM2n6V%2FNKVQIg%2FUztxHH9vmV4H3%2BQ7Jxi HTTP/1.1" 404 31381 "-" "ZTE/1.0.1"
39.191.208.24 - - [15/Nov/2025:10:23:56 +0800] "GET /downloadmst.cmvideo.cn/000000001000/1000000001000021973/1000000001000021973_1500000_20251115_102000_16.ts?channel-id=ystenlive&Contentid=1000000001000021973&livemode=1&stbId=F2A444E978430FB5B9316733D6C51D08&version=1.0&owaccmark=1000000001000021973&owchid=ystenlive&owsid=9864971763173415915&AuthInfo=Vm756Hxd1Fgz9uoe7fHfRCZx0KubBaIBygG83PFGXXFOkxFx3Hp59J6Y%2Fxp71RFzZKOrpc06hV%2B7DQDaKopE%2FhBko88cqQhPM2n6V%2FNKVQIg%2FUztxHH9vmV4H3%2BQ7Jxi HTTP/1.1" 404 31381 "-" "ZTE/1.0.1"
39.191.208.24 - - [15/Nov/2025:10:23:56 +0800] "GET /cache.ott.ygyhlive.itv.cmvideo.cn/000000001000/1000000001000021973/1000000001000021973_1500000_20251115_102000_16.ts?channel-id=ystenlive&Contentid=1000000001000021973&livemode=1&stbId=F2A444E978430FB5B9316733D6C51D08&version=1.0&owaccmark=1000000001000021973&owchid=ystenlive&owsid=9864971763173415915&AuthInfo=Vm756Hxd1Fgz9uoe7fHfRCZx0KubBaIBygG83PFGXXFOkxFx3Hp59J6Y%2Fxp71RFzZKOrpc06hV%2B7DQDaKopE%2FhBko88cqQhPM2n6V%2FNKVQIg%2FUztxHH9vmV4H3%2BQ7Jxi HTTP/1.1" 404 31381 "-" "ZTE/1.0.1"
39.191.208.24 - - [15/Nov/2025:10:23:56 +0800] "GET /cache.ott.bestlive.itv.cmvideo.cn/000000001000/1000000001000021973/1000000001000021973_1500000_20251115_102000_16.ts?channel-id=ystenlive&Contentid=1000000001000021973&livemode=1&stbId=F2A444E978430FB5B9316733D6C51D08&version=1.0&owaccmark=1000000001000021973&owchid=ystenlive&owsid=9864971763173415915&AuthInfo=Vm756Hxd1Fgz9uoe7fHfRCZx0KubBaIBygG83PFGXXFOkxFx3Hp59J6Y%2Fxp71RFzZKOrpc06hV%2B7DQDaKopE%2FhBko88cqQhPM2n6V%2FNKVQIg%2FUztxHH9vmV4H3%2BQ7Jxi HTTP/1.1" 404 31381 "-" "ZTE/1.0.1"
39.191.208.24 - - [15/Nov/2025:10:23:56 +0800] "GET /sx18k-livepull.migucloud.com/000000001000/1000000001000021973/1000000001000021973_1500000_20251115_102000_16.ts?channel-id=ystenlive&Contentid=1000000001000021973&livemode=1&stbId=F2A444E978430FB5B9316733D6C51D08&version=1.0&owaccmark=1000000001000021973&owchid=ystenlive&owsid=9864971763173415915&AuthInfo=Vm756Hxd1Fgz9uoe7fHfRCZx0KubBaIBygG83PFGXXFOkxFx3Hp59J6Y%2Fxp71RFzZKOrpc06hV%2B7DQDaKopE%2FhBko88cqQhPM2n6V%2FNKVQIg%2FUztxHH9vmV4H3%2BQ7Jxi HTTP/1.1" 404 31381 "-" "ZTE/1.0.1"
39.191.208.24 - - [15/Nov/2025:10:23:56 +0800] "GET /cache.ott.hnbbvod.itv.cmvideo.cn/000000001000/1000000001000021973/1000000001000021973_1500000_20251115_102000_16.ts?channel-id=ystenlive&Contentid=1000000001000021973&livemode=1&stbId=F2A444E978430FB5B9316733D6C51D08&version=1.0&owaccmark=1000000001000021973&owchid=ystenlive&owsid=9864971763173415915&AuthInfo=Vm756Hxd1Fgz9uoe7fHfRCZx0KubBaIBygG83PFGXXFOkxFx3Hp59J6Y%2Fxp71RFzZKOrpc06hV%2B7DQDaKopE%2FhBko88cqQhPM2n6V%2FNKVQIg%2FUztxHH9vmV4H3%2BQ7Jxi HTTP/1.1" 404 31381 "-" "ZTE/1.0.1"
39.191.208.24 - - [15/Nov/2025:10:23:56 +0800] "GET /studentvod.migucloud.com/000000001000/1000000001000021973/1000000001000021973_1500000_20251115_102000_16.ts?channel-id=ystenlive&Contentid=1000000001000021973&livemode=1&stbId=F2A444E978430FB5B9316733D6C51D08&version=1.0&owaccmark=1000000001000021973&owchid=ystenlive&owsid=9864971763173415915&AuthInfo=Vm756Hxd1Fgz9uoe7fHfRCZx0KubBaIBygG83PFGXXFOkxFx3Hp59J6Y%2Fxp71RFzZKOrpc06hV%2B7DQDaKopE%2FhBko88cqQhPM2n6V%2FNKVQIg%2FUztxHH9vmV4H3%2BQ7Jxi HTTP/1.1" 404 31381 "-" "ZTE/1.0.1"
39.191.208.24 - - [15/Nov/2025:10:23:56 +0800] "GET /cache.ott.wasuvod.itv.cmvideo.cn/000000001000/1000000001000021973/1000000001000021973_1500000_20251115_102000_16.ts?channel-id=ystenlive&Contentid=1000000001000021973&livemode=1&stbId=F2A444E978430FB5B9316733D6C51D08&version=1.0&owaccmark=1000000001000021973&owchid=ystenlive&owsid=9864971763173415915&AuthInfo=Vm756Hxd1Fgz9uoe7fHfRCZx0KubBaIBygG83PFGXXFOkxFx3Hp59J6Y%2Fxp71RFzZKOrpc06hV%2B7DQDaKopE%2FhBko88cqQhPM2n6V%2FNKVQIg%2FUztxHH9vmV4H3%2BQ7Jxi HTTP/1.1" 404 31381 "-" "ZTE/1.0.1"
39.191.208.24 - - [15/Nov/2025:10:23:56 +0800] "GET /cache.ott.ystenvod.itv.cmvideo.cn/000000001000/1000000001000021973/1000000001000021973_1500000_20251115_102000_16.ts?channel-id=ystenlive&Contentid=1000000001000021973&livemode=1&stbId=F2A444E978430FB5B9316733D6C51D08&version=1.0&owaccmark=1000000001000021973&owchid=ystenlive&owsid=9864971763173415915&AuthInfo=Vm756Hxd1Fgz9uoe7fHfRCZx0KubBaIBygG83PFGXXFOkxFx3Hp59J6Y%2Fxp71RFzZKOrpc06hV%2B7DQDaKopE%2FhBko88cqQhPM2n6V%2FNKVQIg%2FUztxHH9vmV4H3%2BQ7Jxi HTTP/1.1" 404 31381 "-" "ZTE/1.0.1"
39.191.208.24 - - [15/Nov/2025:10:23:56 +0800] "GET /zqhswlive.itv.cmvideo.cn/000000001000/1000000001000021973/1000000001000021973_1500000_20251115_102000_16.ts?channel-id=ystenlive&Contentid=1000000001000021973&livemode=1&stbId=F2A444E978430FB5B9316733D6C51D08&version=1.0&owaccmark=1000000001000021973&owchid=ystenlive&owsid=9864971763173415915&AuthInfo=Vm756Hxd1Fgz9uoe7fHfRCZx0KubBaIBygG83PFGXXFOkxFx3Hp59J6Y%2Fxp71RFzZKOrpc06hV%2B7DQDaKopE%2FhBko88cqQhPM2n6V%2FNKVQIg%2FUztxHH9vmV4H3%2BQ7Jxi HTTP/1.1" 404 31381 "-" "ZTE/1.0.1"
39.191.208.24 - - [15/Nov/2025:10:23:56 +0800] "GET /cache.ott.bestvod.itv.cmvideo.cn/000000001000/1000000001000021973/1000000001000021973_1500000_20251115_102000_16.ts?channel-id=ystenlive&Contentid=1000000001000021973&livemode=1&stbId=F2A444E978430FB5B9316733D6C51D08&version=1.0&owaccmark=1000000001000021973&owchid=ystenlive&owsid=9864971763173415915&AuthInfo=Vm756Hxd1Fgz9uoe7fHfRCZx0KubBaIBygG83PFGXXFOkxFx3Hp59J6Y%2Fxp71RFzZKOrpc06hV%2B7DQDaKopE%2FhBko88cqQhPM2n6V%2FNKVQIg%2FUztxHH9vmV4H3%2BQ7Jxi HTTP/1.1" 404 31381 "-" "ZTE/1.0.1"
39.191.208.24 - - [15/Nov/2025:10:23:56 +0800] "GET /studentlive.migucloud.com/000000001000/1000000001000021973/1000000001000021973_1500000_20251115_102000_16.ts?channel-id=ystenlive&Contentid=1000000001000021973&livemode=1&stbId=F2A444E978430FB5B9316733D6C51D08&version=1.0&owaccmark=1000000001000021973&owchid=ystenlive&owsid=9864971763173415915&AuthInfo=Vm756Hxd1Fgz9uoe7fHfRCZx0KubBaIBygG83PFGXXFOkxFx3Hp59J6Y%2Fxp71RFzZKOrpc06hV%2B7DQDaKopE%2FhBko88cqQhPM2n6V%2FNKVQIg%2FUztxHH9vmV4H3%2BQ7Jxi HTTP/1.1" 404 31381 "-" "ZTE/1.0.1"
39.191.208.24 - - [15/Nov/2025:10:23:56 +0800] "GET /cache.ott.fifavod.itv.cmvideo.cn/000000001000/1000000001000021973/1000000001000021973_1500000_20251115_102000_16.ts?channel-id=ystenlive&Contentid=1000000001000021973&livemode=1&stbId=F2A444E978430FB5B9316733D6C51D08&version=1.0&owaccmark=1000000001000021973&owchid=ystenlive&owsid=9864971763173415915&AuthInfo=Vm756Hxd1Fgz9uoe7fHfRCZx0KubBaIBygG83PFGXXFOkxFx3Hp59J6Y%2Fxp71RFzZKOrpc06hV%2B7DQDaKopE%2FhBko88cqQhPM2n6V%2FNKVQIg%2FUztxHH9vmV4H3%2BQ7Jxi HTTP/1.1" 404 31381 "-" "ZTE/1.0.1"
39.191.208.24 - - [15/Nov/2025:10:23:56 +0800] "GET /zqhswvod.itv.cmvideo.cn/000000001000/1000000001000021973/1000000001000021973_1500000_20251115_102000_16.ts?channel-id=ystenlive&Contentid=1000000001000021973&livemode=1&stbId=F2A444E978430FB5B9316733D6C51D08&version=1.0&owaccmark=1000000001000021973&owchid=ystenlive&owsid=9864971763173415915&AuthInfo=Vm756Hxd1Fgz9uoe7fHfRCZx0KubBaIBygG83PFGXXFOkxFx3Hp59J6Y%2Fxp71RFzZKOrpc06hV%2B7DQDaKopE%2FhBko88cqQhPM2n6V%2FNKVQIg%2FUztxHH9vmV4H3%2BQ7Jxi HTTP/1.1" 404 31381 "-" "ZTE/1.0.1"
39.191.208.24 - - [15/Nov/2025:10:23:56 +0800] "GET /mglivesu.hometv.komect.com/000000001000/1000000001000021973/1000000001000021973_1500000_20251115_102000_16.ts?channel-id=ystenlive&Contentid=1000000001000021973&livemode=1&stbId=F2A444E978430FB5B9316733D6C51D08&version=1.0&owaccmark=1000000001000021973&owchid=ystenlive&owsid=9864971763173415915&AuthInfo=Vm756Hxd1Fgz9uoe7fHfRCZx0KubBaIBygG83PFGXXFOkxFx3Hp59J6Y%2Fxp71RFzZKOrpc06hV%2B7DQDaKopE%2FhBko88cqQhPM2n6V%2FNKVQIg%2FUztxHH9vmV4H3%2BQ7Jxi HTTP/1.1" 404 31381 "-" "ZTE/1.0.1"
36.133.115.36 - - [15/Nov/2025:11:05:14 +0800] "POST /wp-cron.php?doing_wp_cron=1763175914.7630040645599365234375 HTTP/1.1" 200 31 "-" "WordPress/6.8.3; http://cqqizhou.com"
135.233.96.197 - - [15/Nov/2025:11:05:14 +0800] "GET /developmentserver/metadatauploader HTTP/1.1" 404 8991 "-" "Mozilla/5.0 zgrab/0.x"
36.133.115.36 - - [15/Nov/2025:11:06:33 +0800] "POST /wp-cron.php?doing_wp_cron=1763175993.2896060943603515625000 HTTP/1.1" 200 31 "-" "WordPress/6.8.3; http://cqqizhou.com"
66.132.153.138 - - [15/Nov/2025:11:06:33 +0800] "GET / HTTP/1.1" 301 5 "-" "Mozilla/5.0 (compatible; CensysInspect/1.1; +https://about.censys.io/)"
36.133.115.36 - - [15/Nov/2025:11:07:50 +0800] "POST /wp-cron.php?doing_wp_cron=1763176070.5903398990631103515625 HTTP/1.1" 200 31 "-" "WordPress/6.8.3; http://cqqizhou.com"
66.132.153.138 - - [15/Nov/2025:11:07:50 +0800] "GET /sitemap.xml HTTP/1.1" 200 499 "-" "Mozilla/5.0 (compatible; CensysInspect/1.1; +https://about.censys.io/)"
123.57.13.121 - - [15/Nov/2025:11:49:14 +0800] "GET / HTTP/1.1" 200 33929 "-" "Mozilla/5.0 (Windows NT 10.0; Win64; x64) AppleWebKit/537.36 (KHTML, like Gecko) Chrome/104.0.0.0 Safari/537.36"
36.133.115.36 - - [15/Nov/2025:11:49:15 +0800] "POST /wp-cron.php?doing_wp_cron=1763178555.7247719764709472656250 HTTP/1.1" 200 31 "-" "WordPress/6.8.3; http://cqqizhou.com"
123.57.13.121 - - [15/Nov/2025:11:49:15 +0800] "GET / HTTP/1.1" 301 5 "-" "Mozilla/5.0 (Windows NT 10.0; Win64; x64) AppleWebKit/537.36 (KHTML, like Gecko) Chrome/104.0.0.0 Safari/537.36"
36.133.115.36 - - [15/Nov/2025:11:52:05 +0800] "POST /wp-cron.php?doing_wp_cron=1763178725.2145519256591796875000 HTTP/1.1" 200 31 "-" "WordPress/6.8.3; http://cqqizhou.com"
121.40.40.105 - - [15/Nov/2025:11:52:05 +0800] "GET / HTTP/1.0" 301 0 "-" "-"
121.40.40.105 - - [15/Nov/2025:11:52:16 +0800] "GET / HTTP/1.0" 301 0 "-" "-"
121.40.40.105 - - [15/Nov/2025:11:52:16 +0800] "GET /nmaplowercheck1763178734 HTTP/1.1" 404 31381 "-" "Mozilla/5.0 (compatible; Nmap Scripting Engine; https://nmap.org/book/nse.html)"
121.40.40.105 - - [15/Nov/2025:11:52:16 +0800] "POST /sdk HTTP/1.1" 404 31381 "-" "Mozilla/5.0 (compatible; Nmap Scripting Engine; https://nmap.org/book/nse.html)"
121.40.40.105 - - [15/Nov/2025:11:52:16 +0800] "GET /HNAP1 HTTP/1.1" 404 31381 "-" "Mozilla/5.0 (compatible; Nmap Scripting Engine; https://nmap.org/book/nse.html)"
121.40.40.105 - - [15/Nov/2025:11:52:16 +0800] "GET /evox/about HTTP/1.1" 404 31381 "-" "Mozilla/5.0 (compatible; Nmap Scripting Engine; https://nmap.org/book/nse.html)"
121.40.40.105 - - [15/Nov/2025:11:52:36 +0800] "GET / HTTP/1.0" 301 0 "-" "-"
121.40.40.105 - - [15/Nov/2025:11:52:36 +0800] "GET / HTTP/1.1" 301 5 "-" "-"
36.133.115.36 - - [15/Nov/2025:12:15:24 +0800] "POST /wp-cron.php?doing_wp_cron=1763180124.3697719573974609375000 HTTP/1.1" 200 31 "-" "WordPress/6.8.3; http://cqqizhou.com"
180.102.134.69 - - [15/Nov/2025:12:15:24 +0800] "GET / HTTP/1.1" 200 33525 "-" "Mozilla/5.0 (iPhone; CPU iPhone OS 13_2_3 like Mac OS X) AppleWebKit/605.1.15 (KHTML, like Gecko) Version/13.0.3 Mobile/15E148 Safari/604.1"
36.133.115.36 - - [15/Nov/2025:12:23:26 +0800] "POST /wp-cron.php?doing_wp_cron=1763180606.6867320537567138671875 HTTP/1.1" 200 31 "-" "WordPress/6.8.3; http://cqqizhou.com"
205.169.39.7 - - [15/Nov/2025:12:23:26 +0800] "GET / HTTP/1.1" 301 5 "-" "Mozilla/5.0 (Windows NT 10.0; Win64; x64) AppleWebKit/537.36 (KHTML, like Gecko) Chrome/117.0.5938.132 Safari/537.36"
205.169.39.7 - - [15/Nov/2025:12:23:27 +0800] "GET / HTTP/1.1" 200 33929 "-" "Mozilla/5.0 (Windows NT 10.0; Win64; x64) AppleWebKit/537.36 (KHTML, like Gecko) Chrome/117.0.5938.132 Safari/537.36"
205.169.39.7 - - [15/Nov/2025:12:23:29 +0800] "GET /wp-content/uploads/2025/07/1751425283-qizhou.kf_.qq_.com_.webp HTTP/1.1" 200 16864 "http://cqqizhou.com/" "Mozilla/5.0 (Windows NT 10.0; Win64; x64) AppleWebKit/537.36 (KHTML, like Gecko) Chrome/117.0.5938.132 Safari/537.36"
205.169.39.7 - - [15/Nov/2025:12:23:30 +0800] "GET /wp-content/uploads/2025/07/1750174127-Marketing1920x800_3.webp HTTP/1.1" 200 52790 "http://cqqizhou.com/wp-content/uploads/elementor/css/post-1666.css?ver=1762870941" "Mozilla/5.0 (Windows NT 10.0; Win64; x64) AppleWebKit/537.36 (KHTML, like Gecko) Chrome/117.0.5938.132 Safari/537.36"
205.169.39.7 - - [15/Nov/2025:12:23:31 +0800] "GET /wp-content/uploads/2025/07/1753454299-Article_images_W900px.webp HTTP/1.1" 200 52418 "http://cqqizhou.com/" "Mozilla/5.0 (Windows NT 10.0; Win64; x64) AppleWebKit/537.36 (KHTML, like Gecko) Chrome/117.0.5938.132 Safari/537.36"
205.169.39.7 - - [15/Nov/2025:12:23:31 +0800] "GET /wp-content/uploads/2025/07/1753454089-Article_images_W900px.webp HTTP/1.1" 200 27552 "http://cqqizhou.com/" "Mozilla/5.0 (Windows NT 10.0; Win64; x64) AppleWebKit/537.36 (KHTML, like Gecko) Chrome/117.0.5938.132 Safari/537.36"
205.169.39.7 - - [15/Nov/2025:12:23:32 +0800] "GET /wp-content/uploads/revslider/slider-1/1750929639-yuanjing_Slider_3840%C3%972160_20250626171955-scaled.webp HTTP/1.1" 200 203290 "http://cqqizhou.com/" "Mozilla/5.0 (Windows NT 10.0; Win64; x64) AppleWebKit/537.36 (KHTML, like Gecko) Chrome/117.0.5938.132 Safari/537.36"
205.169.39.7 - - [15/Nov/2025:12:23:33 +0800] "GET /wp-content/uploads/2025/07/1753587901-Slider_3840%C3%972160_20250727-scaled-50x100.webp HTTP/1.1" 200 1660 "http://cqqizhou.com/" "Mozilla/5.0 (Windows NT 10.0; Win64; x64) AppleWebKit/537.36 (KHTML, like Gecko) Chrome/117.0.5938.132 Safari/537.36"
205.169.39.7 - - [15/Nov/2025:12:23:33 +0800] "GET /wp-content/uploads/revslider/slider-1/1750861156-logistics_Slider_3840%C3%972160_20250625191356-scaled-50x100.webp HTTP/1.1" 200 1416 "http://cqqizhou.com/" "Mozilla/5.0 (Windows NT 10.0; Win64; x64) AppleWebKit/537.36 (KHTML, like Gecko) Chrome/117.0.5938.132 Safari/537.36"
205.169.39.7 - - [15/Nov/2025:12:23:33 +0800] "GET /wp-content/uploads/2025/07/1753453096-%E5%8F%8C%E7%9B%B8%E9%92%A2product_Single600%C3%97284.webp HTTP/1.1" 200 14562 "http://cqqizhou.com/" "Mozilla/5.0 (Windows NT 10.0; Win64; x64) AppleWebKit/537.36 (KHTML, like Gecko) Chrome/117.0.5938.132 Safari/537.36"
205.169.39.7 - - [15/Nov/2025:12:23:33 +0800] "GET /wp-content/uploads/2025/07/1753453127-%E4%BD%99%E5%8D%B7product_Single600%C3%97284.webp HTTP/1.1" 200 18744 "http://cqqizhou.com/" "Mozilla/5.0 (Windows NT 10.0; Win64; x64) AppleWebKit/537.36 (KHTML, like Gecko) Chrome/117.0.5938.132 Safari/537.36"
205.169.39.7 - - [15/Nov/2025:12:23:33 +0800] "GET /wp-content/uploads/2025/07/1753456723-%E5%8F%8C%E7%9B%B8%E9%92%A2roduct_Single600.webp HTTP/1.1" 200 22790 "http://cqqizhou.com/" "Mozilla/5.0 (Windows NT 10.0; Win64; x64) AppleWebKit/537.36 (KHTML, like Gecko) Chrome/117.0.5938.132 Safari/537.36"
205.169.39.7 - - [15/Nov/2025:12:23:33 +0800] "GET /wp-content/uploads/2025/07/1753456770-%E7%83%AD%E9%95%80%E9%94%8C%E5%8D%B7product_Single600.webp HTTP/1.1" 200 27502 "http://cqqizhou.com/" "Mozilla/5.0 (Windows NT 10.0; Win64; x64) AppleWebKit/537.36 (KHTML, like Gecko) Chrome/117.0.5938.132 Safari/537.36"
205.169.39.7 - - [15/Nov/2025:12:23:33 +0800] "GET /wp-content/uploads/2025/07/1753587901-Slider_3840%C3%972160_20250727-scaled-50x100.webp HTTP/1.1" 200 1660 "http://cqqizhou.com/" "Mozilla/5.0 (Windows NT 10.0; Win64; x64) AppleWebKit/537.36 (KHTML, like Gecko) Chrome/117.0.5938.132 Safari/537.36"
205.169.39.7 - - [15/Nov/2025:12:23:33 +0800] "GET /wp-content/uploads/revslider/slider-1/1750861156-logistics_Slider_3840%C3%972160_20250625191356-scaled-50x100.webp HTTP/1.1" 200 1416 "http://cqqizhou.com/" "Mozilla/5.0 (Windows NT 10.0; Win64; x64) AppleWebKit/537.36 (KHTML, like Gecko) Chrome/117.0.5938.132 Safari/537.36"
205.169.39.7 - - [15/Nov/2025:12:23:34 +0800] "GET /wp-json/sliderrevolution/sliders/1?srengine=7&slideid=2 HTTP/1.1" 200 2058 "http://cqqizhou.com/" "Mozilla/5.0 (Windows NT 10.0; Win64; x64) AppleWebKit/537.36 (KHTML, like Gecko) Chrome/117.0.5938.132 Safari/537.36"
205.169.39.7 - - [15/Nov/2025:12:23:34 +0800] "GET /wp-json/sliderrevolution/sliders/1?srengine=7&slideid=3 HTTP/1.1" 200 2292 "http://cqqizhou.com/" "Mozilla/5.0 (Windows NT 10.0; Win64; x64) AppleWebKit/537.36 (KHTML, like Gecko) Chrome/117.0.5938.132 Safari/537.36"
205.169.39.7 - - [15/Nov/2025:12:23:34 +0800] "GET /wp-content/uploads/2025/07/1753587901-Slider_3840%C3%972160_20250727-scaled.webp HTTP/1.1" 200 141034 "http://cqqizhou.com/" "Mozilla/5.0 (Windows NT 10.0; Win64; x64) AppleWebKit/537.36 (KHTML, like Gecko) Chrome/117.0.5938.132 Safari/537.36"
205.169.39.7 - - [15/Nov/2025:12:23:34 +0800] "GET /wp-content/uploads/revslider/slider-1/1750861156-logistics_Slider_3840%C3%972160_20250625191356-scaled.webp HTTP/1.1" 200 197360 "http://cqqizhou.com/" "Mozilla/5.0 (Windows NT 10.0; Win64; x64) AppleWebKit/537.36 (KHTML, like Gecko) Chrome/117.0.5938.132 Safari/537.36"
36.133.115.36 - - [15/Nov/2025:12:25:04 +0800] "POST /wp-cron.php?doing_wp_cron=1763180704.4574999809265136718750 HTTP/1.1" 200 31 "-" "WordPress/6.8.3; http://cqqizhou.com"
103.252.89.75 - - [15/Nov/2025:12:25:05 +0800] "GET / HTTP/1.1" 200 152189 "-" "-"
36.133.115.36 - - [15/Nov/2025:12:35:50 +0800] "POST /wp-cron.php?doing_wp_cron=1763181349.9902970790863037109375 HTTP/1.1" 200 31 "-" "WordPress/6.8.3; http://cqqizhou.com"
165.22.247.194 - - [15/Nov/2025:12:35:50 +0800] "GET /.env HTTP/1.1" 404 8989 "-" "Mozilla/5.0; Keydrop.io/1.0(onlyscans.com/about);"
165.22.247.194 - - [15/Nov/2025:12:35:50 +0800] "GET /.git/config HTTP/1.1" 404 8989 "-" "Mozilla/5.0; Keydrop.io/1.0(onlyscans.com/about);"
36.133.115.36 - - [15/Nov/2025:12:41:23 +0800] "POST /wp-cron.php?doing_wp_cron=1763181683.2313799858093261718750 HTTP/1.1" 200 31 "-" "WordPress/6.8.3; http://cqqizhou.com"
43.157.170.13 - - [15/Nov/2025:12:41:23 +0800] "GET / HTTP/1.1" 200 33525 "-" "Mozilla/5.0 (iPhone; CPU iPhone OS 13_2_3 like Mac OS X) AppleWebKit/605.1.15 (KHTML, like Gecko) Version/13.0.3 Mobile/15E148 Safari/604.1"
180.153.236.227 - - [15/Nov/2025:12:41:32 +0800] "GET / HTTP/1.1" 200 33929 "-" "Mozilla/5.0 (Windows NT 10.0; Win64; x64) AppleWebKit/537.36 (KHTML, like Gecko) Chrome/140.0.0.0 Safari/537.36 Edg/140.0.0.0; 360Spider"
180.153.236.173 - - [15/Nov/2025:12:42:09 +0800] "GET / HTTP/1.1" 200 33929 "-" "Mozilla/5.0 (Windows NT 10.0; Win64; x64) AppleWebKit/537.36 (KHTML, like Gecko) Chrome/140.0.0.0 Safari/537.36 Edg/140.0.0.0; 360Spider"
36.133.115.36 - - [15/Nov/2025:13:19:40 +0800] "POST /wp-cron.php?doing_wp_cron=1763183980.7104868888854980468750 HTTP/1.1" 200 31 "-" "WordPress/6.8.3; http://cqqizhou.com"
154.94.239.195 - - [15/Nov/2025:13:19:40 +0800] "POST /FCKeditor/editor/filemanager/connectors/asp/connector.asp?Command=FileUpload&Type=File&CurrentFolder=%2F HTTP/1.1" 404 31381 "http://cqqizhou.com/FCKeditor/editor/filemanager/connectors/asp/connector.asp?Command=FileUpload&Type=File&CurrentFolder=%2F" "Mozilla/5.0 (Windows; U; Windows NT 5.2; en-US) AppleWebKit/532.0 (KHTML, like Gecko) Chrome/4.0.212.0 Safari/532.0"
154.94.239.195 - - [15/Nov/2025:13:19:41 +0800] "GET /Ueditor/controller.ashx HTTP/1.1" 404 31381 "http://cqqizhou.com/Ueditor/controller.ashx" "Mozilla/5.0 (Windows; U; Windows NT 5.1; en-US) AppleWebKit/528.10 (KHTML, like Gecko) Chrome/2.0.157.2 Safari/528.10"
154.94.239.195 - - [15/Nov/2025:13:19:42 +0800] "GET /Ueditor/net/controller.ashx HTTP/1.1" 404 31381 "http://cqqizhou.com/Ueditor/net/controller.ashx" "Mozilla/5.0 (Macintosh; U; Intel Mac OS X 10.6; de; rv:1.9.0.13) Gecko/2009073021 Firefox/3.0.13"
154.94.239.195 - - [15/Nov/2025:13:19:43 +0800] "GET /Plugin/ueditor/controller.ashx HTTP/1.1" 404 31381 "http://cqqizhou.com/Plugin/ueditor/controller.ashx" "Mozilla/5.0 (Windows; U; Windows NT 6.0; en-GB; rv:1.9.1.1) Gecko/20090715 Firefox/3.5.1 GTB5 (.NET CLR 3.5.30729)"
154.94.239.195 - - [15/Nov/2025:13:19:43 +0800] "GET /Plugin/ueditor/net/controller.ashx HTTP/1.1" 404 31381 "http://cqqizhou.com/Plugin/ueditor/net/controller.ashx" "Mozilla/5.0 (Windows; U; Windows NT 5.1; de-DE) AppleWebKit/532+ (KHTML, like Gecko) Version/4.0.4 Safari/531.21.10"
154.94.239.195 - - [15/Nov/2025:13:19:44 +0800] "GET /Content/scripts/plugins/Ueditor/controller.ashx HTTP/1.1" 404 31381 "http://cqqizhou.com/Content/scripts/plugins/Ueditor/controller.ashx" "Mozilla/5.0 (Linux; U; en-US) AppleWebKit/525.13 (KHTML, like Gecko) Chrome/0.2.149.27 Safari/525.13"
154.94.239.195 - - [15/Nov/2025:13:19:45 +0800] "GET /Content/scripts/plugins/Ueditor/net/controller.ashx HTTP/1.1" 404 31381 "http://cqqizhou.com/Content/scripts/plugins/Ueditor/net/controller.ashx" "Mozilla/5.0 (Windows; U; Windows NT 5.1; en-US) AppleWebKit/532.2 (KHTML, like Gecko) Chrome/4.0.221.6 Safari/532.2"
36.133.115.36 - - [15/Nov/2025:13:19:46 +0800] "POST /wp-cron.php?doing_wp_cron=1763183986.1209299564361572265625 HTTP/1.1" 200 31 "-" "WordPress/6.8.3; http://cqqizhou.com"
154.94.239.195 - - [15/Nov/2025:13:19:46 +0800] "GET /Scripts/ueditor/controller.ashx HTTP/1.1" 404 31381 "http://cqqizhou.com/Scripts/ueditor/controller.ashx" "Mozilla/5.0 (Windows; U; Windows NT 5.1; en-US) AppleWebKit/532.0 (KHTML, like Gecko) Chrome/3.0.195.24 Safari/532.0"
154.94.239.195 - - [15/Nov/2025:13:19:47 +0800] "GET /Scripts/ueditor/net/controller.ashx HTTP/1.1" 404 31381 "http://cqqizhou.com/Scripts/ueditor/net/controller.ashx" "Mozilla/5.0 (Macintosh; U; Intel Mac OS X 10.5; fr; rv:1.9.1b4) Gecko/20090423 Firefox/3.5b4"
154.94.239.195 - - [15/Nov/2025:13:19:47 +0800] "GET /content/Ueditor/controller.ashx HTTP/1.1" 404 31381 "http://cqqizhou.com/content/Ueditor/controller.ashx" "Mozilla/5.0 (Macintosh; U; Intel Mac OS X 10_6_4; en-US) AppleWebKit/534.3 (KHTML, like Gecko) Chrome/6.0.464.0 Safari/534.3"
154.94.239.195 - - [15/Nov/2025:13:19:48 +0800] "GET /content/Ueditor/net/controller.ashx HTTP/1.1" 404 31381 "http://cqqizhou.com/content/Ueditor/net/controller.ashx" "Mozilla/5.0 (Windows; U; Windows NT 5.1; en-US) AppleWebKit/528.9 (KHTML, like Gecko) Chrome/2.0.157.0 Safari/528.9"
154.94.239.195 - - [15/Nov/2025:13:19:49 +0800] "GET /Controls/Ueditor/controller.ashx HTTP/1.1" 404 31381 "http://cqqizhou.com/Controls/Ueditor/controller.ashx" "Mozilla/5.0 (Windows NT 6.1) AppleWebKit/534.24 (KHTML, like Gecko) Chrome/11.0.696.3 Safari/534.24"
154.94.239.195 - - [15/Nov/2025:13:19:50 +0800] "GET /Controls/Ueditor/net/controller.ashx HTTP/1.1" 404 31381 "http://cqqizhou.com/Controls/Ueditor/net/controller.ashx" "Mozilla/5.0 (Windows; U; Windows NT 6.0; en-GB; rv:1.9.0.19) Gecko/2010031422 Firefox/3.0.19 (.NET CLR 3.5.30729) FirePHP/0.3"
154.94.239.195 - - [15/Nov/2025:13:19:50 +0800] "GET /manager/Ueditor/controller.ashx HTTP/1.1" 404 31381 "http://cqqizhou.com/manager/Ueditor/controller.ashx" "Mozilla/5.0 (Macintosh; U; PPC Mac OS X; en-us) AppleWebKit/312.1 (KHTML, like Gecko) Safari/312"
154.94.239.195 - - [15/Nov/2025:13:19:51 +0800] "GET /manager/Ueditor/net/controller.ashx HTTP/1.1" 404 31381 "http://cqqizhou.com/manager/Ueditor/net/controller.ashx" "Mozilla/4.0 (compatible; MSIE 8.0; Windows NT 5.1; pl) Opera 11.00"
154.94.239.195 - - [15/Nov/2025:13:19:52 +0800] "GET /editor/Ueditor/controller.ashx HTTP/1.1" 404 31381 "http://cqqizhou.com/editor/Ueditor/controller.ashx" "Mozilla/5.0 (Windows; U; Windows NT 5.2; en-US; rv:1.9.1.3) Gecko/20090824 Firefox/3.5.3 (.NET CLR 3.5.30729)"
154.94.239.195 - - [15/Nov/2025:13:19:53 +0800] "GET /editor/Ueditor/net/controller.ashx HTTP/1.1" 404 31381 "http://cqqizhou.com/editor/Ueditor/net/controller.ashx" "Mozilla/5.0 (Windows; U; Windows NT 6.0; en-GB; rv:1.9.1.2) Gecko/20090729 Firefox/3.5.2"
154.94.239.195 - - [15/Nov/2025:13:19:53 +0800] "GET /admin/Ueditor/controller.ashx HTTP/1.1" 404 31381 "http://cqqizhou.com/admin/Ueditor/controller.ashx" "Mozilla/5.0 (Windows NT 5.1; U; en; rv:1.8.0) Gecko/20060728 Firefox/1.5.0 Opera 9.24"
154.94.239.195 - - [15/Nov/2025:13:19:54 +0800] "GET /admin/Ueditor/net/controller.ashx HTTP/1.1" 404 31381 "http://cqqizhou.com/admin/Ueditor/net/controller.ashx" "Mozilla/5.0 (Windows; U; Windows NT 5.1; en-US; rv:1.9.2.3) Gecko/20100401 Mozilla/5.0 (X11; U; Linux i686; it-IT; rv:1.9.0.2) Gecko/2008092313 Ubuntu/9.25 (jaunty) Firefox/3.8"
154.94.239.195 - - [15/Nov/2025:13:19:55 +0800] "GET /static/Ueditor/controller.ashx HTTP/1.1" 404 31381 "http://cqqizhou.com/static/Ueditor/controller.ashx" "Mozilla/5.0 (Windows NT 5.1; U; Firefox/4.5; en; rv:1.9.1.6) Gecko/20091201 Firefox/3.5.6 Opera 10.53"
