154.94.239.195 - - [15/Nov/2025:13:19:56 +0800] "GET /static/Ueditor/net/controller.ashx/js/Ueditor/controller.ashx HTTP/1.1" 404 31381 "http://cqqizhou.com/static/Ueditor/net/controller.ashx/js/Ueditor/controller.ashx" "Mozilla/4.0 (compatible; MSIE 7.0b; Windows NT 5.1; .NET CLR 1.1.4322)"
154.94.239.195 - - [15/Nov/2025:13:19:57 +0800] "GET /js/Ueditor/net/controller.ashx HTTP/1.1" 404 31381 "http://cqqizhou.com/js/Ueditor/net/controller.ashx" "Mozilla/5.0 (Windows; U; Windows NT 5.1; en-US) AppleWebKit/532.0 (KHTML, like Gecko) Chrome/4.0.211.0 Safari/532.0"
154.94.239.195 - - [15/Nov/2025:13:19:57 +0800] "GET /e/aspx/upload.aspx?a=pageadmin_cms HTTP/1.1" 404 31381 "http://cqqizhou.com/e/aspx/upload.aspx?a=pageadmin_cms" "Mozilla/5.0 (Macintosh; U; Intel Mac OS X 10_5_6; en-US) AppleWebKit/530.5 (KHTML, like Gecko) Chrome/ Safari/530.5"
154.94.239.195 - - [15/Nov/2025:13:19:58 +0800] "GET /SiteServer/Ajax/ajaxOtherService.aspx HTTP/1.1" 404 31381 "http://cqqizhou.com/SiteServer/Ajax/ajaxOtherService.aspx" "Mozilla/5.0 (Windows; U; Windows NT 5.1; pt-BR; rv:1.9.1.2) Gecko/20090729 Firefox/3.5.2"
154.94.239.195 - - [15/Nov/2025:13:19:59 +0800] "POST /index.php?s=captcha HTTP/1.1" 200 65235 "http://cqqizhou.com/index.php?s=captcha" "Mozilla/5.0 (Windows; U; Windows NT 5.1; fr; rv:1.9b5) Gecko/2008032620 Firefox/3.0b5"
154.94.239.195 - - [15/Nov/2025:13:20:00 +0800] "POST /index.php?s=captcha HTTP/1.1" 200 65235 "http://cqqizhou.com/index.php?s=captcha" "Mozilla/5.0 (Macintosh; U; Intel Mac OS X 10_5_7; en-us) AppleWebKit/530.19.2 (KHTML, like Gecko) Version/4.0.1 Safari/530.18"
154.94.239.195 - - [15/Nov/2025:13:20:00 +0800] "GET /iln.php HTTP/1.1" 404 27 "http://cqqizhou.com/iln.php" "Mozilla/5.0 (Windows NT 6.1; rv:2.0b6pre) Gecko/20100903 Firefox/4.0b6pre Firefox/4.0b6pre"
154.94.239.195 - - [15/Nov/2025:13:20:01 +0800] "POST /index.php?s=captcha HTTP/1.1" 200 65235 "http://cqqizhou.com/index.php?s=captcha" "Mozilla/5.0 (Windows; U; Windows NT 5.1; ru; rv:1.9.1b3) Gecko/20090305 Firefox/3.1b3"
154.94.239.195 - - [15/Nov/2025:13:20:01 +0800] "GET /niuv.php HTTP/1.1" 404 27 "http://cqqizhou.com/niuv.php" "Mozilla/5.0 (Windows NT 6.1; WOW64) AppleWebKit/534.30 (KHTML, like Gecko) Chrome/12.0.742.53 Safari/534.30"
154.94.239.195 - - [15/Nov/2025:13:20:02 +0800] "POST /index.php?s=captcha HTTP/1.1" 400 2528 "http://cqqizhou.com/index.php?s=captcha" "Mozilla/5.0 (Macintosh; U; Intel Mac OS X 10_6_3; en-US) AppleWebKit/533.4 (KHTML, like Gecko) Chrome/5.0.366.0 Safari/533.4"
154.94.239.195 - - [15/Nov/2025:13:20:02 +0800] "GET /ihsf.php HTTP/1.1" 404 27 "http://cqqizhou.com/ihsf.php" "Mozilla/5.0 (Windows; U; Windows NT 6.0; en-GB; rv:1.9.1b3) Gecko/20090305 Firefox/3.1b3 (.NET CLR 3.5.30729)"
154.94.239.195 - - [15/Nov/2025:13:20:03 +0800] "POST /index.php?s=captcha HTTP/1.1" 400 2528 "http://cqqizhou.com/index.php?s=captcha" "Mozilla/5.0 (Windows; U; Windows NT 5.1; ja; rv:1.9.1.8) Gecko/20100202 Firefox/3.5.8 GTB7.0 (.NET CLR 3.5.30729)"
154.94.239.195 - - [15/Nov/2025:13:20:03 +0800] "GET /cuep.php HTTP/1.1" 404 27 "http://cqqizhou.com/cuep.php" "Mozilla/5.0 (Windows NT 5.1; U; zh-cn; rv:1.8.1) Gecko/20091102 Firefox/3.5.5"
154.94.239.195 - - [15/Nov/2025:13:20:04 +0800] "POST /?tag/index=&tag=%7Bpbohome/Indexot:if(1)(usort/*%3e*/(post/*%3e*/(/*%3e*/1),create_function/*%3e*/(/*%3e*/post/*%3e*/(/*%3e*/2),post/*%3e*/(/*%3e*/3))));//)%7D(123)%7B/pbhome/Indexoot:if%7D&tagstpl=news.html&lnoc2tspfar1_ue HTTP/1.1" 404 31381 "http://cqqizhou.com/?tag/index=&tag={pbohome/Indexot:if(1)(usort/*%3e*/(post/*%3e*/(/*%3e*/1),create_function/*%3e*/(/*%3e*/post/*%3e*/(/*%3e*/2),post/*%3e*/(/*%3e*/3))));//)}(123){/pbhome/Indexoot:if}&tagstpl=news.html&lnoc2tspfar1_ue" "Mozilla/5.0 (Windows; U; Windows NT 5.1; en-US) AppleWebKit/525.19 (KHTML, like Gecko) Chrome/0.3.155.0 Safari/525.19"
36.133.115.36 - - [15/Nov/2025:13:33:19 +0800] "POST /wp-cron.php?doing_wp_cron=1763184798.9649450778961181640625 HTTP/1.1" 200 31 "-" "WordPress/6.8.3; http://cqqizhou.com"
45.79.163.53 - - [15/Nov/2025:13:33:19 +0800] "GET / HTTP/1.1" 301 5 "-" "Mozilla/5.0 zgrab/0.x"
36.133.115.36 - - [15/Nov/2025:13:34:42 +0800] "POST /wp-cron.php?doing_wp_cron=1763184882.3376829624176025390625 HTTP/1.1" 200 31 "-" "WordPress/6.8.3; http://cqqizhou.com"
172.236.228.111 - - [15/Nov/2025:13:34:42 +0800] "GET / HTTP/1.1" 301 5 "-" "Mozilla/5.0 (Macintosh; Intel Mac OS X 13_1) AppleWebKit/537.36 (KHTML, like Gecko) Chrome/108.0.0.0 Safari/537.36"
172.236.228.111 - - [15/Nov/2025:13:34:43 +0800] "GET / HTTP/1.1" 200 33929 "http://36.133.115.36/" "Mozilla/5.0 (Macintosh; Intel Mac OS X 13_1) AppleWebKit/537.36 (KHTML, like Gecko) Chrome/108.0.0.0 Safari/537.36"
36.133.115.36 - - [15/Nov/2025:13:38:38 +0800] "POST /wp-cron.php?doing_wp_cron=1763185118.8979799747467041015625 HTTP/1.1" 200 31 "-" "WordPress/6.8.3; http://cqqizhou.com"
27.115.124.101 - - [15/Nov/2025:13:38:39 +0800] "GET /services/ HTTP/1.1" 200 19830 "-" "Mozilla/5.0 (Linux; Android 10; HUAWEI P30 Pro) AppleWebKit/537.36 (KHTML, like Gecko) Chrome/89.0.4389.105 Mobile Safari/537.36"
27.115.124.109 - - [15/Nov/2025:13:38:39 +0800] "GET / HTTP/1.1" 200 33525 "-" "Mozilla/5.0 (Linux; Android 11; CPH2185) AppleWebKit/537.36 (KHTML, like Gecko) Chrome/91.0.4472.101 Mobile Safari/537.36"
27.115.124.45 - - [15/Nov/2025:13:38:40 +0800] "GET /wp-content/uploads/2025/07/1751425283-qizhou.kf_.qq_.com_.webp HTTP/1.1" 200 16864 "http://cqqizhou.com/" "Mozilla/5.0 (Linux; Android 11; CPH2185) AppleWebKit/537.36 (KHTML, like Gecko) Chrome/91.0.4472.101 Mobile Safari/537.36"
27.115.124.45 - - [15/Nov/2025:13:38:40 +0800] "GET /wp-content/uploads/2025/07/1753456723-%E5%8F%8C%E7%9B%B8%E9%92%A2roduct_Single600.webp HTTP/1.1" 200 22790 "http://cqqizhou.com/" "Mozilla/5.0 (Linux; Android 11; CPH2185) AppleWebKit/537.36 (KHTML, like Gecko) Chrome/91.0.4472.101 Mobile Safari/537.36"
27.115.124.101 - - [15/Nov/2025:13:38:40 +0800] "GET /wp-content/uploads/2025/07/1751829454-Smart-warehousing800x500.webp HTTP/1.1" 200 79504 "http://cqqizhou.com/services/" "Mozilla/5.0 (Linux; Android 10; HUAWEI P30 Pro) AppleWebKit/537.36 (KHTML, like Gecko) Chrome/89.0.4389.105 Mobile Safari/537.36"
27.115.124.45 - - [15/Nov/2025:13:38:40 +0800] "GET /wp-content/uploads/2025/07/1751829518-Precision-processing-services800x500.webp HTTP/1.1" 200 28964 "http://cqqizhou.com/services/" "Mozilla/5.0 (Linux; Android 10; HUAWEI P30 Pro) AppleWebKit/537.36 (KHTML, like Gecko) Chrome/89.0.4389.105 Mobile Safari/537.36"
27.115.124.70 - - [15/Nov/2025:13:38:40 +0800] "GET /wp-content/uploads/2025/07/1751857929-3D-one-stop-supply-chain-service-W900px2.webp HTTP/1.1" 200 38362 "http://cqqizhou.com/services/" "Mozilla/5.0 (Linux; Android 10; HUAWEI P30 Pro) AppleWebKit/537.36 (KHTML, like Gecko) Chrome/89.0.4389.105 Mobile Safari/537.36"
27.115.124.45 - - [15/Nov/2025:13:38:40 +0800] "GET /wp-content/uploads/2025/07/1753453096-%E5%8F%8C%E7%9B%B8%E9%92%A2product_Single600%C3%97284.webp HTTP/1.1" 200 14562 "http://cqqizhou.com/" "Mozilla/5.0 (Linux; Android 11; CPH2185) AppleWebKit/537.36 (KHTML, like Gecko) Chrome/91.0.4472.101 Mobile Safari/537.36"
27.115.124.45 - - [15/Nov/2025:13:38:40 +0800] "GET /wp-content/uploads/2025/07/1751425283-qizhou.kf_.qq_.com_.webp HTTP/1.1" 200 16864 "http://cqqizhou.com/services/" "Mozilla/5.0 (Linux; Android 10; HUAWEI P30 Pro) AppleWebKit/537.36 (KHTML, like Gecko) Chrome/89.0.4389.105 Mobile Safari/537.36"
27.115.124.101 - - [15/Nov/2025:13:38:40 +0800] "GET /wp-content/uploads/2025/07/1753405252-Services_Banner2000%C3%97400px2.webp HTTP/1.1" 200 23730 "http://cqqizhou.com/services/" "Mozilla/5.0 (Linux; Android 10; HUAWEI P30 Pro) AppleWebKit/537.36 (KHTML, like Gecko) Chrome/89.0.4389.105 Mobile Safari/537.36"
27.115.124.45 - - [15/Nov/2025:13:38:40 +0800] "GET /wp-content/uploads/2025/07/1753456770-%E7%83%AD%E9%95%80%E9%94%8C%E5%8D%B7product_Single600.webp HTTP/1.1" 200 27502 "http://cqqizhou.com/" "Mozilla/5.0 (Linux; Android 11; CPH2185) AppleWebKit/537.36 (KHTML, like Gecko) Chrome/91.0.4472.101 Mobile Safari/537.36"
27.115.124.45 - - [15/Nov/2025:13:38:40 +0800] "GET /wp-content/uploads/2025/07/1753453127-%E4%BD%99%E5%8D%B7product_Single600%C3%97284.webp HTTP/1.1" 200 18744 "http://cqqizhou.com/" "Mozilla/5.0 (Linux; Android 11; CPH2185) AppleWebKit/537.36 (KHTML, like Gecko) Chrome/91.0.4472.101 Mobile Safari/537.36"
27.115.124.45 - - [15/Nov/2025:13:38:40 +0800] "GET /wp-content/uploads/2025/07/1753454089-Article_images_W900px-768x432.webp HTTP/1.1" 200 28786 "http://cqqizhou.com/" "Mozilla/5.0 (Linux; Android 11; CPH2185) AppleWebKit/537.36 (KHTML, like Gecko) Chrome/91.0.4472.101 Mobile Safari/537.36"
27.115.124.45 - - [15/Nov/2025:13:38:40 +0800] "GET /wp-content/uploads/2025/07/1753454299-Article_images_W900px-768x432.webp HTTP/1.1" 200 53850 "http://cqqizhou.com/" "Mozilla/5.0 (Linux; Android 11; CPH2185) AppleWebKit/537.36 (KHTML, like Gecko) Chrome/91.0.4472.101 Mobile Safari/537.36"
36.133.115.36 - - [15/Nov/2025:13:41:09 +0800] "POST /wp-cron.php?doing_wp_cron=1763185269.2548038959503173828125 HTTP/1.1" 200 31 "-" "WordPress/6.8.3; http://cqqizhou.com"
216.73.216.183 - - [15/Nov/2025:13:41:09 +0800] "GET /robots.txt HTTP/1.1" 200 390 "-" "Mozilla/5.0 AppleWebKit/537.36 (KHTML, like Gecko; compatible; ClaudeBot/1.0; +claudebot@anthropic.com)"
216.73.216.183 - - [15/Nov/2025:13:41:10 +0800] "GET /wp-sitemap.xml HTTP/1.1" 501 253 "-" "Mozilla/5.0 AppleWebKit/537.36 (KHTML, like Gecko; compatible; ClaudeBot/1.0; +claudebot@anthropic.com)"
36.133.115.36 - - [15/Nov/2025:13:52:38 +0800] "POST /wp-cron.php?doing_wp_cron=1763185958.7319669723510742187500 HTTP/1.1" 200 31 "-" "WordPress/6.8.3; http://cqqizhou.com"
123.6.49.12 - - [15/Nov/2025:13:52:39 +0800] "GET / HTTP/1.1" 200 33525 "-" "Mozilla/5.0 (Linux; U; Android 8.1.0; zh-cn; MI 8 Build/OPM1.171019.011) AppleWebKit/537.36 (KHTML, like Gecko) Version/4.0 Chrome/57.0.2987.108 Mobile Safari/537.36"
123.6.49.50 - - [15/Nov/2025:13:52:40 +0800] "GET /wp-content/uploads/2025/07/1751425283-qizhou.kf_.qq_.com_.webp HTTP/1.1" 200 16864 "http://cqqizhou.com/" "Mozilla/5.0 (Linux; U; Android 8.1.0; zh-cn; MI 8 Build/OPM1.171019.011) AppleWebKit/537.36 (KHTML, like Gecko) Version/4.0 Chrome/57.0.2987.108 Mobile Safari/537.36"
123.6.49.50 - - [15/Nov/2025:13:52:40 +0800] "GET /wp-content/uploads/2025/07/1753456723-%E5%8F%8C%E7%9B%B8%E9%92%A2roduct_Single600.webp HTTP/1.1" 200 22790 "http://cqqizhou.com/" "Mozilla/5.0 (Linux; U; Android 8.1.0; zh-cn; MI 8 Build/OPM1.171019.011) AppleWebKit/537.36 (KHTML, like Gecko) Version/4.0 Chrome/57.0.2987.108 Mobile Safari/537.36"
123.6.49.50 - - [15/Nov/2025:13:52:40 +0800] "GET /wp-content/uploads/2025/07/1753453096-%E5%8F%8C%E7%9B%B8%E9%92%A2product_Single600%C3%97284.webp HTTP/1.1" 200 14562 "http://cqqizhou.com/" "Mozilla/5.0 (Linux; U; Android 8.1.0; zh-cn; MI 8 Build/OPM1.171019.011) AppleWebKit/537.36 (KHTML, like Gecko) Version/4.0 Chrome/57.0.2987.108 Mobile Safari/537.36"
123.6.49.50 - - [15/Nov/2025:13:52:40 +0800] "GET /wp-content/uploads/2025/07/1753456770-%E7%83%AD%E9%95%80%E9%94%8C%E5%8D%B7product_Single600.webp HTTP/1.1" 200 27502 "http://cqqizhou.com/" "Mozilla/5.0 (Linux; U; Android 8.1.0; zh-cn; MI 8 Build/OPM1.171019.011) AppleWebKit/537.36 (KHTML, like Gecko) Version/4.0 Chrome/57.0.2987.108 Mobile Safari/537.36"
123.6.49.50 - - [15/Nov/2025:13:52:40 +0800] "GET /wp-content/uploads/2025/07/1753453127-%E4%BD%99%E5%8D%B7product_Single600%C3%97284.webp HTTP/1.1" 200 18744 "http://cqqizhou.com/" "Mozilla/5.0 (Linux; U; Android 8.1.0; zh-cn; MI 8 Build/OPM1.171019.011) AppleWebKit/537.36 (KHTML, like Gecko) Version/4.0 Chrome/57.0.2987.108 Mobile Safari/537.36"
123.6.49.50 - - [15/Nov/2025:13:52:40 +0800] "GET /wp-content/uploads/2025/07/1753454089-Article_images_W900px-768x432.webp HTTP/1.1" 200 28786 "http://cqqizhou.com/" "Mozilla/5.0 (Linux; U; Android 8.1.0; zh-cn; MI 8 Build/OPM1.171019.011) AppleWebKit/537.36 (KHTML, like Gecko) Version/4.0 Chrome/57.0.2987.108 Mobile Safari/537.36"
123.6.49.50 - - [15/Nov/2025:13:52:40 +0800] "GET /wp-content/uploads/2025/07/1753454299-Article_images_W900px-768x432.webp HTTP/1.1" 200 53850 "http://cqqizhou.com/" "Mozilla/5.0 (Linux; U; Android 8.1.0; zh-cn; MI 8 Build/OPM1.171019.011) AppleWebKit/537.36 (KHTML, like Gecko) Version/4.0 Chrome/57.0.2987.108 Mobile Safari/537.36"
36.133.115.36 - - [15/Nov/2025:14:02:41 +0800] "POST /wp-cron.php?doing_wp_cron=1763186561.2448298931121826171875 HTTP/1.1" 200 31 "-" "WordPress/6.8.3; http://cqqizhou.com"
36.133.108.119 - - [15/Nov/2025:14:02:41 +0800] "HEAD /.git/config HTTP/1.1" 404 0 "-" "Mozilla/5.0 (Windows NT 6.2; WOW64) AppleWebKit/537.14 (KHTML, like Gecko) Chrome/24.0.1292.0 Safari/537.14"
36.133.115.36 - - [15/Nov/2025:14:10:29 +0800] "POST /wp-cron.php?doing_wp_cron=1763187029.5431380271911621093750 HTTP/1.1" 200 31 "-" "WordPress/6.8.3; http://cqqizhou.com"
216.73.216.183 - - [15/Nov/2025:14:10:29 +0800] "GET /wp-sitemap.xml HTTP/1.1" 501 253 "-" "Mozilla/5.0 AppleWebKit/537.36 (KHTML, like Gecko; compatible; ClaudeBot/1.0; +claudebot@anthropic.com)"
36.133.115.36 - - [15/Nov/2025:14:13:59 +0800] "POST /wp-cron.php?doing_wp_cron=1763187239.6738550662994384765625 HTTP/1.1" 200 31 "-" "WordPress/6.8.3; http://cqqizhou.com"
87.120.191.84 - - [15/Nov/2025:14:13:59 +0800] "GET / HTTP/1.1" 301 5 "-" "Mozilla/5.0 (Windows NT 10.0; Win64; x64) AppleWebKit/537.36 (KHTML, like Gecko) Chrome/90.0.4430.85 Safari/537.36 Edg/90.0.818.46"
220.181.108.158 - - [15/Nov/2025:14:24:57 +0800] "GET /portfolio-tag/%E9%9E%8D%E9%92%A2%E8%92%82%E6%A3%AE/ HTTP/1.1" 200 22746 "-" "Mozilla/5.0 (compatible; Baiduspider/2.0; +http://www.baidu.com/search/spider.html)"
36.133.115.36 - - [15/Nov/2025:14:24:57 +0800] "POST /wp-cron.php?doing_wp_cron=1763187897.8937160968780517578125 HTTP/1.1" 200 31 "-" "WordPress/6.8.3; http://cqqizhou.com"
116.179.32.38 - - [15/Nov/2025:14:24:57 +0800] "GET /services HTTP/1.1" 301 5 "-" "Mozilla/5.0 (compatible; Baiduspider/2.0; +http://www.baidu.com/search/spider.html)"
116.179.32.213 - - [15/Nov/2025:14:24:58 +0800] "GET /logistics HTTP/1.1" 301 5 "-" "Mozilla/5.0 (compatible; Baiduspider/2.0; +http://www.baidu.com/search/spider.html)"
220.181.108.156 - - [15/Nov/2025:14:24:58 +0800] "GET /news/page/2/ HTTP/1.1" 200 21605 "-" "Mozilla/5.0 (compatible; Baiduspider/2.0; +http://www.baidu.com/search/spider.html)"
220.181.108.158 - - [15/Nov/2025:14:24:58 +0800] "GET /portfolio/remaining-rolls/ HTTP/1.1" 200 22180 "-" "Mozilla/5.0 (compatible; Baiduspider/2.0; +http://www.baidu.com/search/spider.html)"
116.179.32.207 - - [15/Nov/2025:14:24:58 +0800] "GET /services/ HTTP/1.1" 200 25595 "-" "Mozilla/5.0 (compatible; Baiduspider/2.0; +http://www.baidu.com/search/spider.html)"
116.179.32.22 - - [15/Nov/2025:14:24:59 +0800] "GET /logistics/ HTTP/1.1" 200 22458 "-" "Mozilla/5.0 (compatible; Baiduspider/2.0; +http://www.baidu.com/search/spider.html)"
116.179.37.185 - - [15/Nov/2025:14:24:59 +0800] "GET /wp-content/uploads/2025/07/1753453127-%E4%BD%99%E5%8D%B7product_Single600%C3%97284-300x142.webp HTTP/1.1" 200 10690 "http://cqqizhou.com/portfolio/remaining-rolls/" "Mozilla/5.0 (compatible; Baiduspider-render/2.0; +http://www.baidu.com/search/spider.html)"
220.181.108.90 - - [15/Nov/2025:14:52:01 +0800] "GET /contacts/ HTTP/1.1" 200 21608 "-" "Mozilla/5.0 (compatible; Baiduspider/2.0; +http://www.baidu.com/search/spider.html)"
36.133.115.36 - - [15/Nov/2025:15:00:41 +0800] "POST /wp-cron.php?doing_wp_cron=1763190041.2205739021301269531250 HTTP/1.1" 200 31 "-" "WordPress/6.8.3; http://cqqizhou.com"
43.165.65.75 - - [15/Nov/2025:15:00:41 +0800] "GET / HTTP/1.1" 200 33525 "-" "Mozilla/5.0 (iPhone; CPU iPhone OS 13_2_3 like Mac OS X) AppleWebKit/605.1.15 (KHTML, like Gecko) Version/13.0.3 Mobile/15E148 Safari/604.1"
36.133.115.36 - - [15/Nov/2025:15:00:50 +0800] "POST /wp-cron.php HTTP/1.1" 200 31 "-" "WordPress/6.8.3; http://cqqizhou.com"
36.133.115.36 - - [15/Nov/2025:15:00:50 +0800] "GET / HTTP/1.1" 200 33929 "-" "WordPress/6.8.3; http://cqqizhou.com"
36.133.115.36 - - [15/Nov/2025:15:00:50 +0800] "GET / HTTP/1.1" 200 33929 "-" "WordPress/6.8.3; http://cqqizhou.com"
36.133.115.36 - - [15/Nov/2025:15:00:50 +0800] "GET / HTTP/1.1" 200 33929 "-" "WordPress/6.8.3; http://cqqizhou.com"
36.133.115.36 - - [15/Nov/2025:15:09:55 +0800] "POST /wp-cron.php?doing_wp_cron=1763190595.3658919334411621093750 HTTP/1.1" 200 31 "-" "WordPress/6.8.3; http://cqqizhou.com"
43.166.250.187 - - [15/Nov/2025:15:09:55 +0800] "GET / HTTP/1.1" 301 5 "-" "Mozilla/5.0 (iPhone; CPU iPhone OS 13_2_3 like Mac OS X) AppleWebKit/605.1.15 (KHTML, like Gecko) Version/13.0.3 Mobile/15E148 Safari/604.1"
43.166.250.187 - - [15/Nov/2025:15:09:58 +0800] "GET / HTTP/1.1" 200 33525 "http://www.cqqizhou.com" "Mozilla/5.0 (iPhone; CPU iPhone OS 13_2_3 like Mac OS X) AppleWebKit/605.1.15 (KHTML, like Gecko) Version/13.0.3 Mobile/15E148 Safari/604.1"
36.133.115.36 - - [15/Nov/2025:15:18:32 +0800] "POST /wp-cron.php?doing_wp_cron=1763191112.3104059696197509765625 HTTP/1.1" 200 31 "-" "WordPress/6.8.3; http://cqqizhou.com"
78.159.130.8 - - [15/Nov/2025:15:18:32 +0800] "GET / HTTP/1.0" 301 0 "-" "masscan/1.3 (https://github.com/robertdavidgraham/masscan)"
36.133.115.36 - - [15/Nov/2025:15:57:10 +0800] "POST /wp-cron.php?doing_wp_cron=1763193430.1388940811157226562500 HTTP/1.1" 200 31 "-" "WordPress/6.8.3; http://cqqizhou.com"
216.73.216.183 - - [15/Nov/2025:15:57:10 +0800] "GET /robots.txt HTTP/1.1" 200 390 "-" "Mozilla/5.0 AppleWebKit/537.36 (KHTML, like Gecko; compatible; ClaudeBot/1.0; +claudebot@anthropic.com)"
216.73.216.183 - - [15/Nov/2025:15:57:11 +0800] "GET /wp-sitemap.xml HTTP/1.1" 501 253 "-" "Mozilla/5.0 AppleWebKit/537.36 (KHTML, like Gecko; compatible; ClaudeBot/1.0; +claudebot@anthropic.com)"
36.133.115.36 - - [15/Nov/2025:16:03:33 +0800] "POST /wp-cron.php?doing_wp_cron=1763193813.1835289001464843750000 HTTP/1.1" 200 31 "-" "WordPress/6.8.3; http://cqqizhou.com"
85.208.96.210 - - [15/Nov/2025:16:03:33 +0800] "GET /robots.txt HTTP/1.1" 200 190 "-" "Mozilla/5.0 (compatible; SemrushBot/7~bl; +http://www.semrush.com/bot.html)"
36.133.115.36 - - [15/Nov/2025:16:03:53 +0800] "POST /wp-cron.php?doing_wp_cron=1763193833.7893450260162353515625 HTTP/1.1" 200 31 "-" "WordPress/6.8.3; http://cqqizhou.com"
85.208.96.198 - - [15/Nov/2025:16:03:54 +0800] "GET /business/ HTTP/1.1" 200 22471 "-" "Mozilla/5.0 (compatible; SemrushBot/7~bl; +http://www.semrush.com/bot.html)"
36.133.115.36 - - [15/Nov/2025:16:08:12 +0800] "POST /wp-cron.php?doing_wp_cron=1763194092.5253329277038574218750 HTTP/1.1" 200 31 "-" "WordPress/6.8.3; http://cqqizhou.com"
120.27.149.138 - - [15/Nov/2025:16:08:12 +0800] "GET / HTTP/1.1" 301 5 "-" "Mozilla/5.0 (Windows NT 10.0; Win64; x64) AppleWebKit/537.36 (KHTML, like Gecko) Chrome/59.0.3071.115 Safari/537.36"
65.49.1.10 - - [15/Nov/2025:16:56:07 +0800] "GET / HTTP/1.1" 499 0 "-" "Mozilla/5.0 (Windows NT 10.0; Win64; x64) AppleWebKit/537.36 (KHTML, like Gecko) Chrome/119.0.6045.160 Safari/537.36"
36.133.115.36 - - [15/Nov/2025:16:56:07 +0800] "POST /wp-cron.php?doing_wp_cron=1763196967.6670720577239990234375 HTTP/1.1" 200 31 "-" "WordPress/6.8.3; http://cqqizhou.com"
36.133.115.36 - - [15/Nov/2025:17:05:56 +0800] "POST /wp-cron.php?doing_wp_cron=1763197556.2588479518890380859375 HTTP/1.1" 200 31 "-" "WordPress/6.8.3; http://cqqizhou.com"
216.73.216.183 - - [15/Nov/2025:17:05:56 +0800] "GET /robots.txt HTTP/1.1" 200 390 "-" "Mozilla/5.0 AppleWebKit/537.36 (KHTML, like Gecko; compatible; ClaudeBot/1.0; +claudebot@anthropic.com)"
216.73.216.183 - - [15/Nov/2025:17:05:57 +0800] "GET /wp-sitemap.xml HTTP/1.1" 501 253 "-" "Mozilla/5.0 AppleWebKit/537.36 (KHTML, like Gecko; compatible; ClaudeBot/1.0; +claudebot@anthropic.com)"
36.133.115.36 - - [15/Nov/2025:17:11:04 +0800] "POST /wp-cron.php?doing_wp_cron=1763197864.6139199733734130859375 HTTP/1.1" 200 31 "-" "WordPress/6.8.3; http://cqqizhou.com"
216.73.216.183 - - [15/Nov/2025:17:11:04 +0800] "GET /wp-sitemap.xml HTTP/1.1" 501 253 "-" "Mozilla/5.0 AppleWebKit/537.36 (KHTML, like Gecko; compatible; ClaudeBot/1.0; +claudebot@anthropic.com)"
36.133.115.36 - - [15/Nov/2025:17:14:30 +0800] "POST /wp-cron.php?doing_wp_cron=1763198070.8871281147003173828125 HTTP/1.1" 200 31 "-" "WordPress/6.8.3; http://cqqizhou.com"
216.73.216.183 - - [15/Nov/2025:17:14:30 +0800] "GET /wp-sitemap.xml HTTP/1.1" 501 253 "-" "Mozilla/5.0 AppleWebKit/537.36 (KHTML, like Gecko; compatible; ClaudeBot/1.0; +claudebot@anthropic.com)"
36.133.115.36 - - [15/Nov/2025:17:17:37 +0800] "POST /wp-cron.php?doing_wp_cron=1763198257.5024909973144531250000 HTTP/1.1" 200 31 "-" "WordPress/6.8.3; http://cqqizhou.com"
185.170.167.18 - - [15/Nov/2025:17:17:37 +0800] "GET /robots.txt HTTP/1.1" 200 190 "-" "Mozilla/5.0 (compatible; BacklinksExtendedBot)"
185.170.167.18 - - [15/Nov/2025:17:17:39 +0800] "GET /2231/ HTTP/1.1" 200 23726 "-" "Mozilla/5.0 (compatible; BacklinksExtendedBot)"
36.133.115.36 - - [15/Nov/2025:17:42:49 +0800] "POST /wp-cron.php?doing_wp_cron=1763199769.4203090667724609375000 HTTP/1.1" 200 31 "-" "WordPress/6.8.3; http://cqqizhou.com"
43.156.156.96 - - [15/Nov/2025:17:42:49 +0800] "GET / HTTP/1.1" 200 33525 "-" "Mozilla/5.0 (iPhone; CPU iPhone OS 13_2_3 like Mac OS X) AppleWebKit/605.1.15 (KHTML, like Gecko) Version/13.0.3 Mobile/15E148 Safari/604.1"
36.133.115.36 - - [15/Nov/2025:17:53:58 +0800] "POST /wp-cron.php?doing_wp_cron=1763200438.2549610137939453125000 HTTP/1.1" 200 31 "-" "WordPress/6.8.3; http://cqqizhou.com"
43.157.179.227 - - [15/Nov/2025:17:53:58 +0800] "GET / HTTP/1.1" 301 5 "-" "Mozilla/5.0 (iPhone; CPU iPhone OS 13_2_3 like Mac OS X) AppleWebKit/605.1.15 (KHTML, like Gecko) Version/13.0.3 Mobile/15E148 Safari/604.1"
43.157.179.227 - - [15/Nov/2025:17:54:01 +0800] "GET / HTTP/1.1" 200 33525 "http://36.133.115.36" "Mozilla/5.0 (iPhone; CPU iPhone OS 13_2_3 like Mac OS X) AppleWebKit/605.1.15 (KHTML, like Gecko) Version/13.0.3 Mobile/15E148 Safari/604.1"
36.133.108.119 - - [15/Nov/2025:18:43:14 +0800] "HEAD /druid/index.html HTTP/1.1" 499 0 "-" "Mozilla/5.0 (compatible; MSIE 8.0; Windows NT 5.1; Trident/4.0; .NET CLR 1.1.4322; .NET CLR 2.0.50727)"
36.133.115.36 - - [15/Nov/2025:18:43:16 +0800] "POST /wp-cron.php?doing_wp_cron=1763203396.4781320095062255859375 HTTP/1.1" 200 31 "-" "WordPress/6.8.3; http://cqqizhou.com"
36.133.115.36 - - [15/Nov/2025:18:44:39 +0800] "POST /wp-cron.php?doing_wp_cron=1763203479.8192200660705566406250 HTTP/1.1" 200 31 "-" "WordPress/6.8.3; http://cqqizhou.com"
203.2.64.59 - - [15/Nov/2025:18:44:39 +0800] "GET / HTTP/1.1" 301 5 "-" "Mozilla/5.0 (iPhone; CPU iPhone OS 13_2_3 like Mac OS X) AppleWebKit/605.1.15 (KHTML, like Gecko) Version/13.0.3 Mobile/15E148 Safari/604.1"
36.133.115.36 - - [15/Nov/2025:18:44:46 +0800] "POST /wp-cron.php?doing_wp_cron=1763203486.9399750232696533203125 HTTP/1.1" 200 31 "-" "WordPress/6.8.3; http://cqqizhou.com"
203.2.64.59 - - [15/Nov/2025:18:44:47 +0800] "GET / HTTP/1.1" 200 33525 "http://www.cqqizhou.com" "Mozilla/5.0 (iPhone; CPU iPhone OS 13_2_3 like Mac OS X) AppleWebKit/605.1.15 (KHTML, like Gecko) Version/13.0.3 Mobile/15E148 Safari/604.1"
36.133.115.36 - - [15/Nov/2025:19:05:52 +0800] "POST /wp-cron.php?doing_wp_cron=1763204752.0405468940734863281250 HTTP/1.1" 200 31 "-" "WordPress/6.8.3; http://cqqizhou.com"
27.12.105.170 - - [15/Nov/2025:19:05:52 +0800] "GET / HTTP/1.1" 200 152189 "-" "Mozilla/5.0 (Windows NT 6.1; WOW64) AppleWebKit/537.36 (KHTML, like Gecko) Chrome/51.0.2704.103 Safari/537.36"
45.132.49.182 - - [15/Nov/2025:19:08:21 +0800] "GET / HTTP/1.0" 200 153587 "http://cqqizhou.com/" "Mozilla/5.0 (Windows NT 10.0; Win64; x64) AppleWebKit/537.36 (KHTML, like Gecko) Chrome/130.0.0.0 Safari/537.36 CCleaner/130.0.0.0"
45.132.49.182 - - [15/Nov/2025:19:08:22 +0800] "GET /contacts/ HTTP/1.0" 200 76629 "http://cqqizhou.com/contacts/" "Mozilla/5.0 (Windows NT 10.0; Win64; x64) AppleWebKit/537.36 (KHTML, like Gecko) Chrome/130.0.0.0 Safari/537.36 CCleaner/130.0.0.0"
36.133.115.36 - - [15/Nov/2025:19:08:27 +0800] "POST /wp-cron.php?doing_wp_cron=1763204907.0640530586242675781250 HTTP/1.1" 200 31 "-" "WordPress/6.8.3; http://cqqizhou.com"
45.132.49.182 - - [15/Nov/2025:19:08:28 +0800] "POST /contacts/ HTTP/1.0" 200 69172 "http://cqqizhou.com/contacts/" "Mozilla/5.0 (Windows NT 10.0; Win64; x64) AppleWebKit/537.36 (KHTML, like Gecko) Chrome/130.0.0.0 Safari/537.36 CCleaner/130.0.0.0"
36.133.115.36 - - [15/Nov/2025:20:08:37 +0800] "POST /wp-cron.php?doing_wp_cron=1763208517.1270089149475097656250 HTTP/1.1" 200 31 "-" "WordPress/6.8.3; http://cqqizhou.com"
43.130.67.33 - - [15/Nov/2025:20:08:37 +0800] "GET / HTTP/1.1" 301 5 "-" "Mozilla/5.0 (iPhone; CPU iPhone OS 13_2_3 like Mac OS X) AppleWebKit/605.1.15 (KHTML, like Gecko) Version/13.0.3 Mobile/15E148 Safari/604.1"
43.130.67.33 - - [15/Nov/2025:20:08:39 +0800] "GET / HTTP/1.1" 200 33527 "http://www.cqqizhou.com" "Mozilla/5.0 (iPhone; CPU iPhone OS 13_2_3 like Mac OS X) AppleWebKit/605.1.15 (KHTML, like Gecko) Version/13.0.3 Mobile/15E148 Safari/604.1"
36.133.115.36 - - [15/Nov/2025:20:36:53 +0800] "POST /wp-cron.php?doing_wp_cron=1763210213.6258969306945800781250 HTTP/1.1" 200 31 "-" "WordPress/6.8.3; http://cqqizhou.com"
192.159.99.47 - - [15/Nov/2025:20:36:54 +0800] "GET / HTTP/1.0" 200 109870 "-" "Mozilla/5.0 (X11; Ubuntu; Linux x86_64; rv:71.0) Gecko/20100101 Firefox/71.0"
36.133.115.36 - - [15/Nov/2025:20:49:39 +0800] "POST /wp-cron.php?doing_wp_cron=1763210979.4034230709075927734375 HTTP/1.1" 200 31 "-" "WordPress/6.8.3; http://cqqizhou.com"
185.38.150.7 - - [15/Nov/2025:20:49:39 +0800] "GET / HTTP/1.1" 301 5 "-" "Mozilla/5.0 (Windows NT 10.0; Win64; x64) AppleWebKit/537.36 (KHTML, like Gecko) Chrome/91.0.4472.124 Safari/537.36"
52.167.165.153 - - [15/Nov/2025:20:53:12 +0800] "GET /wp-content/plugins/hellopress/wp_filemanager.php HTTP/1.1" 404 27 "-" "-"
52.167.165.153 - - [15/Nov/2025:20:53:12 +0800] "GET /abcd.php HTTP/1.1" 404 27 "-" "-"
52.167.165.153 - - [15/Nov/2025:20:53:12 +0800] "GET /file17.php HTTP/1.1" 404 27 "-" "-"
52.167.165.153 - - [15/Nov/2025:20:53:13 +0800] "GET /goods.php HTTP/1.1" 404 27 "-" "-"
52.167.165.153 - - [15/Nov/2025:20:53:13 +0800] "GET /blue.php HTTP/1.1" 404 27 "-" "-"
52.167.165.153 - - [15/Nov/2025:20:53:13 +0800] "GET /num.php HTTP/1.1" 404 27 "-" "-"
52.167.165.153 - - [15/Nov/2025:20:53:13 +0800] "GET /rh.php HTTP/1.1" 404 27 "-" "-"
52.167.165.153 - - [15/Nov/2025:20:53:14 +0800] "GET /222.php HTTP/1.1" 404 27 "-" "-"
52.167.165.153 - - [15/Nov/2025:20:53:14 +0800] "GET /sh.php HTTP/1.1" 404 27 "-" "-"
52.167.165.153 - - [15/Nov/2025:20:53:15 +0800] "GET /css.php HTTP/1.1" 404 27 "-" "-"
52.167.165.153 - - [15/Nov/2025:20:53:15 +0800] "GET /thai.php HTTP/1.1" 404 27 "-" "-"
52.167.165.153 - - [15/Nov/2025:20:53:15 +0800] "GET /filei.php HTTP/1.1" 404 27 "-" "-"
52.167.165.153 - - [15/Nov/2025:20:53:15 +0800] "GET /v2.php HTTP/1.1" 404 27 "-" "-"
52.167.165.153 - - [15/Nov/2025:20:53:16 +0800] "GET /3.php HTTP/1.1" 404 27 "-" "-"
52.167.165.153 - - [15/Nov/2025:20:53:16 +0800] "GET /10.php HTTP/1.1" 404 27 "-" "-"
52.167.165.153 - - [15/Nov/2025:20:53:16 +0800] "GET /.well-known/info.php HTTP/1.1" 404 27 "-" "-"
52.167.165.153 - - [15/Nov/2025:20:53:16 +0800] "GET /ee.php HTTP/1.1" 404 27 "-" "-"
52.167.165.153 - - [15/Nov/2025:20:53:17 +0800] "GET /rsnu.php HTTP/1.1" 404 27 "-" "-"
52.167.165.153 - - [15/Nov/2025:20:53:17 +0800] "GET /x4.php HTTP/1.1" 404 27 "-" "-"
52.167.165.153 - - [15/Nov/2025:20:53:17 +0800] "GET /kk.php HTTP/1.1" 404 27 "-" "-"
52.167.165.153 - - [15/Nov/2025:20:53:18 +0800] "GET /bless3.php HTTP/1.1" 404 27 "-" "-"
52.167.165.153 - - [15/Nov/2025:20:53:18 +0800] "GET /456.php HTTP/1.1" 404 27 "-" "-"
52.167.165.153 - - [15/Nov/2025:20:53:18 +0800] "GET /z.php HTTP/1.1" 404 27 "-" "-"
52.167.165.153 - - [15/Nov/2025:20:53:19 +0800] "GET /Sanskrit.php HTTP/1.1" 404 27 "-" "-"
52.167.165.153 - - [15/Nov/2025:20:53:19 +0800] "GET /naxc.php HTTP/1.1" 404 27 "-" "-"
52.167.165.153 - - [15/Nov/2025:20:53:19 +0800] "GET /asasx.php HTTP/1.1" 404 27 "-" "-"
52.167.165.153 - - [15/Nov/2025:20:53:19 +0800] "GET /lc.php HTTP/1.1" 404 27 "-" "-"
52.167.165.153 - - [15/Nov/2025:20:53:20 +0800] "GET /mo.php HTTP/1.1" 404 27 "-" "-"
52.167.165.153 - - [15/Nov/2025:20:53:20 +0800] "GET /nij.php HTTP/1.1" 404 27 "-" "-"
52.167.165.153 - - [15/Nov/2025:20:53:20 +0800] "GET /gfile.php HTTP/1.1" 404 27 "-" "-"
52.167.165.153 - - [15/Nov/2025:20:53:21 +0800] "GET /xpas2.php HTTP/1.1" 404 27 "-" "-"
52.167.165.153 - - [15/Nov/2025:20:53:21 +0800] "GET /filemanager.php HTTP/1.1" 404 27 "-" "-"
52.167.165.153 - - [15/Nov/2025:20:53:21 +0800] "GET /x.php HTTP/1.1" 404 27 "-" "-"
52.167.165.153 - - [15/Nov/2025:20:53:21 +0800] "GET /asd67.php HTTP/1.1" 404 27 "-" "-"
52.167.165.153 - - [15/Nov/2025:20:53:22 +0800] "GET /alam.php HTTP/1.1" 404 27 "-" "-"
52.167.165.153 - - [15/Nov/2025:20:53:22 +0800] "GET /700.php HTTP/1.1" 404 27 "-" "-"
52.167.165.153 - - [15/Nov/2025:20:53:22 +0800] "GET /fifi.php HTTP/1.1" 404 27 "-" "-"
36.133.115.36 - - [15/Nov/2025:20:53:23 +0800] "POST /wp-cron.php?doing_wp_cron=1763211203.8130209445953369140625 HTTP/1.1" 200 31 "-" "WordPress/6.8.3; http://cqqizhou.com"
52.167.165.153 - - [15/Nov/2025:20:53:23 +0800] "GET /wp-signup.php HTTP/1.1" 302 5 "-" "-"
52.167.165.153 - - [15/Nov/2025:20:53:26 +0800] "GET /wp-login.php?action=register HTTP/1.1" 302 5 "-" "-"
52.167.165.153 - - [15/Nov/2025:20:53:27 +0800] "GET /wp-login.php?registration=disabled HTTP/1.1" 200 8853 "-" "-"
52.167.165.153 - - [15/Nov/2025:20:53:27 +0800] "GET /gold.php HTTP/1.1" 404 27 "-" "-"
52.167.165.153 - - [15/Nov/2025:20:53:27 +0800] "GET /blurbs8.php HTTP/1.1" 404 27 "-" "-"
52.167.165.153 - - [15/Nov/2025:20:53:28 +0800] "GET /sid.php HTTP/1.1" 404 27 "-" "-"
52.167.165.153 - - [15/Nov/2025:20:53:28 +0800] "GET /tinyfilemanager.php HTTP/1.1" 404 27 "-" "-"
52.167.165.153 - - [15/Nov/2025:20:53:28 +0800] "GET /unity.php HTTP/1.1" 404 27 "-" "-"
52.167.165.153 - - [15/Nov/2025:20:53:29 +0800] "GET /wp-content/plugins/hellopress/wp_filemanager.php HTTP/1.1" 404 27 "-" "-"
52.167.165.153 - - [15/Nov/2025:20:53:30 +0800] "GET /cf.php HTTP/1.1" 404 27 "-" "-"
52.167.165.153 - - [15/Nov/2025:20:53:30 +0800] "GET /get.php HTTP/1.1" 404 27 "-" "-"
52.167.165.153 - - [15/Nov/2025:20:53:31 +0800] "GET /v3.php HTTP/1.1" 404 27 "-" "-"
52.167.165.153 - - [15/Nov/2025:20:53:31 +0800] "GET /.well-known/ws.php HTTP/1.1" 404 27 "-" "-"
52.167.165.153 - - [15/Nov/2025:20:53:31 +0800] "GET /wteed.php HTTP/1.1" 404 27 "-" "-"
52.167.165.153 - - [15/Nov/2025:20:53:31 +0800] "GET /nc4.php HTTP/1.1" 404 27 "-" "-"
52.167.165.153 - - [15/Nov/2025:20:53:32 +0800] "GET /ntgn.php HTTP/1.1" 404 27 "-" "-"
52.167.165.153 - - [15/Nov/2025:20:53:32 +0800] "GET /ioxi-o.php HTTP/1.1" 404 27 "-" "-"
52.167.165.153 - - [15/Nov/2025:20:53:33 +0800] "GET /ws.php HTTP/1.1" 404 27 "-" "-"
52.167.165.153 - - [15/Nov/2025:20:53:33 +0800] "GET /7h.php HTTP/1.1" 404 27 "-" "-"
52.167.165.153 - - [15/Nov/2025:20:53:33 +0800] "GET /gg.php HTTP/1.1" 404 27 "-" "-"
52.167.165.153 - - [15/Nov/2025:20:53:34 +0800] "GET /co.php HTTP/1.1" 404 27 "-" "-"
52.167.165.153 - - [15/Nov/2025:20:53:34 +0800] "GET /mjq.php HTTP/1.1" 404 27 "-" "-"
52.167.165.153 - - [15/Nov/2025:20:53:36 +0800] "GET /rdfe.php HTTP/1.1" 404 27 "-" "-"
52.167.165.153 - - [15/Nov/2025:20:53:36 +0800] "GET /xojryvch.php HTTP/1.1" 404 27 "-" "-"
52.167.165.153 - - [15/Nov/2025:20:53:37 +0800] "GET /reyna.php HTTP/1.1" 404 27 "-" "-"
52.167.165.153 - - [15/Nov/2025:20:53:37 +0800] "GET /css/index.php HTTP/1.1" 404 27 "-" "-"
52.167.165.153 - - [15/Nov/2025:20:53:37 +0800] "GET /unzip.php HTTP/1.1" 404 27 "-" "-"
52.167.165.153 - - [15/Nov/2025:20:53:38 +0800] "GET /cool.php HTTP/1.1" 404 27 "-" "-"
52.167.165.153 - - [15/Nov/2025:20:53:38 +0800] "GET /.well-known/xin1.php?p HTTP/1.1" 404 27 "-" "-"
52.167.165.153 - - [15/Nov/2025:20:53:39 +0800] "GET /axx.php HTTP/1.1" 404 27 "-" "-"
52.167.165.153 - - [15/Nov/2025:20:53:39 +0800] "GET /w3llstore.php HTTP/1.1" 404 27 "-" "-"
52.167.165.153 - - [15/Nov/2025:20:53:39 +0800] "GET /aua.php HTTP/1.1" 404 27 "-" "-"
52.167.165.153 - - [15/Nov/2025:20:53:39 +0800] "GET /c4.php HTTP/1.1" 404 27 "-" "-"
52.167.165.153 - - [15/Nov/2025:20:53:40 +0800] "GET /bu5.php HTTP/1.1" 404 27 "-" "-"
52.167.165.153 - - [15/Nov/2025:20:53:40 +0800] "GET /lhh2.php HTTP/1.1" 404 27 "-" "-"
52.167.165.153 - - [15/Nov/2025:20:53:41 +0800] "GET /an.php HTTP/1.1" 404 27 "-" "-"
52.167.165.153 - - [15/Nov/2025:20:53:41 +0800] "GET /aw.php HTTP/1.1" 404 27 "-" "-"
52.167.165.153 - - [15/Nov/2025:20:53:41 +0800] "GET /as.php HTTP/1.1" 404 27 "-" "-"
52.167.165.153 - - [15/Nov/2025:20:53:42 +0800] "GET /new.php HTTP/1.1" 404 27 "-" "-"
52.167.165.153 - - [15/Nov/2025:20:53:42 +0800] "GET /Okxob.php HTTP/1.1" 404 27 "-" "-"
52.167.165.153 - - [15/Nov/2025:20:53:42 +0800] "GET /ahax.php HTTP/1.1" 404 27 "-" "-"
52.167.165.153 - - [15/Nov/2025:20:53:43 +0800] "GET /cache.php HTTP/1.1" 404 27 "-" "-"
52.167.165.153 - - [15/Nov/2025:20:53:43 +0800] "GET /ffile.php HTTP/1.1" 404 27 "-" "-"
52.167.165.153 - - [15/Nov/2025:20:53:43 +0800] "GET /nxac.php HTTP/1.1" 404 27 "-" "-"
52.167.165.153 - - [15/Nov/2025:20:53:44 +0800] "GET /thh.php HTTP/1.1" 404 27 "-" "-"
52.167.165.153 - - [15/Nov/2025:20:53:44 +0800] "GET /wp-includes/buy.php HTTP/1.1" 404 27 "-" "-"
52.167.165.153 - - [15/Nov/2025:20:53:45 +0800] "GET /baxa1.phP8 HTTP/1.1" 301 5 "-" "-"
36.133.115.36 - - [15/Nov/2025:20:53:46 +0800] "POST /wp-cron.php?doing_wp_cron=1763211226.6149051189422607421875 HTTP/1.1" 200 31 "-" "WordPress/6.8.3; http://cqqizhou.com"
52.167.165.153 - - [15/Nov/2025:20:53:46 +0800] "GET /baxa1.phP8 HTTP/1.1" 404 31381 "-" "-"
52.167.165.153 - - [15/Nov/2025:20:53:47 +0800] "GET /lo.php HTTP/1.1" 404 27 "-" "-"
52.167.165.153 - - [15/Nov/2025:20:53:47 +0800] "GET /fb.php HTTP/1.1" 404 27 "-" "-"
52.167.165.153 - - [15/Nov/2025:20:53:47 +0800] "GET /wp-update.php HTTP/1.1" 404 27 "-" "-"
52.167.165.153 - - [15/Nov/2025:20:53:48 +0800] "GET /slo.php HTTP/1.1" 404 27 "-" "-"
52.167.165.153 - - [15/Nov/2025:20:53:48 +0800] "GET /dropdown.php HTTP/1.1" 404 27 "-" "-"
52.167.165.153 - - [15/Nov/2025:20:53:49 +0800] "GET /pp.php HTTP/1.1" 404 27 "-" "-"
52.167.165.153 - - [15/Nov/2025:20:53:49 +0800] "GET /wp-content/themes/pridmag/db.php?u HTTP/1.1" 404 27 "-" "-"
52.167.165.153 - - [15/Nov/2025:20:53:49 +0800] "GET /bqcheck.php HTTP/1.1" 404 27 "-" "-"
52.167.165.153 - - [15/Nov/2025:20:53:50 +0800] "GET /13k.php HTTP/1.1" 404 27 "-" "-"
52.167.165.153 - - [15/Nov/2025:20:53:50 +0800] "GET /ar.php HTTP/1.1" 404 27 "-" "-"
52.167.165.153 - - [15/Nov/2025:20:53:51 +0800] "GET /bv3.php HTTP/1.1" 404 27 "-" "-"
52.167.165.153 - - [15/Nov/2025:20:53:51 +0800] "GET /aa.php HTTP/1.1" 404 27 "-" "-"
52.167.165.153 - - [15/Nov/2025:20:53:52 +0800] "GET /racs3.php HTTP/1.1" 404 27 "-" "-"
52.167.165.153 - - [15/Nov/2025:20:53:52 +0800] "GET /content.php HTTP/1.1" 404 27 "-" "-"
52.167.165.153 - - [15/Nov/2025:20:53:52 +0800] "GET /lufix.php HTTP/1.1" 404 27 "-" "-"
52.167.165.153 - - [15/Nov/2025:20:53:52 +0800] "GET /bluejackets.php HTTP/1.1" 404 27 "-" "-"
52.167.165.153 - - [15/Nov/2025:20:53:53 +0800] "GET /zt2.php HTTP/1.1" 404 27 "-" "-"
52.167.165.153 - - [15/Nov/2025:20:53:53 +0800] "GET /f35.php HTTP/1.1" 404 27 "-" "-"
52.167.165.153 - - [15/Nov/2025:20:54:15 +0800] "GET /modules/mod_simplefileuploadv1.3/elements/wpxadmin.php HTTP/1.1" 404 27 "-" "-"
52.167.165.153 - - [15/Nov/2025:20:54:16 +0800] "GET /aa8.php HTTP/1.1" 404 27 "-" "-"
52.167.165.153 - - [15/Nov/2025:20:54:16 +0800] "GET /xl.php HTTP/1.1" 404 27 "-" "-"
52.167.165.153 - - [15/Nov/2025:20:54:16 +0800] "GET /r4f_1.php HTTP/1.1" 404 27 "-" "-"
52.167.165.153 - - [15/Nov/2025:20:54:17 +0800] "GET /sarang.php HTTP/1.1" 404 27 "-" "-"
52.167.165.153 - - [15/Nov/2025:20:54:17 +0800] "GET /goods.php HTTP/1.1" 404 27 "-" "-"
52.167.165.153 - - [15/Nov/2025:20:54:18 +0800] "GET /6.php HTTP/1.1" 404 27 "-" "-"
52.167.165.153 - - [15/Nov/2025:20:54:18 +0800] "GET /xo.php HTTP/1.1" 404 27 "-" "-"
52.167.165.153 - - [15/Nov/2025:20:54:18 +0800] "GET /ggs.php HTTP/1.1" 404 27 "-" "-"
52.167.165.153 - - [15/Nov/2025:20:54:18 +0800] "GET /wsr2.php?p= HTTP/1.1" 404 27 "-" "-"
52.167.165.153 - - [15/Nov/2025:20:54:19 +0800] "GET /class9.php HTTP/1.1" 404 27 "-" "-"
52.167.165.153 - - [15/Nov/2025:20:54:19 +0800] "GET /public/wsr2.php HTTP/1.1" 404 27 "-" "-"
52.167.165.153 - - [15/Nov/2025:20:54:20 +0800] "GET /tcp.php HTTP/1.1" 404 27 "-" "-"
52.167.165.153 - - [15/Nov/2025:20:54:20 +0800] "GET /witmm.php HTTP/1.1" 404 27 "-" "-"
52.167.165.153 - - [15/Nov/2025:20:54:20 +0800] "GET /fm.php HTTP/1.1" 404 27 "-" "-"
52.167.165.153 - - [15/Nov/2025:20:54:20 +0800] "GET /jga.php HTTP/1.1" 404 27 "-" "-"
52.167.165.153 - - [15/Nov/2025:20:54:21 +0800] "GET /nxx.php HTTP/1.1" 404 27 "-" "-"
52.167.165.153 - - [15/Nov/2025:20:54:21 +0800] "GET /aaaa.php HTTP/1.1" 404 27 "-" "-"
52.167.165.153 - - [15/Nov/2025:20:54:22 +0800] "GET /2.php HTTP/1.1" 404 27 "-" "-"
52.167.165.153 - - [15/Nov/2025:20:54:22 +0800] "GET /ss.php HTTP/1.1" 404 27 "-" "-"
52.167.165.153 - - [15/Nov/2025:20:54:23 +0800] "GET /zc.php HTTP/1.1" 404 27 "-" "-"
52.167.165.153 - - [15/Nov/2025:20:54:24 +0800] "GET /dex.php HTTP/1.1" 404 27 "-" "-"
52.167.165.153 - - [15/Nov/2025:20:54:24 +0800] "GET /sad.php HTTP/1.1" 404 27 "-" "-"
52.167.165.153 - - [15/Nov/2025:20:54:25 +0800] "GET /wp.php HTTP/1.1" 404 27 "-" "-"
52.167.165.153 - - [15/Nov/2025:20:54:25 +0800] "GET /wp-gr.php HTTP/1.1" 404 27 "-" "-"
52.167.165.153 - - [15/Nov/2025:20:54:26 +0800] "GET /cfile.php HTTP/1.1" 404 27 "-" "-"
52.167.165.153 - - [15/Nov/2025:20:54:26 +0800] "GET /sder52u.php HTTP/1.1" 404 27 "-" "-"
52.167.165.153 - - [15/Nov/2025:20:54:26 +0800] "GET /asserter.php HTTP/1.1" 404 27 "-" "-"
52.167.165.153 - - [15/Nov/2025:20:54:27 +0800] "GET /ol.php HTTP/1.1" 404 27 "-" "-"
52.167.165.153 - - [15/Nov/2025:20:54:27 +0800] "GET /pass.php HTTP/1.1" 404 27 "-" "-"
52.167.165.153 - - [15/Nov/2025:20:54:28 +0800] "GET /l.php HTTP/1.1" 404 27 "-" "-"
52.167.165.153 - - [15/Nov/2025:20:54:28 +0800] "GET /ot.php HTTP/1.1" 404 27 "-" "-"
52.167.165.153 - - [15/Nov/2025:20:54:28 +0800] "GET /wp-rss4.php HTTP/1.1" 404 27 "-" "-"
52.167.165.153 - - [15/Nov/2025:20:54:28 +0800] "GET /dev.php HTTP/1.1" 404 27 "-" "-"
52.167.165.153 - - [15/Nov/2025:20:54:29 +0800] "GET /bin.php HTTP/1.1" 404 27 "-" "-"
52.167.165.153 - - [15/Nov/2025:20:54:29 +0800] "GET /yee.php HTTP/1.1" 404 27 "-" "-"
52.167.165.153 - - [15/Nov/2025:20:54:29 +0800] "GET /epinyins.php HTTP/1.1" 404 27 "-" "-"
52.167.165.153 - - [15/Nov/2025:20:54:30 +0800] "GET /aa17.php HTTP/1.1" 404 27 "-" "-"
52.167.165.153 - - [15/Nov/2025:20:54:30 +0800] "GET /winkel.php HTTP/1.1" 404 27 "-" "-"
52.167.165.153 - - [15/Nov/2025:20:54:30 +0800] "GET /ef.php HTTP/1.1" 404 27 "-" "-"
52.167.165.153 - - [15/Nov/2025:20:54:31 +0800] "GET /gifclass4.php HTTP/1.1" 404 27 "-" "-"
52.167.165.153 - - [15/Nov/2025:20:54:31 +0800] "GET /667.php HTTP/1.1" 404 27 "-" "-"
52.167.165.153 - - [15/Nov/2025:20:54:32 +0800] "GET /we.php HTTP/1.1" 404 27 "-" "-"
52.167.165.153 - - [15/Nov/2025:20:54:32 +0800] "GET /wp-su.php HTTP/1.1" 404 27 "-" "-"
52.167.165.153 - - [15/Nov/2025:20:54:33 +0800] "GET /t3x.php HTTP/1.1" 404 27 "-" "-"
52.167.165.153 - - [15/Nov/2025:20:54:33 +0800] "GET /13.php HTTP/1.1" 404 27 "-" "-"
52.167.165.153 - - [15/Nov/2025:20:54:33 +0800] "GET /yasnu.php HTTP/1.1" 404 27 "-" "-"
52.167.165.153 - - [15/Nov/2025:20:54:34 +0800] "GET /trd.php HTTP/1.1" 404 27 "-" "-"
52.167.165.153 - - [15/Nov/2025:20:54:34 +0800] "GET /oiepfuav.php HTTP/1.1" 404 27 "-" "-"
52.167.165.153 - - [15/Nov/2025:20:54:35 +0800] "GET /02.php HTTP/1.1" 404 27 "-" "-"
52.167.165.153 - - [15/Nov/2025:20:54:35 +0800] "GET /file2.php HTTP/1.1" 404 27 "-" "-"
52.167.165.153 - - [15/Nov/2025:20:54:35 +0800] "GET /makeasmtp.php HTTP/1.1" 404 27 "-" "-"
52.167.165.153 - - [15/Nov/2025:20:54:36 +0800] "GET /upload.php HTTP/1.1" 404 27 "-" "-"
52.167.165.153 - - [15/Nov/2025:20:54:36 +0800] "GET /btufulhs.php HTTP/1.1" 404 27 "-" "-"
52.167.165.153 - - [15/Nov/2025:20:54:36 +0800] "GET /ant.php HTTP/1.1" 404 27 "-" "-"
52.167.165.153 - - [15/Nov/2025:20:54:36 +0800] "GET /bb5.php HTTP/1.1" 404 27 "-" "-"
52.167.165.153 - - [15/Nov/2025:20:54:37 +0800] "GET /akc.php HTTP/1.1" 404 27 "-" "-"
52.167.165.153 - - [15/Nov/2025:20:54:38 +0800] "GET /s.php HTTP/1.1" 404 27 "-" "-"
52.167.165.153 - - [15/Nov/2025:20:54:38 +0800] "GET /yzkvrell.php HTTP/1.1" 404 27 "-" "-"
52.167.165.153 - - [15/Nov/2025:20:54:39 +0800] "GET /gmo.php HTTP/1.1" 404 27 "-" "-"
52.167.165.153 - - [15/Nov/2025:20:54:39 +0800] "GET /zc-749.php HTTP/1.1" 404 27 "-" "-"
52.167.165.153 - - [15/Nov/2025:20:54:39 +0800] "GET /.well-known/fm.php HTTP/1.1" 404 27 "-" "-"
52.167.165.153 - - [15/Nov/2025:20:54:39 +0800] "GET /ava.php HTTP/1.1" 404 27 "-" "-"
52.167.165.153 - - [15/Nov/2025:20:54:40 +0800] "GET /nqsa.php HTTP/1.1" 404 27 "-" "-"
52.167.165.153 - - [15/Nov/2025:20:54:40 +0800] "GET /2020.php HTTP/1.1" 404 27 "-" "-"
52.167.165.153 - - [15/Nov/2025:20:54:40 +0800] "GET /rak.php HTTP/1.1" 404 27 "-" "-"
52.167.165.153 - - [15/Nov/2025:20:54:41 +0800] "GET /bypass.php HTTP/1.1" 404 27 "-" "-"
52.167.165.153 - - [15/Nov/2025:20:54:41 +0800] "GET /zr.php HTTP/1.1" 404 27 "-" "-"
52.167.165.153 - - [15/Nov/2025:20:54:42 +0800] "GET /wander.php HTTP/1.1" 404 27 "-" "-"
52.167.165.153 - - [15/Nov/2025:20:54:42 +0800] "GET /lock360.php HTTP/1.1" 404 27 "-" "-"
52.167.165.153 - - [15/Nov/2025:20:54:43 +0800] "GET /great.php HTTP/1.1" 404 27 "-" "-"
52.167.165.153 - - [15/Nov/2025:20:54:43 +0800] "GET /fifii.php HTTP/1.1" 404 27 "-" "-"
52.167.165.153 - - [15/Nov/2025:20:54:43 +0800] "GET /12.php HTTP/1.1" 404 27 "-" "-"
52.167.165.153 - - [15/Nov/2025:20:54:44 +0800] "GET /efile.php HTTP/1.1" 404 27 "-" "-"
52.167.165.153 - - [15/Nov/2025:20:54:44 +0800] "GET /past1.php HTTP/1.1" 404 27 "-" "-"
52.167.165.153 - - [15/Nov/2025:20:54:44 +0800] "GET /7.php HTTP/1.1" 404 27 "-" "-"
52.167.165.153 - - [15/Nov/2025:20:54:44 +0800] "GET /4563.php HTTP/1.1" 404 27 "-" "-"
52.167.165.153 - - [15/Nov/2025:20:54:45 +0800] "GET /re.php HTTP/1.1" 404 27 "-" "-"
52.167.165.153 - - [15/Nov/2025:20:54:45 +0800] "GET /up.php HTTP/1.1" 404 27 "-" "-"
52.167.165.153 - - [15/Nov/2025:20:54:45 +0800] "GET /35.php HTTP/1.1" 404 27 "-" "-"
52.167.165.153 - - [15/Nov/2025:20:54:46 +0800] "GET /witm.php HTTP/1.1" 404 27 "-" "-"
52.167.165.153 - - [15/Nov/2025:20:54:46 +0800] "GET /atomlib.php HTTP/1.1" 404 27 "-" "-"
52.167.165.153 - - [15/Nov/2025:20:54:46 +0800] "GET /bless2.php HTTP/1.1" 404 27 "-" "-"
52.167.165.153 - - [15/Nov/2025:20:54:46 +0800] "GET /new4.php HTTP/1.1" 404 27 "-" "-"
52.167.165.153 - - [15/Nov/2025:20:54:47 +0800] "GET /wsr2.php HTTP/1.1" 404 27 "-" "-"
52.167.165.153 - - [15/Nov/2025:20:54:47 +0800] "GET /shlo.php HTTP/1.1" 404 27 "-" "-"
52.167.165.153 - - [15/Nov/2025:20:54:48 +0800] "GET /CLA.php HTTP/1.1" 404 27 "-" "-"
52.167.165.153 - - [15/Nov/2025:20:54:48 +0800] "GET /kill-9-1.php HTTP/1.1" 404 27 "-" "-"
36.133.115.36 - - [15/Nov/2025:21:41:18 +0800] "POST /wp-cron.php?doing_wp_cron=1763214078.0975570678710937500000 HTTP/1.1" 200 31 "-" "WordPress/6.8.3; http://cqqizhou.com"
121.43.117.159 - - [15/Nov/2025:21:41:18 +0800] "GET / HTTP/1.1" 301 5 "-" "Mozilla/5.0 (Windows NT 10.0; Win64; x64) AppleWebKit/537.36 (KHTML, like Gecko) Chrome/59.0.3071.115 Safari/537.36"
36.133.115.36 - - [15/Nov/2025:22:06:44 +0800] "POST /wp-cron.php?doing_wp_cron=1763215604.5758249759674072265625 HTTP/1.1" 200 31 "-" "WordPress/6.8.3; http://cqqizhou.com"
216.73.216.183 - - [15/Nov/2025:22:06:44 +0800] "GET /robots.txt HTTP/1.1" 200 390 "-" "Mozilla/5.0 AppleWebKit/537.36 (KHTML, like Gecko; compatible; ClaudeBot/1.0; +claudebot@anthropic.com)"
216.73.216.183 - - [15/Nov/2025:22:06:45 +0800] "GET /wp-sitemap.xml HTTP/1.1" 501 253 "-" "Mozilla/5.0 AppleWebKit/537.36 (KHTML, like Gecko; compatible; ClaudeBot/1.0; +claudebot@anthropic.com)"
36.133.115.36 - - [15/Nov/2025:22:12:56 +0800] "POST /wp-cron.php?doing_wp_cron=1763215976.0303149223327636718750 HTTP/1.1" 200 31 "-" "WordPress/6.8.3; http://cqqizhou.com"
52.167.144.66 - - [15/Nov/2025:22:12:56 +0800] "GET /robots.txt HTTP/1.1" 200 190 "-" "Mozilla/5.0 AppleWebKit/537.36 (KHTML, like Gecko; compatible; bingbot/2.0; +http://www.bing.com/bingbot.htm) Chrome/116.0.1938.76 Safari/537.36"
36.133.115.36 - - [15/Nov/2025:22:22:15 +0800] "POST /wp-cron.php?doing_wp_cron=1763216535.1607310771942138671875 HTTP/1.1" 200 31 "-" "WordPress/6.8.3; http://cqqizhou.com"
43.153.71.12 - - [15/Nov/2025:22:22:15 +0800] "GET / HTTP/1.1" 200 33527 "-" "Mozilla/5.0 (iPhone; CPU iPhone OS 13_2_3 like Mac OS X) AppleWebKit/605.1.15 (KHTML, like Gecko) Version/13.0.3 Mobile/15E148 Safari/604.1"
36.133.115.36 - - [15/Nov/2025:22:38:15 +0800] "POST /wp-cron.php?doing_wp_cron=1763217495.2921230792999267578125 HTTP/1.1" 200 31 "-" "WordPress/6.8.3; http://cqqizhou.com"
18.212.88.233 - - [15/Nov/2025:22:38:15 +0800] "GET / HTTP/1.1" 301 5 "-" "Mozilla/5.0 (Windows NT 10.0; Win64; x64) AppleWebKit/537.36 (KHTML, like Gecko) Chrome/136.0.0.0 Safari/537.36"
36.133.115.36 - - [15/Nov/2025:22:38:31 +0800] "POST /wp-cron.php?doing_wp_cron=1763217511.7968750000000000000000 HTTP/1.1" 200 31 "-" "WordPress/6.8.3; http://cqqizhou.com"
49.51.243.156 - - [15/Nov/2025:22:38:32 +0800] "GET / HTTP/1.1" 200 33527 "-" "Mozilla/5.0 (iPhone; CPU iPhone OS 13_2_3 like Mac OS X) AppleWebKit/605.1.15 (KHTML, like Gecko) Version/13.0.3 Mobile/15E148 Safari/604.1"
36.133.115.36 - - [15/Nov/2025:23:01:56 +0800] "POST /wp-cron.php?doing_wp_cron=1763218916.2534759044647216796875 HTTP/1.1" 200 31 "-" "WordPress/6.8.3; http://cqqizhou.com"
34.140.63.209 - - [15/Nov/2025:23:01:56 +0800] "GET / HTTP/1.1" 301 5 "-" "python-requests/2.32.5"