5.161.85.218 - - [06/Oct/2025:20:26:12 +0800] "POST /wp-login.php HTTP/1.1" 200 2919 "http://cqqizhou.com" "Mozilla/5.0 (Windows NT 10.0; Win64; x64) AppleWebKit/537.36 (KHTML, like Gecko) Chrome/114.0.5735.199 Safari/537.36 Edg/114.0.1823.67"
36.133.115.36 - - [06/Oct/2025:20:30:22 +0800] "POST /wp-cron.php?doing_wp_cron=1759753822.4741361141204833984375 HTTP/1.1" 200 31 "-" "WordPress/6.8.2; http://cqqizhou.com"
134.199.167.86 - - [06/Oct/2025:20:30:22 +0800] "GET / HTTP/1.1" 301 5 "-" "Mozilla/5.0 (Windows NT 10.0; Win64; x64) AppleWebKit/537.36 (KHTML, like Gecko) Chrome/108.0.0.0 Safari/537.36"
134.199.167.86 - - [06/Oct/2025:20:30:23 +0800] "GET / HTTP/1.1" 200 39369 "http://36.133.115.36/" "Mozilla/5.0 (Windows NT 10.0; Win64; x64) AppleWebKit/537.36 (KHTML, like Gecko) Chrome/108.0.0.0 Safari/537.36"
134.199.167.86 - - [06/Oct/2025:20:30:24 +0800] "GET /form.html HTTP/1.1" 404 8991 "-" "curl/8.1.2"
134.199.167.86 - - [06/Oct/2025:20:30:25 +0800] "GET /upl.php HTTP/1.1" 404 47 "-" "Mozilla/5.0"
134.199.167.86 - - [06/Oct/2025:20:30:25 +0800] "GET /t4 HTTP/1.1" 404 8990 "-" "Mozilla/5.0"
134.199.167.86 - - [06/Oct/2025:20:30:26 +0800] "GET /geoip/ HTTP/1.1" 404 8990 "-" "Mozilla/5.0 (Windows NT 10.0; Win64; x64) AppleWebKit/537.36 (KHTML, like Gecko) Chrome/108.0.0.0 Safari/537.36"
134.199.167.86 - - [06/Oct/2025:20:30:27 +0800] "GET /1.php HTTP/1.1" 404 47 "-" "Mozilla/5.0 (Windows NT 10.0; Win64; x64) AppleWebKit/537.36 (KHTML, like Gecko) Chrome/108.0.0.0 Safari/537.36"
134.199.167.86 - - [06/Oct/2025:20:30:27 +0800] "GET /systembc/password.php HTTP/1.1" 404 47 "-" "Mozilla/5.0 (Windows NT 10.0; Win64; x64) AppleWebKit/537.36 (KHTML, like Gecko) Chrome/108.0.0.0 Safari/537.36"
134.199.167.86 - - [06/Oct/2025:20:30:28 +0800] "GET /password.php HTTP/1.1" 404 47 "-" "Mozilla/5.0 (Windows NT 10.0; Win64; x64) AppleWebKit/537.36 (KHTML, like Gecko) Chrome/108.0.0.0 Safari/537.36"
36.133.115.36 - - [06/Oct/2025:20:31:35 +0800] "POST /wp-cron.php?doing_wp_cron=1759753895.3050959110260009765625 HTTP/1.1" 200 31 "-" "WordPress/6.8.2; http://cqqizhou.com"
45.142.195.99 - - [06/Oct/2025:20:31:35 +0800] "GET / HTTP/1.1" 200 33467 "-" "Mozilla/5.0 (Windows NT 10.0; Win64; x64) AppleWebKit/537.36 (KHTML, like Gecko) Chrome/90.0.4430.85 Safari/537.36 Edg/90.0.818.46"
36.133.115.36 - - [06/Oct/2025:20:40:59 +0800] "POST /wp-cron.php?doing_wp_cron=1759754459.7138810157775878906250 HTTP/1.1" 200 31 "-" "WordPress/6.8.2; http://cqqizhou.com"
92.204.53.8 - - [06/Oct/2025:20:40:59 +0800] "POST /xmlrpc.php HTTP/1.1" 200 217 "http://cqqizhou.com" "Mozilla/5.0 (Windows NT 11.0; Win64; x64; rv:126.0) Gecko/20100101 Firefox/126.0"
92.204.53.8 - - [06/Oct/2025:20:41:01 +0800] "POST /wp-login.php HTTP/1.1" 200 2919 "http://cqqizhou.com" "Mozilla/5.0 (Macintosh; Intel Mac OS X 14.3) AppleWebKit/614.31.14 (KHTML, like Gecko) Version/17.0.96 Safari/614.31.14"
36.133.115.36 - - [06/Oct/2025:20:43:53 +0800] "POST /wp-cron.php?doing_wp_cron=1759754633.9541199207305908203125 HTTP/1.1" 200 31 "-" "WordPress/6.8.2; http://cqqizhou.com"
87.120.191.6 - - [06/Oct/2025:20:43:54 +0800] "GET / HTTP/1.1" 200 33467 "-" "Mozilla/5.0 (Windows NT 10.0; Win64; x64) AppleWebKit/537.36 (KHTML, like Gecko) Chrome/90.0.4430.85 Safari/537.36 Edg/90.0.818.46"
36.133.115.36 - - [06/Oct/2025:20:47:50 +0800] "POST /wp-cron.php?doing_wp_cron=1759754870.0044200420379638671875 HTTP/1.1" 200 31 "-" "WordPress/6.8.2; http://cqqizhou.com"
87.120.191.70 - - [06/Oct/2025:20:47:50 +0800] "GET / HTTP/1.1" 200 33467 "-" "Mozilla/5.0 (Windows NT 10.0; Win64; x64) AppleWebKit/537.36 (KHTML, like Gecko) Chrome/90.0.4430.85 Safari/537.36 Edg/90.0.818.46"
87.120.191.90 - - [06/Oct/2025:20:48:05 +0800] "GET / HTTP/1.1" 200 33467 "-" "Mozilla/5.0 (Windows NT 10.0; Win64; x64) AppleWebKit/537.36 (KHTML, like Gecko) Chrome/90.0.4430.85 Safari/537.36 Edg/90.0.818.46"
36.133.115.36 - - [06/Oct/2025:20:49:23 +0800] "POST /wp-cron.php?doing_wp_cron=1759754963.7646479606628417968750 HTTP/1.1" 200 31 "-" "WordPress/6.8.2; http://cqqizhou.com"
87.120.191.92 - - [06/Oct/2025:20:49:24 +0800] "GET / HTTP/1.1" 200 33467 "-" "Mozilla/5.0 (Windows NT 10.0; Win64; x64) AppleWebKit/537.36 (KHTML, like Gecko) Chrome/90.0.4430.85 Safari/537.36 Edg/90.0.818.46"
36.133.115.36 - - [06/Oct/2025:20:52:48 +0800] "POST /wp-cron.php?doing_wp_cron=1759755168.8251791000366210937500 HTTP/1.1" 200 31 "-" "WordPress/6.8.2; http://cqqizhou.com"
87.120.191.91 - - [06/Oct/2025:20:52:49 +0800] "GET / HTTP/1.1" 200 33467 "-" "Mozilla/5.0 (Windows NT 10.0; Win64; x64) AppleWebKit/537.36 (KHTML, like Gecko) Chrome/90.0.4430.85 Safari/537.36 Edg/90.0.818.46"
36.133.115.36 - - [06/Oct/2025:20:55:39 +0800] "POST /wp-cron.php?doing_wp_cron=1759755339.1797270774841308593750 HTTP/1.1" 200 31 "-" "WordPress/6.8.2; http://cqqizhou.com"
188.166.127.27 - - [06/Oct/2025:20:55:39 +0800] "POST /xmlrpc.php HTTP/1.1" 200 217 "http://cqqizhou.com" "Mozilla/5.0 (Windows NT 10.0; Win64; x64; rv:128.0) Gecko/20100101 Firefox/128.0"
188.166.127.27 - - [06/Oct/2025:20:55:40 +0800] "POST /wp-login.php HTTP/1.1" 200 2919 "http://cqqizhou.com" "Mozilla/5.0 (Macintosh; Intel Mac OS X 14_4_1) AppleWebKit/605.1.15 (KHTML, like Gecko) Version/17.3.1 Safari/605.1.15"
36.133.115.36 - - [06/Oct/2025:21:08:45 +0800] "POST /wp-cron.php?doing_wp_cron=1759756125.3058550357818603515625 HTTP/1.1" 200 31 "-" "WordPress/6.8.2; http://cqqizhou.com"
195.178.110.15 - - [06/Oct/2025:21:08:45 +0800] "GET / HTTP/1.1" 301 5 "-" "l9tcpid/v1.1.0"
36.133.115.36 - - [06/Oct/2025:21:10:40 +0800] "POST /wp-cron.php?doing_wp_cron=1759756240.7298209667205810546875 HTTP/1.1" 200 31 "-" "WordPress/6.8.2; http://cqqizhou.com"
165.22.210.249 - - [06/Oct/2025:21:10:40 +0800] "POST /xmlrpc.php HTTP/1.1" 200 217 "http://cqqizhou.com" "Mozilla/5.0 (Macintosh; Intel Mac OS X 13_3) AppleWebKit/537.36 (KHTML, like Gecko) Chrome/126.0.0.0 Safari/537.36 Edg/126.0.0.0"
165.22.210.249 - - [06/Oct/2025:21:10:43 +0800] "POST /wp-login.php HTTP/1.1" 200 2919 "http://cqqizhou.com" "Mozilla/5.0 (Macintosh; Intel Mac OS X 10.15; rv:126.0) Gecko/20100101 Firefox/126.0"
20.171.59.246 - - [06/Oct/2025:21:11:43 +0800] "GET /aa.php HTTP/1.1" 404 27 "-" "-"
20.171.59.246 - - [06/Oct/2025:21:11:43 +0800] "GET /about.php HTTP/1.1" 404 27 "-" "-"
20.171.59.246 - - [06/Oct/2025:21:11:44 +0800] "GET /admin.php HTTP/1.1" 404 27 "-" "-"
20.171.59.246 - - [06/Oct/2025:21:11:44 +0800] "GET /akc.php HTTP/1.1" 404 27 "-" "-"
20.171.59.246 - - [06/Oct/2025:21:11:44 +0800] "GET /alfa.php HTTP/1.1" 404 27 "-" "-"
20.171.59.246 - - [06/Oct/2025:21:11:44 +0800] "GET /asasx.php HTTP/1.1" 404 27 "-" "-"
20.171.59.246 - - [06/Oct/2025:21:11:44 +0800] "GET /atomlib.php HTTP/1.1" 404 27 "-" "-"
20.171.59.246 - - [06/Oct/2025:21:11:45 +0800] "GET /autoload_classmap.php HTTP/1.1" 404 27 "-" "-"
20.171.59.246 - - [06/Oct/2025:21:11:45 +0800] "GET /autoload_classmap/function.php HTTP/1.1" 404 27 "-" "-"
20.171.59.246 - - [06/Oct/2025:21:11:45 +0800] "GET /buy.php HTTP/1.1" 404 27 "-" "-"
20.171.59.246 - - [06/Oct/2025:21:11:45 +0800] "GET /chosen.php HTTP/1.1" 404 27 "-" "-"
20.171.59.246 - - [06/Oct/2025:21:11:46 +0800] "GET /classwithtostring.php HTTP/1.1" 404 27 "-" "-"
20.171.59.246 - - [06/Oct/2025:21:11:46 +0800] "GET /cong.php HTTP/1.1" 404 27 "-" "-"
20.171.59.246 - - [06/Oct/2025:21:11:46 +0800] "GET /edit.php HTTP/1.1" 404 27 "-" "-"
20.171.59.246 - - [06/Oct/2025:21:11:46 +0800] "GET /file.php HTTP/1.1" 404 27 "-" "-"
20.171.59.246 - - [06/Oct/2025:21:11:46 +0800] "GET /file2.php HTTP/1.1" 404 27 "-" "-"
20.171.59.246 - - [06/Oct/2025:21:11:47 +0800] "GET /flower.php HTTP/1.1" 404 27 "-" "-"
20.171.59.246 - - [06/Oct/2025:21:11:47 +0800] "GET /gecko.php HTTP/1.1" 404 27 "-" "-"
20.171.59.246 - - [06/Oct/2025:21:11:47 +0800] "GET /goat.php HTTP/1.1" 404 27 "-" "-"
20.171.59.246 - - [06/Oct/2025:21:11:47 +0800] "GET /goods.php HTTP/1.1" 404 27 "-" "-"
20.171.59.246 - - [06/Oct/2025:21:11:47 +0800] "GET /ioxi-o.php HTTP/1.1" 404 27 "-" "-"
20.171.59.246 - - [06/Oct/2025:21:11:48 +0800] "GET /lock360.php HTTP/1.1" 404 27 "-" "-"
20.171.59.246 - - [06/Oct/2025:21:11:48 +0800] "GET /makeasmtp.php HTTP/1.1" 404 27 "-" "-"
20.171.59.246 - - [06/Oct/2025:21:11:48 +0800] "GET /mm.php HTTP/1.1" 404 27 "-" "-"
20.171.59.246 - - [06/Oct/2025:21:11:48 +0800] "GET /nc4.php HTTP/1.1" 404 27 "-" "-"
20.171.59.246 - - [06/Oct/2025:21:11:48 +0800] "GET /tinyfilemanager.php HTTP/1.1" 404 27 "-" "-"
20.171.59.246 - - [06/Oct/2025:21:11:49 +0800] "GET /users.php HTTP/1.1" 404 27 "-" "-"
20.171.59.246 - - [06/Oct/2025:21:11:49 +0800] "GET /w.php HTTP/1.1" 404 27 "-" "-"
36.133.115.36 - - [06/Oct/2025:21:11:50 +0800] "POST /wp-cron.php?doing_wp_cron=1759756310.2524919509887695312500 HTTP/1.1" 200 31 "-" "WordPress/6.8.2; http://cqqizhou.com"
20.171.59.246 - - [06/Oct/2025:21:11:50 +0800] "GET /wp-admin/ HTTP/1.1" 302 5 "-" "-"
20.171.59.246 - - [06/Oct/2025:21:11:51 +0800] "GET /wp-login.php?redirect_to=http%3A%2F%2Fcqqizhou.com%2Fwp-admin%2F&reauth=1 HTTP/1.1" 200 8672 "-" "-"
20.171.59.246 - - [06/Oct/2025:21:11:51 +0800] "GET /wp-admin/css/colors/blue/index.php HTTP/1.1" 404 27 "-" "-"
20.171.59.246 - - [06/Oct/2025:21:11:51 +0800] "GET /wp-admin/images/moon.php HTTP/1.1" 404 27 "-" "-"
20.171.59.246 - - [06/Oct/2025:21:11:51 +0800] "GET /wp-admin/js/index.php HTTP/1.1" 404 27 "-" "-"
20.171.59.246 - - [06/Oct/2025:21:11:52 +0800] "GET /wp-admin/setup-config.php HTTP/1.1" 409 2667 "-" "-"
20.171.59.246 - - [06/Oct/2025:21:11:52 +0800] "GET /wp-api.php HTTP/1.1" 404 27 "-" "-"
20.171.59.246 - - [06/Oct/2025:21:11:52 +0800] "GET /wp-content/index.php HTTP/1.1" 200 5 "-" "-"
20.171.59.246 - - [06/Oct/2025:21:11:52 +0800] "GET /wp-content/wp-conflg.php HTTP/1.1" 404 27 "-" "-"
20.171.59.246 - - [06/Oct/2025:21:11:52 +0800] "GET /wp-includes/IXR/autoload_classmap.php HTTP/1.1" 404 27 "-" "-"
20.171.59.246 - - [06/Oct/2025:21:11:53 +0800] "GET /wp-includes/fonts/admin.php HTTP/1.1" 404 27 "-" "-"
20.171.59.246 - - [06/Oct/2025:21:11:53 +0800] "GET /wp-includes/fonts/index.php HTTP/1.1" 404 27 "-" "-"
20.171.59.246 - - [06/Oct/2025:21:11:53 +0800] "GET /wp-setup.php HTTP/1.1" 404 27 "-" "-"
20.171.59.246 - - [06/Oct/2025:21:11:53 +0800] "GET /wp.php HTTP/1.1" 404 27 "-" "-"
20.171.59.246 - - [06/Oct/2025:21:11:54 +0800] "GET /wsa.php HTTP/1.1" 404 27 "-" "-"
36.133.115.36 - - [06/Oct/2025:21:18:12 +0800] "POST /wp-cron.php?doing_wp_cron=1759756692.3752110004425048828125 HTTP/1.1" 200 31 "-" "WordPress/6.8.2; http://cqqizhou.com"
51.159.31.250 - - [06/Oct/2025:21:18:12 +0800] "POST /xmlrpc.php HTTP/1.1" 200 217 "http://cqqizhou.com" "Mozilla/5.0 (Macintosh; Intel Mac OS X 10_15_7) AppleWebKit/537.36 (KHTML, like Gecko) Chrome/112.0.5615.138 Safari/537.36"
51.159.31.250 - - [06/Oct/2025:21:18:13 +0800] "POST /wp-login.php HTTP/1.1" 200 2919 "http://cqqizhou.com" "Mozilla/5.0 (Windows NT 10.0; Win64; x64; rv:127.0) Gecko/20100101 Firefox/127.0"
180.153.236.140 - - [06/Oct/2025:21:23:26 +0800] "GET / HTTP/1.1" 200 39369 "-" "Mozilla/5.0 (Windows NT 10.0; Win64; x64) AppleWebKit/537.36 (KHTML, like Gecko) Chrome/119.0.0.0 Safari/537.36"
36.133.115.36 - - [06/Oct/2025:21:23:35 +0800] "POST /wp-cron.php?doing_wp_cron=1759757015.7926878929138183593750 HTTP/1.1" 200 31 "-" "WordPress/6.8.2; http://cqqizhou.com"
180.153.236.71 - - [06/Oct/2025:21:23:35 +0800] "POST /wp-admin/admin-ajax.php HTTP/1.1" 403 33 "http://cqqizhou.com/" "Mozilla/5.0 (Windows NT 10.0; Win64; x64) AppleWebKit/537.36 (KHTML, like Gecko) Chrome/119.0.0.0 Safari/537.36"
42.236.17.6 - - [06/Oct/2025:21:23:40 +0800] "GET / HTTP/1.1" 200 39369 "-" "Mozilla/5.0 (Windows NT 10.0; Win64; x64) AppleWebKit/537.36 (KHTML, like Gecko) Chrome/119.0.0.0 Safari/537.36"
36.133.115.36 - - [06/Oct/2025:21:23:47 +0800] "POST /wp-cron.php?doing_wp_cron=1759757027.4951100349426269531250 HTTP/1.1" 200 31 "-" "WordPress/6.8.2; http://cqqizhou.com"
42.236.17.6 - - [06/Oct/2025:21:23:47 +0800] "POST /wp-admin/admin-ajax.php HTTP/1.1" 403 33 "http://cqqizhou.com/" "Mozilla/5.0 (Windows NT 10.0; Win64; x64) AppleWebKit/537.36 (KHTML, like Gecko) Chrome/119.0.0.0 Safari/537.36"
36.133.115.36 - - [06/Oct/2025:21:25:33 +0800] "POST /wp-cron.php?doing_wp_cron=1759757133.2959680557250976562500 HTTP/1.1" 200 31 "-" "WordPress/6.8.2; http://cqqizhou.com"
43.159.140.236 - - [06/Oct/2025:21:25:33 +0800] "GET / HTTP/1.1" 301 5 "-" "Mozilla/5.0 (iPhone; CPU iPhone OS 13_2_3 like Mac OS X) AppleWebKit/605.1.15 (KHTML, like Gecko) Version/13.0.3 Mobile/15E148 Safari/604.1"
43.159.140.236 - - [06/Oct/2025:21:25:36 +0800] "GET / HTTP/1.1" 200 33467 "http://36.133.115.36" "Mozilla/5.0 (iPhone; CPU iPhone OS 13_2_3 like Mac OS X) AppleWebKit/605.1.15 (KHTML, like Gecko) Version/13.0.3 Mobile/15E148 Safari/604.1"
36.133.115.36 - - [06/Oct/2025:21:27:59 +0800] "POST /wp-cron.php?doing_wp_cron=1759757279.6686170101165771484375 HTTP/1.1" 200 31 "-" "WordPress/6.8.2; http://cqqizhou.com"
178.128.151.73 - - [06/Oct/2025:21:27:59 +0800] "GET / HTTP/1.1" 301 5 "-" "Mozilla/5.0 (X11; Linux x86_64; rv:139.0) Gecko/20100101 Firefox/139.0"
36.133.115.36 - - [06/Oct/2025:21:30:18 +0800] "POST /wp-cron.php?doing_wp_cron=1759757418.6492199897766113281250 HTTP/1.1" 200 31 "-" "WordPress/6.8.2; http://cqqizhou.com"
87.120.191.90 - - [06/Oct/2025:21:30:18 +0800] "GET / HTTP/1.1" 200 33467 "-" "Mozilla/5.0 (Windows NT 10.0; Win64; x64) AppleWebKit/537.36 (KHTML, like Gecko) Chrome/90.0.4430.85 Safari/537.36 Edg/90.0.818.46"
36.133.115.36 - - [06/Oct/2025:21:33:00 +0800] "POST /wp-cron.php?doing_wp_cron=1759757580.3318369388580322265625 HTTP/1.1" 200 31 "-" "WordPress/6.8.2; http://cqqizhou.com"
87.120.191.91 - - [06/Oct/2025:21:33:00 +0800] "GET / HTTP/1.1" 200 33467 "-" "Mozilla/5.0 (Windows NT 10.0; Win64; x64) AppleWebKit/537.36 (KHTML, like Gecko) Chrome/90.0.4430.85 Safari/537.36 Edg/90.0.818.46"
200.27.101.245 - - [06/Oct/2025:21:33:11 +0800] "POST /xmlrpc.php HTTP/1.1" 200 217 "http://cqqizhou.com" "Mozilla/5.0 (Windows NT 10.0; Win64; x64) AppleWebKit/537.36 (KHTML, like Gecko) Chrome/126.0.0.0 Safari/537.36"
200.27.101.245 - - [06/Oct/2025:21:33:13 +0800] "POST /wp-login.php HTTP/1.1" 200 2919 "http://cqqizhou.com" "Mozilla/5.0 (Windows NT 10.0; Win64; x64) AppleWebKit/537.36 (KHTML, like Gecko) Chrome/113.0.5672.93 Safari/537.36"
36.133.115.36 - - [06/Oct/2025:21:35:51 +0800] "POST /wp-cron.php?doing_wp_cron=1759757751.7482581138610839843750 HTTP/1.1" 200 31 "-" "WordPress/6.8.2; http://cqqizhou.com"
87.120.191.92 - - [06/Oct/2025:21:35:52 +0800] "GET / HTTP/1.1" 200 33467 "-" "Mozilla/5.0 (Windows NT 10.0; Win64; x64) AppleWebKit/537.36 (KHTML, like Gecko) Chrome/90.0.4430.85 Safari/537.36 Edg/90.0.818.46"
36.133.115.36 - - [06/Oct/2025:21:40:38 +0800] "POST /wp-cron.php?doing_wp_cron=1759758038.4802179336547851562500 HTTP/1.1" 200 31 "-" "WordPress/6.8.2; http://cqqizhou.com"
15.235.212.14 - - [06/Oct/2025:21:40:38 +0800] "POST /xmlrpc.php HTTP/1.1" 200 217 "http://cqqizhou.com" "Mozilla/5.0 (Windows NT 10.0; Win64; x64) AppleWebKit/537.36 (KHTML, like Gecko) Chrome/114.0.5735.199 Safari/537.36 Edg/114.0.1823.67"
15.235.212.14 - - [06/Oct/2025:21:40:42 +0800] "POST /wp-login.php HTTP/1.1" 200 2919 "http://cqqizhou.com" "Mozilla/5.0 (Windows NT 10.0; Win64; x64) AppleWebKit/537.36 (KHTML, like Gecko) Chrome/112.0.5615.138 Safari/537.36"
36.133.115.36 - - [06/Oct/2025:21:48:00 +0800] "POST /wp-cron.php?doing_wp_cron=1759758480.4794719219207763671875 HTTP/1.1" 200 31 "-" "WordPress/6.8.2; http://cqqizhou.com"
86.31.161.97 - - [06/Oct/2025:21:48:00 +0800] "POST /xmlrpc.php HTTP/1.1" 200 217 "http://cqqizhou.com" "Mozilla/5.0 (Windows NT 10.0; Win64; x64) AppleWebKit/537.36 (KHTML, like Gecko) Chrome/116.0.5845.96 Safari/537.36 Edg/116.0.1938.62"
86.31.161.97 - - [06/Oct/2025:21:48:02 +0800] "POST /wp-login.php HTTP/1.1" 200 2919 "http://cqqizhou.com" "Mozilla/5.0 (Windows NT 10.0; Win64; x64) AppleWebKit/537.36 (KHTML, like Gecko) Chrome/116.0.5845.96 Safari/537.36 Edg/116.0.1938.62"
36.133.115.36 - - [06/Oct/2025:21:55:18 +0800] "POST /wp-cron.php?doing_wp_cron=1759758918.7627480030059814453125 HTTP/1.1" 200 31 "-" "WordPress/6.8.2; http://cqqizhou.com"
163.44.196.131 - - [06/Oct/2025:21:55:18 +0800] "POST /xmlrpc.php HTTP/1.1" 200 217 "http://cqqizhou.com" "Mozilla/5.0 (Macintosh; Intel Mac OS X 10_15_7; rv:129.0) Gecko/20100101 Firefox/129.0"
163.44.196.131 - - [06/Oct/2025:21:55:19 +0800] "POST /wp-login.php HTTP/1.1" 200 2919 "http://cqqizhou.com" "Mozilla/5.0 (Windows NT 11.0; Win64; x64; rv:126.0) Gecko/20100101 Firefox/126.0"
36.133.115.36 - - [06/Oct/2025:21:58:44 +0800] "POST /wp-cron.php?doing_wp_cron=1759759124.6657838821411132812500 HTTP/1.1" 200 31 "-" "WordPress/6.8.2; http://cqqizhou.com"
45.142.195.99 - - [06/Oct/2025:21:58:44 +0800] "GET / HTTP/1.1" 200 33466 "-" "Mozilla/5.0 (Windows NT 10.0; Win64; x64) AppleWebKit/537.36 (KHTML, like Gecko) Chrome/90.0.4430.85 Safari/537.36 Edg/90.0.818.46"
36.133.115.36 - - [06/Oct/2025:22:00:33 +0800] "POST /wp-cron.php?doing_wp_cron=1759759233.8929860591888427734375 HTTP/1.1" 200 31 "-" "WordPress/6.8.2; http://cqqizhou.com"
87.120.191.70 - - [06/Oct/2025:22:00:34 +0800] "GET / HTTP/1.1" 200 33466 "-" "Mozilla/5.0 (Windows NT 10.0; Win64; x64) AppleWebKit/537.36 (KHTML, like Gecko) Chrome/90.0.4430.85 Safari/537.36 Edg/90.0.818.46"
36.133.115.36 - - [06/Oct/2025:22:10:14 +0800] "POST /wp-cron.php?doing_wp_cron=1759759813.9720580577850341796875 HTTP/1.1" 200 31 "-" "WordPress/6.8.2; http://cqqizhou.com"
202.174.110.119 - - [06/Oct/2025:22:10:14 +0800] "POST /xmlrpc.php HTTP/1.1" 200 217 "http://cqqizhou.com" "Mozilla/5.0 (Macintosh; Intel Mac OS X 10_15_7; rv:129.0) Gecko/20100101 Firefox/129.0"
202.174.110.119 - - [06/Oct/2025:22:10:15 +0800] "POST /wp-login.php HTTP/1.1" 200 2919 "http://cqqizhou.com" "Mozilla/5.0 (Windows NT 10.0; Win64; x64; rv:125.0.1) Gecko/20100101 Firefox/125.0.1"
36.133.115.36 - - [06/Oct/2025:22:13:30 +0800] "POST /wp-cron.php?doing_wp_cron=1759760010.1736619472503662109375 HTTP/1.1" 200 31 "-" "WordPress/6.8.2; http://cqqizhou.com"
87.120.191.90 - - [06/Oct/2025:22:13:30 +0800] "GET / HTTP/1.1" 200 33467 "-" "Mozilla/5.0 (Windows NT 10.0; Win64; x64) AppleWebKit/537.36 (KHTML, like Gecko) Chrome/90.0.4430.85 Safari/537.36 Edg/90.0.818.46"
36.133.115.36 - - [06/Oct/2025:22:16:24 +0800] "POST /wp-cron.php?doing_wp_cron=1759760184.0818030834197998046875 HTTP/1.1" 200 31 "-" "WordPress/6.8.2; http://cqqizhou.com"
87.120.191.6 - - [06/Oct/2025:22:16:24 +0800] "GET / HTTP/1.1" 200 33467 "-" "Mozilla/5.0 (Windows NT 10.0; Win64; x64) AppleWebKit/537.36 (KHTML, like Gecko) Chrome/90.0.4430.85 Safari/537.36 Edg/90.0.818.46"
36.133.115.36 - - [06/Oct/2025:22:17:43 +0800] "POST /wp-cron.php?doing_wp_cron=1759760263.3805670738220214843750 HTTP/1.1" 200 31 "-" "WordPress/6.8.2; http://cqqizhou.com"
134.122.67.125 - - [06/Oct/2025:22:17:43 +0800] "POST /xmlrpc.php HTTP/1.1" 200 217 "http://cqqizhou.com" "Mozilla/5.0 (Macintosh; Intel Mac OS X 10_15_7; rv:127.0) Gecko/20100101 Firefox/127.0"
134.122.67.125 - - [06/Oct/2025:22:17:45 +0800] "POST /wp-login.php HTTP/1.1" 200 2919 "http://cqqizhou.com" "Mozilla/5.0 (Windows NT 10.0; Win64; x64) AppleWebKit/537.36 (KHTML, like Gecko) Chrome/126.0.0.0 Safari/537.36"
36.133.115.36 - - [06/Oct/2025:22:18:35 +0800] "POST /wp-cron.php?doing_wp_cron=1759760315.1523580551147460937500 HTTP/1.1" 200 31 "-" "WordPress/6.8.2; http://cqqizhou.com"
87.120.191.91 - - [06/Oct/2025:22:18:35 +0800] "GET / HTTP/1.1" 200 33467 "-" "Mozilla/5.0 (Windows NT 10.0; Win64; x64) AppleWebKit/537.36 (KHTML, like Gecko) Chrome/90.0.4430.85 Safari/537.36 Edg/90.0.818.46"
36.133.115.36 - - [06/Oct/2025:22:18:58 +0800] "POST /wp-cron.php?doing_wp_cron=1759760338.8888640403747558593750 HTTP/1.1" 200 31 "-" "WordPress/6.8.2; http://cqqizhou.com"
144.172.93.251 - - [06/Oct/2025:22:18:58 +0800] "GET /wp-admin/network/index.php HTTP/1.1" 302 5 "-" "Mozlila/5.0 (Linux; Android 7.0; SM-G892A Bulid/NRD90M; wv) AppleWebKit/537.36 (KHTML, like Gecko) Version/4.0 Chrome/60.0.3112.107 Moblie Safari/537.36"
144.172.93.251 - - [06/Oct/2025:22:18:59 +0800] "GET /wp-login.php?redirect_to=http%3A%2F%2Fcqqizhou.com%2Fwp-admin%2Fnetwork%2Findex.php&reauth=1 HTTP/1.1" 200 2792 "-" "Mozlila/5.0 (Linux; Android 7.0; SM-G892A Bulid/NRD90M; wv) AppleWebKit/537.36 (KHTML, like Gecko) Version/4.0 Chrome/60.0.3112.107 Moblie Safari/537.36"
144.172.93.251 - - [06/Oct/2025:22:19:03 +0800] "GET /wp-admin/js/index.php HTTP/1.1" 404 47 "-" "Mozlila/5.0 (Linux; Android 7.0; SM-G892A Bulid/NRD90M; wv) AppleWebKit/537.36 (KHTML, like Gecko) Version/4.0 Chrome/60.0.3112.107 Moblie Safari/537.36"
144.172.93.251 - - [06/Oct/2025:22:19:07 +0800] "GET /wp-admin/images/index.php HTTP/1.1" 404 47 "-" "Mozlila/5.0 (Linux; Android 7.0; SM-G892A Bulid/NRD90M; wv) AppleWebKit/537.36 (KHTML, like Gecko) Version/4.0 Chrome/60.0.3112.107 Moblie Safari/537.36"
144.172.93.251 - - [06/Oct/2025:22:19:12 +0800] "GET /wp-admin/css/index.php HTTP/1.1" 404 47 "-" "Mozlila/5.0 (Linux; Android 7.0; SM-G892A Bulid/NRD90M; wv) AppleWebKit/537.36 (KHTML, like Gecko) Version/4.0 Chrome/60.0.3112.107 Moblie Safari/537.36"
144.172.93.251 - - [06/Oct/2025:22:19:15 +0800] "GET /wp-includes/SimplePie/Content/Type/index.php HTTP/1.1" 404 47 "-" "Mozlila/5.0 (Linux; Android 7.0; SM-G892A Bulid/NRD90M; wv) AppleWebKit/537.36 (KHTML, like Gecko) Version/4.0 Chrome/60.0.3112.107 Moblie Safari/537.36"
144.172.93.251 - - [06/Oct/2025:22:19:19 +0800] "GET /wp-includes/Requests/Auth/index.php HTTP/1.1" 404 47 "-" "Mozlila/5.0 (Linux; Android 7.0; SM-G892A Bulid/NRD90M; wv) AppleWebKit/537.36 (KHTML, like Gecko) Version/4.0 Chrome/60.0.3112.107 Moblie Safari/537.36"
144.172.93.251 - - [06/Oct/2025:22:19:24 +0800] "GET /wp-admin/css/colors/index.php HTTP/1.1" 404 47 "-" "Mozlila/5.0 (Linux; Android 7.0; SM-G892A Bulid/NRD90M; wv) AppleWebKit/537.36 (KHTML, like Gecko) Version/4.0 Chrome/60.0.3112.107 Moblie Safari/537.36"
144.172.93.251 - - [06/Oct/2025:22:19:43 +0800] "GET /wp-content/languages/index.php HTTP/1.1" 404 47 "-" "Mozlila/5.0 (Linux; Android 7.0; SM-G892A Bulid/NRD90M; wv) AppleWebKit/537.36 (KHTML, like Gecko) Version/4.0 Chrome/60.0.3112.107 Moblie Safari/537.36"
144.172.93.251 - - [06/Oct/2025:22:19:53 +0800] "GET /wp-content/upgrade/index.php HTTP/1.1" 404 47 "-" "Mozlila/5.0 (Linux; Android 7.0; SM-G892A Bulid/NRD90M; wv) AppleWebKit/537.36 (KHTML, like Gecko) Version/4.0 Chrome/60.0.3112.107 Moblie Safari/537.36"
144.172.93.251 - - [06/Oct/2025:22:20:04 +0800] "GET /wp-content/IXR/index.php HTTP/1.1" 404 47 "-" "Mozlila/5.0 (Linux; Android 7.0; SM-G892A Bulid/NRD90M; wv) AppleWebKit/537.36 (KHTML, like Gecko) Version/4.0 Chrome/60.0.3112.107 Moblie Safari/537.36"
144.172.93.251 - - [06/Oct/2025:22:20:08 +0800] "GET /wp-content/plugins/about.php HTTP/1.1" 404 47 "-" "Mozlila/5.0 (Linux; Android 7.0; SM-G892A Bulid/NRD90M; wv) AppleWebKit/537.36 (KHTML, like Gecko) Version/4.0 Chrome/60.0.3112.107 Moblie Safari/537.36"
144.172.93.251 - - [06/Oct/2025:22:20:17 +0800] "GET /geju.php HTTP/1.1" 404 47 "-" "Mozlila/5.0 (Linux; Android 7.0; SM-G892A Bulid/NRD90M; wv) AppleWebKit/537.36 (KHTML, like Gecko) Version/4.0 Chrome/60.0.3112.107 Moblie Safari/537.36"
144.172.93.251 - - [06/Oct/2025:22:20:36 +0800] "GET /wp.php HTTP/1.1" 404 47 "-" "Mozlila/5.0 (Linux; Android 7.0; SM-G892A Bulid/NRD90M; wv) AppleWebKit/537.36 (KHTML, like Gecko) Version/4.0 Chrome/60.0.3112.107 Moblie Safari/537.36"
36.133.115.36 - - [06/Oct/2025:22:21:04 +0800] "POST /wp-cron.php?doing_wp_cron=1759760464.1559820175170898437500 HTTP/1.1" 200 31 "-" "WordPress/6.8.2; http://cqqizhou.com"
87.120.191.92 - - [06/Oct/2025:22:21:04 +0800] "GET / HTTP/1.1" 200 33467 "-" "Mozilla/5.0 (Windows NT 10.0; Win64; x64) AppleWebKit/537.36 (KHTML, like Gecko) Chrome/90.0.4430.85 Safari/537.36 Edg/90.0.818.46"
36.133.115.36 - - [06/Oct/2025:22:32:24 +0800] "POST /wp-cron.php?doing_wp_cron=1759761144.9140920639038085937500 HTTP/1.1" 200 31 "-" "WordPress/6.8.2; http://cqqizhou.com"
108.128.131.98 - - [06/Oct/2025:22:32:24 +0800] "POST /xmlrpc.php HTTP/1.1" 200 217 "http://cqqizhou.com" "Mozilla/5.0 (Windows NT 10.0; Win64; x64; rv:126.0) Gecko/20100101 Firefox/126.0"
108.128.131.98 - - [06/Oct/2025:22:32:26 +0800] "POST /wp-login.php HTTP/1.1" 200 2919 "http://cqqizhou.com" "Mozilla/5.0 (Windows NT 10.0; Win64; x64) AppleWebKit/537.36 (KHTML, like Gecko) Chrome/114.0.5735.199 Safari/537.36 Edg/114.0.1823.67"
136.112.214.91 - - [06/Oct/2025:22:52:20 +0800] "GET / HTTP/1.1" 200 39369 "-" "Mozilla/5.0 (Windows NT 6.1) AppleWebKit/537.36 (KHTML, like Gecko) Chrome/41.0.2228.0 Safari/537.36"
36.133.115.36 - - [06/Oct/2025:22:53:24 +0800] "POST /wp-cron.php?doing_wp_cron=1759762404.7733540534973144531250 HTTP/1.1" 200 31 "-" "WordPress/6.8.2; http://cqqizhou.com"
106.120.5.152 - - [06/Oct/2025:22:53:24 +0800] "GET / HTTP/1.0" 301 0 "-" "-"
36.133.115.36 - - [06/Oct/2025:22:54:19 +0800] "POST /wp-cron.php?doing_wp_cron=1759762459.3250219821929931640625 HTTP/1.1" 200 31 "-" "WordPress/6.8.2; http://cqqizhou.com"
87.120.191.90 - - [06/Oct/2025:22:54:19 +0800] "GET / HTTP/1.1" 200 33467 "-" "Mozilla/5.0 (Windows NT 10.0; Win64; x64) AppleWebKit/537.36 (KHTML, like Gecko) Chrome/90.0.4430.85 Safari/537.36 Edg/90.0.818.46"
103.163.214.43 - - [06/Oct/2025:22:54:39 +0800] "POST /xmlrpc.php HTTP/1.1" 200 217 "http://cqqizhou.com" "Mozilla/5.0 (Macintosh; Intel Mac OS X 10_15_7; rv:125.0.1) Gecko/20100101 Firefox/125.0.1"
103.163.214.43 - - [06/Oct/2025:22:54:40 +0800] "POST /wp-login.php HTTP/1.1" 200 2919 "http://cqqizhou.com" "Mozilla/5.0 (Macintosh; Intel Mac OS X 13_3) AppleWebKit/537.36 (KHTML, like Gecko) Chrome/126.0.0.0 Safari/537.36"
36.133.115.36 - - [06/Oct/2025:22:55:23 +0800] "POST /wp-cron.php?doing_wp_cron=1759762523.0027699470520019531250 HTTP/1.1" 200 31 "-" "WordPress/6.8.2; http://cqqizhou.com"
43.167.241.46 - - [06/Oct/2025:22:55:23 +0800] "GET / HTTP/1.1" 200 33467 "-" "Mozilla/5.0 (iPhone; CPU iPhone OS 13_2_3 like Mac OS X) AppleWebKit/605.1.15 (KHTML, like Gecko) Version/13.0.3 Mobile/15E148 Safari/604.1"
45.89.70.30 - - [06/Oct/2025:22:57:14 +0800] "GET / HTTP/1.0" 200 165852 "http://cqqizhou.com/" "Mozilla/5.0 (Windows NT 10.0; Win64; x64) AppleWebKit/537.36 (KHTML, like Gecko) Chrome/130.0.0.0 Safari/537.36"
45.89.70.30 - - [06/Oct/2025:22:57:14 +0800] "GET /contacts/ HTTP/1.0" 200 76104 "http://cqqizhou.com/contacts/" "Mozilla/5.0 (Windows NT 10.0; Win64; x64) AppleWebKit/537.36 (KHTML, like Gecko) Chrome/130.0.0.0 Safari/537.36"
36.133.115.36 - - [06/Oct/2025:22:57:22 +0800] "POST /wp-cron.php?doing_wp_cron=1759762642.2161080837249755859375 HTTP/1.1" 200 31 "-" "WordPress/6.8.2; http://cqqizhou.com"
45.89.70.30 - - [06/Oct/2025:22:57:23 +0800] "POST /contacts/ HTTP/1.0" 200 68821 "http://cqqizhou.com/contacts/" "Mozilla/5.0 (Windows NT 10.0; Win64; x64) AppleWebKit/537.36 (KHTML, like Gecko) Chrome/130.0.0.0 Safari/537.36"
36.133.115.36 - - [06/Oct/2025:23:02:03 +0800] "POST /wp-cron.php?doing_wp_cron=1759762923.9095170497894287109375 HTTP/1.1" 200 31 "-" "WordPress/6.8.2; http://cqqizhou.com"
113.192.8.160 - - [06/Oct/2025:23:02:03 +0800] "POST /xmlrpc.php HTTP/1.1" 200 217 "http://cqqizhou.com" "Mozilla/5.0 (Macintosh; Intel Mac OS X 10_15_7) AppleWebKit/537.36 (KHTML, like Gecko) Chrome/112.0.5615.138 Safari/537.36"
113.192.8.160 - - [06/Oct/2025:23:02:04 +0800] "POST /wp-login.php HTTP/1.1" 200 2919 "http://cqqizhou.com" "Mozilla/5.0 (Windows NT 10.0; Win64; x64) AppleWebKit/537.36 (KHTML, like Gecko) Chrome/126.0.0.0 Safari/537.36"
36.133.115.36 - - [06/Oct/2025:23:02:58 +0800] "POST /wp-cron.php?doing_wp_cron=1759762978.7839210033416748046875 HTTP/1.1" 200 31 "-" "WordPress/6.8.2; http://cqqizhou.com"
87.120.191.91 - - [06/Oct/2025:23:02:59 +0800] "GET / HTTP/1.1" 200 33467 "-" "Mozilla/5.0 (Windows NT 10.0; Win64; x64) AppleWebKit/537.36 (KHTML, like Gecko) Chrome/90.0.4430.85 Safari/537.36 Edg/90.0.818.46"
36.133.115.36 - - [06/Oct/2025:23:05:03 +0800] "POST /wp-cron.php?doing_wp_cron=1759763103.6909759044647216796875 HTTP/1.1" 200 31 "-" "WordPress/6.8.2; http://cqqizhou.com"
87.120.191.92 - - [06/Oct/2025:23:05:03 +0800] "GET / HTTP/1.1" 200 33467 "-" "Mozilla/5.0 (Windows NT 10.0; Win64; x64) AppleWebKit/537.36 (KHTML, like Gecko) Chrome/90.0.4430.85 Safari/537.36 Edg/90.0.818.46"
36.133.115.36 - - [06/Oct/2025:23:08:34 +0800] "POST /wp-cron.php?doing_wp_cron=1759763314.6625020503997802734375 HTTP/1.1" 200 31 "-" "WordPress/6.8.2; http://cqqizhou.com"
87.120.191.70 - - [06/Oct/2025:23:08:34 +0800] "GET / HTTP/1.1" 200 33467 "-" "Mozilla/5.0 (Windows NT 10.0; Win64; x64) AppleWebKit/537.36 (KHTML, like Gecko) Chrome/90.0.4430.85 Safari/537.36 Edg/90.0.818.46"
36.133.115.36 - - [06/Oct/2025:23:09:18 +0800] "POST /wp-cron.php?doing_wp_cron=1759763358.0651109218597412109375 HTTP/1.1" 200 31 "-" "WordPress/6.8.2; http://cqqizhou.com"
86.48.6.132 - - [06/Oct/2025:23:09:18 +0800] "POST /xmlrpc.php HTTP/1.1" 200 217 "http://cqqizhou.com" "Mozilla/5.0 (Windows NT 11.0; Win64; x64; rv:126.0) Gecko/20100101 Firefox/126.0"
86.48.6.132 - - [06/Oct/2025:23:09:19 +0800] "POST /wp-login.php HTTP/1.1" 200 2919 "http://cqqizhou.com" "Mozilla/5.0 (Macintosh; Intel Mac OS X 14_6) AppleWebKit/605.1.15 (KHTML, like Gecko) Version/17.5 Safari/605.1.15"
36.133.115.36 - - [06/Oct/2025:23:22:23 +0800] "POST /wp-cron.php?doing_wp_cron=1759764143.4871640205383300781250 HTTP/1.1" 200 31 "-" "WordPress/6.8.2; http://cqqizhou.com"
103.82.22.166 - - [06/Oct/2025:23:22:23 +0800] "POST /xmlrpc.php HTTP/1.1" 200 217 "http://cqqizhou.com" "Mozilla/5.0 (Windows NT 10.0; Win64; x64) AppleWebKit/537.36 (KHTML, like Gecko) Chrome/112.0.5615.138 Safari/537.36 Edg/112.0.1722.68"
103.82.22.166 - - [06/Oct/2025:23:22:24 +0800] "POST /wp-login.php HTTP/1.1" 200 2919 "http://cqqizhou.com" "Mozilla/5.0 (Macintosh; Intel Mac OS X 10_15_7) AppleWebKit/537.36 (KHTML, like Gecko) Chrome/114.0.5735.134 Safari/537.36"
36.133.115.36 - - [06/Oct/2025:23:23:52 +0800] "POST /wp-cron.php?doing_wp_cron=1759764232.7132909297943115234375 HTTP/1.1" 200 31 "-" "WordPress/6.8.2; http://cqqizhou.com"
45.142.195.99 - - [06/Oct/2025:23:23:53 +0800] "GET / HTTP/1.1" 200 33467 "-" "Mozilla/5.0 (Windows NT 10.0; Win64; x64) AppleWebKit/537.36 (KHTML, like Gecko) Chrome/90.0.4430.85 Safari/537.36 Edg/90.0.818.46"
36.133.115.36 - - [06/Oct/2025:23:28:43 +0800] "POST /wp-cron.php?doing_wp_cron=1759764523.7967479228973388671875 HTTP/1.1" 200 31 "-" "WordPress/6.8.2; http://cqqizhou.com"
158.220.116.163 - - [06/Oct/2025:23:28:43 +0800] "POST /xmlrpc.php HTTP/1.1" 200 217 "http://cqqizhou.com" "Mozilla/5.0 (Windows NT 10.0; Win64; x64; rv:125.0.1) Gecko/20100101 Firefox/125.0.1"
158.220.116.163 - - [06/Oct/2025:23:28:45 +0800] "POST /wp-login.php HTTP/1.1" 200 2919 "http://cqqizhou.com" "Mozilla/5.0 (Windows NT 10.0; Win64; x64) AppleWebKit/537.36 (KHTML, like Gecko) Chrome/112.0.5615.138 Safari/537.36 Edg/112.0.1722.68"
36.133.115.36 - - [06/Oct/2025:23:41:26 +0800] "POST /wp-cron.php?doing_wp_cron=1759765286.7808001041412353515625 HTTP/1.1" 200 31 "-" "WordPress/6.8.2; http://cqqizhou.com"
87.120.191.90 - - [06/Oct/2025:23:41:27 +0800] "GET / HTTP/1.1" 200 33467 "-" "Mozilla/5.0 (Windows NT 10.0; Win64; x64) AppleWebKit/537.36 (KHTML, like Gecko) Chrome/90.0.4430.85 Safari/537.36 Edg/90.0.818.46"
36.133.115.36 - - [06/Oct/2025:23:45:57 +0800] "POST /wp-cron.php?doing_wp_cron=1759765557.0208079814910888671875 HTTP/1.1" 200 31 "-" "WordPress/6.8.2; http://cqqizhou.com"
87.120.191.91 - - [06/Oct/2025:23:45:57 +0800] "GET / HTTP/1.1" 200 33467 "-" "Mozilla/5.0 (Windows NT 10.0; Win64; x64) AppleWebKit/537.36 (KHTML, like Gecko) Chrome/90.0.4430.85 Safari/537.36 Edg/90.0.818.46"
103.6.196.61 - - [06/Oct/2025:23:46:15 +0800] "POST /xmlrpc.php HTTP/1.1" 200 217 "http://cqqizhou.com" "Mozilla/5.0 (Windows NT 10.0; Win64; x64) AppleWebKit/537.36 (KHTML, like Gecko) Chrome/126.0.0.0 Safari/537.36 Edg/126.0.0.0"
103.6.196.61 - - [06/Oct/2025:23:46:16 +0800] "POST /wp-login.php HTTP/1.1" 200 2919 "http://cqqizhou.com" "Mozilla/5.0 (Windows NT 11.0; Win64; x64) AppleWebKit/537.36 (KHTML, like Gecko) Chrome/126.0.0.0 Safari/537.36"
36.133.115.36 - - [06/Oct/2025:23:51:34 +0800] "POST /wp-cron.php?doing_wp_cron=1759765894.7545850276947021484375 HTTP/1.1" 200 31 "-" "WordPress/6.8.2; http://cqqizhou.com"
87.229.65.46 - - [06/Oct/2025:23:51:34 +0800] "POST /xmlrpc.php HTTP/1.1" 200 217 "http://cqqizhou.com" "Mozilla/5.0 (Windows NT 10.0; Win64; x64) AppleWebKit/537.36 (KHTML, like Gecko) Chrome/113.0.5672.93 Safari/537.36"
87.229.65.46 - - [06/Oct/2025:23:51:35 +0800] "POST /wp-login.php HTTP/1.1" 200 2919 "http://cqqizhou.com" "Mozilla/5.0 (Windows NT 10.0; Win64; x64) AppleWebKit/537.36 (KHTML, like Gecko) Chrome/114.0.5735.134 Safari/537.36"
36.133.115.36 - - [06/Oct/2025:23:53:35 +0800] "POST /wp-cron.php?doing_wp_cron=1759766015.7342789173126220703125 HTTP/1.1" 200 31 "-" "WordPress/6.8.2; http://cqqizhou.com"
87.120.191.92 - - [06/Oct/2025:23:53:36 +0800] "GET / HTTP/1.1" 200 33467 "-" "Mozilla/5.0 (Windows NT 10.0; Win64; x64) AppleWebKit/537.36 (KHTML, like Gecko) Chrome/90.0.4430.85 Safari/537.36 Edg/90.0.818.46"
86.54.31.40 - - [06/Oct/2025:23:53:45 +0800] "GET / HTTP/1.1" 301 5 "-" "Mozilla/5.0 (Windows NT 6.1) AppleWebKit/537.36 (KHTML, like Gecko) Chrome/41.0.2228.0 Safari/537.36"
86.54.31.40 - - [06/Oct/2025:23:53:47 +0800] "GET / HTTP/1.1" 200 165874 "-" "Mozilla/5.0 (Windows NT 6.1) AppleWebKit/537.36 (KHTML, like Gecko) Chrome/41.0.2228.0 Safari/537.36"
36.133.115.36 - - [06/Oct/2025:23:53:49 +0800] "POST /wp-cron.php?doing_wp_cron=1759766029.3910241127014160156250 HTTP/1.1" 200 31 "-" "WordPress/6.8.2; http://cqqizhou.com"
86.54.31.40 - - [06/Oct/2025:23:53:49 +0800] "GET /robots.txt HTTP/1.1" 200 390 "-" "-"
86.54.31.40 - - [06/Oct/2025:23:53:51 +0800] "GET /sitemap.xml HTTP/1.1" 200 2409 "-" "-"
86.54.31.40 - - [06/Oct/2025:23:53:53 +0800] "GET /.well-known/security.txt HTTP/1.1" 404 31381 "-" "-"
87.120.191.6 - - [06/Oct/2025:23:54:17 +0800] "GET / HTTP/1.1" 200 33467 "-" "Mozilla/5.0 (Windows NT 10.0; Win64; x64) AppleWebKit/537.36 (KHTML, like Gecko) Chrome/90.0.4430.85 Safari/537.36 Edg/90.0.818.46"
36.133.115.36 - - [06/Oct/2025:23:56:43 +0800] "POST /wp-cron.php?doing_wp_cron=1759766203.9429979324340820312500 HTTP/1.1" 200 31 "-" "WordPress/6.8.2; http://cqqizhou.com"
159.203.181.74 - - [06/Oct/2025:23:56:44 +0800] "POST /xmlrpc.php HTTP/1.1" 200 217 "http://cqqizhou.com" "Mozilla/5.0 (Macintosh; Intel Mac OS X 10_15_7; rv:127.0) Gecko/20100101 Firefox/127.0"
159.203.181.74 - - [06/Oct/2025:23:56:45 +0800] "POST /wp-login.php HTTP/1.1" 200 2919 "http://cqqizhou.com" "Mozilla/5.0 (Windows NT 10.0; Win64; x64) AppleWebKit/537.36 (KHTML, like Gecko) Chrome/115.0.5790.171 Safari/537.36 Edg/115.0.1901.203"