File: /home/logs/cqqizhou_access_2025-10-06.log
36.133.115.36 - - [06/Oct/2025:00:00:04 +0800] "POST /wp-cron.php?doing_wp_cron=1759680004.2351551055908203125000 HTTP/1.1" 200 31 "-" "WordPress/6.8.2; http://cqqizhou.com"
87.120.191.70 - - [06/Oct/2025:00:00:04 +0800] "GET / HTTP/1.1" 200 33467 "-" "Mozilla/5.0 (Windows NT 10.0; Win64; x64) AppleWebKit/537.36 (KHTML, like Gecko) Chrome/90.0.4430.85 Safari/537.36 Edg/90.0.818.46"
36.133.115.36 - - [06/Oct/2025:00:08:35 +0800] "POST /wp-cron.php?doing_wp_cron=1759680515.8009529113769531250000 HTTP/1.1" 200 31 "-" "WordPress/6.8.2; http://cqqizhou.com"
87.120.191.93 - - [06/Oct/2025:00:08:36 +0800] "GET / HTTP/1.1" 200 33467 "-" "Mozilla/5.0 (Windows NT 10.0; Win64; x64) AppleWebKit/537.36 (KHTML, like Gecko) Chrome/90.0.4430.85 Safari/537.36 Edg/90.0.818.46"
36.133.115.36 - - [06/Oct/2025:00:19:04 +0800] "POST /wp-cron.php?doing_wp_cron=1759681144.3533370494842529296875 HTTP/1.1" 200 31 "-" "WordPress/6.8.2; http://cqqizhou.com"
45.142.195.99 - - [06/Oct/2025:00:19:04 +0800] "GET / HTTP/1.1" 200 33467 "-" "Mozilla/5.0 (Windows NT 10.0; Win64; x64) AppleWebKit/537.36 (KHTML, like Gecko) Chrome/90.0.4430.85 Safari/537.36 Edg/90.0.818.46"
36.133.115.36 - - [06/Oct/2025:00:27:34 +0800] "POST /wp-cron.php?doing_wp_cron=1759681654.6078290939331054687500 HTTP/1.1" 200 31 "-" "WordPress/6.8.2; http://cqqizhou.com"
87.120.191.90 - - [06/Oct/2025:00:27:34 +0800] "GET / HTTP/1.1" 200 33467 "-" "Mozilla/5.0 (Windows NT 10.0; Win64; x64) AppleWebKit/537.36 (KHTML, like Gecko) Chrome/90.0.4430.85 Safari/537.36 Edg/90.0.818.46"
36.133.115.36 - - [06/Oct/2025:00:32:59 +0800] "POST /wp-cron.php?doing_wp_cron=1759681979.2399690151214599609375 HTTP/1.1" 200 31 "-" "WordPress/6.8.2; http://cqqizhou.com"
87.120.191.91 - - [06/Oct/2025:00:32:59 +0800] "GET / HTTP/1.1" 200 33468 "-" "Mozilla/5.0 (Windows NT 10.0; Win64; x64) AppleWebKit/537.36 (KHTML, like Gecko) Chrome/90.0.4430.85 Safari/537.36 Edg/90.0.818.46"
36.133.115.36 - - [06/Oct/2025:00:37:10 +0800] "POST /wp-cron.php?doing_wp_cron=1759682230.4959859848022460937500 HTTP/1.1" 200 31 "-" "WordPress/6.8.2; http://cqqizhou.com"
81.22.51.100 - - [06/Oct/2025:00:37:11 +0800] "GET / HTTP/1.1" 200 151919 "-" "Mozilla/5.0 (Windows NT 6.1; WOW64) AppleWebKit/537.36 (KHTML, like Gecko) Chrome/52.0.2743.116 Safari/537.36"
36.133.115.36 - - [06/Oct/2025:00:42:50 +0800] "POST /wp-cron.php?doing_wp_cron=1759682570.9039380550384521484375 HTTP/1.1" 200 31 "-" "WordPress/6.8.2; http://cqqizhou.com"
36.133.108.119 - - [06/Oct/2025:00:42:50 +0800] "HEAD /goform/Mail_Test HTTP/1.1" 404 0 "-" "Mozilla/5.0 (Windows NT 6.1) AppleWebKit/537.36 (KHTML, like Gecko) Chrome/27.0.1453.90 Safari/537.36"
87.120.191.6 - - [06/Oct/2025:00:43:34 +0800] "GET / HTTP/1.1" 200 33469 "-" "Mozilla/5.0 (Windows NT 10.0; Win64; x64) AppleWebKit/537.36 (KHTML, like Gecko) Chrome/90.0.4430.85 Safari/537.36 Edg/90.0.818.46"
36.133.115.36 - - [06/Oct/2025:00:44:00 +0800] "POST /wp-cron.php?doing_wp_cron=1759682640.4219470024108886718750 HTTP/1.1" 200 31 "-" "WordPress/6.8.2; http://cqqizhou.com"
36.133.108.119 - - [06/Oct/2025:00:44:00 +0800] "HEAD /HNAP1/ HTTP/1.1" 404 0 "-" "Mozilla/5.0 (compatible; MSIE 8.0; Windows NT 5.1; Trident/4.0; .NET CLR 1.1.4322; .NET CLR 2.0.50727)"
87.120.191.92 - - [06/Oct/2025:00:44:46 +0800] "GET / HTTP/1.1" 200 33468 "-" "Mozilla/5.0 (Windows NT 10.0; Win64; x64) AppleWebKit/537.36 (KHTML, like Gecko) Chrome/90.0.4430.85 Safari/537.36 Edg/90.0.818.46"
36.133.115.36 - - [06/Oct/2025:00:56:49 +0800] "POST /wp-cron.php?doing_wp_cron=1759683409.0672929286956787109375 HTTP/1.1" 200 31 "-" "WordPress/6.8.2; http://cqqizhou.com"
118.89.233.234 - - [06/Oct/2025:00:56:49 +0800] "GET / HTTP/1.1" 200 33467 "-" "Mozilla/5.0 (iPhone; CPU iPhone OS 13_2_3 like Mac OS X) AppleWebKit/605.1.15 (KHTML, like Gecko) Version/13.0.3 Mobile/15E148 Safari/604.1"
36.133.115.36 - - [06/Oct/2025:01:03:54 +0800] "POST /wp-cron.php?doing_wp_cron=1759683834.0173621177673339843750 HTTP/1.1" 200 31 "-" "WordPress/6.8.2; http://cqqizhou.com"
87.120.191.70 - - [06/Oct/2025:01:03:54 +0800] "GET / HTTP/1.1" 200 33467 "-" "Mozilla/5.0 (Windows NT 10.0; Win64; x64) AppleWebKit/537.36 (KHTML, like Gecko) Chrome/90.0.4430.85 Safari/537.36 Edg/90.0.818.46"
36.133.115.36 - - [06/Oct/2025:01:10:22 +0800] "POST /wp-cron.php?doing_wp_cron=1759684222.5719640254974365234375 HTTP/1.1" 200 31 "-" "WordPress/6.8.2; http://cqqizhou.com"
87.120.191.90 - - [06/Oct/2025:01:10:22 +0800] "GET / HTTP/1.1" 200 33467 "-" "Mozilla/5.0 (Windows NT 10.0; Win64; x64) AppleWebKit/537.36 (KHTML, like Gecko) Chrome/90.0.4430.85 Safari/537.36 Edg/90.0.818.46"
36.133.115.36 - - [06/Oct/2025:01:13:46 +0800] "POST /wp-cron.php?doing_wp_cron=1759684426.8139860630035400390625 HTTP/1.1" 200 31 "-" "WordPress/6.8.2; http://cqqizhou.com"
87.120.191.93 - - [06/Oct/2025:01:13:47 +0800] "GET / HTTP/1.1" 200 33467 "-" "Mozilla/5.0 (Windows NT 10.0; Win64; x64) AppleWebKit/537.36 (KHTML, like Gecko) Chrome/90.0.4430.85 Safari/537.36 Edg/90.0.818.46"
36.133.115.36 - - [06/Oct/2025:01:19:01 +0800] "POST /wp-cron.php?doing_wp_cron=1759684741.4231519699096679687500 HTTP/1.1" 200 31 "-" "WordPress/6.8.2; http://cqqizhou.com"
87.120.191.91 - - [06/Oct/2025:01:19:01 +0800] "GET / HTTP/1.1" 200 33468 "-" "Mozilla/5.0 (Windows NT 10.0; Win64; x64) AppleWebKit/537.36 (KHTML, like Gecko) Chrome/90.0.4430.85 Safari/537.36 Edg/90.0.818.46"
36.133.115.36 - - [06/Oct/2025:01:22:51 +0800] "POST /wp-cron.php?doing_wp_cron=1759684971.6301259994506835937500 HTTP/1.1" 200 31 "-" "WordPress/6.8.2; http://cqqizhou.com"
170.106.187.106 - - [06/Oct/2025:01:22:51 +0800] "GET / HTTP/1.1" 301 5 "-" "Mozilla/5.0 (iPhone; CPU iPhone OS 13_2_3 like Mac OS X) AppleWebKit/605.1.15 (KHTML, like Gecko) Version/13.0.3 Mobile/15E148 Safari/604.1"
170.106.187.106 - - [06/Oct/2025:01:22:58 +0800] "GET / HTTP/1.1" 200 33468 "http://36.133.115.36" "Mozilla/5.0 (iPhone; CPU iPhone OS 13_2_3 like Mac OS X) AppleWebKit/605.1.15 (KHTML, like Gecko) Version/13.0.3 Mobile/15E148 Safari/604.1"
36.133.115.36 - - [06/Oct/2025:01:34:19 +0800] "POST /wp-cron.php?doing_wp_cron=1759685659.2441658973693847656250 HTTP/1.1" 200 31 "-" "WordPress/6.8.2; http://cqqizhou.com"
87.120.191.92 - - [06/Oct/2025:01:34:19 +0800] "GET / HTTP/1.1" 200 33467 "-" "Mozilla/5.0 (Windows NT 10.0; Win64; x64) AppleWebKit/537.36 (KHTML, like Gecko) Chrome/90.0.4430.85 Safari/537.36 Edg/90.0.818.46"
43.167.239.66 - - [06/Oct/2025:01:34:44 +0800] "GET / HTTP/1.1" 200 33468 "-" "Mozilla/5.0 (iPhone; CPU iPhone OS 13_2_3 like Mac OS X) AppleWebKit/605.1.15 (KHTML, like Gecko) Version/13.0.3 Mobile/15E148 Safari/604.1"
36.133.115.36 - - [06/Oct/2025:01:40:32 +0800] "POST /wp-cron.php?doing_wp_cron=1759686032.6118090152740478515625 HTTP/1.1" 200 31 "-" "WordPress/6.8.2; http://cqqizhou.com"
115.159.33.43 - - [06/Oct/2025:01:40:32 +0800] "GET / HTTP/1.1" 301 5 "-" "Mozilla/5.0 (Windows NT 10.0; Win64; x64) AppleWebKit/537.36 (KHTML, like Gecko) Chrome/79.0.3945.117 Safari/537.36"
43.157.52.37 - - [06/Oct/2025:01:42:16 +0800] "GET /wp-content/plugins/revslider/ HTTP/1.1" 200 31 "-" "Mozilla/5.0 (iPhone; CPU iPhone OS 13_2_3 like Mac OS X) AppleWebKit/605.1.15 (KHTML, like Gecko) Version/13.0.3 Mobile/15E148 Safari/604.1"
36.133.115.36 - - [06/Oct/2025:01:46:27 +0800] "POST /wp-cron.php?doing_wp_cron=1759686387.1476690769195556640625 HTTP/1.1" 200 31 "-" "WordPress/6.8.2; http://cqqizhou.com"
88.210.63.67 - - [06/Oct/2025:01:46:27 +0800] "POST /boaform/admin/formLogin HTTP/1.1" 404 8990 "http://36.133.115.36:80/admin/login.asp" "Mozilla/5.0 (X11; Ubuntu; Linux x86_64; rv:71.0) Gecko/20100101 Firefox/71.0"
36.133.115.36 - - [06/Oct/2025:01:46:46 +0800] "POST /wp-cron.php?doing_wp_cron=1759686406.9306330680847167968750 HTTP/1.1" 200 31 "-" "WordPress/6.8.2; http://cqqizhou.com"
129.226.93.214 - - [06/Oct/2025:01:46:46 +0800] "GET /comments/feed/ HTTP/1.1" 200 704 "-" "Mozilla/5.0 (iPhone; CPU iPhone OS 13_2_3 like Mac OS X) AppleWebKit/605.1.15 (KHTML, like Gecko) Version/13.0.3 Mobile/15E148 Safari/604.1"
36.133.115.36 - - [06/Oct/2025:01:55:08 +0800] "POST /wp-cron.php?doing_wp_cron=1759686908.6181130409240722656250 HTTP/1.1" 200 31 "-" "WordPress/6.8.2; http://cqqizhou.com"
87.120.191.90 - - [06/Oct/2025:01:55:08 +0800] "GET / HTTP/1.1" 200 33468 "-" "Mozilla/5.0 (Windows NT 10.0; Win64; x64) AppleWebKit/537.36 (KHTML, like Gecko) Chrome/90.0.4430.85 Safari/537.36 Edg/90.0.818.46"
45.142.195.99 - - [06/Oct/2025:01:55:36 +0800] "GET / HTTP/1.1" 200 33467 "-" "Mozilla/5.0 (Windows NT 10.0; Win64; x64) AppleWebKit/537.36 (KHTML, like Gecko) Chrome/90.0.4430.85 Safari/537.36 Edg/90.0.818.46"
43.166.247.155 - - [06/Oct/2025:01:59:25 +0800] "GET /wp-content/plugins/ HTTP/1.1" 200 31 "-" "Mozilla/5.0 (iPhone; CPU iPhone OS 13_2_3 like Mac OS X) AppleWebKit/605.1.15 (KHTML, like Gecko) Version/13.0.3 Mobile/15E148 Safari/604.1"
36.133.115.36 - - [06/Oct/2025:02:00:22 +0800] "POST /wp-cron.php?doing_wp_cron=1759687222.7210409641265869140625 HTTP/1.1" 200 31 "-" "WordPress/6.8.2; http://cqqizhou.com"
87.120.191.91 - - [06/Oct/2025:02:00:23 +0800] "GET / HTTP/1.1" 200 33468 "-" "Mozilla/5.0 (Windows NT 10.0; Win64; x64) AppleWebKit/537.36 (KHTML, like Gecko) Chrome/90.0.4430.85 Safari/537.36 Edg/90.0.818.46"
36.133.115.36 - - [06/Oct/2025:02:03:15 +0800] "POST /wp-cron.php?doing_wp_cron=1759687395.2183930873870849609375 HTTP/1.1" 200 31 "-" "WordPress/6.8.2; http://cqqizhou.com"
36.133.108.119 - - [06/Oct/2025:02:03:15 +0800] "HEAD /cgi-bin/luci/;stok=/locale HTTP/1.1" 404 0 "-" "Mozilla/5.0 (Macintosh; Intel Mac OS X 10_8_3) AppleWebKit/537.36 (KHTML, like Gecko) Chrome/27.0.1453.93 Safari/537.36"
36.133.115.36 - - [06/Oct/2025:02:11:20 +0800] "POST /wp-cron.php?doing_wp_cron=1759687880.4060640335083007812500 HTTP/1.1" 200 31 "-" "WordPress/6.8.2; http://cqqizhou.com"
43.130.60.195 - - [06/Oct/2025:02:11:20 +0800] "GET /wp-json/ HTTP/1.1" 200 19172 "-" "Mozilla/5.0 (iPhone; CPU iPhone OS 13_2_3 like Mac OS X) AppleWebKit/605.1.15 (KHTML, like Gecko) Version/13.0.3 Mobile/15E148 Safari/604.1"
36.133.115.36 - - [06/Oct/2025:02:15:44 +0800] "POST /wp-cron.php?doing_wp_cron=1759688144.5332140922546386718750 HTTP/1.1" 200 31 "-" "WordPress/6.8.2; http://cqqizhou.com"
87.120.191.93 - - [06/Oct/2025:02:15:44 +0800] "GET / HTTP/1.1" 200 33468 "-" "Mozilla/5.0 (Windows NT 10.0; Win64; x64) AppleWebKit/537.36 (KHTML, like Gecko) Chrome/90.0.4430.85 Safari/537.36 Edg/90.0.818.46"
36.133.115.36 - - [06/Oct/2025:02:16:03 +0800] "POST /wp-cron.php?doing_wp_cron=1759688163.3783578872680664062500 HTTP/1.1" 200 31 "-" "WordPress/6.8.2; http://cqqizhou.com"
87.120.191.70 - - [06/Oct/2025:02:16:03 +0800] "GET / HTTP/1.1" 200 33468 "-" "Mozilla/5.0 (Windows NT 10.0; Win64; x64) AppleWebKit/537.36 (KHTML, like Gecko) Chrome/90.0.4430.85 Safari/537.36 Edg/90.0.818.46"
36.133.115.36 - - [06/Oct/2025:02:16:49 +0800] "POST /wp-cron.php?doing_wp_cron=1759688209.8760399818420410156250 HTTP/1.1" 200 31 "-" "WordPress/6.8.2; http://cqqizhou.com"
43.167.239.66 - - [06/Oct/2025:02:16:49 +0800] "GET /wp-admin/admin-ajax.php HTTP/1.1" 400 11 "-" "Mozilla/5.0 (iPhone; CPU iPhone OS 13_2_3 like Mac OS X) AppleWebKit/605.1.15 (KHTML, like Gecko) Version/13.0.3 Mobile/15E148 Safari/604.1"
36.133.115.36 - - [06/Oct/2025:02:18:55 +0800] "POST /wp-cron.php?doing_wp_cron=1759688335.2672729492187500000000 HTTP/1.1" 200 31 "-" "WordPress/6.8.2; http://cqqizhou.com"
87.120.191.6 - - [06/Oct/2025:02:18:55 +0800] "GET / HTTP/1.1" 200 33468 "-" "Mozilla/5.0 (Windows NT 10.0; Win64; x64) AppleWebKit/537.36 (KHTML, like Gecko) Chrome/90.0.4430.85 Safari/537.36 Edg/90.0.818.46"
36.133.115.36 - - [06/Oct/2025:02:19:58 +0800] "POST /wp-cron.php?doing_wp_cron=1759688397.9768729209899902343750 HTTP/1.1" 200 31 "-" "WordPress/6.8.2; http://cqqizhou.com"
87.120.191.84 - - [06/Oct/2025:02:19:58 +0800] "GET / HTTP/1.1" 200 33468 "-" "Mozilla/5.0 (Windows NT 10.0; Win64; x64) AppleWebKit/537.36 (KHTML, like Gecko) Chrome/90.0.4430.85 Safari/537.36 Edg/90.0.818.46"
87.120.191.92 - - [06/Oct/2025:02:20:35 +0800] "GET / HTTP/1.1" 200 33468 "-" "Mozilla/5.0 (Windows NT 10.0; Win64; x64) AppleWebKit/537.36 (KHTML, like Gecko) Chrome/90.0.4430.85 Safari/537.36 Edg/90.0.818.46"
36.133.115.36 - - [06/Oct/2025:02:28:50 +0800] "POST /wp-cron.php?doing_wp_cron=1759688930.5868289470672607421875 HTTP/1.1" 200 31 "-" "WordPress/6.8.2; http://cqqizhou.com"
185.133.213.86 - - [06/Oct/2025:02:28:50 +0800] "GET /.env HTTP/1.1" 404 8990 "-" "Mozilla/5.0 (X11; Linux x86_64) AppleWebKit/537.36 (KHTML, like Gecko) Chrome/81.0.4044.129 Safari/537.36"
185.133.213.86 - - [06/Oct/2025:02:28:53 +0800] "POST / HTTP/1.1" 200 33468 "-" "Mozilla/5.0 (X11; Linux x86_64) AppleWebKit/537.36 (KHTML, like Gecko) Chrome/81.0.4044.129 Safari/537.36"
93.123.109.214 - - [06/Oct/2025:02:29:12 +0800] "GET / HTTP/1.1" 301 5 "-" "l9tcpid/v1.1.0"
36.133.115.36 - - [06/Oct/2025:02:30:26 +0800] "POST /wp-cron.php?doing_wp_cron=1759689026.2107429504394531250000 HTTP/1.1" 200 31 "-" "WordPress/6.8.2; http://cqqizhou.com"
43.135.133.194 - - [06/Oct/2025:02:30:26 +0800] "GET /feed/ HTTP/1.1" 200 82044 "-" "Mozilla/5.0 (iPhone; CPU iPhone OS 13_2_3 like Mac OS X) AppleWebKit/605.1.15 (KHTML, like Gecko) Version/13.0.3 Mobile/15E148 Safari/604.1"
36.133.115.36 - - [06/Oct/2025:02:39:41 +0800] "POST /wp-cron.php?doing_wp_cron=1759689581.6736760139465332031250 HTTP/1.1" 200 31 "-" "WordPress/6.8.2; http://cqqizhou.com"
13.219.78.203 - - [06/Oct/2025:02:39:41 +0800] "GET / HTTP/1.1" 301 5 "-" "Mozilla/5.0 (Windows NT 10.0; Win64; x64) AppleWebKit/537.36 (KHTML, like Gecko) Chrome/136.0.0.0 Safari/537.36"
36.133.115.36 - - [06/Oct/2025:02:40:37 +0800] "POST /wp-cron.php?doing_wp_cron=1759689637.5567510128021240234375 HTTP/1.1" 200 31 "-" "WordPress/6.8.2; http://cqqizhou.com"
87.120.191.90 - - [06/Oct/2025:02:40:37 +0800] "GET / HTTP/1.1" 200 33467 "-" "Mozilla/5.0 (Windows NT 10.0; Win64; x64) AppleWebKit/537.36 (KHTML, like Gecko) Chrome/90.0.4430.85 Safari/537.36 Edg/90.0.818.46"
36.133.115.36 - - [06/Oct/2025:02:45:30 +0800] "POST /wp-cron.php?doing_wp_cron=1759689930.2695450782775878906250 HTTP/1.1" 200 31 "-" "WordPress/6.8.2; http://cqqizhou.com"
43.166.247.82 - - [06/Oct/2025:02:45:30 +0800] "GET /?p=2231 HTTP/1.1" 301 5 "-" "Mozilla/5.0 (iPhone; CPU iPhone OS 13_2_3 like Mac OS X) AppleWebKit/605.1.15 (KHTML, like Gecko) Version/13.0.3 Mobile/15E148 Safari/604.1"
43.166.247.82 - - [06/Oct/2025:02:45:32 +0800] "GET /2231/ HTTP/1.1" 200 19533 "http://cqqizhou.com/?p=2231" "Mozilla/5.0 (iPhone; CPU iPhone OS 13_2_3 like Mac OS X) AppleWebKit/605.1.15 (KHTML, like Gecko) Version/13.0.3 Mobile/15E148 Safari/604.1"
36.133.115.36 - - [06/Oct/2025:02:46:28 +0800] "POST /wp-cron.php?doing_wp_cron=1759689988.6563289165496826171875 HTTP/1.1" 200 31 "-" "WordPress/6.8.2; http://cqqizhou.com"
87.120.191.91 - - [06/Oct/2025:02:46:28 +0800] "GET / HTTP/1.1" 200 33468 "-" "Mozilla/5.0 (Windows NT 10.0; Win64; x64) AppleWebKit/537.36 (KHTML, like Gecko) Chrome/90.0.4430.85 Safari/537.36 Edg/90.0.818.46"
124.156.225.181 - - [06/Oct/2025:02:57:16 +0800] "GET /wp-content/uploads/2025/09/1756868585-20250903104658_78_5-300x135.webp HTTP/1.1" 200 9352 "-" "Mozilla/5.0 (iPhone; CPU iPhone OS 13_2_3 like Mac OS X) AppleWebKit/605.1.15 (KHTML, like Gecko) Version/13.0.3 Mobile/15E148 Safari/604.1"
36.133.115.36 - - [06/Oct/2025:03:04:56 +0800] "POST /wp-cron.php?doing_wp_cron=1759691096.7195138931274414062500 HTTP/1.1" 200 31 "-" "WordPress/6.8.2; http://cqqizhou.com"
87.120.191.92 - - [06/Oct/2025:03:04:57 +0800] "GET / HTTP/1.1" 200 33467 "-" "Mozilla/5.0 (Windows NT 10.0; Win64; x64) AppleWebKit/537.36 (KHTML, like Gecko) Chrome/90.0.4430.85 Safari/537.36 Edg/90.0.818.46"
36.133.115.36 - - [06/Oct/2025:03:08:14 +0800] "POST /wp-cron.php?doing_wp_cron=1759691293.9831919670104980468750 HTTP/1.1" 200 31 "-" "WordPress/6.8.2; http://cqqizhou.com"
66.132.153.115 - - [06/Oct/2025:03:08:14 +0800] "GET / HTTP/1.1" 301 5 "-" "Mozilla/5.0 (compatible; CensysInspect/1.1; +https://about.censys.io/)"
66.132.153.115 - - [06/Oct/2025:03:08:23 +0800] "GET / HTTP/1.1" 200 39369 "-" "Mozilla/5.0 (compatible; CensysInspect/1.1; +https://about.censys.io/)"
43.164.195.17 - - [06/Oct/2025:03:08:31 +0800] "GET /wp-content/uploads/2025/09/1756868585-20250903104658_78_5-768x346.webp HTTP/1.1" 200 35830 "-" "Mozilla/5.0 (iPhone; CPU iPhone OS 13_2_3 like Mac OS X) AppleWebKit/605.1.15 (KHTML, like Gecko) Version/13.0.3 Mobile/15E148 Safari/604.1"
36.133.115.36 - - [06/Oct/2025:03:11:39 +0800] "POST /wp-cron.php?doing_wp_cron=1759691499.0601089000701904296875 HTTP/1.1" 200 31 "-" "WordPress/6.8.2; http://cqqizhou.com"
87.120.191.93 - - [06/Oct/2025:03:11:39 +0800] "GET / HTTP/1.1" 200 33467 "-" "Mozilla/5.0 (Windows NT 10.0; Win64; x64) AppleWebKit/537.36 (KHTML, like Gecko) Chrome/90.0.4430.85 Safari/537.36 Edg/90.0.818.46"
87.242.104.108 - - [06/Oct/2025:03:12:19 +0800] "GET / HTTP/1.0" 200 165852 "http://cqqizhou.com/" "Mozilla/5.0 (Windows NT 6.3; Win64; x64) AppleWebKit/537.36 (KHTML, like Gecko) Chrome/103.0.5060.53 Safari/537.36"
87.242.104.108 - - [06/Oct/2025:03:12:20 +0800] "GET /contacts/ HTTP/1.0" 200 76104 "http://cqqizhou.com/contacts/" "Mozilla/5.0 (Windows NT 6.3; Win64; x64) AppleWebKit/537.36 (KHTML, like Gecko) Chrome/103.0.5060.53 Safari/537.36"
36.133.115.36 - - [06/Oct/2025:03:12:21 +0800] "POST /wp-cron.php?doing_wp_cron=1759691541.7656910419464111328125 HTTP/1.1" 200 31 "-" "WordPress/6.8.2; http://cqqizhou.com"
87.242.104.108 - - [06/Oct/2025:03:12:23 +0800] "POST /contacts/ HTTP/1.0" 200 68815 "http://cqqizhou.com/contacts/" "Mozilla/5.0 (Windows NT 6.3; Win64; x64) AppleWebKit/537.36 (KHTML, like Gecko) Chrome/103.0.5060.53 Safari/537.36"
36.133.115.36 - - [06/Oct/2025:03:15:49 +0800] "POST /wp-cron.php?doing_wp_cron=1759691749.3640069961547851562500 HTTP/1.1" 200 31 "-" "WordPress/6.8.2; http://cqqizhou.com"
43.135.172.89 - - [06/Oct/2025:03:15:49 +0800] "GET /2214/ HTTP/1.1" 200 21274 "-" "Mozilla/5.0 (iPhone; CPU iPhone OS 13_2_3 like Mac OS X) AppleWebKit/605.1.15 (KHTML, like Gecko) Version/13.0.3 Mobile/15E148 Safari/604.1"
36.133.115.36 - - [06/Oct/2025:03:17:17 +0800] "POST /wp-cron.php?doing_wp_cron=1759691837.5534319877624511718750 HTTP/1.1" 200 31 "-" "WordPress/6.8.2; http://cqqizhou.com"
175.155.189.206 - - [06/Oct/2025:03:17:17 +0800] "GET / HTTP/1.0" 301 0 "https://www.baidu.com/" "Mozilla/5.0 (Macintosh; Intel Mac OS X 10_15_6) AppleWebKit/537.36 (KHTML, like Gecko) Chrome/91.0.4472.164 Safari/537.36"
175.155.189.206 - - [06/Oct/2025:03:17:18 +0800] "GET / HTTP/1.0" 200 165852 "https://www.baidu.com/" "Mozilla/5.0 (Macintosh; Intel Mac OS X 10_15_6) AppleWebKit/537.36 (KHTML, like Gecko) Chrome/91.0.4472.164 Safari/537.36"
36.133.115.36 - - [06/Oct/2025:03:19:07 +0800] "POST /wp-cron.php?doing_wp_cron=1759691947.9623019695281982421875 HTTP/1.1" 200 31 "-" "WordPress/6.8.2; http://cqqizhou.com"
45.142.195.99 - - [06/Oct/2025:03:19:08 +0800] "GET / HTTP/1.1" 200 33467 "-" "Mozilla/5.0 (Windows NT 10.0; Win64; x64) AppleWebKit/537.36 (KHTML, like Gecko) Chrome/90.0.4430.85 Safari/537.36 Edg/90.0.818.46"
36.133.115.36 - - [06/Oct/2025:03:21:11 +0800] "POST /wp-cron.php?doing_wp_cron=1759692070.9667820930480957031250 HTTP/1.1" 200 31 "-" "WordPress/6.8.2; http://cqqizhou.com"
47.237.177.222 - - [06/Oct/2025:03:21:11 +0800] "GET http://passport.baidu.com/ HTTP/1.1" 200 33467 "-" "-"
36.133.115.36 - - [06/Oct/2025:03:22:14 +0800] "POST /wp-cron.php?doing_wp_cron=1759692134.5115220546722412109375 HTTP/1.1" 200 31 "-" "WordPress/6.8.2; http://cqqizhou.com"
45.204.215.184 - - [06/Oct/2025:03:22:14 +0800] "GET /admin/_content/_About/AspCms_AboutEdit.asp?id=1%20and%201=2%20union%20select%201,2,3,4,5,loginname,7,8,9,password,11,12,13,14,15,16,17,18,19,20,21,22,23,24,25,26,27,28,29,30,31,32,33,34,35%20from%20aspcms_user%20where%20userid=1 HTTP/1.1" 301 5 "-" "Mozilla/5.0 (Windows NT 10.0; Win64; x64) AppleWebKit/537.36 (KHTML, like Gecko) Chrome/42.0.2311.135 Safari/537.36 Edge/12.10240"
45.204.215.184 - - [06/Oct/2025:03:22:15 +0800] "GET /plug/oem/AspCms_OEMFun.asp HTTP/1.1" 301 5 "-" "Mozilla/5.0 (Knoppix; Linux x86_64; rv:123.0) Gecko/20100101 Firefox/123.0"
87.120.191.90 - - [06/Oct/2025:03:22:22 +0800] "GET / HTTP/1.1" 200 33467 "-" "Mozilla/5.0 (Windows NT 10.0; Win64; x64) AppleWebKit/537.36 (KHTML, like Gecko) Chrome/90.0.4430.85 Safari/537.36 Edg/90.0.818.46"
36.133.115.36 - - [06/Oct/2025:03:26:17 +0800] "POST /wp-cron.php?doing_wp_cron=1759692377.6136119365692138671875 HTTP/1.1" 200 31 "-" "WordPress/6.8.2; http://cqqizhou.com"
87.120.191.91 - - [06/Oct/2025:03:26:17 +0800] "GET / HTTP/1.1" 200 33468 "-" "Mozilla/5.0 (Windows NT 10.0; Win64; x64) AppleWebKit/537.36 (KHTML, like Gecko) Chrome/90.0.4430.85 Safari/537.36 Edg/90.0.818.46"
36.133.115.36 - - [06/Oct/2025:03:28:32 +0800] "POST /wp-cron.php?doing_wp_cron=1759692512.5568358898162841796875 HTTP/1.1" 200 31 "-" "WordPress/6.8.2; http://cqqizhou.com"
43.131.243.61 - - [06/Oct/2025:03:28:32 +0800] "GET /2159/ HTTP/1.1" 200 24775 "-" "Mozilla/5.0 (iPhone; CPU iPhone OS 13_2_3 like Mac OS X) AppleWebKit/605.1.15 (KHTML, like Gecko) Version/13.0.3 Mobile/15E148 Safari/604.1"
27.22.78.43 - - [06/Oct/2025:03:28:47 +0800] "GET //contacts/ HTTP/1.0" 200 76104 "https://www.baidu.com/" "Mozilla/5.0 (Macintosh; Intel Mac OS X 10_15_6) AppleWebKit/537.36 (KHTML, like Gecko) Chrome/91.0.4472.164 Safari/537.36"
113.231.15.93 - - [06/Oct/2025:03:28:47 +0800] "GET //about/ HTTP/1.0" 200 119193 "https://www.baidu.com/" "Mozilla/5.0 (Macintosh; Intel Mac OS X 10_15_6) AppleWebKit/537.36 (KHTML, like Gecko) Chrome/91.0.4472.164 Safari/537.36"
36.133.115.36 - - [06/Oct/2025:03:30:45 +0800] "POST /wp-cron.php?doing_wp_cron=1759692645.1325840950012207031250 HTTP/1.1" 200 31 "-" "WordPress/6.8.2; http://cqqizhou.com"
87.120.191.70 - - [06/Oct/2025:03:30:45 +0800] "GET / HTTP/1.1" 200 33467 "-" "Mozilla/5.0 (Windows NT 10.0; Win64; x64) AppleWebKit/537.36 (KHTML, like Gecko) Chrome/90.0.4430.85 Safari/537.36 Edg/90.0.818.46"
43.159.141.150 - - [06/Oct/2025:03:36:31 +0800] "GET /wp-content/uploads/2025/07/1753455650-DSC01469-300x169.webp HTTP/1.1" 200 8050 "-" "Mozilla/5.0 (iPhone; CPU iPhone OS 13_2_3 like Mac OS X) AppleWebKit/605.1.15 (KHTML, like Gecko) Version/13.0.3 Mobile/15E148 Safari/604.1"
36.133.115.36 - - [06/Oct/2025:03:39:02 +0800] "POST /wp-cron.php?doing_wp_cron=1759693142.4179239273071289062500 HTTP/1.1" 200 31 "-" "WordPress/6.8.2; http://cqqizhou.com"
196.251.70.174 - - [06/Oct/2025:03:39:03 +0800] "GET / HTTP/1.1" 200 151919 "-" "Hello World"
43.166.245.120 - - [06/Oct/2025:03:47:12 +0800] "GET /wp-content/uploads/2025/09/1756868585-20250903104658_78_5.webp HTTP/1.1" 200 39636 "-" "Mozilla/5.0 (iPhone; CPU iPhone OS 13_2_3 like Mac OS X) AppleWebKit/605.1.15 (KHTML, like Gecko) Version/13.0.3 Mobile/15E148 Safari/604.1"
36.133.115.36 - - [06/Oct/2025:03:50:19 +0800] "POST /wp-cron.php?doing_wp_cron=1759693819.4689850807189941406250 HTTP/1.1" 200 31 "-" "WordPress/6.8.2; http://cqqizhou.com"
87.120.191.6 - - [06/Oct/2025:03:50:19 +0800] "GET / HTTP/1.1" 200 33467 "-" "Mozilla/5.0 (Windows NT 10.0; Win64; x64) AppleWebKit/537.36 (KHTML, like Gecko) Chrome/90.0.4430.85 Safari/537.36 Edg/90.0.818.46"
36.133.115.36 - - [06/Oct/2025:03:53:54 +0800] "POST /wp-cron.php?doing_wp_cron=1759694034.5031120777130126953125 HTTP/1.1" 200 31 "-" "WordPress/6.8.2; http://cqqizhou.com"
87.120.191.92 - - [06/Oct/2025:03:53:54 +0800] "GET / HTTP/1.1" 200 33467 "-" "Mozilla/5.0 (Windows NT 10.0; Win64; x64) AppleWebKit/537.36 (KHTML, like Gecko) Chrome/90.0.4430.85 Safari/537.36 Edg/90.0.818.46"
43.166.255.122 - - [06/Oct/2025:03:59:43 +0800] "GET /wp-content/uploads/2025/08/1755826456-DSC01841-150x150.webp HTTP/1.1" 200 9850 "-" "Mozilla/5.0 (iPhone; CPU iPhone OS 13_2_3 like Mac OS X) AppleWebKit/605.1.15 (KHTML, like Gecko) Version/13.0.3 Mobile/15E148 Safari/604.1"
36.133.115.36 - - [06/Oct/2025:04:05:16 +0800] "POST /wp-cron.php?doing_wp_cron=1759694716.6919660568237304687500 HTTP/1.1" 200 31 "-" "WordPress/6.8.2; http://cqqizhou.com"
112.4.101.41 - - [06/Oct/2025:04:05:16 +0800] "GET / HTTP/1.1" 301 5 "-" "curl/7.29.0"
36.133.115.36 - - [06/Oct/2025:04:05:52 +0800] "POST /wp-cron.php?doing_wp_cron=1759694752.1432869434356689453125 HTTP/1.1" 200 31 "-" "WordPress/6.8.2; http://cqqizhou.com"
106.75.100.92 - - [06/Oct/2025:04:05:52 +0800] "GET / HTTP/1.1" 301 5 "-" "Mozilla/5.0 (Macintosh; Intel Mac OS X 8_1_1) AppleWebKit/571.42 (KHTML, like Gecko) Chrome/100.0.1952 Safari/537.36"
106.75.100.92 - - [06/Oct/2025:04:05:53 +0800] "GET /sitemap.xml HTTP/1.1" 200 496 "-" "Go-http-client/1.1"
106.75.100.92 - - [06/Oct/2025:04:05:53 +0800] "GET /robots.txt HTTP/1.1" 200 190 "-" "Go-http-client/1.1"
106.75.100.92 - - [06/Oct/2025:04:06:06 +0800] "GET / HTTP/1.1" 200 39369 "-" "Mozilla/5.0 (Windows NT 7_1_1; Win64; x64) AppleWebKit/549.41 (KHTML, like Gecko) Chrome/88.0.2483 Safari/537.36"
106.75.100.92 - - [06/Oct/2025:04:06:09 +0800] "GET /sitemap.xml HTTP/1.1" 200 496 "-" "Go-http-client/1.1"
106.75.100.92 - - [06/Oct/2025:04:06:09 +0800] "GET /robots.txt HTTP/1.1" 200 190 "-" "Go-http-client/1.1"
36.133.115.36 - - [06/Oct/2025:04:07:14 +0800] "POST /wp-cron.php?doing_wp_cron=1759694834.2428150177001953125000 HTTP/1.1" 200 31 "-" "WordPress/6.8.2; http://cqqizhou.com"
20.171.207.60 - - [06/Oct/2025:04:07:14 +0800] "GET /wp-sitemap.xml HTTP/1.1" 501 253 "-" "Mozilla/5.0 AppleWebKit/537.36 (KHTML, like Gecko; compatible; GPTBot/1.2; +https://openai.com/gptbot)"
36.133.115.36 - - [06/Oct/2025:04:11:57 +0800] "POST /wp-cron.php?doing_wp_cron=1759695117.1104130744934082031250 HTTP/1.1" 200 31 "-" "WordPress/6.8.2; http://cqqizhou.com"
87.120.191.93 - - [06/Oct/2025:04:11:57 +0800] "GET / HTTP/1.1" 200 33467 "-" "Mozilla/5.0 (Windows NT 10.0; Win64; x64) AppleWebKit/537.36 (KHTML, like Gecko) Chrome/90.0.4430.85 Safari/537.36 Edg/90.0.818.46"
87.120.191.91 - - [06/Oct/2025:04:12:06 +0800] "GET / HTTP/1.1" 200 33467 "-" "Mozilla/5.0 (Windows NT 10.0; Win64; x64) AppleWebKit/537.36 (KHTML, like Gecko) Chrome/90.0.4430.85 Safari/537.36 Edg/90.0.818.46"
36.133.115.36 - - [06/Oct/2025:04:14:20 +0800] "POST /wp-cron.php?doing_wp_cron=1759695260.0725719928741455078125 HTTP/1.1" 200 31 "-" "WordPress/6.8.2; http://cqqizhou.com"
43.157.168.43 - - [06/Oct/2025:04:14:20 +0800] "GET /2164/ HTTP/1.1" 200 19594 "-" "Mozilla/5.0 (iPhone; CPU iPhone OS 13_2_3 like Mac OS X) AppleWebKit/605.1.15 (KHTML, like Gecko) Version/13.0.3 Mobile/15E148 Safari/604.1"
223.73.44.177 - - [06/Oct/2025:04:18:45 +0800] "GET / HTTP/1.1" 200 39369 "http://cqqizhou.com/" "Mozilla/5.0 (Windows NT 6.1; WOW64) AppleWebKit/537.36 (KHTML, like Gecko) Chrome/50.0.2661.102 Safari/537.36"
49.51.50.147 - - [06/Oct/2025:04:23:54 +0800] "GET /wp-content/uploads/2025/07/1753455746-DSC01472-150x150.webp HTTP/1.1" 200 4760 "-" "Mozilla/5.0 (iPhone; CPU iPhone OS 13_2_3 like Mac OS X) AppleWebKit/605.1.15 (KHTML, like Gecko) Version/13.0.3 Mobile/15E148 Safari/604.1"
36.133.115.36 - - [06/Oct/2025:04:38:25 +0800] "POST /wp-cron.php?doing_wp_cron=1759696705.4678308963775634765625 HTTP/1.1" 200 31 "-" "WordPress/6.8.2; http://cqqizhou.com"
87.120.191.70 - - [06/Oct/2025:04:38:25 +0800] "GET / HTTP/1.1" 200 33467 "-" "Mozilla/5.0 (Windows NT 10.0; Win64; x64) AppleWebKit/537.36 (KHTML, like Gecko) Chrome/90.0.4430.85 Safari/537.36 Edg/90.0.818.46"
36.133.115.36 - - [06/Oct/2025:04:39:51 +0800] "POST /wp-cron.php?doing_wp_cron=1759696791.8426599502563476562500 HTTP/1.1" 200 31 "-" "WordPress/6.8.2; http://cqqizhou.com"
43.155.27.244 - - [06/Oct/2025:04:39:52 +0800] "GET /industry/ HTTP/1.1" 200 18074 "-" "Mozilla/5.0 (iPhone; CPU iPhone OS 13_2_3 like Mac OS X) AppleWebKit/605.1.15 (KHTML, like Gecko) Version/13.0.3 Mobile/15E148 Safari/604.1"
36.133.115.36 - - [06/Oct/2025:04:41:07 +0800] "POST /wp-cron.php?doing_wp_cron=1759696867.5264220237731933593750 HTTP/1.1" 200 31 "-" "WordPress/6.8.2; http://cqqizhou.com"
87.120.191.92 - - [06/Oct/2025:04:41:07 +0800] "GET / HTTP/1.1" 200 33468 "-" "Mozilla/5.0 (Windows NT 10.0; Win64; x64) AppleWebKit/537.36 (KHTML, like Gecko) Chrome/90.0.4430.85 Safari/537.36 Edg/90.0.818.46"
36.133.115.36 - - [06/Oct/2025:04:44:28 +0800] "POST /wp-cron.php?doing_wp_cron=1759697068.9196209907531738281250 HTTP/1.1" 200 31 "-" "WordPress/6.8.2; http://cqqizhou.com"
101.42.117.179 - - [06/Oct/2025:04:44:28 +0800] "GET / HTTP/1.1" 301 5 "-" "Mozilla/5.0 (iPhone; CPU iPhone OS 13_2_3 like Mac OS X) AppleWebKit/605.1.15 (KHTML, like Gecko) Version/13.0.3 Mobile/15E148 Safari/604.1"
101.42.117.179 - - [06/Oct/2025:04:44:30 +0800] "GET / HTTP/1.1" 200 33468 "http://www.cqqizhou.com" "Mozilla/5.0 (iPhone; CPU iPhone OS 13_2_3 like Mac OS X) AppleWebKit/605.1.15 (KHTML, like Gecko) Version/13.0.3 Mobile/15E148 Safari/604.1"
36.133.115.36 - - [06/Oct/2025:04:48:44 +0800] "POST /wp-cron.php?doing_wp_cron=1759697324.7557039260864257812500 HTTP/1.1" 200 31 "-" "WordPress/6.8.2; http://cqqizhou.com"
87.120.191.90 - - [06/Oct/2025:04:48:45 +0800] "GET / HTTP/1.1" 200 33469 "-" "Mozilla/5.0 (Windows NT 10.0; Win64; x64) AppleWebKit/537.36 (KHTML, like Gecko) Chrome/90.0.4430.85 Safari/537.36 Edg/90.0.818.46"
36.133.115.36 - - [06/Oct/2025:04:56:02 +0800] "POST /wp-cron.php?doing_wp_cron=1759697762.0816740989685058593750 HTTP/1.1" 200 31 "-" "WordPress/6.8.2; http://cqqizhou.com"
87.120.191.91 - - [06/Oct/2025:04:56:02 +0800] "GET / HTTP/1.1" 200 33468 "-" "Mozilla/5.0 (Windows NT 10.0; Win64; x64) AppleWebKit/537.36 (KHTML, like Gecko) Chrome/90.0.4430.85 Safari/537.36 Edg/90.0.818.46"
36.133.115.36 - - [06/Oct/2025:04:59:43 +0800] "POST /wp-cron.php?doing_wp_cron=1759697983.3019781112670898437500 HTTP/1.1" 200 31 "-" "WordPress/6.8.2; http://cqqizhou.com"
45.142.195.99 - - [06/Oct/2025:04:59:43 +0800] "GET / HTTP/1.1" 200 33468 "-" "Mozilla/5.0 (Windows NT 10.0; Win64; x64) AppleWebKit/537.36 (KHTML, like Gecko) Chrome/90.0.4430.85 Safari/537.36 Edg/90.0.818.46"
36.133.115.36 - - [06/Oct/2025:05:13:53 +0800] "POST /wp-cron.php?doing_wp_cron=1759698833.6898920536041259765625 HTTP/1.1" 200 31 "-" "WordPress/6.8.2; http://cqqizhou.com"
87.120.191.93 - - [06/Oct/2025:05:13:53 +0800] "GET / HTTP/1.1" 200 33468 "-" "Mozilla/5.0 (Windows NT 10.0; Win64; x64) AppleWebKit/537.36 (KHTML, like Gecko) Chrome/90.0.4430.85 Safari/537.36 Edg/90.0.818.46"
36.133.115.36 - - [06/Oct/2025:05:18:14 +0800] "POST /wp-cron.php?doing_wp_cron=1759699094.5259380340576171875000 HTTP/1.1" 200 31 "-" "WordPress/6.8.2; http://cqqizhou.com"
37.233.14.254 - - [06/Oct/2025:05:18:15 +0800] "GET / HTTP/1.1" 200 151919 "-" "Mozilla/5.0 (Windows NT 10.0; WOW64) AppleWebKit/537.36 (KHTML, like Gecko) Chrome/52.0.2743.116 Safari/537.36"
36.133.115.36 - - [06/Oct/2025:05:24:25 +0800] "POST /wp-cron.php?doing_wp_cron=1759699465.6532630920410156250000 HTTP/1.1" 200 31 "-" "WordPress/6.8.2; http://cqqizhou.com"
87.120.191.6 - - [06/Oct/2025:05:24:25 +0800] "GET / HTTP/1.1" 200 33467 "-" "Mozilla/5.0 (Windows NT 10.0; Win64; x64) AppleWebKit/537.36 (KHTML, like Gecko) Chrome/90.0.4430.85 Safari/537.36 Edg/90.0.818.46"
36.133.115.36 - - [06/Oct/2025:05:27:10 +0800] "POST /wp-cron.php?doing_wp_cron=1759699630.5640909671783447265625 HTTP/1.1" 200 31 "-" "WordPress/6.8.2; http://cqqizhou.com"
87.120.191.92 - - [06/Oct/2025:05:27:10 +0800] "GET / HTTP/1.1" 200 33467 "-" "Mozilla/5.0 (Windows NT 10.0; Win64; x64) AppleWebKit/537.36 (KHTML, like Gecko) Chrome/90.0.4430.85 Safari/537.36 Edg/90.0.818.46"
36.133.115.36 - - [06/Oct/2025:05:32:00 +0800] "POST /wp-cron.php?doing_wp_cron=1759699920.7564918994903564453125 HTTP/1.1" 200 31 "-" "WordPress/6.8.2; http://cqqizhou.com"
87.120.191.90 - - [06/Oct/2025:05:32:01 +0800] "GET / HTTP/1.1" 200 33467 "-" "Mozilla/5.0 (Windows NT 10.0; Win64; x64) AppleWebKit/537.36 (KHTML, like Gecko) Chrome/90.0.4430.85 Safari/537.36 Edg/90.0.818.46"
36.133.115.36 - - [06/Oct/2025:05:39:20 +0800] "POST /wp-cron.php?doing_wp_cron=1759700360.9531478881835937500000 HTTP/1.1" 200 31 "-" "WordPress/6.8.2; http://cqqizhou.com"
87.120.191.91 - - [06/Oct/2025:05:39:21 +0800] "GET / HTTP/1.1" 200 33467 "-" "Mozilla/5.0 (Windows NT 10.0; Win64; x64) AppleWebKit/537.36 (KHTML, like Gecko) Chrome/90.0.4430.85 Safari/537.36 Edg/90.0.818.46"
195.178.110.15 - - [06/Oct/2025:05:39:27 +0800] "GET / HTTP/1.1" 301 5 "-" "l9tcpid/v1.1.0"
36.133.115.36 - - [06/Oct/2025:05:48:32 +0800] "POST /wp-cron.php?doing_wp_cron=1759700912.8078351020812988281250 HTTP/1.1" 200 31 "-" "WordPress/6.8.2; http://cqqizhou.com"
87.120.191.70 - - [06/Oct/2025:05:48:33 +0800] "GET / HTTP/1.1" 200 33467 "-" "Mozilla/5.0 (Windows NT 10.0; Win64; x64) AppleWebKit/537.36 (KHTML, like Gecko) Chrome/90.0.4430.85 Safari/537.36 Edg/90.0.818.46"
36.133.115.36 - - [06/Oct/2025:06:12:28 +0800] "POST /wp-cron.php?doing_wp_cron=1759702348.2226569652557373046875 HTTP/1.1" 200 31 "-" "WordPress/6.8.2; http://cqqizhou.com"
93.123.109.214 - - [06/Oct/2025:06:12:28 +0800] "GET / HTTP/1.1" 301 5 "-" "l9tcpid/v1.1.0"
87.120.191.92 - - [06/Oct/2025:06:12:45 +0800] "GET / HTTP/1.1" 200 33467 "-" "Mozilla/5.0 (Windows NT 10.0; Win64; x64) AppleWebKit/537.36 (KHTML, like Gecko) Chrome/90.0.4430.85 Safari/537.36 Edg/90.0.818.46"
36.133.115.36 - - [06/Oct/2025:06:17:22 +0800] "POST /wp-cron.php?doing_wp_cron=1759702641.9916450977325439453125 HTTP/1.1" 200 31 "-" "WordPress/6.8.2; http://cqqizhou.com"
87.120.191.90 - - [06/Oct/2025:06:17:22 +0800] "GET / HTTP/1.1" 200 33467 "-" "Mozilla/5.0 (Windows NT 10.0; Win64; x64) AppleWebKit/537.36 (KHTML, like Gecko) Chrome/90.0.4430.85 Safari/537.36 Edg/90.0.818.46"
87.120.191.93 - - [06/Oct/2025:06:17:27 +0800] "GET / HTTP/1.1" 200 33467 "-" "Mozilla/5.0 (Windows NT 10.0; Win64; x64) AppleWebKit/537.36 (KHTML, like Gecko) Chrome/90.0.4430.85 Safari/537.36 Edg/90.0.818.46"
36.133.115.36 - - [06/Oct/2025:06:19:26 +0800] "POST /wp-cron.php?doing_wp_cron=1759702766.1439299583435058593750 HTTP/1.1" 200 31 "-" "WordPress/6.8.2; http://cqqizhou.com"
87.120.191.91 - - [06/Oct/2025:06:19:26 +0800] "GET / HTTP/1.1" 200 33469 "-" "Mozilla/5.0 (Windows NT 10.0; Win64; x64) AppleWebKit/537.36 (KHTML, like Gecko) Chrome/90.0.4430.85 Safari/537.36 Edg/90.0.818.46"
104.197.69.115 - - [06/Oct/2025:06:36:04 +0800] "GET / HTTP/1.1" 200 39369 "-" "Mozilla/5.0 (X11; Linux x86_64) AppleWebKit/537.36 (KHTML, like Gecko) HeadlessChrome/125.0.6422.60 Safari/537.36"
104.197.69.115 - - [06/Oct/2025:06:36:08 +0800] "GET /wp-content/uploads/2025/07/1751425283-qizhou.kf_.qq_.com_.webp HTTP/1.1" 200 16864 "http://cqqizhou.com/" "Mozilla/5.0 (X11; Linux x86_64) AppleWebKit/537.36 (KHTML, like Gecko) HeadlessChrome/125.0.6422.60 Safari/537.36"
104.197.69.115 - - [06/Oct/2025:06:36:10 +0800] "GET /wp-content/uploads/2025/07/1753456723-%E5%8F%8C%E7%9B%B8%E9%92%A2roduct_Single600.webp HTTP/1.1" 200 22790 "http://cqqizhou.com/" "Mozilla/5.0 (X11; Linux x86_64) AppleWebKit/537.36 (KHTML, like Gecko) HeadlessChrome/125.0.6422.60 Safari/537.36"
34.122.147.229 - - [06/Oct/2025:06:36:10 +0800] "GET /wp-content/uploads/2025/07/1753453096-%E5%8F%8C%E7%9B%B8%E9%92%A2product_Single600%C3%97284.webp HTTP/1.1" 200 14562 "http://cqqizhou.com/" "Mozilla/5.0 (X11; Linux x86_64) AppleWebKit/537.36 (KHTML, like Gecko) HeadlessChrome/125.0.6422.60 Safari/537.36"
34.72.176.129 - - [06/Oct/2025:06:36:10 +0800] "GET /wp-content/uploads/2025/07/1753456770-%E7%83%AD%E9%95%80%E9%94%8C%E5%8D%B7product_Single600.webp HTTP/1.1" 200 27502 "http://cqqizhou.com/" "Mozilla/5.0 (X11; Linux x86_64) AppleWebKit/537.36 (KHTML, like Gecko) HeadlessChrome/125.0.6422.60 Safari/537.36"
104.197.69.115 - - [06/Oct/2025:06:36:10 +0800] "GET /wp-content/uploads/2025/07/1753453127-%E4%BD%99%E5%8D%B7product_Single600%C3%97284.webp HTTP/1.1" 200 18744 "http://cqqizhou.com/" "Mozilla/5.0 (X11; Linux x86_64) AppleWebKit/537.36 (KHTML, like Gecko) HeadlessChrome/125.0.6422.60 Safari/537.36"
34.72.176.129 - - [06/Oct/2025:06:36:14 +0800] "GET /wp-content/uploads/revslider/slider-1/1750929639-yuanjing_Slider_3840%C3%972160_20250626171955-scaled.webp HTTP/1.1" 200 203290 "http://cqqizhou.com/" "Mozilla/5.0 (X11; Linux x86_64) AppleWebKit/537.36 (KHTML, like Gecko) HeadlessChrome/125.0.6422.60 Safari/537.36"
34.72.176.129 - - [06/Oct/2025:06:36:14 +0800] "GET /wp-content/uploads/2025/07/1753587901-Slider_3840%C3%972160_20250727-scaled-50x100.webp HTTP/1.1" 200 1660 "http://cqqizhou.com/" "Mozilla/5.0 (X11; Linux x86_64) AppleWebKit/537.36 (KHTML, like Gecko) HeadlessChrome/125.0.6422.60 Safari/537.36"
34.72.176.129 - - [06/Oct/2025:06:36:14 +0800] "GET /wp-content/uploads/revslider/slider-1/1750861156-logistics_Slider_3840%C3%972160_20250625191356-scaled-50x100.webp HTTP/1.1" 200 1416 "http://cqqizhou.com/" "Mozilla/5.0 (X11; Linux x86_64) AppleWebKit/537.36 (KHTML, like Gecko) HeadlessChrome/125.0.6422.60 Safari/537.36"
34.72.176.129 - - [06/Oct/2025:06:36:15 +0800] "GET /wp-content/uploads/revslider/slider-1/1750861156-logistics_Slider_3840%C3%972160_20250625191356-scaled-50x100.webp HTTP/1.1" 200 1416 "http://cqqizhou.com/" "Mozilla/5.0 (X11; Linux x86_64) AppleWebKit/537.36 (KHTML, like Gecko) HeadlessChrome/125.0.6422.60 Safari/537.36"
34.72.176.129 - - [06/Oct/2025:06:36:15 +0800] "GET /wp-content/uploads/2025/07/1753587901-Slider_3840%C3%972160_20250727-scaled-50x100.webp HTTP/1.1" 200 1660 "http://cqqizhou.com/" "Mozilla/5.0 (X11; Linux x86_64) AppleWebKit/537.36 (KHTML, like Gecko) HeadlessChrome/125.0.6422.60 Safari/537.36"
36.133.115.36 - - [06/Oct/2025:06:36:15 +0800] "POST /wp-cron.php?doing_wp_cron=1759703775.6076750755310058593750 HTTP/1.1" 200 31 "-" "WordPress/6.8.2; http://cqqizhou.com"
104.197.69.115 - - [06/Oct/2025:06:36:15 +0800] "GET /wp-json/sliderrevolution/sliders/1?srengine=7&slideid=3 HTTP/1.1" 200 2292 "http://cqqizhou.com/" "Mozilla/5.0 (X11; Linux x86_64) AppleWebKit/537.36 (KHTML, like Gecko) HeadlessChrome/125.0.6422.60 Safari/537.36"
104.197.69.115 - - [06/Oct/2025:06:36:15 +0800] "GET /wp-json/sliderrevolution/sliders/1?srengine=7&slideid=2 HTTP/1.1" 200 2058 "http://cqqizhou.com/" "Mozilla/5.0 (X11; Linux x86_64) AppleWebKit/537.36 (KHTML, like Gecko) HeadlessChrome/125.0.6422.60 Safari/537.36"
104.197.69.115 - - [06/Oct/2025:06:36:16 +0800] "GET /wp-content/uploads/2025/07/1753587901-Slider_3840%C3%972160_20250727-scaled.webp HTTP/1.1" 200 141034 "http://cqqizhou.com/" "Mozilla/5.0 (X11; Linux x86_64) AppleWebKit/537.36 (KHTML, like Gecko) HeadlessChrome/125.0.6422.60 Safari/537.36"
104.197.69.115 - - [06/Oct/2025:06:36:16 +0800] "GET /wp-content/uploads/revslider/slider-1/1750861156-logistics_Slider_3840%C3%972160_20250625191356-scaled.webp HTTP/1.1" 200 197360 "http://cqqizhou.com/" "Mozilla/5.0 (X11; Linux x86_64) AppleWebKit/537.36 (KHTML, like Gecko) HeadlessChrome/125.0.6422.60 Safari/537.36"
104.197.69.115 - - [06/Oct/2025:06:36:24 +0800] "GET /wp-content/uploads/revslider/slider-1/1750929639-yuanjing_Slider_3840%C3%972160_20250626171955-scaled-50x100.webp HTTP/1.1" 200 1784 "http://cqqizhou.com/" "Mozilla/5.0 (X11; Linux x86_64) AppleWebKit/537.36 (KHTML, like Gecko) HeadlessChrome/125.0.6422.60 Safari/537.36"
104.197.69.115 - - [06/Oct/2025:06:36:24 +0800] "GET /wp-content/uploads/revslider/slider-1/1750929639-yuanjing_Slider_3840%C3%972160_20250626171955-scaled-50x100.webp HTTP/1.1" 200 1784 "http://cqqizhou.com/" "Mozilla/5.0 (X11; Linux x86_64) AppleWebKit/537.36 (KHTML, like Gecko) HeadlessChrome/125.0.6422.60 Safari/537.36"
45.142.195.99 - - [06/Oct/2025:06:36:29 +0800] "GET / HTTP/1.1" 200 33468 "-" "Mozilla/5.0 (Windows NT 10.0; Win64; x64) AppleWebKit/537.36 (KHTML, like Gecko) Chrome/90.0.4430.85 Safari/537.36 Edg/90.0.818.46"
104.197.69.115 - - [06/Oct/2025:06:36:33 +0800] "GET /wp-content/uploads/revslider/slider-1/1750861156-logistics_Slider_3840%C3%972160_20250625191356-scaled-50x100.webp HTTP/1.1" 200 1416 "http://cqqizhou.com/" "Mozilla/5.0 (X11; Linux x86_64) AppleWebKit/537.36 (KHTML, like Gecko) HeadlessChrome/125.0.6422.60 Safari/537.36"
104.197.69.115 - - [06/Oct/2025:06:36:42 +0800] "GET /wp-content/uploads/2025/07/1753587901-Slider_3840%C3%972160_20250727-scaled-50x100.webp HTTP/1.1" 200 1660 "http://cqqizhou.com/" "Mozilla/5.0 (X11; Linux x86_64) AppleWebKit/537.36 (KHTML, like Gecko) HeadlessChrome/125.0.6422.60 Safari/537.36"
36.133.115.36 - - [06/Oct/2025:06:42:08 +0800] "POST /wp-cron.php?doing_wp_cron=1759704128.4981930255889892578125 HTTP/1.1" 200 31 "-" "WordPress/6.8.2; http://cqqizhou.com"
5.189.141.59 - - [06/Oct/2025:06:42:08 +0800] "GET /.git/config HTTP/1.1" 301 5 "-" "Mozilla/5.0 (Windows NT 10.0; Win64; x64) AppleWebKit/537.36 (KHTML, like Gecko) Chrome/123.0.0.0 Safari/537.36"
36.133.115.36 - - [06/Oct/2025:06:53:07 +0800] "POST /wp-cron.php?doing_wp_cron=1759704787.7859489917755126953125 HTTP/1.1" 200 31 "-" "WordPress/6.8.2; http://cqqizhou.com"
87.120.191.70 - - [06/Oct/2025:06:53:08 +0800] "GET / HTTP/1.1" 200 33468 "-" "Mozilla/5.0 (Windows NT 10.0; Win64; x64) AppleWebKit/537.36 (KHTML, like Gecko) Chrome/90.0.4430.85 Safari/537.36 Edg/90.0.818.46"
36.133.115.36 - - [06/Oct/2025:06:57:03 +0800] "POST /wp-cron.php?doing_wp_cron=1759705023.9471309185028076171875 HTTP/1.1" 200 31 "-" "WordPress/6.8.2; http://cqqizhou.com"
87.120.191.90 - - [06/Oct/2025:06:57:04 +0800] "GET / HTTP/1.1" 200 33468 "-" "Mozilla/5.0 (Windows NT 10.0; Win64; x64) AppleWebKit/537.36 (KHTML, like Gecko) Chrome/90.0.4430.85 Safari/537.36 Edg/90.0.818.46"
36.133.115.36 - - [06/Oct/2025:06:58:03 +0800] "POST /wp-cron.php?doing_wp_cron=1759705083.2950839996337890625000 HTTP/1.1" 200 31 "-" "WordPress/6.8.2; http://cqqizhou.com"
87.120.191.92 - - [06/Oct/2025:06:58:03 +0800] "GET / HTTP/1.1" 200 33468 "-" "Mozilla/5.0 (Windows NT 10.0; Win64; x64) AppleWebKit/537.36 (KHTML, like Gecko) Chrome/90.0.4430.85 Safari/537.36 Edg/90.0.818.46"
87.120.191.6 - - [06/Oct/2025:06:58:16 +0800] "GET / HTTP/1.1" 200 33467 "-" "Mozilla/5.0 (Windows NT 10.0; Win64; x64) AppleWebKit/537.36 (KHTML, like Gecko) Chrome/90.0.4430.85 Safari/537.36 Edg/90.0.818.46"
36.133.115.36 - - [06/Oct/2025:07:01:04 +0800] "POST /wp-cron.php?doing_wp_cron=1759705264.8941071033477783203125 HTTP/1.1" 200 31 "-" "WordPress/6.8.2; http://cqqizhou.com"
87.120.191.91 - - [06/Oct/2025:07:01:05 +0800] "GET / HTTP/1.1" 200 33467 "-" "Mozilla/5.0 (Windows NT 10.0; Win64; x64) AppleWebKit/537.36 (KHTML, like Gecko) Chrome/90.0.4430.85 Safari/537.36 Edg/90.0.818.46"
128.90.141.9 - - [06/Oct/2025:07:07:27 +0800] "GET / HTTP/1.1" 200 39369 "-" "Go-http-client/1.1"
128.90.141.9 - - [06/Oct/2025:07:07:28 +0800] "GET /wp-admin/setup-config.php?step=1&language=en_GB HTTP/1.1" 409 2662 "-" "Mozilla/5.0 (compatible; Googlebot/2.1; +http://www.google.com/bot.html)"
36.133.115.36 - - [06/Oct/2025:07:07:29 +0800] "POST /wp-cron.php?doing_wp_cron=1759705649.2660999298095703125000 HTTP/1.1" 200 31 "-" "WordPress/6.8.2; http://cqqizhou.com"
128.90.141.9 - - [06/Oct/2025:07:07:29 +0800] "GET /wp-admin/install.php?step=1&language=en_GB HTTP/1.1" 200 534 "-" "Mozilla/5.0 (Macintosh; Intel Mac OS X 10_15_7) AppleWebKit/605.1.15 (KHTML, like Gecko) Version/15.1 Safari/605.1.15"
128.90.141.9 - - [06/Oct/2025:07:07:29 +0800] "GET /wordpress/wp-admin/setup-config.php?step=1&language=en_GB HTTP/1.1" 404 47 "-" "Mozilla/5.0 (Windows NT 10.0; Win64; x64; rv:108.0) Gecko/20100101 Firefox/108.0"
128.90.141.9 - - [06/Oct/2025:07:07:29 +0800] "GET /wordpress/wp-admin/install.php?step=1&language=en_GB HTTP/1.1" 404 47 "-" "Mozilla/5.0 (iPad; CPU OS 16_4 like Mac OS X) AppleWebKit/605.1.15 (KHTML, like Gecko) Version/16.4 Mobile/15E148 Safari/604.1"
128.90.141.9 - - [06/Oct/2025:07:07:30 +0800] "GET /wp/wp-admin/setup-config.php?step=1&language=en_GB HTTP/1.1" 404 47 "-" "Mozilla/5.0 (iPhone; CPU iPhone OS 16_4 like Mac OS X) AppleWebKit/605.1.15 (KHTML, like Gecko) Version/16.4 Mobile/15E148 Safari/604.1"
128.90.141.9 - - [06/Oct/2025:07:07:30 +0800] "GET /wp/wp-admin/install.php?step=1&language=en_GB HTTP/1.1" 404 47 "-" "Mozilla/5.0 (Macintosh; Intel Mac OS X 10_15_7) AppleWebKit/605.1.15 (KHTML, like Gecko) Version/15.1 Safari/605.1.15"
128.90.141.9 - - [06/Oct/2025:07:07:30 +0800] "GET /new/wp-admin/setup-config.php?step=1&language=en_GB HTTP/1.1" 404 47 "-" "Mozilla/5.0 (Windows NT 10.0; Win64; x64) AppleWebKit/537.36 (KHTML, like Gecko) Edge/115.0.0.0"
128.90.141.9 - - [06/Oct/2025:07:07:31 +0800] "GET /new/wp-admin/install.php?step=1&language=en_GB HTTP/1.1" 404 47 "-" "Mozilla/5.0 (compatible; Bingbot/2.0; +http://www.bing.com/bingbot.htm)"
128.90.141.9 - - [06/Oct/2025:07:07:31 +0800] "GET /old/wp-admin/setup-config.php?step=1&language=en_GB HTTP/1.1" 404 47 "-" "Mozilla/5.0 (iPad; CPU OS 16_4 like Mac OS X) AppleWebKit/605.1.15 (KHTML, like Gecko) Version/16.4 Mobile/15E148 Safari/604.1"
128.90.141.9 - - [06/Oct/2025:07:07:31 +0800] "GET /old/wp-admin/install.php?step=1&language=en_GB HTTP/1.1" 404 47 "-" "Mozilla/5.0 (compatible; Bingbot/2.0; +http://www.bing.com/bingbot.htm)"
128.90.141.9 - - [06/Oct/2025:07:07:32 +0800] "GET /blog/wp-admin/setup-config.php?step=1&language=en_GB HTTP/1.1" 404 47 "-" "Mozilla/5.0 (Windows NT 10.0; Win64; x64) AppleWebKit/537.36 (KHTML, like Gecko) Edge/115.0.0.0"
128.90.141.9 - - [06/Oct/2025:07:07:33 +0800] "GET /blog/wp-admin/install.php?step=1&language=en_GB HTTP/1.1" 404 47 "-" "Mozilla/5.0 (compatible; Yahoo! Slurp; http://help.yahoo.com/help/us/ysearch/slurp)"
128.90.141.9 - - [06/Oct/2025:07:07:33 +0800] "GET /test/wp-admin/setup-config.php?step=1&language=en_GB HTTP/1.1" 404 47 "-" "Mozilla/5.0 (Macintosh; Intel Mac OS X 10_15_7) AppleWebKit/605.1.15 (KHTML, like Gecko) Version/15.1 Safari/605.1.15"
128.90.141.9 - - [06/Oct/2025:07:07:33 +0800] "GET /test/wp-admin/install.php?step=1&language=en_GB HTTP/1.1" 404 47 "-" "Mozilla/5.0 (compatible; Googlebot/2.1; +http://www.google.com/bot.html)"
128.90.141.9 - - [06/Oct/2025:07:07:34 +0800] "GET /shop/wp-admin/setup-config.php?step=1&language=en_GB HTTP/1.1" 404 47 "-" "Mozilla/5.0 (compatible; Bingbot/2.0; +http://www.bing.com/bingbot.htm)"
128.90.141.9 - - [06/Oct/2025:07:07:35 +0800] "GET /shop/wp-admin/install.php?step=1&language=en_GB HTTP/1.1" 404 47 "-" "Mozilla/5.0 (Windows NT 10.0; Win64; x64; rv:108.0) Gecko/20100101 Firefox/108.0"
36.133.115.36 - - [06/Oct/2025:07:14:56 +0800] "POST /wp-cron.php?doing_wp_cron=1759706096.3327140808105468750000 HTTP/1.1" 200 31 "-" "WordPress/6.8.2; http://cqqizhou.com"
87.120.191.93 - - [06/Oct/2025:07:14:56 +0800] "GET / HTTP/1.1" 200 33467 "-" "Mozilla/5.0 (Windows NT 10.0; Win64; x64) AppleWebKit/537.36 (KHTML, like Gecko) Chrome/90.0.4430.85 Safari/537.36 Edg/90.0.818.46"
36.133.115.36 - - [06/Oct/2025:07:20:54 +0800] "POST /wp-cron.php?doing_wp_cron=1759706454.6352341175079345703125 HTTP/1.1" 200 31 "-" "WordPress/6.8.2; http://cqqizhou.com"
196.251.70.174 - - [06/Oct/2025:07:20:55 +0800] "GET / HTTP/1.1" 200 109837 "-" "-"
36.133.115.36 - - [06/Oct/2025:07:30:06 +0800] "POST /wp-cron.php?doing_wp_cron=1759707006.0165660381317138671875 HTTP/1.1" 200 31 "-" "WordPress/6.8.2; http://cqqizhou.com"
223.96.204.24 - - [06/Oct/2025:07:30:06 +0800] "GET / HTTP/1.1" 301 5 "-" "Mozilla/5.0 (Windows NT 5.1; rv:9.0.1) Gecko/20100101 Firefox/9.0.1"
223.96.204.24 - - [06/Oct/2025:07:30:06 +0800] "GET / HTTP/1.1" 200 39369 "-" "Mozilla/5.0 (Windows NT 5.1; rv:9.0.1) Gecko/20100101 Firefox/9.0.1"
223.96.204.24 - - [06/Oct/2025:07:30:07 +0800] "GET http://www.msftncsi.com/ncsi.txt HTTP/1.1" 200 25127 "http://cqqizhou.com/" "Mozilla/5.0 (Windows NT 5.1; rv:9.0.1) Gecko/20100101 Firefox/9.0.1"
223.96.204.24 - - [06/Oct/2025:07:30:07 +0800] "GET /HNAP1/ HTTP/1.1" 404 8990 "http://cqqizhou.com/" "Mozilla/5.0 (Windows NT 5.1; rv:9.0.1) Gecko/20100101 Firefox/9.0.1"
223.96.204.24 - - [06/Oct/2025:07:30:08 +0800] "GET /hudson/script HTTP/1.1" 404 8990 "http://cqqizhou.com/" "Mozilla/5.0 (Windows NT 5.1; rv:9.0.1) Gecko/20100101 Firefox/9.0.1"
223.96.204.24 - - [06/Oct/2025:07:30:09 +0800] "GET /script HTTP/1.1" 404 8990 "http://cqqizhou.com/" "Mozilla/5.0 (Windows NT 5.1; rv:9.0.1) Gecko/20100101 Firefox/9.0.1"
223.96.204.24 - - [06/Oct/2025:07:30:09 +0800] "GET /sqlite/main.php HTTP/1.1" 404 47 "http://cqqizhou.com/" "Mozilla/5.0 (Windows NT 5.1; rv:9.0.1) Gecko/20100101 Firefox/9.0.1"
223.96.204.24 - - [06/Oct/2025:07:30:09 +0800] "GET /sqlitemanager/main.php HTTP/1.1" 404 47 "http://cqqizhou.com/" "Mozilla/5.0 (Windows NT 5.1; rv:9.0.1) Gecko/20100101 Firefox/9.0.1"
223.96.204.24 - - [06/Oct/2025:07:30:12 +0800] "GET /SQLiteManager/main.php HTTP/1.1" 404 47 "http://cqqizhou.com/" "Mozilla/5.0 (Windows NT 5.1; rv:9.0.1) Gecko/20100101 Firefox/9.0.1"
223.96.204.24 - - [06/Oct/2025:07:30:12 +0800] "GET /SQLite/main.php HTTP/1.1" 404 47 "http://cqqizhou.com/" "Mozilla/5.0 (Windows NT 5.1; rv:9.0.1) Gecko/20100101 Firefox/9.0.1"
223.96.204.24 - - [06/Oct/2025:07:30:12 +0800] "GET /SQlite/main.php HTTP/1.1" 404 47 "http://cqqizhou.com/" "Mozilla/5.0 (Windows NT 5.1; rv:9.0.1) Gecko/20100101 Firefox/9.0.1"
223.96.204.24 - - [06/Oct/2025:07:30:12 +0800] "GET /main.php HTTP/1.1" 404 47 "http://cqqizhou.com/" "Mozilla/5.0 (Windows NT 5.1; rv:9.0.1) Gecko/20100101 Firefox/9.0.1"
223.96.204.24 - - [06/Oct/2025:07:30:12 +0800] "GET /test/sqlite/SQLiteManager-1.2.0/SQLiteManager-1.2.0/main.php HTTP/1.1" 404 47 "http://cqqizhou.com/" "Mozilla/5.0 (Windows NT 5.1; rv:9.0.1) Gecko/20100101 Firefox/9.0.1"
223.96.204.24 - - [06/Oct/2025:07:30:12 +0800] "GET /SQLiteManager-1.2.4/main.php HTTP/1.1" 404 47 "http://cqqizhou.com/" "Mozilla/5.0 (Windows NT 5.1; rv:9.0.1) Gecko/20100101 Firefox/9.0.1"
223.96.204.24 - - [06/Oct/2025:07:30:13 +0800] "GET /agSearch/SQlite/main.php HTTP/1.1" 404 47 "http://cqqizhou.com/" "Mozilla/5.0 (Windows NT 5.1; rv:9.0.1) Gecko/20100101 Firefox/9.0.1"
223.96.204.24 - - [06/Oct/2025:07:30:13 +0800] "GET /phpmyadmin/ HTTP/1.1" 404 8990 "http://cqqizhou.com/" "Mozilla/5.0 (Windows NT 5.1; rv:9.0.1) Gecko/20100101 Firefox/9.0.1"
