223.96.204.24 - - [06/Oct/2025:07:30:14 +0800] "GET /phpMyAdmin/ HTTP/1.1" 404 8991 "http://cqqizhou.com/" "Mozilla/5.0 (Windows NT 5.1; rv:9.0.1) Gecko/20100101 Firefox/9.0.1"
223.96.204.24 - - [06/Oct/2025:07:30:15 +0800] "GET /PMA/ HTTP/1.1" 404 8990 "http://cqqizhou.com/" "Mozilla/5.0 (Windows NT 5.1; rv:9.0.1) Gecko/20100101 Firefox/9.0.1"
223.96.204.24 - - [06/Oct/2025:07:30:15 +0800] "GET /pma/ HTTP/1.1" 404 8990 "http://cqqizhou.com/" "Mozilla/5.0 (Windows NT 5.1; rv:9.0.1) Gecko/20100101 Firefox/9.0.1"
223.96.204.24 - - [06/Oct/2025:07:30:16 +0800] "GET /admin/ HTTP/1.1" 302 5 "http://cqqizhou.com/" "Mozilla/5.0 (Windows NT 5.1; rv:9.0.1) Gecko/20100101 Firefox/9.0.1"
223.96.204.24 - - [06/Oct/2025:07:30:17 +0800] "GET /wp-admin/ HTTP/1.1" 302 5 "http://cqqizhou.com/" "Mozilla/5.0 (Windows NT 5.1; rv:9.0.1) Gecko/20100101 Firefox/9.0.1"
223.96.204.24 - - [06/Oct/2025:07:30:17 +0800] "GET /wp-login.php?redirect_to=http%3A%2F%2Fcqqizhou.com%2Fwp-admin%2F&reauth=1 HTTP/1.1" 200 2781 "http://cqqizhou.com/" "Mozilla/5.0 (Windows NT 5.1; rv:9.0.1) Gecko/20100101 Firefox/9.0.1"
223.96.204.24 - - [06/Oct/2025:07:30:18 +0800] "GET /dbadmin/ HTTP/1.1" 404 8990 "http://cqqizhou.com/" "Mozilla/5.0 (Windows NT 5.1; rv:9.0.1) Gecko/20100101 Firefox/9.0.1"
223.96.204.24 - - [06/Oct/2025:07:30:19 +0800] "GET /mysql/ HTTP/1.1" 404 8990 "http://cqqizhou.com/" "Mozilla/5.0 (Windows NT 5.1; rv:9.0.1) Gecko/20100101 Firefox/9.0.1"
223.96.204.24 - - [06/Oct/2025:07:30:20 +0800] "GET /myadmin/ HTTP/1.1" 404 8989 "http://cqqizhou.com/" "Mozilla/5.0 (Windows NT 5.1; rv:9.0.1) Gecko/20100101 Firefox/9.0.1"
223.96.204.24 - - [06/Oct/2025:07:30:20 +0800] "GET /openserver/phpmyadmin/ HTTP/1.1" 404 8989 "http://cqqizhou.com/" "Mozilla/5.0 (Windows NT 5.1; rv:9.0.1) Gecko/20100101 Firefox/9.0.1"
223.96.204.24 - - [06/Oct/2025:07:30:22 +0800] "GET /phpmyadmin2/ HTTP/1.1" 404 8990 "http://cqqizhou.com/" "Mozilla/5.0 (Windows NT 5.1; rv:9.0.1) Gecko/20100101 Firefox/9.0.1"
223.96.204.24 - - [06/Oct/2025:07:30:24 +0800] "GET /phpMyAdmin2/ HTTP/1.1" 404 8990 "http://cqqizhou.com/" "Mozilla/5.0 (Windows NT 5.1; rv:9.0.1) Gecko/20100101 Firefox/9.0.1"
223.96.204.24 - - [06/Oct/2025:07:30:24 +0800] "GET /phpMyAdmin-2/ HTTP/1.1" 404 8990 "http://cqqizhou.com/" "Mozilla/5.0 (Windows NT 5.1; rv:9.0.1) Gecko/20100101 Firefox/9.0.1"
223.96.204.24 - - [06/Oct/2025:07:30:25 +0800] "GET /php-my-admin/ HTTP/1.1" 404 8990 "http://cqqizhou.com/" "Mozilla/5.0 (Windows NT 5.1; rv:9.0.1) Gecko/20100101 Firefox/9.0.1"
223.96.204.24 - - [06/Oct/2025:07:30:26 +0800] "GET /phpMyAdmin-2.2.3/ HTTP/1.1" 404 8990 "http://cqqizhou.com/" "Mozilla/5.0 (Windows NT 5.1; rv:9.0.1) Gecko/20100101 Firefox/9.0.1"
223.96.204.24 - - [06/Oct/2025:07:30:26 +0800] "GET /phpMyAdmin-2.2.6/ HTTP/1.1" 404 8990 "http://cqqizhou.com/" "Mozilla/5.0 (Windows NT 5.1; rv:9.0.1) Gecko/20100101 Firefox/9.0.1"
223.96.204.24 - - [06/Oct/2025:07:30:28 +0800] "GET /phpMyAdmin-2.5.1/ HTTP/1.1" 404 8990 "http://cqqizhou.com/" "Mozilla/5.0 (Windows NT 5.1; rv:9.0.1) Gecko/20100101 Firefox/9.0.1"
223.96.204.24 - - [06/Oct/2025:07:30:29 +0800] "GET /phpMyAdmin-2.5.4/ HTTP/1.1" 404 8990 "http://cqqizhou.com/" "Mozilla/5.0 (Windows NT 5.1; rv:9.0.1) Gecko/20100101 Firefox/9.0.1"
223.96.204.24 - - [06/Oct/2025:07:30:30 +0800] "GET /phpMyAdmin-2.5.5-rc1/ HTTP/1.1" 404 8989 "http://cqqizhou.com/" "Mozilla/5.0 (Windows NT 5.1; rv:9.0.1) Gecko/20100101 Firefox/9.0.1"
223.96.204.24 - - [06/Oct/2025:07:30:30 +0800] "GET /phpMyAdmin-2.5.5-rc2/ HTTP/1.1" 404 8989 "http://cqqizhou.com/" "Mozilla/5.0 (Windows NT 5.1; rv:9.0.1) Gecko/20100101 Firefox/9.0.1"
223.96.204.24 - - [06/Oct/2025:07:30:31 +0800] "GET /phpMyAdmin-2.5.5/ HTTP/1.1" 404 8990 "http://cqqizhou.com/" "Mozilla/5.0 (Windows NT 5.1; rv:9.0.1) Gecko/20100101 Firefox/9.0.1"
223.96.204.24 - - [06/Oct/2025:07:30:32 +0800] "GET /phpMyAdmin-2.5.5-pl1/ HTTP/1.1" 404 8990 "http://cqqizhou.com/" "Mozilla/5.0 (Windows NT 5.1; rv:9.0.1) Gecko/20100101 Firefox/9.0.1"
223.96.204.24 - - [06/Oct/2025:07:30:32 +0800] "GET /phpMyAdmin-2.5.6-rc1/ HTTP/1.1" 404 8990 "http://cqqizhou.com/" "Mozilla/5.0 (Windows NT 5.1; rv:9.0.1) Gecko/20100101 Firefox/9.0.1"
223.96.204.24 - - [06/Oct/2025:07:30:33 +0800] "GET /phpMyAdmin-2.5.6-rc2/ HTTP/1.1" 404 8990 "http://cqqizhou.com/" "Mozilla/5.0 (Windows NT 5.1; rv:9.0.1) Gecko/20100101 Firefox/9.0.1"
223.96.204.24 - - [06/Oct/2025:07:30:34 +0800] "GET /phpMyAdmin-2.5.6/ HTTP/1.1" 404 8991 "http://cqqizhou.com/" "Mozilla/5.0 (Windows NT 5.1; rv:9.0.1) Gecko/20100101 Firefox/9.0.1"
223.96.204.24 - - [06/Oct/2025:07:30:34 +0800] "GET /phpMyAdmin-2.5.7/ HTTP/1.1" 404 8991 "http://cqqizhou.com/" "Mozilla/5.0 (Windows NT 5.1; rv:9.0.1) Gecko/20100101 Firefox/9.0.1"
223.96.204.24 - - [06/Oct/2025:07:30:36 +0800] "GET /phpMyAdmin-2.5.7-pl1/ HTTP/1.1" 404 8990 "http://cqqizhou.com/" "Mozilla/5.0 (Windows NT 5.1; rv:9.0.1) Gecko/20100101 Firefox/9.0.1"
223.96.204.24 - - [06/Oct/2025:07:30:37 +0800] "GET /phpMyAdmin-2.6.0-alpha/ HTTP/1.1" 404 8990 "http://cqqizhou.com/" "Mozilla/5.0 (Windows NT 5.1; rv:9.0.1) Gecko/20100101 Firefox/9.0.1"
223.96.204.24 - - [06/Oct/2025:07:30:37 +0800] "GET /phpMyAdmin-2.6.0-alpha2/ HTTP/1.1" 404 8990 "http://cqqizhou.com/" "Mozilla/5.0 (Windows NT 5.1; rv:9.0.1) Gecko/20100101 Firefox/9.0.1"
223.96.204.24 - - [06/Oct/2025:07:30:38 +0800] "GET /phpMyAdmin-2.6.0-beta1/ HTTP/1.1" 404 8990 "http://cqqizhou.com/" "Mozilla/5.0 (Windows NT 5.1; rv:9.0.1) Gecko/20100101 Firefox/9.0.1"
223.96.204.24 - - [06/Oct/2025:07:30:39 +0800] "GET /phpMyAdmin-2.6.0-beta2/ HTTP/1.1" 404 8990 "http://cqqizhou.com/" "Mozilla/5.0 (Windows NT 5.1; rv:9.0.1) Gecko/20100101 Firefox/9.0.1"
223.96.204.24 - - [06/Oct/2025:07:30:40 +0800] "GET /phpMyAdmin-2.6.0-rc1/ HTTP/1.1" 404 8990 "http://cqqizhou.com/" "Mozilla/5.0 (Windows NT 5.1; rv:9.0.1) Gecko/20100101 Firefox/9.0.1"
223.96.204.24 - - [06/Oct/2025:07:30:43 +0800] "GET /phpMyAdmin-2.6.0-rc2/ HTTP/1.1" 404 8990 "http://cqqizhou.com/" "Mozilla/5.0 (Windows NT 5.1; rv:9.0.1) Gecko/20100101 Firefox/9.0.1"
223.96.204.24 - - [06/Oct/2025:07:30:44 +0800] "GET /phpMyAdmin-2.6.0-rc3/ HTTP/1.1" 404 8991 "http://cqqizhou.com/" "Mozilla/5.0 (Windows NT 5.1; rv:9.0.1) Gecko/20100101 Firefox/9.0.1"
223.96.204.24 - - [06/Oct/2025:07:30:45 +0800] "GET /phpMyAdmin-2.6.0/ HTTP/1.1" 404 8990 "http://cqqizhou.com/" "Mozilla/5.0 (Windows NT 5.1; rv:9.0.1) Gecko/20100101 Firefox/9.0.1"
36.133.115.36 - - [06/Oct/2025:07:30:46 +0800] "POST /wp-cron.php?doing_wp_cron=1759707046.7742691040039062500000 HTTP/1.1" 200 31 "-" "WordPress/6.8.2; http://cqqizhou.com"
223.96.204.24 - - [06/Oct/2025:07:30:46 +0800] "GET /phpMyAdmin-2.6.0-pl1/ HTTP/1.1" 404 8990 "http://cqqizhou.com/" "Mozilla/5.0 (Windows NT 5.1; rv:9.0.1) Gecko/20100101 Firefox/9.0.1"
223.96.204.24 - - [06/Oct/2025:07:30:47 +0800] "GET /phpMyAdmin-2.6.0-pl2/ HTTP/1.1" 404 8990 "http://cqqizhou.com/" "Mozilla/5.0 (Windows NT 5.1; rv:9.0.1) Gecko/20100101 Firefox/9.0.1"
223.96.204.24 - - [06/Oct/2025:07:30:48 +0800] "GET /phpMyAdmin-2.6.0-pl3/ HTTP/1.1" 404 8990 "http://cqqizhou.com/" "Mozilla/5.0 (Windows NT 5.1; rv:9.0.1) Gecko/20100101 Firefox/9.0.1"
223.96.204.24 - - [06/Oct/2025:07:30:48 +0800] "GET /phpMyAdmin-2.6.1-rc1/ HTTP/1.1" 404 8990 "http://cqqizhou.com/" "Mozilla/5.0 (Windows NT 5.1; rv:9.0.1) Gecko/20100101 Firefox/9.0.1"
223.96.204.24 - - [06/Oct/2025:07:30:49 +0800] "GET /phpMyAdmin-2.6.1-rc2/ HTTP/1.1" 404 8990 "http://cqqizhou.com/" "Mozilla/5.0 (Windows NT 5.1; rv:9.0.1) Gecko/20100101 Firefox/9.0.1"
223.96.204.24 - - [06/Oct/2025:07:30:50 +0800] "GET /phpMyAdmin-2.6.1/ HTTP/1.1" 404 8990 "http://cqqizhou.com/" "Mozilla/5.0 (Windows NT 5.1; rv:9.0.1) Gecko/20100101 Firefox/9.0.1"
223.96.204.24 - - [06/Oct/2025:07:30:52 +0800] "GET /phpMyAdmin-2.6.1-pl1/ HTTP/1.1" 404 8990 "http://cqqizhou.com/" "Mozilla/5.0 (Windows NT 5.1; rv:9.0.1) Gecko/20100101 Firefox/9.0.1"
223.96.204.24 - - [06/Oct/2025:07:30:52 +0800] "GET /phpMyAdmin-2.6.1-pl2/ HTTP/1.1" 404 8990 "http://cqqizhou.com/" "Mozilla/5.0 (Windows NT 5.1; rv:9.0.1) Gecko/20100101 Firefox/9.0.1"
223.96.204.24 - - [06/Oct/2025:07:30:53 +0800] "GET /phpMyAdmin-2.6.1-pl3/ HTTP/1.1" 404 8990 "http://cqqizhou.com/" "Mozilla/5.0 (Windows NT 5.1; rv:9.0.1) Gecko/20100101 Firefox/9.0.1"
223.96.204.24 - - [06/Oct/2025:07:30:54 +0800] "GET /phpMyAdmin-2.6.2-rc1/ HTTP/1.1" 404 8991 "http://cqqizhou.com/" "Mozilla/5.0 (Windows NT 5.1; rv:9.0.1) Gecko/20100101 Firefox/9.0.1"
223.96.204.24 - - [06/Oct/2025:07:30:54 +0800] "GET /phpMyAdmin-2.6.2-beta1/ HTTP/1.1" 404 8991 "http://cqqizhou.com/" "Mozilla/5.0 (Windows NT 5.1; rv:9.0.1) Gecko/20100101 Firefox/9.0.1"
223.96.204.24 - - [06/Oct/2025:07:30:55 +0800] "GET /phpMyAdmin-2.6.2-rc1/ HTTP/1.1" 404 8990 "http://cqqizhou.com/" "Mozilla/5.0 (Windows NT 5.1; rv:9.0.1) Gecko/20100101 Firefox/9.0.1"
223.96.204.24 - - [06/Oct/2025:07:30:56 +0800] "GET /phpMyAdmin-2.6.2/ HTTP/1.1" 404 8990 "http://cqqizhou.com/" "Mozilla/5.0 (Windows NT 5.1; rv:9.0.1) Gecko/20100101 Firefox/9.0.1"
223.96.204.24 - - [06/Oct/2025:07:30:56 +0800] "GET /phpMyAdmin-2.6.2-pl1/ HTTP/1.1" 404 8990 "http://cqqizhou.com/" "Mozilla/5.0 (Windows NT 5.1; rv:9.0.1) Gecko/20100101 Firefox/9.0.1"
223.96.204.24 - - [06/Oct/2025:07:30:57 +0800] "GET /phpMyAdmin-2.6.3/ HTTP/1.1" 404 8990 "http://cqqizhou.com/" "Mozilla/5.0 (Windows NT 5.1; rv:9.0.1) Gecko/20100101 Firefox/9.0.1"
223.96.204.24 - - [06/Oct/2025:07:30:58 +0800] "GET /phpMyAdmin-2.6.3-rc1/ HTTP/1.1" 404 8990 "http://cqqizhou.com/" "Mozilla/5.0 (Windows NT 5.1; rv:9.0.1) Gecko/20100101 Firefox/9.0.1"
223.96.204.24 - - [06/Oct/2025:07:30:58 +0800] "GET /phpMyAdmin-2.6.3/ HTTP/1.1" 404 8990 "http://cqqizhou.com/" "Mozilla/5.0 (Windows NT 5.1; rv:9.0.1) Gecko/20100101 Firefox/9.0.1"
223.96.204.24 - - [06/Oct/2025:07:30:59 +0800] "GET /phpMyAdmin-2.6.3-pl1/ HTTP/1.1" 404 8990 "http://cqqizhou.com/" "Mozilla/5.0 (Windows NT 5.1; rv:9.0.1) Gecko/20100101 Firefox/9.0.1"
223.96.204.24 - - [06/Oct/2025:07:31:00 +0800] "GET /phpMyAdmin-2.6.4-rc1/ HTTP/1.1" 404 8989 "http://cqqizhou.com/" "Mozilla/5.0 (Windows NT 5.1; rv:9.0.1) Gecko/20100101 Firefox/9.0.1"
223.96.204.24 - - [06/Oct/2025:07:31:00 +0800] "GET /phpMyAdmin-2.6.4-pl1/ HTTP/1.1" 404 8989 "http://cqqizhou.com/" "Mozilla/5.0 (Windows NT 5.1; rv:9.0.1) Gecko/20100101 Firefox/9.0.1"
223.96.204.24 - - [06/Oct/2025:07:31:01 +0800] "GET /phpMyAdmin-2.6.4-pl2/ HTTP/1.1" 404 8990 "http://cqqizhou.com/" "Mozilla/5.0 (Windows NT 5.1; rv:9.0.1) Gecko/20100101 Firefox/9.0.1"
223.96.204.24 - - [06/Oct/2025:07:31:02 +0800] "GET /phpMyAdmin-2.6.4-pl3/ HTTP/1.1" 404 8990 "http://cqqizhou.com/" "Mozilla/5.0 (Windows NT 5.1; rv:9.0.1) Gecko/20100101 Firefox/9.0.1"
223.96.204.24 - - [06/Oct/2025:07:31:03 +0800] "GET /phpMyAdmin-2.6.4-pl4/ HTTP/1.1" 404 8990 "http://cqqizhou.com/" "Mozilla/5.0 (Windows NT 5.1; rv:9.0.1) Gecko/20100101 Firefox/9.0.1"
223.96.204.24 - - [06/Oct/2025:07:31:03 +0800] "GET /phpMyAdmin-2.6.4/ HTTP/1.1" 404 8990 "http://cqqizhou.com/" "Mozilla/5.0 (Windows NT 5.1; rv:9.0.1) Gecko/20100101 Firefox/9.0.1"
223.96.204.24 - - [06/Oct/2025:07:31:04 +0800] "GET /phpMyAdmin-2.7.0-beta1/ HTTP/1.1" 404 8991 "http://cqqizhou.com/" "Mozilla/5.0 (Windows NT 5.1; rv:9.0.1) Gecko/20100101 Firefox/9.0.1"
223.96.204.24 - - [06/Oct/2025:07:31:05 +0800] "GET /phpMyAdmin-2.7.0-rc1/ HTTP/1.1" 404 8990 "http://cqqizhou.com/" "Mozilla/5.0 (Windows NT 5.1; rv:9.0.1) Gecko/20100101 Firefox/9.0.1"
223.96.204.24 - - [06/Oct/2025:07:31:05 +0800] "GET /phpMyAdmin-2.7.0-pl1/ HTTP/1.1" 404 8990 "http://cqqizhou.com/" "Mozilla/5.0 (Windows NT 5.1; rv:9.0.1) Gecko/20100101 Firefox/9.0.1"
223.96.204.24 - - [06/Oct/2025:07:31:06 +0800] "GET /phpMyAdmin-2.7.0-pl2/ HTTP/1.1" 404 8990 "http://cqqizhou.com/" "Mozilla/5.0 (Windows NT 5.1; rv:9.0.1) Gecko/20100101 Firefox/9.0.1"
223.96.204.24 - - [06/Oct/2025:07:31:07 +0800] "GET /phpMyAdmin-2.7.0/ HTTP/1.1" 404 8990 "http://cqqizhou.com/" "Mozilla/5.0 (Windows NT 5.1; rv:9.0.1) Gecko/20100101 Firefox/9.0.1"
223.96.204.24 - - [06/Oct/2025:07:31:07 +0800] "GET /phpMyAdmin-2.8.0-beta1/ HTTP/1.1" 404 8990 "http://cqqizhou.com/" "Mozilla/5.0 (Windows NT 5.1; rv:9.0.1) Gecko/20100101 Firefox/9.0.1"
223.96.204.24 - - [06/Oct/2025:07:31:08 +0800] "GET /phpMyAdmin-2.8.0-rc1/ HTTP/1.1" 404 8990 "http://cqqizhou.com/" "Mozilla/5.0 (Windows NT 5.1; rv:9.0.1) Gecko/20100101 Firefox/9.0.1"
223.96.204.24 - - [06/Oct/2025:07:31:09 +0800] "GET /phpMyAdmin-2.8.0-rc2/ HTTP/1.1" 404 8990 "http://cqqizhou.com/" "Mozilla/5.0 (Windows NT 5.1; rv:9.0.1) Gecko/20100101 Firefox/9.0.1"
223.96.204.24 - - [06/Oct/2025:07:31:09 +0800] "GET /phpMyAdmin-2.8.0/ HTTP/1.1" 404 8990 "http://cqqizhou.com/" "Mozilla/5.0 (Windows NT 5.1; rv:9.0.1) Gecko/20100101 Firefox/9.0.1"
223.96.204.24 - - [06/Oct/2025:07:31:10 +0800] "GET /phpMyAdmin-2.8.0.1/ HTTP/1.1" 404 8988 "http://cqqizhou.com/" "Mozilla/5.0 (Windows NT 5.1; rv:9.0.1) Gecko/20100101 Firefox/9.0.1"
223.96.204.24 - - [06/Oct/2025:07:31:11 +0800] "GET /phpMyAdmin-2.8.0.2/ HTTP/1.1" 404 8989 "http://cqqizhou.com/" "Mozilla/5.0 (Windows NT 5.1; rv:9.0.1) Gecko/20100101 Firefox/9.0.1"
223.96.204.24 - - [06/Oct/2025:07:31:11 +0800] "GET /phpMyAdmin-2.8.0.3/ HTTP/1.1" 404 8989 "http://cqqizhou.com/" "Mozilla/5.0 (Windows NT 5.1; rv:9.0.1) Gecko/20100101 Firefox/9.0.1"
223.96.204.24 - - [06/Oct/2025:07:31:13 +0800] "GET /phpMyAdmin-2.8.0.4/ HTTP/1.1" 404 8990 "http://cqqizhou.com/" "Mozilla/5.0 (Windows NT 5.1; rv:9.0.1) Gecko/20100101 Firefox/9.0.1"
223.96.204.24 - - [06/Oct/2025:07:31:14 +0800] "GET /phpMyAdmin-2.8.1-rc1/ HTTP/1.1" 404 8991 "http://cqqizhou.com/" "Mozilla/5.0 (Windows NT 5.1; rv:9.0.1) Gecko/20100101 Firefox/9.0.1"
223.96.204.24 - - [06/Oct/2025:07:31:14 +0800] "GET /phpMyAdmin-2.8.1/ HTTP/1.1" 404 8991 "http://cqqizhou.com/" "Mozilla/5.0 (Windows NT 5.1; rv:9.0.1) Gecko/20100101 Firefox/9.0.1"
223.96.204.24 - - [06/Oct/2025:07:31:15 +0800] "GET /phpMyAdmin-2.8.2/ HTTP/1.1" 404 8990 "http://cqqizhou.com/" "Mozilla/5.0 (Windows NT 5.1; rv:9.0.1) Gecko/20100101 Firefox/9.0.1"
223.96.204.24 - - [06/Oct/2025:07:31:16 +0800] "GET /sqlmanager/ HTTP/1.1" 404 8990 "http://cqqizhou.com/" "Mozilla/5.0 (Windows NT 5.1; rv:9.0.1) Gecko/20100101 Firefox/9.0.1"
223.96.204.24 - - [06/Oct/2025:07:31:16 +0800] "GET /mysqlmanager/ HTTP/1.1" 404 8990 "http://cqqizhou.com/" "Mozilla/5.0 (Windows NT 5.1; rv:9.0.1) Gecko/20100101 Firefox/9.0.1"
223.96.204.24 - - [06/Oct/2025:07:31:17 +0800] "GET /p/m/a/ HTTP/1.1" 404 8990 "http://cqqizhou.com/" "Mozilla/5.0 (Windows NT 5.1; rv:9.0.1) Gecko/20100101 Firefox/9.0.1"
223.96.204.24 - - [06/Oct/2025:07:31:18 +0800] "GET /PMA2005/ HTTP/1.1" 404 8990 "http://cqqizhou.com/" "Mozilla/5.0 (Windows NT 5.1; rv:9.0.1) Gecko/20100101 Firefox/9.0.1"
223.96.204.24 - - [06/Oct/2025:07:31:19 +0800] "GET /pma2005/ HTTP/1.1" 404 8990 "http://cqqizhou.com/" "Mozilla/5.0 (Windows NT 5.1; rv:9.0.1) Gecko/20100101 Firefox/9.0.1"
223.96.204.24 - - [06/Oct/2025:07:31:19 +0800] "GET /phpmanager/ HTTP/1.1" 404 8990 "http://cqqizhou.com/" "Mozilla/5.0 (Windows NT 5.1; rv:9.0.1) Gecko/20100101 Firefox/9.0.1"
223.96.204.24 - - [06/Oct/2025:07:31:20 +0800] "GET /php-myadmin/ HTTP/1.1" 404 8990 "http://cqqizhou.com/" "Mozilla/5.0 (Windows NT 5.1; rv:9.0.1) Gecko/20100101 Firefox/9.0.1"
223.96.204.24 - - [06/Oct/2025:07:31:21 +0800] "GET /phpmy-admin/ HTTP/1.1" 404 8990 "http://cqqizhou.com/" "Mozilla/5.0 (Windows NT 5.1; rv:9.0.1) Gecko/20100101 Firefox/9.0.1"
223.96.204.24 - - [06/Oct/2025:07:31:21 +0800] "GET /webadmin/ HTTP/1.1" 404 8990 "http://cqqizhou.com/" "Mozilla/5.0 (Windows NT 5.1; rv:9.0.1) Gecko/20100101 Firefox/9.0.1"
223.96.204.24 - - [06/Oct/2025:07:31:22 +0800] "GET /sqlweb/ HTTP/1.1" 404 8990 "http://cqqizhou.com/" "Mozilla/5.0 (Windows NT 5.1; rv:9.0.1) Gecko/20100101 Firefox/9.0.1"
223.96.204.24 - - [06/Oct/2025:07:31:23 +0800] "GET /websql/ HTTP/1.1" 404 8990 "http://cqqizhou.com/" "Mozilla/5.0 (Windows NT 5.1; rv:9.0.1) Gecko/20100101 Firefox/9.0.1"
223.96.204.24 - - [06/Oct/2025:07:31:23 +0800] "GET /webdb/ HTTP/1.1" 404 8990 "http://cqqizhou.com/" "Mozilla/5.0 (Windows NT 5.1; rv:9.0.1) Gecko/20100101 Firefox/9.0.1"
223.96.204.24 - - [06/Oct/2025:07:31:24 +0800] "GET /mysqladmin/ HTTP/1.1" 404 8991 "http://cqqizhou.com/" "Mozilla/5.0 (Windows NT 5.1; rv:9.0.1) Gecko/20100101 Firefox/9.0.1"
223.96.204.24 - - [06/Oct/2025:07:31:25 +0800] "GET /mysql-admin/ HTTP/1.1" 404 8990 "http://cqqizhou.com/" "Mozilla/5.0 (Windows NT 5.1; rv:9.0.1) Gecko/20100101 Firefox/9.0.1"
36.133.115.36 - - [06/Oct/2025:07:32:30 +0800] "POST /wp-cron.php?doing_wp_cron=1759707150.0278759002685546875000 HTTP/1.1" 200 31 "-" "WordPress/6.8.2; http://cqqizhou.com"
27.28.44.215 - - [06/Oct/2025:07:32:30 +0800] "GET / HTTP/1.1" 301 5 "-" "Mozilla/5.0 (Windows NT 7.4; Win64; x64) AppleWebKit/537.36 (KHTML, like Gecko) Chrome/74.0.2145.88 Safari/537.36"
27.28.44.215 - - [06/Oct/2025:07:32:30 +0800] "GET / HTTP/1.1" 200 39369 "-" "Mozilla/5.0 (Windows NT 7.4; Win64; x64) AppleWebKit/537.36 (KHTML, like Gecko) Chrome/74.0.2145.88 Safari/537.36"
27.28.44.215 - - [06/Oct/2025:07:32:30 +0800] "GET /contacts/ HTTP/1.1" 200 21496 "-" "Mozilla/5.0 (Windows NT 8.4; Win64; x64) AppleWebKit/537.36 (KHTML, like Gecko) Chrome/77.0.2996.88 Safari/537.36"
36.133.115.36 - - [06/Oct/2025:07:40:39 +0800] "POST /wp-cron.php?doing_wp_cron=1759707639.4463119506835937500000 HTTP/1.1" 200 31 "-" "WordPress/6.8.2; http://cqqizhou.com"
87.120.191.92 - - [06/Oct/2025:07:40:39 +0800] "GET / HTTP/1.1" 200 33468 "-" "Mozilla/5.0 (Windows NT 10.0; Win64; x64) AppleWebKit/537.36 (KHTML, like Gecko) Chrome/90.0.4430.85 Safari/537.36 Edg/90.0.818.46"
36.133.115.36 - - [06/Oct/2025:07:40:49 +0800] "POST /wp-cron.php?doing_wp_cron=1759707649.2338299751281738281250 HTTP/1.1" 200 31 "-" "WordPress/6.8.2; http://cqqizhou.com"
87.120.191.90 - - [06/Oct/2025:07:40:49 +0800] "GET / HTTP/1.1" 200 33468 "-" "Mozilla/5.0 (Windows NT 10.0; Win64; x64) AppleWebKit/537.36 (KHTML, like Gecko) Chrome/90.0.4430.85 Safari/537.36 Edg/90.0.818.46"
36.133.115.36 - - [06/Oct/2025:07:44:37 +0800] "POST /wp-cron.php?doing_wp_cron=1759707877.8644149303436279296875 HTTP/1.1" 200 31 "-" "WordPress/6.8.2; http://cqqizhou.com"
87.120.191.91 - - [06/Oct/2025:07:44:38 +0800] "GET / HTTP/1.1" 200 33468 "-" "Mozilla/5.0 (Windows NT 10.0; Win64; x64) AppleWebKit/537.36 (KHTML, like Gecko) Chrome/90.0.4430.85 Safari/537.36 Edg/90.0.818.46"
196.251.86.13 - - [06/Oct/2025:07:46:40 +0800] "GET /sites/all/libraries/plupload/plupload/examples/upload.php HTTP/1.1" 404 27 "-" "ALittle Client"
36.133.115.36 - - [06/Oct/2025:08:02:02 +0800] "POST /wp-cron.php?doing_wp_cron=1759708922.2273020744323730468750 HTTP/1.1" 200 31 "-" "WordPress/6.8.2; http://cqqizhou.com"
45.142.195.99 - - [06/Oct/2025:08:02:02 +0800] "GET / HTTP/1.1" 200 33467 "-" "Mozilla/5.0 (Windows NT 10.0; Win64; x64) AppleWebKit/537.36 (KHTML, like Gecko) Chrome/90.0.4430.85 Safari/537.36 Edg/90.0.818.46"
36.133.115.36 - - [06/Oct/2025:08:09:23 +0800] "POST /wp-cron.php?doing_wp_cron=1759709363.2619249820709228515625 HTTP/1.1" 200 31 "-" "WordPress/6.8.2; http://cqqizhou.com"
87.120.191.70 - - [06/Oct/2025:08:09:23 +0800] "GET / HTTP/1.1" 200 33467 "-" "Mozilla/5.0 (Windows NT 10.0; Win64; x64) AppleWebKit/537.36 (KHTML, like Gecko) Chrome/90.0.4430.85 Safari/537.36 Edg/90.0.818.46"
36.133.115.36 - - [06/Oct/2025:08:15:49 +0800] "POST /wp-cron.php?doing_wp_cron=1759709749.2941238880157470703125 HTTP/1.1" 200 31 "-" "WordPress/6.8.2; http://cqqizhou.com"
87.120.191.93 - - [06/Oct/2025:08:15:49 +0800] "GET / HTTP/1.1" 200 33467 "-" "Mozilla/5.0 (Windows NT 10.0; Win64; x64) AppleWebKit/537.36 (KHTML, like Gecko) Chrome/90.0.4430.85 Safari/537.36 Edg/90.0.818.46"
36.133.115.36 - - [06/Oct/2025:08:22:30 +0800] "POST /wp-cron.php?doing_wp_cron=1759710150.6921179294586181640625 HTTP/1.1" 200 31 "-" "WordPress/6.8.2; http://cqqizhou.com"
87.120.191.90 - - [06/Oct/2025:08:22:30 +0800] "GET / HTTP/1.1" 200 33467 "-" "Mozilla/5.0 (Windows NT 10.0; Win64; x64) AppleWebKit/537.36 (KHTML, like Gecko) Chrome/90.0.4430.85 Safari/537.36 Edg/90.0.818.46"
52.167.144.213 - - [06/Oct/2025:08:23:16 +0800] "GET /2153/ HTTP/1.1" 200 24603 "-" "Mozilla/5.0 AppleWebKit/537.36 (KHTML, like Gecko; compatible; bingbot/2.0; +http://www.bing.com/bingbot.htm) Chrome/116.0.1938.76 Safari/537.36"
36.133.115.36 - - [06/Oct/2025:08:24:24 +0800] "POST /wp-cron.php?doing_wp_cron=1759710264.3115758895874023437500 HTTP/1.1" 200 31 "-" "WordPress/6.8.2; http://cqqizhou.com"
87.120.191.6 - - [06/Oct/2025:08:24:24 +0800] "GET / HTTP/1.1" 200 33467 "-" "Mozilla/5.0 (Windows NT 10.0; Win64; x64) AppleWebKit/537.36 (KHTML, like Gecko) Chrome/90.0.4430.85 Safari/537.36 Edg/90.0.818.46"
36.133.115.36 - - [06/Oct/2025:08:27:03 +0800] "POST /wp-cron.php?doing_wp_cron=1759710423.3558220863342285156250 HTTP/1.1" 200 31 "-" "WordPress/6.8.2; http://cqqizhou.com"
87.120.191.91 - - [06/Oct/2025:08:27:03 +0800] "GET / HTTP/1.1" 200 33467 "-" "Mozilla/5.0 (Windows NT 10.0; Win64; x64) AppleWebKit/537.36 (KHTML, like Gecko) Chrome/90.0.4430.85 Safari/537.36 Edg/90.0.818.46"
87.120.191.92 - - [06/Oct/2025:08:27:39 +0800] "GET / HTTP/1.1" 200 33467 "-" "Mozilla/5.0 (Windows NT 10.0; Win64; x64) AppleWebKit/537.36 (KHTML, like Gecko) Chrome/90.0.4430.85 Safari/537.36 Edg/90.0.818.46"
36.133.115.36 - - [06/Oct/2025:08:32:12 +0800] "POST /wp-cron.php?doing_wp_cron=1759710732.5723121166229248046875 HTTP/1.1" 200 31 "-" "WordPress/6.8.2; http://cqqizhou.com"
176.65.132.155 - - [06/Oct/2025:08:32:12 +0800] "GET / HTTP/1.1" 200 33467 "-" "Mozilla/5.0 (Windows NT 10.0; Win64; x64) AppleWebKit/537.36 (KHTML, like Gecko) Chrome/90.0.4430.85 Safari/537.36 Edg/90.0.818.46"
36.133.115.36 - - [06/Oct/2025:08:34:35 +0800] "POST /wp-cron.php?doing_wp_cron=1759710875.5845189094543457031250 HTTP/1.1" 200 31 "-" "WordPress/6.8.2; http://cqqizhou.com"
222.79.103.59 - - [06/Oct/2025:08:34:35 +0800] "GET / HTTP/1.1" 200 33467 "-" "Mozilla/5.0 (iPhone; CPU iPhone OS 13_2_3 like Mac OS X) AppleWebKit/605.1.15 (KHTML, like Gecko) Version/13.0.3 Mobile/15E148 Safari/604.1"
36.133.115.36 - - [06/Oct/2025:08:41:00 +0800] "POST /wp-cron.php?doing_wp_cron=1759711260.7055668830871582031250 HTTP/1.1" 200 31 "-" "WordPress/6.8.2; http://cqqizhou.com"
123.57.13.121 - - [06/Oct/2025:08:41:00 +0800] "GET / HTTP/1.1" 301 5 "-" "Mozilla/5.0 (Windows NT 10.0; Win64; x64) AppleWebKit/537.36 (KHTML, like Gecko) Chrome/104.0.0.0 Safari/537.36"
123.57.13.121 - - [06/Oct/2025:08:41:00 +0800] "GET / HTTP/1.1" 200 39369 "-" "Mozilla/5.0 (Windows NT 10.0; Win64; x64) AppleWebKit/537.36 (KHTML, like Gecko) Chrome/104.0.0.0 Safari/537.36"
178.156.177.135 - - [06/Oct/2025:08:46:25 +0800] "GET /material.html HTTP/1.1" 200 6459 "-" "Mozilla/5.0 (Windows NT 10.0; Win64; x64) AppleWebKit/537.36 (KHTML, like Gecko) Chrome/84.0.4147.105 Safari/537.36"
36.133.115.36 - - [06/Oct/2025:09:06:28 +0800] "POST /wp-cron.php?doing_wp_cron=1759712788.1745529174804687500000 HTTP/1.1" 200 31 "-" "WordPress/6.8.2; http://cqqizhou.com"
87.120.191.90 - - [06/Oct/2025:09:06:28 +0800] "GET / HTTP/1.1" 200 33467 "-" "Mozilla/5.0 (Windows NT 10.0; Win64; x64) AppleWebKit/537.36 (KHTML, like Gecko) Chrome/90.0.4430.85 Safari/537.36 Edg/90.0.818.46"
36.133.115.36 - - [06/Oct/2025:09:07:37 +0800] "POST /wp-cron.php?doing_wp_cron=1759712857.4953138828277587890625 HTTP/1.1" 200 31 "-" "WordPress/6.8.2; http://cqqizhou.com"
87.120.191.91 - - [06/Oct/2025:09:07:37 +0800] "GET / HTTP/1.1" 200 33467 "-" "Mozilla/5.0 (Windows NT 10.0; Win64; x64) AppleWebKit/537.36 (KHTML, like Gecko) Chrome/90.0.4430.85 Safari/537.36 Edg/90.0.818.46"
36.133.115.36 - - [06/Oct/2025:09:11:07 +0800] "POST /wp-cron.php?doing_wp_cron=1759713067.2177319526672363281250 HTTP/1.1" 200 31 "-" "WordPress/6.8.2; http://cqqizhou.com"
87.120.191.70 - - [06/Oct/2025:09:11:07 +0800] "GET / HTTP/1.1" 200 33467 "-" "Mozilla/5.0 (Windows NT 10.0; Win64; x64) AppleWebKit/537.36 (KHTML, like Gecko) Chrome/90.0.4430.85 Safari/537.36 Edg/90.0.818.46"
36.133.115.36 - - [06/Oct/2025:09:11:57 +0800] "POST /wp-cron.php?doing_wp_cron=1759713117.9444479942321777343750 HTTP/1.1" 200 31 "-" "WordPress/6.8.2; http://cqqizhou.com"
87.120.191.92 - - [06/Oct/2025:09:11:58 +0800] "GET / HTTP/1.1" 200 33467 "-" "Mozilla/5.0 (Windows NT 10.0; Win64; x64) AppleWebKit/537.36 (KHTML, like Gecko) Chrome/90.0.4430.85 Safari/537.36 Edg/90.0.818.46"
36.133.115.36 - - [06/Oct/2025:09:16:28 +0800] "POST /wp-cron.php?doing_wp_cron=1759713388.4026300907135009765625 HTTP/1.1" 200 31 "-" "WordPress/6.8.2; http://cqqizhou.com"
87.120.191.93 - - [06/Oct/2025:09:16:28 +0800] "GET / HTTP/1.1" 200 33467 "-" "Mozilla/5.0 (Windows NT 10.0; Win64; x64) AppleWebKit/537.36 (KHTML, like Gecko) Chrome/90.0.4430.85 Safari/537.36 Edg/90.0.818.46"
36.133.115.36 - - [06/Oct/2025:09:20:33 +0800] "POST /wp-cron.php?doing_wp_cron=1759713633.7243208885192871093750 HTTP/1.1" 200 31 "-" "WordPress/6.8.2; http://cqqizhou.com"
176.65.132.155 - - [06/Oct/2025:09:20:34 +0800] "GET / HTTP/1.1" 200 33467 "-" "Mozilla/5.0 (Windows NT 10.0; Win64; x64) AppleWebKit/537.36 (KHTML, like Gecko) Chrome/90.0.4430.85 Safari/537.36 Edg/90.0.818.46"
36.133.115.36 - - [06/Oct/2025:09:23:06 +0800] "POST /wp-cron.php?doing_wp_cron=1759713786.8064858913421630859375 HTTP/1.1" 200 31 "-" "WordPress/6.8.2; http://cqqizhou.com"
45.142.195.99 - - [06/Oct/2025:09:23:07 +0800] "GET / HTTP/1.1" 200 33467 "-" "Mozilla/5.0 (Windows NT 10.0; Win64; x64) AppleWebKit/537.36 (KHTML, like Gecko) Chrome/90.0.4430.85 Safari/537.36 Edg/90.0.818.46"
36.133.115.36 - - [06/Oct/2025:09:33:27 +0800] "POST /wp-cron.php?doing_wp_cron=1759714407.2601599693298339843750 HTTP/1.1" 200 31 "-" "WordPress/6.8.2; http://cqqizhou.com"
162.243.114.171 - - [06/Oct/2025:09:33:27 +0800] "GET / HTTP/1.1" 301 5 "-" "Mozilla/5.0 (compatible; InternetMeasurement/1.0; +https://internet-measurement.com/)"
162.243.114.171 - - [06/Oct/2025:09:33:28 +0800] "GET / HTTP/1.1" 200 39369 "http://36.133.115.36" "Mozilla/5.0 (compatible; InternetMeasurement/1.0; +https://internet-measurement.com/)"
36.133.115.36 - - [06/Oct/2025:09:35:25 +0800] "POST /wp-cron.php?doing_wp_cron=1759714525.1756670475006103515625 HTTP/1.1" 200 31 "-" "WordPress/6.8.2; http://cqqizhou.com"
60.191.125.35 - - [06/Oct/2025:09:35:25 +0800] "HEAD http://112.124.42.80:63435/ HTTP/1.1" 200 0 "-" "Mozilla/5.0 (Macintosh; Intel Mac OS X 10_11_6) AppleWebKit/537.36 (KHTML, like Gecko) Chrome/53.0.2785.143 Safari/537.36"
51.57.57.231 - - [06/Oct/2025:09:42:16 +0800] "GET /aa.php HTTP/1.1" 404 27 "-" "-"
51.57.57.231 - - [06/Oct/2025:09:42:16 +0800] "GET /abcd.php HTTP/1.1" 404 27 "-" "-"
51.57.57.231 - - [06/Oct/2025:09:42:16 +0800] "GET /about.php HTTP/1.1" 404 27 "-" "-"
51.57.57.231 - - [06/Oct/2025:09:42:16 +0800] "GET /admin.php HTTP/1.1" 404 27 "-" "-"
51.57.57.231 - - [06/Oct/2025:09:42:17 +0800] "GET /adminfuns.php HTTP/1.1" 404 27 "-" "-"
51.57.57.231 - - [06/Oct/2025:09:42:17 +0800] "GET /alfa.php HTTP/1.1" 404 27 "-" "-"
51.57.57.231 - - [06/Oct/2025:09:42:17 +0800] "GET /asasx.php HTTP/1.1" 404 27 "-" "-"
51.57.57.231 - - [06/Oct/2025:09:42:17 +0800] "GET /autoload_classmap.php HTTP/1.1" 404 27 "-" "-"
51.57.57.231 - - [06/Oct/2025:09:42:18 +0800] "GET /buy.php HTTP/1.1" 404 27 "-" "-"
36.133.115.36 - - [06/Oct/2025:09:42:18 +0800] "POST /wp-cron.php?doing_wp_cron=1759714938.8523659706115722656250 HTTP/1.1" 200 31 "-" "WordPress/6.8.2; http://cqqizhou.com"
51.57.57.231 - - [06/Oct/2025:09:42:18 +0800] "GET /cgi-bin/ HTTP/1.1" 404 31381 "-" "-"
51.57.57.231 - - [06/Oct/2025:09:42:19 +0800] "GET /classwithtostring.php HTTP/1.1" 404 27 "-" "-"
51.57.57.231 - - [06/Oct/2025:09:42:19 +0800] "GET /cong.php HTTP/1.1" 404 27 "-" "-"
51.57.57.231 - - [06/Oct/2025:09:42:19 +0800] "GET /edit.php HTTP/1.1" 404 27 "-" "-"
51.57.57.231 - - [06/Oct/2025:09:42:20 +0800] "GET /file.php HTTP/1.1" 404 27 "-" "-"
51.57.57.231 - - [06/Oct/2025:09:42:20 +0800] "GET /file2.php HTTP/1.1" 404 27 "-" "-"
51.57.57.231 - - [06/Oct/2025:09:42:20 +0800] "GET /flower.php HTTP/1.1" 404 27 "-" "-"
51.57.57.231 - - [06/Oct/2025:09:42:20 +0800] "GET /images/index.php HTTP/1.1" 404 27 "-" "-"
51.57.57.231 - - [06/Oct/2025:09:42:20 +0800] "GET /info.php HTTP/1.1" 200 29 "-" "-"
51.57.57.231 - - [06/Oct/2025:09:42:21 +0800] "GET /moon.php HTTP/1.1" 404 27 "-" "-"
51.57.57.231 - - [06/Oct/2025:09:42:21 +0800] "GET /nc4.php HTTP/1.1" 404 27 "-" "-"
51.57.57.231 - - [06/Oct/2025:09:42:21 +0800] "GET /wp-admin/css/colors/blue/index.php HTTP/1.1" 404 27 "-" "-"
51.57.57.231 - - [06/Oct/2025:09:42:21 +0800] "GET /wp-admin/includes/ HTTP/1.1" 403 146 "-" "-"
51.57.57.231 - - [06/Oct/2025:09:42:21 +0800] "GET /wp-content/index.php HTTP/1.1" 200 5 "-" "-"
51.57.57.231 - - [06/Oct/2025:09:42:22 +0800] "GET /wp-content/plugins/yanierin/akcc.php HTTP/1.1" 404 27 "-" "-"
51.57.57.231 - - [06/Oct/2025:09:42:22 +0800] "GET /wp-content/upgrade/index.php HTTP/1.1" 404 27 "-" "-"
51.57.57.231 - - [06/Oct/2025:09:42:22 +0800] "GET /wp-content/uploads/admin.php HTTP/1.1" 404 27 "-" "-"
51.57.57.231 - - [06/Oct/2025:09:42:22 +0800] "GET /wp-content/uploads/index.php HTTP/1.1" 404 27 "-" "-"
51.57.57.231 - - [06/Oct/2025:09:42:23 +0800] "GET /wp-content/wp-conflg.php HTTP/1.1" 404 27 "-" "-"
51.57.57.231 - - [06/Oct/2025:09:42:23 +0800] "GET /wp-cron.php HTTP/1.1" 200 5 "-" "-"
51.57.57.231 - - [06/Oct/2025:09:42:23 +0800] "GET /wp-good.php HTTP/1.1" 404 27 "-" "-"
51.57.57.231 - - [06/Oct/2025:09:42:23 +0800] "GET /wp-includes/IXR/ HTTP/1.1" 403 146 "-" "-"
51.57.57.231 - - [06/Oct/2025:09:42:23 +0800] "GET /wp-includes/Text/Diff/Renderer/ HTTP/1.1" 403 146 "-" "-"
51.57.57.231 - - [06/Oct/2025:09:42:24 +0800] "GET /wp-includes/block-supports/ HTTP/1.1" 403 146 "-" "-"
51.57.57.231 - - [06/Oct/2025:09:42:24 +0800] "GET /wp-includes/fonts/ HTTP/1.1" 403 146 "-" "-"
51.57.57.231 - - [06/Oct/2025:09:42:24 +0800] "GET /wp-includes/fonts/index.php HTTP/1.1" 404 27 "-" "-"
51.57.57.231 - - [06/Oct/2025:09:42:24 +0800] "GET /wp-includes/js/crop/ HTTP/1.1" 403 146 "-" "-"
51.57.57.231 - - [06/Oct/2025:09:42:24 +0800] "GET /wp-includes/rest-api/ HTTP/1.1" 403 146 "-" "-"
51.57.57.231 - - [06/Oct/2025:09:42:25 +0800] "GET /wp-includes/style-engine/ HTTP/1.1" 403 146 "-" "-"
51.57.57.231 - - [06/Oct/2025:09:42:25 +0800] "GET /wp-includes/widgets/ HTTP/1.1" 403 146 "-" "-"
51.57.57.231 - - [06/Oct/2025:09:42:25 +0800] "GET /xmrlpc.php HTTP/1.1" 404 27 "-" "-"
36.133.115.36 - - [06/Oct/2025:09:46:40 +0800] "POST /wp-cron.php?doing_wp_cron=1759715200.1564409732818603515625 HTTP/1.1" 200 31 "-" "WordPress/6.8.2; http://cqqizhou.com"
87.120.191.90 - - [06/Oct/2025:09:46:40 +0800] "GET / HTTP/1.1" 200 33467 "-" "Mozilla/5.0 (Windows NT 10.0; Win64; x64) AppleWebKit/537.36 (KHTML, like Gecko) Chrome/90.0.4430.85 Safari/537.36 Edg/90.0.818.46"
36.133.115.36 - - [06/Oct/2025:09:50:25 +0800] "POST /wp-cron.php?doing_wp_cron=1759715425.0730121135711669921875 HTTP/1.1" 200 31 "-" "WordPress/6.8.2; http://cqqizhou.com"
87.120.191.91 - - [06/Oct/2025:09:50:25 +0800] "GET / HTTP/1.1" 200 33466 "-" "Mozilla/5.0 (Windows NT 10.0; Win64; x64) AppleWebKit/537.36 (KHTML, like Gecko) Chrome/90.0.4430.85 Safari/537.36 Edg/90.0.818.46"
36.133.115.36 - - [06/Oct/2025:09:58:55 +0800] "POST /wp-cron.php?doing_wp_cron=1759715935.7566590309143066406250 HTTP/1.1" 200 31 "-" "WordPress/6.8.2; http://cqqizhou.com"
87.120.191.92 - - [06/Oct/2025:09:58:56 +0800] "GET / HTTP/1.1" 200 33468 "-" "Mozilla/5.0 (Windows NT 10.0; Win64; x64) AppleWebKit/537.36 (KHTML, like Gecko) Chrome/90.0.4430.85 Safari/537.36 Edg/90.0.818.46"
36.133.115.36 - - [06/Oct/2025:09:59:53 +0800] "POST /wp-cron.php?doing_wp_cron=1759715993.1190249919891357421875 HTTP/1.1" 200 31 "-" "WordPress/6.8.2; http://cqqizhou.com"
87.120.191.6 - - [06/Oct/2025:09:59:53 +0800] "GET / HTTP/1.1" 200 33467 "-" "Mozilla/5.0 (Windows NT 10.0; Win64; x64) AppleWebKit/537.36 (KHTML, like Gecko) Chrome/90.0.4430.85 Safari/537.36 Edg/90.0.818.46"
36.133.115.36 - - [06/Oct/2025:10:16:54 +0800] "POST /wp-cron.php?doing_wp_cron=1759717014.5808660984039306640625 HTTP/1.1" 200 31 "-" "WordPress/6.8.2; http://cqqizhou.com"
87.120.191.93 - - [06/Oct/2025:10:16:54 +0800] "GET / HTTP/1.1" 200 33467 "-" "Mozilla/5.0 (Windows NT 10.0; Win64; x64) AppleWebKit/537.36 (KHTML, like Gecko) Chrome/90.0.4430.85 Safari/537.36 Edg/90.0.818.46"
116.179.32.50 - - [06/Oct/2025:10:17:03 +0800] "GET /news/page/1/ HTTP/1.1" 301 5 "-" "Mozilla/5.0 (compatible; Baiduspider/2.0; +http://www.baidu.com/search/spider.html)"
116.179.32.37 - - [06/Oct/2025:10:17:03 +0800] "GET /news/ HTTP/1.1" 200 25256 "-" "Mozilla/5.0 (compatible; Baiduspider/2.0; +http://www.baidu.com/search/spider.html)"
36.133.115.36 - - [06/Oct/2025:10:20:01 +0800] "POST /wp-cron.php?doing_wp_cron=1759717201.2556369304656982421875 HTTP/1.1" 200 31 "-" "WordPress/6.8.2; http://cqqizhou.com"
176.65.132.155 - - [06/Oct/2025:10:20:01 +0800] "GET / HTTP/1.1" 200 33467 "-" "Mozilla/5.0 (Windows NT 10.0; Win64; x64) AppleWebKit/537.36 (KHTML, like Gecko) Chrome/90.0.4430.85 Safari/537.36 Edg/90.0.818.46"
52.167.144.16 - - [06/Oct/2025:10:20:31 +0800] "GET /news/ HTTP/1.1" 200 25256 "-" "Mozilla/5.0 AppleWebKit/537.36 (KHTML, like Gecko; compatible; bingbot/2.0; +http://www.bing.com/bingbot.htm) Chrome/116.0.1938.76 Safari/537.36"
36.133.115.36 - - [06/Oct/2025:10:27:58 +0800] "POST /wp-cron.php?doing_wp_cron=1759717678.6055469512939453125000 HTTP/1.1" 200 31 "-" "WordPress/6.8.2; http://cqqizhou.com"
87.120.191.70 - - [06/Oct/2025:10:27:58 +0800] "GET / HTTP/1.1" 200 33467 "-" "Mozilla/5.0 (Windows NT 10.0; Win64; x64) AppleWebKit/537.36 (KHTML, like Gecko) Chrome/90.0.4430.85 Safari/537.36 Edg/90.0.818.46"
36.133.115.36 - - [06/Oct/2025:10:30:27 +0800] "POST /wp-cron.php?doing_wp_cron=1759717827.8645789623260498046875 HTTP/1.1" 200 31 "-" "WordPress/6.8.2; http://cqqizhou.com"
87.120.191.90 - - [06/Oct/2025:10:30:28 +0800] "GET / HTTP/1.1" 200 33467 "-" "Mozilla/5.0 (Windows NT 10.0; Win64; x64) AppleWebKit/537.36 (KHTML, like Gecko) Chrome/90.0.4430.85 Safari/537.36 Edg/90.0.818.46"
36.133.115.36 - - [06/Oct/2025:10:34:52 +0800] "POST /wp-cron.php?doing_wp_cron=1759718092.8824629783630371093750 HTTP/1.1" 200 31 "-" "WordPress/6.8.2; http://cqqizhou.com"
87.120.191.91 - - [06/Oct/2025:10:34:53 +0800] "GET / HTTP/1.1" 200 33467 "-" "Mozilla/5.0 (Windows NT 10.0; Win64; x64) AppleWebKit/537.36 (KHTML, like Gecko) Chrome/90.0.4430.85 Safari/537.36 Edg/90.0.818.46"
36.133.115.36 - - [06/Oct/2025:10:43:55 +0800] "POST /wp-cron.php?doing_wp_cron=1759718635.3533120155334472656250 HTTP/1.1" 200 31 "-" "WordPress/6.8.2; http://cqqizhou.com"
87.120.191.92 - - [06/Oct/2025:10:43:55 +0800] "GET / HTTP/1.1" 200 33468 "-" "Mozilla/5.0 (Windows NT 10.0; Win64; x64) AppleWebKit/537.36 (KHTML, like Gecko) Chrome/90.0.4430.85 Safari/537.36 Edg/90.0.818.46"
45.142.195.99 - - [06/Oct/2025:10:44:41 +0800] "GET / HTTP/1.1" 200 33467 "-" "Mozilla/5.0 (Windows NT 10.0; Win64; x64) AppleWebKit/537.36 (KHTML, like Gecko) Chrome/90.0.4430.85 Safari/537.36 Edg/90.0.818.46"
36.133.115.36 - - [06/Oct/2025:10:46:57 +0800] "POST /wp-cron.php?doing_wp_cron=1759718817.6589660644531250000000 HTTP/1.1" 200 31 "-" "WordPress/6.8.2; http://cqqizhou.com"
93.123.109.214 - - [06/Oct/2025:10:46:57 +0800] "GET / HTTP/1.1" 301 5 "-" "l9tcpid/v1.1.0"
36.133.115.36 - - [06/Oct/2025:11:11:36 +0800] "POST /wp-cron.php?doing_wp_cron=1759720296.7831308841705322265625 HTTP/1.1" 200 31 "-" "WordPress/6.8.2; http://cqqizhou.com"
87.120.191.90 - - [06/Oct/2025:11:11:37 +0800] "GET / HTTP/1.1" 200 33467 "-" "Mozilla/5.0 (Windows NT 10.0; Win64; x64) AppleWebKit/537.36 (KHTML, like Gecko) Chrome/90.0.4430.85 Safari/537.36 Edg/90.0.818.46"
36.133.115.36 - - [06/Oct/2025:11:14:08 +0800] "POST /wp-cron.php?doing_wp_cron=1759720448.9171268939971923828125 HTTP/1.1" 200 31 "-" "WordPress/6.8.2; http://cqqizhou.com"
87.120.191.93 - - [06/Oct/2025:11:14:09 +0800] "GET / HTTP/1.1" 200 33467 "-" "Mozilla/5.0 (Windows NT 10.0; Win64; x64) AppleWebKit/537.36 (KHTML, like Gecko) Chrome/90.0.4430.85 Safari/537.36 Edg/90.0.818.46"
220.181.108.145 - - [06/Oct/2025:11:14:38 +0800] "GET / HTTP/1.1" 200 39369 "-" "Mozilla/5.0 (compatible; Baiduspider/2.0; +http://www.baidu.com/search/spider.html)"
36.133.115.36 - - [06/Oct/2025:11:16:18 +0800] "POST /wp-cron.php?doing_wp_cron=1759720578.8705599308013916015625 HTTP/1.1" 200 31 "-" "WordPress/6.8.2; http://cqqizhou.com"
87.120.191.91 - - [06/Oct/2025:11:16:19 +0800] "GET / HTTP/1.1" 200 33467 "-" "Mozilla/5.0 (Windows NT 10.0; Win64; x64) AppleWebKit/537.36 (KHTML, like Gecko) Chrome/90.0.4430.85 Safari/537.36 Edg/90.0.818.46"
36.133.115.36 - - [06/Oct/2025:11:23:40 +0800] "POST /wp-cron.php?doing_wp_cron=1759721020.5818669795989990234375 HTTP/1.1" 200 31 "-" "WordPress/6.8.2; http://cqqizhou.com"
34.78.243.22 - - [06/Oct/2025:11:23:40 +0800] "GET / HTTP/1.1" 301 5 "-" "python-requests/2.32.5"
36.133.115.36 - - [06/Oct/2025:11:27:42 +0800] "POST /wp-cron.php?doing_wp_cron=1759721262.5546019077301025390625 HTTP/1.1" 200 31 "-" "WordPress/6.8.2; http://cqqizhou.com"
87.120.191.92 - - [06/Oct/2025:11:27:42 +0800] "GET / HTTP/1.1" 200 33467 "-" "Mozilla/5.0 (Windows NT 10.0; Win64; x64) AppleWebKit/537.36 (KHTML, like Gecko) Chrome/90.0.4430.85 Safari/537.36 Edg/90.0.818.46"
36.133.115.36 - - [06/Oct/2025:11:32:04 +0800] "POST /wp-cron.php?doing_wp_cron=1759721524.4312970638275146484375 HTTP/1.1" 200 31 "-" "WordPress/6.8.2; http://cqqizhou.com"
87.120.191.70 - - [06/Oct/2025:11:32:04 +0800] "GET / HTTP/1.1" 200 33468 "-" "Mozilla/5.0 (Windows NT 10.0; Win64; x64) AppleWebKit/537.36 (KHTML, like Gecko) Chrome/90.0.4430.85 Safari/537.36 Edg/90.0.818.46"
36.133.115.36 - - [06/Oct/2025:11:38:26 +0800] "POST /wp-cron.php?doing_wp_cron=1759721906.5036270618438720703125 HTTP/1.1" 200 31 "-" "WordPress/6.8.2; http://cqqizhou.com"
87.120.191.6 - - [06/Oct/2025:11:38:26 +0800] "GET / HTTP/1.1" 200 33467 "-" "Mozilla/5.0 (Windows NT 10.0; Win64; x64) AppleWebKit/537.36 (KHTML, like Gecko) Chrome/90.0.4430.85 Safari/537.36 Edg/90.0.818.46"
113.27.47.74 - - [06/Oct/2025:11:48:54 +0800] "GET / HTTP/1.1" 200 39369 "-" "Mozilla/5.0 (Windows NT 10.0; WOW64) AppleWebKit/537.36 (KHTML, like Gecko) Chrome/80.0.3987.16"
36.133.115.36 - - [06/Oct/2025:11:48:55 +0800] "POST /wp-cron.php?doing_wp_cron=1759722535.3990321159362792968750 HTTP/1.1" 200 31 "-" "WordPress/6.8.2; http://cqqizhou.com"
180.143.165.44 - - [06/Oct/2025:11:48:55 +0800] "GET / HTTP/1.1" 301 5 "-" "Mozilla/5.0 (Windows NT 6.2; Win64; x64) AppleWebKit/537.36 (KHTML, like Gecko) Chrome/72.0.3626.7"
180.143.165.44 - - [06/Oct/2025:11:48:56 +0800] "GET / HTTP/1.1" 200 39369 "-" "Mozilla/5.0 (Windows NT 6.2; Win64; x64) AppleWebKit/537.36 (KHTML, like Gecko) Chrome/72.0.3626.7"
138.36.155.73 - - [06/Oct/2025:11:50:25 +0800] "GET /admin/config.php HTTP/1.0" 404 16 "-" "xfa1"
36.133.115.36 - - [06/Oct/2025:11:54:22 +0800] "POST /wp-cron.php?doing_wp_cron=1759722862.7725389003753662109375 HTTP/1.1" 200 31 "-" "WordPress/6.8.2; http://cqqizhou.com"
87.120.191.90 - - [06/Oct/2025:11:54:23 +0800] "GET / HTTP/1.1" 200 33467 "-" "Mozilla/5.0 (Windows NT 10.0; Win64; x64) AppleWebKit/537.36 (KHTML, like Gecko) Chrome/90.0.4430.85 Safari/537.36 Edg/90.0.818.46"
36.133.115.36 - - [06/Oct/2025:11:58:11 +0800] "POST /wp-cron.php?doing_wp_cron=1759723091.8455679416656494140625 HTTP/1.1" 200 31 "-" "WordPress/6.8.2; http://cqqizhou.com"
87.120.191.91 - - [06/Oct/2025:11:58:12 +0800] "GET / HTTP/1.1" 200 33467 "-" "Mozilla/5.0 (Windows NT 10.0; Win64; x64) AppleWebKit/537.36 (KHTML, like Gecko) Chrome/90.0.4430.85 Safari/537.36 Edg/90.0.818.46"
36.133.115.36 - - [06/Oct/2025:12:05:28 +0800] "POST /wp-cron.php?doing_wp_cron=1759723528.5362100601196289062500 HTTP/1.1" 200 31 "-" "WordPress/6.8.2; http://cqqizhou.com"
17.241.75.230 - - [06/Oct/2025:12:05:28 +0800] "GET /robots.txt HTTP/1.1" 200 190 "-" "Mozilla/5.0 (Macintosh; Intel Mac OS X 10_15_7) AppleWebKit/605.1.15 (KHTML, like Gecko) Version/17.4 Safari/605.1.15 (Applebot/0.1; +http://www.apple.com/go/applebot)"
17.241.75.230 - - [06/Oct/2025:12:05:29 +0800] "GET /portfolio-tag/%e9%9e%8d%e9%92%a2%e8%92%82%e6%a3%ae/ HTTP/1.1" 200 22644 "-" "Mozilla/5.0 (Macintosh; Intel Mac OS X 10_15_7) AppleWebKit/605.1.15 (KHTML, like Gecko) Version/17.4 Safari/605.1.15 (Applebot/0.1; +http://www.apple.com/go/applebot)"
36.133.115.36 - - [06/Oct/2025:12:10:02 +0800] "POST /wp-cron.php?doing_wp_cron=1759723802.2586851119995117187500 HTTP/1.1" 200 31 "-" "WordPress/6.8.2; http://cqqizhou.com"
220.181.108.103 - - [06/Oct/2025:12:10:02 +0800] "GET / HTTP/1.1" 200 33467 "-" "Mozilla/5.0 (Linux;u;Android 4.2.2;zh-cn;) AppleWebKit/534.46 (KHTML,like Gecko) Version/5.1 Mobile Safari/10600.6.3 (compatible; Baiduspider/2.0; +http://www.baidu.com/search/spider.html)"
36.133.115.36 - - [06/Oct/2025:12:14:28 +0800] "POST /wp-cron.php?doing_wp_cron=1759724068.7132411003112792968750 HTTP/1.1" 200 31 "-" "WordPress/6.8.2; http://cqqizhou.com"
87.120.191.92 - - [06/Oct/2025:12:14:29 +0800] "GET / HTTP/1.1" 200 33467 "-" "Mozilla/5.0 (Windows NT 10.0; Win64; x64) AppleWebKit/537.36 (KHTML, like Gecko) Chrome/90.0.4430.85 Safari/537.36 Edg/90.0.818.46"
36.133.115.36 - - [06/Oct/2025:12:15:21 +0800] "POST /wp-cron.php?doing_wp_cron=1759724121.4788060188293457031250 HTTP/1.1" 200 31 "-" "WordPress/6.8.2; http://cqqizhou.com"
87.120.191.93 - - [06/Oct/2025:12:15:21 +0800] "GET / HTTP/1.1" 200 33467 "-" "Mozilla/5.0 (Windows NT 10.0; Win64; x64) AppleWebKit/537.36 (KHTML, like Gecko) Chrome/90.0.4430.85 Safari/537.36 Edg/90.0.818.46"
17.241.227.246 - - [06/Oct/2025:12:16:18 +0800] "GET /portfolio-tag/%E9%9E%8D%E9%92%A2%E8%92%82%E6%A3%AE/ HTTP/1.1" 200 22644 "-" "Mozilla/5.0 (Macintosh; Intel Mac OS X 10_15_7) AppleWebKit/605.1.15 (KHTML, like Gecko) Version/17.4 Safari/605.1.15 (Applebot/0.1; +http://www.apple.com/go/applebot)"
36.133.115.36 - - [06/Oct/2025:12:21:44 +0800] "POST /wp-cron.php?doing_wp_cron=1759724504.8288779258728027343750 HTTP/1.1" 200 31 "-" "WordPress/6.8.2; http://cqqizhou.com"
120.71.59.24 - - [06/Oct/2025:12:21:44 +0800] "GET / HTTP/1.1" 301 5 "-" "Mozilla/5.0 (iPhone; CPU iPhone OS 13_2_3 like Mac OS X) AppleWebKit/605.1.15 (KHTML, like Gecko) Version/13.0.3 Mobile/15E148 Safari/604.1"
36.133.115.36 - - [06/Oct/2025:12:21:46 +0800] "POST /wp-cron.php?doing_wp_cron=1759724506.1301701068878173828125 HTTP/1.1" 200 31 "-" "WordPress/6.8.2; http://cqqizhou.com"
120.71.59.24 - - [06/Oct/2025:12:21:46 +0800] "GET / HTTP/1.1" 200 33467 "http://www.cqqizhou.com" "Mozilla/5.0 (iPhone; CPU iPhone OS 13_2_3 like Mac OS X) AppleWebKit/605.1.15 (KHTML, like Gecko) Version/13.0.3 Mobile/15E148 Safari/604.1"
42.236.17.96 - - [06/Oct/2025:12:25:25 +0800] "GET / HTTP/1.1" 200 39369 "http://cqqizhou.com/" "Mozilla/5.0 (Windows NT 10.0; Win64; x64) AppleWebKit/537.36 (KHTML, like Gecko) Chrome/140.0.0.0 Safari/537.36 Edg/140.0.0.0; 360Spider"
36.133.115.36 - - [06/Oct/2025:12:32:04 +0800] "POST /wp-cron.php?doing_wp_cron=1759725124.8762629032135009765625 HTTP/1.1" 200 31 "-" "WordPress/6.8.2; http://cqqizhou.com"
43.153.15.51 - - [06/Oct/2025:12:32:04 +0800] "GET / HTTP/1.1" 301 5 "-" "Mozilla/5.0 (iPhone; CPU iPhone OS 13_2_3 like Mac OS X) AppleWebKit/605.1.15 (KHTML, like Gecko) Version/13.0.3 Mobile/15E148 Safari/604.1"
43.153.15.51 - - [06/Oct/2025:12:32:07 +0800] "GET / HTTP/1.1" 200 33467 "http://www.cqqizhou.com" "Mozilla/5.0 (iPhone; CPU iPhone OS 13_2_3 like Mac OS X) AppleWebKit/605.1.15 (KHTML, like Gecko) Version/13.0.3 Mobile/15E148 Safari/604.1"
36.133.115.36 - - [06/Oct/2025:12:36:45 +0800] "POST /wp-cron.php?doing_wp_cron=1759725405.3483669757843017578125 HTTP/1.1" 200 31 "-" "WordPress/6.8.2; http://cqqizhou.com"
87.120.191.70 - - [06/Oct/2025:12:36:45 +0800] "GET / HTTP/1.1" 200 33467 "-" "Mozilla/5.0 (Windows NT 10.0; Win64; x64) AppleWebKit/537.36 (KHTML, like Gecko) Chrome/90.0.4430.85 Safari/537.36 Edg/90.0.818.46"
36.133.115.36 - - [06/Oct/2025:12:38:30 +0800] "POST /wp-cron.php?doing_wp_cron=1759725510.7084050178527832031250 HTTP/1.1" 200 31 "-" "WordPress/6.8.2; http://cqqizhou.com"
87.120.191.90 - - [06/Oct/2025:12:38:31 +0800] "GET / HTTP/1.1" 200 33467 "-" "Mozilla/5.0 (Windows NT 10.0; Win64; x64) AppleWebKit/537.36 (KHTML, like Gecko) Chrome/90.0.4430.85 Safari/537.36 Edg/90.0.818.46"
36.133.115.36 - - [06/Oct/2025:12:39:16 +0800] "POST /wp-cron.php?doing_wp_cron=1759725556.5075941085815429687500 HTTP/1.1" 200 31 "-" "WordPress/6.8.2; http://cqqizhou.com"
43.130.31.17 - - [06/Oct/2025:12:39:16 +0800] "GET / HTTP/1.1" 200 33467 "-" "Mozilla/5.0 (iPhone; CPU iPhone OS 13_2_3 like Mac OS X) AppleWebKit/605.1.15 (KHTML, like Gecko) Version/13.0.3 Mobile/15E148 Safari/604.1"
36.133.115.36 - - [06/Oct/2025:12:44:04 +0800] "POST /wp-cron.php?doing_wp_cron=1759725844.6250660419464111328125 HTTP/1.1" 200 31 "-" "WordPress/6.8.2; http://cqqizhou.com"
87.120.191.91 - - [06/Oct/2025:12:44:04 +0800] "GET / HTTP/1.1" 200 33467 "-" "Mozilla/5.0 (Windows NT 10.0; Win64; x64) AppleWebKit/537.36 (KHTML, like Gecko) Chrome/90.0.4430.85 Safari/537.36 Edg/90.0.818.46"
36.133.115.36 - - [06/Oct/2025:12:51:34 +0800] "POST /wp-cron.php?doing_wp_cron=1759726294.5156960487365722656250 HTTP/1.1" 200 31 "-" "WordPress/6.8.2; http://cqqizhou.com"
58.214.76.148 - - [06/Oct/2025:12:51:34 +0800] "GET http://www.cqqizhou.com/ HTTP/1.1" 301 5 "-" "Mozilla/5.0 (Macintosh; Intel Mac OS X 10_15_7) AppleWebKit/537.36 (KHTML, like Gecko) Chrome/126.0.0.0 Safari/537.36"
58.214.76.148 - - [06/Oct/2025:12:51:34 +0800] "GET http://cqqizhou.com/ HTTP/1.1" 200 39369 "-" "Mozilla/5.0 (Macintosh; Intel Mac OS X 10_15_7) AppleWebKit/537.36 (KHTML, like Gecko) Chrome/126.0.0.0 Safari/537.36"
119.182.67.159 - - [06/Oct/2025:12:51:34 +0800] "GET http://cqqizhou.com/ HTTP/1.1" 200 39369 "-" "Mozilla/5.0 (Macintosh; Intel Mac OS X 10_15_7) AppleWebKit/537.36 (KHTML, like Gecko) Chrome/126.0.0.0 Safari/537.36"
36.133.115.36 - - [06/Oct/2025:12:54:15 +0800] "POST /wp-cron.php?doing_wp_cron=1759726455.3418900966644287109375 HTTP/1.1" 200 31 "-" "WordPress/6.8.2; http://cqqizhou.com"
85.204.218.30 - - [06/Oct/2025:12:54:16 +0800] "GET / HTTP/1.1" 200 151919 "-" "Mozilla/5.0 (Windows NT 6.1; WOW64) AppleWebKit/537.36 (KHTML, like Gecko) Chrome/51.0.2704.103 Safari/537.36"
36.133.115.36 - - [06/Oct/2025:12:56:25 +0800] "POST /wp-cron.php?doing_wp_cron=1759726585.6031370162963867187500 HTTP/1.1" 200 31 "-" "WordPress/6.8.2; http://cqqizhou.com"
121.237.36.31 - - [06/Oct/2025:12:56:25 +0800] "GET / HTTP/1.1" 301 5 "-" "Dalvik/2.1.0 (Linux; U; Android 9.0; ZTE BA520 Build/MRA58K)"
121.237.36.31 - - [06/Oct/2025:12:56:25 +0800] "GET / HTTP/1.1" 200 33467 "-" "Dalvik/2.1.0 (Linux; U; Android 9.0; ZTE BA520 Build/MRA58K)"
121.237.36.31 - - [06/Oct/2025:12:56:27 +0800] "GET / HTTP/1.1" 200 33467 "-" "Dalvik/2.1.0 (Linux; U; Android 9.0; ZTE BA520 Build/MRA58K)"
36.133.115.36 - - [06/Oct/2025:12:58:18 +0800] "POST /wp-cron.php?doing_wp_cron=1759726698.9164590835571289062500 HTTP/1.1" 200 31 "-" "WordPress/6.8.2; http://cqqizhou.com"
121.237.36.29 - - [06/Oct/2025:12:58:18 +0800] "GET / HTTP/1.1" 301 5 "-" "Mozilla/5.0 (Linux; U; Android 6.0.1; zh-CN; SM-G9280 Build/MMB29K) AppleWebKit/537.36 (KHTML, like Gecko) Version/4.0 Chrome/40.0.2214.89 UCBrowser/11.5.5.943 Mobile Safari/537.36"
121.237.36.29 - - [06/Oct/2025:12:58:19 +0800] "GET / HTTP/1.1" 200 33467 "-" "Mozilla/5.0 (Linux; Android 7.0; FRD-AL10 Build/HUAWEIFRD-AL10; wv) AppleWebKit/537.36 (KHTML, like Gecko) Version/4.0 Chrome/57.0.2987.132 MQQBrowser/6.2 TBS/044304 Mobile Safari/537.36 MicroMessenger/6.7.2.1340(0x2607023A) NetType/4G Language/zh_CN"
36.133.115.36 - - [06/Oct/2025:12:59:13 +0800] "POST /wp-cron.php?doing_wp_cron=1759726753.9109790325164794921875 HTTP/1.1" 200 31 "-" "WordPress/6.8.2; http://cqqizhou.com"
195.178.110.15 - - [06/Oct/2025:12:59:13 +0800] "GET / HTTP/1.1" 301 5 "-" "l9tcpid/v1.1.0"
36.133.115.36 - - [06/Oct/2025:13:02:03 +0800] "POST /wp-cron.php?doing_wp_cron=1759726923.4147489070892333984375 HTTP/1.1" 200 31 "-" "WordPress/6.8.2; http://cqqizhou.com"
87.120.191.92 - - [06/Oct/2025:13:02:03 +0800] "GET / HTTP/1.1" 200 33467 "-" "Mozilla/5.0 (Windows NT 10.0; Win64; x64) AppleWebKit/537.36 (KHTML, like Gecko) Chrome/90.0.4430.85 Safari/537.36 Edg/90.0.818.46"
52.167.144.158 - - [06/Oct/2025:13:02:05 +0800] "GET /2164/ HTTP/1.1" 200 23705 "-" "Mozilla/5.0 AppleWebKit/537.36 (KHTML, like Gecko; compatible; bingbot/2.0; +http://www.bing.com/bingbot.htm) Chrome/116.0.1938.76 Safari/537.36"
87.120.191.6 - - [06/Oct/2025:13:02:17 +0800] "GET / HTTP/1.1" 200 33467 "-" "Mozilla/5.0 (Windows NT 10.0; Win64; x64) AppleWebKit/537.36 (KHTML, like Gecko) Chrome/90.0.4430.85 Safari/537.36 Edg/90.0.818.46"
36.133.115.36 - - [06/Oct/2025:13:13:05 +0800] "POST /wp-cron.php?doing_wp_cron=1759727585.4215149879455566406250 HTTP/1.1" 200 31 "-" "WordPress/6.8.2; http://cqqizhou.com"
121.237.36.31 - - [06/Oct/2025:13:13:05 +0800] "GET / HTTP/1.1" 301 5 "-" "Mozilla/5.0 (Macintosh; Intel Mac OS X 10_11) AppleWebKit/601.1.27 (KHTML, like Gecko) Chrome/47.0.2526.106 Safari/601.1.27"
121.237.36.31 - - [06/Oct/2025:13:13:06 +0800] "GET / HTTP/1.1" 200 39369 "-" "Mozilla/5.0 (Macintosh; Intel Mac OS X 10_11) AppleWebKit/601.1.27 (KHTML, like Gecko) Chrome/47.0.2526.106 Safari/601.1.27"
121.237.36.31 - - [06/Oct/2025:13:13:07 +0800] "GET / HTTP/1.1" 200 39369 "-" "Mozilla/5.0 (Macintosh; Intel Mac OS X 10_11) AppleWebKit/601.1.27 (KHTML, like Gecko) Chrome/47.0.2526.106 Safari/601.1.27"
36.133.115.36 - - [06/Oct/2025:13:17:03 +0800] "POST /wp-cron.php?doing_wp_cron=1759727823.5166909694671630859375 HTTP/1.1" 200 31 "-" "WordPress/6.8.2; http://cqqizhou.com"
195.178.110.15 - - [06/Oct/2025:13:17:03 +0800] "GET / HTTP/1.1" 301 5 "-" "l9tcpid/v1.1.0"
