File: /home/logs/cqqizhou_access_2025-09-09.log
36.133.115.36 - - [09/Sep/2025:00:05:34 +0800] "POST /wp-cron.php?doing_wp_cron=1757347534.9019770622253417968750 HTTP/1.1" 200 31 "-" "WordPress/6.8.2; http://cqqizhou.com"
204.141.229.216 - - [09/Sep/2025:00:05:34 +0800] "GET / HTTP/1.1" 301 5 "-" "python-requests/2.32.5"
204.141.229.216 - - [09/Sep/2025:00:05:35 +0800] "GET / HTTP/1.1" 200 39369 "-" "python-requests/2.32.5"
204.141.229.216 - - [09/Sep/2025:00:05:36 +0800] "GET / HTTP/1.1" 301 5 "-" "Mozilla/5.0 (Linux; Android 10; Pixel Build/QP1A.190711.019; wv) AppleWebKit/537.36 (KHTML, like Gecko) Chrome/76.0.3809.132 Mobile Safari/537.36"
204.141.229.216 - - [09/Sep/2025:00:05:37 +0800] "GET / HTTP/1.1" 200 33467 "-" "Mozilla/5.0 (Linux; Android 10; Pixel Build/QP1A.190711.019; wv) AppleWebKit/537.36 (KHTML, like Gecko) Chrome/76.0.3809.132 Mobile Safari/537.36"
204.141.229.216 - - [09/Sep/2025:00:05:38 +0800] "GET /.env HTTP/1.1" 404 8990 "-" "Mozilla/5.0 (Linux; Android 10; Pixel Build/QP1A.190711.019; wv) AppleWebKit/537.36 (KHTML, like Gecko) Chrome/76.0.3809.132 Mobile Safari/537.36"
204.141.229.216 - - [09/Sep/2025:00:05:40 +0800] "GET /.env.txt HTTP/1.1" 200 19391 "-" "Mozilla/5.0 (Linux; Android 10; Pixel Build/QP1A.190711.019; wv) AppleWebKit/537.36 (KHTML, like Gecko) Chrome/76.0.3809.132 Mobile Safari/537.36"
204.141.229.216 - - [09/Sep/2025:00:05:44 +0800] "GET /.env.example HTTP/1.1" 404 8991 "-" "Mozilla/5.0 (Linux; Android 10; Pixel Build/QP1A.190711.019; wv) AppleWebKit/537.36 (KHTML, like Gecko) Chrome/76.0.3809.132 Mobile Safari/537.36"
204.141.229.216 - - [09/Sep/2025:00:05:45 +0800] "GET /.env.old HTTP/1.1" 404 8989 "-" "Mozilla/5.0 (Linux; Android 10; Pixel Build/QP1A.190711.019; wv) AppleWebKit/537.36 (KHTML, like Gecko) Chrome/76.0.3809.132 Mobile Safari/537.36"
36.133.115.36 - - [09/Sep/2025:00:05:47 +0800] "POST /wp-cron.php?doing_wp_cron=1757347547.4597959518432617187500 HTTP/1.1" 200 31 "-" "WordPress/6.8.2; http://cqqizhou.com"
204.141.229.216 - - [09/Sep/2025:00:05:47 +0800] "GET /.aws/credentials HTTP/1.1" 404 8990 "-" "Mozilla/5.0 (Linux; Android 10; Pixel Build/QP1A.190711.019; wv) AppleWebKit/537.36 (KHTML, like Gecko) Chrome/76.0.3809.132 Mobile Safari/537.36"
204.141.229.216 - - [09/Sep/2025:00:05:48 +0800] "GET /frontend_dev.php/$ HTTP/1.1" 404 8990 "-" "Mozilla/5.0 (Linux; Android 10; Pixel Build/QP1A.190711.019; wv) AppleWebKit/537.36 (KHTML, like Gecko) Chrome/76.0.3809.132 Mobile Safari/537.36"
204.141.229.216 - - [09/Sep/2025:00:05:50 +0800] "GET /phpinfo HTTP/1.1" 404 8988 "-" "Mozilla/5.0 (Linux; Android 10; Pixel Build/QP1A.190711.019; wv) AppleWebKit/537.36 (KHTML, like Gecko) Chrome/76.0.3809.132 Mobile Safari/537.36"
204.141.229.216 - - [09/Sep/2025:00:05:50 +0800] "GET /tmp/phpinfo.php HTTP/1.1" 404 47 "-" "Mozilla/5.0 (Linux; Android 10; Pixel Build/QP1A.190711.019; wv) AppleWebKit/537.36 (KHTML, like Gecko) Chrome/76.0.3809.132 Mobile Safari/537.36"
204.141.229.216 - - [09/Sep/2025:00:05:51 +0800] "GET /phpinfo/phpinfo.php HTTP/1.1" 404 47 "-" "Mozilla/5.0 (Linux; Android 10; Pixel Build/QP1A.190711.019; wv) AppleWebKit/537.36 (KHTML, like Gecko) Chrome/76.0.3809.132 Mobile Safari/537.36"
204.141.229.216 - - [09/Sep/2025:00:05:52 +0800] "GET /php-info.php HTTP/1.1" 404 47 "-" "Mozilla/5.0 (Linux; Android 10; Pixel Build/QP1A.190711.019; wv) AppleWebKit/537.36 (KHTML, like Gecko) Chrome/76.0.3809.132 Mobile Safari/537.36"
204.141.229.216 - - [09/Sep/2025:00:05:53 +0800] "GET /pinfo.php HTTP/1.1" 404 47 "-" "Mozilla/5.0 (Linux; Android 10; Pixel Build/QP1A.190711.019; wv) AppleWebKit/537.36 (KHTML, like Gecko) Chrome/76.0.3809.132 Mobile Safari/537.36"
204.141.229.216 - - [09/Sep/2025:00:05:56 +0800] "GET /phpinfo.php HTTP/1.1" 404 47 "-" "Mozilla/5.0 (Linux; Android 10; Pixel Build/QP1A.190711.019; wv) AppleWebKit/537.36 (KHTML, like Gecko) Chrome/76.0.3809.132 Mobile Safari/537.36"
204.141.229.216 - - [09/Sep/2025:00:05:57 +0800] "GET /configs/s3_config.json HTTP/1.1" 404 8989 "-" "Mozilla/5.0 (Linux; Android 10; Pixel Build/QP1A.190711.019; wv) AppleWebKit/537.36 (KHTML, like Gecko) Chrome/76.0.3809.132 Mobile Safari/537.36"
204.141.229.216 - - [09/Sep/2025:00:05:59 +0800] "GET /s3cmd.ini HTTP/1.1" 404 8989 "-" "Mozilla/5.0 (Linux; Android 10; Pixel Build/QP1A.190711.019; wv) AppleWebKit/537.36 (KHTML, like Gecko) Chrome/76.0.3809.132 Mobile Safari/537.36"
204.141.229.216 - - [09/Sep/2025:00:06:00 +0800] "GET /wp-config.php.bak HTTP/1.1" 404 8989 "-" "Mozilla/5.0 (Linux; Android 10; Pixel Build/QP1A.190711.019; wv) AppleWebKit/537.36 (KHTML, like Gecko) Chrome/76.0.3809.132 Mobile Safari/537.36"
204.141.229.216 - - [09/Sep/2025:00:06:03 +0800] "GET /settings.php.bak HTTP/1.1" 404 8990 "-" "Mozilla/5.0 (Linux; Android 10; Pixel Build/QP1A.190711.019; wv) AppleWebKit/537.36 (KHTML, like Gecko) Chrome/76.0.3809.132 Mobile Safari/537.36"
204.141.229.216 - - [09/Sep/2025:00:06:04 +0800] "GET /configs/application.ini HTTP/1.1" 404 8991 "-" "Mozilla/5.0 (Linux; Android 10; Pixel Build/QP1A.190711.019; wv) AppleWebKit/537.36 (KHTML, like Gecko) Chrome/76.0.3809.132 Mobile Safari/537.36"
204.141.229.216 - - [09/Sep/2025:00:06:05 +0800] "GET /src/phpinfo.php HTTP/1.1" 404 47 "-" "Mozilla/5.0 (Linux; Android 10; Pixel Build/QP1A.190711.019; wv) AppleWebKit/537.36 (KHTML, like Gecko) Chrome/76.0.3809.132 Mobile Safari/537.36"
204.141.229.216 - - [09/Sep/2025:00:06:05 +0800] "GET /temp.php HTTP/1.1" 404 47 "-" "Mozilla/5.0 (Linux; Android 10; Pixel Build/QP1A.190711.019; wv) AppleWebKit/537.36 (KHTML, like Gecko) Chrome/76.0.3809.132 Mobile Safari/537.36"
204.141.229.216 - - [09/Sep/2025:00:06:05 +0800] "GET /linusadmin-phpinfo.php HTTP/1.1" 404 47 "-" "Mozilla/5.0 (Linux; Android 10; Pixel Build/QP1A.190711.019; wv) AppleWebKit/537.36 (KHTML, like Gecko) Chrome/76.0.3809.132 Mobile Safari/537.36"
204.141.229.216 - - [09/Sep/2025:00:06:06 +0800] "GET /php.php HTTP/1.1" 404 47 "-" "Mozilla/5.0 (Linux; Android 10; Pixel Build/QP1A.190711.019; wv) AppleWebKit/537.36 (KHTML, like Gecko) Chrome/76.0.3809.132 Mobile Safari/537.36"
204.141.229.216 - - [09/Sep/2025:00:06:07 +0800] "GET /.env.bak HTTP/1.1" 404 8990 "-" "Mozilla/5.0 (Linux; Android 10; Pixel Build/QP1A.190711.019; wv) AppleWebKit/537.36 (KHTML, like Gecko) Chrome/76.0.3809.132 Mobile Safari/537.36"
204.141.229.216 - - [09/Sep/2025:00:06:07 +0800] "GET /info.php HTTP/1.1" 200 49 "-" "Mozilla/5.0 (Linux; Android 10; Pixel Build/QP1A.190711.019; wv) AppleWebKit/537.36 (KHTML, like Gecko) Chrome/76.0.3809.132 Mobile Safari/537.36"
204.141.229.216 - - [09/Sep/2025:00:06:08 +0800] "GET /config/aws.yml HTTP/1.1" 404 8990 "-" "Mozilla/5.0 (Linux; Android 10; Pixel Build/QP1A.190711.019; wv) AppleWebKit/537.36 (KHTML, like Gecko) Chrome/76.0.3809.132 Mobile Safari/537.36"
204.141.229.216 - - [09/Sep/2025:00:06:09 +0800] "GET /_profiler/phpinfo HTTP/1.1" 404 8990 "-" "Mozilla/5.0 (Linux; Android 10; Pixel Build/QP1A.190711.019; wv) AppleWebKit/537.36 (KHTML, like Gecko) Chrome/76.0.3809.132 Mobile Safari/537.36"
204.141.229.216 - - [09/Sep/2025:00:06:09 +0800] "GET /_profiler/phpinfo.php HTTP/1.1" 404 47 "-" "Mozilla/5.0 (Linux; Android 10; Pixel Build/QP1A.190711.019; wv) AppleWebKit/537.36 (KHTML, like Gecko) Chrome/76.0.3809.132 Mobile Safari/537.36"
204.141.229.216 - - [09/Sep/2025:00:06:10 +0800] "GET /.env.dev.local HTTP/1.1" 404 8988 "-" "Mozilla/5.0 (Linux; Android 10; Pixel Build/QP1A.190711.019; wv) AppleWebKit/537.36 (KHTML, like Gecko) Chrome/76.0.3809.132 Mobile Safari/537.36"
204.141.229.216 - - [09/Sep/2025:00:06:10 +0800] "GET /infos.php HTTP/1.1" 404 47 "-" "Mozilla/5.0 (Linux; Android 10; Pixel Build/QP1A.190711.019; wv) AppleWebKit/537.36 (KHTML, like Gecko) Chrome/76.0.3809.132 Mobile Safari/537.36"
204.141.229.216 - - [09/Sep/2025:00:06:10 +0800] "GET /php_info.php HTTP/1.1" 404 47 "-" "Mozilla/5.0 (Linux; Android 10; Pixel Build/QP1A.190711.019; wv) AppleWebKit/537.36 (KHTML, like Gecko) Chrome/76.0.3809.132 Mobile Safari/537.36"
204.141.229.216 - - [09/Sep/2025:00:06:11 +0800] "GET /app_dev.php/_profiler/phpinfo HTTP/1.1" 404 8988 "-" "Mozilla/5.0 (Linux; Android 10; Pixel Build/QP1A.190711.019; wv) AppleWebKit/537.36 (KHTML, like Gecko) Chrome/76.0.3809.132 Mobile Safari/537.36"
204.141.229.216 - - [09/Sep/2025:00:06:12 +0800] "GET /.git/config HTTP/1.1" 404 8988 "-" "Mozilla/5.0 (Linux; Android 10; Pixel Build/QP1A.190711.019; wv) AppleWebKit/537.36 (KHTML, like Gecko) Chrome/76.0.3809.132 Mobile Safari/537.36"
204.141.229.216 - - [09/Sep/2025:00:06:13 +0800] "GET /configuration.php-dist HTTP/1.1" 404 8988 "-" "Mozilla/5.0 (Linux; Android 10; Pixel Build/QP1A.190711.019; wv) AppleWebKit/537.36 (KHTML, like Gecko) Chrome/76.0.3809.132 Mobile Safari/537.36"
204.141.229.216 - - [09/Sep/2025:00:06:14 +0800] "GET /.config HTTP/1.1" 404 8990 "-" "Mozilla/5.0 (Linux; Android 10; Pixel Build/QP1A.190711.019; wv) AppleWebKit/537.36 (KHTML, like Gecko) Chrome/76.0.3809.132 Mobile Safari/537.36"
204.141.229.216 - - [09/Sep/2025:00:06:15 +0800] "GET /config.json HTTP/1.1" 404 8989 "-" "Mozilla/5.0 (Linux; Android 10; Pixel Build/QP1A.190711.019; wv) AppleWebKit/537.36 (KHTML, like Gecko) Chrome/76.0.3809.132 Mobile Safari/537.36"
204.141.229.216 - - [09/Sep/2025:00:06:19 +0800] "GET /debug/default/view?panel=config HTTP/1.1" 404 8989 "-" "Mozilla/5.0 (Linux; Android 10; Pixel Build/QP1A.190711.019; wv) AppleWebKit/537.36 (KHTML, like Gecko) Chrome/76.0.3809.132 Mobile Safari/537.36"
204.141.229.216 - - [09/Sep/2025:00:06:20 +0800] "GET /web/debug/default/view?panel=config HTTP/1.1" 404 8989 "-" "Mozilla/5.0 (Linux; Android 10; Pixel Build/QP1A.190711.019; wv) AppleWebKit/537.36 (KHTML, like Gecko) Chrome/76.0.3809.132 Mobile Safari/537.36"
204.141.229.216 - - [09/Sep/2025:00:06:21 +0800] "GET /frontend/web/debug/default/view?panel=config HTTP/1.1" 404 8990 "-" "Mozilla/5.0 (Linux; Android 10; Pixel Build/QP1A.190711.019; wv) AppleWebKit/537.36 (KHTML, like Gecko) Chrome/76.0.3809.132 Mobile Safari/537.36"
204.141.229.216 - - [09/Sep/2025:00:06:23 +0800] "GET /_ignition/health-check HTTP/1.1" 404 8990 "-" "Mozilla/5.0 (Linux; Android 10; Pixel Build/QP1A.190711.019; wv) AppleWebKit/537.36 (KHTML, like Gecko) Chrome/76.0.3809.132 Mobile Safari/537.36"
204.141.229.216 - - [09/Sep/2025:00:06:24 +0800] "GET /.circleci/config.yml HTTP/1.1" 404 8991 "-" "Mozilla/5.0 (Linux; Android 10; Pixel Build/QP1A.190711.019; wv) AppleWebKit/537.36 (KHTML, like Gecko) Chrome/76.0.3809.132 Mobile Safari/537.36"
20.41.85.204 - - [09/Sep/2025:00:14:01 +0800] "GET /wp-content/plugins/hellopress/wp_filemanager.php HTTP/1.1" 404 27 "-" "-"
20.41.85.204 - - [09/Sep/2025:00:14:01 +0800] "GET /file8.php HTTP/1.1" 404 27 "-" "-"
20.41.85.204 - - [09/Sep/2025:00:14:01 +0800] "GET /ahax.php HTTP/1.1" 404 27 "-" "-"
20.41.85.204 - - [09/Sep/2025:00:14:01 +0800] "GET /wp-content/plugins/lwbdene/index.php HTTP/1.1" 404 27 "-" "-"
20.41.85.204 - - [09/Sep/2025:00:14:01 +0800] "GET /aa.php HTTP/1.1" 404 27 "-" "-"
20.41.85.204 - - [09/Sep/2025:00:14:01 +0800] "GET /CLA.php HTTP/1.1" 404 27 "-" "-"
20.41.85.204 - - [09/Sep/2025:00:14:01 +0800] "GET /lc.php HTTP/1.1" 404 27 "-" "-"
20.41.85.204 - - [09/Sep/2025:00:14:01 +0800] "GET /lock360.php HTTP/1.1" 404 27 "-" "-"
20.41.85.204 - - [09/Sep/2025:00:14:02 +0800] "GET /dejavu.php HTTP/1.1" 404 27 "-" "-"
20.41.85.204 - - [09/Sep/2025:00:14:02 +0800] "GET /bless.php HTTP/1.1" 404 27 "-" "-"
20.41.85.204 - - [09/Sep/2025:00:14:02 +0800] "GET /file.php HTTP/1.1" 404 27 "-" "-"
20.41.85.204 - - [09/Sep/2025:00:14:02 +0800] "GET /file5.php HTTP/1.1" 404 27 "-" "-"
20.41.85.204 - - [09/Sep/2025:00:14:02 +0800] "GET /file2.php HTTP/1.1" 404 27 "-" "-"
20.41.85.204 - - [09/Sep/2025:00:14:02 +0800] "GET /file4.php HTTP/1.1" 404 27 "-" "-"
20.41.85.204 - - [09/Sep/2025:00:14:02 +0800] "GET /file7.php HTTP/1.1" 404 27 "-" "-"
20.41.85.204 - - [09/Sep/2025:00:14:02 +0800] "GET /file17.php HTTP/1.1" 404 27 "-" "-"
20.41.85.204 - - [09/Sep/2025:00:14:02 +0800] "GET /golden.php HTTP/1.1" 404 27 "-" "-"
20.41.85.204 - - [09/Sep/2025:00:14:03 +0800] "GET /gfile.php HTTP/1.1" 404 27 "-" "-"
20.41.85.204 - - [09/Sep/2025:00:14:03 +0800] "GET /bolt.php HTTP/1.1" 404 27 "-" "-"
20.41.85.204 - - [09/Sep/2025:00:14:03 +0800] "GET /wp-mn.php HTTP/1.1" 404 27 "-" "-"
20.41.85.204 - - [09/Sep/2025:00:14:03 +0800] "GET /about.php HTTP/1.1" 404 27 "-" "-"
20.41.85.204 - - [09/Sep/2025:00:14:03 +0800] "GET /past.php HTTP/1.1" 404 27 "-" "-"
20.41.85.204 - - [09/Sep/2025:00:14:03 +0800] "GET /ss.php HTTP/1.1" 404 27 "-" "-"
20.41.85.204 - - [09/Sep/2025:00:14:03 +0800] "GET /z.php HTTP/1.1" 404 27 "-" "-"
20.41.85.204 - - [09/Sep/2025:00:14:03 +0800] "GET /wsr2.php HTTP/1.1" 404 27 "-" "-"
20.41.85.204 - - [09/Sep/2025:00:14:04 +0800] "GET /cfile.php HTTP/1.1" 404 27 "-" "-"
20.41.85.204 - - [09/Sep/2025:00:14:04 +0800] "GET /ffile.php HTTP/1.1" 404 27 "-" "-"
20.41.85.204 - - [09/Sep/2025:00:14:04 +0800] "GET /wp-update.php HTTP/1.1" 404 27 "-" "-"
20.41.85.204 - - [09/Sep/2025:00:14:04 +0800] "GET /dex.php HTTP/1.1" 404 27 "-" "-"
20.41.85.204 - - [09/Sep/2025:00:14:04 +0800] "GET /aaaa.php HTTP/1.1" 404 27 "-" "-"
20.41.85.204 - - [09/Sep/2025:00:14:05 +0800] "GET /cool.php HTTP/1.1" 404 27 "-" "-"
20.41.85.204 - - [09/Sep/2025:00:14:05 +0800] "GET /pp.php HTTP/1.1" 404 27 "-" "-"
20.41.85.204 - - [09/Sep/2025:00:14:05 +0800] "GET /wp.php HTTP/1.1" 404 27 "-" "-"
20.41.85.204 - - [09/Sep/2025:00:14:05 +0800] "GET /ar.php HTTP/1.1" 404 27 "-" "-"
20.41.85.204 - - [09/Sep/2025:00:14:05 +0800] "GET /axx.php HTTP/1.1" 404 27 "-" "-"
20.41.85.204 - - [09/Sep/2025:00:14:05 +0800] "GET /we.php HTTP/1.1" 404 27 "-" "-"
20.41.85.204 - - [09/Sep/2025:00:14:06 +0800] "GET /xpas2.php HTTP/1.1" 404 27 "-" "-"
20.41.85.204 - - [09/Sep/2025:00:14:06 +0800] "GET /bv3.php HTTP/1.1" 404 27 "-" "-"
20.41.85.204 - - [09/Sep/2025:00:14:06 +0800] "GET /re.php HTTP/1.1" 404 27 "-" "-"
20.41.85.204 - - [09/Sep/2025:00:14:06 +0800] "GET /gmo.php HTTP/1.1" 404 27 "-" "-"
20.41.85.204 - - [09/Sep/2025:00:14:06 +0800] "GET /asd67.php HTTP/1.1" 404 27 "-" "-"
20.41.85.204 - - [09/Sep/2025:00:14:06 +0800] "GET /num.php HTTP/1.1" 404 27 "-" "-"
20.41.85.204 - - [09/Sep/2025:00:14:06 +0800] "GET /gold.php HTTP/1.1" 404 27 "-" "-"
20.41.85.204 - - [09/Sep/2025:00:14:06 +0800] "GET /ol.php HTTP/1.1" 404 27 "-" "-"
20.41.85.204 - - [09/Sep/2025:00:14:07 +0800] "GET /wp-gr.php HTTP/1.1" 404 27 "-" "-"
20.41.85.204 - - [09/Sep/2025:00:14:07 +0800] "GET /nc4.php HTTP/1.1" 404 27 "-" "-"
20.41.85.204 - - [09/Sep/2025:00:14:07 +0800] "GET /co.php HTTP/1.1" 404 27 "-" "-"
20.41.85.204 - - [09/Sep/2025:00:14:07 +0800] "GET /new.php HTTP/1.1" 404 27 "-" "-"
20.41.85.204 - - [09/Sep/2025:00:14:07 +0800] "GET /Sanskrit.php HTTP/1.1" 404 27 "-" "-"
20.41.85.204 - - [09/Sep/2025:00:14:07 +0800] "GET /great.php HTTP/1.1" 404 27 "-" "-"
20.41.85.204 - - [09/Sep/2025:00:14:07 +0800] "GET /class9.php HTTP/1.1" 404 27 "-" "-"
20.41.85.204 - - [09/Sep/2025:00:14:07 +0800] "GET /pass.php HTTP/1.1" 404 27 "-" "-"
20.41.85.204 - - [09/Sep/2025:00:14:07 +0800] "GET /ot.php HTTP/1.1" 404 27 "-" "-"
20.41.85.204 - - [09/Sep/2025:00:14:08 +0800] "GET /witmm.php HTTP/1.1" 404 27 "-" "-"
20.41.85.204 - - [09/Sep/2025:00:14:08 +0800] "GET /lo.php HTTP/1.1" 404 27 "-" "-"
36.133.115.36 - - [09/Sep/2025:00:19:00 +0800] "POST /wp-cron.php?doing_wp_cron=1757348340.5691919326782226562500 HTTP/1.1" 200 31 "-" "WordPress/6.8.2; http://cqqizhou.com"
149.50.103.48 - - [09/Sep/2025:00:19:00 +0800] "GET / HTTP/1.1" 200 33467 "-" "Mozilla/5.0 (Windows NT 10.0; Win64; x64) AppleWebKit/537.36 (KHTML, like Gecko) Chrome/90.0.4430.85 Safari/537.36 Edg/90.0.818.46"
116.179.32.240 - - [09/Sep/2025:00:43:01 +0800] "GET /2165/ HTTP/1.1" 200 27212 "-" "Mozilla/5.0 (compatible; Baiduspider/2.0; +http://www.baidu.com/search/spider.html)"
116.179.37.20 - - [09/Sep/2025:00:43:01 +0800] "GET /wp-content/uploads/2025/07/1753455746-DSC01472.webp HTTP/1.1" 200 31854 "http://cqqizhou.com/2165/" "Mozilla/5.0 (compatible; Baiduspider-render/2.0; +http://www.baidu.com/search/spider.html)"
116.179.37.172 - - [09/Sep/2025:00:43:01 +0800] "GET /wp-content/uploads/2025/07/1753455650-DSC01469.webp HTTP/1.1" 200 32132 "http://cqqizhou.com/2165/" "Mozilla/5.0 (compatible; Baiduspider-render/2.0; +http://www.baidu.com/search/spider.html)"
116.179.37.123 - - [09/Sep/2025:00:43:01 +0800] "GET /wp-content/uploads/2025/08/1755826390-DSC01765-150x150.webp HTTP/1.1" 200 6586 "http://cqqizhou.com/2165/" "Mozilla/5.0 (compatible; Baiduspider-render/2.0; +http://www.baidu.com/search/spider.html)"
36.133.115.36 - - [09/Sep/2025:00:49:58 +0800] "POST /wp-cron.php?doing_wp_cron=1757350198.4542980194091796875000 HTTP/1.1" 200 31 "-" "WordPress/6.8.2; http://cqqizhou.com"
196.251.84.253 - - [09/Sep/2025:00:49:59 +0800] "GET / HTTP/1.0" 200 151897 "-" "Mozilla/5.0 (X11; Linux x86_64; rv:140.0) Gecko/20100101 Firefox/140.0"
42.236.17.117 - - [09/Sep/2025:00:54:41 +0800] "GET / HTTP/1.1" 200 39369 "http://cqqizhou.com" "Mozilla/5.0 (Windows NT 6.1; WOW64) AppleWebKit/537.36 (KHTML, like Gecko) Chrome/50.0.2661.102 Safari/537.36; 360Spider"
36.133.115.36 - - [09/Sep/2025:01:08:07 +0800] "POST /wp-cron.php?doing_wp_cron=1757351287.0176498889923095703125 HTTP/1.1" 200 31 "-" "WordPress/6.8.2; http://cqqizhou.com"
180.102.134.69 - - [09/Sep/2025:01:08:07 +0800] "GET / HTTP/1.1" 200 33467 "-" "Mozilla/5.0 (iPhone; CPU iPhone OS 13_2_3 like Mac OS X) AppleWebKit/605.1.15 (KHTML, like Gecko) Version/13.0.3 Mobile/15E148 Safari/604.1"
36.133.115.36 - - [09/Sep/2025:01:21:33 +0800] "POST /wp-cron.php?doing_wp_cron=1757352093.7747740745544433593750 HTTP/1.1" 200 31 "-" "WordPress/6.8.2; http://cqqizhou.com"
46.100.166.70 - - [09/Sep/2025:01:21:35 +0800] "GET / HTTP/1.1" 200 151919 "-" "Mozilla/5.0 (Windows NT 6.1; WOW64) AppleWebKit/537.36 (KHTML, like Gecko) Chrome/52.0.2743.116 Safari/537.36"
36.133.115.36 - - [09/Sep/2025:01:28:57 +0800] "POST /wp-cron.php?doing_wp_cron=1757352537.6655890941619873046875 HTTP/1.1" 200 31 "-" "WordPress/6.8.2; http://cqqizhou.com"
204.141.229.220 - - [09/Sep/2025:01:28:57 +0800] "GET / HTTP/1.1" 301 5 "-" "python-requests/2.32.5"
204.141.229.220 - - [09/Sep/2025:01:28:58 +0800] "GET / HTTP/1.1" 200 39369 "-" "python-requests/2.32.5"
204.141.229.220 - - [09/Sep/2025:01:29:07 +0800] "GET /.aws/credentials HTTP/1.1" 404 8990 "-" "python-requests/2.32.5"
204.141.229.220 - - [09/Sep/2025:01:29:17 +0800] "GET /phpinfo HTTP/1.1" 404 8989 "-" "python-requests/2.32.5"
204.141.229.220 - - [09/Sep/2025:01:29:26 +0800] "GET /phpinfo.php HTTP/1.1" 404 47 "-" "python-requests/2.32.5"
204.141.229.220 - - [09/Sep/2025:01:29:35 +0800] "GET /.env.bak HTTP/1.1" 404 8989 "-" "python-requests/2.32.5"
204.141.229.220 - - [09/Sep/2025:01:29:44 +0800] "GET /info.php HTTP/1.1" 200 49 "-" "python-requests/2.32.5"
36.133.115.36 - - [09/Sep/2025:01:29:53 +0800] "POST /wp-cron.php?doing_wp_cron=1757352593.5908188819885253906250 HTTP/1.1" 200 31 "-" "WordPress/6.8.2; http://cqqizhou.com"
204.141.229.220 - - [09/Sep/2025:01:29:53 +0800] "GET /config/aws.yml HTTP/1.1" 404 8990 "-" "python-requests/2.32.5"
204.141.229.220 - - [09/Sep/2025:01:30:03 +0800] "GET /_profiler/phpinfo HTTP/1.1" 404 8989 "-" "python-requests/2.32.5"
204.141.229.220 - - [09/Sep/2025:01:30:13 +0800] "GET /.aws/ HTTP/1.1" 404 8989 "-" "python-requests/2.32.5"
204.141.229.220 - - [09/Sep/2025:01:30:22 +0800] "GET /.aws/config HTTP/1.1" 404 8989 "-" "python-requests/2.32.5"
204.141.229.220 - - [09/Sep/2025:01:30:32 +0800] "GET /.config HTTP/1.1" 404 8989 "-" "python-requests/2.32.5"
36.133.115.36 - - [09/Sep/2025:01:42:06 +0800] "POST /wp-cron.php?doing_wp_cron=1757353326.3168470859527587890625 HTTP/1.1" 200 31 "-" "WordPress/6.8.2; http://cqqizhou.com"
115.159.33.43 - - [09/Sep/2025:01:42:06 +0800] "GET / HTTP/1.1" 301 5 "-" "Mozilla/5.0 (Windows NT 10.0; Win64; x64) AppleWebKit/537.36 (KHTML, like Gecko) Chrome/79.0.3945.117 Safari/537.36"
36.133.115.36 - - [09/Sep/2025:01:48:26 +0800] "POST /wp-cron.php?doing_wp_cron=1757353706.5980260372161865234375 HTTP/1.1" 200 31 "-" "WordPress/6.8.2; http://cqqizhou.com"
91.224.92.17 - - [09/Sep/2025:01:48:46 +0800] "GET / HTTP/1.1" 200 96805 "-" "-"
36.133.115.36 - - [09/Sep/2025:01:51:30 +0800] "POST /wp-cron.php?doing_wp_cron=1757353890.4384760856628417968750 HTTP/1.1" 200 31 "-" "WordPress/6.8.2; http://cqqizhou.com"
36.133.108.119 - - [09/Sep/2025:01:51:30 +0800] "HEAD /.env.example HTTP/1.1" 404 0 "-" "Mozilla/5.0 (Windows NT 6.1; WOW64) AppleWebKit/537.17 (KHTML, like Gecko) Chrome/24.0.1312.60 Safari/537.17"
36.133.115.36 - - [09/Sep/2025:01:56:29 +0800] "POST /wp-cron.php?doing_wp_cron=1757354189.7734830379486083984375 HTTP/1.1" 200 31 "-" "WordPress/6.8.2; http://cqqizhou.com"
13.76.247.90 - - [09/Sep/2025:01:56:29 +0800] "HEAD /wordpress HTTP/1.1" 404 0 "-" "Mozilla/5.0 (Windows NT 10.0; Win64; x64) AppleWebKit/537.36 (KHTML, like Gecko) Chrome/74.0.3729.169 Safari/537.36"
13.76.247.90 - - [09/Sep/2025:01:56:29 +0800] "HEAD / HTTP/1.1" 200 0 "-" "Mozilla/5.0 (Windows NT 10.0; Win64; x64) AppleWebKit/537.36 (KHTML, like Gecko) Chrome/74.0.3729.169 Safari/537.36"
13.76.247.90 - - [09/Sep/2025:01:56:30 +0800] "HEAD /wp HTTP/1.1" 404 0 "-" "Mozilla/5.0 (Windows NT 10.0; Win64; x64) AppleWebKit/537.36 (KHTML, like Gecko) Chrome/74.0.3729.169 Safari/537.36"
13.76.247.90 - - [09/Sep/2025:01:56:31 +0800] "HEAD /bc HTTP/1.1" 404 0 "-" "Mozilla/5.0 (Windows NT 10.0; Win64; x64) AppleWebKit/537.36 (KHTML, like Gecko) Chrome/74.0.3729.169 Safari/537.36"
13.76.247.90 - - [09/Sep/2025:01:56:32 +0800] "HEAD /bk HTTP/1.1" 404 0 "-" "Mozilla/5.0 (Windows NT 10.0; Win64; x64) AppleWebKit/537.36 (KHTML, like Gecko) Chrome/74.0.3729.169 Safari/537.36"
13.76.247.90 - - [09/Sep/2025:01:56:33 +0800] "HEAD /backup HTTP/1.1" 404 0 "-" "Mozilla/5.0 (Windows NT 10.0; Win64; x64) AppleWebKit/537.36 (KHTML, like Gecko) Chrome/74.0.3729.169 Safari/537.36"
13.76.247.90 - - [09/Sep/2025:01:56:33 +0800] "HEAD /old HTTP/1.1" 404 0 "-" "Mozilla/5.0 (Windows NT 10.0; Win64; x64) AppleWebKit/537.36 (KHTML, like Gecko) Chrome/74.0.3729.169 Safari/537.36"
13.76.247.90 - - [09/Sep/2025:01:56:34 +0800] "HEAD /new HTTP/1.1" 301 0 "-" "Mozilla/5.0 (Windows NT 10.0; Win64; x64) AppleWebKit/537.36 (KHTML, like Gecko) Chrome/74.0.3729.169 Safari/537.36"
13.76.247.90 - - [09/Sep/2025:01:56:34 +0800] "HEAD /news/ HTTP/1.1" 200 0 "http://cqqizhou.com/new" "Mozilla/5.0 (Windows NT 10.0; Win64; x64) AppleWebKit/537.36 (KHTML, like Gecko) Chrome/74.0.3729.169 Safari/537.36"
13.76.247.90 - - [09/Sep/2025:01:56:35 +0800] "HEAD /main HTTP/1.1" 404 0 "-" "Mozilla/5.0 (Windows NT 10.0; Win64; x64) AppleWebKit/537.36 (KHTML, like Gecko) Chrome/74.0.3729.169 Safari/537.36"
13.76.247.90 - - [09/Sep/2025:01:56:36 +0800] "HEAD /home HTTP/1.1" 301 0 "-" "Mozilla/5.0 (Windows NT 10.0; Win64; x64) AppleWebKit/537.36 (KHTML, like Gecko) Chrome/74.0.3729.169 Safari/537.36"
13.76.247.90 - - [09/Sep/2025:01:56:36 +0800] "HEAD / HTTP/1.1" 200 0 "http://cqqizhou.com/home" "Mozilla/5.0 (Windows NT 10.0; Win64; x64) AppleWebKit/537.36 (KHTML, like Gecko) Chrome/74.0.3729.169 Safari/537.36"
36.133.115.36 - - [09/Sep/2025:02:02:17 +0800] "POST /wp-cron.php?doing_wp_cron=1757354537.0360550880432128906250 HTTP/1.1" 200 31 "-" "WordPress/6.8.2; http://cqqizhou.com"
179.61.221.66 - - [09/Sep/2025:02:02:17 +0800] "GET / HTTP/1.1" 200 151919 "-" "-"
116.179.32.95 - - [09/Sep/2025:02:03:01 +0800] "GET /portfolio-category/dual-phase-steel/ HTTP/1.1" 200 20860 "-" "Mozilla/5.0 (compatible; Baiduspider/2.0; +http://www.baidu.com/search/spider.html)"
36.133.115.36 - - [09/Sep/2025:02:03:55 +0800] "POST /wp-cron.php?doing_wp_cron=1757354635.3232240676879882812500 HTTP/1.1" 200 31 "-" "WordPress/6.8.2; http://cqqizhou.com"
36.133.108.121 - - [09/Sep/2025:02:03:55 +0800] "HEAD /frontend_dev.php/$ HTTP/1.1" 404 0 "-" "Mozilla/5.0 (Windows; U; Windows NT 5.1; ru-RU) AppleWebKit/533.19.4 (KHTML, like Gecko) Version/5.0.3 Safari/533.19.4"
36.133.115.36 - - [09/Sep/2025:02:13:05 +0800] "POST /wp-cron.php?doing_wp_cron=1757355185.7790420055389404296875 HTTP/1.1" 200 31 "-" "WordPress/6.8.2; http://cqqizhou.com"
202.47.135.197 - - [09/Sep/2025:02:13:05 +0800] "GET / HTTP/1.1" 301 5 "-" "python-requests/2.32.5"
202.47.135.197 - - [09/Sep/2025:02:13:06 +0800] "GET / HTTP/1.1" 200 39369 "-" "python-requests/2.32.5"
202.47.135.197 - - [09/Sep/2025:02:13:07 +0800] "GET / HTTP/1.1" 301 5 "-" "Mozilla/5.0 (Linux; Android 10; Pixel Build/QP1A.190711.019; wv) AppleWebKit/537.36 (KHTML, like Gecko) Chrome/76.0.3809.132 Mobile Safari/537.36"
202.47.135.197 - - [09/Sep/2025:02:13:08 +0800] "GET / HTTP/1.1" 200 33467 "-" "Mozilla/5.0 (Linux; Android 10; Pixel Build/QP1A.190711.019; wv) AppleWebKit/537.36 (KHTML, like Gecko) Chrome/76.0.3809.132 Mobile Safari/537.36"
202.47.135.197 - - [09/Sep/2025:02:13:10 +0800] "GET /.env HTTP/1.1" 404 8988 "-" "Mozilla/5.0 (Linux; Android 10; Pixel Build/QP1A.190711.019; wv) AppleWebKit/537.36 (KHTML, like Gecko) Chrome/76.0.3809.132 Mobile Safari/537.36"
202.47.135.197 - - [09/Sep/2025:02:13:11 +0800] "GET /.env.txt HTTP/1.1" 200 19391 "-" "Mozilla/5.0 (Linux; Android 10; Pixel Build/QP1A.190711.019; wv) AppleWebKit/537.36 (KHTML, like Gecko) Chrome/76.0.3809.132 Mobile Safari/537.36"
202.47.135.197 - - [09/Sep/2025:02:13:12 +0800] "GET /.env.example HTTP/1.1" 404 8988 "-" "Mozilla/5.0 (Linux; Android 10; Pixel Build/QP1A.190711.019; wv) AppleWebKit/537.36 (KHTML, like Gecko) Chrome/76.0.3809.132 Mobile Safari/537.36"
202.47.135.197 - - [09/Sep/2025:02:13:13 +0800] "GET /.env.old HTTP/1.1" 404 8988 "-" "Mozilla/5.0 (Linux; Android 10; Pixel Build/QP1A.190711.019; wv) AppleWebKit/537.36 (KHTML, like Gecko) Chrome/76.0.3809.132 Mobile Safari/537.36"
202.47.135.197 - - [09/Sep/2025:02:13:15 +0800] "GET /.aws/credentials HTTP/1.1" 404 8988 "-" "Mozilla/5.0 (Linux; Android 10; Pixel Build/QP1A.190711.019; wv) AppleWebKit/537.36 (KHTML, like Gecko) Chrome/76.0.3809.132 Mobile Safari/537.36"
202.47.135.197 - - [09/Sep/2025:02:13:17 +0800] "GET /frontend_dev.php/$ HTTP/1.1" 404 8989 "-" "Mozilla/5.0 (Linux; Android 10; Pixel Build/QP1A.190711.019; wv) AppleWebKit/537.36 (KHTML, like Gecko) Chrome/76.0.3809.132 Mobile Safari/537.36"
202.47.135.197 - - [09/Sep/2025:02:13:18 +0800] "GET /phpinfo HTTP/1.1" 404 8989 "-" "Mozilla/5.0 (Linux; Android 10; Pixel Build/QP1A.190711.019; wv) AppleWebKit/537.36 (KHTML, like Gecko) Chrome/76.0.3809.132 Mobile Safari/537.36"
202.47.135.197 - - [09/Sep/2025:02:13:19 +0800] "GET /tmp/phpinfo.php HTTP/1.1" 404 47 "-" "Mozilla/5.0 (Linux; Android 10; Pixel Build/QP1A.190711.019; wv) AppleWebKit/537.36 (KHTML, like Gecko) Chrome/76.0.3809.132 Mobile Safari/537.36"
202.47.135.197 - - [09/Sep/2025:02:13:20 +0800] "GET /phpinfo/phpinfo.php HTTP/1.1" 404 47 "-" "Mozilla/5.0 (Linux; Android 10; Pixel Build/QP1A.190711.019; wv) AppleWebKit/537.36 (KHTML, like Gecko) Chrome/76.0.3809.132 Mobile Safari/537.36"
202.47.135.197 - - [09/Sep/2025:02:13:20 +0800] "GET /php-info.php HTTP/1.1" 404 47 "-" "Mozilla/5.0 (Linux; Android 10; Pixel Build/QP1A.190711.019; wv) AppleWebKit/537.36 (KHTML, like Gecko) Chrome/76.0.3809.132 Mobile Safari/537.36"
202.47.135.197 - - [09/Sep/2025:02:13:21 +0800] "GET /pinfo.php HTTP/1.1" 404 47 "-" "Mozilla/5.0 (Linux; Android 10; Pixel Build/QP1A.190711.019; wv) AppleWebKit/537.36 (KHTML, like Gecko) Chrome/76.0.3809.132 Mobile Safari/537.36"
202.47.135.197 - - [09/Sep/2025:02:13:22 +0800] "GET /phpinfo.php HTTP/1.1" 404 47 "-" "Mozilla/5.0 (Linux; Android 10; Pixel Build/QP1A.190711.019; wv) AppleWebKit/537.36 (KHTML, like Gecko) Chrome/76.0.3809.132 Mobile Safari/537.36"
202.47.135.197 - - [09/Sep/2025:02:13:23 +0800] "GET /configs/s3_config.json HTTP/1.1" 404 8990 "-" "Mozilla/5.0 (Linux; Android 10; Pixel Build/QP1A.190711.019; wv) AppleWebKit/537.36 (KHTML, like Gecko) Chrome/76.0.3809.132 Mobile Safari/537.36"
36.133.115.36 - - [09/Sep/2025:02:24:32 +0800] "POST /wp-cron.php?doing_wp_cron=1757355872.0812540054321289062500 HTTP/1.1" 200 31 "-" "WordPress/6.8.2; http://cqqizhou.com"
149.50.103.48 - - [09/Sep/2025:02:24:32 +0800] "GET / HTTP/1.1" 200 33467 "-" "Mozilla/5.0 (Windows NT 10.0; Win64; x64) AppleWebKit/537.36 (KHTML, like Gecko) Chrome/90.0.4430.85 Safari/537.36 Edg/90.0.818.46"
36.133.115.36 - - [09/Sep/2025:02:25:10 +0800] "POST /wp-cron.php?doing_wp_cron=1757355910.9335770606994628906250 HTTP/1.1" 200 31 "-" "WordPress/6.8.2; http://cqqizhou.com"
4.227.36.36 - - [09/Sep/2025:02:25:10 +0800] "GET /robots.txt HTTP/1.1" 200 190 "-" "Mozilla/5.0 AppleWebKit/537.36 (KHTML, like Gecko; compatible; GPTBot/1.2; +https://openai.com/gptbot)"
20.171.207.50 - - [09/Sep/2025:02:26:04 +0800] "GET / HTTP/1.1" 200 39369 "-" "Mozilla/5.0 AppleWebKit/537.36 (KHTML, like Gecko; compatible; GPTBot/1.2; +https://openai.com/gptbot)"
20.171.207.50 - - [09/Sep/2025:02:27:17 +0800] "GET /news/ HTTP/1.1" 200 25256 "-" "Mozilla/5.0 AppleWebKit/537.36 (KHTML, like Gecko; compatible; GPTBot/1.2; +https://openai.com/gptbot)"
36.133.115.36 - - [09/Sep/2025:02:27:53 +0800] "POST /wp-cron.php?doing_wp_cron=1757356073.0172910690307617187500 HTTP/1.1" 200 31 "-" "WordPress/6.8.2; http://cqqizhou.com"
20.171.207.50 - - [09/Sep/2025:02:27:53 +0800] "GET /bug HTTP/1.1" 301 5 "-" "Mozilla/5.0 AppleWebKit/537.36 (KHTML, like Gecko; compatible; GPTBot/1.2; +https://openai.com/gptbot)"
20.171.207.50 - - [09/Sep/2025:02:27:53 +0800] "GET /bug/ HTTP/1.1" 200 12812 "-" "Mozilla/5.0 AppleWebKit/537.36 (KHTML, like Gecko; compatible; GPTBot/1.2; +https://openai.com/gptbot)"
20.171.207.50 - - [09/Sep/2025:02:28:23 +0800] "GET /services/ HTTP/1.1" 200 25528 "-" "Mozilla/5.0 AppleWebKit/537.36 (KHTML, like Gecko; compatible; GPTBot/1.2; +https://openai.com/gptbot)"
20.171.207.50 - - [09/Sep/2025:02:28:51 +0800] "GET /logistics/ HTTP/1.1" 200 22410 "-" "Mozilla/5.0 AppleWebKit/537.36 (KHTML, like Gecko; compatible; GPTBot/1.2; +https://openai.com/gptbot)"
36.133.115.36 - - [09/Sep/2025:02:29:30 +0800] "POST /wp-cron.php?doing_wp_cron=1757356170.3838539123535156250000 HTTP/1.1" 200 31 "-" "WordPress/6.8.2; http://cqqizhou.com"
20.171.207.50 - - [09/Sep/2025:02:29:30 +0800] "GET /logistics HTTP/1.1" 301 5 "-" "Mozilla/5.0 AppleWebKit/537.36 (KHTML, like Gecko; compatible; GPTBot/1.2; +https://openai.com/gptbot)"
20.171.207.50 - - [09/Sep/2025:02:29:30 +0800] "GET /logistics/ HTTP/1.1" 200 22410 "-" "Mozilla/5.0 AppleWebKit/537.36 (KHTML, like Gecko; compatible; GPTBot/1.2; +https://openai.com/gptbot)"
20.171.207.50 - - [09/Sep/2025:02:30:03 +0800] "GET /contacts/ HTTP/1.1" 200 21496 "-" "Mozilla/5.0 AppleWebKit/537.36 (KHTML, like Gecko; compatible; GPTBot/1.2; +https://openai.com/gptbot)"
20.171.207.50 - - [09/Sep/2025:02:30:35 +0800] "GET /policy/ HTTP/1.1" 200 23548 "-" "Mozilla/5.0 AppleWebKit/537.36 (KHTML, like Gecko; compatible; GPTBot/1.2; +https://openai.com/gptbot)"
20.171.207.50 - - [09/Sep/2025:02:31:01 +0800] "GET /industry/ HTTP/1.1" 200 21890 "-" "Mozilla/5.0 AppleWebKit/537.36 (KHTML, like Gecko; compatible; GPTBot/1.2; +https://openai.com/gptbot)"
20.171.207.50 - - [09/Sep/2025:02:31:18 +0800] "GET /material.html HTTP/1.1" 200 6459 "-" "Mozilla/5.0 AppleWebKit/537.36 (KHTML, like Gecko; compatible; GPTBot/1.2; +https://openai.com/gptbot)"
36.133.115.36 - - [09/Sep/2025:02:31:46 +0800] "POST /wp-cron.php?doing_wp_cron=1757356306.2585930824279785156250 HTTP/1.1" 200 31 "-" "WordPress/6.8.2; http://cqqizhou.com"
20.171.207.50 - - [09/Sep/2025:02:31:46 +0800] "GET /wp-json/ HTTP/1.1" 200 19172 "-" "Mozilla/5.0 AppleWebKit/537.36 (KHTML, like Gecko; compatible; GPTBot/1.2; +https://openai.com/gptbot)"
20.171.207.50 - - [09/Sep/2025:02:32:15 +0800] "GET /club/ HTTP/1.1" 200 13062 "-" "Mozilla/5.0 AppleWebKit/537.36 (KHTML, like Gecko; compatible; GPTBot/1.2; +https://openai.com/gptbot)"
20.171.207.50 - - [09/Sep/2025:02:32:39 +0800] "GET /uncategorized/ HTTP/1.1" 200 20922 "-" "Mozilla/5.0 AppleWebKit/537.36 (KHTML, like Gecko; compatible; GPTBot/1.2; +https://openai.com/gptbot)"
20.171.207.50 - - [09/Sep/2025:02:32:51 +0800] "GET /business/ HTTP/1.1" 200 22444 "-" "Mozilla/5.0 AppleWebKit/537.36 (KHTML, like Gecko; compatible; GPTBot/1.2; +https://openai.com/gptbot)"
20.171.207.50 - - [09/Sep/2025:02:33:24 +0800] "GET /wp-content/uploads/2025/08/1755826390-DSC01765.webp HTTP/1.1" 200 71514 "-" "Mozilla/5.0 AppleWebKit/537.36 (KHTML, like Gecko; compatible; GPTBot/1.2; +https://openai.com/gptbot)"
20.171.207.50 - - [09/Sep/2025:02:33:53 +0800] "GET /2165/ HTTP/1.1" 200 27212 "-" "Mozilla/5.0 AppleWebKit/537.36 (KHTML, like Gecko; compatible; GPTBot/1.2; +https://openai.com/gptbot)"
20.171.207.50 - - [09/Sep/2025:02:34:09 +0800] "GET /2214/ HTTP/1.1" 200 24843 "-" "Mozilla/5.0 AppleWebKit/537.36 (KHTML, like Gecko; compatible; GPTBot/1.2; +https://openai.com/gptbot)"
20.171.207.50 - - [09/Sep/2025:02:34:28 +0800] "GET /2163/ HTTP/1.1" 200 23987 "-" "Mozilla/5.0 AppleWebKit/537.36 (KHTML, like Gecko; compatible; GPTBot/1.2; +https://openai.com/gptbot)"
20.171.207.50 - - [09/Sep/2025:02:34:59 +0800] "GET /2162/ HTTP/1.1" 200 25352 "-" "Mozilla/5.0 AppleWebKit/537.36 (KHTML, like Gecko; compatible; GPTBot/1.2; +https://openai.com/gptbot)"
20.171.207.50 - - [09/Sep/2025:02:35:28 +0800] "GET /wp-content/uploads/2025/08/1755826456-DSC01841.webp HTTP/1.1" 200 87046 "-" "Mozilla/5.0 AppleWebKit/537.36 (KHTML, like Gecko; compatible; GPTBot/1.2; +https://openai.com/gptbot)"
20.171.207.50 - - [09/Sep/2025:02:35:41 +0800] "GET /2215/ HTTP/1.1" 200 20293 "-" "Mozilla/5.0 AppleWebKit/537.36 (KHTML, like Gecko; compatible; GPTBot/1.2; +https://openai.com/gptbot)"
20.171.207.50 - - [09/Sep/2025:02:36:07 +0800] "GET /wp-content/uploads/2025/09/1756868614-20250903104654_74_5.webp HTTP/1.1" 200 47858 "-" "Mozilla/5.0 AppleWebKit/537.36 (KHTML, like Gecko; compatible; GPTBot/1.2; +https://openai.com/gptbot)"
20.171.207.50 - - [09/Sep/2025:02:36:37 +0800] "GET /2155/ HTTP/1.1" 200 29372 "-" "Mozilla/5.0 AppleWebKit/537.36 (KHTML, like Gecko; compatible; GPTBot/1.2; +https://openai.com/gptbot)"
20.171.207.50 - - [09/Sep/2025:02:37:09 +0800] "GET /wp-content/uploads/2025/08/1755826390-DSC01765-150x150.webp HTTP/1.1" 200 6586 "-" "Mozilla/5.0 AppleWebKit/537.36 (KHTML, like Gecko; compatible; GPTBot/1.2; +https://openai.com/gptbot)"
20.171.207.50 - - [09/Sep/2025:02:37:42 +0800] "GET /2153/ HTTP/1.1" 200 24603 "-" "Mozilla/5.0 AppleWebKit/537.36 (KHTML, like Gecko; compatible; GPTBot/1.2; +https://openai.com/gptbot)"
20.171.207.50 - - [09/Sep/2025:02:37:49 +0800] "GET /2160/ HTTP/1.1" 200 29934 "-" "Mozilla/5.0 AppleWebKit/537.36 (KHTML, like Gecko; compatible; GPTBot/1.2; +https://openai.com/gptbot)"
20.171.207.50 - - [09/Sep/2025:02:38:14 +0800] "GET /2159/ HTTP/1.1" 200 28935 "-" "Mozilla/5.0 AppleWebKit/537.36 (KHTML, like Gecko; compatible; GPTBot/1.2; +https://openai.com/gptbot)"
20.171.207.50 - - [09/Sep/2025:02:38:45 +0800] "GET /bug/ HTTP/1.1" 200 12812 "-" "Mozilla/5.0 AppleWebKit/537.36 (KHTML, like Gecko; compatible; GPTBot/1.2; +https://openai.com/gptbot)"
20.171.207.50 - - [09/Sep/2025:02:38:54 +0800] "GET /2231/ HTTP/1.1" 200 23680 "-" "Mozilla/5.0 AppleWebKit/537.36 (KHTML, like Gecko; compatible; GPTBot/1.2; +https://openai.com/gptbot)"
20.171.207.50 - - [09/Sep/2025:02:39:20 +0800] "GET /2164/ HTTP/1.1" 200 23705 "-" "Mozilla/5.0 AppleWebKit/537.36 (KHTML, like Gecko; compatible; GPTBot/1.2; +https://openai.com/gptbot)"
20.171.207.50 - - [09/Sep/2025:02:39:58 +0800] "GET /wp-content/uploads/2025/08/1755826456-DSC01841-150x150.webp HTTP/1.1" 200 9850 "-" "Mozilla/5.0 AppleWebKit/537.36 (KHTML, like Gecko; compatible; GPTBot/1.2; +https://openai.com/gptbot)"
20.171.207.50 - - [09/Sep/2025:02:40:29 +0800] "GET /2052/ HTTP/1.1" 200 25928 "-" "Mozilla/5.0 AppleWebKit/537.36 (KHTML, like Gecko; compatible; GPTBot/1.2; +https://openai.com/gptbot)"
20.171.207.50 - - [09/Sep/2025:02:40:48 +0800] "GET /wp-content/uploads/2025/09/1756868614-20250903104654_74_5-150x150.webp HTTP/1.1" 200 5712 "-" "Mozilla/5.0 AppleWebKit/537.36 (KHTML, like Gecko; compatible; GPTBot/1.2; +https://openai.com/gptbot)"
20.171.207.50 - - [09/Sep/2025:02:41:07 +0800] "GET /portfolio/hot-dip-galvanized-coil/ HTTP/1.1" 200 22257 "-" "Mozilla/5.0 AppleWebKit/537.36 (KHTML, like Gecko; compatible; GPTBot/1.2; +https://openai.com/gptbot)"
36.133.115.36 - - [09/Sep/2025:02:41:36 +0800] "POST /wp-cron.php?doing_wp_cron=1757356896.2703189849853515625000 HTTP/1.1" 200 31 "-" "WordPress/6.8.2; http://cqqizhou.com"
20.171.207.50 - - [09/Sep/2025:02:41:36 +0800] "GET /wp-admin/admin-ajax.php HTTP/1.1" 400 11 "-" "Mozilla/5.0 AppleWebKit/537.36 (KHTML, like Gecko; compatible; GPTBot/1.2; +https://openai.com/gptbot)"
20.171.207.50 - - [09/Sep/2025:02:42:06 +0800] "GET /portfolio/remaining-rolls/ HTTP/1.1" 200 22142 "-" "Mozilla/5.0 AppleWebKit/537.36 (KHTML, like Gecko; compatible; GPTBot/1.2; +https://openai.com/gptbot)"
36.133.115.36 - - [09/Sep/2025:02:42:15 +0800] "POST /wp-cron.php?doing_wp_cron=1757356935.1384029388427734375000 HTTP/1.1" 200 31 "-" "WordPress/6.8.2; http://cqqizhou.com"
20.171.207.50 - - [09/Sep/2025:02:42:15 +0800] "GET /services HTTP/1.1" 301 5 "-" "Mozilla/5.0 AppleWebKit/537.36 (KHTML, like Gecko; compatible; GPTBot/1.2; +https://openai.com/gptbot)"
20.171.207.50 - - [09/Sep/2025:02:42:16 +0800] "GET /services/ HTTP/1.1" 200 25528 "-" "Mozilla/5.0 AppleWebKit/537.36 (KHTML, like Gecko; compatible; GPTBot/1.2; +https://openai.com/gptbot)"
20.171.207.50 - - [09/Sep/2025:02:42:40 +0800] "GET /process/processing HTTP/1.1" 301 5 "-" "Mozilla/5.0 AppleWebKit/537.36 (KHTML, like Gecko; compatible; GPTBot/1.2; +https://openai.com/gptbot)"
20.171.207.50 - - [09/Sep/2025:02:42:40 +0800] "GET /services/processing/ HTTP/1.1" 200 22903 "-" "Mozilla/5.0 AppleWebKit/537.36 (KHTML, like Gecko; compatible; GPTBot/1.2; +https://openai.com/gptbot)"
20.171.207.50 - - [09/Sep/2025:02:43:12 +0800] "GET /portfolio/%e5%86%b7%e8%bd%a7%e6%9d%bf/ HTTP/1.1" 200 22092 "-" "Mozilla/5.0 AppleWebKit/537.36 (KHTML, like Gecko; compatible; GPTBot/1.2; +https://openai.com/gptbot)"
20.171.207.50 - - [09/Sep/2025:02:43:24 +0800] "GET /wp-content/uploads/2025/09/1756868585-20250903104658_78_5.webp HTTP/1.1" 200 39636 "-" "Mozilla/5.0 AppleWebKit/537.36 (KHTML, like Gecko; compatible; GPTBot/1.2; +https://openai.com/gptbot)"
20.171.207.50 - - [09/Sep/2025:02:43:33 +0800] "GET /portfolio-category/hot-dip-galvanized-coil/ HTTP/1.1" 200 20880 "-" "Mozilla/5.0 AppleWebKit/537.36 (KHTML, like Gecko; compatible; GPTBot/1.2; +https://openai.com/gptbot)"
20.171.207.50 - - [09/Sep/2025:02:44:01 +0800] "GET /portfolio/duplex-stainless-steel/ HTTP/1.1" 200 22101 "-" "Mozilla/5.0 AppleWebKit/537.36 (KHTML, like Gecko; compatible; GPTBot/1.2; +https://openai.com/gptbot)"
20.171.207.50 - - [09/Sep/2025:02:44:29 +0800] "GET /about/ HTTP/1.1" 200 30088 "-" "Mozilla/5.0 AppleWebKit/537.36 (KHTML, like Gecko; compatible; GPTBot/1.2; +https://openai.com/gptbot)"
20.171.207.50 - - [09/Sep/2025:02:44:40 +0800] "GET /services/processing/ HTTP/1.1" 200 22903 "-" "Mozilla/5.0 AppleWebKit/537.36 (KHTML, like Gecko; compatible; GPTBot/1.2; +https://openai.com/gptbot)"
20.171.207.50 - - [09/Sep/2025:02:45:04 +0800] "GET /portfolio-tag/%e9%9e%8d%e9%92%a2%e8%92%82%e6%a3%ae/ HTTP/1.1" 200 22644 "-" "Mozilla/5.0 AppleWebKit/537.36 (KHTML, like Gecko; compatible; GPTBot/1.2; +https://openai.com/gptbot)"
20.171.207.50 - - [09/Sep/2025:02:45:34 +0800] "GET /portfolio-category/cold-rolled-coil/ HTTP/1.1" 200 20900 "-" "Mozilla/5.0 AppleWebKit/537.36 (KHTML, like Gecko; compatible; GPTBot/1.2; +https://openai.com/gptbot)"
20.171.207.50 - - [09/Sep/2025:02:45:48 +0800] "GET /portfolio/ HTTP/1.1" 200 20553 "-" "Mozilla/5.0 AppleWebKit/537.36 (KHTML, like Gecko; compatible; GPTBot/1.2; +https://openai.com/gptbot)"
36.133.115.36 - - [09/Sep/2025:02:45:56 +0800] "POST /wp-cron.php?doing_wp_cron=1757357156.1864030361175537109375 HTTP/1.1" 200 31 "-" "WordPress/6.8.2; http://cqqizhou.com"
20.171.207.50 - - [09/Sep/2025:02:45:56 +0800] "GET /services/processing/qzgyl@cq-qizhou.com HTTP/1.1" 404 8988 "-" "Mozilla/5.0 AppleWebKit/537.36 (KHTML, like Gecko; compatible; GPTBot/1.2; +https://openai.com/gptbot)"
20.171.207.50 - - [09/Sep/2025:02:46:24 +0800] "GET /wp-sitemap.xml HTTP/1.1" 501 253 "-" "Mozilla/5.0 AppleWebKit/537.36 (KHTML, like Gecko; compatible; GPTBot/1.2; +https://openai.com/gptbot)"
20.171.207.50 - - [09/Sep/2025:02:46:54 +0800] "GET /news/page/2/ HTTP/1.1" 200 21561 "-" "Mozilla/5.0 AppleWebKit/537.36 (KHTML, like Gecko; compatible; GPTBot/1.2; +https://openai.com/gptbot)"
36.133.115.36 - - [09/Sep/2025:02:47:17 +0800] "POST /wp-cron.php?doing_wp_cron=1757357237.4429368972778320312500 HTTP/1.1" 200 31 "-" "WordPress/6.8.2; http://cqqizhou.com"
49.51.183.220 - - [09/Sep/2025:02:47:17 +0800] "GET / HTTP/1.1" 301 5 "-" "Mozilla/5.0 (iPhone; CPU iPhone OS 13_2_3 like Mac OS X) AppleWebKit/605.1.15 (KHTML, like Gecko) Version/13.0.3 Mobile/15E148 Safari/604.1"
49.51.183.220 - - [09/Sep/2025:02:47:19 +0800] "GET / HTTP/1.1" 200 33467 "http://36.133.115.36" "Mozilla/5.0 (iPhone; CPU iPhone OS 13_2_3 like Mac OS X) AppleWebKit/605.1.15 (KHTML, like Gecko) Version/13.0.3 Mobile/15E148 Safari/604.1"
20.171.207.50 - - [09/Sep/2025:02:47:23 +0800] "GET /portfolio-category/remaining-rolls/ HTTP/1.1" 200 20832 "-" "Mozilla/5.0 AppleWebKit/537.36 (KHTML, like Gecko; compatible; GPTBot/1.2; +https://openai.com/gptbot)"
20.171.207.50 - - [09/Sep/2025:02:47:38 +0800] "GET /portfolio/pickled-coil/ HTTP/1.1" 200 22145 "-" "Mozilla/5.0 AppleWebKit/537.36 (KHTML, like Gecko; compatible; GPTBot/1.2; +https://openai.com/gptbot)"
20.171.207.50 - - [09/Sep/2025:02:48:01 +0800] "GET /portfolio-category/dual-phase-steel/ HTTP/1.1" 200 20860 "-" "Mozilla/5.0 AppleWebKit/537.36 (KHTML, like Gecko; compatible; GPTBot/1.2; +https://openai.com/gptbot)"
36.133.115.36 - - [09/Sep/2025:02:48:33 +0800] "POST /wp-cron.php?doing_wp_cron=1757357313.3110480308532714843750 HTTP/1.1" 200 31 "-" "WordPress/6.8.2; http://cqqizhou.com"
20.171.207.50 - - [09/Sep/2025:02:48:33 +0800] "GET /wp-json/oembed/1.0/embed?url=http%3A%2F%2Fcqqizhou.com%2Fportfolio%2Fhot-dip-galvanized-coil%2F HTTP/1.1" 200 1203 "-" "Mozilla/5.0 AppleWebKit/537.36 (KHTML, like Gecko; compatible; GPTBot/1.2; +https://openai.com/gptbot)"
20.171.207.50 - - [09/Sep/2025:02:49:07 +0800] "GET /portfolio/%e5%86%b7%e8%bd%a7%e5%8d%b7/ HTTP/1.1" 200 22084 "-" "Mozilla/5.0 AppleWebKit/537.36 (KHTML, like Gecko; compatible; GPTBot/1.2; +https://openai.com/gptbot)"
36.133.115.36 - - [09/Sep/2025:02:49:42 +0800] "POST /wp-cron.php?doing_wp_cron=1757357382.5821089744567871093750 HTTP/1.1" 200 31 "-" "WordPress/6.8.2; http://cqqizhou.com"
20.171.207.50 - - [09/Sep/2025:02:49:42 +0800] "GET /wp-json/oembed/1.0/embed?url=http%3A%2F%2Fcqqizhou.com%2Fbug%2F HTTP/1.1" 200 1107 "-" "Mozilla/5.0 AppleWebKit/537.36 (KHTML, like Gecko; compatible; GPTBot/1.2; +https://openai.com/gptbot)"
36.133.115.36 - - [09/Sep/2025:02:49:49 +0800] "POST /wp-cron.php?doing_wp_cron=1757357389.8436899185180664062500 HTTP/1.1" 200 31 "-" "WordPress/6.8.2; http://cqqizhou.com"
20.171.207.50 - - [09/Sep/2025:02:49:49 +0800] "GET /wp-json/oembed/1.0/embed?url=http%3A%2F%2Fcqqizhou.com%2Fportfolio%2Fremaining-rolls%2F HTTP/1.1" 200 1195 "-" "Mozilla/5.0 AppleWebKit/537.36 (KHTML, like Gecko; compatible; GPTBot/1.2; +https://openai.com/gptbot)"
20.171.207.50 - - [09/Sep/2025:02:50:14 +0800] "GET /wp-json/oembed/1.0/embed?url=http%3A%2F%2Fcqqizhou.com%2Fservices%2Fprocessing%2F HTTP/1.1" 200 1120 "-" "Mozilla/5.0 AppleWebKit/537.36 (KHTML, like Gecko; compatible; GPTBot/1.2; +https://openai.com/gptbot)"
20.171.207.50 - - [09/Sep/2025:02:50:41 +0800] "GET /wp-json/oembed/1.0/embed?url=http%3A%2F%2Fcqqizhou.com%2Fcontacts%2F HTTP/1.1" 200 1113 "-" "Mozilla/5.0 AppleWebKit/537.36 (KHTML, like Gecko; compatible; GPTBot/1.2; +https://openai.com/gptbot)"
20.171.207.50 - - [09/Sep/2025:02:50:54 +0800] "GET /portfolio-category/pickled-coil/ HTTP/1.1" 200 20869 "-" "Mozilla/5.0 AppleWebKit/537.36 (KHTML, like Gecko; compatible; GPTBot/1.2; +https://openai.com/gptbot)"
36.133.115.36 - - [09/Sep/2025:02:51:18 +0800] "POST /wp-cron.php?doing_wp_cron=1757357478.5472679138183593750000 HTTP/1.1" 200 31 "-" "WordPress/6.8.2; http://cqqizhou.com"
20.171.207.50 - - [09/Sep/2025:02:51:18 +0800] "GET /wp-json/oembed/1.0/embed?url=http%3A%2F%2Fcqqizhou.com%2Flogistics%2F HTTP/1.1" 200 1115 "-" "Mozilla/5.0 AppleWebKit/537.36 (KHTML, like Gecko; compatible; GPTBot/1.2; +https://openai.com/gptbot)"
20.171.207.50 - - [09/Sep/2025:02:51:33 +0800] "GET /wp-json/oembed/1.0/embed?url=http%3A%2F%2Fcqqizhou.com%2Fportfolio%2Fduplex-stainless-steel%2F HTTP/1.1" 200 1207 "-" "Mozilla/5.0 AppleWebKit/537.36 (KHTML, like Gecko; compatible; GPTBot/1.2; +https://openai.com/gptbot)"
36.133.115.36 - - [09/Sep/2025:02:51:50 +0800] "POST /wp-cron.php?doing_wp_cron=1757357510.6171829700469970703125 HTTP/1.1" 200 31 "-" "WordPress/6.8.2; http://cqqizhou.com"
20.171.207.50 - - [09/Sep/2025:02:51:50 +0800] "GET /wp-json/oembed/1.0/embed?url=http%3A%2F%2Fcqqizhou.com%2Fportfolio%2Fpickled-coil%2F HTTP/1.1" 200 1190 "-" "Mozilla/5.0 AppleWebKit/537.36 (KHTML, like Gecko; compatible; GPTBot/1.2; +https://openai.com/gptbot)"
20.171.207.50 - - [09/Sep/2025:02:52:08 +0800] "GET /news/page/1/ HTTP/1.1" 301 5 "-" "Mozilla/5.0 AppleWebKit/537.36 (KHTML, like Gecko; compatible; GPTBot/1.2; +https://openai.com/gptbot)"
20.171.207.50 - - [09/Sep/2025:02:52:13 +0800] "GET /news/ HTTP/1.1" 200 25256 "-" "Mozilla/5.0 AppleWebKit/537.36 (KHTML, like Gecko; compatible; GPTBot/1.2; +https://openai.com/gptbot)"
20.171.207.50 - - [09/Sep/2025:02:52:36 +0800] "GET /wp-json/oembed/1.0/embed?url=http%3A%2F%2Fcqqizhou.com%2Fservices%2F HTTP/1.1" 200 1111 "-" "Mozilla/5.0 AppleWebKit/537.36 (KHTML, like Gecko; compatible; GPTBot/1.2; +https://openai.com/gptbot)"
36.133.115.36 - - [09/Sep/2025:02:53:10 +0800] "POST /wp-cron.php?doing_wp_cron=1757357590.4623448848724365234375 HTTP/1.1" 200 31 "-" "WordPress/6.8.2; http://cqqizhou.com"
20.171.207.50 - - [09/Sep/2025:02:53:10 +0800] "GET /wp-json/oembed/1.0/embed?url=http%3A%2F%2Fcqqizhou.com%2F2159%2F HTTP/1.1" 200 1298 "-" "Mozilla/5.0 AppleWebKit/537.36 (KHTML, like Gecko; compatible; GPTBot/1.2; +https://openai.com/gptbot)"
20.163.14.227 - - [09/Sep/2025:02:53:20 +0800] "GET /druid/index.html HTTP/1.1" 404 8989 "-" "Mozilla/5.0 zgrab/0.x"
20.171.207.50 - - [09/Sep/2025:02:53:41 +0800] "GET /wp-json/oembed/1.0/embed?url=http%3A%2F%2Fcqqizhou.com%2F2165%2F HTTP/1.1" 200 1233 "-" "Mozilla/5.0 AppleWebKit/537.36 (KHTML, like Gecko; compatible; GPTBot/1.2; +https://openai.com/gptbot)"
36.133.115.36 - - [09/Sep/2025:02:54:08 +0800] "POST /wp-cron.php?doing_wp_cron=1757357648.5477681159973144531250 HTTP/1.1" 200 31 "-" "WordPress/6.8.2; http://cqqizhou.com"
20.171.207.50 - - [09/Sep/2025:02:54:08 +0800] "GET /wp-json/oembed/1.0/embed?url=http%3A%2F%2Fcqqizhou.com%2F2231%2F HTTP/1.1" 200 1297 "-" "Mozilla/5.0 AppleWebKit/537.36 (KHTML, like Gecko; compatible; GPTBot/1.2; +https://openai.com/gptbot)"
20.171.207.50 - - [09/Sep/2025:02:54:27 +0800] "GET /wp-json/oembed/1.0/embed?url=http%3A%2F%2Fcqqizhou.com%2F2155%2F HTTP/1.1" 200 1256 "-" "Mozilla/5.0 AppleWebKit/537.36 (KHTML, like Gecko; compatible; GPTBot/1.2; +https://openai.com/gptbot)"
36.133.115.36 - - [09/Sep/2025:02:54:55 +0800] "POST /wp-cron.php?doing_wp_cron=1757357695.9449019432067871093750 HTTP/1.1" 200 31 "-" "WordPress/6.8.2; http://cqqizhou.com"
20.171.207.50 - - [09/Sep/2025:02:54:56 +0800] "GET /wp-json/oembed/1.0/embed?url=http%3A%2F%2Fcqqizhou.com%2F2163%2F HTTP/1.1" 200 1239 "-" "Mozilla/5.0 AppleWebKit/537.36 (KHTML, like Gecko; compatible; GPTBot/1.2; +https://openai.com/gptbot)"
20.171.207.50 - - [09/Sep/2025:02:55:05 +0800] "GET /wp-json/oembed/1.0/embed?url=http%3A%2F%2Fcqqizhou.com%2F2214%2F HTTP/1.1" 200 1245 "-" "Mozilla/5.0 AppleWebKit/537.36 (KHTML, like Gecko; compatible; GPTBot/1.2; +https://openai.com/gptbot)"
20.171.207.50 - - [09/Sep/2025:02:55:23 +0800] "GET /wp-json/oembed/1.0/embed?url=http%3A%2F%2Fcqqizhou.com%2F2153%2F HTTP/1.1" 200 1251 "-" "Mozilla/5.0 AppleWebKit/537.36 (KHTML, like Gecko; compatible; GPTBot/1.2; +https://openai.com/gptbot)"
20.171.207.50 - - [09/Sep/2025:02:55:45 +0800] "GET /wp-json/oembed/1.0/embed?url=http%3A%2F%2Fcqqizhou.com%2F2164%2F HTTP/1.1" 200 1232 "-" "Mozilla/5.0 AppleWebKit/537.36 (KHTML, like Gecko; compatible; GPTBot/1.2; +https://openai.com/gptbot)"
36.133.115.36 - - [09/Sep/2025:02:56:09 +0800] "POST /wp-cron.php?doing_wp_cron=1757357769.8189270496368408203125 HTTP/1.1" 200 31 "-" "WordPress/6.8.2; http://cqqizhou.com"
20.171.207.50 - - [09/Sep/2025:02:56:09 +0800] "GET /wp-json/oembed/1.0/embed?url=http%3A%2F%2Fcqqizhou.com%2F2160%2F HTTP/1.1" 200 1244 "-" "Mozilla/5.0 AppleWebKit/537.36 (KHTML, like Gecko; compatible; GPTBot/1.2; +https://openai.com/gptbot)"
20.171.207.50 - - [09/Sep/2025:02:56:23 +0800] "GET /wp-json/oembed/1.0/embed?url=http%3A%2F%2Fcqqizhou.com%2F2162%2F HTTP/1.1" 200 1264 "-" "Mozilla/5.0 AppleWebKit/537.36 (KHTML, like Gecko; compatible; GPTBot/1.2; +https://openai.com/gptbot)"
36.133.115.36 - - [09/Sep/2025:02:56:54 +0800] "POST /wp-cron.php?doing_wp_cron=1757357814.5776638984680175781250 HTTP/1.1" 200 31 "-" "WordPress/6.8.2; http://cqqizhou.com"
20.171.207.50 - - [09/Sep/2025:02:56:54 +0800] "GET /wp-json/oembed/1.0/embed?url=http%3A%2F%2Fcqqizhou.com%2Fclub%2F HTTP/1.1" 200 1109 "-" "Mozilla/5.0 AppleWebKit/537.36 (KHTML, like Gecko; compatible; GPTBot/1.2; +https://openai.com/gptbot)"
20.171.207.50 - - [09/Sep/2025:02:57:23 +0800] "GET /wp-json/oembed/1.0/embed?url=http%3A%2F%2Fcqqizhou.com%2Fabout%2F HTTP/1.1" 200 1102 "-" "Mozilla/5.0 AppleWebKit/537.36 (KHTML, like Gecko; compatible; GPTBot/1.2; +https://openai.com/gptbot)"
