20.171.207.50 - - [09/Sep/2025:02:57:34 +0800] "GET /wp-json/oembed/1.0/embed?url=http%3A%2F%2Fcqqizhou.com%2F HTTP/1.1" 200 1095 "-" "Mozilla/5.0 AppleWebKit/537.36 (KHTML, like Gecko; compatible; GPTBot/1.2; +https://openai.com/gptbot)"
36.133.115.36 - - [09/Sep/2025:02:57:58 +0800] "POST /wp-cron.php?doing_wp_cron=1757357878.8484179973602294921875 HTTP/1.1" 200 31 "-" "WordPress/6.8.2; http://cqqizhou.com"
20.171.207.50 - - [09/Sep/2025:02:57:58 +0800] "GET /wp-json/oembed/1.0/embed?url=http%3A%2F%2Fcqqizhou.com%2F2052%2F HTTP/1.1" 200 1231 "-" "Mozilla/5.0 AppleWebKit/537.36 (KHTML, like Gecko; compatible; GPTBot/1.2; +https://openai.com/gptbot)"
36.133.115.36 - - [09/Sep/2025:02:59:18 +0800] "POST /wp-cron.php?doing_wp_cron=1757357957.9644889831542968750000 HTTP/1.1" 200 31 "-" "WordPress/6.8.2; http://cqqizhou.com"
20.171.207.50 - - [09/Sep/2025:02:59:18 +0800] "GET /wp-json/oembed/1.0/embed?url=http%3A%2F%2Fcqqizhou.com%2Fportfolio%2F%25e5%2586%25b7%25e8%25bd%25a7%25e5%258d%25b7%2F HTTP/1.1" 200 1203 "-" "Mozilla/5.0 AppleWebKit/537.36 (KHTML, like Gecko; compatible; GPTBot/1.2; +https://openai.com/gptbot)"
20.171.207.50 - - [09/Sep/2025:02:59:41 +0800] "GET /wp-json/oembed/1.0/embed?url=http%3A%2F%2Fcqqizhou.com%2F2215%2F HTTP/1.1" 200 1234 "-" "Mozilla/5.0 AppleWebKit/537.36 (KHTML, like Gecko; compatible; GPTBot/1.2; +https://openai.com/gptbot)"
36.133.115.36 - - [09/Sep/2025:03:00:13 +0800] "POST /wp-cron.php?doing_wp_cron=1757358013.7368459701538085937500 HTTP/1.1" 200 31 "-" "WordPress/6.8.2; http://cqqizhou.com"
20.171.207.50 - - [09/Sep/2025:03:00:13 +0800] "GET /wp-json/oembed/1.0/embed?url=http%3A%2F%2Fcqqizhou.com%2Fportfolio%2F%25e5%2586%25b7%25e8%25bd%25a7%25e6%259d%25bf%2F HTTP/1.1" 200 1218 "-" "Mozilla/5.0 AppleWebKit/537.36 (KHTML, like Gecko; compatible; GPTBot/1.2; +https://openai.com/gptbot)"
36.133.115.36 - - [09/Sep/2025:03:00:55 +0800] "POST /wp-cron.php?doing_wp_cron=1757358055.8111269474029541015625 HTTP/1.1" 200 31 "-" "WordPress/6.8.2; http://cqqizhou.com"
54.226.232.13 - - [09/Sep/2025:03:00:55 +0800] "GET / HTTP/1.1" 301 5 "-" "Mozilla/5.0 (Windows NT 10.0; Win64; x64) AppleWebKit/537.36 (KHTML, like Gecko) Chrome/136.0.0.0 Safari/537.36"
36.133.115.36 - - [09/Sep/2025:03:06:04 +0800] "POST /wp-cron.php?doing_wp_cron=1757358364.0748419761657714843750 HTTP/1.1" 200 31 "-" "WordPress/6.8.2; http://cqqizhou.com"
43.153.204.189 - - [09/Sep/2025:03:06:04 +0800] "GET /contacts/ HTTP/1.1" 200 18531 "-" "Mozilla/5.0 (iPhone; CPU iPhone OS 13_2_3 like Mac OS X) AppleWebKit/605.1.15 (KHTML, like Gecko) Version/13.0.3 Mobile/15E148 Safari/604.1"
36.133.115.36 - - [09/Sep/2025:03:08:29 +0800] "POST /wp-cron.php?doing_wp_cron=1757358509.0578920841217041015625 HTTP/1.1" 200 31 "-" "WordPress/6.8.2; http://cqqizhou.com"
43.159.143.187 - - [09/Sep/2025:03:08:29 +0800] "GET / HTTP/1.1" 301 5 "-" "Mozilla/5.0 (iPhone; CPU iPhone OS 13_2_3 like Mac OS X) AppleWebKit/605.1.15 (KHTML, like Gecko) Version/13.0.3 Mobile/15E148 Safari/604.1"
43.159.143.187 - - [09/Sep/2025:03:08:31 +0800] "GET / HTTP/1.1" 200 33467 "http://www.cqqizhou.com" "Mozilla/5.0 (iPhone; CPU iPhone OS 13_2_3 like Mac OS X) AppleWebKit/605.1.15 (KHTML, like Gecko) Version/13.0.3 Mobile/15E148 Safari/604.1"
36.133.115.36 - - [09/Sep/2025:03:14:25 +0800] "POST /wp-cron.php?doing_wp_cron=1757358865.3825130462646484375000 HTTP/1.1" 200 31 "-" "WordPress/6.8.2; http://cqqizhou.com"
43.156.232.190 - - [09/Sep/2025:03:14:25 +0800] "GET /news/ HTTP/1.1" 200 19427 "-" "Mozilla/5.0 (iPhone; CPU iPhone OS 13_2_3 like Mac OS X) AppleWebKit/605.1.15 (KHTML, like Gecko) Version/13.0.3 Mobile/15E148 Safari/604.1"
36.133.115.36 - - [09/Sep/2025:03:22:32 +0800] "POST /wp-cron.php?doing_wp_cron=1757359352.2114028930664062500000 HTTP/1.1" 200 31 "-" "WordPress/6.8.2; http://cqqizhou.com"
43.166.128.187 - - [09/Sep/2025:03:22:32 +0800] "GET /portfolio-category/dual-phase-steel/ HTTP/1.1" 200 17627 "-" "Mozilla/5.0 (iPhone; CPU iPhone OS 13_2_3 like Mac OS X) AppleWebKit/605.1.15 (KHTML, like Gecko) Version/13.0.3 Mobile/15E148 Safari/604.1"
36.133.115.36 - - [09/Sep/2025:03:30:17 +0800] "POST /wp-cron.php?doing_wp_cron=1757359817.0507230758666992187500 HTTP/1.1" 200 31 "-" "WordPress/6.8.2; http://cqqizhou.com"
43.159.140.236 - - [09/Sep/2025:03:30:17 +0800] "GET /wp-content/uploads/revslider/slider-1/1750929639-yuanjing_Slider_3840 HTTP/1.1" 404 8990 "-" "Mozilla/5.0 (iPhone; CPU iPhone OS 13_2_3 like Mac OS X) AppleWebKit/605.1.15 (KHTML, like Gecko) Version/13.0.3 Mobile/15E148 Safari/604.1"
36.133.115.36 - - [09/Sep/2025:03:30:54 +0800] "POST /wp-cron.php?doing_wp_cron=1757359854.0020239353179931640625 HTTP/1.1" 200 31 "-" "WordPress/6.8.2; http://cqqizhou.com"
91.224.92.17 - - [09/Sep/2025:03:31:13 +0800] "GET / HTTP/1.1" 200 96805 "-" "-"
36.133.115.36 - - [09/Sep/2025:03:32:37 +0800] "POST /wp-cron.php?doing_wp_cron=1757359957.7453670501708984375000 HTTP/1.1" 200 31 "-" "WordPress/6.8.2; http://cqqizhou.com"
149.50.103.48 - - [09/Sep/2025:03:32:38 +0800] "GET / HTTP/1.1" 200 33467 "-" "Mozilla/5.0 (Windows NT 10.0; Win64; x64) AppleWebKit/537.36 (KHTML, like Gecko) Chrome/90.0.4430.85 Safari/537.36 Edg/90.0.818.46"
36.133.115.36 - - [09/Sep/2025:03:46:59 +0800] "POST /wp-cron.php?doing_wp_cron=1757360819.8368539810180664062500 HTTP/1.1" 200 31 "-" "WordPress/6.8.2; http://cqqizhou.com"
43.157.188.74 - - [09/Sep/2025:03:46:59 +0800] "GET /wp-content/uploads/2025/07/1753456770- HTTP/1.1" 404 8990 "-" "Mozilla/5.0 (iPhone; CPU iPhone OS 13_2_3 like Mac OS X) AppleWebKit/605.1.15 (KHTML, like Gecko) Version/13.0.3 Mobile/15E148 Safari/604.1"
36.133.115.36 - - [09/Sep/2025:03:58:50 +0800] "POST /wp-cron.php?doing_wp_cron=1757361530.0750820636749267578125 HTTP/1.1" 200 31 "-" "WordPress/6.8.2; http://cqqizhou.com"
43.131.243.61 - - [09/Sep/2025:03:58:50 +0800] "GET /portfolio/%e5%86%b7%e8%bd%a7%e6%9d%bf/ HTTP/1.1" 200 18734 "-" "Mozilla/5.0 (iPhone; CPU iPhone OS 13_2_3 like Mac OS X) AppleWebKit/605.1.15 (KHTML, like Gecko) Version/13.0.3 Mobile/15E148 Safari/604.1"
36.133.115.36 - - [09/Sep/2025:04:12:35 +0800] "POST /wp-cron.php?doing_wp_cron=1757362355.3164110183715820312500 HTTP/1.1" 200 31 "-" "WordPress/6.8.2; http://cqqizhou.com"
43.166.134.114 - - [09/Sep/2025:04:12:35 +0800] "GET /wp-json/oembed/1.0/embed?url=http%3A%2F%2Fcqqizhou.com%2Fcontacts%2F HTTP/1.1" 200 1113 "-" "Mozilla/5.0 (iPhone; CPU iPhone OS 13_2_3 like Mac OS X) AppleWebKit/605.1.15 (KHTML, like Gecko) Version/13.0.3 Mobile/15E148 Safari/604.1"
58.49.233.126 - - [09/Sep/2025:04:12:45 +0800] "GET / HTTP/1.1" 301 5 "-" "Mozilla/5.0 (iPhone; CPU iPhone OS 13_2_3 like Mac OS X) AppleWebKit/605.1.15 (KHTML, like Gecko) Version/13.0.3 Mobile/15E148 Safari/604.1"
36.133.115.36 - - [09/Sep/2025:04:12:47 +0800] "POST /wp-cron.php?doing_wp_cron=1757362367.5572030544281005859375 HTTP/1.1" 200 31 "-" "WordPress/6.8.2; http://cqqizhou.com"
58.49.233.126 - - [09/Sep/2025:04:12:47 +0800] "GET / HTTP/1.1" 200 33467 "http://www.cqqizhou.com" "Mozilla/5.0 (iPhone; CPU iPhone OS 13_2_3 like Mac OS X) AppleWebKit/605.1.15 (KHTML, like Gecko) Version/13.0.3 Mobile/15E148 Safari/604.1"
36.133.115.36 - - [09/Sep/2025:04:15:32 +0800] "POST /wp-cron.php?doing_wp_cron=1757362532.5128819942474365234375 HTTP/1.1" 200 31 "-" "WordPress/6.8.2; http://cqqizhou.com"
45.135.193.100 - - [09/Sep/2025:04:15:32 +0800] "GET / HTTP/1.1" 301 5 "-" "-"
36.133.115.36 - - [09/Sep/2025:04:20:55 +0800] "POST /wp-cron.php?doing_wp_cron=1757362855.6311929225921630859375 HTTP/1.1" 200 31 "-" "WordPress/6.8.2; http://cqqizhou.com"
43.131.26.226 - - [09/Sep/2025:04:20:55 +0800] "GET /services/ HTTP/1.1" 200 19770 "-" "Mozilla/5.0 (iPhone; CPU iPhone OS 13_2_3 like Mac OS X) AppleWebKit/605.1.15 (KHTML, like Gecko) Version/13.0.3 Mobile/15E148 Safari/604.1"
36.133.115.36 - - [09/Sep/2025:04:23:33 +0800] "POST /wp-cron.php?doing_wp_cron=1757363013.0632040500640869140625 HTTP/1.1" 200 31 "-" "WordPress/6.8.2; http://cqqizhou.com"
49.51.195.195 - - [09/Sep/2025:04:23:33 +0800] "GET /bug HTTP/1.1" 301 5 "-" "Mozilla/5.0 (iPhone; CPU iPhone OS 13_2_3 like Mac OS X) AppleWebKit/605.1.15 (KHTML, like Gecko) Version/13.0.3 Mobile/15E148 Safari/604.1"
49.51.195.195 - - [09/Sep/2025:04:23:36 +0800] "GET /bug/ HTTP/1.1" 200 11683 "http://cqqizhou.com/bug" "Mozilla/5.0 (iPhone; CPU iPhone OS 13_2_3 like Mac OS X) AppleWebKit/605.1.15 (KHTML, like Gecko) Version/13.0.3 Mobile/15E148 Safari/604.1"
36.133.115.36 - - [09/Sep/2025:04:23:54 +0800] "POST /wp-cron.php?doing_wp_cron=1757363034.6464259624481201171875 HTTP/1.1" 200 31 "-" "WordPress/6.8.2; http://cqqizhou.com"
45.135.193.100 - - [09/Sep/2025:04:23:54 +0800] "GET / HTTP/1.1" 301 5 "-" "-"
36.133.115.36 - - [09/Sep/2025:04:29:08 +0800] "POST /wp-cron.php?doing_wp_cron=1757363348.5668520927429199218750 HTTP/1.1" 200 31 "-" "WordPress/6.8.2; http://cqqizhou.com"
179.61.221.66 - - [09/Sep/2025:04:29:09 +0800] "GET / HTTP/1.1" 200 151919 "-" "-"
36.133.115.36 - - [09/Sep/2025:04:34:45 +0800] "POST /wp-cron.php?doing_wp_cron=1757363685.0678889751434326171875 HTTP/1.1" 200 31 "-" "WordPress/6.8.2; http://cqqizhou.com"
45.135.193.100 - - [09/Sep/2025:04:34:45 +0800] "GET / HTTP/1.1" 301 5 "-" "-"
36.133.115.36 - - [09/Sep/2025:04:35:18 +0800] "POST /wp-cron.php?doing_wp_cron=1757363718.7859311103820800781250 HTTP/1.1" 200 31 "-" "WordPress/6.8.2; http://cqqizhou.com"
149.50.103.48 - - [09/Sep/2025:04:35:19 +0800] "GET / HTTP/1.1" 200 33467 "-" "Mozilla/5.0 (Windows NT 10.0; Win64; x64) AppleWebKit/537.36 (KHTML, like Gecko) Chrome/90.0.4430.85 Safari/537.36 Edg/90.0.818.46"
36.133.115.36 - - [09/Sep/2025:04:39:30 +0800] "POST /wp-cron.php?doing_wp_cron=1757363970.5367929935455322265625 HTTP/1.1" 200 31 "-" "WordPress/6.8.2; http://cqqizhou.com"
43.166.226.57 - - [09/Sep/2025:04:39:30 +0800] "GET /portfolio-tag/%e9%9e%8d%e9%92%a2%e8%92%82%e6%a3%ae/ HTTP/1.1" 200 18125 "-" "Mozilla/5.0 (iPhone; CPU iPhone OS 13_2_3 like Mac OS X) AppleWebKit/605.1.15 (KHTML, like Gecko) Version/13.0.3 Mobile/15E148 Safari/604.1"
36.133.115.36 - - [09/Sep/2025:04:46:59 +0800] "POST /wp-cron.php?doing_wp_cron=1757364419.2353899478912353515625 HTTP/1.1" 200 31 "-" "WordPress/6.8.2; http://cqqizhou.com"
45.135.193.100 - - [09/Sep/2025:04:46:59 +0800] "GET / HTTP/1.1" 301 5 "-" "-"
36.133.115.36 - - [09/Sep/2025:04:48:28 +0800] "POST /wp-cron.php?doing_wp_cron=1757364508.5878920555114746093750 HTTP/1.1" 200 31 "-" "WordPress/6.8.2; http://cqqizhou.com"
43.130.3.120 - - [09/Sep/2025:04:48:28 +0800] "GET /club/ HTTP/1.1" 200 11905 "-" "Mozilla/5.0 (iPhone; CPU iPhone OS 13_2_3 like Mac OS X) AppleWebKit/605.1.15 (KHTML, like Gecko) Version/13.0.3 Mobile/15E148 Safari/604.1"
36.133.115.36 - - [09/Sep/2025:04:52:11 +0800] "POST /wp-cron.php?doing_wp_cron=1757364731.1714689731597900390625 HTTP/1.1" 200 31 "-" "WordPress/6.8.2; http://cqqizhou.com"
45.135.193.253 - - [09/Sep/2025:04:52:12 +0800] "GET / HTTP/1.1" 200 151919 "-" "-"
36.133.115.36 - - [09/Sep/2025:04:57:16 +0800] "POST /wp-cron.php?doing_wp_cron=1757365036.3883059024810791015625 HTTP/1.1" 200 31 "-" "WordPress/6.8.2; http://cqqizhou.com"
43.135.140.225 - - [09/Sep/2025:04:57:16 +0800] "GET /wp-json/oembed/1.0/embed?url=http%3A%2F%2Fcqqizhou.com%2Fportfolio%2F%25e5%2586%25b7%25e8%25bd%25a7%25e6%259d%25bf%2F HTTP/1.1" 200 1220 "-" "Mozilla/5.0 (iPhone; CPU iPhone OS 13_2_3 like Mac OS X) AppleWebKit/605.1.15 (KHTML, like Gecko) Version/13.0.3 Mobile/15E148 Safari/604.1"
36.133.115.36 - - [09/Sep/2025:05:10:57 +0800] "POST /wp-cron.php?doing_wp_cron=1757365857.8182640075683593750000 HTTP/1.1" 200 31 "-" "WordPress/6.8.2; http://cqqizhou.com"
49.51.166.228 - - [09/Sep/2025:05:10:57 +0800] "GET /wp-content/uploads/2025/07/1753456723- HTTP/1.1" 404 8989 "-" "Mozilla/5.0 (iPhone; CPU iPhone OS 13_2_3 like Mac OS X) AppleWebKit/605.1.15 (KHTML, like Gecko) Version/13.0.3 Mobile/15E148 Safari/604.1"
36.133.115.36 - - [09/Sep/2025:05:17:23 +0800] "POST /wp-cron.php?doing_wp_cron=1757366243.5842730998992919921875 HTTP/1.1" 200 31 "-" "WordPress/6.8.2; http://cqqizhou.com"
170.106.152.218 - - [09/Sep/2025:05:17:23 +0800] "GET /wp-json/oembed/1.0/embed?url=http%3A%2F%2Fcqqizhou.com%2Fservices%2F HTTP/1.1" 200 1110 "-" "Mozilla/5.0 (iPhone; CPU iPhone OS 13_2_3 like Mac OS X) AppleWebKit/605.1.15 (KHTML, like Gecko) Version/13.0.3 Mobile/15E148 Safari/604.1"
36.133.115.36 - - [09/Sep/2025:05:25:33 +0800] "POST /wp-cron.php?doing_wp_cron=1757366733.7315559387207031250000 HTTP/1.1" 200 31 "-" "WordPress/6.8.2; http://cqqizhou.com"
45.156.87.179 - - [09/Sep/2025:05:25:34 +0800] "GET / HTTP/1.1" 200 151919 "-" "-"
36.133.115.36 - - [09/Sep/2025:05:26:56 +0800] "POST /wp-cron.php?doing_wp_cron=1757366816.4457540512084960937500 HTTP/1.1" 200 31 "-" "WordPress/6.8.2; http://cqqizhou.com"
43.130.47.33 - - [09/Sep/2025:05:26:56 +0800] "GET /wp-content/uploads/2025/07/1753405252-Services_Banner2000 HTTP/1.1" 404 8989 "-" "Mozilla/5.0 (iPhone; CPU iPhone OS 13_2_3 like Mac OS X) AppleWebKit/605.1.15 (KHTML, like Gecko) Version/13.0.3 Mobile/15E148 Safari/604.1"
36.133.115.36 - - [09/Sep/2025:05:29:43 +0800] "POST /wp-cron.php?doing_wp_cron=1757366983.4911520481109619140625 HTTP/1.1" 200 31 "-" "WordPress/6.8.2; http://cqqizhou.com"
37.60.141.158 - - [09/Sep/2025:05:29:43 +0800] "POST /boaform/admin/formLogin HTTP/1.1" 404 8990 "http://36.133.115.36:80/admin/login.asp" "Mozilla/5.0 (X11; Ubuntu; Linux x86_64; rv:71.0) Gecko/20100101 Firefox/71.0"
36.133.115.36 - - [09/Sep/2025:05:32:18 +0800] "POST /wp-cron.php?doing_wp_cron=1757367138.9463160037994384765625 HTTP/1.1" 200 31 "-" "WordPress/6.8.2; http://cqqizhou.com"
143.198.15.87 - - [09/Sep/2025:05:32:19 +0800] "GET /.env HTTP/1.1" 404 8990 "-" "Mozilla/5.0; Keydrop.io/1.0(onlyscans.com/about);"
143.198.15.87 - - [09/Sep/2025:05:32:20 +0800] "GET /.git/config HTTP/1.1" 404 8989 "-" "Mozilla/5.0; Keydrop.io/1.0(onlyscans.com/about);"
36.133.115.36 - - [09/Sep/2025:05:33:52 +0800] "POST /wp-cron.php?doing_wp_cron=1757367232.4903700351715087890625 HTTP/1.1" 200 31 "-" "WordPress/6.8.2; http://cqqizhou.com"
196.251.84.253 - - [09/Sep/2025:05:33:53 +0800] "GET / HTTP/1.0" 200 151897 "-" "Mozilla/5.0 (X11; Linux x86_64; rv:140.0) Gecko/20100101 Firefox/140.0"
36.133.115.36 - - [09/Sep/2025:05:34:49 +0800] "POST /wp-cron.php?doing_wp_cron=1757367289.1838400363922119140625 HTTP/1.1" 200 31 "-" "WordPress/6.8.2; http://cqqizhou.com"
149.50.103.48 - - [09/Sep/2025:05:34:49 +0800] "GET / HTTP/1.1" 200 33467 "-" "Mozilla/5.0 (Windows NT 10.0; Win64; x64) AppleWebKit/537.36 (KHTML, like Gecko) Chrome/90.0.4430.85 Safari/537.36 Edg/90.0.818.46"
36.133.115.36 - - [09/Sep/2025:05:36:28 +0800] "POST /wp-cron.php?doing_wp_cron=1757367388.7685968875885009765625 HTTP/1.1" 200 31 "-" "WordPress/6.8.2; http://cqqizhou.com"
162.62.132.25 - - [09/Sep/2025:05:36:29 +0800] "GET /2214/ HTTP/1.1" 200 21275 "-" "Mozilla/5.0 (iPhone; CPU iPhone OS 13_2_3 like Mac OS X) AppleWebKit/605.1.15 (KHTML, like Gecko) Version/13.0.3 Mobile/15E148 Safari/604.1"
36.133.115.36 - - [09/Sep/2025:05:56:32 +0800] "POST /wp-cron.php?doing_wp_cron=1757368591.9941220283508300781250 HTTP/1.1" 200 31 "-" "WordPress/6.8.2; http://cqqizhou.com"
43.167.239.66 - - [09/Sep/2025:05:56:32 +0800] "GET /wp-json/oembed/1.0/embed?url=http%3A%2F%2Fcqqizhou.com%2Fclub%2F HTTP/1.1" 200 1109 "-" "Mozilla/5.0 (iPhone; CPU iPhone OS 13_2_3 like Mac OS X) AppleWebKit/605.1.15 (KHTML, like Gecko) Version/13.0.3 Mobile/15E148 Safari/604.1"
36.133.115.36 - - [09/Sep/2025:06:06:46 +0800] "POST /wp-cron.php?doing_wp_cron=1757369206.6232209205627441406250 HTTP/1.1" 200 31 "-" "WordPress/6.8.2; http://cqqizhou.com"
37.60.141.158 - - [09/Sep/2025:06:06:46 +0800] "POST /boaform/admin/formLogin HTTP/1.1" 404 8989 "http://36.133.115.36:80/admin/login.asp" "Mozilla/5.0 (X11; Ubuntu; Linux x86_64; rv:71.0) Gecko/20100101 Firefox/71.0"
36.133.115.36 - - [09/Sep/2025:06:09:08 +0800] "POST /wp-cron.php?doing_wp_cron=1757369348.4765501022338867187500 HTTP/1.1" 200 31 "-" "WordPress/6.8.2; http://cqqizhou.com"
91.224.92.17 - - [09/Sep/2025:06:09:27 +0800] "GET / HTTP/1.1" 200 96805 "-" "-"
36.133.115.36 - - [09/Sep/2025:06:38:36 +0800] "POST /wp-cron.php?doing_wp_cron=1757371116.8949298858642578125000 HTTP/1.1" 200 31 "-" "WordPress/6.8.2; http://cqqizhou.com"
149.50.103.48 - - [09/Sep/2025:06:38:37 +0800] "GET / HTTP/1.1" 200 33467 "-" "Mozilla/5.0 (Windows NT 10.0; Win64; x64) AppleWebKit/537.36 (KHTML, like Gecko) Chrome/90.0.4430.85 Safari/537.36 Edg/90.0.818.46"
36.133.115.36 - - [09/Sep/2025:06:41:00 +0800] "POST /wp-cron.php?doing_wp_cron=1757371260.6028349399566650390625 HTTP/1.1" 200 31 "-" "WordPress/6.8.2; http://cqqizhou.com"
20.14.83.88 - - [09/Sep/2025:06:41:00 +0800] "GET /developmentserver/metadatauploader HTTP/1.1" 404 8989 "-" "Mozilla/5.0 zgrab/0.x"
36.133.115.36 - - [09/Sep/2025:07:11:28 +0800] "POST /wp-cron.php?doing_wp_cron=1757373088.9429810047149658203125 HTTP/1.1" 200 31 "-" "WordPress/6.8.2; http://cqqizhou.com"
45.135.193.100 - - [09/Sep/2025:07:11:28 +0800] "GET / HTTP/1.1" 301 5 "-" "-"
36.133.115.36 - - [09/Sep/2025:07:13:27 +0800] "POST /wp-cron.php?doing_wp_cron=1757373207.1041569709777832031250 HTTP/1.1" 200 31 "-" "WordPress/6.8.2; http://cqqizhou.com"
121.229.185.160 - - [09/Sep/2025:07:13:27 +0800] "GET / HTTP/1.1" 200 33468 "-" "Mozilla/5.0 (iPhone; CPU iPhone OS 13_2_3 like Mac OS X) AppleWebKit/605.1.15 (KHTML, like Gecko) Version/13.0.3 Mobile/15E148 Safari/604.1"
205.169.39.16 - - [09/Sep/2025:07:15:51 +0800] "GET / HTTP/1.1" 200 39369 "-" "Mozilla/5.0 (Windows NT 10.0; Win64; x64) AppleWebKit/537.36 (KHTML, like Gecko) Chrome/117.0.5938.132 Safari/537.36"
205.169.39.16 - - [09/Sep/2025:07:15:53 +0800] "GET /wp-content/uploads/2025/07/1751425283-qizhou.kf_.qq_.com_.webp HTTP/1.1" 200 16864 "http://cqqizhou.com/" "Mozilla/5.0 (Windows NT 10.0; Win64; x64) AppleWebKit/537.36 (KHTML, like Gecko) Chrome/117.0.5938.132 Safari/537.36"
205.169.39.16 - - [09/Sep/2025:07:15:54 +0800] "GET /wp-content/uploads/2025/07/1750174127-Marketing1920x800_3.webp HTTP/1.1" 200 52790 "http://cqqizhou.com/wp-content/uploads/elementor/css/post-1666.css?ver=1756373176" "Mozilla/5.0 (Windows NT 10.0; Win64; x64) AppleWebKit/537.36 (KHTML, like Gecko) Chrome/117.0.5938.132 Safari/537.36"
205.169.39.16 - - [09/Sep/2025:07:15:54 +0800] "GET /wp-content/uploads/2025/07/1753456723-%E5%8F%8C%E7%9B%B8%E9%92%A2roduct_Single600.webp HTTP/1.1" 200 22790 "http://cqqizhou.com/" "Mozilla/5.0 (Windows NT 10.0; Win64; x64) AppleWebKit/537.36 (KHTML, like Gecko) Chrome/117.0.5938.132 Safari/537.36"
205.169.39.16 - - [09/Sep/2025:07:15:54 +0800] "GET /wp-content/uploads/2025/07/1753453096-%E5%8F%8C%E7%9B%B8%E9%92%A2product_Single600%C3%97284.webp HTTP/1.1" 200 14562 "http://cqqizhou.com/" "Mozilla/5.0 (Windows NT 10.0; Win64; x64) AppleWebKit/537.36 (KHTML, like Gecko) Chrome/117.0.5938.132 Safari/537.36"
205.169.39.16 - - [09/Sep/2025:07:15:54 +0800] "GET /wp-content/uploads/2025/07/1753456770-%E7%83%AD%E9%95%80%E9%94%8C%E5%8D%B7product_Single600.webp HTTP/1.1" 200 27502 "http://cqqizhou.com/" "Mozilla/5.0 (Windows NT 10.0; Win64; x64) AppleWebKit/537.36 (KHTML, like Gecko) Chrome/117.0.5938.132 Safari/537.36"
205.169.39.16 - - [09/Sep/2025:07:15:54 +0800] "GET /wp-content/uploads/2025/07/1753453127-%E4%BD%99%E5%8D%B7product_Single600%C3%97284.webp HTTP/1.1" 200 18744 "http://cqqizhou.com/" "Mozilla/5.0 (Windows NT 10.0; Win64; x64) AppleWebKit/537.36 (KHTML, like Gecko) Chrome/117.0.5938.132 Safari/537.36"
205.169.39.16 - - [09/Sep/2025:07:15:58 +0800] "GET /wp-content/uploads/revslider/slider-1/1750929639-yuanjing_Slider_3840%C3%972160_20250626171955-scaled.webp HTTP/1.1" 200 203290 "http://cqqizhou.com/" "Mozilla/5.0 (Windows NT 10.0; Win64; x64) AppleWebKit/537.36 (KHTML, like Gecko) Chrome/117.0.5938.132 Safari/537.36"
205.169.39.16 - - [09/Sep/2025:07:15:59 +0800] "GET /wp-content/uploads/2025/07/1753587901-Slider_3840%C3%972160_20250727-scaled-50x100.webp HTTP/1.1" 200 1660 "http://cqqizhou.com/" "Mozilla/5.0 (Windows NT 10.0; Win64; x64) AppleWebKit/537.36 (KHTML, like Gecko) Chrome/117.0.5938.132 Safari/537.36"
205.169.39.16 - - [09/Sep/2025:07:15:59 +0800] "GET /wp-content/uploads/revslider/slider-1/1750861156-logistics_Slider_3840%C3%972160_20250625191356-scaled-50x100.webp HTTP/1.1" 200 1416 "http://cqqizhou.com/" "Mozilla/5.0 (Windows NT 10.0; Win64; x64) AppleWebKit/537.36 (KHTML, like Gecko) Chrome/117.0.5938.132 Safari/537.36"
205.169.39.16 - - [09/Sep/2025:07:15:59 +0800] "GET /wp-content/uploads/2025/07/1753587901-Slider_3840%C3%972160_20250727-scaled-50x100.webp HTTP/1.1" 200 1660 "http://cqqizhou.com/" "Mozilla/5.0 (Windows NT 10.0; Win64; x64) AppleWebKit/537.36 (KHTML, like Gecko) Chrome/117.0.5938.132 Safari/537.36"
205.169.39.16 - - [09/Sep/2025:07:15:59 +0800] "GET /wp-content/uploads/revslider/slider-1/1750861156-logistics_Slider_3840%C3%972160_20250625191356-scaled-50x100.webp HTTP/1.1" 200 1416 "http://cqqizhou.com/" "Mozilla/5.0 (Windows NT 10.0; Win64; x64) AppleWebKit/537.36 (KHTML, like Gecko) Chrome/117.0.5938.132 Safari/537.36"
36.133.115.36 - - [09/Sep/2025:07:15:59 +0800] "POST /wp-cron.php?doing_wp_cron=1757373359.8613629341125488281250 HTTP/1.1" 200 31 "-" "WordPress/6.8.2; http://cqqizhou.com"
205.169.39.16 - - [09/Sep/2025:07:15:59 +0800] "GET /wp-json/sliderrevolution/sliders/1?srengine=7&slideid=2 HTTP/1.1" 200 2058 "http://cqqizhou.com/" "Mozilla/5.0 (Windows NT 10.0; Win64; x64) AppleWebKit/537.36 (KHTML, like Gecko) Chrome/117.0.5938.132 Safari/537.36"
205.169.39.16 - - [09/Sep/2025:07:15:59 +0800] "GET /wp-json/sliderrevolution/sliders/1?srengine=7&slideid=3 HTTP/1.1" 200 2292 "http://cqqizhou.com/" "Mozilla/5.0 (Windows NT 10.0; Win64; x64) AppleWebKit/537.36 (KHTML, like Gecko) Chrome/117.0.5938.132 Safari/537.36"
205.169.39.16 - - [09/Sep/2025:07:16:00 +0800] "POST /wp-admin/admin-ajax.php HTTP/1.1" 403 33 "http://cqqizhou.com/" "Mozilla/5.0 (Windows NT 10.0; Win64; x64) AppleWebKit/537.36 (KHTML, like Gecko) Chrome/117.0.5938.132 Safari/537.36"
205.169.39.16 - - [09/Sep/2025:07:16:00 +0800] "GET /wp-content/uploads/revslider/slider-1/1750861156-logistics_Slider_3840%C3%972160_20250625191356-scaled.webp HTTP/1.1" 200 197360 "http://cqqizhou.com/" "Mozilla/5.0 (Windows NT 10.0; Win64; x64) AppleWebKit/537.36 (KHTML, like Gecko) Chrome/117.0.5938.132 Safari/537.36"
205.169.39.16 - - [09/Sep/2025:07:16:00 +0800] "GET /wp-content/uploads/2025/07/1753587901-Slider_3840%C3%972160_20250727-scaled.webp HTTP/1.1" 200 141034 "http://cqqizhou.com/" "Mozilla/5.0 (Windows NT 10.0; Win64; x64) AppleWebKit/537.36 (KHTML, like Gecko) Chrome/117.0.5938.132 Safari/537.36"
205.169.39.16 - - [09/Sep/2025:07:16:08 +0800] "GET /wp-content/uploads/revslider/slider-1/1750929639-yuanjing_Slider_3840%C3%972160_20250626171955-scaled-50x100.webp HTTP/1.1" 200 1784 "http://cqqizhou.com/" "Mozilla/5.0 (X11; Linux x86_64) AppleWebKit/537.36 (KHTML, like Gecko) HeadlessChrome/127.0.6533.119 Safari/537.36"
205.169.39.16 - - [09/Sep/2025:07:16:08 +0800] "POST /wp-admin/admin-ajax.php HTTP/1.1" 403 33 "http://cqqizhou.com/" "Mozilla/5.0 (X11; Linux x86_64) AppleWebKit/537.36 (KHTML, like Gecko) HeadlessChrome/127.0.6533.119 Safari/537.36"
36.133.115.36 - - [09/Sep/2025:07:33:39 +0800] "POST /wp-cron.php?doing_wp_cron=1757374419.7856750488281250000000 HTTP/1.1" 200 31 "-" "WordPress/6.8.2; http://cqqizhou.com"
45.135.193.100 - - [09/Sep/2025:07:33:40 +0800] "GET / HTTP/1.1" 200 33467 "-" "Mozilla/5.0 (Windows NT 10.0; Win64; x64) AppleWebKit/537.36 (KHTML, like Gecko) Chrome/90.0.4430.85 Safari/537.36 Edg/90.0.818.46"
36.133.115.36 - - [09/Sep/2025:07:45:24 +0800] "POST /wp-cron.php?doing_wp_cron=1757375124.7935760021209716796875 HTTP/1.1" 200 31 "-" "WordPress/6.8.2; http://cqqizhou.com"
198.55.98.253 - - [09/Sep/2025:07:45:24 +0800] "GET /.git/config HTTP/1.1" 404 8984 "-" "Baiduspider ( http://www.baidu.com/search/spider.htm)"
36.133.115.36 - - [09/Sep/2025:07:46:46 +0800] "POST /wp-cron.php?doing_wp_cron=1757375206.3522770404815673828125 HTTP/1.1" 200 31 "-" "WordPress/6.8.2; http://cqqizhou.com"
165.154.226.187 - - [09/Sep/2025:07:46:47 +0800] "GET / HTTP/1.1" 200 151919 "-" "Mozilla/5.0 (Windows NT 10.0; Win64; x64) AppleWebKit/537.36 (KHTML, like Gecko) Chrome/125.0.0.0 Safari/537.36"
165.154.226.187 - - [09/Sep/2025:07:46:50 +0800] "GET /wp-content/themes/qizhou/images/favicon-32x32.svg%22%20sizes=%2232x32 HTTP/1.1" 404 8988 "-" "Go-http-client/1.1"
165.154.226.187 - - [09/Sep/2025:07:46:51 +0800] "GET /robots.txt HTTP/1.1" 301 5 "-" "Go-http-client/1.1"
165.154.226.187 - - [09/Sep/2025:07:46:52 +0800] "GET /robots.txt HTTP/1.1" 200 190 "http://36.133.115.36:80/robots.txt" "Go-http-client/1.1"
36.133.115.36 - - [09/Sep/2025:07:50:19 +0800] "POST /wp-cron.php?doing_wp_cron=1757375419.8502929210662841796875 HTTP/1.1" 200 31 "-" "WordPress/6.8.2; http://cqqizhou.com"
149.50.103.48 - - [09/Sep/2025:07:50:20 +0800] "GET / HTTP/1.1" 200 33467 "-" "Mozilla/5.0 (Windows NT 10.0; Win64; x64) AppleWebKit/537.36 (KHTML, like Gecko) Chrome/90.0.4430.85 Safari/537.36 Edg/90.0.818.46"
36.133.115.36 - - [09/Sep/2025:07:53:24 +0800] "POST /wp-cron.php?doing_wp_cron=1757375604.9365279674530029296875 HTTP/1.1" 200 31 "-" "WordPress/6.8.2; http://cqqizhou.com"
45.160.147.21 - - [09/Sep/2025:07:53:26 +0800] "GET / HTTP/1.1" 200 151919 "-" "Mozilla/5.0 (Macintosh; Intel Mac OS X 10_11_6) AppleWebKit/601.7.7 (KHTML, like Gecko) Version/9.1.2 Safari/601.7.7"
36.133.115.36 - - [09/Sep/2025:08:12:50 +0800] "POST /wp-cron.php?doing_wp_cron=1757376770.7410800457000732421875 HTTP/1.1" 200 31 "-" "WordPress/6.8.2; http://cqqizhou.com"
45.135.193.253 - - [09/Sep/2025:08:12:51 +0800] "GET / HTTP/1.1" 200 151919 "-" "-"
36.133.115.36 - - [09/Sep/2025:08:13:47 +0800] "POST /wp-cron.php?doing_wp_cron=1757376826.9752509593963623046875 HTTP/1.1" 200 31 "-" "WordPress/6.8.2; http://cqqizhou.com"
66.249.79.227 - - [09/Sep/2025:08:13:47 +0800] "GET /robots.txt HTTP/1.1" 301 5 "-" "Mozilla/5.0 (compatible; Googlebot/2.1; +http://www.google.com/bot.html)"
66.249.68.71 - - [09/Sep/2025:08:13:48 +0800] "GET /robots.txt HTTP/1.1" 200 190 "-" "Mozilla/5.0 (compatible; Googlebot/2.1; +http://www.google.com/bot.html)"
36.133.115.36 - - [09/Sep/2025:08:15:14 +0800] "POST /wp-cron.php?doing_wp_cron=1757376914.5522160530090332031250 HTTP/1.1" 200 31 "-" "WordPress/6.8.2; http://cqqizhou.com"
45.135.193.100 - - [09/Sep/2025:08:15:14 +0800] "GET / HTTP/1.1" 200 33467 "-" "Mozilla/5.0 (Windows NT 10.0; Win64; x64) AppleWebKit/537.36 (KHTML, like Gecko) Chrome/90.0.4430.85 Safari/537.36 Edg/90.0.818.46"
36.133.115.36 - - [09/Sep/2025:08:45:41 +0800] "POST /wp-cron.php?doing_wp_cron=1757378741.0286750793457031250000 HTTP/1.1" 200 31 "-" "WordPress/6.8.2; http://cqqizhou.com"
149.50.103.48 - - [09/Sep/2025:08:45:41 +0800] "GET / HTTP/1.1" 200 33467 "-" "Mozilla/5.0 (Windows NT 10.0; Win64; x64) AppleWebKit/537.36 (KHTML, like Gecko) Chrome/90.0.4430.85 Safari/537.36 Edg/90.0.818.46"
36.133.115.36 - - [09/Sep/2025:09:29:35 +0800] "POST /wp-cron.php?doing_wp_cron=1757381375.5673348903656005859375 HTTP/1.1" 200 31 "-" "WordPress/6.8.2; http://cqqizhou.com"
45.135.193.100 - - [09/Sep/2025:09:29:35 +0800] "GET / HTTP/1.1" 200 33467 "-" "Mozilla/5.0 (Windows NT 10.0; Win64; x64) AppleWebKit/537.36 (KHTML, like Gecko) Chrome/90.0.4430.85 Safari/537.36 Edg/90.0.818.46"
36.133.115.36 - - [09/Sep/2025:09:33:17 +0800] "POST /wp-cron.php?doing_wp_cron=1757381596.9836170673370361328125 HTTP/1.1" 200 31 "-" "WordPress/6.8.2; http://cqqizhou.com"
45.135.193.100 - - [09/Sep/2025:09:33:17 +0800] "GET / HTTP/1.1" 301 5 "-" "-"
220.181.108.102 - - [09/Sep/2025:09:45:28 +0800] "GET /portfolio/%E5%86%B7%E8%BD%A7%E6%9D%BF/ HTTP/1.1" 200 22092 "-" "Mozilla/5.0 (compatible; Baiduspider/2.0; +http://www.baidu.com/search/spider.html)"
116.179.37.151 - - [09/Sep/2025:09:45:29 +0800] "GET /wp-content/uploads/2025/07/1753456723-%E5%8F%8C%E7%9B%B8%E9%92%A2roduct_Single600-300x300.webp HTTP/1.1" 200 12454 "http://cqqizhou.com/portfolio/%E5%86%B7%E8%BD%A7%E6%9D%BF/" "Mozilla/5.0 (compatible; Baiduspider-render/2.0; +http://www.baidu.com/search/spider.html)"
36.133.115.36 - - [09/Sep/2025:09:50:14 +0800] "POST /wp-cron.php?doing_wp_cron=1757382614.1790161132812500000000 HTTP/1.1" 200 31 "-" "WordPress/6.8.2; http://cqqizhou.com"
206.168.34.196 - - [09/Sep/2025:09:50:14 +0800] "GET / HTTP/1.1" 301 5 "-" "Mozilla/5.0 (compatible; CensysInspect/1.1; +https://about.censys.io/)"
36.133.115.36 - - [09/Sep/2025:09:56:12 +0800] "POST /wp-cron.php?doing_wp_cron=1757382972.7030980587005615234375 HTTP/1.1" 200 31 "-" "WordPress/6.8.2; http://cqqizhou.com"
36.133.108.119 - - [09/Sep/2025:09:56:12 +0800] "HEAD /wp-config.php.bak HTTP/1.1" 404 0 "-" "Mozilla/5.0 (Windows; U; Windows NT 6.1; en-US) AppleWebKit/533.20.25 (KHTML, like Gecko) Version/5.0.4 Safari/533.20.27"
36.133.108.125 - - [09/Sep/2025:09:57:23 +0800] "HEAD /phpinfo.php HTTP/1.1" 404 0 "-" "Mozilla/5.0 (Windows NT 6.1; WOW64; rv:31.0) Gecko/20130401 Firefox/31.0"
36.133.115.36 - - [09/Sep/2025:10:20:17 +0800] "POST /wp-cron.php?doing_wp_cron=1757384417.9592940807342529296875 HTTP/1.1" 200 31 "-" "WordPress/6.8.2; http://cqqizhou.com"
82.156.68.74 - - [09/Sep/2025:10:20:18 +0800] "GET / HTTP/1.1" 301 5 "-" "Mozilla/5.0 (iPhone; CPU iPhone OS 13_2_3 like Mac OS X) AppleWebKit/605.1.15 (KHTML, like Gecko) Version/13.0.3 Mobile/15E148 Safari/604.1"
82.156.68.74 - - [09/Sep/2025:10:20:22 +0800] "GET / HTTP/1.1" 200 33467 "http://www.cqqizhou.com" "Mozilla/5.0 (iPhone; CPU iPhone OS 13_2_3 like Mac OS X) AppleWebKit/605.1.15 (KHTML, like Gecko) Version/13.0.3 Mobile/15E148 Safari/604.1"
45.146.54.86 - - [09/Sep/2025:10:26:05 +0800] "GET //templates/atomic/index.php HTTP/1.1" 404 47 "-" "Go-http-client/1.1"
45.146.54.86 - - [09/Sep/2025:10:26:05 +0800] "GET //cah.php HTTP/1.1" 404 47 "-" "Go-http-client/1.1"
45.146.54.86 - - [09/Sep/2025:10:26:06 +0800] "GET //administrator/templates/hathor/index.php HTTP/1.1" 404 47 "-" "Go-http-client/1.1"
45.146.54.86 - - [09/Sep/2025:10:26:06 +0800] "GET //themes.php HTTP/1.1" 404 47 "-" "Go-http-client/1.1"
45.146.54.86 - - [09/Sep/2025:10:26:06 +0800] "GET //dropdown.php HTTP/1.1" 404 47 "-" "Go-http-client/1.1"
45.146.54.86 - - [09/Sep/2025:10:26:07 +0800] "GET //templates/beez_20/index.php HTTP/1.1" 404 47 "-" "Go-http-client/1.1"
45.146.54.86 - - [09/Sep/2025:10:26:07 +0800] "GET //themes/zMousse/otuz1.php HTTP/1.1" 404 47 "-" "Go-http-client/1.1"
45.146.54.86 - - [09/Sep/2025:10:26:07 +0800] "GET //moon.php HTTP/1.1" 404 47 "-" "Go-http-client/1.1"
45.146.54.86 - - [09/Sep/2025:10:26:08 +0800] "GET //mod/lanciau/lang/en/lanciau.php HTTP/1.1" 404 47 "-" "Go-http-client/1.1"
45.146.54.86 - - [09/Sep/2025:10:26:08 +0800] "GET //templates/cassiopeia/error.php HTTP/1.1" 404 47 "-" "Go-http-client/1.1"
45.146.54.86 - - [09/Sep/2025:10:26:09 +0800] "GET //modules/ets_whatsapp/new.php HTTP/1.1" 404 47 "-" "Go-http-client/1.1"
45.146.54.86 - - [09/Sep/2025:10:26:09 +0800] "GET //demo.php HTTP/1.1" 404 47 "-" "Go-http-client/1.1"
45.146.54.86 - - [09/Sep/2025:10:26:09 +0800] "GET //templates/beez5/index.php HTTP/1.1" 404 47 "-" "Go-http-client/1.1"
45.146.54.86 - - [09/Sep/2025:10:26:10 +0800] "GET //templates/beez3/error.php HTTP/1.1" 404 47 "-" "Go-http-client/1.1"
45.146.54.86 - - [09/Sep/2025:10:26:10 +0800] "GET //modules/ets_whatsapp/security.php HTTP/1.1" 404 47 "-" "Go-http-client/1.1"
45.146.54.86 - - [09/Sep/2025:10:26:10 +0800] "GET //templates/beez3/index.php HTTP/1.1" 404 47 "-" "Go-http-client/1.1"
45.146.54.86 - - [09/Sep/2025:10:26:11 +0800] "GET //m.php HTTP/1.1" 404 47 "-" "Go-http-client/1.1"
45.146.54.86 - - [09/Sep/2025:10:26:11 +0800] "GET //xxx.php HTTP/1.1" 404 47 "-" "Go-http-client/1.1"
45.146.54.86 - - [09/Sep/2025:10:26:12 +0800] "GET //fm.php HTTP/1.1" 404 47 "-" "Go-http-client/1.1"
45.146.54.86 - - [09/Sep/2025:10:26:12 +0800] "GET //1.php HTTP/1.1" 404 47 "-" "Go-http-client/1.1"
45.146.54.86 - - [09/Sep/2025:10:26:12 +0800] "GET //.well-known/acme-challenge/index.php HTTP/1.1" 404 47 "-" "Go-http-client/1.1"
45.146.54.86 - - [09/Sep/2025:10:26:13 +0800] "GET //akcc.php HTTP/1.1" 404 47 "-" "Go-http-client/1.1"
45.146.54.86 - - [09/Sep/2025:10:26:13 +0800] "GET //test.php HTTP/1.1" 404 47 "-" "Go-http-client/1.1"
45.146.54.86 - - [09/Sep/2025:10:26:13 +0800] "GET //.well-known/pki-validation/moon.php HTTP/1.1" 404 47 "-" "Go-http-client/1.1"
45.146.54.86 - - [09/Sep/2025:10:26:14 +0800] "GET //.well-known/about.php HTTP/1.1" 404 47 "-" "Go-http-client/1.1"
45.146.54.86 - - [09/Sep/2025:10:26:14 +0800] "GET //plugins/content/apismtp/setting-api.php HTTP/1.1" 404 47 "-" "Go-http-client/1.1"
45.146.54.86 - - [09/Sep/2025:10:26:14 +0800] "GET //doc.php HTTP/1.1" 404 47 "-" "Go-http-client/1.1"
45.146.54.86 - - [09/Sep/2025:10:26:15 +0800] "GET //vendor/composer/about.php HTTP/1.1" 404 47 "-" "Go-http-client/1.1"
45.146.54.86 - - [09/Sep/2025:10:26:15 +0800] "GET //templates/protostar/error.php HTTP/1.1" 404 47 "-" "Go-http-client/1.1"
45.146.54.86 - - [09/Sep/2025:10:26:16 +0800] "GET //plugins/content/apismtp/wp-domain.php HTTP/1.1" 404 47 "-" "Go-http-client/1.1"
45.146.54.86 - - [09/Sep/2025:10:26:16 +0800] "GET //local/index.php HTTP/1.1" 404 47 "-" "Go-http-client/1.1"
45.146.54.86 - - [09/Sep/2025:10:26:16 +0800] "GET //administrator/templates/bluestork/error.php HTTP/1.1" 404 47 "-" "Go-http-client/1.1"
45.146.54.86 - - [09/Sep/2025:10:26:17 +0800] "GET //up.php HTTP/1.1" 404 47 "-" "Go-http-client/1.1"
45.146.54.86 - - [09/Sep/2025:10:26:17 +0800] "GET //admin.php HTTP/1.1" 404 47 "-" "Go-http-client/1.1"
45.146.54.86 - - [09/Sep/2025:10:26:17 +0800] "GET //xleet.php HTTP/1.1" 404 47 "-" "Go-http-client/1.1"
45.146.54.86 - - [09/Sep/2025:10:26:18 +0800] "GET //templates/hathor/error.php HTTP/1.1" 404 47 "-" "Go-http-client/1.1"
45.146.54.86 - - [09/Sep/2025:10:26:18 +0800] "GET //modules/mod_simplefileuploadv1.3/elements/udd.php HTTP/1.1" 404 47 "-" "Go-http-client/1.1"
45.146.54.86 - - [09/Sep/2025:10:26:18 +0800] "GET //vendor/htmlawed/htmlawed/gel4y.php HTTP/1.1" 404 47 "-" "Go-http-client/1.1"
45.146.54.86 - - [09/Sep/2025:10:26:19 +0800] "GET //templates/beez_20/error.php HTTP/1.1" 404 47 "-" "Go-http-client/1.1"
45.146.54.86 - - [09/Sep/2025:10:26:19 +0800] "GET //local/moodle_webshell/index.php HTTP/1.1" 404 47 "-" "Go-http-client/1.1"
45.146.54.86 - - [09/Sep/2025:10:26:20 +0800] "GET //default.php HTTP/1.1" 404 47 "-" "Go-http-client/1.1"
45.146.54.86 - - [09/Sep/2025:10:26:20 +0800] "GET //templates/beez3/jsstrings.php HTTP/1.1" 404 47 "-" "Go-http-client/1.1"
45.146.54.86 - - [09/Sep/2025:10:26:20 +0800] "GET //upload.php HTTP/1.1" 404 47 "-" "Go-http-client/1.1"
45.146.54.86 - - [09/Sep/2025:10:26:21 +0800] "GET //templates/beez/index.php HTTP/1.1" 404 47 "-" "Go-http-client/1.1"
45.146.54.86 - - [09/Sep/2025:10:26:21 +0800] "GET //templates/ja_purity/index.php HTTP/1.1" 404 47 "-" "Go-http-client/1.1"
45.146.54.86 - - [09/Sep/2025:10:26:21 +0800] "GET //.well-known/pki-validation/about.php HTTP/1.1" 404 47 "-" "Go-http-client/1.1"
45.146.54.86 - - [09/Sep/2025:10:26:22 +0800] "GET //about.php HTTP/1.1" 404 47 "-" "Go-http-client/1.1"
45.146.54.86 - - [09/Sep/2025:10:26:22 +0800] "GET //administrator/templates/isis/error.php HTTP/1.1" 404 47 "-" "Go-http-client/1.1"
45.146.54.86 - - [09/Sep/2025:10:26:22 +0800] "GET //mini.php HTTP/1.1" 404 47 "-" "Go-http-client/1.1"
45.146.54.86 - - [09/Sep/2025:10:26:23 +0800] "GET //rec/config.php?p= HTTP/1.1" 404 47 "-" "Go-http-client/1.1"
45.146.54.86 - - [09/Sep/2025:10:26:23 +0800] "GET //templates/beez/admin.php HTTP/1.1" 404 47 "-" "Go-http-client/1.1"
45.146.54.86 - - [09/Sep/2025:10:26:24 +0800] "GET //info.php HTTP/1.1" 200 49 "-" "Go-http-client/1.1"
45.146.54.86 - - [09/Sep/2025:10:26:24 +0800] "GET //templates/cassiopeia/index.php HTTP/1.1" 404 47 "-" "Go-http-client/1.1"
45.146.54.86 - - [09/Sep/2025:10:26:24 +0800] "GET //administrator/templates/hathor/error.php HTTP/1.1" 404 47 "-" "Go-http-client/1.1"
45.146.54.86 - - [09/Sep/2025:10:26:25 +0800] "GET //templates/hathor/index.php HTTP/1.1" 404 47 "-" "Go-http-client/1.1"
45.146.54.86 - - [09/Sep/2025:10:26:25 +0800] "GET //a.php HTTP/1.1" 404 47 "-" "Go-http-client/1.1"
45.146.54.86 - - [09/Sep/2025:10:26:25 +0800] "GET //templates/isis/index.php HTTP/1.1" 404 47 "-" "Go-http-client/1.1"
45.146.54.86 - - [09/Sep/2025:10:26:26 +0800] "GET //components/com_newsfeeds/models/index.php HTTP/1.1" 404 47 "-" "Go-http-client/1.1"
45.146.54.86 - - [09/Sep/2025:10:26:26 +0800] "GET //x.php HTTP/1.1" 404 47 "-" "Go-http-client/1.1"
45.146.54.86 - - [09/Sep/2025:10:26:26 +0800] "GET //classwithtostring.php HTTP/1.1" 404 47 "-" "Go-http-client/1.1"
45.146.54.86 - - [09/Sep/2025:10:26:27 +0800] "GET //autoload_classmap.php HTTP/1.1" 404 47 "-" "Go-http-client/1.1"
45.146.54.86 - - [09/Sep/2025:10:26:27 +0800] "GET //xml.php HTTP/1.1" 404 47 "-" "Go-http-client/1.1"
45.146.54.86 - - [09/Sep/2025:10:26:28 +0800] "GET //shell20211028.php HTTP/1.1" 404 47 "-" "Go-http-client/1.1"
45.146.54.86 - - [09/Sep/2025:10:26:28 +0800] "GET //theme/lanciau/lang/en/theme_lanciau.php HTTP/1.1" 404 47 "-" "Go-http-client/1.1"
45.146.54.86 - - [09/Sep/2025:10:26:28 +0800] "GET //akc.php HTTP/1.1" 404 47 "-" "Go-http-client/1.1"
45.146.54.86 - - [09/Sep/2025:10:26:29 +0800] "GET //wso.php HTTP/1.1" 404 47 "-" "Go-http-client/1.1"
45.146.54.86 - - [09/Sep/2025:10:26:29 +0800] "GET //tiny.php HTTP/1.1" 404 47 "-" "Go-http-client/1.1"
45.146.54.86 - - [09/Sep/2025:10:26:29 +0800] "GET //text.php HTTP/1.1" 404 47 "-" "Go-http-client/1.1"
45.146.54.86 - - [09/Sep/2025:10:26:30 +0800] "GET //templates/atomic/error.php HTTP/1.1" 404 47 "-" "Go-http-client/1.1"
45.146.54.86 - - [09/Sep/2025:10:26:30 +0800] "GET //.well-known/plugins.php HTTP/1.1" 404 47 "-" "Go-http-client/1.1"
45.146.54.86 - - [09/Sep/2025:10:26:31 +0800] "GET //content.php HTTP/1.1" 404 47 "-" "Go-http-client/1.1"
45.146.54.86 - - [09/Sep/2025:10:26:31 +0800] "GET //radio.php HTTP/1.1" 404 47 "-" "Go-http-client/1.1"
45.146.54.86 - - [09/Sep/2025:10:26:31 +0800] "GET //wp-2025.php HTTP/1.1" 404 47 "-" "Go-http-client/1.1"
45.146.54.86 - - [09/Sep/2025:10:26:32 +0800] "GET //403.php HTTP/1.1" 404 47 "-" "Go-http-client/1.1"
45.146.54.86 - - [09/Sep/2025:10:26:32 +0800] "GET //modules/mod_simplefileuploadv1.3/elements/filemanager.php HTTP/1.1" 404 47 "-" "Go-http-client/1.1"
45.146.54.86 - - [09/Sep/2025:10:26:32 +0800] "GET //mah.php HTTP/1.1" 404 47 "-" "Go-http-client/1.1"
45.146.54.86 - - [09/Sep/2025:10:26:33 +0800] "GET //administrator/templates/isis/index.php HTTP/1.1" 404 47 "-" "Go-http-client/1.1"
45.146.54.86 - - [09/Sep/2025:10:26:33 +0800] "GET //libraries/joomla/index.php HTTP/1.1" 404 47 "-" "Go-http-client/1.1"
45.146.54.86 - - [09/Sep/2025:10:26:33 +0800] "GET //style.php HTTP/1.1" 404 47 "-" "Go-http-client/1.1"
45.146.54.86 - - [09/Sep/2025:10:26:34 +0800] "GET //simple.php HTTP/1.1" 404 47 "-" "Go-http-client/1.1"
45.146.54.86 - - [09/Sep/2025:10:26:34 +0800] "GET //chosen.php HTTP/1.1" 404 47 "-" "Go-http-client/1.1"
45.146.54.86 - - [09/Sep/2025:10:26:35 +0800] "GET //templates/beez5/error.php HTTP/1.1" 404 47 "-" "Go-http-client/1.1"
45.146.54.86 - - [09/Sep/2025:10:26:35 +0800] "GET //file.php HTTP/1.1" 404 47 "-" "Go-http-client/1.1"
45.146.54.86 - - [09/Sep/2025:10:26:35 +0800] "GET //xl2023.php HTTP/1.1" 404 47 "-" "Go-http-client/1.1"
45.146.54.86 - - [09/Sep/2025:10:26:36 +0800] "GET //404.php HTTP/1.1" 404 47 "-" "Go-http-client/1.1"
45.146.54.86 - - [09/Sep/2025:10:26:36 +0800] "GET //templates/isis/error.php HTTP/1.1" 404 47 "-" "Go-http-client/1.1"
45.146.54.86 - - [09/Sep/2025:10:26:36 +0800] "GET //templates/protostar/index.php HTTP/1.1" 404 47 "-" "Go-http-client/1.1"
52.165.233.180 - - [09/Sep/2025:10:42:19 +0800] "GET /wp-includes/ID3/index.php HTTP/1.1" 404 27 "-" "-"
52.165.233.180 - - [09/Sep/2025:10:42:19 +0800] "GET /wp-includes/fonts/ HTTP/1.1" 403 146 "-" "-"
36.133.115.36 - - [09/Sep/2025:10:42:20 +0800] "POST /wp-cron.php?doing_wp_cron=1757385740.2717730998992919921875 HTTP/1.1" 200 31 "-" "WordPress/6.8.2; http://cqqizhou.com"
52.165.233.180 - - [09/Sep/2025:10:42:20 +0800] "GET /wp/wp-admin/includes/ HTTP/1.1" 404 31381 "-" "-"
52.165.233.180 - - [09/Sep/2025:10:42:21 +0800] "GET /wp-admin/admin-ajax.php HTTP/1.1" 400 11 "-" "-"
52.165.233.180 - - [09/Sep/2025:10:42:21 +0800] "GET /wp-admin/css/colors/modern/ HTTP/1.1" 403 146 "-" "-"
52.165.233.180 - - [09/Sep/2025:10:42:21 +0800] "GET /wp-admin/js/about.php HTTP/1.1" 404 27 "-" "-"
52.165.233.180 - - [09/Sep/2025:10:42:22 +0800] "GET /wp-admin/network/ HTTP/1.1" 302 5 "-" "-"
52.165.233.180 - - [09/Sep/2025:10:42:23 +0800] "GET /wp-login.php?redirect_to=http%3A%2F%2Fcqqizhou.com%2Fwp-admin%2Fnetwork%2F&reauth=1 HTTP/1.1" 200 8680 "-" "-"
52.165.233.180 - - [09/Sep/2025:10:42:23 +0800] "GET /wp-includes/customize/ HTTP/1.1" 403 146 "-" "-"
52.165.233.180 - - [09/Sep/2025:10:42:24 +0800] "GET /WSO.php HTTP/1.1" 404 27 "-" "-"
52.165.233.180 - - [09/Sep/2025:10:42:24 +0800] "GET /wp-includes/css/ HTTP/1.1" 403 146 "-" "-"
52.165.233.180 - - [09/Sep/2025:10:42:24 +0800] "GET /templates/beez3/error.php HTTP/1.1" 404 27 "-" "-"
52.165.233.180 - - [09/Sep/2025:10:42:24 +0800] "GET /wp-admin/css/colors/blue/atomlib.php HTTP/1.1" 404 27 "-" "-"
52.165.233.180 - - [09/Sep/2025:10:42:25 +0800] "GET /wp-includes/ID3/autoload_classmap.php HTTP/1.1" 404 27 "-" "-"
52.165.233.180 - - [09/Sep/2025:10:42:25 +0800] "GET /wp-includes/css/dist/ HTTP/1.1" 403 146 "-" "-"
52.165.233.180 - - [09/Sep/2025:10:42:25 +0800] "GET /wp-includes/images/crystal/ HTTP/1.1" 403 146 "-" "-"
52.165.233.180 - - [09/Sep/2025:10:42:25 +0800] "GET /wp-admin/css/ HTTP/1.1" 403 146 "-" "-"
52.165.233.180 - - [09/Sep/2025:10:42:26 +0800] "GET /wp-admin/wp-conflg.php HTTP/1.1" 404 27 "-" "-"
52.165.233.180 - - [09/Sep/2025:10:42:26 +0800] "GET /wp-includes/ID3/file.php HTTP/1.1" 404 27 "-" "-"
52.165.233.180 - - [09/Sep/2025:10:42:26 +0800] "GET /wp-includes/autoload_classmap.php HTTP/1.1" 404 27 "-" "-"
52.165.233.180 - - [09/Sep/2025:10:42:27 +0800] "GET /admin/uploads/ HTTP/1.1" 404 31381 "-" "-"
52.165.233.180 - - [09/Sep/2025:10:42:27 +0800] "GET /wp-content/cong.php HTTP/1.1" 404 27 "-" "-"
52.165.233.180 - - [09/Sep/2025:10:42:28 +0800] "GET /wp-includes/ID3/ HTTP/1.1" 403 146 "-" "-"
52.165.233.180 - - [09/Sep/2025:10:42:28 +0800] "GET /wp-includes/images/media/ HTTP/1.1" 403 146 "-" "-"
52.165.233.180 - - [09/Sep/2025:10:42:29 +0800] "GET /wp-admin/admin.php HTTP/1.1" 302 5 "-" "-"
52.165.233.180 - - [09/Sep/2025:10:42:30 +0800] "GET /wp-login.php?redirect_to=http%3A%2F%2Fcqqizhou.com%2Fwp-admin%2Fadmin.php&reauth=1 HTTP/1.1" 200 8681 "-" "-"
52.165.233.180 - - [09/Sep/2025:10:42:30 +0800] "GET /wp-content/languages/chosen.php HTTP/1.1" 404 27 "-" "-"
52.165.233.180 - - [09/Sep/2025:10:42:30 +0800] "GET /wp-content/plugins/ HTTP/1.1" 200 5 "-" "-"
52.165.233.180 - - [09/Sep/2025:10:42:30 +0800] "GET /wp-content/uploads/2024/index.php HTTP/1.1" 404 27 "-" "-"
52.165.233.180 - - [09/Sep/2025:10:42:31 +0800] "GET /goods.php HTTP/1.1" 404 27 "-" "-"
52.165.233.180 - - [09/Sep/2025:10:42:31 +0800] "GET /plugins/ HTTP/1.1" 404 31381 "-" "-"
52.165.233.180 - - [09/Sep/2025:10:42:32 +0800] "GET /wp-admin/js/widgets/index.php HTTP/1.1" 404 27 "-" "-"
52.165.233.180 - - [09/Sep/2025:10:42:32 +0800] "GET /wp-content/themes/wp-pridmag/init.php HTTP/1.1" 404 27 "-" "-"
52.165.233.180 - - [09/Sep/2025:10:42:32 +0800] "GET /cgi-bin/wp-2019.php HTTP/1.1" 404 27 "-" "-"
52.165.233.180 - - [09/Sep/2025:10:42:33 +0800] "GET /wp-admin/setup-config.php HTTP/1.1" 409 2667 "-" "-"
52.165.233.180 - - [09/Sep/2025:10:42:33 +0800] "GET /wp-content/file.php HTTP/1.1" 404 27 "-" "-"
52.165.233.180 - - [09/Sep/2025:10:42:33 +0800] "GET /edit.php HTTP/1.1" 404 27 "-" "-"
52.165.233.180 - - [09/Sep/2025:10:42:33 +0800] "GET /file5.php HTTP/1.1" 404 27 "-" "-"
52.165.233.180 - - [09/Sep/2025:10:42:34 +0800] "GET /wp-includes/images/smilies/index.php HTTP/1.1" 404 27 "-" "-"
52.165.233.180 - - [09/Sep/2025:10:42:35 +0800] "GET /wp-admin/ HTTP/1.1" 302 5 "-" "-"
52.165.233.180 - - [09/Sep/2025:10:42:35 +0800] "GET /wp-login.php?redirect_to=http%3A%2F%2Fcqqizhou.com%2Fwp-admin%2F&reauth=1 HTTP/1.1" 200 8672 "-" "-"
52.165.233.180 - - [09/Sep/2025:10:42:36 +0800] "GET /wp-includes/ HTTP/1.1" 403 146 "-" "-"
52.165.233.180 - - [09/Sep/2025:10:42:36 +0800] "GET /aa.php HTTP/1.1" 404 27 "-" "-"
52.165.233.180 - - [09/Sep/2025:10:42:36 +0800] "GET /wp-admin/css/colors/blue/index.php HTTP/1.1" 404 27 "-" "-"
52.165.233.180 - - [09/Sep/2025:10:42:36 +0800] "GET /wp-includes/blocks/ HTTP/1.1" 200 12 "-" "-"
52.165.233.180 - - [09/Sep/2025:10:42:37 +0800] "GET /wp-content/index.php HTTP/1.1" 200 5 "-" "-"
52.165.233.180 - - [09/Sep/2025:10:42:37 +0800] "GET /wp-content/plugins/seoplugins/index.php HTTP/1.1" 404 27 "-" "-"
52.165.233.180 - - [09/Sep/2025:10:42:38 +0800] "GET /.well-known/ HTTP/1.1" 404 31381 "-" "-"
52.165.233.180 - - [09/Sep/2025:10:42:38 +0800] "GET /modules/file.php HTTP/1.1" 404 27 "-" "-"
52.165.233.180 - - [09/Sep/2025:10:42:38 +0800] "GET /wp-admin/css/colors/coffee/ HTTP/1.1" 403 146 "-" "-"
52.165.233.180 - - [09/Sep/2025:10:42:39 +0800] "GET /wp-admin/css/colors/sunrise/ HTTP/1.1" 403 146 "-" "-"
52.165.233.180 - - [09/Sep/2025:10:42:39 +0800] "GET /autoload_classmap.php HTTP/1.1" 404 27 "-" "-"
52.165.233.180 - - [09/Sep/2025:10:42:39 +0800] "GET /public/index.php HTTP/1.1" 404 27 "-" "-"
52.165.233.180 - - [09/Sep/2025:10:42:40 +0800] "GET /wp-admin/network/index.php HTTP/1.1" 302 5 "-" "-"
52.165.233.180 - - [09/Sep/2025:10:42:41 +0800] "GET /wp-login.php?redirect_to=http%3A%2F%2Fcqqizhou.com%2Fwp-admin%2Fnetwork%2Findex.php&reauth=1 HTTP/1.1" 200 8689 "-" "-"
52.165.233.180 - - [09/Sep/2025:10:42:42 +0800] "GET /wp-content/uploads/2022/ HTTP/1.1" 404 31381 "-" "-"
52.165.233.180 - - [09/Sep/2025:10:42:42 +0800] "GET /wp-content/uploads/json.php HTTP/1.1" 404 27 "-" "-"
52.165.233.180 - - [09/Sep/2025:10:42:42 +0800] "GET /wp-includes/SimplePie/ HTTP/1.1" 403 146 "-" "-"
52.165.233.180 - - [09/Sep/2025:10:42:43 +0800] "GET /wp-includes/customize/chosen.php HTTP/1.1" 404 27 "-" "-"
52.165.233.180 - - [09/Sep/2025:10:42:43 +0800] "GET /wp-includes/shell20211028.php HTTP/1.1" 404 27 "-" "-"
52.165.233.180 - - [09/Sep/2025:10:42:43 +0800] "GET /index/function.php HTTP/1.1" 404 27 "-" "-"
52.165.233.180 - - [09/Sep/2025:10:42:43 +0800] "GET /wp-admin/css/colors/midnight/ HTTP/1.1" 403 146 "-" "-"
52.165.233.180 - - [09/Sep/2025:10:42:44 +0800] "GET /wp-content/style-css.php HTTP/1.1" 404 27 "-" "-"
52.165.233.180 - - [09/Sep/2025:10:42:44 +0800] "GET /wp-includes/Requests/ HTTP/1.1" 403 146 "-" "-"
52.165.233.180 - - [09/Sep/2025:10:42:44 +0800] "GET /wp-includes/pomo/ HTTP/1.1" 403 146 "-" "-"
52.165.233.180 - - [09/Sep/2025:10:42:44 +0800] "GET /file.php HTTP/1.1" 404 27 "-" "-"
52.165.233.180 - - [09/Sep/2025:10:42:45 +0800] "GET /wp-admin/css/colors/light/ HTTP/1.1" 403 146 "-" "-"
52.165.233.180 - - [09/Sep/2025:10:42:45 +0800] "GET /wp-includes/certificates/ HTTP/1.1" 403 146 "-" "-"
52.165.233.180 - - [09/Sep/2025:10:42:45 +0800] "GET /wp-admin/css/colors/index.php HTTP/1.1" 404 27 "-" "-"
52.165.233.180 - - [09/Sep/2025:10:42:45 +0800] "GET /wp-admin/css/colors/blue/about.php HTTP/1.1" 404 27 "-" "-"
52.165.233.180 - - [09/Sep/2025:10:42:45 +0800] "GET /wp-content/alfa.php HTTP/1.1" 404 27 "-" "-"
52.165.233.180 - - [09/Sep/2025:10:42:46 +0800] "GET /inputs.php HTTP/1.1" 404 27 "-" "-"
52.165.233.180 - - [09/Sep/2025:10:42:46 +0800] "GET /wp-admin/js/widgets/cloud.php HTTP/1.1" 404 27 "-" "-"
52.165.233.180 - - [09/Sep/2025:10:42:46 +0800] "GET /wp-content/about.php HTTP/1.1" 404 27 "-" "-"
52.165.233.180 - - [09/Sep/2025:10:42:46 +0800] "GET /1.php HTTP/1.1" 404 27 "-" "-"
52.165.233.180 - - [09/Sep/2025:10:42:47 +0800] "GET /admin/controller/extension/extension/ultra.php HTTP/1.1" 404 27 "-" "-"
52.165.233.180 - - [09/Sep/2025:10:42:47 +0800] "GET /wp-admin/images/index.php HTTP/1.1" 404 27 "-" "-"
52.165.233.180 - - [09/Sep/2025:10:42:47 +0800] "GET /wp-includes/block-supports/ HTTP/1.1" 403 146 "-" "-"
52.165.233.180 - - [09/Sep/2025:10:42:47 +0800] "GET /wp-content/themes/twentytwenty/404.php HTTP/1.1" 404 27 "-" "-"
52.165.233.180 - - [09/Sep/2025:10:42:48 +0800] "GET /wp-content/upgrade/ HTTP/1.1" 403 146 "-" "-"
52.165.233.180 - - [09/Sep/2025:10:42:48 +0800] "GET /wp-admin/images/cloud.php HTTP/1.1" 404 27 "-" "-"
36.133.115.36 - - [09/Sep/2025:10:42:49 +0800] "POST /wp-cron.php?doing_wp_cron=1757385769.1876480579376220703125 HTTP/1.1" 200 31 "-" "WordPress/6.8.2; http://cqqizhou.com"
52.165.233.180 - - [09/Sep/2025:10:42:49 +0800] "GET /wp-admin/user/ HTTP/1.1" 302 5 "-" "-"
52.165.233.180 - - [09/Sep/2025:10:42:50 +0800] "GET /wp-login.php?redirect_to=http%3A%2F%2Fcqqizhou.com%2Fwp-admin%2Fuser%2F&reauth=1 HTTP/1.1" 200 8677 "-" "-"
52.165.233.180 - - [09/Sep/2025:10:42:50 +0800] "GET /wp-admin/user/chosen.php HTTP/1.1" 404 27 "-" "-"
52.165.233.180 - - [09/Sep/2025:10:42:50 +0800] "GET /wp-content/admin.php HTTP/1.1" 404 27 "-" "-"
52.165.233.180 - - [09/Sep/2025:10:42:50 +0800] "GET /wp-includes/file.php HTTP/1.1" 404 27 "-" "-"
52.165.233.180 - - [09/Sep/2025:10:42:51 +0800] "GET /admin/admin.php HTTP/1.1" 404 27 "-" "-"
52.165.233.180 - - [09/Sep/2025:10:42:51 +0800] "GET /wp-includes/assets/index.php HTTP/1.1" 404 27 "-" "-"
52.165.233.180 - - [09/Sep/2025:10:42:51 +0800] "GET /wp-includes/images/smilies/about.php HTTP/1.1" 404 27 "-" "-"
52.165.233.180 - - [09/Sep/2025:10:42:51 +0800] "GET /wp-includes/sitemaps/providers/ HTTP/1.1" 403 146 "-" "-"
52.165.233.180 - - [09/Sep/2025:10:42:51 +0800] "GET /wp-content/themes/ HTTP/1.1" 200 5 "-" "-"
52.165.233.180 - - [09/Sep/2025:10:42:52 +0800] "GET /wp-includes/block-patterns/ HTTP/1.1" 403 146 "-" "-"
52.165.233.180 - - [09/Sep/2025:10:42:53 +0800] "GET /aspera/faspex/ HTTP/1.1" 404 31381 "-" "-"
