File: //home/logs/cqqizhou_access_2026-07-27.log
36.133.115.36 - - [27/Jul/2026:00:08:46 +0800] "POST /wp-cron.php?doing_wp_cron=1785082126.8578879833221435546875 HTTP/1.1" 200 31 "-" "WordPress/7.0; http://cqqizhou.com"
36.155.132.160 - - [27/Jul/2026:00:08:46 +0800] "GET /andd6031940078.html HTTP/1.1" 301 5 "http://m.baidu.com/s?wd=disease8xc" "pc"
36.155.132.152 - - [27/Jul/2026:00:08:51 +0800] "GET /andd6031940078.html HTTP/1.1" 404 9497 "http://m.baidu.com/s?wd=disease8xc" "pc"
36.133.115.36 - - [27/Jul/2026:00:09:43 +0800] "POST /wp-cron.php?doing_wp_cron=1785082183.3554110527038574218750 HTTP/1.1" 200 31 "-" "WordPress/7.0; http://cqqizhou.com"
119.249.100.89 - - [27/Jul/2026:00:09:43 +0800] "GET /andd/202607250607561100.html HTTP/1.1" 301 5 "http://m.baidu.com/s?wd=solve568" "pc"
119.249.100.214 - - [27/Jul/2026:00:09:45 +0800] "GET /andd/202607250607561100.html HTTP/1.1" 404 9497 "http://m.baidu.com/s?wd=solve568" "pc"
36.133.115.36 - - [27/Jul/2026:00:10:50 +0800] "POST /wp-cron.php?doing_wp_cron=1785082250.8876719474792480468750 HTTP/1.1" 200 31 "-" "WordPress/7.0; http://cqqizhou.com"
180.97.39.153 - - [27/Jul/2026:00:10:50 +0800] "GET /anddwai/ooVzwOLa491769 HTTP/1.1" 301 5 "http://m.baidu.com/s?wd=positiveik2" "pc"
180.97.39.165 - - [27/Jul/2026:00:10:53 +0800] "GET /anddwai/ooVzwOLa491769 HTTP/1.1" 404 9498 "http://m.baidu.com/s?wd=positiveik2" "pc"
36.133.115.36 - - [27/Jul/2026:00:13:29 +0800] "POST /wp-cron.php?doing_wp_cron=1785082409.5530710220336914062500 HTTP/1.1" 200 31 "-" "WordPress/7.0; http://cqqizhou.com"
180.184.67.220 - - [27/Jul/2026:00:13:29 +0800] "GET /contacts/ HTTP/1.1" 301 5 "-" "Mozilla/5.0 (Linux; Android 10; V1950A; wv) AppleWebKit/537.36 (KHTML, like Gecko) Chrome/62.0.3202.84 Mobile Safari/537.36 VivoBrowser/20.2.3.0"
180.184.67.220 - - [27/Jul/2026:00:13:31 +0800] "GET http://cqqizhou.com/contacts HTTP/1.1" 200 19140 "-" "Mozilla/5.0 (Linux; Android 10; V1950A; wv) AppleWebKit/537.36 (KHTML, like Gecko) Chrome/62.0.3202.84 Mobile Safari/537.36 VivoBrowser/20.2.3.0"
36.133.115.36 - - [27/Jul/2026:00:29:57 +0800] "POST /wp-cron.php?doing_wp_cron=1785083397.5422730445861816406250 HTTP/1.1" 200 31 "-" "WordPress/7.0; http://cqqizhou.com"
36.133.24.247 - - [27/Jul/2026:00:29:57 +0800] "GET /wp-json/oembed/1.0/embed?url=http%3A%2F%2Fcqqizhou.com%2Fnews%2F2606 HTTP/1.1" 200 1277 "-" "Mozilla/5.0 (Linux; Android 10; SM-G981B) AppleWebKit/537.36 (KHTML, like Gecko) Chrome/80.0.3987.162 Mobile Safari/537.36"
36.133.115.36 - - [27/Jul/2026:00:37:54 +0800] "POST /wp-cron.php?doing_wp_cron=1785083874.7290959358215332031250 HTTP/1.1" 200 31 "-" "WordPress/7.0; http://cqqizhou.com"
123.4.103.230 - - [27/Jul/2026:00:37:54 +0800] "GET /andd/202607240107361594.html HTTP/1.1" 404 9498 "https://www.cb-skylo.com/Product/moban26/779510nuqtx7.html" "Mozilla/5.0 (Windows NT 10.0; Win64; x64) AppleWebKit/537.36 (KHTML, like Gecko) Chrome/145.0.0.0 Safari/537.36"
167.60.139.69 - - [27/Jul/2026:00:49:36 +0800] "GET http://cqqizhou.com/wp-content/uploads/2025/12/1765891413-20251209103501.webp HTTP/1.1" 206 24878 "-" "Mozilla/5.0 (Macintosh; Intel Mac OS X 10_14_4) AppleWebKit/592.10 (KHTML, like Gecko) Chrome/105.0.0.0 Safari/592.10 Edg/105.0.5745.37"
36.133.115.36 - - [27/Jul/2026:00:58:44 +0800] "POST /wp-cron.php?doing_wp_cron=1785085124.9252109527587890625000 HTTP/1.1" 200 31 "-" "WordPress/7.0; http://cqqizhou.com"
114.119.138.179 - - [27/Jul/2026:00:58:44 +0800] "GET /news/2547 HTTP/1.1" 200 21185 "http://cqqizhou.com/media/5" "Mozilla/5.0 (Linux; Android 7.0;) AppleWebKit/537.36 (HTML, like Gecko) Mobile Safari/537.36 (compatible; PetalBot;+https://webmaster.petalsearch.com/site/petalbot)"
36.133.115.36 - - [27/Jul/2026:01:01:05 +0800] "POST /wp-cron.php?doing_wp_cron=1785085265.2172861099243164062500 HTTP/1.1" 200 31 "-" "WordPress/7.0; http://cqqizhou.com"
198.244.226.88 - - [27/Jul/2026:01:01:05 +0800] "GET /portfolio/%E5%86%B7%E8%BD%A7%E6%9D%BF/ HTTP/1.1" 301 5 "-" "Mozilla/5.0 (compatible; AhrefsBot/7.0; +http://ahrefs.com/robot/)"
36.133.115.36 - - [27/Jul/2026:01:15:55 +0800] "POST /wp-cron.php?doing_wp_cron=1785086155.4555299282073974609375 HTTP/1.1" 200 31 "-" "WordPress/7.0; http://cqqizhou.com"
216.118.252.206 - - [27/Jul/2026:01:15:55 +0800] "GET / HTTP/1.1" 301 5 "-" "Mozilla/5.0 (Windows NT 10.0; WOW64; rv:48.0) Gecko/20100101 Firefox/48.0"
216.118.252.206 - - [27/Jul/2026:01:15:57 +0800] "GET / HTTP/1.1" 200 40954 "-" "Mozilla/5.0 (Windows NT 10.0; WOW64; rv:48.0) Gecko/20100101 Firefox/48.0"
36.133.115.36 - - [27/Jul/2026:01:17:34 +0800] "POST /wp-cron.php?doing_wp_cron=1785086254.3302419185638427734375 HTTP/1.1" 200 31 "-" "WordPress/7.0; http://cqqizhou.com"
47.82.53.29 - - [27/Jul/2026:01:17:34 +0800] "GET /anddwai/MiKCrJWy300977 HTTP/1.1" 404 9498 "-" "Mozilla/5.0 (Macintosh; Intel Mac OS X 10_15_7) AppleWebKit/537.36 (KHTML, like Gecko) Chrome/146.0.0.0 Safari/537.36"
47.82.49.4 - - [27/Jul/2026:01:17:34 +0800] "GET /anddwai/news683540 HTTP/1.1" 404 9498 "-" "Mozilla/5.0 (Macintosh; Intel Mac OS X 10_15_7) AppleWebKit/537.36 (KHTML, like Gecko) Chrome/144.0.0.0 Safari/537.36"
47.79.11.219 - - [27/Jul/2026:01:17:47 +0800] "GET /anddwai/news129728 HTTP/1.1" 404 9498 "-" "Mozilla/5.0 (Macintosh; Intel Mac OS X 10_15_7) AppleWebKit/537.36 (KHTML, like Gecko) Chrome/146.0.0.0 Safari/537.36"
36.133.115.36 - - [27/Jul/2026:01:19:33 +0800] "POST /wp-cron.php?doing_wp_cron=1785086373.8529949188232421875000 HTTP/1.1" 200 31 "-" "WordPress/7.0; http://cqqizhou.com"
182.16.91.110 - - [27/Jul/2026:01:19:33 +0800] "GET /admin-api/system/auth/get-permission-info HTTP/1.1" 404 9498 "-" "Mozilla/5.0 (Windows NT 10.0; WOW64; rv:48.0) Gecko/20100101 Firefox/48.0"
151.236.162.84 - - [27/Jul/2026:01:22:44 +0800] "GET http://cqqizhou.com/wp-content/uploads/2025/12/1765891413-20251209103501.webp HTTP/1.1" 206 24878 "-" "Mozilla/5.0 (Macintosh; Intel Mac OS X 10_7_6) AppleWebKit/599.14 (KHTML, like Gecko) Chrome/105.0.0.0 Safari/599.14 Edg/105.0.2709.60"
36.133.115.36 - - [27/Jul/2026:01:23:50 +0800] "POST /wp-cron.php?doing_wp_cron=1785086630.3858830928802490234375 HTTP/1.1" 200 31 "-" "WordPress/7.0; http://cqqizhou.com"
47.82.8.76 - - [27/Jul/2026:01:23:50 +0800] "GET /anddwai/news746965 HTTP/1.1" 404 9497 "-" "Mozilla/5.0 (Windows NT 10.0; Win64; x64) AppleWebKit/537.36 (KHTML, like Gecko) Chrome/141.0.0.0 Safari/537.36"
36.133.115.36 - - [27/Jul/2026:01:24:39 +0800] "POST /wp-cron.php?doing_wp_cron=1785086679.4404621124267578125000 HTTP/1.1" 200 31 "-" "WordPress/7.0; http://cqqizhou.com"
110.249.202.189 - - [27/Jul/2026:01:24:39 +0800] "GET /robots.txt HTTP/1.1" 200 190 "-" "Mozilla/5.0 (Linux; Android 5.0) AppleWebKit/537.36 (KHTML, like Gecko) Mobile Safari/537.36 (compatible; Bytespider; https://zhanzhang.toutiao.com/)"
36.133.115.36 - - [27/Jul/2026:01:26:18 +0800] "POST /wp-cron.php?doing_wp_cron=1785086778.5742659568786621093750 HTTP/1.1" 200 31 "-" "WordPress/7.0; http://cqqizhou.com"
47.82.48.12 - - [27/Jul/2026:01:26:18 +0800] "GET /anddwai/KapJyj565455 HTTP/1.1" 404 9498 "-" "Mozilla/5.0 (Windows NT 10.0; Win64; x64) AppleWebKit/537.36 (KHTML, like Gecko) Chrome/144.0.0.0 Safari/537.36"
36.133.115.36 - - [27/Jul/2026:01:34:03 +0800] "POST /wp-cron.php?doing_wp_cron=1785087243.4130880832672119140625 HTTP/1.1" 200 31 "-" "WordPress/7.0; http://cqqizhou.com"
115.159.33.43 - - [27/Jul/2026:01:34:03 +0800] "GET / HTTP/1.1" 301 5 "-" "Mozilla/5.0 (Windows NT 10.0; Win64; x64) AppleWebKit/537.36 (KHTML, like Gecko) Chrome/79.0.3945.117 Safari/537.36"
36.133.115.36 - - [27/Jul/2026:01:37:08 +0800] "POST /wp-cron.php?doing_wp_cron=1785087428.2249529361724853515625 HTTP/1.1" 200 31 "-" "WordPress/7.0; http://cqqizhou.com"
41.216.188.106 - - [27/Jul/2026:01:37:08 +0800] "GET /wp-login.php HTTP/1.1" 200 2821 "https://twitter.com/" "Mozilla/5.0 (Macintosh; Intel Mac OS X 13_6_2) AppleWebKit/537.36 (KHTML, like Gecko) Chrome/119.0.6045.159 Safari/537.36"
41.216.188.106 - - [27/Jul/2026:01:37:11 +0800] "POST /wp-login.php HTTP/1.1" 200 3024 "http://cqqizhou.com/wp-login.php" "Mozilla/5.0 (Windows NT 11.0; Win64; x64) AppleWebKit/537.36 (KHTML, like Gecko) Chrome/121.0.6167.85 Safari/537.36"
41.216.188.106 - - [27/Jul/2026:01:37:17 +0800] "POST /wp-login.php HTTP/1.1" 200 3027 "http://cqqizhou.com/wp-login.php" "Mozilla/5.0 (Macintosh; Intel Mac OS X 10.15) Gecko/20100101 Firefox/121.0"
41.216.188.106 - - [27/Jul/2026:01:37:21 +0800] "POST /wp-login.php HTTP/1.1" 200 3021 "http://cqqizhou.com/wp-login.php" "Mozilla/5.0 (Macintosh; Intel Mac OS X 11_7_2) AppleWebKit/605.1.15 (KHTML, like Gecko) Version/17.1 Safari/605.1.15"
41.216.188.106 - - [27/Jul/2026:01:37:26 +0800] "POST /wp-login.php HTTP/1.1" 200 3023 "http://cqqizhou.com/wp-login.php" "Mozilla/5.0 (Macintosh; Intel Mac OS X 10.15) Gecko/20100101 Firefox/122.0"
41.216.188.106 - - [27/Jul/2026:01:37:31 +0800] "POST /wp-login.php HTTP/1.1" 200 3025 "http://cqqizhou.com/wp-login.php" "Mozilla/5.0 (Macintosh; Intel Mac OS X 13_6_1) AppleWebKit/605.1.15 (KHTML, like Gecko) Version/17.0 Safari/605.1.15"
41.216.188.106 - - [27/Jul/2026:01:37:34 +0800] "POST /wp-login.php HTTP/1.1" 200 3025 "http://cqqizhou.com/wp-login.php" "Mozilla/5.0 (Macintosh; Intel Mac OS X 13_6_1) AppleWebKit/605.1.15 (KHTML, like Gecko) Version/17.0 Safari/605.1.15"
41.216.188.106 - - [27/Jul/2026:01:37:39 +0800] "POST /wp-login.php HTTP/1.1" 200 3024 "http://cqqizhou.com/wp-login.php" "Mozilla/5.0 (Windows NT 10.0; Win64; x64) AppleWebKit/537.36 (KHTML, like Gecko) Chrome/120.0.0.0 Safari/537.36 Edg/120.0.2210.133"
41.216.188.106 - - [27/Jul/2026:01:37:44 +0800] "POST /wp-login.php HTTP/1.1" 200 3026 "http://cqqizhou.com/wp-login.php" "Mozilla/5.0 (Windows NT 10.0; Win64; x64) AppleWebKit/537.36 (KHTML, like Gecko) Chrome/119.0.0.0 Safari/537.36 Edg/119.0.2151.97"
41.216.188.106 - - [27/Jul/2026:01:37:48 +0800] "POST /wp-login.php HTTP/1.1" 200 3025 "http://cqqizhou.com/wp-login.php" "Mozilla/5.0 (Windows NT 10.0; Win64; x64) AppleWebKit/537.36 (KHTML, like Gecko) Chrome/120.0.6099.130 Safari/537.36"
41.216.188.106 - - [27/Jul/2026:01:37:53 +0800] "POST /wp-login.php HTTP/1.1" 200 3026 "http://cqqizhou.com/wp-login.php" "Mozilla/5.0 (Macintosh; Intel Mac OS X 12_6_2) AppleWebKit/605.1.15 (KHTML, like Gecko) Version/17.1 Safari/605.1.15"
41.216.188.106 - - [27/Jul/2026:01:37:59 +0800] "POST /wp-login.php HTTP/1.1" 200 3027 "http://cqqizhou.com/wp-login.php" "Mozilla/5.0 (Windows NT 10.0; Win64; x64) AppleWebKit/537.36 (KHTML, like Gecko) Chrome/120.0.0.0 Safari/537.36 Edg/120.0.2210.133"
41.216.188.106 - - [27/Jul/2026:01:38:05 +0800] "POST /wp-login.php HTTP/1.1" 200 3024 "http://cqqizhou.com/wp-login.php" "Mozilla/5.0 (X11; Ubuntu; Linux x86_64; rv:119.0.1) Gecko/20100101 Firefox/119.0.1"
36.133.115.36 - - [27/Jul/2026:01:38:10 +0800] "POST /wp-cron.php?doing_wp_cron=1785087490.6474530696868896484375 HTTP/1.1" 200 31 "-" "WordPress/7.0; http://cqqizhou.com"
41.216.188.106 - - [27/Jul/2026:01:38:10 +0800] "POST /wp-login.php HTTP/1.1" 200 3025 "http://cqqizhou.com/wp-login.php" "Mozilla/5.0 (X11; Linux x86_64) AppleWebKit/537.36 (KHTML, like Gecko) Chrome/118.0.5993.88 Safari/537.36"
41.216.188.106 - - [27/Jul/2026:01:38:15 +0800] "POST /wp-login.php HTTP/1.1" 200 3025 "http://cqqizhou.com/wp-login.php" "Mozilla/5.0 (X11; Linux x86_64) AppleWebKit/537.36 (KHTML, like Gecko) Chrome/121.0.6167.85 Safari/537.36"
41.216.188.106 - - [27/Jul/2026:01:38:19 +0800] "POST /wp-login.php HTTP/1.1" 200 3021 "http://cqqizhou.com/wp-login.php" "Mozilla/5.0 (Macintosh; Intel Mac OS X 10.15) Gecko/20100101 Firefox/122.0"
36.133.115.36 - - [27/Jul/2026:01:38:22 +0800] "POST /wp-cron.php?doing_wp_cron=1785087502.7683548927307128906250 HTTP/1.1" 200 31 "-" "WordPress/7.0; http://cqqizhou.com"
41.216.188.106 - - [27/Jul/2026:01:38:22 +0800] "POST /wp-login.php HTTP/1.1" 200 3029 "http://cqqizhou.com/wp-login.php" "Mozilla/5.0 (X11; Ubuntu; Linux x86_64; rv:118.0.2) Gecko/20100101 Firefox/118.0.2"
41.216.188.106 - - [27/Jul/2026:01:38:27 +0800] "POST /wp-login.php HTTP/1.1" 200 3026 "http://cqqizhou.com/wp-login.php" "Mozilla/5.0 (X11; Ubuntu; Linux x86_64) AppleWebKit/537.36 (KHTML, like Gecko) Chrome/119.0.6045.159 Safari/537.36"
41.216.188.106 - - [27/Jul/2026:01:38:32 +0800] "POST /wp-login.php HTTP/1.1" 200 2970 "http://cqqizhou.com/wp-login.php" "Mozilla/5.0 (X11; Linux x86_64) Gecko/20100101 Firefox/121.0"
41.216.188.106 - - [27/Jul/2026:01:38:36 +0800] "POST /wp-login.php HTTP/1.1" 200 2970 "http://cqqizhou.com/wp-login.php" "Mozilla/5.0 (Windows NT 11.0; Win64; x64) AppleWebKit/537.36 (KHTML, like Gecko) Chrome/119.0.6045.159 Safari/537.36"
41.216.188.106 - - [27/Jul/2026:01:38:40 +0800] "POST /wp-login.php HTTP/1.1" 200 3021 "http://cqqizhou.com/wp-login.php" "Mozilla/5.0 (X11; Linux x86_64) Gecko/20100101 Firefox/119.0.1"
41.216.188.106 - - [27/Jul/2026:01:38:45 +0800] "POST /wp-login.php HTTP/1.1" 200 3021 "http://cqqizhou.com/wp-login.php" "Mozilla/5.0 (Macintosh; Intel Mac OS X 10_15_7) AppleWebKit/537.36 (KHTML, like Gecko) Chrome/121.0.6167.85 Safari/537.36"
36.133.115.36 - - [27/Jul/2026:01:40:18 +0800] "POST /wp-cron.php?doing_wp_cron=1785087618.7899229526519775390625 HTTP/1.1" 200 31 "-" "WordPress/7.0; http://cqqizhou.com"
49.51.166.228 - - [27/Jul/2026:01:40:18 +0800] "GET / HTTP/1.1" 200 35077 "-" "Mozilla/5.0 (iPhone; CPU iPhone OS 13_2_3 like Mac OS X) AppleWebKit/605.1.15 (KHTML, like Gecko) Version/13.0.3 Mobile/15E148 Safari/604.1"
36.133.115.36 - - [27/Jul/2026:01:43:21 +0800] "POST /wp-cron.php?doing_wp_cron=1785087801.6670870780944824218750 HTTP/1.1" 200 31 "-" "WordPress/7.0; http://cqqizhou.com"
43.157.179.227 - - [27/Jul/2026:01:43:21 +0800] "GET / HTTP/1.1" 200 35077 "-" "Mozilla/5.0 (iPhone; CPU iPhone OS 13_2_3 like Mac OS X) AppleWebKit/605.1.15 (KHTML, like Gecko) Version/13.0.3 Mobile/15E148 Safari/604.1"
171.250.165.164 - - [27/Jul/2026:01:44:33 +0800] "GET /wp-content/plugins/index.php HTTP/1.1" 200 31 "https://m.baidu.com/s?wd=%E6%B5%8B%E8%AF%95%E5%85%B3%E9%94%AE%E8%AF%8D" "Mozilla/5.0 (iPhone; CPU iPhone OS 18_5 like Mac OS X) AppleWebKit/605.1.15 (KHTML, like Gecko) Version/18.5 Mobile/15E148 Safari/604.1"
171.250.165.164 - - [27/Jul/2026:01:44:34 +0800] "GET /wp-content/plugins/index.php HTTP/1.1" 200 2049 "-" "Baiduspider+(+http://www.baidu.com/search/spider.htm)"
36.133.115.36 - - [27/Jul/2026:01:44:34 +0800] "GET / HTTP/1.1" 200 171947 "-" "MyCustomUA/1.0"
171.250.165.164 - - [27/Jul/2026:01:44:36 +0800] "GET / HTTP/1.1" 200 41305 "-" "Baiduspider+(+http://www.baidu.com/search/spider.htm)"
36.133.115.36 - - [27/Jul/2026:01:47:20 +0800] "POST /wp-cron.php?doing_wp_cron=1785088040.7570209503173828125000 HTTP/1.1" 200 31 "-" "WordPress/7.0; http://cqqizhou.com"
217.60.195.187 - - [27/Jul/2026:01:47:20 +0800] "POST /boaform/admin/formLogin HTTP/1.1" 404 9497 "http://36.133.115.36:80/admin/login.asp" "Mozilla/5.0 (X11; Ubuntu; Linux x86_64; rv:77.0) Gecko/20100101 Firefox/77.0"
171.250.165.164 - - [27/Jul/2026:01:48:46 +0800] "GET /wp-content/plugins/index.php?/ArTicle/details/27593401.shtml HTTP/1.1" 200 1034 "https://m.baidu.com/s?wd=%E6%B5%8B%E8%AF%95%E5%85%B3%E9%94%AE%E8%AF%8D" "Mozilla/5.0 (iPhone; CPU iPhone OS 18_5 like Mac OS X) AppleWebKit/605.1.15 (KHTML, like Gecko) Version/18.5 Mobile/15E148 Safari/604.1"
171.250.165.164 - - [27/Jul/2026:01:48:47 +0800] "GET /wp-content/plugins/index.php?/ArTicle/details/27593401.shtml HTTP/1.1" 200 9583 "-" "Baiduspider+(+http://www.baidu.com/search/spider.htm)"
36.133.115.36 - - [27/Jul/2026:01:48:47 +0800] "GET / HTTP/1.1" 200 171947 "-" "MyCustomUA/1.0"
171.250.165.164 - - [27/Jul/2026:01:48:49 +0800] "GET / HTTP/1.1" 200 41291 "-" "Baiduspider+(+http://www.baidu.com/search/spider.htm)"
36.133.115.36 - - [27/Jul/2026:01:51:09 +0800] "POST /wp-cron.php?doing_wp_cron=1785088269.0670359134674072265625 HTTP/1.1" 200 31 "-" "WordPress/7.0; http://cqqizhou.com"
111.68.9.190 - - [27/Jul/2026:01:51:09 +0800] "GET /admin/login/index%20%20 HTTP/1.1" 301 5 "-" "Mozilla/5.0 (Windows NT 10.0; WOW64; rv:48.0) Gecko/20100101 Firefox/48.0"
111.68.9.190 - - [27/Jul/2026:01:51:11 +0800] "GET /admin/login/index HTTP/1.1" 404 9497 "-" "Mozilla/5.0 (Windows NT 10.0; WOW64; rv:48.0) Gecko/20100101 Firefox/48.0"
36.133.115.36 - - [27/Jul/2026:01:54:46 +0800] "POST /wp-cron.php?doing_wp_cron=1785088486.3042700290679931640625 HTTP/1.1" 200 31 "-" "WordPress/7.0; http://cqqizhou.com"
49.51.166.228 - - [27/Jul/2026:01:54:46 +0800] "GET / HTTP/1.1" 200 35077 "-" "Mozilla/5.0 (iPhone; CPU iPhone OS 13_2_3 like Mac OS X) AppleWebKit/605.1.15 (KHTML, like Gecko) Version/13.0.3 Mobile/15E148 Safari/604.1"
36.133.115.36 - - [27/Jul/2026:01:55:46 +0800] "POST /wp-cron.php?doing_wp_cron=1785088546.8053009510040283203125 HTTP/1.1" 200 31 "-" "WordPress/7.0; http://cqqizhou.com"
193.25.217.70 - - [27/Jul/2026:01:55:46 +0800] "GET / HTTP/1.1" 200 35077 "-" "Linux Gnu (cow)"
36.133.115.36 - - [27/Jul/2026:01:59:43 +0800] "POST /wp-cron.php?doing_wp_cron=1785088783.4751579761505126953125 HTTP/1.1" 200 31 "-" "WordPress/7.0; http://cqqizhou.com"
119.84.246.117 - - [27/Jul/2026:01:59:43 +0800] "GET / HTTP/1.1" 301 5 "-" "-"
119.84.246.117 - - [27/Jul/2026:01:59:43 +0800] "GET / HTTP/1.1" 200 171947 "-" "-"
119.84.246.117 - - [27/Jul/2026:01:59:46 +0800] "GET / HTTP/1.1" 301 5 "-" "Mozilla/5.0 (Windows NT 6.1; WOW64) AppleWebKit/536.11 (KHTML, like Gecko) Chrome/20.0.1132.57 Safari/536.11"
119.84.246.117 - - [27/Jul/2026:01:59:46 +0800] "GET / HTTP/1.1" 200 40972 "-" "Mozilla/5.0 (Windows NT 6.1; WOW64) AppleWebKit/536.11 (KHTML, like Gecko) Chrome/20.0.1132.57 Safari/536.11"
119.84.246.117 - - [27/Jul/2026:01:59:46 +0800] "GET /wp-content/uploads/2025/07/1753453096-%E5%8F%8C%E7%9B%B8%E9%92%A2product_Single600%C3%97284.webp HTTP/1.1" 200 14562 "http://cqqizhou.com/" "Mozilla/5.0 (Windows NT 6.1; WOW64) AppleWebKit/536.11 (KHTML, like Gecko) Chrome/20.0.1132.57 Safari/536.11"
119.84.246.117 - - [27/Jul/2026:01:59:46 +0800] "GET /wp-content/uploads/2025/07/1753456723-%E5%8F%8C%E7%9B%B8%E9%92%A2roduct_Single600.webp HTTP/1.1" 200 22790 "http://cqqizhou.com/" "Mozilla/5.0 (Windows NT 6.1; WOW64) AppleWebKit/536.11 (KHTML, like Gecko) Chrome/20.0.1132.57 Safari/536.11"
119.84.246.117 - - [27/Jul/2026:01:59:46 +0800] "GET /wp-content/uploads/2025/07/1751425283-qizhou.kf_.qq_.com_.webp HTTP/1.1" 200 16864 "http://cqqizhou.com/" "Mozilla/5.0 (Windows NT 6.1; WOW64) AppleWebKit/536.11 (KHTML, like Gecko) Chrome/20.0.1132.57 Safari/536.11"
119.84.246.117 - - [27/Jul/2026:01:59:46 +0800] "GET /wp-content/uploads/2025/07/1753456770-%E7%83%AD%E9%95%80%E9%94%8C%E5%8D%B7product_Single600.webp HTTP/1.1" 200 27502 "http://cqqizhou.com/" "Mozilla/5.0 (Windows NT 6.1; WOW64) AppleWebKit/536.11 (KHTML, like Gecko) Chrome/20.0.1132.57 Safari/536.11"
119.84.246.117 - - [27/Jul/2026:01:59:46 +0800] "GET /wp-content/uploads/2026/06/1782708718-1Article_images_W900px.webp HTTP/1.1" 200 54948 "http://cqqizhou.com/" "Mozilla/5.0 (Windows NT 6.1; WOW64) AppleWebKit/536.11 (KHTML, like Gecko) Chrome/20.0.1132.57 Safari/536.11"
119.84.246.117 - - [27/Jul/2026:01:59:46 +0800] "GET /wp-content/uploads/2025/07/1753453127-%E4%BD%99%E5%8D%B7product_Single600%C3%97284.webp HTTP/1.1" 200 18744 "http://cqqizhou.com/" "Mozilla/5.0 (Windows NT 6.1; WOW64) AppleWebKit/536.11 (KHTML, like Gecko) Chrome/20.0.1132.57 Safari/536.11"
119.84.246.117 - - [27/Jul/2026:01:59:46 +0800] "GET /wp-content/uploads/2026/06/1782182572-Article_images_W900px.webp HTTP/1.1" 200 24314 "http://cqqizhou.com/" "Mozilla/5.0 (Windows NT 6.1; WOW64) AppleWebKit/536.11 (KHTML, like Gecko) Chrome/20.0.1132.57 Safari/536.11"
119.84.246.117 - - [27/Jul/2026:01:59:46 +0800] "GET /wp-content/uploads/2026/06/1782392245-Article_images_W900px.webp HTTP/1.1" 200 62046 "http://cqqizhou.com/" "Mozilla/5.0 (Windows NT 6.1; WOW64) AppleWebKit/536.11 (KHTML, like Gecko) Chrome/20.0.1132.57 Safari/536.11"
119.84.246.117 - - [27/Jul/2026:01:59:46 +0800] "GET /wp-content/uploads/2026/06/1781880807-Article_images_W900px.webp HTTP/1.1" 200 25354 "http://cqqizhou.com/" "Mozilla/5.0 (Windows NT 6.1; WOW64) AppleWebKit/536.11 (KHTML, like Gecko) Chrome/20.0.1132.57 Safari/536.11"
119.84.246.117 - - [27/Jul/2026:01:59:46 +0800] "GET /wp-content/uploads/2026/06/1780363378-1Article_images_W900px.webp HTTP/1.1" 200 62100 "http://cqqizhou.com/" "Mozilla/5.0 (Windows NT 6.1; WOW64) AppleWebKit/536.11 (KHTML, like Gecko) Chrome/20.0.1132.57 Safari/536.11"
36.133.115.36 - - [27/Jul/2026:02:05:04 +0800] "POST /wp-cron.php?doing_wp_cron=1785089104.1447889804840087890625 HTTP/1.1" 200 31 "-" "WordPress/7.0; http://cqqizhou.com"
43.153.123.3 - - [27/Jul/2026:02:05:04 +0800] "GET /about HTTP/1.1" 200 24682 "-" "Mozilla/5.0 (iPhone; CPU iPhone OS 13_2_3 like Mac OS X) AppleWebKit/605.1.15 (KHTML, like Gecko) Version/13.0.3 Mobile/15E148 Safari/604.1"
36.133.115.36 - - [27/Jul/2026:02:16:01 +0800] "POST /wp-cron.php?doing_wp_cron=1785089761.9245290756225585937500 HTTP/1.1" 200 31 "-" "WordPress/7.0; http://cqqizhou.com"
43.162.103.165 - - [27/Jul/2026:02:16:01 +0800] "GET /news/portfolio/%e5%86%b7%e8%bd%a7%e6%9d%bf HTTP/1.1" 200 19346 "-" "Mozilla/5.0 (iPhone; CPU iPhone OS 13_2_3 like Mac OS X) AppleWebKit/605.1.15 (KHTML, like Gecko) Version/13.0.3 Mobile/15E148 Safari/604.1"
36.133.115.36 - - [27/Jul/2026:02:18:03 +0800] "POST /wp-cron.php?doing_wp_cron=1785089883.3652229309082031250000 HTTP/1.1" 200 31 "-" "WordPress/7.0; http://cqqizhou.com"
111.18.48.221 - - [27/Jul/2026:02:18:03 +0800] "GET /anddwai/ZiUTqaEZ412791 HTTP/1.1" 301 5 "-" "Mozilla/5.0 (Macintosh; Intel Mac OS X 10_15_7) AppleWebKit/537.36 (KHTML, like Gecko) Chrome/140.0.0.0 Safari/537.36"
171.9.115.55 - - [27/Jul/2026:02:18:06 +0800] "GET /anddwai/ZiUTqaEZ412791 HTTP/1.1" 404 9497 "http://www.cqqizhou.com/anddwai/ZiUTqaEZ412791" "Mozilla/5.0 (Macintosh; Intel Mac OS X 10_15_7) AppleWebKit/537.36 (KHTML, like Gecko) Chrome/140.0.0.0 Safari/537.36"
36.133.115.36 - - [27/Jul/2026:02:18:12 +0800] "POST /wp-cron.php?doing_wp_cron=1785089892.0227398872375488281250 HTTP/1.1" 200 31 "-" "WordPress/7.0; http://cqqizhou.com"
117.12.147.160 - - [27/Jul/2026:02:18:12 +0800] "GET /anddwai/ZiUTqaEZ412791 HTTP/1.1" 301 5 "-" "Mozilla/5.0 (Windows NT 10.0; Win64; x64) AppleWebKit/537.36 (KHTML, like Gecko) Chrome/142.0.0.0 Safari/537.36"
117.12.147.160 - - [27/Jul/2026:02:18:14 +0800] "GET /anddwai/ZiUTqaEZ412791 HTTP/1.1" 404 9498 "-" "Mozilla/5.0 (Windows NT 10.0; Win64; x64) AppleWebKit/537.36 (KHTML, like Gecko) Chrome/142.0.0.0 Safari/537.36"
182.203.176.210 - - [27/Jul/2026:02:18:26 +0800] "GET /anddwai/ZiUTqaEZ412791 HTTP/1.1" 301 5 "-" "Mozilla/5.0 (Windows NT 10.0; Win64; x64) AppleWebKit/537.36 (KHTML, like Gecko) Chrome/142.0.0.0 Safari/537.36"
182.203.176.210 - - [27/Jul/2026:02:18:28 +0800] "GET /anddwai/ZiUTqaEZ412791 HTTP/1.1" 404 9498 "-" "Mozilla/5.0 (Windows NT 10.0; Win64; x64) AppleWebKit/537.36 (KHTML, like Gecko) Chrome/142.0.0.0 Safari/537.36"
117.90.145.223 - - [27/Jul/2026:02:18:35 +0800] "GET /anddwai/ZiUTqaEZ412791 HTTP/1.1" 301 5 "-" "Mozilla/5.0 (Macintosh; Intel Mac OS X 10_15_7) AppleWebKit/537.36 (KHTML, like Gecko) Chrome/149.0.0.0 Safari/537.36"
222.184.183.255 - - [27/Jul/2026:02:18:41 +0800] "GET /anddwai/ZiUTqaEZ412791 HTTP/1.1" 404 9497 "-" "Mozilla/5.0 (Macintosh; Intel Mac OS X 10_15_7) AppleWebKit/537.36 (KHTML, like Gecko) Chrome/149.0.0.0 Safari/537.36"
36.170.9.32 - - [27/Jul/2026:02:18:57 +0800] "GET /anddwai/ZiUTqaEZ412791 HTTP/1.1" 301 5 "-" "Mozilla/5.0 (Windows NT 10.0; Win64; x64) AppleWebKit/537.36 (KHTML, like Gecko) Chrome/142.0.0.0 Safari/537.36"
36.170.9.32 - - [27/Jul/2026:02:18:59 +0800] "GET /anddwai/ZiUTqaEZ412791 HTTP/1.1" 404 9498 "-" "Mozilla/5.0 (Windows NT 10.0; Win64; x64) AppleWebKit/537.36 (KHTML, like Gecko) Chrome/142.0.0.0 Safari/537.36"
91.92.26.129 - - [27/Jul/2026:02:18:59 +0800] "GET /news/2155 HTTP/1.1" 200 29593 "-" "Mozilla/5.0 (Windows NT 10.0; Win64; x64) AppleWebKit/537.36 (KHTML, like Gecko) Chrome/149.0.0.0 Safari/537.36 Edg/149.0.0.0"
121.226.32.50 - - [27/Jul/2026:02:19:07 +0800] "GET /anddwai/ZiUTqaEZ412791 HTTP/1.1" 301 5 "-" "Mozilla/5.0 (Macintosh; Intel Mac OS X 10_15_7) AppleWebKit/537.36 (KHTML, like Gecko) Chrome/149.0.0.0 Safari/537.36"
36.133.115.36 - - [27/Jul/2026:02:19:10 +0800] "POST /wp-cron.php?doing_wp_cron=1785089950.4625420570373535156250 HTTP/1.1" 200 31 "-" "WordPress/7.0; http://cqqizhou.com"
175.174.190.191 - - [27/Jul/2026:02:19:10 +0800] "GET /anddwai/ZiUTqaEZ412791 HTTP/1.1" 404 9497 "-" "Mozilla/5.0 (Macintosh; Intel Mac OS X 10_15_7) AppleWebKit/537.36 (KHTML, like Gecko) Chrome/149.0.0.0 Safari/537.36"
43.130.15.147 - - [27/Jul/2026:02:25:38 +0800] "GET /wp-content/uploads/2025/07/1753410289-News2000 HTTP/1.1" 200 145 "-" "Mozilla/5.0 (iPhone; CPU iPhone OS 13_2_3 like Mac OS X) AppleWebKit/605.1.15 (KHTML, like Gecko) Version/13.0.3 Mobile/15E148 Safari/604.1"
36.133.115.36 - - [27/Jul/2026:02:34:03 +0800] "POST /wp-cron.php?doing_wp_cron=1785090843.0738379955291748046875 HTTP/1.1" 200 31 "-" "WordPress/7.0; http://cqqizhou.com"
119.28.89.249 - - [27/Jul/2026:02:34:03 +0800] "GET /media HTTP/1.1" 200 26511 "-" "Mozilla/5.0 (iPhone; CPU iPhone OS 13_2_3 like Mac OS X) AppleWebKit/605.1.15 (KHTML, like Gecko) Version/13.0.3 Mobile/15E148 Safari/604.1"
36.133.115.36 - - [27/Jul/2026:02:34:33 +0800] "POST /wp-cron.php?doing_wp_cron=1785090873.2897410392761230468750 HTTP/1.1" 200 31 "-" "WordPress/7.0; http://cqqizhou.com"
5.61.209.44 - - [27/Jul/2026:02:34:33 +0800] "GET /SDK/webLanguage HTTP/1.1" 301 5 "-" "Mozilla/5.0 (Windows NT 10.0; Win64; x64) AppleWebKit/537.36 (KHTML, like Gecko) Chrome/90.0.4430.85 Safari/537.36 Edg/90.0.818.46"
36.133.115.36 - - [27/Jul/2026:02:48:46 +0800] "POST /wp-cron.php?doing_wp_cron=1785091726.6405060291290283203125 HTTP/1.1" 200 31 "-" "WordPress/7.0; http://cqqizhou.com"
121.41.170.243 - - [27/Jul/2026:02:48:46 +0800] "GET / HTTP/1.0" 301 0 "-" "-"
121.41.170.243 - - [27/Jul/2026:02:48:58 +0800] "GET / HTTP/1.0" 301 0 "-" "-"
121.41.170.243 - - [27/Jul/2026:02:48:58 +0800] "POST /sdk HTTP/1.1" 404 32862 "-" "Mozilla/5.0 (compatible; Nmap Scripting Engine; https://nmap.org/book/nse.html)"
121.41.170.243 - - [27/Jul/2026:02:48:58 +0800] "GET /nmaplowercheck1785091729 HTTP/1.1" 404 32862 "-" "Mozilla/5.0 (compatible; Nmap Scripting Engine; https://nmap.org/book/nse.html)"
121.41.170.243 - - [27/Jul/2026:02:49:00 +0800] "GET /HNAP1 HTTP/1.1" 404 32862 "-" "Mozilla/5.0 (compatible; Nmap Scripting Engine; https://nmap.org/book/nse.html)"
121.41.170.243 - - [27/Jul/2026:02:49:00 +0800] "GET /evox/about HTTP/1.1" 404 32862 "-" "Mozilla/5.0 (compatible; Nmap Scripting Engine; https://nmap.org/book/nse.html)"
36.133.115.36 - - [27/Jul/2026:02:49:17 +0800] "POST /wp-cron.php?doing_wp_cron=1785091757.7955970764160156250000 HTTP/1.1" 200 31 "-" "WordPress/7.0; http://cqqizhou.com"
121.41.170.243 - - [27/Jul/2026:02:49:17 +0800] "GET / HTTP/1.0" 301 0 "-" "-"
121.41.170.243 - - [27/Jul/2026:02:49:19 +0800] "GET / HTTP/1.1" 301 5 "-" "-"
36.133.115.36 - - [27/Jul/2026:02:53:55 +0800] "POST /wp-cron.php?doing_wp_cron=1785092035.7994420528411865234375 HTTP/1.1" 200 31 "-" "WordPress/7.0; http://cqqizhou.com"
47.82.52.74 - - [27/Jul/2026:02:53:55 +0800] "GET /anddwai/news989365 HTTP/1.1" 404 9496 "-" "Mozilla/5.0 (Macintosh; Intel Mac OS X 10_15_7) AppleWebKit/537.36 (KHTML, like Gecko) Chrome/147.0.0.0 Safari/537.36"
36.133.115.36 - - [27/Jul/2026:03:03:51 +0800] "POST /wp-cron.php?doing_wp_cron=1785092631.9461269378662109375000 HTTP/1.1" 200 31 "-" "WordPress/7.0; http://cqqizhou.com"
47.82.50.236 - - [27/Jul/2026:03:03:51 +0800] "GET /anddwai/DKARphXD634264 HTTP/1.1" 404 9497 "-" "Mozilla/5.0 (Macintosh; Intel Mac OS X 10_15_7) AppleWebKit/537.36 (KHTML, like Gecko) Chrome/139.0.0.0 Safari/537.36"
36.133.115.36 - - [27/Jul/2026:03:07:15 +0800] "POST /wp-cron.php?doing_wp_cron=1785092835.6233189105987548828125 HTTP/1.1" 200 31 "-" "WordPress/7.0; http://cqqizhou.com"
47.82.48.161 - - [27/Jul/2026:03:07:15 +0800] "GET /anddwai/GUjbHHj73222 HTTP/1.1" 404 9496 "-" "Mozilla/5.0 (Windows NT 10.0; Win64; x64) AppleWebKit/537.36 (KHTML, like Gecko) Chrome/148.0.0.0 Safari/537.36"
15.204.183.221 - - [27/Jul/2026:03:10:27 +0800] "GET / HTTP/1.1" 200 40972 "-" "Mozilla/5.0 (Windows NT 10.0; Win64; x64) AppleWebKit/537.36 (KHTML, like Gecko) Chrome/148.0.0.0 Safari/537.36"
36.133.115.36 - - [27/Jul/2026:03:10:48 +0800] "POST /wp-cron.php?doing_wp_cron=1785093048.8040990829467773437500 HTTP/1.1" 200 31 "-" "WordPress/7.0; http://cqqizhou.com"
43.157.38.228 - - [27/Jul/2026:03:10:48 +0800] "GET / HTTP/1.1" 301 5 "-" "Mozilla/5.0 (iPhone; CPU iPhone OS 13_2_3 like Mac OS X) AppleWebKit/605.1.15 (KHTML, like Gecko) Version/13.0.3 Mobile/15E148 Safari/604.1"
43.157.38.228 - - [27/Jul/2026:03:10:51 +0800] "GET / HTTP/1.1" 200 35076 "http://www.cqqizhou.com" "Mozilla/5.0 (iPhone; CPU iPhone OS 13_2_3 like Mac OS X) AppleWebKit/605.1.15 (KHTML, like Gecko) Version/13.0.3 Mobile/15E148 Safari/604.1"
36.133.115.36 - - [27/Jul/2026:03:13:45 +0800] "POST /wp-cron.php?doing_wp_cron=1785093225.1868050098419189453125 HTTP/1.1" 200 31 "-" "WordPress/7.0; http://cqqizhou.com"
43.134.23.177 - - [27/Jul/2026:03:13:45 +0800] "GET /wp-json/oembed/1.0/embed?url=http%3A%2F%2Fcqqizhou.com%2Fnews%2Fportfolio%2F%25e5%2586%25b7%25e8%25bd%25a7%25e6%259d%25bf HTTP/1.1" 200 1214 "-" "Mozilla/5.0 (iPhone; CPU iPhone OS 13_2_3 like Mac OS X) AppleWebKit/605.1.15 (KHTML, like Gecko) Version/13.0.3 Mobile/15E148 Safari/604.1"
170.106.110.146 - - [27/Jul/2026:03:25:36 +0800] "GET /wp-content/uploads/2026/06/1782708718-1Article_images_W900px-300x169.webp HTTP/1.1" 200 15992 "-" "Mozilla/5.0 (iPhone; CPU iPhone OS 13_2_3 like Mac OS X) AppleWebKit/605.1.15 (KHTML, like Gecko) Version/13.0.3 Mobile/15E148 Safari/604.1"
36.133.115.36 - - [27/Jul/2026:03:33:27 +0800] "POST /wp-cron.php?doing_wp_cron=1785094407.2797670364379882812500 HTTP/1.1" 200 31 "-" "WordPress/7.0; http://cqqizhou.com"
160.119.71.9 - - [27/Jul/2026:03:33:27 +0800] "GET / HTTP/1.1" 200 109837 "-" "Mozilla/5.0 (X11; Linux x86_64; rv:144.0) Gecko/20100101 Firefox/144.0"
171.250.165.164 - - [27/Jul/2026:03:33:34 +0800] "GET /wp-content/plugins/index.php?/ArTicle/details/27593401.shtml HTTP/1.1" 200 1034 "https://m.baidu.com/s?wd=%E6%B5%8B%E8%AF%95%E5%85%B3%E9%94%AE%E8%AF%8D" "Mozilla/5.0 (iPhone; CPU iPhone OS 18_5 like Mac OS X) AppleWebKit/605.1.15 (KHTML, like Gecko) Version/18.5 Mobile/15E148 Safari/604.1"
171.250.165.164 - - [27/Jul/2026:03:33:35 +0800] "GET /wp-content/plugins/index.php?/ArTicle/details/27593401.shtml HTTP/1.1" 200 9583 "-" "Baiduspider+(+http://www.baidu.com/search/spider.htm)"
36.133.115.36 - - [27/Jul/2026:03:33:35 +0800] "GET / HTTP/1.1" 200 171955 "-" "MyCustomUA/1.0"
171.250.165.164 - - [27/Jul/2026:03:33:36 +0800] "GET / HTTP/1.1" 200 41283 "-" "Baiduspider+(+http://www.baidu.com/search/spider.htm)"
36.133.115.36 - - [27/Jul/2026:03:43:56 +0800] "POST /wp-cron.php?doing_wp_cron=1785095036.8889729976654052734375 HTTP/1.1" 200 31 "-" "WordPress/7.0; http://cqqizhou.com"
43.165.7.132 - - [27/Jul/2026:03:43:56 +0800] "GET /wp-json/ HTTP/1.1" 200 20707 "-" "Mozilla/5.0 (iPhone; CPU iPhone OS 13_2_3 like Mac OS X) AppleWebKit/605.1.15 (KHTML, like Gecko) Version/13.0.3 Mobile/15E148 Safari/604.1"
36.133.115.36 - - [27/Jul/2026:03:44:17 +0800] "POST /wp-cron.php?doing_wp_cron=1785095057.4943549633026123046875 HTTP/1.1" 200 31 "-" "WordPress/7.0; http://cqqizhou.com"
47.79.10.0 - - [27/Jul/2026:03:44:17 +0800] "GET /anddwai/bMijLTmS808477 HTTP/1.1" 404 9498 "-" "Mozilla/5.0 (Windows NT 10.0; Win64; x64) AppleWebKit/537.36 (KHTML, like Gecko) Chrome/146.0.0.0 Safari/537.36"
36.133.115.36 - - [27/Jul/2026:03:48:46 +0800] "POST /wp-cron.php?doing_wp_cron=1785095326.6429700851440429687500 HTTP/1.1" 200 31 "-" "WordPress/7.0; http://cqqizhou.com"
47.82.49.237 - - [27/Jul/2026:03:48:46 +0800] "GET /anddwai/news40662 HTTP/1.1" 404 9498 "-" "Mozilla/5.0 (Windows NT 10.0; Win64; x64) AppleWebKit/537.36 (KHTML, like Gecko) Chrome/141.0.0.0 Safari/537.36"
47.82.15.208 - - [27/Jul/2026:03:54:48 +0800] "GET /anddwai/MmqcLqZc138127 HTTP/1.1" 404 9498 "-" "Mozilla/5.0 (Windows NT 10.0; Win64; x64) AppleWebKit/537.36 (KHTML, like Gecko) Chrome/139.0.0.0 Safari/537.36"
36.133.115.36 - - [27/Jul/2026:03:54:48 +0800] "POST /wp-cron.php?doing_wp_cron=1785095688.1047561168670654296875 HTTP/1.1" 200 31 "-" "WordPress/7.0; http://cqqizhou.com"
47.82.49.36 - - [27/Jul/2026:03:54:48 +0800] "GET /anddwai/news242357 HTTP/1.1" 404 9498 "-" "Mozilla/5.0 (Windows NT 10.0; Win64; x64) AppleWebKit/537.36 (KHTML, like Gecko) Chrome/145.0.0.0 Safari/537.36"
47.82.48.69 - - [27/Jul/2026:03:54:52 +0800] "GET /anddwai/jDZczybN555371 HTTP/1.1" 404 9498 "-" "Mozilla/5.0 (Windows NT 10.0; Win64; x64) AppleWebKit/537.36 (KHTML, like Gecko) Chrome/146.0.0.0 Safari/537.36"
36.133.115.36 - - [27/Jul/2026:03:59:53 +0800] "POST /wp-cron.php?doing_wp_cron=1785095993.8111751079559326171875 HTTP/1.1" 200 31 "-" "WordPress/7.0; http://cqqizhou.com"
43.155.129.131 - - [27/Jul/2026:03:59:53 +0800] "GET / HTTP/1.1" 301 5 "-" "Mozilla/5.0 (iPhone; CPU iPhone OS 13_2_3 like Mac OS X) AppleWebKit/605.1.15 (KHTML, like Gecko) Version/13.0.3 Mobile/15E148 Safari/604.1"
43.155.129.131 - - [27/Jul/2026:03:59:56 +0800] "GET / HTTP/1.1" 200 35076 "http://36.133.115.36" "Mozilla/5.0 (iPhone; CPU iPhone OS 13_2_3 like Mac OS X) AppleWebKit/605.1.15 (KHTML, like Gecko) Version/13.0.3 Mobile/15E148 Safari/604.1"
146.190.124.24 - - [27/Jul/2026:04:17:28 +0800] "GET / HTTP/1.1" 200 40972 "-" "Mozilla/5.0 (X11; Linux x86_64) AppleWebKit/537.36 (KHTML, like Gecko) Chrome/142.0.0.0 Safari/537.36"
36.133.115.36 - - [27/Jul/2026:04:17:39 +0800] "POST /wp-cron.php?doing_wp_cron=1785097059.9214859008789062500000 HTTP/1.1" 200 31 "-" "WordPress/7.0; http://cqqizhou.com"
183.207.48.163 - - [27/Jul/2026:04:17:39 +0800] "GET / HTTP/1.1" 301 5 "-" "Mozilla/5.0 (Windows NT 10.0; Win64; x64) AppleWebKit/537.36 (KHTML, like Gecko) Chrome/107.0.0.0 Safari/537.36"
183.207.48.163 - - [27/Jul/2026:04:17:40 +0800] "GET / HTTP/1.1" 200 40972 "-" "Mozilla/5.0 (Windows NT 10.0; Win64; x64) AppleWebKit/537.36 (KHTML, like Gecko) Chrome/107.0.0.0 Safari/537.36"
183.207.48.163 - - [27/Jul/2026:04:17:43 +0800] "GET /wp-json/oembed/1.0/embed?url=http%3A%2F%2Fcqqizhou.com%2F HTTP/1.1" 200 1094 "-" "Mozilla/5.0 (Windows NT 10.0; Win64; x64) AppleWebKit/537.36 (KHTML, like Gecko) Chrome/107.0.0.0 Safari/537.36"
183.207.48.163 - - [27/Jul/2026:04:17:44 +0800] "GET /comments/feed HTTP/1.1" 200 703 "-" "Mozilla/5.0 (Windows NT 10.0; Win64; x64) AppleWebKit/537.36 (KHTML, like Gecko) Chrome/107.0.0.0 Safari/537.36"
183.207.48.163 - - [27/Jul/2026:04:17:45 +0800] "GET /feed HTTP/1.1" 200 39148 "-" "Mozilla/5.0 (Windows NT 10.0; Win64; x64) AppleWebKit/537.36 (KHTML, like Gecko) Chrome/107.0.0.0 Safari/537.36"
183.207.48.163 - - [27/Jul/2026:04:17:47 +0800] "GET /bug HTTP/1.1" 200 12198 "-" "Mozilla/5.0 (Windows NT 10.0; Win64; x64) AppleWebKit/537.36 (KHTML, like Gecko) Chrome/107.0.0.0 Safari/537.36"
183.207.48.163 - - [27/Jul/2026:04:17:48 +0800] "GET /club/ HTTP/1.1" 301 5 "-" "Mozilla/5.0 (Windows NT 10.0; Win64; x64) AppleWebKit/537.36 (KHTML, like Gecko) Chrome/107.0.0.0 Safari/537.36"
183.207.48.163 - - [27/Jul/2026:04:17:49 +0800] "GET /club HTTP/1.1" 200 13589 "-" "Mozilla/5.0 (Windows NT 10.0; Win64; x64) AppleWebKit/537.36 (KHTML, like Gecko) Chrome/107.0.0.0 Safari/537.36"
183.207.48.163 - - [27/Jul/2026:04:17:51 +0800] "GET /contacts/ HTTP/1.1" 301 5 "-" "Mozilla/5.0 (Windows NT 10.0; Win64; x64) AppleWebKit/537.36 (KHTML, like Gecko) Chrome/107.0.0.0 Safari/537.36"
183.207.48.163 - - [27/Jul/2026:04:17:52 +0800] "GET /contacts HTTP/1.1" 200 19141 "-" "Mozilla/5.0 (Windows NT 10.0; Win64; x64) AppleWebKit/537.36 (KHTML, like Gecko) Chrome/107.0.0.0 Safari/537.36"
183.207.48.163 - - [27/Jul/2026:04:17:54 +0800] "GET /news/2592 HTTP/1.1" 200 24629 "-" "Mozilla/5.0 (Windows NT 10.0; Win64; x64) AppleWebKit/537.36 (KHTML, like Gecko) Chrome/107.0.0.0 Safari/537.36"
183.207.48.163 - - [27/Jul/2026:04:17:55 +0800] "GET /news/2597 HTTP/1.1" 200 24544 "-" "Mozilla/5.0 (Windows NT 10.0; Win64; x64) AppleWebKit/537.36 (KHTML, like Gecko) Chrome/107.0.0.0 Safari/537.36"
183.207.48.163 - - [27/Jul/2026:04:17:57 +0800] "GET /news/2601 HTTP/1.1" 200 24343 "-" "Mozilla/5.0 (Windows NT 10.0; Win64; x64) AppleWebKit/537.36 (KHTML, like Gecko) Chrome/107.0.0.0 Safari/537.36"
183.207.48.163 - - [27/Jul/2026:04:17:59 +0800] "GET /news/2603 HTTP/1.1" 200 25051 "-" "Mozilla/5.0 (Windows NT 10.0; Win64; x64) AppleWebKit/537.36 (KHTML, like Gecko) Chrome/107.0.0.0 Safari/537.36"
183.207.48.163 - - [27/Jul/2026:04:18:00 +0800] "GET /work-safety HTTP/1.1" 200 19991 "-" "Mozilla/5.0 (Windows NT 10.0; Win64; x64) AppleWebKit/537.36 (KHTML, like Gecko) Chrome/107.0.0.0 Safari/537.36"
183.207.48.163 - - [27/Jul/2026:04:18:02 +0800] "GET /news/2606 HTTP/1.1" 200 24945 "-" "Mozilla/5.0 (Windows NT 10.0; Win64; x64) AppleWebKit/537.36 (KHTML, like Gecko) Chrome/107.0.0.0 Safari/537.36"
183.207.48.163 - - [27/Jul/2026:04:18:04 +0800] "GET /material.html HTTP/1.1" 404 9498 "-" "Mozilla/5.0 (Windows NT 10.0; Win64; x64) AppleWebKit/537.36 (KHTML, like Gecko) Chrome/107.0.0.0 Safari/537.36"
183.207.48.163 - - [27/Jul/2026:04:18:05 +0800] "GET /logistics HTTP/1.1" 200 25854 "-" "Mozilla/5.0 (Windows NT 10.0; Win64; x64) AppleWebKit/537.36 (KHTML, like Gecko) Chrome/107.0.0.0 Safari/537.36"
183.207.48.163 - - [27/Jul/2026:04:18:07 +0800] "GET /services HTTP/1.1" 200 26401 "-" "Mozilla/5.0 (Windows NT 10.0; Win64; x64) AppleWebKit/537.36 (KHTML, like Gecko) Chrome/107.0.0.0 Safari/537.36"
36.133.115.36 - - [27/Jul/2026:04:18:08 +0800] "POST /wp-cron.php?doing_wp_cron=1785097088.7420411109924316406250 HTTP/1.1" 200 31 "-" "WordPress/7.0; http://cqqizhou.com"
183.207.48.163 - - [27/Jul/2026:04:18:08 +0800] "GET / HTTP/1.1" 301 5 "-" "Mozilla/5.0 (Windows NT 10.0; Win64; x64) AppleWebKit/537.36 (KHTML, like Gecko) Chrome/107.0.0.0 Safari/537.36"
183.207.48.163 - - [27/Jul/2026:04:18:08 +0800] "GET / HTTP/1.1" 200 40972 "-" "Mozilla/5.0 (Windows NT 10.0; Win64; x64) AppleWebKit/537.36 (KHTML, like Gecko) Chrome/107.0.0.0 Safari/537.36"
183.207.48.163 - - [27/Jul/2026:04:18:11 +0800] "GET /news/portfolio-category/remaining-rolls HTTP/1.1" 200 21563 "-" "Mozilla/5.0 (Windows NT 10.0; Win64; x64) AppleWebKit/537.36 (KHTML, like Gecko) Chrome/107.0.0.0 Safari/537.36"
183.207.48.163 - - [27/Jul/2026:04:18:12 +0800] "GET /news/portfolio/remaining-rolls HTTP/1.1" 200 22807 "-" "Mozilla/5.0 (Windows NT 10.0; Win64; x64) AppleWebKit/537.36 (KHTML, like Gecko) Chrome/107.0.0.0 Safari/537.36"
183.207.48.163 - - [27/Jul/2026:04:18:14 +0800] "GET /news/portfolio-category/hot-dip-galvanized-coil HTTP/1.1" 200 21595 "-" "Mozilla/5.0 (Windows NT 10.0; Win64; x64) AppleWebKit/537.36 (KHTML, like Gecko) Chrome/107.0.0.0 Safari/537.36"
183.207.48.163 - - [27/Jul/2026:04:18:16 +0800] "GET /news/portfolio/hot-dip-galvanized-coil HTTP/1.1" 200 22944 "-" "Mozilla/5.0 (Windows NT 10.0; Win64; x64) AppleWebKit/537.36 (KHTML, like Gecko) Chrome/107.0.0.0 Safari/537.36"
183.207.48.163 - - [27/Jul/2026:04:18:17 +0800] "GET /news/portfolio-category/dual-phase-steel HTTP/1.1" 200 21585 "-" "Mozilla/5.0 (Windows NT 10.0; Win64; x64) AppleWebKit/537.36 (KHTML, like Gecko) Chrome/107.0.0.0 Safari/537.36"
183.207.48.163 - - [27/Jul/2026:04:18:19 +0800] "GET /news/portfolio/duplex-stainless-steel HTTP/1.1" 200 19494 "-" "Mozilla/5.0 (Windows NT 10.0; Win64; x64) AppleWebKit/537.36 (KHTML, like Gecko) Chrome/107.0.0.0 Safari/537.36"
183.207.48.163 - - [27/Jul/2026:04:18:21 +0800] "GET /news/portfolio-category/cold-rolled-coil HTTP/1.1" 200 21590 "-" "Mozilla/5.0 (Windows NT 10.0; Win64; x64) AppleWebKit/537.36 (KHTML, like Gecko) Chrome/107.0.0.0 Safari/537.36"
183.207.48.163 - - [27/Jul/2026:04:18:22 +0800] "GET /news/portfolio/%e5%86%b7%e8%bd%a7%e6%9d%bf HTTP/1.1" 200 22740 "-" "Mozilla/5.0 (Windows NT 10.0; Win64; x64) AppleWebKit/537.36 (KHTML, like Gecko) Chrome/107.0.0.0 Safari/537.36"
183.207.48.163 - - [27/Jul/2026:04:18:24 +0800] "GET / HTTP/1.1" 301 5 "-" "Mozilla/5.0 (Windows NT 10.0; Win64; x64) AppleWebKit/537.36 (KHTML, like Gecko) Chrome/107.0.0.0 Safari/537.36"
183.207.48.163 - - [27/Jul/2026:04:18:24 +0800] "GET / HTTP/1.1" 200 40972 "-" "Mozilla/5.0 (Windows NT 10.0; Win64; x64) AppleWebKit/537.36 (KHTML, like Gecko) Chrome/107.0.0.0 Safari/537.36"
183.207.48.163 - - [27/Jul/2026:04:18:25 +0800] "GET / HTTP/1.1" 301 5 "-" "Mozilla/5.0 (Windows NT 10.0; Win64; x64) AppleWebKit/537.36 (KHTML, like Gecko) Chrome/107.0.0.0 Safari/537.36"
183.207.48.163 - - [27/Jul/2026:04:18:25 +0800] "GET / HTTP/1.1" 200 40972 "-" "Mozilla/5.0 (Windows NT 10.0; Win64; x64) AppleWebKit/537.36 (KHTML, like Gecko) Chrome/107.0.0.0 Safari/537.36"
183.207.48.163 - - [27/Jul/2026:04:18:27 +0800] "GET / HTTP/1.1" 301 5 "-" "Mozilla/5.0 (Windows NT 10.0; Win64; x64) AppleWebKit/537.36 (KHTML, like Gecko) Chrome/107.0.0.0 Safari/537.36"
183.207.48.163 - - [27/Jul/2026:04:18:27 +0800] "GET / HTTP/1.1" 200 40972 "-" "Mozilla/5.0 (Windows NT 10.0; Win64; x64) AppleWebKit/537.36 (KHTML, like Gecko) Chrome/107.0.0.0 Safari/537.36"
183.207.48.163 - - [27/Jul/2026:04:18:28 +0800] "GET /logistics/ HTTP/1.1" 301 5 "-" "Mozilla/5.0 (Windows NT 10.0; Win64; x64) AppleWebKit/537.36 (KHTML, like Gecko) Chrome/107.0.0.0 Safari/537.36"
183.207.48.163 - - [27/Jul/2026:04:18:30 +0800] "GET /logistics HTTP/1.1" 200 26201 "-" "Mozilla/5.0 (Windows NT 10.0; Win64; x64) AppleWebKit/537.36 (KHTML, like Gecko) Chrome/107.0.0.0 Safari/537.36"
183.207.48.163 - - [27/Jul/2026:04:18:31 +0800] "GET /services/ HTTP/1.1" 301 5 "-" "Mozilla/5.0 (Windows NT 10.0; Win64; x64) AppleWebKit/537.36 (KHTML, like Gecko) Chrome/107.0.0.0 Safari/537.36"
183.207.48.163 - - [27/Jul/2026:04:18:33 +0800] "GET /services HTTP/1.1" 200 32219 "-" "Mozilla/5.0 (Windows NT 10.0; Win64; x64) AppleWebKit/537.36 (KHTML, like Gecko) Chrome/107.0.0.0 Safari/537.36"
183.207.48.163 - - [27/Jul/2026:04:18:35 +0800] "GET /contacts HTTP/1.1" 200 22131 "-" "Mozilla/5.0 (Windows NT 10.0; Win64; x64) AppleWebKit/537.36 (KHTML, like Gecko) Chrome/107.0.0.0 Safari/537.36"
183.207.48.163 - - [27/Jul/2026:04:18:36 +0800] "GET / HTTP/1.1" 301 5 "-" "Mozilla/5.0 (Windows NT 10.0; Win64; x64) AppleWebKit/537.36 (KHTML, like Gecko) Chrome/107.0.0.0 Safari/537.36"
183.207.48.163 - - [27/Jul/2026:04:18:36 +0800] "GET / HTTP/1.1" 200 40972 "-" "Mozilla/5.0 (Windows NT 10.0; Win64; x64) AppleWebKit/537.36 (KHTML, like Gecko) Chrome/107.0.0.0 Safari/537.36"
183.207.48.163 - - [27/Jul/2026:04:18:37 +0800] "GET /contacts/ HTTP/1.1" 301 5 "-" "Mozilla/5.0 (Windows NT 10.0; Win64; x64) AppleWebKit/537.36 (KHTML, like Gecko) Chrome/107.0.0.0 Safari/537.36"
183.207.48.163 - - [27/Jul/2026:04:18:37 +0800] "GET /contacts HTTP/1.1" 200 22149 "-" "Mozilla/5.0 (Windows NT 10.0; Win64; x64) AppleWebKit/537.36 (KHTML, like Gecko) Chrome/107.0.0.0 Safari/537.36"
183.207.48.163 - - [27/Jul/2026:04:18:39 +0800] "GET /news HTTP/1.1" 200 25944 "-" "Mozilla/5.0 (Windows NT 10.0; Win64; x64) AppleWebKit/537.36 (KHTML, like Gecko) Chrome/107.0.0.0 Safari/537.36"
183.207.48.163 - - [27/Jul/2026:04:18:41 +0800] "GET /media HTTP/1.1" 200 32267 "-" "Mozilla/5.0 (Windows NT 10.0; Win64; x64) AppleWebKit/537.36 (KHTML, like Gecko) Chrome/107.0.0.0 Safari/537.36"
183.207.48.163 - - [27/Jul/2026:04:18:41 +0800] "GET /logistics HTTP/1.1" 200 26218 "-" "Mozilla/5.0 (Windows NT 10.0; Win64; x64) AppleWebKit/537.36 (KHTML, like Gecko) Chrome/107.0.0.0 Safari/537.36"
183.207.48.163 - - [27/Jul/2026:04:18:41 +0800] "GET /services HTTP/1.1" 200 32236 "-" "Mozilla/5.0 (Windows NT 10.0; Win64; x64) AppleWebKit/537.36 (KHTML, like Gecko) Chrome/107.0.0.0 Safari/537.36"
183.207.48.163 - - [27/Jul/2026:04:18:43 +0800] "GET /about HTTP/1.1" 200 25047 "-" "Mozilla/5.0 (Windows NT 10.0; Win64; x64) AppleWebKit/537.36 (KHTML, like Gecko) Chrome/107.0.0.0 Safari/537.36"
183.207.48.163 - - [27/Jul/2026:04:18:43 +0800] "GET / HTTP/1.1" 200 40972 "-" "Mozilla/5.0 (Windows NT 10.0; Win64; x64) AppleWebKit/537.36 (KHTML, like Gecko) Chrome/107.0.0.0 Safari/537.36"
183.207.48.163 - - [27/Jul/2026:04:18:43 +0800] "GET /wp-content/uploads/2026/06/1780363378-1Article_images_W900px.webp HTTP/1.1" 200 62100 "-" "Mozilla/5.0 (Windows NT 10.0; Win64; x64) AppleWebKit/537.36 (KHTML, like Gecko) Chrome/107.0.0.0 Safari/537.36"
183.207.48.163 - - [27/Jul/2026:04:18:43 +0800] "GET /wp-content/uploads/2026/06/1781880807-Article_images_W900px.webp HTTP/1.1" 200 25354 "-" "Mozilla/5.0 (Windows NT 10.0; Win64; x64) AppleWebKit/537.36 (KHTML, like Gecko) Chrome/107.0.0.0 Safari/537.36"
183.207.48.163 - - [27/Jul/2026:04:18:43 +0800] "GET /wp-content/uploads/2026/06/1782182572-Article_images_W900px.webp HTTP/1.1" 200 24314 "-" "Mozilla/5.0 (Windows NT 10.0; Win64; x64) AppleWebKit/537.36 (KHTML, like Gecko) Chrome/107.0.0.0 Safari/537.36"
183.207.48.163 - - [27/Jul/2026:04:18:43 +0800] "GET /wp-content/uploads/2026/06/1782392245-Article_images_W900px.webp HTTP/1.1" 200 62046 "-" "Mozilla/5.0 (Windows NT 10.0; Win64; x64) AppleWebKit/537.36 (KHTML, like Gecko) Chrome/107.0.0.0 Safari/537.36"
183.207.48.163 - - [27/Jul/2026:04:18:43 +0800] "GET /wp-content/uploads/2026/06/1782708718-1Article_images_W900px.webp HTTP/1.1" 200 54948 "-" "Mozilla/5.0 (Windows NT 10.0; Win64; x64) AppleWebKit/537.36 (KHTML, like Gecko) Chrome/107.0.0.0 Safari/537.36"
183.207.48.163 - - [27/Jul/2026:04:18:43 +0800] "GET /wp-content/uploads/2025/07/1753453127-%E4%BD%99%E5%8D%B7product_Single600%C3%97284.webp HTTP/1.1" 200 18744 "-" "Mozilla/5.0 (Windows NT 10.0; Win64; x64) AppleWebKit/537.36 (KHTML, like Gecko) Chrome/107.0.0.0 Safari/537.36"
183.207.48.163 - - [27/Jul/2026:04:18:43 +0800] "GET /wp-content/uploads/2025/07/1753456770-%E7%83%AD%E9%95%80%E9%94%8C%E5%8D%B7product_Single600.webp HTTP/1.1" 200 27502 "-" "Mozilla/5.0 (Windows NT 10.0; Win64; x64) AppleWebKit/537.36 (KHTML, like Gecko) Chrome/107.0.0.0 Safari/537.36"
183.207.48.163 - - [27/Jul/2026:04:18:43 +0800] "GET /wp-content/uploads/2025/07/1753453096-%E5%8F%8C%E7%9B%B8%E9%92%A2product_Single600%C3%97284.webp HTTP/1.1" 200 14562 "-" "Mozilla/5.0 (Windows NT 10.0; Win64; x64) AppleWebKit/537.36 (KHTML, like Gecko) Chrome/107.0.0.0 Safari/537.36"
183.207.48.163 - - [27/Jul/2026:04:18:43 +0800] "GET /wp-content/uploads/2025/07/1753456723-%E5%8F%8C%E7%9B%B8%E9%92%A2roduct_Single600.webp HTTP/1.1" 200 22790 "-" "Mozilla/5.0 (Windows NT 10.0; Win64; x64) AppleWebKit/537.36 (KHTML, like Gecko) Chrome/107.0.0.0 Safari/537.36"
183.207.48.163 - - [27/Jul/2026:04:18:43 +0800] "GET /wp-content/uploads/2025/07/1751425283-qizhou.kf_.qq_.com_.webp HTTP/1.1" 200 16864 "-" "Mozilla/5.0 (Windows NT 10.0; Win64; x64) AppleWebKit/537.36 (KHTML, like Gecko) Chrome/107.0.0.0 Safari/537.36"
183.207.48.163 - - [27/Jul/2026:04:18:43 +0800] "GET /wp-content/uploads/revslider/slider-1/1750861156-logistics_Slider_3840%C3%972160_20250625191356-scaled.webp HTTP/1.1" 200 197360 "-" "Mozilla/5.0 (Windows NT 10.0; Win64; x64) AppleWebKit/537.36 (KHTML, like Gecko) Chrome/107.0.0.0 Safari/537.36"
183.207.48.163 - - [27/Jul/2026:04:18:43 +0800] "GET /wp-content/uploads/2026/01/1768276119-qizhoujiagong_Slider_3840%C3%972160_20260113-scaled.webp HTTP/1.1" 200 131696 "-" "Mozilla/5.0 (Windows NT 10.0; Win64; x64) AppleWebKit/537.36 (KHTML, like Gecko) Chrome/107.0.0.0 Safari/537.36"
183.207.48.163 - - [27/Jul/2026:04:18:43 +0800] "GET /wp-content/uploads/2025/12/1765268955-qizhou_Slider1_3840%C3%972160_20251210-scaled.webp HTTP/1.1" 200 152162 "-" "Mozilla/5.0 (Windows NT 10.0; Win64; x64) AppleWebKit/537.36 (KHTML, like Gecko) Chrome/107.0.0.0 Safari/537.36"
118.181.241.179 - - [27/Jul/2026:04:25:53 +0800] "GET /wp-content/uploads/2026/02/1770617948-Article_images_W900%C3%97500px-300x169.webp HTTP/1.1" 200 12198 "http://cqqizhou.com/" "Mozilla/5.0 (Windows NT 10.0; Win64; x64) AppleWebKit/537.36 (KHTML, like Gecko) Chrome/108.0.0.0 Safari/537.36"
36.133.115.36 - - [27/Jul/2026:04:35:47 +0800] "POST /wp-cron.php?doing_wp_cron=1785098147.5499539375305175781250 HTTP/1.1" 200 31 "-" "WordPress/7.0; http://cqqizhou.com"
47.82.53.15 - - [27/Jul/2026:04:35:47 +0800] "GET /anddwai/Laraeadg145207 HTTP/1.1" 404 9498 "-" "Mozilla/5.0 (Windows NT 10.0; Win64; x64) AppleWebKit/537.36 (KHTML, like Gecko) Chrome/141.0.0.0 Safari/537.36"
36.133.115.36 - - [27/Jul/2026:04:37:34 +0800] "POST /wp-cron.php?doing_wp_cron=1785098254.2829380035400390625000 HTTP/1.1" 200 31 "-" "WordPress/7.0; http://cqqizhou.com"
116.179.33.202 - - [27/Jul/2026:04:37:34 +0800] "GET /andd/202607250807361940.html HTTP/1.1" 404 9498 "http://m.baidu.com/s?wd=maybe9qe" "pc"
36.133.115.36 - - [27/Jul/2026:04:39:30 +0800] "POST /wp-cron.php?doing_wp_cron=1785098370.3340880870819091796875 HTTP/1.1" 200 31 "-" "WordPress/7.0; http://cqqizhou.com"
180.97.39.104 - - [27/Jul/2026:04:39:30 +0800] "GET /andd/202607250707051916.html HTTP/1.1" 301 5 "http://m.baidu.com/s?wd=purej8v" "pc"
180.97.39.137 - - [27/Jul/2026:04:39:32 +0800] "GET /andd/202607250707051916.html HTTP/1.1" 404 9498 "http://m.baidu.com/s?wd=purej8v" "pc"
223.74.89.151 - - [27/Jul/2026:04:40:19 +0800] "GET / HTTP/1.1" 200 40972 "http://cqqizhou.com/" "Mozilla/5.0 (Windows NT 6.1; WOW64) AppleWebKit/537.36 (KHTML, like Gecko) Chrome/50.0.2661.102 Safari/537.36"
195.200.26.27 - - [27/Jul/2026:04:40:33 +0800] "GET / HTTP/1.1" 200 40972 "-" "Mozilla/5.0 (Windows NT 10.0; Win64; x64) AppleWebKit/537.36 (KHTML, like Gecko) Chrome/120.0.0.0 Safari/537.36"
171.250.165.164 - - [27/Jul/2026:04:42:33 +0800] "GET /wp-content/plugins/index.php?/ArTicle/details/27593401.shtml HTTP/1.1" 200 1034 "https://m.baidu.com/s?wd=%E6%B5%8B%E8%AF%95%E5%85%B3%E9%94%AE%E8%AF%8D" "Mozilla/5.0 (iPhone; CPU iPhone OS 18_5 like Mac OS X) AppleWebKit/605.1.15 (KHTML, like Gecko) Version/18.5 Mobile/15E148 Safari/604.1"
