36.133.115.36 - - [24/Jul/2026:14:57:31 +0800] "POST /wp-cron.php?doing_wp_cron=1784876251.3027930259704589843750 HTTP/1.1" 200 31 "-" "WordPress/7.0; http://cqqizhou.com"
47.103.148.210 - - [24/Jul/2026:14:57:31 +0800] "GET / HTTP/1.1" 301 5 "-" "Mozilla/5.0 (iPhone; CPU iPhone OS 13_2_3 like Mac OS X) AppleWebKit/605.1.15 (KHTML, like Gecko) Version/13.0.3 Mobile/15E148 Safari/604.1"
47.103.148.210 - - [24/Jul/2026:14:57:37 +0800] "GET / HTTP/1.1" 200 35068 "http://www.cqqizhou.com" "Mozilla/5.0 (iPhone; CPU iPhone OS 13_2_3 like Mac OS X) AppleWebKit/605.1.15 (KHTML, like Gecko) Version/13.0.3 Mobile/15E148 Safari/604.1"
114.119.132.85 - - [24/Jul/2026:15:41:00 +0800] "GET /wp-content/uploads/2025/11/1762864376-QZ_Photo-4.webp HTTP/1.1" 200 249734 "http://cqqizhou.com/media" "Mozilla/5.0 (Linux; Android 7.0;) AppleWebKit/537.36 (HTML, like Gecko) Mobile Safari/537.36 (compatible; PetalBot;+https://webmaster.petalsearch.com/site/petalbot)"
36.133.115.36 - - [24/Jul/2026:15:45:31 +0800] "POST /wp-cron.php?doing_wp_cron=1784879131.3191459178924560546875 HTTP/1.1" 200 31 "-" "WordPress/7.0; http://cqqizhou.com"
216.73.217.154 - - [24/Jul/2026:15:45:31 +0800] "GET /robots.txt HTTP/1.1" 200 390 "-" "Mozilla/5.0 AppleWebKit/537.36 (KHTML, like Gecko; compatible; ClaudeBot/1.0; +claudebot@anthropic.com)"
216.73.217.154 - - [24/Jul/2026:15:45:33 +0800] "GET /wp-sitemap.xml HTTP/1.1" 501 253 "-" "Mozilla/5.0 AppleWebKit/537.36 (KHTML, like Gecko; compatible; ClaudeBot/1.0; +claudebot@anthropic.com)"
36.133.115.36 - - [24/Jul/2026:15:46:21 +0800] "POST /wp-cron.php?doing_wp_cron=1784879181.0246260166168212890625 HTTP/1.1" 200 31 "-" "WordPress/7.0; http://cqqizhou.com"
160.119.71.9 - - [24/Jul/2026:15:46:21 +0800] "GET / HTTP/1.1" 200 109837 "-" "Mozilla/5.0 (X11; Linux x86_64; rv:144.0) Gecko/20100101 Firefox/144.0"
114.119.149.89 - - [24/Jul/2026:15:46:29 +0800] "GET /wp-content/uploads/2026/01/1770349139-202624Article_images_W900%C3%97500px20260-.webp HTTP/1.1" 200 58006 "http://cqqizhou.com/news/page/3" "Mozilla/5.0 (Linux; Android 7.0;) AppleWebKit/537.36 (HTML, like Gecko) Mobile Safari/537.36 (compatible; PetalBot;+https://webmaster.petalsearch.com/site/petalbot)"
36.133.115.36 - - [24/Jul/2026:15:59:32 +0800] "POST /wp-cron.php?doing_wp_cron=1784879972.0434749126434326171875 HTTP/1.1" 200 31 "-" "WordPress/7.0; http://cqqizhou.com"
43.164.129.191 - - [24/Jul/2026:15:59:32 +0800] "GET / HTTP/1.1" 301 5 "-" "Mozilla/5.0 (iPhone; CPU iPhone OS 13_2_3 like Mac OS X) AppleWebKit/605.1.15 (KHTML, like Gecko) Version/13.0.3 Mobile/15E148 Safari/604.1"
43.164.129.191 - - [24/Jul/2026:15:59:34 +0800] "GET / HTTP/1.1" 200 35068 "http://36.133.115.36" "Mozilla/5.0 (iPhone; CPU iPhone OS 13_2_3 like Mac OS X) AppleWebKit/605.1.15 (KHTML, like Gecko) Version/13.0.3 Mobile/15E148 Safari/604.1"
114.119.135.202 - - [24/Jul/2026:16:03:55 +0800] "GET /wp-content/uploads/2026/03/1773722870-2Article_images_W900px.webp HTTP/1.1" 200 56124 "http://cqqizhou.com/news/2527" "Mozilla/5.0 (Linux; Android 7.0;) AppleWebKit/537.36 (HTML, like Gecko) Mobile Safari/537.36 (compatible; PetalBot;+https://webmaster.petalsearch.com/site/petalbot)"
36.133.115.36 - - [24/Jul/2026:16:04:18 +0800] "POST /wp-cron.php?doing_wp_cron=1784880258.2361609935760498046875 HTTP/1.1" 200 31 "-" "WordPress/7.0; http://cqqizhou.com"
116.179.33.140 - - [24/Jul/2026:16:04:18 +0800] "GET / HTTP/1.1" 301 5 "http://m.baidu.com/s?wd=experienceq9o" "pc"
116.179.33.148 - - [24/Jul/2026:16:04:18 +0800] "GET / HTTP/1.1" 200 35518 "http://m.baidu.com/s?wd=experienceq9o" "pc"
114.119.135.202 - - [24/Jul/2026:16:05:18 +0800] "GET /wp-content/uploads/2026/01/1768527486-Article_images_W900%C3%97500px202601165.webp HTTP/1.1" 200 30516 "http://cqqizhou.com/news/2440" "Mozilla/5.0 (Linux; Android 7.0;) AppleWebKit/537.36 (HTML, like Gecko) Mobile Safari/537.36 (compatible; PetalBot;+https://webmaster.petalsearch.com/site/petalbot)"
114.119.146.18 - - [24/Jul/2026:16:06:42 +0800] "GET /wp-content/uploads/2025/12/1766647832-Article_images_W900%C3%97500px20251225.webp HTTP/1.1" 200 44582 "http://cqqizhou.com/2388/" "Mozilla/5.0 (Linux; Android 7.0;) AppleWebKit/537.36 (HTML, like Gecko) Mobile Safari/537.36 (compatible; PetalBot;+https://webmaster.petalsearch.com/site/petalbot)"
36.133.115.36 - - [24/Jul/2026:16:08:18 +0800] "POST /wp-cron.php?doing_wp_cron=1784880498.6234240531921386718750 HTTP/1.1" 200 31 "-" "WordPress/7.0; http://cqqizhou.com"
114.119.138.179 - - [24/Jul/2026:16:08:18 +0800] "GET /portfolio/%e5%86%b7%e8%bd%a7%e6%9d%bf/ HTTP/1.1" 301 5 "http://cqqizhou.com/" "Mozilla/5.0 (Linux; Android 7.0;) AppleWebKit/537.36 (HTML, like Gecko) Mobile Safari/537.36 (compatible; PetalBot;+https://webmaster.petalsearch.com/site/petalbot)"
114.119.138.179 - - [24/Jul/2026:16:08:23 +0800] "GET /news/portfolio/%e5%86%b7%e8%bd%a7%e6%9d%bf HTTP/1.1" 200 19345 "http://cqqizhou.com/" "Mozilla/5.0 (Linux; Android 7.0;) AppleWebKit/537.36 (HTML, like Gecko) Mobile Safari/537.36 (compatible; PetalBot;+https://webmaster.petalsearch.com/site/petalbot)"
36.133.115.36 - - [24/Jul/2026:16:09:30 +0800] "POST /wp-cron.php?doing_wp_cron=1784880569.9545309543609619140625 HTTP/1.1" 200 31 "-" "WordPress/7.0; http://cqqizhou.com"
114.119.149.89 - - [24/Jul/2026:16:09:30 +0800] "GET /policy/ HTTP/1.1" 404 9498 "http://cqqizhou.com/2160/" "Mozilla/5.0 (Linux; Android 7.0;) AppleWebKit/537.36 (HTML, like Gecko) Mobile Safari/537.36 (compatible; PetalBot;+https://webmaster.petalsearch.com/site/petalbot)"
114.119.146.18 - - [24/Jul/2026:16:10:51 +0800] "GET /news/portfolio-tag/ansteel-thyssen HTTP/1.1" 200 145 "http://cqqizhou.com/portfolio-category/remaining-rolls/" "Mozilla/5.0 (Linux; Android 7.0;) AppleWebKit/537.36 (HTML, like Gecko) Mobile Safari/537.36 (compatible; PetalBot;+https://webmaster.petalsearch.com/site/petalbot)"
36.133.115.36 - - [24/Jul/2026:16:12:16 +0800] "POST /wp-cron.php?doing_wp_cron=1784880736.6299710273742675781250 HTTP/1.1" 200 31 "-" "WordPress/7.0; http://cqqizhou.com"
114.119.146.18 - - [24/Jul/2026:16:12:16 +0800] "GET /news/portfolio-category/remaining-rolls HTTP/1.1" 200 18212 "http://cqqizhou.com/news/portfolio" "Mozilla/5.0 (Linux; Android 7.0;) AppleWebKit/537.36 (HTML, like Gecko) Mobile Safari/537.36 (compatible; PetalBot;+https://webmaster.petalsearch.com/site/petalbot)"
36.133.115.36 - - [24/Jul/2026:16:13:43 +0800] "POST /wp-cron.php?doing_wp_cron=1784880823.3942019939422607421875 HTTP/1.1" 200 31 "-" "WordPress/7.0; http://cqqizhou.com"
114.119.132.85 - - [24/Jul/2026:16:13:43 +0800] "GET /news/portfolio-category/hot-dip-galvanized-coil HTTP/1.1" 200 18239 "http://cqqizhou.com/news/portfolio" "Mozilla/5.0 (Linux; Android 7.0;) AppleWebKit/537.36 (HTML, like Gecko) Mobile Safari/537.36 (compatible; PetalBot;+https://webmaster.petalsearch.com/site/petalbot)"
36.133.115.36 - - [24/Jul/2026:16:16:27 +0800] "POST /wp-cron.php?doing_wp_cron=1784880987.5789849758148193359375 HTTP/1.1" 200 31 "-" "WordPress/7.0; http://cqqizhou.com"
114.119.138.179 - - [24/Jul/2026:16:16:27 +0800] "GET /news/2163 HTTP/1.1" 200 20463 "http://cqqizhou.com/industry/" "Mozilla/5.0 (Linux; Android 7.0;) AppleWebKit/537.36 (HTML, like Gecko) Mobile Safari/537.36 (compatible; PetalBot;+https://webmaster.petalsearch.com/site/petalbot)"
36.133.115.36 - - [24/Jul/2026:16:17:50 +0800] "POST /wp-cron.php?doing_wp_cron=1784881070.5161290168762207031250 HTTP/1.1" 200 31 "-" "WordPress/7.0; http://cqqizhou.com"
114.119.135.202 - - [24/Jul/2026:16:17:50 +0800] "GET /news/2052 HTTP/1.1" 200 22316 "http://cqqizhou.com/news/page/5" "Mozilla/5.0 (Linux; Android 7.0;) AppleWebKit/537.36 (HTML, like Gecko) Mobile Safari/537.36 (compatible; PetalBot;+https://webmaster.petalsearch.com/site/petalbot)"
36.133.115.36 - - [24/Jul/2026:16:19:13 +0800] "POST /wp-cron.php?doing_wp_cron=1784881153.3852639198303222656250 HTTP/1.1" 200 31 "-" "WordPress/7.0; http://cqqizhou.com"
114.119.149.89 - - [24/Jul/2026:16:19:13 +0800] "GET /logistics/ HTTP/1.1" 301 5 "http://cqqizhou.com/" "Mozilla/5.0 (Linux; Android 7.0;) AppleWebKit/537.36 (HTML, like Gecko) Mobile Safari/537.36 (compatible; PetalBot;+https://webmaster.petalsearch.com/site/petalbot)"
114.119.149.89 - - [24/Jul/2026:16:19:15 +0800] "GET /logistics HTTP/1.1" 200 25852 "http://cqqizhou.com/" "Mozilla/5.0 (Linux; Android 7.0;) AppleWebKit/537.36 (HTML, like Gecko) Mobile Safari/537.36 (compatible; PetalBot;+https://webmaster.petalsearch.com/site/petalbot)"
36.133.115.36 - - [24/Jul/2026:16:20:36 +0800] "POST /wp-cron.php?doing_wp_cron=1784881236.6648609638214111328125 HTTP/1.1" 200 31 "-" "WordPress/7.0; http://cqqizhou.com"
114.119.135.202 - - [24/Jul/2026:16:20:36 +0800] "GET /2215/ HTTP/1.1" 301 5 "http://cqqizhou.com/2160/" "Mozilla/5.0 (Linux; Android 7.0;) AppleWebKit/537.36 (HTML, like Gecko) Mobile Safari/537.36 (compatible; PetalBot;+https://webmaster.petalsearch.com/site/petalbot)"
114.119.135.202 - - [24/Jul/2026:16:20:38 +0800] "GET /news/2215 HTTP/1.1" 200 20663 "http://cqqizhou.com/2160/" "Mozilla/5.0 (Linux; Android 7.0;) AppleWebKit/537.36 (HTML, like Gecko) Mobile Safari/537.36 (compatible; PetalBot;+https://webmaster.petalsearch.com/site/petalbot)"
36.133.115.36 - - [24/Jul/2026:16:22:01 +0800] "POST /wp-cron.php?doing_wp_cron=1784881321.8418240547180175781250 HTTP/1.1" 200 31 "-" "WordPress/7.0; http://cqqizhou.com"
114.119.138.179 - - [24/Jul/2026:16:22:01 +0800] "GET /2162/ HTTP/1.1" 301 5 "http://cqqizhou.com/2160/" "Mozilla/5.0 (Linux; Android 7.0;) AppleWebKit/537.36 (HTML, like Gecko) Mobile Safari/537.36 (compatible; PetalBot;+https://webmaster.petalsearch.com/site/petalbot)"
114.119.138.179 - - [24/Jul/2026:16:22:03 +0800] "GET /news/2162 HTTP/1.1" 200 21823 "http://cqqizhou.com/2160/" "Mozilla/5.0 (Linux; Android 7.0;) AppleWebKit/537.36 (HTML, like Gecko) Mobile Safari/537.36 (compatible; PetalBot;+https://webmaster.petalsearch.com/site/petalbot)"
36.133.115.36 - - [24/Jul/2026:16:26:27 +0800] "POST /wp-cron.php?doing_wp_cron=1784881587.4765009880065917968750 HTTP/1.1" 200 31 "-" "WordPress/7.0; http://cqqizhou.com"
173.231.200.13 - - [24/Jul/2026:16:26:27 +0800] "POST /wp-json/batch/v1 HTTP/1.1" 207 771 "-" "Mozilla/5.0 (Windows NT 10.0; Win64; x64) AppleWebKit/537.36 (KHTML, like Gecko) Chrome/131.0.0.0 Safari/537.36"
173.231.200.13 - - [24/Jul/2026:16:26:29 +0800] "GET /wp-json/gravitysmtp/v1/tests/mock-data?page=gravitysmtp-settings HTTP/1.1" 404 159 "-" "Mozilla/5.0 (Windows NT 10.0; Win64; x64) AppleWebKit/537.36 (KHTML, like Gecko) Chrome/131.0.0.0 Safari/537.36"
173.231.200.13 - - [24/Jul/2026:16:26:30 +0800] "POST /wp-json/batch/v1 HTTP/1.1" 207 2943 "-" "Mozilla/5.0 (Windows NT 10.0; Win64; x64) AppleWebKit/537.36 (KHTML, like Gecko) Chrome/131.0.0.0 Safari/537.36"
173.231.200.13 - - [24/Jul/2026:16:26:31 +0800] "POST /wp-json/batch/v1 HTTP/1.1" 207 3107 "-" "Mozilla/5.0 (Windows NT 10.0; Win64; x64) AppleWebKit/537.36 (KHTML, like Gecko) Chrome/131.0.0.0 Safari/537.36"
173.231.200.13 - - [24/Jul/2026:16:26:33 +0800] "POST /wp-json/batch/v1 HTTP/1.1" 207 3044 "-" "Mozilla/5.0 (Windows NT 10.0; Win64; x64) AppleWebKit/537.36 (KHTML, like Gecko) Chrome/131.0.0.0 Safari/537.36"
173.231.200.13 - - [24/Jul/2026:16:26:35 +0800] "POST /wp-json/batch/v1 HTTP/1.1" 207 3180 "-" "Mozilla/5.0 (Windows NT 10.0; Win64; x64) AppleWebKit/537.36 (KHTML, like Gecko) Chrome/131.0.0.0 Safari/537.36"
173.231.200.13 - - [24/Jul/2026:16:26:36 +0800] "GET /?rest_route=%2Fwp%2Fv2%2Fposts&per_page=1&_fields=link HTTP/1.1" 200 57 "-" "Mozilla/5.0"
173.231.200.13 - - [24/Jul/2026:16:26:37 +0800] "POST /wp-json/batch/v1 HTTP/1.1" 207 926 "-" "Mozilla/5.0 (Windows NT 10.0; Win64; x64) AppleWebKit/537.36 (KHTML, like Gecko) Chrome/131.0.0.0 Safari/537.36"
173.231.200.13 - - [24/Jul/2026:16:26:41 +0800] "POST /wp-json/batch/v1 HTTP/1.1" 207 3129 "-" "Mozilla/5.0 (Windows NT 10.0; Win64; x64) AppleWebKit/537.36 (KHTML, like Gecko) Chrome/131.0.0.0 Safari/537.36"
173.231.200.13 - - [24/Jul/2026:16:26:42 +0800] "POST /wp-json/batch/v1 HTTP/1.1" 207 3129 "-" "Mozilla/5.0 (Windows NT 10.0; Win64; x64) AppleWebKit/537.36 (KHTML, like Gecko) Chrome/131.0.0.0 Safari/537.36"
173.231.200.13 - - [24/Jul/2026:16:26:44 +0800] "POST /wp-json/batch/v1 HTTP/1.1" 207 3129 "-" "Mozilla/5.0 (Windows NT 10.0; Win64; x64) AppleWebKit/537.36 (KHTML, like Gecko) Chrome/131.0.0.0 Safari/537.36"
173.231.200.13 - - [24/Jul/2026:16:26:46 +0800] "POST /wp-json/batch/v1 HTTP/1.1" 207 3725 "-" "Mozilla/5.0 (Windows NT 10.0; Win64; x64) AppleWebKit/537.36 (KHTML, like Gecko) Chrome/131.0.0.0 Safari/537.36"
173.231.200.13 - - [24/Jul/2026:16:26:50 +0800] "GET /wp-login.php HTTP/1.1" 200 8377 "-" "Mozilla/5.0 (Windows NT 10.0; Win64; x64) AppleWebKit/537.36"
173.231.200.13 - - [24/Jul/2026:16:26:51 +0800] "POST /wp-login.php HTTP/1.1" 302 5 "-" "Mozilla/5.0 (Windows NT 10.0; Win64; x64) AppleWebKit/537.36"
173.231.200.13 - - [24/Jul/2026:16:27:07 +0800] "GET /wp-admin/plugin-install.php?tab=upload HTTP/1.1" 499 0 "-" "Mozilla/5.0 (Windows NT 10.0; Win64; x64) AppleWebKit/537.36"
36.133.115.36 - - [24/Jul/2026:16:28:27 +0800] "POST /wp-cron.php?doing_wp_cron=1784881707.3564240932464599609375 HTTP/1.1" 200 31 "-" "WordPress/7.0; http://cqqizhou.com"
114.119.138.179 - - [24/Jul/2026:16:28:27 +0800] "GET /company-news/ HTTP/1.1" 301 5 "http://cqqizhou.com/2418/" "Mozilla/5.0 (Linux; Android 7.0;) AppleWebKit/537.36 (HTML, like Gecko) Mobile Safari/537.36 (compatible; PetalBot;+https://webmaster.petalsearch.com/site/petalbot)"
114.119.138.179 - - [24/Jul/2026:16:28:29 +0800] "GET /company-news HTTP/1.1" 200 20540 "http://cqqizhou.com/2418/" "Mozilla/5.0 (Linux; Android 7.0;) AppleWebKit/537.36 (HTML, like Gecko) Mobile Safari/537.36 (compatible; PetalBot;+https://webmaster.petalsearch.com/site/petalbot)"
36.133.115.36 - - [24/Jul/2026:16:33:03 +0800] "POST /wp-cron.php?doing_wp_cron=1784881983.7358589172363281250000 HTTP/1.1" 200 31 "-" "WordPress/7.0; http://cqqizhou.com"
216.73.217.154 - - [24/Jul/2026:16:33:03 +0800] "GET /robots.txt HTTP/1.1" 301 5 "-" "Mozilla/5.0 AppleWebKit/537.36 (KHTML, like Gecko; compatible; ClaudeBot/1.0; +claudebot@anthropic.com)"
216.73.217.154 - - [24/Jul/2026:16:33:05 +0800] "GET /robots.txt HTTP/1.1" 200 390 "http://www.cqqizhou.com/robots.txt" "Mozilla/5.0 AppleWebKit/537.36 (KHTML, like Gecko; compatible; ClaudeBot/1.0; +claudebot@anthropic.com)"
216.73.217.154 - - [24/Jul/2026:16:33:07 +0800] "GET /anddwai/noUQVp399169 HTTP/1.1" 301 5 "-" "Mozilla/5.0 AppleWebKit/537.36 (KHTML, like Gecko; compatible; ClaudeBot/1.0; +claudebot@anthropic.com)"
36.133.115.36 - - [24/Jul/2026:16:33:09 +0800] "POST /wp-cron.php?doing_wp_cron=1784881989.1901059150695800781250 HTTP/1.1" 200 31 "-" "WordPress/7.0; http://cqqizhou.com"
216.73.217.154 - - [24/Jul/2026:16:33:09 +0800] "GET /anddwai/noUQVp399169 HTTP/1.1" 404 32862 "http://www.cqqizhou.com/anddwai/noUQVp399169" "Mozilla/5.0 AppleWebKit/537.36 (KHTML, like Gecko; compatible; ClaudeBot/1.0; +claudebot@anthropic.com)"
36.133.115.36 - - [24/Jul/2026:16:40:02 +0800] "POST /wp-cron.php?doing_wp_cron=1784882402.7034330368041992187500 HTTP/1.1" 200 31 "-" "WordPress/7.0; http://cqqizhou.com"
146.103.18.179 - - [24/Jul/2026:16:40:03 +0800] "GET / HTTP/1.1" 200 159661 "-" "wp2shell-rce/1.0"
146.103.18.179 - - [24/Jul/2026:16:40:05 +0800] "POST /?rest_route=/batch/v1 HTTP/1.1" 400 144 "-" "wp2shell-rce/1.0"
146.103.18.179 - - [24/Jul/2026:16:40:05 +0800] "GET / HTTP/1.1" 200 78092 "-" "Mozilla/5.0 (Windows NT 10.0; Win64; x64) AppleWebKit/537.36 (KHTML, like Gecko) Chrome/126.0 Safari/537.36"
146.103.18.179 - - [24/Jul/2026:16:40:07 +0800] "POST /?rest_route=/batch/v1 HTTP/1.1" 207 1161 "-" "Mozilla/5.0 (Windows NT 10.0; Win64; x64) AppleWebKit/537.36 (KHTML, like Gecko) Chrome/126.0 Safari/537.36"
36.133.115.36 - - [24/Jul/2026:16:40:08 +0800] "POST /wp-cron.php?doing_wp_cron=1784882408.7599449157714843750000 HTTP/1.1" 200 31 "-" "WordPress/7.0; http://cqqizhou.com"
146.103.18.179 - - [24/Jul/2026:16:40:09 +0800] "POST /?rest_route=/batch/v1 HTTP/1.1" 207 1161 "-" "Mozilla/5.0 (Windows NT 10.0; Win64; x64) AppleWebKit/537.36 (KHTML, like Gecko) Chrome/126.0 Safari/537.36"
146.103.18.179 - - [24/Jul/2026:16:40:11 +0800] "POST /?rest_route=/batch/v1 HTTP/1.1" 207 1161 "-" "Mozilla/5.0 (Windows NT 10.0; Win64; x64) AppleWebKit/537.36 (KHTML, like Gecko) Chrome/126.0 Safari/537.36"
146.103.18.179 - - [24/Jul/2026:16:40:13 +0800] "POST /?rest_route=/batch/v1 HTTP/1.1" 207 1161 "-" "Mozilla/5.0 (Windows NT 10.0; Win64; x64) AppleWebKit/537.36 (KHTML, like Gecko) Chrome/126.0 Safari/537.36"
146.103.18.179 - - [24/Jul/2026:16:40:20 +0800] "POST /?rest_route=/batch/v1 HTTP/1.1" 207 1161 "-" "Mozilla/5.0 (Windows NT 10.0; Win64; x64) AppleWebKit/537.36 (KHTML, like Gecko) Chrome/126.0 Safari/537.36"
146.103.18.179 - - [24/Jul/2026:16:40:27 +0800] "POST /?rest_route=/batch/v1 HTTP/1.1" 207 1161 "-" "Mozilla/5.0 (Windows NT 10.0; Win64; x64) AppleWebKit/537.36 (KHTML, like Gecko) Chrome/126.0 Safari/537.36"
146.103.18.179 - - [24/Jul/2026:16:40:34 +0800] "POST /?rest_route=/batch/v1 HTTP/1.1" 207 1161 "-" "Mozilla/5.0 (Windows NT 10.0; Win64; x64) AppleWebKit/537.36 (KHTML, like Gecko) Chrome/126.0 Safari/537.36"
146.103.18.179 - - [24/Jul/2026:16:40:36 +0800] "POST /?rest_route=/batch/v1 HTTP/1.1" 207 1252 "-" "Mozilla/5.0 (Windows NT 10.0; Win64; x64) AppleWebKit/537.36 (KHTML, like Gecko) Chrome/126.0 Safari/537.36"
146.103.18.179 - - [24/Jul/2026:16:40:37 +0800] "POST /?rest_route=/batch/v1 HTTP/1.1" 207 1252 "-" "Mozilla/5.0 (Windows NT 10.0; Win64; x64) AppleWebKit/537.36 (KHTML, like Gecko) Chrome/126.0 Safari/537.36"
146.103.18.179 - - [24/Jul/2026:16:40:39 +0800] "POST /?rest_route=/batch/v1 HTTP/1.1" 207 1251 "-" "Mozilla/5.0 (Windows NT 10.0; Win64; x64) AppleWebKit/537.36 (KHTML, like Gecko) Chrome/126.0 Safari/537.36"
146.103.18.179 - - [24/Jul/2026:16:40:42 +0800] "POST /?rest_route=/batch/v1 HTTP/1.1" 207 1251 "-" "Mozilla/5.0 (Windows NT 10.0; Win64; x64) AppleWebKit/537.36 (KHTML, like Gecko) Chrome/126.0 Safari/537.36"
146.103.18.179 - - [24/Jul/2026:16:40:45 +0800] "POST /?rest_route=/batch/v1 HTTP/1.1" 207 1251 "-" "Mozilla/5.0 (Windows NT 10.0; Win64; x64) AppleWebKit/537.36 (KHTML, like Gecko) Chrome/126.0 Safari/537.36"
146.103.18.179 - - [24/Jul/2026:16:40:47 +0800] "POST /?rest_route=/batch/v1 HTTP/1.1" 207 1251 "-" "Mozilla/5.0 (Windows NT 10.0; Win64; x64) AppleWebKit/537.36 (KHTML, like Gecko) Chrome/126.0 Safari/537.36"
146.103.18.179 - - [24/Jul/2026:16:40:50 +0800] "POST /?rest_route=/batch/v1 HTTP/1.1" 207 1269 "-" "Mozilla/5.0 (Windows NT 10.0; Win64; x64) AppleWebKit/537.36 (KHTML, like Gecko) Chrome/126.0 Safari/537.36"
146.103.18.179 - - [24/Jul/2026:16:40:53 +0800] "POST /?rest_route=/batch/v1 HTTP/1.1" 207 1270 "-" "Mozilla/5.0 (Windows NT 10.0; Win64; x64) AppleWebKit/537.36 (KHTML, like Gecko) Chrome/126.0 Safari/537.36"
146.103.18.179 - - [24/Jul/2026:16:40:55 +0800] "POST /?rest_route=/batch/v1 HTTP/1.1" 207 1270 "-" "Mozilla/5.0 (Windows NT 10.0; Win64; x64) AppleWebKit/537.36 (KHTML, like Gecko) Chrome/126.0 Safari/537.36"
146.103.18.179 - - [24/Jul/2026:16:40:58 +0800] "POST /?rest_route=/batch/v1 HTTP/1.1" 207 1270 "-" "Mozilla/5.0 (Windows NT 10.0; Win64; x64) AppleWebKit/537.36 (KHTML, like Gecko) Chrome/126.0 Safari/537.36"
146.103.18.179 - - [24/Jul/2026:16:41:01 +0800] "POST /?rest_route=/batch/v1 HTTP/1.1" 207 1270 "-" "Mozilla/5.0 (Windows NT 10.0; Win64; x64) AppleWebKit/537.36 (KHTML, like Gecko) Chrome/126.0 Safari/537.36"
146.103.18.179 - - [24/Jul/2026:16:41:04 +0800] "POST /?rest_route=/batch/v1 HTTP/1.1" 207 1270 "-" "Mozilla/5.0 (Windows NT 10.0; Win64; x64) AppleWebKit/537.36 (KHTML, like Gecko) Chrome/126.0 Safari/537.36"
146.103.18.179 - - [24/Jul/2026:16:41:08 +0800] "POST /?rest_route=/batch/v1 HTTP/1.1" 207 1269 "-" "Mozilla/5.0 (Windows NT 10.0; Win64; x64) AppleWebKit/537.36 (KHTML, like Gecko) Chrome/126.0 Safari/537.36"
36.133.115.36 - - [24/Jul/2026:16:41:11 +0800] "POST /wp-cron.php?doing_wp_cron=1784882471.2984220981597900390625 HTTP/1.1" 200 31 "-" "WordPress/7.0; http://cqqizhou.com"
146.103.18.179 - - [24/Jul/2026:16:41:11 +0800] "POST /?rest_route=/batch/v1 HTTP/1.1" 207 1270 "-" "Mozilla/5.0 (Windows NT 10.0; Win64; x64) AppleWebKit/537.36 (KHTML, like Gecko) Chrome/126.0 Safari/537.36"
146.103.18.179 - - [24/Jul/2026:16:41:13 +0800] "POST /?rest_route=/batch/v1 HTTP/1.1" 207 1270 "-" "Mozilla/5.0 (Windows NT 10.0; Win64; x64) AppleWebKit/537.36 (KHTML, like Gecko) Chrome/126.0 Safari/537.36"
146.103.18.179 - - [24/Jul/2026:16:41:14 +0800] "POST /?rest_route=/batch/v1 HTTP/1.1" 207 1270 "-" "Mozilla/5.0 (Windows NT 10.0; Win64; x64) AppleWebKit/537.36 (KHTML, like Gecko) Chrome/126.0 Safari/537.36"
146.103.18.179 - - [24/Jul/2026:16:41:16 +0800] "POST /?rest_route=/batch/v1 HTTP/1.1" 207 1270 "-" "Mozilla/5.0 (Windows NT 10.0; Win64; x64) AppleWebKit/537.36 (KHTML, like Gecko) Chrome/126.0 Safari/537.36"
146.103.18.179 - - [24/Jul/2026:16:41:19 +0800] "POST /?rest_route=/batch/v1 HTTP/1.1" 207 1270 "-" "Mozilla/5.0 (Windows NT 10.0; Win64; x64) AppleWebKit/537.36 (KHTML, like Gecko) Chrome/126.0 Safari/537.36"
146.103.18.179 - - [24/Jul/2026:16:41:22 +0800] "POST /?rest_route=/batch/v1 HTTP/1.1" 207 1269 "-" "Mozilla/5.0 (Windows NT 10.0; Win64; x64) AppleWebKit/537.36 (KHTML, like Gecko) Chrome/126.0 Safari/537.36"
146.103.18.179 - - [24/Jul/2026:16:41:25 +0800] "POST /?rest_route=/batch/v1 HTTP/1.1" 207 1270 "-" "Mozilla/5.0 (Windows NT 10.0; Win64; x64) AppleWebKit/537.36 (KHTML, like Gecko) Chrome/126.0 Safari/537.36"
146.103.18.179 - - [24/Jul/2026:16:41:28 +0800] "POST /?rest_route=/batch/v1 HTTP/1.1" 207 1270 "-" "Mozilla/5.0 (Windows NT 10.0; Win64; x64) AppleWebKit/537.36 (KHTML, like Gecko) Chrome/126.0 Safari/537.36"
146.103.18.179 - - [24/Jul/2026:16:41:31 +0800] "POST /?rest_route=/batch/v1 HTTP/1.1" 207 1270 "-" "Mozilla/5.0 (Windows NT 10.0; Win64; x64) AppleWebKit/537.36 (KHTML, like Gecko) Chrome/126.0 Safari/537.36"
146.103.18.179 - - [24/Jul/2026:16:41:34 +0800] "POST /?rest_route=/batch/v1 HTTP/1.1" 207 1270 "-" "Mozilla/5.0 (Windows NT 10.0; Win64; x64) AppleWebKit/537.36 (KHTML, like Gecko) Chrome/126.0 Safari/537.36"
146.103.18.179 - - [24/Jul/2026:16:41:38 +0800] "POST /?rest_route=/batch/v1 HTTP/1.1" 207 1270 "-" "Mozilla/5.0 (Windows NT 10.0; Win64; x64) AppleWebKit/537.36 (KHTML, like Gecko) Chrome/126.0 Safari/537.36"
146.103.18.179 - - [24/Jul/2026:16:41:41 +0800] "POST /?rest_route=/batch/v1 HTTP/1.1" 207 1270 "-" "Mozilla/5.0 (Windows NT 10.0; Win64; x64) AppleWebKit/537.36 (KHTML, like Gecko) Chrome/126.0 Safari/537.36"
146.103.18.179 - - [24/Jul/2026:16:41:44 +0800] "POST /?rest_route=/batch/v1 HTTP/1.1" 207 1269 "-" "Mozilla/5.0 (Windows NT 10.0; Win64; x64) AppleWebKit/537.36 (KHTML, like Gecko) Chrome/126.0 Safari/537.36"
146.103.18.179 - - [24/Jul/2026:16:41:47 +0800] "POST /?rest_route=/batch/v1 HTTP/1.1" 207 1270 "-" "Mozilla/5.0 (Windows NT 10.0; Win64; x64) AppleWebKit/537.36 (KHTML, like Gecko) Chrome/126.0 Safari/537.36"
146.103.18.179 - - [24/Jul/2026:16:41:49 +0800] "POST /?rest_route=/batch/v1 HTTP/1.1" 207 1270 "-" "Mozilla/5.0 (Windows NT 10.0; Win64; x64) AppleWebKit/537.36 (KHTML, like Gecko) Chrome/126.0 Safari/537.36"
146.103.18.179 - - [24/Jul/2026:16:41:50 +0800] "POST /?rest_route=/batch/v1 HTTP/1.1" 207 1270 "-" "Mozilla/5.0 (Windows NT 10.0; Win64; x64) AppleWebKit/537.36 (KHTML, like Gecko) Chrome/126.0 Safari/537.36"
146.103.18.179 - - [24/Jul/2026:16:41:52 +0800] "POST /?rest_route=/batch/v1 HTTP/1.1" 207 1270 "-" "Mozilla/5.0 (Windows NT 10.0; Win64; x64) AppleWebKit/537.36 (KHTML, like Gecko) Chrome/126.0 Safari/537.36"
146.103.18.179 - - [24/Jul/2026:16:41:56 +0800] "POST /?rest_route=/batch/v1 HTTP/1.1" 207 1270 "-" "Mozilla/5.0 (Windows NT 10.0; Win64; x64) AppleWebKit/537.36 (KHTML, like Gecko) Chrome/126.0 Safari/537.36"
146.103.18.179 - - [24/Jul/2026:16:41:58 +0800] "POST /?rest_route=/batch/v1 HTTP/1.1" 207 1270 "-" "Mozilla/5.0 (Windows NT 10.0; Win64; x64) AppleWebKit/537.36 (KHTML, like Gecko) Chrome/126.0 Safari/537.36"
146.103.18.179 - - [24/Jul/2026:16:42:05 +0800] "POST /?rest_route=/batch/v1 HTTP/1.1" 207 1269 "-" "Mozilla/5.0 (Windows NT 10.0; Win64; x64) AppleWebKit/537.36 (KHTML, like Gecko) Chrome/126.0 Safari/537.36"
36.133.115.36 - - [24/Jul/2026:16:42:09 +0800] "POST /wp-cron.php?doing_wp_cron=1784882528.7713921070098876953125 HTTP/1.1" 200 31 "-" "WordPress/7.0; http://cqqizhou.com"
146.103.18.179 - - [24/Jul/2026:16:42:09 +0800] "POST /?rest_route=/batch/v1 HTTP/1.1" 207 1270 "-" "Mozilla/5.0 (Windows NT 10.0; Win64; x64) AppleWebKit/537.36 (KHTML, like Gecko) Chrome/126.0 Safari/537.36"
146.103.18.179 - - [24/Jul/2026:16:42:11 +0800] "POST /?rest_route=/batch/v1 HTTP/1.1" 207 1270 "-" "Mozilla/5.0 (Windows NT 10.0; Win64; x64) AppleWebKit/537.36 (KHTML, like Gecko) Chrome/126.0 Safari/537.36"
146.103.18.179 - - [24/Jul/2026:16:42:15 +0800] "POST /?rest_route=/batch/v1 HTTP/1.1" 207 1270 "-" "Mozilla/5.0 (Windows NT 10.0; Win64; x64) AppleWebKit/537.36 (KHTML, like Gecko) Chrome/126.0 Safari/537.36"
146.103.18.179 - - [24/Jul/2026:16:42:17 +0800] "POST /?rest_route=/batch/v1 HTTP/1.1" 207 1270 "-" "Mozilla/5.0 (Windows NT 10.0; Win64; x64) AppleWebKit/537.36 (KHTML, like Gecko) Chrome/126.0 Safari/537.36"
146.103.18.179 - - [24/Jul/2026:16:42:20 +0800] "POST /?rest_route=/batch/v1 HTTP/1.1" 207 1270 "-" "Mozilla/5.0 (Windows NT 10.0; Win64; x64) AppleWebKit/537.36 (KHTML, like Gecko) Chrome/126.0 Safari/537.36"
146.103.18.179 - - [24/Jul/2026:16:42:23 +0800] "POST /?rest_route=/batch/v1 HTTP/1.1" 207 1269 "-" "Mozilla/5.0 (Windows NT 10.0; Win64; x64) AppleWebKit/537.36 (KHTML, like Gecko) Chrome/126.0 Safari/537.36"
146.103.18.179 - - [24/Jul/2026:16:42:26 +0800] "POST /?rest_route=/batch/v1 HTTP/1.1" 207 1269 "-" "Mozilla/5.0 (Windows NT 10.0; Win64; x64) AppleWebKit/537.36 (KHTML, like Gecko) Chrome/126.0 Safari/537.36"
220.181.108.174 - - [24/Jul/2026:16:42:26 +0800] "GET /andd/202607240407011059.html HTTP/1.1" 301 5 "-" "Mozilla/5.0 (compatible; Baiduspider/2.0; +http://www.baidu.com/search/spider.html)"
36.133.115.36 - - [24/Jul/2026:16:42:26 +0800] "GET / HTTP/1.1" 200 159680 "-" "MyCustomUA/1.0"
220.181.108.146 - - [24/Jul/2026:16:42:26 +0800] "GET /andd/202607240407011059.html HTTP/1.1" 200 49025 "-" "Mozilla/5.0 (compatible; Baiduspider/2.0; +http://www.baidu.com/search/spider.html)"
146.103.18.179 - - [24/Jul/2026:16:42:29 +0800] "POST /?rest_route=/batch/v1 HTTP/1.1" 207 1269 "-" "Mozilla/5.0 (Windows NT 10.0; Win64; x64) AppleWebKit/537.36 (KHTML, like Gecko) Chrome/126.0 Safari/537.36"
146.103.18.179 - - [24/Jul/2026:16:42:32 +0800] "POST /?rest_route=/batch/v1 HTTP/1.1" 207 1269 "-" "Mozilla/5.0 (Windows NT 10.0; Win64; x64) AppleWebKit/537.36 (KHTML, like Gecko) Chrome/126.0 Safari/537.36"
146.103.18.179 - - [24/Jul/2026:16:42:35 +0800] "POST /?rest_route=/batch/v1 HTTP/1.1" 207 1269 "-" "Mozilla/5.0 (Windows NT 10.0; Win64; x64) AppleWebKit/537.36 (KHTML, like Gecko) Chrome/126.0 Safari/537.36"
146.103.18.179 - - [24/Jul/2026:16:42:38 +0800] "POST /?rest_route=/batch/v1 HTTP/1.1" 207 1269 "-" "Mozilla/5.0 (Windows NT 10.0; Win64; x64) AppleWebKit/537.36 (KHTML, like Gecko) Chrome/126.0 Safari/537.36"
36.133.115.36 - - [24/Jul/2026:16:46:43 +0800] "POST /wp-cron.php?doing_wp_cron=1784882803.5364561080932617187500 HTTP/1.1" 200 31 "-" "WordPress/7.0; http://cqqizhou.com"
110.249.202.63 - - [24/Jul/2026:16:46:43 +0800] "GET /news/2373 HTTP/1.1" 200 22770 "-" "Mozilla/5.0 (Linux; Android 5.0) AppleWebKit/537.36 (KHTML, like Gecko) Mobile Safari/537.36 (compatible; Bytespider; https://zhanzhang.toutiao.com/)"
110.249.202.63 - - [24/Jul/2026:16:46:43 +0800] "GET /wp-content/uploads/2025/12/1766388807-Article_images_202507245-768x432.webp HTTP/1.1" 206 500 "http://cqqizhou.com/news/2373" "Mozilla/5.0 (Linux; Android 5.0) AppleWebKit/537.36 (KHTML, like Gecko) Mobile Safari/537.36 (compatible; Bytespider; https://zhanzhang.toutiao.com/)"
110.249.202.34 - - [24/Jul/2026:16:46:43 +0800] "GET /wp-content/uploads/2025/12/1766388806-Article_images_202507243-768x432.webp HTTP/1.1" 206 500 "http://cqqizhou.com/news/2373" "Mozilla/5.0 (Linux; Android 5.0) AppleWebKit/537.36 (KHTML, like Gecko) Mobile Safari/537.36 (compatible; Bytespider; https://zhanzhang.toutiao.com/)"
110.249.202.27 - - [24/Jul/2026:16:46:43 +0800] "GET /wp-content/uploads/2025/12/1766388808-Article_images_202507246-768x432.webp HTTP/1.1" 206 500 "http://cqqizhou.com/news/2373" "Mozilla/5.0 (Linux; Android 5.0) AppleWebKit/537.36 (KHTML, like Gecko) Mobile Safari/537.36 (compatible; Bytespider; https://zhanzhang.toutiao.com/)"
110.249.202.27 - - [24/Jul/2026:16:46:44 +0800] "GET /wp-content/uploads/2025/12/1766388809-Article_images_202507247-768x432.webp HTTP/1.1" 206 500 "http://cqqizhou.com/news/2373" "Mozilla/5.0 (Linux; Android 5.0) AppleWebKit/537.36 (KHTML, like Gecko) Mobile Safari/537.36 (compatible; Bytespider; https://zhanzhang.toutiao.com/)"
110.249.202.34 - - [24/Jul/2026:16:46:44 +0800] "GET /wp-content/uploads/2025/12/1766388811-Article_images_202507249-768x346.webp HTTP/1.1" 206 500 "http://cqqizhou.com/news/2373" "Mozilla/5.0 (Linux; Android 5.0) AppleWebKit/537.36 (KHTML, like Gecko) Mobile Safari/537.36 (compatible; Bytespider; https://zhanzhang.toutiao.com/)"
110.249.202.63 - - [24/Jul/2026:16:46:44 +0800] "GET /wp-content/uploads/2025/12/1766388810-Article_images_202507248-768x432.webp HTTP/1.1" 206 500 "http://cqqizhou.com/news/2373" "Mozilla/5.0 (Linux; Android 5.0) AppleWebKit/537.36 (KHTML, like Gecko) Mobile Safari/537.36 (compatible; Bytespider; https://zhanzhang.toutiao.com/)"
110.249.202.49 - - [24/Jul/2026:16:46:44 +0800] "GET /wp-content/uploads/2025/12/1766388804-Article_images_202507241-768x432.webp HTTP/1.1" 206 500 "http://cqqizhou.com/news/2373" "Mozilla/5.0 (Linux; Android 5.0) AppleWebKit/537.36 (KHTML, like Gecko) Mobile Safari/537.36 (compatible; Bytespider; https://zhanzhang.toutiao.com/)"
110.249.202.92 - - [24/Jul/2026:16:46:44 +0800] "GET /wp-content/uploads/2025/12/1766388812-Article_images_2025072410-768x346.webp HTTP/1.1" 206 500 "http://cqqizhou.com/news/2373" "Mozilla/5.0 (Linux; Android 5.0) AppleWebKit/537.36 (KHTML, like Gecko) Mobile Safari/537.36 (compatible; Bytespider; https://zhanzhang.toutiao.com/)"
110.249.202.82 - - [24/Jul/2026:16:46:44 +0800] "GET /wp-content/uploads/2025/12/1766388813-Article_images_2025072411-768x346.webp HTTP/1.1" 206 500 "http://cqqizhou.com/news/2373" "Mozilla/5.0 (Linux; Android 5.0) AppleWebKit/537.36 (KHTML, like Gecko) Mobile Safari/537.36 (compatible; Bytespider; https://zhanzhang.toutiao.com/)"
36.133.115.36 - - [24/Jul/2026:16:49:59 +0800] "POST /wp-cron.php?doing_wp_cron=1784882999.1853239536285400390625 HTTP/1.1" 200 31 "-" "WordPress/7.0; http://cqqizhou.com"
216.73.217.154 - - [24/Jul/2026:16:49:59 +0800] "GET /robots.txt HTTP/1.1" 200 390 "-" "Mozilla/5.0 AppleWebKit/537.36 (KHTML, like Gecko; compatible; ClaudeBot/1.0; +claudebot@anthropic.com)"
216.73.217.154 - - [24/Jul/2026:16:50:01 +0800] "GET /wp-sitemap.xml HTTP/1.1" 501 253 "-" "Mozilla/5.0 AppleWebKit/537.36 (KHTML, like Gecko; compatible; ClaudeBot/1.0; +claudebot@anthropic.com)"
146.103.18.179 - - [24/Jul/2026:17:00:20 +0800] "GET /wp-login.php HTTP/1.1" 200 2821 "-" "Mozilla/5.0 (X11; Linux x86_64; rv:128.0) Gecko/20100101 Firefox/128.0"
36.133.115.36 - - [24/Jul/2026:17:04:37 +0800] "POST /wp-cron.php?doing_wp_cron=1784883877.3790099620819091796875 HTTP/1.1" 200 31 "-" "WordPress/7.0; http://cqqizhou.com"
146.103.18.179 - - [24/Jul/2026:17:04:38 +0800] "POST /?rest_route=/batch/v1 HTTP/1.1" 207 1700290 "-" "wp2shell"
146.103.18.179 - - [24/Jul/2026:17:04:40 +0800] "GET /?rest_route=%2Fwp%2Fv2%2Fposts&per_page=1&_fields=link HTTP/1.1" 200 57 "-" "wp2shell"
146.103.18.179 - - [24/Jul/2026:17:04:41 +0800] "POST /?rest_route=/batch/v1 HTTP/1.1" 207 6315 "-" "wp2shell"
146.103.18.179 - - [24/Jul/2026:17:04:47 +0800] "POST /?rest_route=/batch/v1 HTTP/1.1" 207 1700478 "-" "wp2shell"
146.103.18.179 - - [24/Jul/2026:17:04:54 +0800] "POST /?rest_route=/batch/v1 HTTP/1.1" 207 1700485 "-" "wp2shell"
146.103.18.179 - - [24/Jul/2026:17:05:05 +0800] "POST /?rest_route=/batch/v1 HTTP/1.1" 207 1700476 "-" "wp2shell"
36.133.115.36 - - [24/Jul/2026:17:05:09 +0800] "POST /wp-cron.php?doing_wp_cron=1784883909.5257060527801513671875 HTTP/1.1" 200 31 "-" "WordPress/7.0; http://cqqizhou.com"
146.103.18.179 - - [24/Jul/2026:17:05:14 +0800] "POST /?rest_route=/batch/v1 HTTP/1.1" 207 1700476 "-" "wp2shell"
146.103.18.179 - - [24/Jul/2026:17:05:24 +0800] "POST /?rest_route=/batch/v1 HTTP/1.1" 207 1700476 "-" "wp2shell"
146.103.18.179 - - [24/Jul/2026:17:05:27 +0800] "POST /?rest_route=/batch/v1 HTTP/1.1" 207 3701 "-" "wp2shell"
146.103.18.179 - - [24/Jul/2026:17:05:28 +0800] "GET /wp-login.php HTTP/1.1" 200 8377 "-" "wp2shell"
146.103.18.179 - - [24/Jul/2026:17:05:30 +0800] "POST /wp-login.php HTTP/1.1" 302 5 "-" "wp2shell"
146.103.18.179 - - [24/Jul/2026:17:05:39 +0800] "GET /wp-admin/ HTTP/1.1" 200 395640 "-" "wp2shell"
146.103.18.179 - - [24/Jul/2026:17:05:49 +0800] "GET /wp-admin/plugin-install.php?tab=upload HTTP/1.1" 200 345503 "-" "wp2shell"
36.133.115.36 - - [24/Jul/2026:17:06:10 +0800] "POST /wp-cron.php?doing_wp_cron=1784883969.9629569053649902343750 HTTP/1.1" 200 31 "-" "WordPress/7.0; http://cqqizhou.com"
146.103.18.179 - - [24/Jul/2026:17:06:11 +0800] "POST /wp-admin/update.php?action=upload-plugin HTTP/1.1" 200 330865 "-" "wp2shell"
146.103.18.179 - - [24/Jul/2026:17:06:11 +0800] "GET /wp-content/plugins/wp2shell_f8fc2a61/wp2shell_f8fc2a61.php?t=3097a9fe3005b35123a1cc84882715e2&c=id HTTP/1.1" 200 74 "-" "wp2shell"
146.103.18.179 - - [24/Jul/2026:17:06:13 +0800] "GET /wp-content/plugins/wp2shell_f8fc2a61/wp2shell_f8fc2a61.php?t=3097a9fe3005b35123a1cc84882715e2&delete_user=wp2_971da2fa8c26&reassign=1 HTTP/1.1" 200 33 "-" "wp2shell"
146.103.18.179 - - [24/Jul/2026:17:06:13 +0800] "GET /wp-content/plugins/wp2shell_f8fc2a61/wp2shell_f8fc2a61.php?t=3097a9fe3005b35123a1cc84882715e2&c=d%3D%24%28pwd%29%3B+case+%22%24d%22+in+%2A%2Fwp-content%2Fplugins%2F%2A%29+cd+%2F+%26%26+rm+-rf+%22%24d%22%3B%3B+esac HTTP/1.1" 200 25 "-" "wp2shell"
36.133.115.36 - - [24/Jul/2026:17:06:13 +0800] "POST /wp-cron.php?doing_wp_cron=1784883973.7234859466552734375000 HTTP/1.1" 200 31 "-" "WordPress/7.0; http://cqqizhou.com"
146.103.18.179 - - [24/Jul/2026:17:06:13 +0800] "GET / HTTP/1.1" 200 35504 "-" "Mozilla/5.0 (Windows NT 10.0; Win64; x64) AppleWebKit/537.36 (KHTML, like Gecko) Chrome/150.0.0.0 Safari/537.36"
146.103.18.179 - - [24/Jul/2026:17:06:13 +0800] "GET /wp-content/plugins/wp2shell_f8fc2a61/wp2shell_f8fc2a61.php HTTP/1.1" 404 27 "-" "wp2shell"
146.103.18.179 - - [24/Jul/2026:17:06:14 +0800] "GET /wp-content/uploads/2025/07/1751425283-qizhou.kf_.qq_.com_.webp HTTP/1.1" 200 16864 "http://cqqizhou.com/" "Mozilla/5.0 (Windows NT 10.0; Win64; x64) AppleWebKit/537.36 (KHTML, like Gecko) Chrome/150.0.0.0 Safari/537.36"
146.103.18.179 - - [24/Jul/2026:17:06:16 +0800] "GET /wp-content/uploads/2025/07/1753456723-%E5%8F%8C%E7%9B%B8%E9%92%A2roduct_Single600.webp HTTP/1.1" 200 22790 "http://cqqizhou.com/" "Mozilla/5.0 (Windows NT 10.0; Win64; x64) AppleWebKit/537.36 (KHTML, like Gecko) Chrome/150.0.0.0 Safari/537.36"
146.103.18.179 - - [24/Jul/2026:17:06:16 +0800] "GET /wp-content/uploads/2025/07/1753453096-%E5%8F%8C%E7%9B%B8%E9%92%A2product_Single600%C3%97284.webp HTTP/1.1" 200 14562 "http://cqqizhou.com/" "Mozilla/5.0 (Windows NT 10.0; Win64; x64) AppleWebKit/537.36 (KHTML, like Gecko) Chrome/150.0.0.0 Safari/537.36"
146.103.18.179 - - [24/Jul/2026:17:06:16 +0800] "GET /wp-content/uploads/2025/07/1753456770-%E7%83%AD%E9%95%80%E9%94%8C%E5%8D%B7product_Single600.webp HTTP/1.1" 200 27502 "http://cqqizhou.com/" "Mozilla/5.0 (Windows NT 10.0; Win64; x64) AppleWebKit/537.36 (KHTML, like Gecko) Chrome/150.0.0.0 Safari/537.36"
146.103.18.179 - - [24/Jul/2026:17:06:16 +0800] "GET /wp-content/uploads/2025/07/1753453127-%E4%BD%99%E5%8D%B7product_Single600%C3%97284.webp HTTP/1.1" 200 18744 "http://cqqizhou.com/" "Mozilla/5.0 (Windows NT 10.0; Win64; x64) AppleWebKit/537.36 (KHTML, like Gecko) Chrome/150.0.0.0 Safari/537.36"
146.103.18.179 - - [24/Jul/2026:17:06:16 +0800] "GET /wp-content/uploads/2025/12/1765268955-qizhou_Slider1_3840%C3%972160_20251210-scaled.webp HTTP/1.1" 200 152162 "http://cqqizhou.com/" "Mozilla/5.0 (Windows NT 10.0; Win64; x64) AppleWebKit/537.36 (KHTML, like Gecko) Chrome/150.0.0.0 Safari/537.36"
146.103.18.179 - - [24/Jul/2026:17:06:17 +0800] "GET /wp-content/uploads/2026/01/1768276119-qizhoujiagong_Slider_3840%C3%972160_20260113-scaled-50x100.webp HTTP/1.1" 200 976 "http://cqqizhou.com/" "Mozilla/5.0 (Windows NT 10.0; Win64; x64) AppleWebKit/537.36 (KHTML, like Gecko) Chrome/150.0.0.0 Safari/537.36"
146.103.18.179 - - [24/Jul/2026:17:06:17 +0800] "GET /wp-content/uploads/revslider/slider-1/1750861156-logistics_Slider_3840%C3%972160_20250625191356-scaled-50x100.webp HTTP/1.1" 200 1416 "http://cqqizhou.com/" "Mozilla/5.0 (Windows NT 10.0; Win64; x64) AppleWebKit/537.36 (KHTML, like Gecko) Chrome/150.0.0.0 Safari/537.36"
146.103.18.179 - - [24/Jul/2026:17:06:19 +0800] "GET /wp-json/sliderrevolution/sliders/1?srengine=7&slideid=4 HTTP/1.1" 200 2580 "http://cqqizhou.com/" "Mozilla/5.0 (Windows NT 10.0; Win64; x64) AppleWebKit/537.36 (KHTML, like Gecko) Chrome/150.0.0.0 Safari/537.36"
146.103.18.179 - - [24/Jul/2026:17:06:19 +0800] "GET /wp-json/sliderrevolution/sliders/1?srengine=7&slideid=2 HTTP/1.1" 200 2000 "http://cqqizhou.com/" "Mozilla/5.0 (Windows NT 10.0; Win64; x64) AppleWebKit/537.36 (KHTML, like Gecko) Chrome/150.0.0.0 Safari/537.36"
146.103.18.179 - - [24/Jul/2026:17:06:20 +0800] "GET /wp-content/uploads/revslider/slider-1/1750861156-logistics_Slider_3840%C3%972160_20250625191356-scaled.webp HTTP/1.1" 200 197360 "http://cqqizhou.com/" "Mozilla/5.0 (Windows NT 10.0; Win64; x64) AppleWebKit/537.36 (KHTML, like Gecko) Chrome/150.0.0.0 Safari/537.36"
146.103.18.179 - - [24/Jul/2026:17:06:20 +0800] "GET /wp-content/uploads/2026/01/1768276119-qizhoujiagong_Slider_3840%C3%972160_20260113-scaled.webp HTTP/1.1" 200 131696 "http://cqqizhou.com/" "Mozilla/5.0 (Windows NT 10.0; Win64; x64) AppleWebKit/537.36 (KHTML, like Gecko) Chrome/150.0.0.0 Safari/537.36"
146.103.18.179 - - [24/Jul/2026:17:06:23 +0800] "GET /wp-content/plugins/wp2shell_f8fc2a61/wp2shell_f8fc2a61.php HTTP/1.1" 404 47 "-" "Mozilla/5.0 (X11; Linux x86_64; rv:128.0) Gecko/20100101 Firefox/128.0"
146.103.18.179 - - [24/Jul/2026:17:06:26 +0800] "GET /wp-content/uploads/2025/12/1765268955-qizhou_Slider1_3840%C3%972160_20251210-scaled-50x100.webp HTTP/1.1" 200 1812 "http://cqqizhou.com/" "Mozilla/5.0 (Windows NT 10.0; Win64; x64) AppleWebKit/537.36 (KHTML, like Gecko) Chrome/150.0.0.0 Safari/537.36"
146.103.18.179 - - [24/Jul/2026:17:06:36 +0800] "GET /wp-login.php HTTP/1.1" 200 2821 "-" "Mozilla/5.0 (Windows NT 10.0; Win64; x64) AppleWebKit/537.36 (KHTML, like Gecko) Chrome/150.0.0.0 Safari/537.36"
36.133.115.36 - - [24/Jul/2026:17:07:50 +0800] "POST /wp-cron.php?doing_wp_cron=1784884070.1767859458923339843750 HTTP/1.1" 200 31 "-" "WordPress/7.0; http://cqqizhou.com"
146.103.18.179 - - [24/Jul/2026:17:07:50 +0800] "POST /wp-login.php HTTP/1.1" 200 3028 "http://cqqizhou.com/wp-login.php" "Mozilla/5.0 (Windows NT 10.0; Win64; x64) AppleWebKit/537.36 (KHTML, like Gecko) Chrome/150.0.0.0 Safari/537.36"
36.133.115.36 - - [24/Jul/2026:17:08:18 +0800] "POST /wp-cron.php?doing_wp_cron=1784884098.5977709293365478515625 HTTP/1.1" 200 31 "-" "WordPress/7.0; http://cqqizhou.com"
146.103.18.179 - - [24/Jul/2026:17:08:18 +0800] "POST /wp-login.php HTTP/1.1" 200 3028 "http://cqqizhou.com/wp-login.php" "Mozilla/5.0 (X11; Linux x86_64; rv:128.0) Gecko/20100101 Firefox/128.0"
146.103.18.179 - - [24/Jul/2026:17:08:42 +0800] "POST /wp-login.php HTTP/1.1" 200 2934 "http://cqqizhou.com/wp-login.php" "Mozilla/5.0 (X11; Linux x86_64; rv:128.0) Gecko/20100101 Firefox/128.0"
36.133.115.36 - - [24/Jul/2026:17:21:18 +0800] "POST /wp-cron.php?doing_wp_cron=1784884878.6510999202728271484375 HTTP/1.1" 200 31 "-" "WordPress/7.0; http://cqqizhou.com"
216.73.217.154 - - [24/Jul/2026:17:21:18 +0800] "GET /anddwai/fUPeLTWv351177 HTTP/1.1" 301 5 "-" "Mozilla/5.0 AppleWebKit/537.36 (KHTML, like Gecko; compatible; ClaudeBot/1.0; +claudebot@anthropic.com)"
216.73.217.154 - - [24/Jul/2026:17:21:21 +0800] "GET /anddwai/fUPeLTWv351177 HTTP/1.1" 404 32862 "http://www.cqqizhou.com/anddwai/fUPeLTWv351177" "Mozilla/5.0 AppleWebKit/537.36 (KHTML, like Gecko; compatible; ClaudeBot/1.0; +claudebot@anthropic.com)"
36.133.115.36 - - [24/Jul/2026:17:31:49 +0800] "POST /wp-cron.php?doing_wp_cron=1784885509.0930850505828857421875 HTTP/1.1" 200 31 "-" "WordPress/7.0; http://cqqizhou.com"
173.231.200.13 - - [24/Jul/2026:17:31:49 +0800] "GET /wp-login.php HTTP/1.1" 200 8377 "-" "Mozilla/5.0 (Windows NT 10.0; Win64; x64) AppleWebKit/537.36"
173.231.200.13 - - [24/Jul/2026:17:31:51 +0800] "POST /wp-login.php HTTP/1.1" 302 5 "-" "Mozilla/5.0 (Windows NT 10.0; Win64; x64) AppleWebKit/537.36"
173.231.200.13 - - [24/Jul/2026:17:31:52 +0800] "GET /wp-admin/ HTTP/1.1" 302 5 "-" "Mozilla/5.0 (Windows NT 10.0; Win64; x64) AppleWebKit/537.36"
173.231.200.13 - - [24/Jul/2026:17:31:54 +0800] "GET /wp-login.php?redirect_to=http%3A%2F%2Fcqqizhou.com%2Fwp-admin%2F&reauth=1 HTTP/1.1" 200 8377 "-" "Mozilla/5.0 (Windows NT 10.0; Win64; x64) AppleWebKit/537.36"
36.133.115.36 - - [24/Jul/2026:17:38:22 +0800] "POST /wp-cron.php?doing_wp_cron=1784885902.0150940418243408203125 HTTP/1.1" 200 31 "-" "WordPress/7.0; http://cqqizhou.com"
216.73.217.154 - - [24/Jul/2026:17:38:22 +0800] "GET /anddwai/news569546 HTTP/1.1" 404 32862 "-" "Mozilla/5.0 AppleWebKit/537.36 (KHTML, like Gecko; compatible; ClaudeBot/1.0; +claudebot@anthropic.com)"
36.133.115.36 - - [24/Jul/2026:17:40:09 +0800] "POST /wp-cron.php?doing_wp_cron=1784886009.4820489883422851562500 HTTP/1.1" 200 31 "-" "WordPress/7.0; http://cqqizhou.com"
123.182.51.198 - - [24/Jul/2026:17:40:09 +0800] "GET / HTTP/1.1" 200 35072 "-" "Mozilla/5.0 (iPhone; CPU iPhone OS 15_1_1 like Mac OS X; zh-CN) AppleWebKit/605.1.15 (KHTML, like Gecko) Mobile/19B81 UCBrowser/13.7.2.1636 Mobile AliApp(TUnionSDK/0.1.20.4) dv(iPh13,4);pr(UCBrowser/13.7.2.1636);ov(15_1_1);ss(428x926);bt(UC);pm(0);bv(0);nm(0);im(0);nt(2);"
36.133.115.36 - - [24/Jul/2026:17:41:32 +0800] "POST /wp-cron.php?doing_wp_cron=1784886092.7790229320526123046875 HTTP/1.1" 200 31 "-" "WordPress/7.0; http://cqqizhou.com"
216.73.217.154 - - [24/Jul/2026:17:41:32 +0800] "GET /anddwai/news812730 HTTP/1.1" 404 32862 "-" "Mozilla/5.0 AppleWebKit/537.36 (KHTML, like Gecko; compatible; ClaudeBot/1.0; +claudebot@anthropic.com)"
36.133.115.36 - - [24/Jul/2026:17:42:27 +0800] "POST /wp-cron.php?doing_wp_cron=1784886147.6662969589233398437500 HTTP/1.1" 200 31 "-" "WordPress/7.0; http://cqqizhou.com"
120.230.21.254 - - [24/Jul/2026:17:42:27 +0800] "GET /news/2160 HTTP/1.1" 200 30220 "-" "Mozilla/5.0 (Macintosh; Intel Mac OS X 10_15_7) AppleWebKit/605.1.15 (KHTML, like Gecko) Version/18.4 Safari/605.1.15"
118.120.180.243 - - [24/Jul/2026:17:42:28 +0800] "GET /news/2155 HTTP/1.1" 200 29580 "-" "Mozilla/5.0 (Macintosh; Intel Mac OS X 10.15; rv:144.0) Gecko/20100101 Firefox/144.0"
36.157.226.45 - - [24/Jul/2026:17:42:30 +0800] "GET /news/2153 HTTP/1.1" 200 24977 "-" "Mozilla/5.0 (Macintosh; Intel Mac OS X 10_15_7) AppleWebKit/537.36 (KHTML, like Gecko) Chrome/145.0.0.0 Safari/537.36"
36.133.115.36 - - [24/Jul/2026:17:55:16 +0800] "POST /wp-cron.php?doing_wp_cron=1784886916.1295690536499023437500 HTTP/1.1" 200 31 "-" "WordPress/7.0; http://cqqizhou.com"
216.73.217.154 - - [24/Jul/2026:17:55:16 +0800] "GET /robots.txt HTTP/1.1" 200 390 "-" "Mozilla/5.0 AppleWebKit/537.36 (KHTML, like Gecko; compatible; ClaudeBot/1.0; +claudebot@anthropic.com)"
216.73.217.154 - - [24/Jul/2026:17:55:17 +0800] "GET /wp-sitemap.xml HTTP/1.1" 501 253 "-" "Mozilla/5.0 AppleWebKit/537.36 (KHTML, like Gecko; compatible; ClaudeBot/1.0; +claudebot@anthropic.com)"
36.133.115.36 - - [24/Jul/2026:17:58:03 +0800] "POST /wp-cron.php?doing_wp_cron=1784887083.2345008850097656250000 HTTP/1.1" 200 31 "-" "WordPress/7.0; http://cqqizhou.com"
204.217.207.173 - - [24/Jul/2026:17:58:03 +0800] "GET /news/2502 HTTP/1.1" 200 25256 "-" "Mozilla/5.0 (Windows NT 10.0; Win64; x64) AppleWebKit/537.36 (KHTML, like Gecko) Chrome/149.0.0.0 Safari/537.36 Edg/149.0.0.0"
36.133.115.36 - - [24/Jul/2026:18:06:13 +0800] "POST /wp-cron.php?doing_wp_cron=1784887573.1195209026336669921875 HTTP/1.1" 200 31 "-" "WordPress/7.0; http://cqqizhou.com"
45.195.189.73 - - [24/Jul/2026:18:06:13 +0800] "GET /news/2585 HTTP/1.1" 200 24728 "-" "Mozilla/5.0 (Windows NT 10.0; Win64; x64) AppleWebKit/537.36 (KHTML, like Gecko) Chrome/149.0.0.0 Safari/537.36 Edg/149.0.0.0"
36.133.115.36 - - [24/Jul/2026:18:11:21 +0800] "POST /wp-cron.php?doing_wp_cron=1784887881.1492800712585449218750 HTTP/1.1" 200 31 "-" "WordPress/7.0; http://cqqizhou.com"
110.249.201.34 - - [24/Jul/2026:18:11:21 +0800] "GET /robots.txt HTTP/1.1" 200 190 "-" "Mozilla/5.0 (Linux; Android 5.0) AppleWebKit/537.36 (KHTML, like Gecko) Mobile Safari/537.36 (compatible; Bytespider; https://zhanzhang.toutiao.com/)"
36.133.115.36 - - [24/Jul/2026:18:20:27 +0800] "POST /wp-cron.php?doing_wp_cron=1784888427.0492770671844482421875 HTTP/1.1" 200 31 "-" "WordPress/7.0; http://cqqizhou.com"
43.134.78.217 - - [24/Jul/2026:18:20:27 +0800] "GET / HTTP/1.1" 200 35072 "-" "Mozilla/5.0 (iPhone; CPU iPhone OS 13_2_3 like Mac OS X) AppleWebKit/605.1.15 (KHTML, like Gecko) Version/13.0.3 Mobile/15E148 Safari/604.1"
36.133.115.36 - - [24/Jul/2026:18:29:10 +0800] "POST /wp-cron.php?doing_wp_cron=1784888950.4688670635223388671875 HTTP/1.1" 200 31 "-" "WordPress/7.0; http://cqqizhou.com"
216.73.217.154 - - [24/Jul/2026:18:29:10 +0800] "GET /anddwai/mSUwjuc940302 HTTP/1.1" 404 32862 "-" "Mozilla/5.0 AppleWebKit/537.36 (KHTML, like Gecko; compatible; ClaudeBot/1.0; +claudebot@anthropic.com)"
36.133.115.36 - - [24/Jul/2026:18:39:33 +0800] "POST /wp-cron.php?doing_wp_cron=1784889573.9530661106109619140625 HTTP/1.1" 200 31 "-" "WordPress/7.0; http://cqqizhou.com"
216.73.217.154 - - [24/Jul/2026:18:39:34 +0800] "GET /anddwai/MVJdLz254105 HTTP/1.1" 404 32862 "-" "Mozilla/5.0 AppleWebKit/537.36 (KHTML, like Gecko; compatible; ClaudeBot/1.0; +claudebot@anthropic.com)"
36.133.115.36 - - [24/Jul/2026:18:54:45 +0800] "POST /wp-cron.php?doing_wp_cron=1784890485.2231080532073974609375 HTTP/1.1" 200 31 "-" "WordPress/7.0; http://cqqizhou.com"
216.73.217.154 - - [24/Jul/2026:18:54:45 +0800] "GET /anddwai/news667722 HTTP/1.1" 404 32862 "-" "Mozilla/5.0 AppleWebKit/537.36 (KHTML, like Gecko; compatible; ClaudeBot/1.0; +claudebot@anthropic.com)"
36.133.115.36 - - [24/Jul/2026:18:57:30 +0800] "POST /wp-cron.php?doing_wp_cron=1784890650.2964379787445068359375 HTTP/1.1" 200 31 "-" "WordPress/7.0; http://cqqizhou.com"
216.73.217.154 - - [24/Jul/2026:18:57:30 +0800] "GET /robots.txt HTTP/1.1" 200 390 "-" "Mozilla/5.0 AppleWebKit/537.36 (KHTML, like Gecko; compatible; ClaudeBot/1.0; +claudebot@anthropic.com)"
216.73.217.154 - - [24/Jul/2026:18:57:35 +0800] "GET /wp-sitemap.xml HTTP/1.1" 501 253 "-" "Mozilla/5.0 AppleWebKit/537.36 (KHTML, like Gecko; compatible; ClaudeBot/1.0; +claudebot@anthropic.com)"
157.148.43.4 - - [24/Jul/2026:19:15:19 +0800] "GET /news/2155 HTTP/1.1" 200 29596 "-" "Mozilla/5.0 (Windows NT 10.0; Win64; x64) AppleWebKit/537.36 (KHTML, like Gecko) Chrome/131.0.0.0 Safari/537.36"
45.78.215.253 - - [24/Jul/2026:19:16:04 +0800] "GET /wp-content/uploads/2025/12/1765248770-20251209104226_107_60.webp HTTP/1.1" 200 66916 "-" "Mozilla/5.0 (Windows NT 10.0; Win64; x64) AppleWebKit/537.36 (KHTML, like Gecko) Chrome/147.0.0.0 Safari/537.36"
36.133.115.36 - - [24/Jul/2026:19:18:03 +0800] "POST /wp-cron.php?doing_wp_cron=1784891883.2080860137939453125000 HTTP/1.1" 200 31 "-" "WordPress/7.0; http://cqqizhou.com"
81.68.78.229 - - [24/Jul/2026:19:18:03 +0800] "GET / HTTP/1.1" 301 5 "-" "Go-http-client/1.1"
81.68.78.229 - - [24/Jul/2026:19:18:03 +0800] "GET / HTTP/1.1" 200 35519 "http://xa1.shaanxi.cn.antiddos.cspt.fullcone.cn" "Go-http-client/1.1"
36.133.115.36 - - [24/Jul/2026:19:18:41 +0800] "POST /wp-cron.php?doing_wp_cron=1784891921.0604510307312011718750 HTTP/1.1" 200 31 "-" "WordPress/7.0; http://cqqizhou.com"
160.119.71.9 - - [24/Jul/2026:19:18:41 +0800] "GET / HTTP/1.1" 200 109837 "-" "Mozilla/5.0 (X11; Linux x86_64; rv:144.0) Gecko/20100101 Firefox/144.0"
36.133.115.36 - - [24/Jul/2026:19:25:51 +0800] "GET / HTTP/1.1" 200 159680 "-" "MyCustomUA/1.0"
220.181.108.147 - - [24/Jul/2026:19:25:51 +0800] "GET /news/2606?home/2916634479.html HTTP/1.1" 200 49810 "-" "Mozilla/5.0 (compatible; Baiduspider/2.0; +http://www.baidu.com/search/spider.html)"
36.133.115.36 - - [24/Jul/2026:19:42:22 +0800] "POST /wp-cron.php?doing_wp_cron=1784893342.8168458938598632812500 HTTP/1.1" 200 31 "-" "WordPress/7.0; http://cqqizhou.com"
111.72.193.116 - - [24/Jul/2026:19:42:22 +0800] "GET /robots.txt HTTP/1.1" 301 5 "-" "Mozilla/5.0 (Macintosh; Intel Mac OS X 10_13_5) AppleWebKit/537.36 (KHTML, like Gecko) Chrome/69.0.3497.100 Safari/537.36"
27.189.129.229 - - [24/Jul/2026:19:42:25 +0800] "GET /robots.txt HTTP/1.1" 200 390 "-" "Mozilla/5.0 (Macintosh; Intel Mac OS X 10_13_5) AppleWebKit/537.36 (KHTML, like Gecko) Chrome/69.0.3497.100 Safari/537.36"
36.133.115.36 - - [24/Jul/2026:19:53:04 +0800] "POST /wp-cron.php?doing_wp_cron=1784893984.4895970821380615234375 HTTP/1.1" 200 31 "-" "WordPress/7.0; http://cqqizhou.com"
216.73.217.154 - - [24/Jul/2026:19:53:04 +0800] "GET /wp-sitemap.xml HTTP/1.1" 501 253 "-" "Mozilla/5.0 AppleWebKit/537.36 (KHTML, like Gecko; compatible; ClaudeBot/1.0; +claudebot@anthropic.com)"
36.133.115.36 - - [24/Jul/2026:20:12:47 +0800] "POST /wp-cron.php?doing_wp_cron=1784895167.6287350654602050781250 HTTP/1.1" 200 31 "-" "WordPress/7.0; http://cqqizhou.com"
