HEX
Server: nginx/1.16.1
System: Linux ecs-04358622 4.19.90-2107.6.0.0100.oe1.bclinux.x86_64 #1 SMP Wed Dec 1 19:59:44 CST 2021 x86_64
User: nginx (994)
PHP: 8.0.0
Disabled: NONE
Upload Files
File: //home/logs/cqqizhou_access_2026-07-24.log
60.160.199.29 - - [24/Jul/2026:00:01:22 +0800] "GET / HTTP/1.1" 200 35518 "-" "Mozilla/5.0 (Windows NT 10.0; Win64; x64) AppleWebKit/537.36 (KHTML, like Gecko) Chrome/150.0.0.0 Safari/537.36 Edg/150.0.0.0"
60.160.199.29 - - [24/Jul/2026:00:01:23 +0800] "GET /wp-content/uploads/2025/07/1751425283-qizhou.kf_.qq_.com_.webp HTTP/1.1" 200 16864 "http://cqqizhou.com/" "Mozilla/5.0 (Windows NT 10.0; Win64; x64) AppleWebKit/537.36 (KHTML, like Gecko) Chrome/150.0.0.0 Safari/537.36 Edg/150.0.0.0"
60.160.199.29 - - [24/Jul/2026:00:01:24 +0800] "GET /wp-content/uploads/2025/12/1765268955-qizhou_Slider1_3840%C3%972160_20251210-scaled.webp HTTP/1.1" 200 152162 "http://cqqizhou.com/" "Mozilla/5.0 (Windows NT 10.0; Win64; x64) AppleWebKit/537.36 (KHTML, like Gecko) Chrome/150.0.0.0 Safari/537.36 Edg/150.0.0.0"
60.160.199.29 - - [24/Jul/2026:00:01:24 +0800] "GET /wp-content/uploads/2025/07/1753456770-%E7%83%AD%E9%95%80%E9%94%8C%E5%8D%B7product_Single600.webp HTTP/1.1" 200 27502 "http://cqqizhou.com/" "Mozilla/5.0 (Windows NT 10.0; Win64; x64) AppleWebKit/537.36 (KHTML, like Gecko) Chrome/150.0.0.0 Safari/537.36 Edg/150.0.0.0"
60.160.199.29 - - [24/Jul/2026:00:01:24 +0800] "GET /wp-content/uploads/2026/01/1768276119-qizhoujiagong_Slider_3840%C3%972160_20260113-scaled-50x100.webp HTTP/1.1" 200 976 "http://cqqizhou.com/" "Mozilla/5.0 (Windows NT 10.0; Win64; x64) AppleWebKit/537.36 (KHTML, like Gecko) Chrome/150.0.0.0 Safari/537.36 Edg/150.0.0.0"
60.160.199.29 - - [24/Jul/2026:00:01:24 +0800] "GET /wp-content/uploads/revslider/slider-1/1750861156-logistics_Slider_3840%C3%972160_20250625191356-scaled-50x100.webp HTTP/1.1" 200 1416 "http://cqqizhou.com/" "Mozilla/5.0 (Windows NT 10.0; Win64; x64) AppleWebKit/537.36 (KHTML, like Gecko) Chrome/150.0.0.0 Safari/537.36 Edg/150.0.0.0"
60.160.199.29 - - [24/Jul/2026:00:01:24 +0800] "GET /wp-content/uploads/2025/07/1753453096-%E5%8F%8C%E7%9B%B8%E9%92%A2product_Single600%C3%97284.webp HTTP/1.1" 200 14562 "http://cqqizhou.com/" "Mozilla/5.0 (Windows NT 10.0; Win64; x64) AppleWebKit/537.36 (KHTML, like Gecko) Chrome/150.0.0.0 Safari/537.36 Edg/150.0.0.0"
60.160.199.29 - - [24/Jul/2026:00:01:24 +0800] "GET /wp-content/uploads/2025/07/1753453127-%E4%BD%99%E5%8D%B7product_Single600%C3%97284.webp HTTP/1.1" 200 18744 "http://cqqizhou.com/" "Mozilla/5.0 (Windows NT 10.0; Win64; x64) AppleWebKit/537.36 (KHTML, like Gecko) Chrome/150.0.0.0 Safari/537.36 Edg/150.0.0.0"
60.160.199.29 - - [24/Jul/2026:00:01:24 +0800] "GET /wp-content/uploads/2025/07/1753456723-%E5%8F%8C%E7%9B%B8%E9%92%A2roduct_Single600.webp HTTP/1.1" 200 22790 "http://cqqizhou.com/" "Mozilla/5.0 (Windows NT 10.0; Win64; x64) AppleWebKit/537.36 (KHTML, like Gecko) Chrome/150.0.0.0 Safari/537.36 Edg/150.0.0.0"
60.160.199.29 - - [24/Jul/2026:00:01:26 +0800] "GET /wp-json/sliderrevolution/sliders/1?srengine=7&slideid=2 HTTP/1.1" 200 2000 "http://cqqizhou.com/" "Mozilla/5.0 (Windows NT 10.0; Win64; x64) AppleWebKit/537.36 (KHTML, like Gecko) Chrome/150.0.0.0 Safari/537.36 Edg/150.0.0.0"
36.133.115.36 - - [24/Jul/2026:00:01:26 +0800] "POST /wp-cron.php?doing_wp_cron=1784822486.4846420288085937500000 HTTP/1.1" 200 31 "-" "WordPress/7.0; http://cqqizhou.com"
60.160.199.29 - - [24/Jul/2026:00:01:26 +0800] "GET /wp-json/sliderrevolution/sliders/1?srengine=7&slideid=4 HTTP/1.1" 200 2580 "http://cqqizhou.com/" "Mozilla/5.0 (Windows NT 10.0; Win64; x64) AppleWebKit/537.36 (KHTML, like Gecko) Chrome/150.0.0.0 Safari/537.36 Edg/150.0.0.0"
60.160.199.29 - - [24/Jul/2026:00:01:26 +0800] "GET /wp-content/uploads/2026/01/1768276119-qizhoujiagong_Slider_3840%C3%972160_20260113-scaled.webp HTTP/1.1" 200 131696 "http://cqqizhou.com/" "Mozilla/5.0 (Windows NT 10.0; Win64; x64) AppleWebKit/537.36 (KHTML, like Gecko) Chrome/150.0.0.0 Safari/537.36 Edg/150.0.0.0"
60.160.199.29 - - [24/Jul/2026:00:01:26 +0800] "GET /wp-content/uploads/revslider/slider-1/1750861156-logistics_Slider_3840%C3%972160_20250625191356-scaled.webp HTTP/1.1" 200 197360 "http://cqqizhou.com/" "Mozilla/5.0 (Windows NT 10.0; Win64; x64) AppleWebKit/537.36 (KHTML, like Gecko) Chrome/150.0.0.0 Safari/537.36 Edg/150.0.0.0"
60.160.199.29 - - [24/Jul/2026:00:01:26 +0800] "GET /news HTTP/1.1" 200 25954 "http://cqqizhou.com/" "Mozilla/5.0 (Windows NT 10.0; Win64; x64) AppleWebKit/537.36 (KHTML, like Gecko) Chrome/150.0.0.0 Safari/537.36 Edg/150.0.0.0"
60.160.199.29 - - [24/Jul/2026:00:01:27 +0800] "GET /wp-content/uploads/2026/06/1782392245-Article_images_W900px.webp HTTP/1.1" 200 62046 "http://cqqizhou.com/news" "Mozilla/5.0 (Windows NT 10.0; Win64; x64) AppleWebKit/537.36 (KHTML, like Gecko) Chrome/150.0.0.0 Safari/537.36 Edg/150.0.0.0"
60.160.199.29 - - [24/Jul/2026:00:01:27 +0800] "GET /wp-content/uploads/2026/06/1782708718-1Article_images_W900px.webp HTTP/1.1" 200 54948 "http://cqqizhou.com/news" "Mozilla/5.0 (Windows NT 10.0; Win64; x64) AppleWebKit/537.36 (KHTML, like Gecko) Chrome/150.0.0.0 Safari/537.36 Edg/150.0.0.0"
60.160.199.29 - - [24/Jul/2026:00:01:27 +0800] "GET /wp-content/uploads/2026/06/1782182572-Article_images_W900px.webp HTTP/1.1" 200 24314 "http://cqqizhou.com/news" "Mozilla/5.0 (Windows NT 10.0; Win64; x64) AppleWebKit/537.36 (KHTML, like Gecko) Chrome/150.0.0.0 Safari/537.36 Edg/150.0.0.0"
60.160.199.29 - - [24/Jul/2026:00:01:27 +0800] "GET /wp-content/uploads/2026/06/1781880807-Article_images_W900px.webp HTTP/1.1" 200 25354 "http://cqqizhou.com/news" "Mozilla/5.0 (Windows NT 10.0; Win64; x64) AppleWebKit/537.36 (KHTML, like Gecko) Chrome/150.0.0.0 Safari/537.36 Edg/150.0.0.0"
60.160.199.29 - - [24/Jul/2026:00:01:27 +0800] "GET /wp-content/uploads/2025/07/1753410289-News2000%C3%97400_202571.webp HTTP/1.1" 200 17830 "http://cqqizhou.com/news" "Mozilla/5.0 (Windows NT 10.0; Win64; x64) AppleWebKit/537.36 (KHTML, like Gecko) Chrome/150.0.0.0 Safari/537.36 Edg/150.0.0.0"
60.160.199.29 - - [24/Jul/2026:00:01:27 +0800] "GET /wp-content/uploads/2026/06/1780363378-1Article_images_W900px.webp HTTP/1.1" 200 62100 "http://cqqizhou.com/news" "Mozilla/5.0 (Windows NT 10.0; Win64; x64) AppleWebKit/537.36 (KHTML, like Gecko) Chrome/150.0.0.0 Safari/537.36 Edg/150.0.0.0"
60.160.199.29 - - [24/Jul/2026:00:01:27 +0800] "GET /wp-content/uploads/2026/06/1780362799-1Article_images_W900px.webp HTTP/1.1" 200 61690 "http://cqqizhou.com/news" "Mozilla/5.0 (Windows NT 10.0; Win64; x64) AppleWebKit/537.36 (KHTML, like Gecko) Chrome/150.0.0.0 Safari/537.36 Edg/150.0.0.0"
60.160.199.29 - - [24/Jul/2026:00:01:27 +0800] "GET /wp-content/uploads/2026/05/1779957408-1Article_images_W900px.webp HTTP/1.1" 200 36526 "http://cqqizhou.com/news" "Mozilla/5.0 (Windows NT 10.0; Win64; x64) AppleWebKit/537.36 (KHTML, like Gecko) Chrome/150.0.0.0 Safari/537.36 Edg/150.0.0.0"
60.160.199.29 - - [24/Jul/2026:00:01:27 +0800] "GET /wp-content/uploads/2026/05/1779925245-Article_images_W900px.webp HTTP/1.1" 200 27996 "http://cqqizhou.com/news" "Mozilla/5.0 (Windows NT 10.0; Win64; x64) AppleWebKit/537.36 (KHTML, like Gecko) Chrome/150.0.0.0 Safari/537.36 Edg/150.0.0.0"
60.160.199.29 - - [24/Jul/2026:00:01:27 +0800] "GET /wp-content/uploads/2026/05/1779328461-1Article_images_W900px.webp HTTP/1.1" 200 37908 "http://cqqizhou.com/news" "Mozilla/5.0 (Windows NT 10.0; Win64; x64) AppleWebKit/537.36 (KHTML, like Gecko) Chrome/150.0.0.0 Safari/537.36 Edg/150.0.0.0"
60.160.199.29 - - [24/Jul/2026:00:01:27 +0800] "GET /wp-content/uploads/2026/05/1779059685-1Article_images_W900px.webp HTTP/1.1" 200 50738 "http://cqqizhou.com/news" "Mozilla/5.0 (Windows NT 10.0; Win64; x64) AppleWebKit/537.36 (KHTML, like Gecko) Chrome/150.0.0.0 Safari/537.36 Edg/150.0.0.0"
51.222.168.144 - - [24/Jul/2026:00:01:28 +0800] "GET /robots.txt HTTP/1.1" 200 190 "-" "Mozilla/5.0 (compatible; AhrefsBot/7.0; +http://ahrefs.com/robot/)"
54.39.210.121 - - [24/Jul/2026:00:01:31 +0800] "GET /news/2606 HTTP/1.1" 200 24951 "-" "Mozilla/5.0 (compatible; AhrefsBot/7.0; +http://ahrefs.com/robot/)"
36.133.115.36 - - [24/Jul/2026:00:14:41 +0800] "GET / HTTP/1.1" 200 159680 "-" "MyCustomUA/1.0"
116.179.32.71 - - [24/Jul/2026:00:14:42 +0800] "GET /company-news HTTP/1.1" 200 35856 "-" "Mozilla/5.0 (compatible; Baiduspider/2.0; +http://www.baidu.com/search/spider.html)"
36.133.115.36 - - [24/Jul/2026:00:21:00 +0800] "GET / HTTP/1.1" 200 159688 "-" "MyCustomUA/1.0"
180.153.236.49 - - [24/Jul/2026:00:21:00 +0800] "GET / HTTP/1.1" 200 36085 "-" "Mozilla/5.0 (Windows NT 10.0; Win64; x64) AppleWebKit/537.36 (KHTML, like Gecko) Chrome/140.0.0.0 Safari/537.36 Edg/140.0.0.0; 360Spider"
36.133.115.36 - - [24/Jul/2026:00:26:18 +0800] "POST /wp-cron.php?doing_wp_cron=1784823978.3526029586791992187500 HTTP/1.1" 200 31 "-" "WordPress/7.0; http://cqqizhou.com"
43.162.95.192 - - [24/Jul/2026:00:26:18 +0800] "GET / HTTP/1.1" 200 35069 "-" "Mozilla/5.0 (iPhone; CPU iPhone OS 13_2_3 like Mac OS X) AppleWebKit/605.1.15 (KHTML, like Gecko) Version/13.0.3 Mobile/15E148 Safari/604.1"
36.133.115.36 - - [24/Jul/2026:00:51:40 +0800] "POST /wp-cron.php?doing_wp_cron=1784825500.2949810028076171875000 HTTP/1.1" 200 31 "-" "WordPress/7.0; http://cqqizhou.com"
114.119.138.179 - - [24/Jul/2026:00:51:40 +0800] "GET /news/2597 HTTP/1.1" 200 20523 "http://cqqizhou.com/news/2496" "Mozilla/5.0 (Linux; Android 7.0;) AppleWebKit/537.36 (HTML, like Gecko) Mobile Safari/537.36 (compatible; PetalBot;+https://webmaster.petalsearch.com/site/petalbot)"
36.133.115.36 - - [24/Jul/2026:01:08:21 +0800] "POST /wp-cron.php?doing_wp_cron=1784826501.1887331008911132812500 HTTP/1.1" 200 31 "-" "WordPress/7.0; http://cqqizhou.com"
36.46.108.62 - - [24/Jul/2026:01:08:21 +0800] "GET / HTTP/1.1" 301 5 "-" "Mozilla/5.0 (Windows NT 10.0; WOW64) AppleWebKit/537.36 (KHTML, like Gecko) Chrome/72.0.3626.69"
36.46.108.62 - - [24/Jul/2026:01:08:21 +0800] "GET http://cqqizhou.com/ HTTP/1.1" 200 35518 "-" "Mozilla/5.0 (Windows NT 10.0; WOW64) AppleWebKit/537.36 (KHTML, like Gecko) Chrome/72.0.3626.69"
125.43.69.158 - - [24/Jul/2026:01:08:21 +0800] "GET / HTTP/1.1" 200 35518 "-" "Mozilla/5.0 (Windows NT 6.2) AppleWebKit/537.36 (KHTML, like Gecko) Chrome/83.0.4103.39"
36.133.115.36 - - [24/Jul/2026:01:11:05 +0800] "POST /wp-cron.php?doing_wp_cron=1784826665.9139580726623535156250 HTTP/1.1" 200 31 "-" "WordPress/7.0; http://cqqizhou.com"
41.216.188.106 - - [24/Jul/2026:01:11:05 +0800] "GET /wp-login.php HTTP/1.1" 200 2820 "https://www.linkedin.com/" "Mozilla/5.0 (Macintosh; Intel Mac OS X 10.15) Gecko/20100101 Firefox/119.0.1"
36.133.115.36 - - [24/Jul/2026:01:11:08 +0800] "POST /wp-cron.php?doing_wp_cron=1784826668.3095200061798095703125 HTTP/1.1" 200 31 "-" "WordPress/7.0; http://cqqizhou.com"
41.216.188.106 - - [24/Jul/2026:01:11:08 +0800] "POST /wp-login.php HTTP/1.1" 200 3023 "http://cqqizhou.com/wp-login.php" "Mozilla/5.0 (Macintosh; Intel Mac OS X 13_6_2) AppleWebKit/537.36 (KHTML, like Gecko) Chrome/118.0.5993.88 Safari/537.36"
41.216.188.106 - - [24/Jul/2026:01:11:12 +0800] "POST /wp-login.php HTTP/1.1" 200 3027 "http://cqqizhou.com/wp-login.php" "Mozilla/5.0 (Windows NT 11.0; Win64; x64) AppleWebKit/537.36 (KHTML, like Gecko) Chrome/119.0.6045.159 Safari/537.36"
41.216.188.106 - - [24/Jul/2026:01:11:17 +0800] "POST /wp-login.php HTTP/1.1" 200 3023 "http://cqqizhou.com/wp-login.php" "Mozilla/5.0 (Macintosh; Intel Mac OS X 13_6_1) AppleWebKit/605.1.15 (KHTML, like Gecko) Version/17.0 Safari/605.1.15"
41.216.188.106 - - [24/Jul/2026:01:11:21 +0800] "POST /wp-login.php HTTP/1.1" 200 3023 "http://cqqizhou.com/wp-login.php" "Mozilla/5.0 (X11; Linux x86_64) AppleWebKit/537.36 (KHTML, like Gecko) Chrome/121.0.6167.85 Safari/537.36"
41.216.188.106 - - [24/Jul/2026:01:11:27 +0800] "POST /wp-login.php HTTP/1.1" 200 3031 "http://cqqizhou.com/wp-login.php" "Mozilla/5.0 (Windows NT 10.0; Win64; x64) AppleWebKit/537.36 (KHTML, like Gecko) Chrome/120.0.0.0 Safari/537.36 Edg/120.0.2210.133"
41.216.188.106 - - [24/Jul/2026:01:11:32 +0800] "POST /wp-login.php HTTP/1.1" 200 3029 "http://cqqizhou.com/wp-login.php" "Mozilla/5.0 (Windows NT 10.0; Win64; x64) AppleWebKit/537.36 (KHTML, like Gecko) Chrome/119.0.6045.159 Safari/537.36"
41.216.188.106 - - [24/Jul/2026:01:11:37 +0800] "POST /wp-login.php HTTP/1.1" 200 3025 "http://cqqizhou.com/wp-login.php" "Mozilla/5.0 (X11; Ubuntu; Linux x86_64) AppleWebKit/537.36 (KHTML, like Gecko) Chrome/121.0.6167.85 Safari/537.36"
41.216.188.106 - - [24/Jul/2026:01:11:42 +0800] "POST /wp-login.php HTTP/1.1" 200 3021 "http://cqqizhou.com/wp-login.php" "Mozilla/5.0 (Macintosh; Intel Mac OS X 10_15_7) AppleWebKit/537.36 (KHTML, like Gecko) Chrome/119.0.6045.159 Safari/537.36"
41.216.188.106 - - [24/Jul/2026:01:11:48 +0800] "POST /wp-login.php HTTP/1.1" 200 2968 "http://cqqizhou.com/wp-login.php" "Mozilla/5.0 (X11; Ubuntu; Linux x86_64) AppleWebKit/537.36 (KHTML, like Gecko) Chrome/121.0.6167.85 Safari/537.36"
41.216.188.106 - - [24/Jul/2026:01:11:54 +0800] "POST /wp-login.php HTTP/1.1" 200 2968 "http://cqqizhou.com/wp-login.php" "Mozilla/5.0 (Windows NT 10.0; Win64; x64) AppleWebKit/537.36 (KHTML, like Gecko) Chrome/119.0.0.0 Safari/537.36 Edg/119.0.2151.97"
41.216.188.106 - - [24/Jul/2026:01:12:02 +0800] "POST /wp-login.php HTTP/1.1" 200 3019 "http://cqqizhou.com/wp-login.php" "Mozilla/5.0 (Macintosh; Intel Mac OS X 10.15) Gecko/20100101 Firefox/122.0"
36.133.115.36 - - [24/Jul/2026:01:12:12 +0800] "POST /wp-cron.php?doing_wp_cron=1784826732.5016369819641113281250 HTTP/1.1" 200 31 "-" "WordPress/7.0; http://cqqizhou.com"
41.216.188.106 - - [24/Jul/2026:01:12:12 +0800] "POST /wp-login.php HTTP/1.1" 200 3019 "http://cqqizhou.com/wp-login.php" "Mozilla/5.0 (Windows NT 10.0; Win64; x64) AppleWebKit/537.36 (KHTML, like Gecko) Chrome/119.0.0.0 Safari/537.36 Edg/119.0.2151.97"
121.91.176.4 - - [24/Jul/2026:01:12:50 +0800] "GET /wp-content/uploads/2026/06/1782708718-1Article_images_W900px-768x432.webp HTTP/1.1" 200 59352 "http://cqqizhou.com/news/2418" "Mozilla/5.0 (Macintosh; Intel Mac OS X 10_15_7) AppleWebKit/537.36 (KHTML, like Gecko) Chrome/130.0.0.0 Safari/537.36"
36.133.115.36 - - [24/Jul/2026:01:15:30 +0800] "POST /wp-cron.php?doing_wp_cron=1784826929.9956669807434082031250 HTTP/1.1" 200 31 "-" "WordPress/7.0; http://cqqizhou.com"
112.94.252.244 - - [24/Jul/2026:01:15:38 +0800] "GET / HTTP/1.1" 200 41429 "-" "-"
1.24.16.234 - - [24/Jul/2026:01:15:39 +0800] "GET / HTTP/1.1" 200 158029 "-" "-"
36.133.115.36 - - [24/Jul/2026:01:16:16 +0800] "POST /wp-cron.php?doing_wp_cron=1784826976.9206209182739257812500 HTTP/1.1" 200 31 "-" "WordPress/7.0; http://cqqizhou.com"
118.81.202.71 - - [24/Jul/2026:01:16:17 +0800] "GET / HTTP/1.1" 301 5 "-" "Mozilla/5.0 (Windows NT 6.1) AppleWebKit/537.36 (KHTML, like Gecko) Chrome/49.0.2623.112 Safari/537.36"
36.133.115.36 - - [24/Jul/2026:01:25:32 +0800] "POST /wp-cron.php?doing_wp_cron=1784827532.3865530490875244140625 HTTP/1.1" 200 31 "-" "WordPress/7.0; http://cqqizhou.com"
110.249.202.144 - - [24/Jul/2026:01:25:32 +0800] "GET /robots.txt HTTP/1.1" 200 190 "-" "Mozilla/5.0 (Linux; Android 5.0) AppleWebKit/537.36 (KHTML, like Gecko) Mobile Safari/537.36 (compatible; Bytespider; https://zhanzhang.toutiao.com/)"
36.133.115.36 - - [24/Jul/2026:01:26:39 +0800] "GET / HTTP/1.1" 200 159680 "-" "MyCustomUA/1.0"
220.181.108.176 - - [24/Jul/2026:01:26:40 +0800] "GET /news/2606 HTTP/1.1" 200 35887 "-" "Mozilla/5.0 (compatible; Baiduspider/2.0; +http://www.baidu.com/search/spider.html)"
36.133.115.36 - - [24/Jul/2026:01:28:28 +0800] "POST /wp-cron.php?doing_wp_cron=1784827708.5745310783386230468750 HTTP/1.1" 200 31 "-" "WordPress/7.0; http://cqqizhou.com"
114.119.135.202 - - [24/Jul/2026:01:28:28 +0800] "GET /news/2552 HTTP/1.1" 200 22028 "http://cqqizhou.com/company-news/page/1" "Mozilla/5.0 (Linux; Android 7.0;) AppleWebKit/537.36 (HTML, like Gecko) Mobile Safari/537.36 (compatible; PetalBot;+https://webmaster.petalsearch.com/site/petalbot)"
36.133.115.36 - - [24/Jul/2026:01:29:32 +0800] "POST /wp-cron.php?doing_wp_cron=1784827772.1724328994750976562500 HTTP/1.1" 200 31 "-" "WordPress/7.0; http://cqqizhou.com"
110.249.201.47 - - [24/Jul/2026:01:29:32 +0800] "GET /news/2418 HTTP/1.1" 200 23842 "-" "Mozilla/5.0 (Linux; Android 5.0) AppleWebKit/537.36 (KHTML, like Gecko) Mobile Safari/537.36 (compatible; Bytespider; https://zhanzhang.toutiao.com/)"
110.249.201.47 - - [24/Jul/2026:01:29:32 +0800] "GET /wp-content/uploads/2026/06/1782708718-1Article_images_W900px-768x432.webp HTTP/1.1" 206 500 "http://cqqizhou.com/news/2418" "Mozilla/5.0 (Linux; Android 5.0) AppleWebKit/537.36 (KHTML, like Gecko) Mobile Safari/537.36 (compatible; Bytespider; https://zhanzhang.toutiao.com/)"
110.249.201.184 - - [24/Jul/2026:01:29:32 +0800] "GET /wp-content/uploads/2026/06/1782392245-Article_images_W900px-768x432.webp HTTP/1.1" 206 500 "http://cqqizhou.com/news/2418" "Mozilla/5.0 (Linux; Android 5.0) AppleWebKit/537.36 (KHTML, like Gecko) Mobile Safari/537.36 (compatible; Bytespider; https://zhanzhang.toutiao.com/)"
110.249.201.151 - - [24/Jul/2026:01:29:32 +0800] "GET /wp-content/uploads/revslider/slider-1/1750861156-logistics_Slider_3840%C3%972160_20250625191356-scaled-768x432.webp HTTP/1.1" 206 500 "http://cqqizhou.com/news/2418" "Mozilla/5.0 (Linux; Android 5.0) AppleWebKit/537.36 (KHTML, like Gecko) Mobile Safari/537.36 (compatible; Bytespider; https://zhanzhang.toutiao.com/)"
110.249.201.229 - - [24/Jul/2026:01:29:32 +0800] "GET /wp-content/uploads/2025/07/1751425283-qizhou.kf_.qq_.com_.webp HTTP/1.1" 206 500 "http://cqqizhou.com/news/2418" "Mozilla/5.0 (Linux; Android 5.0) AppleWebKit/537.36 (KHTML, like Gecko) Mobile Safari/537.36 (compatible; Bytespider; https://zhanzhang.toutiao.com/)"
110.249.201.181 - - [24/Jul/2026:01:29:32 +0800] "GET /wp-content/uploads/2025/07/1753410289-News2000%C3%97400_202571.webp HTTP/1.1" 206 500 "http://cqqizhou.com/news/2418" "Mozilla/5.0 (Linux; Android 5.0) AppleWebKit/537.36 (KHTML, like Gecko) Mobile Safari/537.36 (compatible; Bytespider; https://zhanzhang.toutiao.com/)"
36.133.115.36 - - [24/Jul/2026:01:30:53 +0800] "POST /wp-cron.php?doing_wp_cron=1784827853.7549989223480224609375 HTTP/1.1" 200 31 "-" "WordPress/7.0; http://cqqizhou.com"
115.159.33.43 - - [24/Jul/2026:01:30:53 +0800] "GET / HTTP/1.1" 301 5 "-" "Mozilla/5.0 (Windows NT 10.0; Win64; x64) AppleWebKit/537.36 (KHTML, like Gecko) Chrome/79.0.3945.117 Safari/537.36"
36.133.115.36 - - [24/Jul/2026:01:44:18 +0800] "POST /wp-cron.php?doing_wp_cron=1784828658.7774550914764404296875 HTTP/1.1" 200 31 "-" "WordPress/7.0; http://cqqizhou.com"
114.119.146.18 - - [24/Jul/2026:01:44:18 +0800] "GET /company-news HTTP/1.1" 200 20541 "http://cqqizhou.com/news/page/5" "Mozilla/5.0 (Linux; Android 7.0;) AppleWebKit/537.36 (HTML, like Gecko) Mobile Safari/537.36 (compatible; PetalBot;+https://webmaster.petalsearch.com/site/petalbot)"
36.133.115.36 - - [24/Jul/2026:01:49:05 +0800] "POST /wp-cron.php?doing_wp_cron=1784828945.4132370948791503906250 HTTP/1.1" 200 31 "-" "WordPress/7.0; http://cqqizhou.com"
43.134.78.217 - - [24/Jul/2026:01:49:05 +0800] "GET / HTTP/1.1" 301 5 "-" "Mozilla/5.0 (iPhone; CPU iPhone OS 13_2_3 like Mac OS X) AppleWebKit/605.1.15 (KHTML, like Gecko) Version/13.0.3 Mobile/15E148 Safari/604.1"
43.134.78.217 - - [24/Jul/2026:01:49:08 +0800] "GET / HTTP/1.1" 200 35069 "http://36.133.115.36" "Mozilla/5.0 (iPhone; CPU iPhone OS 13_2_3 like Mac OS X) AppleWebKit/605.1.15 (KHTML, like Gecko) Version/13.0.3 Mobile/15E148 Safari/604.1"
36.133.115.36 - - [24/Jul/2026:01:53:22 +0800] "POST /wp-cron.php?doing_wp_cron=1784829202.5634560585021972656250 HTTP/1.1" 200 31 "-" "WordPress/7.0; http://cqqizhou.com"
36.133.108.121 - - [24/Jul/2026:01:53:22 +0800] "HEAD /wsman?PSVersion=5.1.19041.1 HTTP/1.1" 404 0 "-" "Mozilla/5.0 (Macintosh; Intel Mac OS X 10_7_5) AppleWebKit/537.36 (KHTML, like Gecko) Chrome/27.0.1453.93 Safari/537.36"
36.133.115.36 - - [24/Jul/2026:01:57:16 +0800] "POST /wp-cron.php?doing_wp_cron=1784829436.6092069149017333984375 HTTP/1.1" 200 31 "-" "WordPress/7.0; http://cqqizhou.com"
116.179.32.144 - - [24/Jul/2026:01:57:16 +0800] "GET /andd/202607240107361464.html HTTP/1.1" 301 5 "-" "Mozilla/5.0 (compatible; Baiduspider/2.0; +http://www.baidu.com/search/spider.html)"
36.133.115.36 - - [24/Jul/2026:01:57:16 +0800] "GET / HTTP/1.1" 200 159680 "-" "MyCustomUA/1.0"
116.179.32.14 - - [24/Jul/2026:01:57:17 +0800] "GET /andd/202607240107361464.html HTTP/1.1" 200 50455 "-" "Mozilla/5.0 (compatible; Baiduspider/2.0; +http://www.baidu.com/search/spider.html)"
36.133.115.36 - - [24/Jul/2026:01:59:15 +0800] "POST /wp-cron.php?doing_wp_cron=1784829555.1388831138610839843750 HTTP/1.1" 200 31 "-" "WordPress/7.0; http://cqqizhou.com"
43.135.183.82 - - [24/Jul/2026:01:59:15 +0800] "GET / HTTP/1.1" 200 35068 "-" "Mozilla/5.0 (iPhone; CPU iPhone OS 13_2_3 like Mac OS X) AppleWebKit/605.1.15 (KHTML, like Gecko) Version/13.0.3 Mobile/15E148 Safari/604.1"
36.133.115.36 - - [24/Jul/2026:02:00:36 +0800] "POST /wp-cron.php?doing_wp_cron=1784829636.4853420257568359375000 HTTP/1.1" 200 31 "-" "WordPress/7.0; http://cqqizhou.com"
220.181.108.105 - - [24/Jul/2026:02:00:36 +0800] "GET /andd/20260724010719603.html HTTP/1.1" 301 5 "-" "Mozilla/5.0 (compatible; Baiduspider/2.0; +http://www.baidu.com/search/spider.html)"
36.133.115.36 - - [24/Jul/2026:02:00:36 +0800] "GET / HTTP/1.1" 200 159688 "-" "MyCustomUA/1.0"
220.181.108.158 - - [24/Jul/2026:02:00:37 +0800] "GET /andd/20260724010719603.html HTTP/1.1" 200 48924 "-" "Mozilla/5.0 (compatible; Baiduspider/2.0; +http://www.baidu.com/search/spider.html)"
36.133.115.36 - - [24/Jul/2026:02:10:20 +0800] "POST /wp-cron.php?doing_wp_cron=1784830220.4741210937500000000000 HTTP/1.1" 200 31 "-" "WordPress/7.0; http://cqqizhou.com"
80.87.206.19 - - [24/Jul/2026:02:10:20 +0800] "GET / HTTP/1.1" 301 5 "-" "Mozilla/5.0 (Windows NT 10.0; Win64; x64) AppleWebKit/537.36 (KHTML, like Gecko) Chrome/147.0.0.0 Safari/537.36"
80.87.206.19 - - [24/Jul/2026:02:10:22 +0800] "GET / HTTP/1.1" 200 35518 "http://36.133.115.36/" "Mozilla/5.0 (Windows NT 10.0; Win64; x64) AppleWebKit/537.36 (KHTML, like Gecko) Chrome/147.0.0.0 Safari/537.36"
36.133.115.36 - - [24/Jul/2026:02:12:25 +0800] "POST /wp-cron.php?doing_wp_cron=1784830345.1463749408721923828125 HTTP/1.1" 200 31 "-" "WordPress/7.0; http://cqqizhou.com"
154.219.113.100 - - [24/Jul/2026:02:12:25 +0800] "GET / HTTP/1.1" 301 5 "-" "Mozilla/5.0 (Linux; Android 11) AppleWebKit/537.36"
154.219.113.100 - - [24/Jul/2026:02:12:29 +0800] "GET / HTTP/1.1" 200 35068 "-" "Mozilla/5.0 (Linux; Android 11) AppleWebKit/537.36"
154.219.113.100 - - [24/Jul/2026:02:13:04 +0800] "GET / HTTP/1.1" 301 5 "-" "Mozilla/5.0 (Linux; Android 11) AppleWebKit/537.36"
36.133.115.36 - - [24/Jul/2026:02:13:08 +0800] "POST /wp-cron.php?doing_wp_cron=1784830388.1872711181640625000000 HTTP/1.1" 200 31 "-" "WordPress/7.0; http://cqqizhou.com"
154.219.113.100 - - [24/Jul/2026:02:13:08 +0800] "GET / HTTP/1.1" 200 35069 "-" "Mozilla/5.0 (Linux; Android 11) AppleWebKit/537.36"
175.27.171.245 - - [24/Jul/2026:02:13:44 +0800] "GET / HTTP/1.1" 301 5 "-" "Mozilla/5.0 (iPhone; CPU iPhone OS 13_2_3 like Mac OS X) AppleWebKit/605.1.15 (KHTML, like Gecko) Version/13.0.3 Mobile/15E148 Safari/604.1"
175.27.171.245 - - [24/Jul/2026:02:13:48 +0800] "GET / HTTP/1.1" 200 35069 "http://www.cqqizhou.com" "Mozilla/5.0 (iPhone; CPU iPhone OS 13_2_3 like Mac OS X) AppleWebKit/605.1.15 (KHTML, like Gecko) Version/13.0.3 Mobile/15E148 Safari/604.1"
154.219.113.100 - - [24/Jul/2026:02:13:48 +0800] "GET / HTTP/1.1" 301 5 "-" "Mozilla/5.0 (Linux; Android 11) AppleWebKit/537.36"
36.133.115.36 - - [24/Jul/2026:02:23:11 +0800] "POST /wp-cron.php?doing_wp_cron=1784830991.2361729145050048828125 HTTP/1.1" 200 31 "-" "WordPress/7.0; http://cqqizhou.com"
27.124.44.163 - - [24/Jul/2026:02:23:11 +0800] "GET /123.rar HTTP/1.1" 404 9498 "-" "Python/3.14 aiohttp/3.13.5"
27.124.44.163 - - [24/Jul/2026:02:23:11 +0800] "GET /web.zip HTTP/1.1" 404 9498 "-" "Python/3.14 aiohttp/3.13.5"
27.124.44.163 - - [24/Jul/2026:02:23:11 +0800] "GET /123.zip HTTP/1.1" 404 9498 "-" "Python/3.14 aiohttp/3.13.5"
27.124.44.163 - - [24/Jul/2026:02:23:11 +0800] "GET /web.tar.gz HTTP/1.1" 404 9498 "-" "Python/3.14 aiohttp/3.13.5"
27.124.44.163 - - [24/Jul/2026:02:23:11 +0800] "GET /123.tar.gz HTTP/1.1" 404 9498 "-" "Python/3.14 aiohttp/3.13.5"
27.124.44.163 - - [24/Jul/2026:02:23:11 +0800] "GET /wwwroot.zip HTTP/1.1" 404 9498 "-" "Python/3.14 aiohttp/3.13.5"
27.124.44.163 - - [24/Jul/2026:02:23:11 +0800] "GET /1.zip HTTP/1.1" 404 9498 "-" "Python/3.14 aiohttp/3.13.5"
27.124.44.163 - - [24/Jul/2026:02:23:12 +0800] "GET /cqqizhou.tar.gz HTTP/1.1" 404 9498 "-" "Python/3.14 aiohttp/3.13.5"
27.124.44.163 - - [24/Jul/2026:02:23:12 +0800] "GET /wwwroot.rar HTTP/1.1" 404 9499 "-" "Python/3.14 aiohttp/3.13.5"
27.124.44.163 - - [24/Jul/2026:02:23:12 +0800] "GET /cqqizhou.zip HTTP/1.1" 404 9499 "-" "Python/3.14 aiohttp/3.13.5"
27.124.44.163 - - [24/Jul/2026:02:23:12 +0800] "GET /wwwroot.tar.gz HTTP/1.1" 404 9498 "-" "Python/3.14 aiohttp/3.13.5"
27.124.44.163 - - [24/Jul/2026:02:23:12 +0800] "GET /cqqizhoucom.zip HTTP/1.1" 404 9499 "-" "Python/3.14 aiohttp/3.13.5"
27.124.44.163 - - [24/Jul/2026:02:23:12 +0800] "GET /cqqizhou.com.tar.gz HTTP/1.1" 404 9499 "-" "Python/3.14 aiohttp/3.13.5"
27.124.44.163 - - [24/Jul/2026:02:23:12 +0800] "GET /cqqizhou.rar HTTP/1.1" 404 9499 "-" "Python/3.14 aiohttp/3.13.5"
27.124.44.163 - - [24/Jul/2026:02:23:12 +0800] "GET /cqqizhoucom.rar HTTP/1.1" 404 9499 "-" "Python/3.14 aiohttp/3.13.5"
27.124.44.163 - - [24/Jul/2026:02:23:12 +0800] "GET /web.rar HTTP/1.1" 404 9499 "-" "Python/3.14 aiohttp/3.13.5"
27.124.44.163 - - [24/Jul/2026:02:23:12 +0800] "GET /1.tar.gz HTTP/1.1" 404 9499 "-" "Python/3.14 aiohttp/3.13.5"
27.124.44.163 - - [24/Jul/2026:02:23:12 +0800] "GET /cqqizhoucom.tar.gz HTTP/1.1" 404 9499 "-" "Python/3.14 aiohttp/3.13.5"
27.124.44.163 - - [24/Jul/2026:02:23:12 +0800] "GET /cqqizhou.com.zip HTTP/1.1" 404 9499 "-" "Python/3.14 aiohttp/3.13.5"
27.124.44.163 - - [24/Jul/2026:02:23:12 +0800] "GET /cqqizhou.com.rar HTTP/1.1" 404 9499 "-" "Python/3.14 aiohttp/3.13.5"
27.124.44.163 - - [24/Jul/2026:02:23:12 +0800] "GET /1.rar HTTP/1.1" 404 9499 "-" "Python/3.14 aiohttp/3.13.5"
36.133.115.36 - - [24/Jul/2026:02:26:36 +0800] "POST /wp-cron.php?doing_wp_cron=1784831196.5944819450378417968750 HTTP/1.1" 200 31 "-" "WordPress/7.0; http://cqqizhou.com"
45.198.224.54 - - [24/Jul/2026:02:26:36 +0800] "GET / HTTP/1.1" 200 109842 "-" "-"
36.133.115.36 - - [24/Jul/2026:02:35:49 +0800] "POST /wp-cron.php?doing_wp_cron=1784831749.3146860599517822265625 HTTP/1.1" 200 31 "-" "WordPress/7.0; http://cqqizhou.com"
112.22.168.83 - - [24/Jul/2026:02:35:49 +0800] "GET / HTTP/1.1" 301 5 "-" "Mozilla/5.0 (Linux; Android 4.2.1; en-us; Nexus 5 Build/JOP40D) AppleWebKit/535.19 (KHTML, like Gecko) Chrome/18.0.1025.166 Mobile Safari/535.19"
112.22.168.83 - - [24/Jul/2026:02:35:52 +0800] "GET / HTTP/1.1" 200 35069 "-" "Mozilla/5.0 (Linux; Android 4.2.1; en-us; Nexus 5 Build/JOP40D) AppleWebKit/535.19 (KHTML, like Gecko) Chrome/18.0.1025.166 Mobile Safari/535.19"
112.22.168.83 - - [24/Jul/2026:02:35:52 +0800] "GET /wp-content/uploads/2025/07/1751425283-qizhou.kf_.qq_.com_.webp HTTP/1.1" 200 16864 "http://cqqizhou.com/" "Mozilla/5.0 (Linux; Android 4.2.1; en-us; Nexus 5 Build/JOP40D) AppleWebKit/535.19 (KHTML, like Gecko) Chrome/18.0.1025.166 Mobile Safari/535.19"
112.22.168.83 - - [24/Jul/2026:02:35:53 +0800] "GET /wp-content/uploads/2025/12/1765268955-qizhou_Slider1_3840%C3%972160_20251210-scaled.webp HTTP/1.1" 200 152162 "http://cqqizhou.com/" "Mozilla/5.0 (Linux; Android 4.2.1; en-us; Nexus 5 Build/JOP40D) AppleWebKit/535.19 (KHTML, like Gecko) Chrome/18.0.1025.166 Mobile Safari/535.19"
112.22.168.83 - - [24/Jul/2026:02:35:53 +0800] "GET /wp-content/uploads/2025/07/1753453096-%E5%8F%8C%E7%9B%B8%E9%92%A2product_Single600%C3%97284.webp HTTP/1.1" 200 14562 "http://cqqizhou.com/" "Mozilla/5.0 (Linux; Android 4.2.1; en-us; Nexus 5 Build/JOP40D) AppleWebKit/535.19 (KHTML, like Gecko) Chrome/18.0.1025.166 Mobile Safari/535.19"
112.22.168.83 - - [24/Jul/2026:02:35:53 +0800] "GET /wp-content/uploads/2025/07/1753456770-%E7%83%AD%E9%95%80%E9%94%8C%E5%8D%B7product_Single600.webp HTTP/1.1" 200 27502 "http://cqqizhou.com/" "Mozilla/5.0 (Linux; Android 4.2.1; en-us; Nexus 5 Build/JOP40D) AppleWebKit/535.19 (KHTML, like Gecko) Chrome/18.0.1025.166 Mobile Safari/535.19"
112.22.168.83 - - [24/Jul/2026:02:35:53 +0800] "GET /wp-content/uploads/2025/07/1753456723-%E5%8F%8C%E7%9B%B8%E9%92%A2roduct_Single600.webp HTTP/1.1" 200 22790 "http://cqqizhou.com/" "Mozilla/5.0 (Linux; Android 4.2.1; en-us; Nexus 5 Build/JOP40D) AppleWebKit/535.19 (KHTML, like Gecko) Chrome/18.0.1025.166 Mobile Safari/535.19"
112.22.168.83 - - [24/Jul/2026:02:35:53 +0800] "GET /wp-content/uploads/2025/07/1753453127-%E4%BD%99%E5%8D%B7product_Single600%C3%97284.webp HTTP/1.1" 200 18744 "http://cqqizhou.com/" "Mozilla/5.0 (Linux; Android 4.2.1; en-us; Nexus 5 Build/JOP40D) AppleWebKit/535.19 (KHTML, like Gecko) Chrome/18.0.1025.166 Mobile Safari/535.19"
112.22.168.83 - - [24/Jul/2026:02:35:53 +0800] "GET /wp-content/uploads/revslider/slider-1/1750861156-logistics_Slider_3840%C3%972160_20250625191356-scaled-50x100.webp HTTP/1.1" 200 1416 "http://cqqizhou.com/" "Mozilla/5.0 (Linux; Android 4.2.1; en-us; Nexus 5 Build/JOP40D) AppleWebKit/535.19 (KHTML, like Gecko) Chrome/18.0.1025.166 Mobile Safari/535.19"
112.22.168.83 - - [24/Jul/2026:02:35:53 +0800] "GET /wp-content/uploads/2026/01/1768276119-qizhoujiagong_Slider_3840%C3%972160_20260113-scaled-50x100.webp HTTP/1.1" 200 976 "http://cqqizhou.com/" "Mozilla/5.0 (Linux; Android 4.2.1; en-us; Nexus 5 Build/JOP40D) AppleWebKit/535.19 (KHTML, like Gecko) Chrome/18.0.1025.166 Mobile Safari/535.19"
112.22.168.83 - - [24/Jul/2026:02:35:53 +0800] "GET /wp-json/sliderrevolution/sliders/1?srengine=7&slideid=2 HTTP/1.1" 200 145 "http://cqqizhou.com/" "Mozilla/5.0 (Linux; Android 4.2.1; en-us; Nexus 5 Build/JOP40D) AppleWebKit/535.19 (KHTML, like Gecko) Chrome/18.0.1025.166 Mobile Safari/535.19"
112.22.168.83 - - [24/Jul/2026:02:35:53 +0800] "GET /wp-json/sliderrevolution/sliders/1?srengine=7&slideid=4 HTTP/1.1" 200 145 "http://cqqizhou.com/" "Mozilla/5.0 (Linux; Android 4.2.1; en-us; Nexus 5 Build/JOP40D) AppleWebKit/535.19 (KHTML, like Gecko) Chrome/18.0.1025.166 Mobile Safari/535.19"
36.133.115.36 - - [24/Jul/2026:02:39:49 +0800] "POST /wp-cron.php?doing_wp_cron=1784831989.8089089393615722656250 HTTP/1.1" 200 31 "-" "WordPress/7.0; http://cqqizhou.com"
43.165.198.144 - - [24/Jul/2026:02:39:49 +0800] "GET / HTTP/1.1" 301 5 "-" "Mozilla/5.0 (iPhone; CPU iPhone OS 13_2_3 like Mac OS X) AppleWebKit/605.1.15 (KHTML, like Gecko) Version/13.0.3 Mobile/15E148 Safari/604.1"
43.165.198.144 - - [24/Jul/2026:02:39:52 +0800] "GET / HTTP/1.1" 200 35068 "http://www.cqqizhou.com" "Mozilla/5.0 (iPhone; CPU iPhone OS 13_2_3 like Mac OS X) AppleWebKit/605.1.15 (KHTML, like Gecko) Version/13.0.3 Mobile/15E148 Safari/604.1"
36.133.115.36 - - [24/Jul/2026:02:42:30 +0800] "POST /wp-cron.php?doing_wp_cron=1784832150.0442559719085693359375 HTTP/1.1" 200 31 "-" "WordPress/7.0; http://cqqizhou.com"
119.84.246.117 - - [24/Jul/2026:02:42:30 +0800] "GET / HTTP/1.1" 301 5 "-" "Mozilla/5.0 (Windows NT 6.1; WOW64) AppleWebKit/537.1 (KHTML, like Gecko) Chrome/21.0.1180.89 Safari/537.1"
119.84.246.117 - - [24/Jul/2026:02:42:30 +0800] "GET / HTTP/1.1" 200 159680 "-" "Mozilla/5.0 (Windows NT 6.1; WOW64) AppleWebKit/537.1 (KHTML, like Gecko) Chrome/21.0.1180.89 Safari/537.1"
119.84.246.117 - - [24/Jul/2026:02:42:32 +0800] "GET / HTTP/1.1" 301 5 "-" "Mozilla/5.0 (Windows; U; Windows NT 5.2) AppleWebKit/525.13 (KHTML, like Gecko) Chrome/0.2.149.27 Safari/525.13"
119.84.246.117 - - [24/Jul/2026:02:42:32 +0800] "GET / HTTP/1.1" 200 159680 "-" "Mozilla/5.0 (Windows; U; Windows NT 5.2) AppleWebKit/525.13 (KHTML, like Gecko) Chrome/0.2.149.27 Safari/525.13"
119.84.246.117 - - [24/Jul/2026:02:42:33 +0800] "GET / HTTP/1.1" 301 5 "-" "Mozilla/5.0 (Windows NT 6.1; WOW64; rv:13.0) Gecko/20100101 Firefox/13.0.1"
119.84.246.117 - - [24/Jul/2026:02:42:33 +0800] "GET / HTTP/1.1" 200 159680 "-" "Mozilla/5.0 (Windows NT 6.1; WOW64; rv:13.0) Gecko/20100101 Firefox/13.0.1"
36.133.115.36 - - [24/Jul/2026:02:50:23 +0800] "POST /wp-cron.php?doing_wp_cron=1784832623.5219190120697021484375 HTTP/1.1" 200 31 "-" "WordPress/7.0; http://cqqizhou.com"
116.179.32.171 - - [24/Jul/2026:02:50:23 +0800] "GET /andd/20260724020759480.html HTTP/1.1" 301 5 "-" "Mozilla/5.0 (compatible; Baiduspider/2.0; +http://www.baidu.com/search/spider.html)"
36.133.115.36 - - [24/Jul/2026:02:50:23 +0800] "GET / HTTP/1.1" 200 159680 "-" "MyCustomUA/1.0"
116.179.32.237 - - [24/Jul/2026:02:50:24 +0800] "GET /andd/20260724020759480.html HTTP/1.1" 200 50269 "-" "Mozilla/5.0 (compatible; Baiduspider/2.0; +http://www.baidu.com/search/spider.html)"
36.133.115.36 - - [24/Jul/2026:02:52:29 +0800] "POST /wp-cron.php?doing_wp_cron=1784832749.5067880153656005859375 HTTP/1.1" 200 31 "-" "WordPress/7.0; http://cqqizhou.com"
110.249.202.7 - - [24/Jul/2026:02:52:29 +0800] "GET /robots.txt HTTP/1.1" 301 5 "-" "Mozilla/5.0 (Linux; Android 5.0) AppleWebKit/537.36 (KHTML, like Gecko) Mobile Safari/537.36 (compatible; Bytespider; https://zhanzhang.toutiao.com/)"
110.249.202.31 - - [24/Jul/2026:02:52:31 +0800] "GET /robots.txt HTTP/1.1" 200 190 "-" "Mozilla/5.0 (Linux; Android 5.0) AppleWebKit/537.36 (KHTML, like Gecko) Mobile Safari/537.36 (compatible; Bytespider; https://zhanzhang.toutiao.com/)"
160.119.71.9 - - [24/Jul/2026:02:52:46 +0800] "GET / HTTP/1.1" 200 109837 "-" "Mozilla/5.0 (X11; Linux x86_64; rv:144.0) Gecko/20100101 Firefox/144.0"
36.133.115.36 - - [24/Jul/2026:02:54:51 +0800] "POST /wp-cron.php?doing_wp_cron=1784832891.7368650436401367187500 HTTP/1.1" 200 31 "-" "WordPress/7.0; http://cqqizhou.com"
114.119.135.202 - - [24/Jul/2026:02:54:51 +0800] "GET /contacts HTTP/1.1" 200 19281 "http://cqqizhou.com/news/portfolio/pickled-coil" "Mozilla/5.0 (Linux; Android 7.0;) AppleWebKit/537.36 (HTML, like Gecko) Mobile Safari/537.36 (compatible; PetalBot;+https://webmaster.petalsearch.com/site/petalbot)"
36.133.115.36 - - [24/Jul/2026:03:02:49 +0800] "POST /wp-cron.php?doing_wp_cron=1784833369.5053200721740722656250 HTTP/1.1" 200 31 "-" "WordPress/7.0; http://cqqizhou.com"
80.87.206.19 - - [24/Jul/2026:03:02:49 +0800] "GET / HTTP/1.1" 301 5 "-" "Mozilla/5.0 (Windows NT 10.0; Win64; x64) AppleWebKit/537.36 (KHTML, like Gecko) Chrome/147.0.0.0 Safari/537.36"
80.87.206.19 - - [24/Jul/2026:03:02:51 +0800] "GET / HTTP/1.1" 200 35518 "http://36.133.115.36/" "Mozilla/5.0 (Windows NT 10.0; Win64; x64) AppleWebKit/537.36 (KHTML, like Gecko) Chrome/147.0.0.0 Safari/537.36"
140.238.59.216 - - [24/Jul/2026:03:02:53 +0800] "GET / HTTP/1.1" 301 5 "-" "Mozilla/5.0 (Windows NT 10.0; Win64; x64) AppleWebKit/537.36 (KHTML, like Gecko) Chrome/147.0.0.0 Safari/537.36"
140.238.59.216 - - [24/Jul/2026:03:02:55 +0800] "GET / HTTP/1.1" 200 35518 "http://36.133.115.36/" "Mozilla/5.0 (Windows NT 10.0; Win64; x64) AppleWebKit/537.36 (KHTML, like Gecko) Chrome/147.0.0.0 Safari/537.36"
36.133.115.36 - - [24/Jul/2026:03:32:44 +0800] "POST /wp-cron.php?doing_wp_cron=1784835164.5266780853271484375000 HTTP/1.1" 200 31 "-" "WordPress/7.0; http://cqqizhou.com"
114.119.149.89 - - [24/Jul/2026:03:32:44 +0800] "GET /bug HTTP/1.1" 200 12191 "http://cqqizhou.com/news/portfolio/pickled-coil" "Mozilla/5.0 (Linux; Android 7.0;) AppleWebKit/537.36 (HTML, like Gecko) Mobile Safari/537.36 (compatible; PetalBot;+https://webmaster.petalsearch.com/site/petalbot)"
36.133.115.36 - - [24/Jul/2026:03:50:11 +0800] "POST /wp-cron.php?doing_wp_cron=1784836211.1964809894561767578125 HTTP/1.1" 200 31 "-" "WordPress/7.0; http://cqqizhou.com"
34.86.241.255 - - [24/Jul/2026:03:50:11 +0800] "GET /ads.txt HTTP/1.1" 200 25863 "-" "Mozilla/5.0 (Windows NT 10.0; Win64; x64) AppleWebKit/537.36 (KHTML, like Gecko) Chrome/125.0.0.0 Safari/537.36"
34.86.241.255 - - [24/Jul/2026:03:50:14 +0800] "GET /ads.txt HTTP/1.1" 200 19998 "-" "Mozilla/5.0 (Windows NT 10.0; Win64; x64) AppleWebKit/537.36 (KHTML, like Gecko) Chrome/125.0.0.0 Safari/537.36"
36.133.115.36 - - [24/Jul/2026:03:52:06 +0800] "POST /wp-cron.php?doing_wp_cron=1784836326.8598730564117431640625 HTTP/1.1" 200 31 "-" "WordPress/7.0; http://cqqizhou.com"
5.61.209.44 - - [24/Jul/2026:03:52:06 +0800] "GET /SDK/webLanguage HTTP/1.1" 301 5 "-" "Mozilla/5.0 (Windows NT 10.0; Win64; x64) AppleWebKit/537.36 (KHTML, like Gecko) Chrome/90.0.4430.85 Safari/537.36 Edg/90.0.818.46"
36.133.115.36 - - [24/Jul/2026:03:54:55 +0800] "POST /wp-cron.php?doing_wp_cron=1784836495.2844059467315673828125 HTTP/1.1" 200 31 "-" "WordPress/7.0; http://cqqizhou.com"
216.73.217.154 - - [24/Jul/2026:03:54:55 +0800] "GET /robots.txt HTTP/1.1" 200 390 "-" "Mozilla/5.0 AppleWebKit/537.36 (KHTML, like Gecko; compatible; ClaudeBot/1.0; +claudebot@anthropic.com)"
216.73.217.154 - - [24/Jul/2026:03:54:57 +0800] "GET /anddwai/news731757 HTTP/1.1" 404 32862 "-" "Mozilla/5.0 AppleWebKit/537.36 (KHTML, like Gecko; compatible; ClaudeBot/1.0; +claudebot@anthropic.com)"
36.133.115.36 - - [24/Jul/2026:04:02:07 +0800] "POST /wp-cron.php?doing_wp_cron=1784836927.6237559318542480468750 HTTP/1.1" 200 31 "-" "WordPress/7.0; http://cqqizhou.com"
111.170.33.225 - - [24/Jul/2026:04:02:07 +0800] "GET / HTTP/1.1" 301 5 "-" "Mozilla/5.0 (Windows NT 6.2) AppleWebKit/537.36 (KHTML, like Gecko) Chrome/108.0.5359.95 Safari/537.36"
111.170.33.225 - - [24/Jul/2026:04:02:08 +0800] "GET / HTTP/1.1" 200 35518 "-" "Mozilla/5.0 (Windows NT 10.0; WOW64) AppleWebKit/537.36 (KHTML, like Gecko) Chrome/86.0.4240.198 Safari/537.36"
111.170.33.225 - - [24/Jul/2026:04:02:20 +0800] "GET /test.php HTTP/1.1" 404 47 "-" "Mozilla/5.0 (Macintosh; Intel Mac OS X 10_14_6) AppleWebKit/537.36 (KHTML, like Gecko) Chrome/79.0.3945.79 Safari/537.36"
111.170.33.225 - - [24/Jul/2026:04:02:20 +0800] "GET /mainfile.php?username=test&password=testpoc&_login=1&Logon=%27%3Becho%20md5(TestPoc)%3B%27 HTTP/1.1" 404 47 "-" "Mozilla/5.0 (SS; Linux x86_64) AppleWebKit/537.36 (KHTML, like Gecko) Chrome/119.0.0.0 Safari/537.36"
111.170.33.225 - - [24/Jul/2026:04:02:23 +0800] "GET /settings.json HTTP/1.1" 301 5 "-" "Mozilla/5.0 (Fedora; Linux i686) AppleWebKit/537.36 (KHTML, like Gecko) Chrome/121.0.0.0 Safari/537.36"
111.170.33.225 - - [24/Jul/2026:04:02:24 +0800] "GET /configuration.json HTTP/1.1" 301 5 "-" "Mozilla/5.0 (Knoppix; Linux x86_64; rv:126.0) Gecko/20100101 Firefox/126.0"
111.170.33.225 - - [24/Jul/2026:04:02:24 +0800] "POST /api/v2.0/cmdb/system/admin%3f/../../../../../cgi-bin/fwbcgi HTTP/1.1" 499 0 "-" "Mozilla/5.0 (Windows NT 10.0; Win64; x64; rv:87.0) Gecko/20100101 Firefox/87.0"
111.170.33.225 - - [24/Jul/2026:04:02:24 +0800] "GET /AdminPage/conf/runCmd?cmd=echo%20-n%20%22u6V0g%22%20%7C%20md5sum HTTP/1.1" 499 0 "-" "Nuclei"
111.170.33.225 - - [24/Jul/2026:04:02:24 +0800] "GET /' HTTP/1.1" 499 0 "-" "Mozilla/5.0 (Fedora; Linux x86_64) AppleWebKit/537.36 (KHTML, like Gecko) Chrome/121.0.0.0 Safari/537.36"
111.170.33.225 - - [24/Jul/2026:04:02:24 +0800] "POST /mcp_message HTTP/1.1" 499 0 "-" "Mozilla/5.0 (Macintosh; Intel Mac OS X 14_3_1) AppleWebKit/605.1.15 (KHTML, like Gecko) Version/17.3.1 Safari/605.1.15"
111.170.33.225 - - [24/Jul/2026:04:02:24 +0800] "POST /adminPage/remote/cmdOver HTTP/1.1" 499 0 "-" "Mozilla/5.0 (CentOS; Linux i686) AppleWebKit/537.36 (KHTML, like Gecko) Chrome/124.0.0.0 Safari/537.36"
111.170.33.225 - - [24/Jul/2026:04:02:24 +0800] "GET /config.production.json HTTP/1.1" 499 0 "-" "Mozilla/5.0 (Macintosh; Intel Mac OS X 11) AppleWebKit/618.31.14 (KHTML, like Gecko) Version/17.7 Safari/618.31.14"
111.170.33.225 - - [24/Jul/2026:04:02:24 +0800] "GET /secure/ContactAdministrators!default.jspa HTTP/1.1" 499 0 "-" "Mozilla/5.0 (X11; Linux x86_64; rv:109.0) Gecko/20100101 Firefox/117.0"
111.170.33.225 - - [24/Jul/2026:04:02:24 +0800] "POST /cf_scripts/scripts/ajax/ckeditor/plugins/filemanager/upload.cfm HTTP/1.1" 499 0 "-" "Mozilla/5.0 (Windows NT 10.0; Win64; x64) AppleWebKit/537.36 (KHTML, like Gecko) Chrome/94.0.4606.71 Safari/537.36"
111.170.33.225 - - [24/Jul/2026:04:02:24 +0800] "GET /config.dev.json HTTP/1.1" 499 0 "-" "Mozilla/5.0 (Macintosh; Intel Mac OS X 10_15_7) AppleWebKit/605.1.15 (KHTML, like Gecko) Version/17.2.1 Safari/605.4.20"
111.170.33.225 - - [24/Jul/2026:04:02:24 +0800] "GET /config.json HTTP/1.1" 499 0 "-" "Mozilla/5.0 (Macintosh; Intel Mac OS X 10_15_7) AppleWebKit/605.1.15 (KHTML, like Gecko) Version/17.4 Safari/605.6.20"
111.170.33.225 - - [24/Jul/2026:04:02:24 +0800] "POST /k3cloud/Kingdee.BOS.ServiceFacade.ServicesStub.InOutDataService.GetImportOutData.common.kdsvc HTTP/1.1" 499 0 "-" "Mozilla/5.0 (Windows NT 10.0; Win64; x64) AppleWebKit/537.36 (KHTML, like Gecko) Chrome/111.0.5563.111 Safari/537.36"
111.170.33.225 - - [24/Jul/2026:04:02:24 +0800] "GET /app.config.json HTTP/1.1" 499 0 "-" "Mozilla/5.0 (Macintosh; Intel Mac OS X 14.6) AppleWebKit/616.20 (KHTML, like Gecko) Version/17.1.83 Safari/616.20"
111.170.33.225 - - [24/Jul/2026:04:02:24 +0800] "GET /config.prod.json HTTP/1.1" 499 0 "-" "Mozilla/5.0 (Macintosh; Intel Mac OS X 10_15_1) AppleWebKit/537.36 (KHTML, like Gecko) Chrome/79.0.3945.88 Safari/537.36"
111.170.33.225 - - [24/Jul/2026:04:02:24 +0800] "GET /conf.json HTTP/1.1" 499 0 "-" "Mozilla/5.0 (Windows NT 10.0; Win64; x64) AppleWebKit/537.36 (KHTML, like Gecko) Chrome/78.0.3904.108 Safari/537.36"
111.170.33.225 - - [24/Jul/2026:04:02:24 +0800] "GET /configs.json HTTP/1.1" 499 0 "-" "Mozilla/5.0 (Windows NT 6.1; WOW64) AppleWebKit/537.36 (KHTML, like Gecko) Chrome/45.0.2454.101 Safari/537.36"
111.170.33.225 - - [24/Jul/2026:04:02:24 +0800] "GET /application.json HTTP/1.1" 499 0 "-" "Mozilla/5.0 (Macintosh; Intel Mac OS X 10_15_7) AppleWebKit/537.36 (KHTML, like Gecko) Chrome/107.0.0.0 Safari/537.36"
111.170.33.225 - - [24/Jul/2026:04:02:24 +0800] "POST /Kingdee.BOS.ServiceFacade.ServicesStub.AppDesigner.AppDesignerService.RecordCurDevCodeInfo.common.kdsvc HTTP/1.1" 499 0 "-" "Mozilla/5.0 (Windows NT 5.1) AppleWebKit/537.36 (KHTML, like Gecko) Chrome/41.0.2224.3"
111.170.33.225 - - [24/Jul/2026:04:02:24 +0800] "GET /AdminPage/conf/runCmd?cmd=id HTTP/1.1" 499 0 "-" "Mozilla/5.0 (Windows NT 10.0; rv:128.0 ) Gecko/20100101 Firefox/128.0"
111.170.33.225 - - [24/Jul/2026:04:02:24 +0800] "POST /K3Cloud/Kingdee.BOS.ServiceFacade.ServicesStub.User.UserService.SaveUserPassport.common.kdsvc?dcInfo=11 HTTP/1.1" 499 0 "-" "Mozilla/5.0 (Windows NT 10.0; Win64; x64) AppleWebKit/537.36 (KHTML, like Gecko) Chrome/111.0.5563.111 Safari/537.36"
111.170.33.225 - - [24/Jul/2026:04:02:24 +0800] "GET /api/backup HTTP/1.1" 499 0 "-" "Mozilla/5.0 (Kubuntu; Linux x86_64) AppleWebKit/537.36 (KHTML, like Gecko) Chrome/126.0.0.0 Safari/537.36"
111.170.33.225 - - [24/Jul/2026:04:02:24 +0800] "POST /K3Cloud/Kingdee.BOS.ServiceFacade.ServicesStub.User.UserService.SaveUserPassport.common.kdsvc HTTP/1.1" 499 0 "-" "Mozilla/5.0 (Macintosh; Intel Mac OS X 10_15_7) AppleWebKit/537.36 (KHTML, like Gecko) Chrome/110.0.0.0 Safari/537.36"
111.170.33.225 - - [24/Jul/2026:04:02:28 +0800] "GET /' HTTP/1.1" 301 5 "-" "Mozilla/5.0 (Fedora; Linux x86_64) AppleWebKit/537.36 (KHTML, like Gecko) Chrome/121.0.0.0 Safari/537.36"
111.170.33.225 - - [24/Jul/2026:04:02:28 +0800] "GET / HTTP/1.1" 200 35518 "http://www.cqqizhou.com/'" "Mozilla/5.0 (Fedora; Linux x86_64) AppleWebKit/537.36 (KHTML, like Gecko) Chrome/121.0.0.0 Safari/537.36"
111.170.33.225 - - [24/Jul/2026:04:02:28 +0800] "GET /config.dev.json HTTP/1.1" 301 5 "-" "Mozilla/5.0 (Macintosh; Intel Mac OS X 10_15_7) AppleWebKit/605.1.15 (KHTML, like Gecko) Version/17.2.1 Safari/605.4.20"
111.170.33.225 - - [24/Jul/2026:04:02:28 +0800] "GET /config.production.json HTTP/1.1" 301 5 "-" "Mozilla/5.0 (Macintosh; Intel Mac OS X 11) AppleWebKit/618.31.14 (KHTML, like Gecko) Version/17.7 Safari/618.31.14"
111.170.33.225 - - [24/Jul/2026:04:02:28 +0800] "GET /configs.json HTTP/1.1" 301 5 "-" "Mozilla/5.0 (Windows NT 6.1; WOW64) AppleWebKit/537.36 (KHTML, like Gecko) Chrome/45.0.2454.101 Safari/537.36"
111.170.33.225 - - [24/Jul/2026:04:02:28 +0800] "GET /AdminPage/conf/runCmd?cmd=echo%20-n%20%22u6V0g%22%20%7C%20md5sum HTTP/1.1" 301 5 "-" "Nuclei"
111.170.33.225 - - [24/Jul/2026:04:02:28 +0800] "GET /config.json HTTP/1.1" 301 5 "-" "Mozilla/5.0 (Macintosh; Intel Mac OS X 10_15_7) AppleWebKit/605.1.15 (KHTML, like Gecko) Version/17.4 Safari/605.6.20"
111.170.33.225 - - [24/Jul/2026:04:02:28 +0800] "GET /app.config.json HTTP/1.1" 301 5 "-" "Mozilla/5.0 (Macintosh; Intel Mac OS X 14.6) AppleWebKit/616.20 (KHTML, like Gecko) Version/17.1.83 Safari/616.20"
111.170.33.225 - - [24/Jul/2026:04:02:29 +0800] "GET /secure/ContactAdministrators!default.jspa HTTP/1.1" 301 5 "-" "Mozilla/5.0 (X11; Linux x86_64; rv:109.0) Gecko/20100101 Firefox/117.0"
111.170.33.225 - - [24/Jul/2026:04:02:29 +0800] "GET /settings.json HTTP/1.1" 301 5 "-" "Mozilla/5.0 (Fedora; Linux i686) AppleWebKit/537.36 (KHTML, like Gecko) Chrome/121.0.0.0 Safari/537.36"
111.170.33.225 - - [24/Jul/2026:04:02:29 +0800] "GET /api/backup HTTP/1.1" 301 5 "-" "Mozilla/5.0 (Kubuntu; Linux x86_64) AppleWebKit/537.36 (KHTML, like Gecko) Chrome/126.0.0.0 Safari/537.36"
111.170.33.225 - - [24/Jul/2026:04:02:29 +0800] "GET /configuration.json HTTP/1.1" 301 5 "-" "Mozilla/5.0 (Knoppix; Linux x86_64; rv:126.0) Gecko/20100101 Firefox/126.0"
111.170.33.225 - - [24/Jul/2026:04:02:29 +0800] "GET /conf.json HTTP/1.1" 301 5 "-" "Mozilla/5.0 (Windows NT 10.0; Win64; x64) AppleWebKit/537.36 (KHTML, like Gecko) Chrome/78.0.3904.108 Safari/537.36"
111.170.33.225 - - [24/Jul/2026:04:02:29 +0800] "POST /adminPage/remote/cmdOver HTTP/1.1" 499 0 "-" "Mozilla/5.0 (CentOS; Linux i686) AppleWebKit/537.36 (KHTML, like Gecko) Chrome/124.0.0.0 Safari/537.36"
111.170.33.225 - - [24/Jul/2026:04:02:29 +0800] "GET /AdminPage/conf/runCmd?cmd=echo%20-n%20%22u6V0g%22%20%7C%20md5sum HTTP/1.1" 499 0 "http://www.cqqizhou.com/AdminPage/conf/runCmd?cmd=echo%20-n%20%22u6V0g%22%20%7C%20md5sum" "Nuclei"
111.170.33.225 - - [24/Jul/2026:04:02:29 +0800] "POST /mcp_message HTTP/1.1" 499 0 "-" "Mozilla/5.0 (Macintosh; Intel Mac OS X 14_3_1) AppleWebKit/605.1.15 (KHTML, like Gecko) Version/17.3.1 Safari/605.1.15"
111.170.33.225 - - [24/Jul/2026:04:02:29 +0800] "POST /api/v2.0/cmdb/system/admin%3f/../../../../../cgi-bin/fwbcgi HTTP/1.1" 499 0 "-" "Mozilla/5.0 (Windows NT 10.0; Win64; x64; rv:87.0) Gecko/20100101 Firefox/87.0"
111.170.33.225 - - [24/Jul/2026:04:02:29 +0800] "GET /config.production.json HTTP/1.1" 499 0 "http://www.cqqizhou.com/config.production.json" "Mozilla/5.0 (Macintosh; Intel Mac OS X 11) AppleWebKit/618.31.14 (KHTML, like Gecko) Version/17.7 Safari/618.31.14"
111.170.33.225 - - [24/Jul/2026:04:02:29 +0800] "GET /config.dev.json HTTP/1.1" 499 0 "http://www.cqqizhou.com/config.dev.json" "Mozilla/5.0 (Macintosh; Intel Mac OS X 10_15_7) AppleWebKit/605.1.15 (KHTML, like Gecko) Version/17.2.1 Safari/605.4.20"
111.170.33.225 - - [24/Jul/2026:04:02:29 +0800] "GET /secure/ContactAdministrators!default.jspa HTTP/1.1" 499 0 "http://www.cqqizhou.com/secure/ContactAdministrators!default.jspa" "Mozilla/5.0 (X11; Linux x86_64; rv:109.0) Gecko/20100101 Firefox/117.0"
111.170.33.225 - - [24/Jul/2026:04:02:29 +0800] "GET /config.json HTTP/1.1" 499 0 "http://www.cqqizhou.com/config.json" "Mozilla/5.0 (Macintosh; Intel Mac OS X 10_15_7) AppleWebKit/605.1.15 (KHTML, like Gecko) Version/17.4 Safari/605.6.20"
111.170.33.225 - - [24/Jul/2026:04:02:29 +0800] "POST /k3cloud/Kingdee.BOS.ServiceFacade.ServicesStub.InOutDataService.GetImportOutData.common.kdsvc HTTP/1.1" 499 0 "-" "Mozilla/5.0 (Windows NT 10.0; Win64; x64) AppleWebKit/537.36 (KHTML, like Gecko) Chrome/111.0.5563.111 Safari/537.36"
111.170.33.225 - - [24/Jul/2026:04:02:29 +0800] "GET /settings.json HTTP/1.1" 499 0 "http://www.cqqizhou.com/settings.json" "Mozilla/5.0 (Fedora; Linux i686) AppleWebKit/537.36 (KHTML, like Gecko) Chrome/121.0.0.0 Safari/537.36"
111.170.33.225 - - [24/Jul/2026:04:02:29 +0800] "POST /cf_scripts/scripts/ajax/ckeditor/plugins/filemanager/upload.cfm HTTP/1.1" 499 0 "-" "Mozilla/5.0 (Windows NT 10.0; Win64; x64) AppleWebKit/537.36 (KHTML, like Gecko) Chrome/94.0.4606.71 Safari/537.36"
111.170.33.225 - - [24/Jul/2026:04:02:29 +0800] "GET /configuration.json HTTP/1.1" 499 0 "http://www.cqqizhou.com/configuration.json" "Mozilla/5.0 (Knoppix; Linux x86_64; rv:126.0) Gecko/20100101 Firefox/126.0"
111.170.33.225 - - [24/Jul/2026:04:02:29 +0800] "GET /configs.json HTTP/1.1" 499 0 "http://www.cqqizhou.com/configs.json" "Mozilla/5.0 (Windows NT 6.1; WOW64) AppleWebKit/537.36 (KHTML, like Gecko) Chrome/45.0.2454.101 Safari/537.36"
111.170.33.225 - - [24/Jul/2026:04:02:29 +0800] "GET /app.config.json HTTP/1.1" 499 0 "http://www.cqqizhou.com/app.config.json" "Mozilla/5.0 (Macintosh; Intel Mac OS X 14.6) AppleWebKit/616.20 (KHTML, like Gecko) Version/17.1.83 Safari/616.20"
111.170.33.225 - - [24/Jul/2026:04:02:29 +0800] "GET /application.json HTTP/1.1" 499 0 "-" "Mozilla/5.0 (Macintosh; Intel Mac OS X 10_15_7) AppleWebKit/537.36 (KHTML, like Gecko) Chrome/107.0.0.0 Safari/537.36"
111.170.33.225 - - [24/Jul/2026:04:02:29 +0800] "POST /Kingdee.BOS.ServiceFacade.ServicesStub.AppDesigner.AppDesignerService.RecordCurDevCodeInfo.common.kdsvc HTTP/1.1" 499 0 "-" "Mozilla/5.0 (Windows NT 5.1) AppleWebKit/537.36 (KHTML, like Gecko) Chrome/41.0.2224.3"
111.170.33.225 - - [24/Jul/2026:04:02:29 +0800] "GET /config.prod.json HTTP/1.1" 499 0 "-" "Mozilla/5.0 (Macintosh; Intel Mac OS X 10_15_1) AppleWebKit/537.36 (KHTML, like Gecko) Chrome/79.0.3945.88 Safari/537.36"
111.170.33.225 - - [24/Jul/2026:04:02:29 +0800] "GET /AdminPage/conf/runCmd?cmd=id HTTP/1.1" 499 0 "-" "Mozilla/5.0 (Windows NT 10.0; rv:128.0 ) Gecko/20100101 Firefox/128.0"
