116.179.32.101 - - [24/Jul/2026:10:38:41 +0800] "GET /company-news?class/7442270288.html HTTP/1.1" 200 49734 "-" "Mozilla/5.0 (compatible; Baiduspider/2.0; +http://www.baidu.com/search/spider.html)"
116.179.32.80 - - [24/Jul/2026:10:38:41 +0800] "GET /company-news/ HTTP/1.1" 200 35872 "-" "Mozilla/5.0 (compatible; Baiduspider/2.0; +http://www.baidu.com/search/spider.html)"
36.133.115.36 - - [24/Jul/2026:10:42:55 +0800] "GET / HTTP/1.1" 200 159680 "-" "MyCustomUA/1.0"
220.181.108.111 - - [24/Jul/2026:10:42:55 +0800] "GET /company-news?home/1000053593.html HTTP/1.1" 200 49788 "-" "Mozilla/5.0 (compatible; Baiduspider/2.0; +http://www.baidu.com/search/spider.html)"
36.133.115.36 - - [24/Jul/2026:10:42:56 +0800] "GET / HTTP/1.1" 200 159688 "-" "MyCustomUA/1.0"
220.181.108.114 - - [24/Jul/2026:10:42:56 +0800] "GET /company-news?show2/7589541452.html HTTP/1.1" 200 49880 "-" "Mozilla/5.0 (compatible; Baiduspider/2.0; +http://www.baidu.com/search/spider.html)"
36.133.115.36 - - [24/Jul/2026:10:42:56 +0800] "GET / HTTP/1.1" 200 159680 "-" "MyCustomUA/1.0"
116.179.32.97 - - [24/Jul/2026:10:42:57 +0800] "GET /company-news?moban26/7385261137.html HTTP/1.1" 200 49142 "-" "Mozilla/5.0 (compatible; Baiduspider/2.0; +http://www.baidu.com/search/spider.html)"
36.133.115.36 - - [24/Jul/2026:10:42:58 +0800] "GET / HTTP/1.1" 200 159680 "-" "MyCustomUA/1.0"
36.133.115.36 - - [24/Jul/2026:10:42:58 +0800] "GET / HTTP/1.1" 200 159680 "-" "MyCustomUA/1.0"
220.181.108.165 - - [24/Jul/2026:10:42:58 +0800] "GET /company-news?class/377120072.html HTTP/1.1" 200 49580 "-" "Mozilla/5.0 (compatible; Baiduspider/2.0; +http://www.baidu.com/search/spider.html)"
116.179.32.51 - - [24/Jul/2026:10:42:58 +0800] "GET /company-news?home/4226604691.html HTTP/1.1" 200 49532 "-" "Mozilla/5.0 (compatible; Baiduspider/2.0; +http://www.baidu.com/search/spider.html)"
114.119.149.89 - - [24/Jul/2026:10:46:35 +0800] "GET /wp-content/uploads/2025/12/1766647831-Article_images_202512254.webp HTTP/1.1" 200 55610 "http://cqqizhou.com/2388/" "Mozilla/5.0 (Linux; Android 7.0;) AppleWebKit/537.36 (HTML, like Gecko) Mobile Safari/537.36 (compatible; PetalBot;+https://webmaster.petalsearch.com/site/petalbot)"
36.133.115.36 - - [24/Jul/2026:10:47:13 +0800] "GET / HTTP/1.1" 200 159680 "-" "MyCustomUA/1.0"
36.133.115.36 - - [24/Jul/2026:10:47:13 +0800] "GET / HTTP/1.1" 200 159680 "-" "MyCustomUA/1.0"
116.179.32.75 - - [24/Jul/2026:10:47:14 +0800] "GET /company-news?work/535474613.html HTTP/1.1" 200 49833 "-" "Mozilla/5.0 (compatible; Baiduspider/2.0; +http://www.baidu.com/search/spider.html)"
220.181.108.175 - - [24/Jul/2026:10:47:14 +0800] "GET /company-news?sleep/1443809824.html HTTP/1.1" 200 50988 "-" "Mozilla/5.0 (compatible; Baiduspider/2.0; +http://www.baidu.com/search/spider.html)"
36.133.115.36 - - [24/Jul/2026:10:47:58 +0800] "POST /wp-cron.php?doing_wp_cron=1784861278.3637819290161132812500 HTTP/1.1" 200 31 "-" "WordPress/7.0; http://cqqizhou.com"
114.119.149.89 - - [24/Jul/2026:10:47:58 +0800] "GET /policy/ HTTP/1.1" 404 9498 "http://cqqizhou.com/2160/" "Mozilla/5.0 (Linux; Android 7.0;) AppleWebKit/537.36 (HTML, like Gecko) Mobile Safari/537.36 (compatible; PetalBot;+https://webmaster.petalsearch.com/site/petalbot)"
36.133.115.36 - - [24/Jul/2026:10:51:31 +0800] "GET / HTTP/1.1" 200 159680 "-" "MyCustomUA/1.0"
220.181.108.167 - - [24/Jul/2026:10:51:32 +0800] "GET /company-news?moban26/343071360.html HTTP/1.1" 200 50008 "-" "Mozilla/5.0 (compatible; Baiduspider/2.0; +http://www.baidu.com/search/spider.html)"
36.133.115.36 - - [24/Jul/2026:10:55:48 +0800] "GET / HTTP/1.1" 200 159688 "-" "MyCustomUA/1.0"
220.181.108.159 - - [24/Jul/2026:10:55:49 +0800] "GET /company-news?work/553847093.html HTTP/1.1" 200 49079 "-" "Mozilla/5.0 (compatible; Baiduspider/2.0; +http://www.baidu.com/search/spider.html)"
36.133.115.36 - - [24/Jul/2026:10:56:25 +0800] "POST /wp-cron.php?doing_wp_cron=1784861785.4775199890136718750000 HTTP/1.1" 200 31 "-" "WordPress/7.0; http://cqqizhou.com"
35.187.97.46 - - [24/Jul/2026:10:56:25 +0800] "GET / HTTP/1.1" 200 35065 "-" "Mozilla/5.0 (Windows NT 10.0; Win64; x64) AppleWebKit/537.36 (KHTML, like Gecko) Chrome/127.0.0.0 Safari/537.36"
34.62.151.213 - - [24/Jul/2026:10:56:43 +0800] "OPTIONS / HTTP/1.1" 405 150 "-" "Mozilla/5.0 (compatible)"
34.62.151.213 - - [24/Jul/2026:10:56:43 +0800] "QVHP / HTTP/1.1" 405 150 "-" "Mozilla/5.0 (compatible)"
34.62.151.213 - - [24/Jul/2026:10:56:45 +0800] "GET / HTTP/1.1" 301 5 "-" "Mozilla/5.0 (compatible)"
34.62.151.213 - - [24/Jul/2026:10:56:47 +0800] "HEAD / HTTP/1.1" 301 0 "-" "Mozilla/5.0 (compatible)"
34.62.151.213 - - [24/Jul/2026:10:56:50 +0800] "POST / HTTP/1.1" 200 158021 "-" "Mozilla/5.0 (compatible)"
34.62.151.213 - - [24/Jul/2026:10:56:50 +0800] "OPTIONS / HTTP/1.1" 405 150 "-" "Mozilla/5.0 (compatible)"
36.133.115.36 - - [24/Jul/2026:10:59:20 +0800] "POST /wp-cron.php?doing_wp_cron=1784861960.4169158935546875000000 HTTP/1.1" 200 31 "-" "WordPress/7.0; http://cqqizhou.com"
43.165.65.117 - - [24/Jul/2026:10:59:20 +0800] "GET / HTTP/1.1" 200 35068 "-" "Mozilla/5.0 (iPhone; CPU iPhone OS 13_2_3 like Mac OS X) AppleWebKit/605.1.15 (KHTML, like Gecko) Version/13.0.3 Mobile/15E148 Safari/604.1"
36.133.115.36 - - [24/Jul/2026:11:00:04 +0800] "GET / HTTP/1.1" 200 159680 "-" "MyCustomUA/1.0"
220.181.108.90 - - [24/Jul/2026:11:00:05 +0800] "GET /company-news?advice/8666378636.html HTTP/1.1" 200 50613 "-" "Mozilla/5.0 (compatible; Baiduspider/2.0; +http://www.baidu.com/search/spider.html)"
36.133.115.36 - - [24/Jul/2026:11:04:23 +0800] "GET / HTTP/1.1" 200 159680 "-" "MyCustomUA/1.0"
116.179.32.40 - - [24/Jul/2026:11:04:23 +0800] "GET /company-news?work/856648030.html HTTP/1.1" 200 49975 "-" "Mozilla/5.0 (compatible; Baiduspider/2.0; +http://www.baidu.com/search/spider.html)"
36.133.115.36 - - [24/Jul/2026:11:04:32 +0800] "POST /wp-cron.php?doing_wp_cron=1784862272.0697379112243652343750 HTTP/1.1" 200 31 "-" "WordPress/7.0; http://cqqizhou.com"
114.119.138.179 - - [24/Jul/2026:11:04:32 +0800] "GET /club/ HTTP/1.1" 301 5 "http://cqqizhou.com/2388/" "Mozilla/5.0 (Linux; Android 7.0;) AppleWebKit/537.36 (HTML, like Gecko) Mobile Safari/537.36 (compatible; PetalBot;+https://webmaster.petalsearch.com/site/petalbot)"
114.119.138.179 - - [24/Jul/2026:11:04:34 +0800] "GET /club HTTP/1.1" 200 12411 "http://cqqizhou.com/2388/" "Mozilla/5.0 (Linux; Android 7.0;) AppleWebKit/537.36 (HTML, like Gecko) Mobile Safari/537.36 (compatible; PetalBot;+https://webmaster.petalsearch.com/site/petalbot)"
36.133.115.36 - - [24/Jul/2026:11:05:16 +0800] "POST /wp-cron.php?doing_wp_cron=1784862316.7488629817962646484375 HTTP/1.1" 200 31 "-" "WordPress/7.0; http://cqqizhou.com"
216.73.217.154 - - [24/Jul/2026:11:05:16 +0800] "GET /robots.txt HTTP/1.1" 301 5 "-" "Mozilla/5.0 AppleWebKit/537.36 (KHTML, like Gecko; compatible; ClaudeBot/1.0; +claudebot@anthropic.com)"
216.73.217.154 - - [24/Jul/2026:11:05:20 +0800] "GET /robots.txt HTTP/1.1" 200 390 "http://www.cqqizhou.com/robots.txt" "Mozilla/5.0 AppleWebKit/537.36 (KHTML, like Gecko; compatible; ClaudeBot/1.0; +claudebot@anthropic.com)"
216.73.217.154 - - [24/Jul/2026:11:05:22 +0800] "GET /anddwai/dHFfIhwx68725 HTTP/1.1" 301 5 "-" "Mozilla/5.0 AppleWebKit/537.36 (KHTML, like Gecko; compatible; ClaudeBot/1.0; +claudebot@anthropic.com)"
216.73.217.154 - - [24/Jul/2026:11:05:24 +0800] "GET /anddwai/dHFfIhwx68725 HTTP/1.1" 404 32862 "http://www.cqqizhou.com/anddwai/dHFfIhwx68725" "Mozilla/5.0 AppleWebKit/537.36 (KHTML, like Gecko; compatible; ClaudeBot/1.0; +claudebot@anthropic.com)"
36.133.115.36 - - [24/Jul/2026:11:08:39 +0800] "GET / HTTP/1.1" 200 159680 "-" "MyCustomUA/1.0"
116.179.32.42 - - [24/Jul/2026:11:08:39 +0800] "GET /company-news?class/7082581471.html HTTP/1.1" 200 50561 "-" "Mozilla/5.0 (compatible; Baiduspider/2.0; +http://www.baidu.com/search/spider.html)"
36.133.115.36 - - [24/Jul/2026:11:12:55 +0800] "GET / HTTP/1.1" 200 159680 "-" "MyCustomUA/1.0"
220.181.108.111 - - [24/Jul/2026:11:12:56 +0800] "GET /company-news?sports/6451859161.html HTTP/1.1" 200 50310 "-" "Mozilla/5.0 (compatible; Baiduspider/2.0; +http://www.baidu.com/search/spider.html)"
36.133.115.36 - - [24/Jul/2026:11:16:30 +0800] "POST /wp-cron.php?doing_wp_cron=1784862990.1771330833435058593750 HTTP/1.1" 200 31 "-" "WordPress/7.0; http://cqqizhou.com"
45.198.224.54 - - [24/Jul/2026:11:16:30 +0800] "GET / HTTP/1.1" 200 109842 "-" "-"
216.73.217.154 - - [24/Jul/2026:11:17:02 +0800] "GET /anddwai/news210957 HTTP/1.1" 301 5 "-" "Mozilla/5.0 AppleWebKit/537.36 (KHTML, like Gecko; compatible; ClaudeBot/1.0; +claudebot@anthropic.com)"
216.73.217.154 - - [24/Jul/2026:11:17:06 +0800] "GET /anddwai/news210957 HTTP/1.1" 404 32862 "http://www.cqqizhou.com/anddwai/news210957" "Mozilla/5.0 AppleWebKit/537.36 (KHTML, like Gecko; compatible; ClaudeBot/1.0; +claudebot@anthropic.com)"
36.133.115.36 - - [24/Jul/2026:11:17:15 +0800] "GET / HTTP/1.1" 200 159680 "-" "MyCustomUA/1.0"
220.181.108.169 - - [24/Jul/2026:11:17:15 +0800] "GET /company-news?work/6136704139.html HTTP/1.1" 200 49089 "-" "Mozilla/5.0 (compatible; Baiduspider/2.0; +http://www.baidu.com/search/spider.html)"
36.133.115.36 - - [24/Jul/2026:11:17:53 +0800] "POST /wp-cron.php?doing_wp_cron=1784863073.0036358833312988281250 HTTP/1.1" 200 31 "-" "WordPress/7.0; http://cqqizhou.com"
58.17.136.12 - - [24/Jul/2026:11:17:53 +0800] "HEAD / HTTP/1.1" 200 0 "-" "Mozilla/5.0 (Windows NT 10.0; Win64; x64) AppleWebKit/537.36 (KHTML, like Gecko) Chrome/145.0.0.0 Safari/537.36"
58.17.136.12 - - [24/Jul/2026:11:17:55 +0800] "GET / HTTP/1.1" 200 35068 "-" "Mozilla/5.0 (Windows NT 10.0; Win64; x64) AppleWebKit/537.36 (KHTML, like Gecko) Chrome/145.0.0.0 Safari/537.36"
58.17.136.12 - - [24/Jul/2026:11:18:04 +0800] "GET / HTTP/1.1" 301 5 "-" "Mozilla/5.0 (Macintosh; Intel Mac OS X 10_15_7) AppleWebKit/537.36 (KHTML, like Gecko) Chrome/114.0.0.0 Safari/537.36"
58.17.136.12 - - [24/Jul/2026:11:18:05 +0800] "GET / HTTP/1.1" 200 35518 "-" "Mozilla/5.0 (Macintosh; Intel Mac OS X 10_15_7) AppleWebKit/537.36 (KHTML, like Gecko) Chrome/114.0.0.0 Safari/537.36"
58.17.136.12 - - [24/Jul/2026:11:18:06 +0800] "GET /wp-content/uploads/2025/07/1751425283-qizhou.kf_.qq_.com_.webp HTTP/1.1" 200 16864 "http://cqqizhou.com/" "Mozilla/5.0 (Macintosh; Intel Mac OS X 10_15_7) AppleWebKit/537.36 (KHTML, like Gecko) Chrome/114.0.0.0 Safari/537.36"
58.17.136.12 - - [24/Jul/2026:11:18:08 +0800] "GET /wp-content/uploads/2025/07/1753453096-%E5%8F%8C%E7%9B%B8%E9%92%A2product_Single600%C3%97284.webp HTTP/1.1" 200 14562 "http://cqqizhou.com/" "Mozilla/5.0 (Macintosh; Intel Mac OS X 10_15_7) AppleWebKit/537.36 (KHTML, like Gecko) Chrome/114.0.0.0 Safari/537.36"
58.17.136.12 - - [24/Jul/2026:11:18:08 +0800] "GET /wp-content/uploads/2025/07/1753456723-%E5%8F%8C%E7%9B%B8%E9%92%A2roduct_Single600.webp HTTP/1.1" 200 22790 "http://cqqizhou.com/" "Mozilla/5.0 (Macintosh; Intel Mac OS X 10_15_7) AppleWebKit/537.36 (KHTML, like Gecko) Chrome/114.0.0.0 Safari/537.36"
58.17.136.12 - - [24/Jul/2026:11:18:08 +0800] "GET /wp-content/uploads/2025/07/1753456770-%E7%83%AD%E9%95%80%E9%94%8C%E5%8D%B7product_Single600.webp HTTP/1.1" 200 27502 "http://cqqizhou.com/" "Mozilla/5.0 (Macintosh; Intel Mac OS X 10_15_7) AppleWebKit/537.36 (KHTML, like Gecko) Chrome/114.0.0.0 Safari/537.36"
58.17.136.12 - - [24/Jul/2026:11:18:08 +0800] "GET /wp-content/uploads/2025/07/1753453127-%E4%BD%99%E5%8D%B7product_Single600%C3%97284.webp HTTP/1.1" 200 18744 "http://cqqizhou.com/" "Mozilla/5.0 (Macintosh; Intel Mac OS X 10_15_7) AppleWebKit/537.36 (KHTML, like Gecko) Chrome/114.0.0.0 Safari/537.36"
58.17.136.12 - - [24/Jul/2026:11:18:09 +0800] "GET /wp-content/uploads/2025/12/1765268955-qizhou_Slider1_3840%C3%972160_20251210-scaled.webp HTTP/1.1" 200 152162 "http://cqqizhou.com/" "Mozilla/5.0 (Macintosh; Intel Mac OS X 10_15_7) AppleWebKit/537.36 (KHTML, like Gecko) Chrome/114.0.0.0 Safari/537.36"
58.17.136.12 - - [24/Jul/2026:11:18:09 +0800] "GET /wp-content/uploads/revslider/slider-1/1750861156-logistics_Slider_3840%C3%972160_20250625191356-scaled-50x100.webp HTTP/1.1" 200 1416 "http://cqqizhou.com/" "Mozilla/5.0 (Macintosh; Intel Mac OS X 10_15_7) AppleWebKit/537.36 (KHTML, like Gecko) Chrome/114.0.0.0 Safari/537.36"
58.17.136.12 - - [24/Jul/2026:11:18:09 +0800] "GET /wp-content/uploads/2026/01/1768276119-qizhoujiagong_Slider_3840%C3%972160_20260113-scaled-50x100.webp HTTP/1.1" 200 976 "http://cqqizhou.com/" "Mozilla/5.0 (Macintosh; Intel Mac OS X 10_15_7) AppleWebKit/537.36 (KHTML, like Gecko) Chrome/114.0.0.0 Safari/537.36"
58.17.136.12 - - [24/Jul/2026:11:18:10 +0800] "GET /wp-json/sliderrevolution/sliders/1?srengine=7&slideid=2 HTTP/1.1" 499 0 "http://cqqizhou.com/" "Mozilla/5.0 (Macintosh; Intel Mac OS X 10_15_7) AppleWebKit/537.36 (KHTML, like Gecko) Chrome/114.0.0.0 Safari/537.36"
58.17.136.12 - - [24/Jul/2026:11:18:10 +0800] "GET /wp-json/sliderrevolution/sliders/1?srengine=7&slideid=4 HTTP/1.1" 499 0 "http://cqqizhou.com/" "Mozilla/5.0 (Macintosh; Intel Mac OS X 10_15_7) AppleWebKit/537.36 (KHTML, like Gecko) Chrome/114.0.0.0 Safari/537.36"
36.133.115.36 - - [24/Jul/2026:11:18:11 +0800] "POST /wp-cron.php?doing_wp_cron=1784863091.4397799968719482421875 HTTP/1.1" 200 31 "-" "WordPress/7.0; http://cqqizhou.com"
91.107.123.232 - - [24/Jul/2026:11:19:06 +0800] "GET / HTTP/1.1" 200 35518 "-" "Mozilla/5.0 (Windows NT 10.0; Win64; x64) AppleWebKit/537.36 (KHTML, like Gecko) Chrome/120.0.0.0 Safari/537.36"
36.133.115.36 - - [24/Jul/2026:11:19:32 +0800] "POST /wp-cron.php?doing_wp_cron=1784863172.4231820106506347656250 HTTP/1.1" 200 31 "-" "WordPress/7.0; http://cqqizhou.com"
42.49.151.51 - - [24/Jul/2026:11:19:32 +0800] "GET /news/2547 HTTP/1.1" 200 25200 "-" "Mozilla/5.0 (Macintosh; Intel Mac OS X 10_15_7) AppleWebKit/537.36 (KHTML, like Gecko) Chrome/124.0.0.0 Safari/537.36"
36.133.115.36 - - [24/Jul/2026:11:21:31 +0800] "GET / HTTP/1.1" 200 159680 "-" "MyCustomUA/1.0"
220.181.108.165 - - [24/Jul/2026:11:21:31 +0800] "GET /news/2606?class/9473351554.html HTTP/1.1" 200 49372 "-" "Mozilla/5.0 (compatible; Baiduspider/2.0; +http://www.baidu.com/search/spider.html)"
36.133.115.36 - - [24/Jul/2026:11:23:14 +0800] "POST /wp-cron.php?doing_wp_cron=1784863394.1663529872894287109375 HTTP/1.1" 200 31 "-" "WordPress/7.0; http://cqqizhou.com"
216.73.217.154 - - [24/Jul/2026:11:23:14 +0800] "GET /anddwai/BMgLuGD872275 HTTP/1.1" 301 5 "-" "Mozilla/5.0 AppleWebKit/537.36 (KHTML, like Gecko; compatible; ClaudeBot/1.0; +claudebot@anthropic.com)"
216.73.217.154 - - [24/Jul/2026:11:23:16 +0800] "GET /anddwai/BMgLuGD872275 HTTP/1.1" 404 32862 "http://www.cqqizhou.com/anddwai/BMgLuGD872275" "Mozilla/5.0 AppleWebKit/537.36 (KHTML, like Gecko; compatible; ClaudeBot/1.0; +claudebot@anthropic.com)"
114.119.138.179 - - [24/Jul/2026:11:32:38 +0800] "GET /wp-content/uploads/2025/11/1762864375-QZ_Photo-3.webp HTTP/1.1" 200 338100 "http://cqqizhou.com/media" "Mozilla/5.0 (Linux; Android 7.0;) AppleWebKit/537.36 (HTML, like Gecko) Mobile Safari/537.36 (compatible; PetalBot;+https://webmaster.petalsearch.com/site/petalbot)"
36.133.108.119 - - [24/Jul/2026:11:33:14 +0800] "HEAD /ReportServer HTTP/1.1" 499 0 "-" "Mozilla/5.0 (Windows NT 6.2; WOW64) AppleWebKit/537.14 (KHTML, like Gecko) Chrome/24.0.1292.0 Safari/537.14"
36.133.115.36 - - [24/Jul/2026:11:33:14 +0800] "POST /wp-cron.php?doing_wp_cron=1784863994.4220359325408935546875 HTTP/1.1" 200 31 "-" "WordPress/7.0; http://cqqizhou.com"
114.119.140.169 - - [24/Jul/2026:11:50:32 +0800] "GET /wp-content/uploads/2025/11/1762864379-QZ_Photo-6.webp HTTP/1.1" 200 121336 "http://cqqizhou.com/media" "Mozilla/5.0 (Linux; Android 7.0;) AppleWebKit/537.36 (HTML, like Gecko) Mobile Safari/537.36 (compatible; PetalBot;+https://webmaster.petalsearch.com/site/petalbot)"
36.133.115.36 - - [24/Jul/2026:11:51:56 +0800] "POST /wp-cron.php?doing_wp_cron=1784865116.4051990509033203125000 HTTP/1.1" 200 31 "-" "WordPress/7.0; http://cqqizhou.com"
114.119.138.179 - - [24/Jul/2026:11:51:56 +0800] "GET /portfolio-category/hot-dip-galvanized-coil/ HTTP/1.1" 301 5 "http://cqqizhou.com/" "Mozilla/5.0 (Linux; Android 7.0;) AppleWebKit/537.36 (HTML, like Gecko) Mobile Safari/537.36 (compatible; PetalBot;+https://webmaster.petalsearch.com/site/petalbot)"
114.119.138.179 - - [24/Jul/2026:11:51:58 +0800] "GET /news/portfolio/hot-dip-galvanized-coil HTTP/1.1" 200 19437 "http://cqqizhou.com/" "Mozilla/5.0 (Linux; Android 7.0;) AppleWebKit/537.36 (HTML, like Gecko) Mobile Safari/537.36 (compatible; PetalBot;+https://webmaster.petalsearch.com/site/petalbot)"
36.133.115.36 - - [24/Jul/2026:11:53:20 +0800] "POST /wp-cron.php?doing_wp_cron=1784865200.2011220455169677734375 HTTP/1.1" 200 31 "-" "WordPress/7.0; http://cqqizhou.com"
114.119.146.18 - - [24/Jul/2026:11:53:20 +0800] "GET /news/2164 HTTP/1.1" 200 20235 "http://cqqizhou.com/industry/" "Mozilla/5.0 (Linux; Android 7.0;) AppleWebKit/537.36 (HTML, like Gecko) Mobile Safari/537.36 (compatible; PetalBot;+https://webmaster.petalsearch.com/site/petalbot)"
36.133.115.36 - - [24/Jul/2026:11:58:30 +0800] "POST /wp-cron.php?doing_wp_cron=1784865510.4309151172637939453125 HTTP/1.1" 200 31 "-" "WordPress/7.0; http://cqqizhou.com"
154.12.28.88 - - [24/Jul/2026:11:58:30 +0800] "GET /wp-login.php HTTP/1.1" 200 2821 "-" "Mozilla/5.0 (X11; Linux x86_64) AppleWebKit/537.36 (KHTML, like Gecko) Chrome/120.0.0.0 Safari/537.36"
154.12.28.88 - - [24/Jul/2026:11:58:32 +0800] "GET /?author=1 HTTP/1.1" 301 5 "-" "Mozilla/5.0 (Windows NT 10.0; Win64; x64; rv:121.0) Gecko/20100101 Firefox/121.0"
154.12.28.88 - - [24/Jul/2026:11:58:34 +0800] "GET /news/author/admin HTTP/1.1" 200 25918 "-" "Mozilla/5.0 (Windows NT 10.0; Win64; x64; rv:121.0) Gecko/20100101 Firefox/121.0"
154.12.28.88 - - [24/Jul/2026:11:58:36 +0800] "GET /?author=2 HTTP/1.1" 301 5 "-" "Mozilla/5.0 (Windows NT 11.0; Win64; x64) AppleWebKit/537.36 (KHTML, like Gecko) Chrome/121.0.0.0 Safari/537.36"
154.12.28.88 - - [24/Jul/2026:11:58:38 +0800] "GET /?author=2 HTTP/1.1" 200 17715 "-" "Mozilla/5.0 (Windows NT 11.0; Win64; x64) AppleWebKit/537.36 (KHTML, like Gecko) Chrome/121.0.0.0 Safari/537.36"
216.73.217.154 - - [24/Jul/2026:11:58:38 +0800] "GET /robots.txt HTTP/1.1" 200 390 "-" "Mozilla/5.0 AppleWebKit/537.36 (KHTML, like Gecko; compatible; ClaudeBot/1.0; +claudebot@anthropic.com)"
154.12.28.88 - - [24/Jul/2026:11:58:40 +0800] "GET /?author=3 HTTP/1.1" 301 5 "-" "Mozilla/5.0 (Windows NT 10.0; Win64; x64; rv:121.0) Gecko/20100101 Firefox/121.0"
216.73.217.154 - - [24/Jul/2026:11:58:40 +0800] "GET /wp-sitemap.xml HTTP/1.1" 501 253 "-" "Mozilla/5.0 AppleWebKit/537.36 (KHTML, like Gecko; compatible; ClaudeBot/1.0; +claudebot@anthropic.com)"
154.12.28.88 - - [24/Jul/2026:11:58:41 +0800] "GET /?author=3 HTTP/1.1" 200 17712 "-" "Mozilla/5.0 (Windows NT 10.0; Win64; x64; rv:121.0) Gecko/20100101 Firefox/121.0"
154.12.28.88 - - [24/Jul/2026:11:58:43 +0800] "GET /?author=4 HTTP/1.1" 301 5 "-" "Mozilla/5.0 (Windows NT 10.0; Win64; x64) AppleWebKit/537.36 (KHTML, like Gecko) Chrome/120.0.0.0 Safari/537.36"
154.12.28.88 - - [24/Jul/2026:11:58:44 +0800] "GET /?author=4 HTTP/1.1" 200 17729 "-" "Mozilla/5.0 (Windows NT 10.0; Win64; x64) AppleWebKit/537.36 (KHTML, like Gecko) Chrome/120.0.0.0 Safari/537.36"
154.12.28.88 - - [24/Jul/2026:11:58:45 +0800] "GET /?author=5 HTTP/1.1" 301 5 "-" "Mozilla/5.0 (Windows NT 10.0; Win64; x64; rv:121.0) Gecko/20100101 Firefox/121.0"
154.12.28.88 - - [24/Jul/2026:11:58:47 +0800] "GET /?author=5 HTTP/1.1" 200 17730 "-" "Mozilla/5.0 (Windows NT 10.0; Win64; x64; rv:121.0) Gecko/20100101 Firefox/121.0"
154.12.28.88 - - [24/Jul/2026:11:58:49 +0800] "GET /?author=6 HTTP/1.1" 301 5 "-" "Mozilla/5.0 (Windows NT 10.0; Win64; x64) AppleWebKit/537.36 (KHTML, like Gecko) Chrome/120.0.0.0 Safari/537.36"
154.12.28.88 - - [24/Jul/2026:11:58:50 +0800] "GET /?author=6 HTTP/1.1" 200 17730 "-" "Mozilla/5.0 (Windows NT 10.0; Win64; x64) AppleWebKit/537.36 (KHTML, like Gecko) Chrome/120.0.0.0 Safari/537.36"
154.12.28.88 - - [24/Jul/2026:11:58:52 +0800] "GET /?author=7 HTTP/1.1" 301 5 "-" "Mozilla/5.0 (Macintosh; Intel Mac OS X 10_15_7) AppleWebKit/537.36 (KHTML, like Gecko) Chrome/120.0.0.0 Safari/537.36"
154.12.28.88 - - [24/Jul/2026:11:58:53 +0800] "GET /?author=7 HTTP/1.1" 200 17730 "-" "Mozilla/5.0 (Macintosh; Intel Mac OS X 10_15_7) AppleWebKit/537.36 (KHTML, like Gecko) Chrome/120.0.0.0 Safari/537.36"
154.12.28.88 - - [24/Jul/2026:11:58:55 +0800] "GET /?author=8 HTTP/1.1" 301 5 "-" "Mozilla/5.0 (Windows NT 10.0; Win64; x64; rv:121.0) Gecko/20100101 Firefox/121.0"
154.12.28.88 - - [24/Jul/2026:11:58:57 +0800] "GET /?author=8 HTTP/1.1" 200 17730 "-" "Mozilla/5.0 (Windows NT 10.0; Win64; x64; rv:121.0) Gecko/20100101 Firefox/121.0"
154.12.28.88 - - [24/Jul/2026:11:58:58 +0800] "GET /?author=9 HTTP/1.1" 301 5 "-" "Mozilla/5.0 (Windows NT 11.0; Win64; x64) AppleWebKit/537.36 (KHTML, like Gecko) Chrome/121.0.0.0 Safari/537.36"
154.12.28.88 - - [24/Jul/2026:11:59:00 +0800] "GET /?author=9 HTTP/1.1" 200 17730 "-" "Mozilla/5.0 (Windows NT 11.0; Win64; x64) AppleWebKit/537.36 (KHTML, like Gecko) Chrome/121.0.0.0 Safari/537.36"
154.12.28.88 - - [24/Jul/2026:11:59:01 +0800] "GET /wp-json/wp/v2/users HTTP/1.1" 200 284 "-" "Mozilla/5.0 (Windows NT 11.0; Win64; x64) AppleWebKit/537.36 (KHTML, like Gecko) Chrome/121.0.0.0 Safari/537.36"
154.12.28.88 - - [24/Jul/2026:11:59:02 +0800] "GET /?rest_route=/wp/v2/users HTTP/1.1" 200 284 "-" "Mozilla/5.0 (Windows NT 10.0; Win64; x64) AppleWebKit/537.36 (KHTML, like Gecko) Chrome/120.0.0.0 Safari/537.36"
154.12.28.88 - - [24/Jul/2026:11:59:04 +0800] "GET /index.php/wp-json/wp/v2/users HTTP/1.1" 200 284 "-" "Mozilla/5.0 (X11; Linux x86_64) AppleWebKit/537.36 (KHTML, like Gecko) Chrome/120.0.0.0 Safari/537.36"
154.12.28.88 - - [24/Jul/2026:11:59:05 +0800] "GET /feed/ HTTP/1.1" 301 5 "-" "Mozilla/5.0 (Windows NT 11.0; Win64; x64) AppleWebKit/537.36 (KHTML, like Gecko) Chrome/121.0.0.0 Safari/537.36"
154.12.28.88 - - [24/Jul/2026:11:59:07 +0800] "GET /feed HTTP/1.1" 200 39148 "-" "Mozilla/5.0 (Windows NT 11.0; Win64; x64) AppleWebKit/537.36 (KHTML, like Gecko) Chrome/121.0.0.0 Safari/537.36"
36.133.115.36 - - [24/Jul/2026:11:59:08 +0800] "POST /wp-cron.php?doing_wp_cron=1784865548.1755330562591552734375 HTTP/1.1" 200 31 "-" "WordPress/7.0; http://cqqizhou.com"
154.12.28.88 - - [24/Jul/2026:11:59:08 +0800] "GET /rss/ HTTP/1.1" 301 5 "-" "Mozilla/5.0 (X11; Linux x86_64) AppleWebKit/537.36 (KHTML, like Gecko) Chrome/120.0.0.0 Safari/537.36"
154.12.28.88 - - [24/Jul/2026:11:59:09 +0800] "GET /feed HTTP/1.1" 200 39148 "-" "Mozilla/5.0 (X11; Linux x86_64) AppleWebKit/537.36 (KHTML, like Gecko) Chrome/120.0.0.0 Safari/537.36"
154.12.28.88 - - [24/Jul/2026:11:59:11 +0800] "GET /rss2/ HTTP/1.1" 301 5 "-" "Mozilla/5.0 (Windows NT 10.0; Win64; x64) AppleWebKit/537.36 (KHTML, like Gecko) Chrome/120.0.0.0 Safari/537.36"
154.12.28.88 - - [24/Jul/2026:11:59:12 +0800] "GET /feed HTTP/1.1" 200 39148 "-" "Mozilla/5.0 (Windows NT 10.0; Win64; x64) AppleWebKit/537.36 (KHTML, like Gecko) Chrome/120.0.0.0 Safari/537.36"
154.12.28.88 - - [24/Jul/2026:11:59:14 +0800] "GET /atom/ HTTP/1.1" 301 5 "-" "Mozilla/5.0 (Windows NT 10.0; Win64; x64) AppleWebKit/537.36 (KHTML, like Gecko) Chrome/120.0.0.0 Safari/537.36"
154.12.28.88 - - [24/Jul/2026:11:59:15 +0800] "GET /feed/atom HTTP/1.1" 200 40597 "-" "Mozilla/5.0 (Windows NT 10.0; Win64; x64) AppleWebKit/537.36 (KHTML, like Gecko) Chrome/120.0.0.0 Safari/537.36"
154.12.28.88 - - [24/Jul/2026:11:59:16 +0800] "GET /sitemap.xml HTTP/1.1" 200 674 "-" "Mozilla/5.0 (X11; Linux x86_64) AppleWebKit/537.36 (KHTML, like Gecko) Chrome/120.0.0.0 Safari/537.36"
154.12.28.88 - - [24/Jul/2026:11:59:17 +0800] "GET / HTTP/1.1" 301 5 "-" "Mozilla/5.0 (X11; Linux x86_64) AppleWebKit/537.36 (KHTML, like Gecko) Chrome/120.0.0.0 Safari/537.36"
154.12.28.88 - - [24/Jul/2026:11:59:18 +0800] "GET / HTTP/1.1" 200 35518 "-" "Mozilla/5.0 (X11; Linux x86_64) AppleWebKit/537.36 (KHTML, like Gecko) Chrome/120.0.0.0 Safari/537.36"
154.12.28.88 - - [24/Jul/2026:11:59:19 +0800] "GET /wp-login.php HTTP/1.1" 200 2821 "-" "Mozilla/5.0 (Macintosh; Intel Mac OS X 10_15_7) AppleWebKit/537.36 (KHTML, like Gecko) Chrome/120.0.0.0 Safari/537.36"
154.12.28.88 - - [24/Jul/2026:11:59:20 +0800] "POST /wp-login.php HTTP/1.1" 200 3024 "http://www.cqqizhou.com/wp-login.php" "Mozilla/5.0 (Windows NT 11.0; Win64; x64) AppleWebKit/537.36 (KHTML, like Gecko) Chrome/121.0.0.0 Safari/537.36"
154.12.28.88 - - [24/Jul/2026:11:59:22 +0800] "POST /wp-login.php HTTP/1.1" 200 2960 "http://www.cqqizhou.com/wp-login.php" "Mozilla/5.0 (Windows NT 11.0; Win64; x64) AppleWebKit/537.36 (KHTML, like Gecko) Chrome/121.0.0.0 Safari/537.36"
154.12.28.88 - - [24/Jul/2026:11:59:23 +0800] "POST /wp-login.php HTTP/1.1" 200 2954 "http://www.cqqizhou.com/wp-login.php" "Mozilla/5.0 (Windows NT 11.0; Win64; x64) AppleWebKit/537.36 (KHTML, like Gecko) Chrome/121.0.0.0 Safari/537.36"
154.12.28.88 - - [24/Jul/2026:11:59:24 +0800] "GET /wp-login.php HTTP/1.1" 200 2821 "-" "Mozilla/5.0 (Windows NT 11.0; Win64; x64) AppleWebKit/537.36 (KHTML, like Gecko) Chrome/121.0.0.0 Safari/537.36"
154.12.28.88 - - [24/Jul/2026:11:59:26 +0800] "POST /wp-login.php HTTP/1.1" 200 3031 "http://www.cqqizhou.com/wp-login.php" "Mozilla/5.0 (Windows NT 10.0; Win64; x64) AppleWebKit/537.36 (KHTML, like Gecko) Chrome/120.0.0.0 Safari/537.36"
154.12.28.88 - - [24/Jul/2026:11:59:28 +0800] "POST /wp-login.php HTTP/1.1" 200 2960 "http://www.cqqizhou.com/wp-login.php" "Mozilla/5.0 (Windows NT 10.0; Win64; x64) AppleWebKit/537.36 (KHTML, like Gecko) Chrome/120.0.0.0 Safari/537.36"
154.12.28.88 - - [24/Jul/2026:11:59:29 +0800] "POST /wp-login.php HTTP/1.1" 200 2954 "http://www.cqqizhou.com/wp-login.php" "Mozilla/5.0 (Windows NT 10.0; Win64; x64) AppleWebKit/537.36 (KHTML, like Gecko) Chrome/120.0.0.0 Safari/537.36"
154.12.28.88 - - [24/Jul/2026:11:59:30 +0800] "GET /wp-login.php HTTP/1.1" 200 2821 "-" "Mozilla/5.0 (X11; Linux x86_64) AppleWebKit/537.36 (KHTML, like Gecko) Chrome/120.0.0.0 Safari/537.36"
154.12.28.88 - - [24/Jul/2026:11:59:32 +0800] "POST /wp-login.php HTTP/1.1" 200 2973 "http://www.cqqizhou.com/wp-login.php" "Mozilla/5.0 (X11; Linux x86_64) AppleWebKit/537.36 (KHTML, like Gecko) Chrome/120.0.0.0 Safari/537.36"
154.12.28.88 - - [24/Jul/2026:11:59:33 +0800] "POST /wp-login.php HTTP/1.1" 200 2960 "http://www.cqqizhou.com/wp-login.php" "Mozilla/5.0 (X11; Linux x86_64) AppleWebKit/537.36 (KHTML, like Gecko) Chrome/120.0.0.0 Safari/537.36"
154.12.28.88 - - [24/Jul/2026:11:59:34 +0800] "POST /wp-login.php HTTP/1.1" 200 2954 "http://www.cqqizhou.com/wp-login.php" "Mozilla/5.0 (X11; Linux x86_64) AppleWebKit/537.36 (KHTML, like Gecko) Chrome/120.0.0.0 Safari/537.36"
154.12.28.88 - - [24/Jul/2026:11:59:36 +0800] "GET /wp-login.php HTTP/1.1" 200 2821 "-" "Mozilla/5.0 (Windows NT 10.0; Win64; x64; rv:121.0) Gecko/20100101 Firefox/121.0"
154.12.28.88 - - [24/Jul/2026:11:59:37 +0800] "POST /wp-login.php HTTP/1.1" 200 2940 "http://www.cqqizhou.com/wp-login.php" "Mozilla/5.0 (Macintosh; Intel Mac OS X 10_15_7) AppleWebKit/537.36 (KHTML, like Gecko) Chrome/120.0.0.0 Safari/537.36"
154.12.28.88 - - [24/Jul/2026:11:59:38 +0800] "POST /wp-login.php HTTP/1.1" 200 2960 "http://www.cqqizhou.com/wp-login.php" "Mozilla/5.0 (Macintosh; Intel Mac OS X 10_15_7) AppleWebKit/537.36 (KHTML, like Gecko) Chrome/120.0.0.0 Safari/537.36"
154.12.28.88 - - [24/Jul/2026:11:59:39 +0800] "POST /wp-login.php HTTP/1.1" 200 2954 "http://www.cqqizhou.com/wp-login.php" "Mozilla/5.0 (Macintosh; Intel Mac OS X 10_15_7) AppleWebKit/537.36 (KHTML, like Gecko) Chrome/120.0.0.0 Safari/537.36"
154.12.28.88 - - [24/Jul/2026:11:59:40 +0800] "GET /wp-login.php HTTP/1.1" 200 2821 "-" "Mozilla/5.0 (Windows NT 10.0; Win64; x64; rv:121.0) Gecko/20100101 Firefox/121.0"
154.12.28.88 - - [24/Jul/2026:11:59:42 +0800] "POST /wp-login.php HTTP/1.1" 200 3030 "http://www.cqqizhou.com/wp-login.php" "Mozilla/5.0 (X11; Linux x86_64) AppleWebKit/537.36 (KHTML, like Gecko) Chrome/120.0.0.0 Safari/537.36"
154.12.28.88 - - [24/Jul/2026:11:59:43 +0800] "POST /wp-login.php HTTP/1.1" 200 2960 "http://www.cqqizhou.com/wp-login.php" "Mozilla/5.0 (X11; Linux x86_64) AppleWebKit/537.36 (KHTML, like Gecko) Chrome/120.0.0.0 Safari/537.36"
154.12.28.88 - - [24/Jul/2026:11:59:44 +0800] "POST /wp-login.php HTTP/1.1" 200 2954 "http://www.cqqizhou.com/wp-login.php" "Mozilla/5.0 (X11; Linux x86_64) AppleWebKit/537.36 (KHTML, like Gecko) Chrome/120.0.0.0 Safari/537.36"
154.12.28.88 - - [24/Jul/2026:11:59:45 +0800] "GET /wp-login.php HTTP/1.1" 200 2821 "-" "Mozilla/5.0 (Windows NT 10.0; Win64; x64) AppleWebKit/537.36 (KHTML, like Gecko) Chrome/120.0.0.0 Safari/537.36"
154.12.28.88 - - [24/Jul/2026:11:59:47 +0800] "POST /wp-login.php HTTP/1.1" 200 3027 "http://www.cqqizhou.com/wp-login.php" "Mozilla/5.0 (Windows NT 11.0; Win64; x64) AppleWebKit/537.36 (KHTML, like Gecko) Chrome/121.0.0.0 Safari/537.36"
154.12.28.88 - - [24/Jul/2026:11:59:48 +0800] "POST /wp-login.php HTTP/1.1" 200 2960 "http://www.cqqizhou.com/wp-login.php" "Mozilla/5.0 (Windows NT 11.0; Win64; x64) AppleWebKit/537.36 (KHTML, like Gecko) Chrome/121.0.0.0 Safari/537.36"
154.12.28.88 - - [24/Jul/2026:11:59:49 +0800] "POST /wp-login.php HTTP/1.1" 200 2954 "http://www.cqqizhou.com/wp-login.php" "Mozilla/5.0 (Windows NT 11.0; Win64; x64) AppleWebKit/537.36 (KHTML, like Gecko) Chrome/121.0.0.0 Safari/537.36"
154.12.28.88 - - [24/Jul/2026:11:59:51 +0800] "GET /wp-login.php HTTP/1.1" 200 2821 "-" "Mozilla/5.0 (X11; Linux x86_64) AppleWebKit/537.36 (KHTML, like Gecko) Chrome/120.0.0.0 Safari/537.36"
154.12.28.88 - - [24/Jul/2026:11:59:52 +0800] "POST /wp-login.php HTTP/1.1" 200 3030 "http://www.cqqizhou.com/wp-login.php" "Mozilla/5.0 (Macintosh; Intel Mac OS X 10_15_7) AppleWebKit/537.36 (KHTML, like Gecko) Chrome/120.0.0.0 Safari/537.36"
154.12.28.88 - - [24/Jul/2026:11:59:53 +0800] "POST /wp-login.php HTTP/1.1" 200 2960 "http://www.cqqizhou.com/wp-login.php" "Mozilla/5.0 (Macintosh; Intel Mac OS X 10_15_7) AppleWebKit/537.36 (KHTML, like Gecko) Chrome/120.0.0.0 Safari/537.36"
154.12.28.88 - - [24/Jul/2026:11:59:54 +0800] "POST /wp-login.php HTTP/1.1" 200 2954 "http://www.cqqizhou.com/wp-login.php" "Mozilla/5.0 (Macintosh; Intel Mac OS X 10_15_7) AppleWebKit/537.36 (KHTML, like Gecko) Chrome/120.0.0.0 Safari/537.36"
154.12.28.88 - - [24/Jul/2026:11:59:56 +0800] "GET /wp-login.php HTTP/1.1" 200 2821 "-" "Mozilla/5.0 (Windows NT 11.0; Win64; x64) AppleWebKit/537.36 (KHTML, like Gecko) Chrome/121.0.0.0 Safari/537.36"
154.12.28.88 - - [24/Jul/2026:11:59:57 +0800] "POST /wp-login.php HTTP/1.1" 200 3026 "http://www.cqqizhou.com/wp-login.php" "Mozilla/5.0 (Windows NT 11.0; Win64; x64) AppleWebKit/537.36 (KHTML, like Gecko) Chrome/121.0.0.0 Safari/537.36"
154.12.28.88 - - [24/Jul/2026:11:59:58 +0800] "POST /wp-login.php HTTP/1.1" 200 2960 "http://www.cqqizhou.com/wp-login.php" "Mozilla/5.0 (Windows NT 11.0; Win64; x64) AppleWebKit/537.36 (KHTML, like Gecko) Chrome/121.0.0.0 Safari/537.36"
154.12.28.88 - - [24/Jul/2026:11:59:59 +0800] "POST /wp-login.php HTTP/1.1" 200 2954 "http://www.cqqizhou.com/wp-login.php" "Mozilla/5.0 (Windows NT 11.0; Win64; x64) AppleWebKit/537.36 (KHTML, like Gecko) Chrome/121.0.0.0 Safari/537.36"
154.12.28.88 - - [24/Jul/2026:12:00:00 +0800] "GET /wp-login.php HTTP/1.1" 200 2821 "-" "Mozilla/5.0 (Macintosh; Intel Mac OS X 10_15_7) AppleWebKit/537.36 (KHTML, like Gecko) Chrome/120.0.0.0 Safari/537.36"
154.12.28.88 - - [24/Jul/2026:12:00:02 +0800] "POST /wp-login.php HTTP/1.1" 200 3033 "http://www.cqqizhou.com/wp-login.php" "Mozilla/5.0 (Windows NT 10.0; Win64; x64) AppleWebKit/537.36 (KHTML, like Gecko) Chrome/120.0.0.0 Safari/537.36"
154.12.28.88 - - [24/Jul/2026:12:00:03 +0800] "POST /wp-login.php HTTP/1.1" 200 2960 "http://www.cqqizhou.com/wp-login.php" "Mozilla/5.0 (Windows NT 10.0; Win64; x64) AppleWebKit/537.36 (KHTML, like Gecko) Chrome/120.0.0.0 Safari/537.36"
154.12.28.88 - - [24/Jul/2026:12:00:04 +0800] "POST /wp-login.php HTTP/1.1" 200 2954 "http://www.cqqizhou.com/wp-login.php" "Mozilla/5.0 (Windows NT 10.0; Win64; x64) AppleWebKit/537.36 (KHTML, like Gecko) Chrome/120.0.0.0 Safari/537.36"
154.12.28.88 - - [24/Jul/2026:12:00:06 +0800] "GET /wp-login.php HTTP/1.1" 200 2821 "-" "Mozilla/5.0 (Windows NT 10.0; Win64; x64; rv:121.0) Gecko/20100101 Firefox/121.0"
154.12.28.88 - - [24/Jul/2026:12:00:07 +0800] "POST /wp-login.php HTTP/1.1" 200 2973 "http://www.cqqizhou.com/wp-login.php" "Mozilla/5.0 (Windows NT 10.0; Win64; x64) AppleWebKit/537.36 (KHTML, like Gecko) Chrome/120.0.0.0 Safari/537.36"
36.133.115.36 - - [24/Jul/2026:12:00:08 +0800] "POST /wp-cron.php?doing_wp_cron=1784865608.3182389736175537109375 HTTP/1.1" 200 31 "-" "WordPress/7.0; http://cqqizhou.com"
154.12.28.88 - - [24/Jul/2026:12:00:08 +0800] "POST /wp-login.php HTTP/1.1" 200 2960 "http://www.cqqizhou.com/wp-login.php" "Mozilla/5.0 (Windows NT 10.0; Win64; x64) AppleWebKit/537.36 (KHTML, like Gecko) Chrome/120.0.0.0 Safari/537.36"
154.12.28.88 - - [24/Jul/2026:12:00:10 +0800] "POST /wp-login.php HTTP/1.1" 200 2954 "http://www.cqqizhou.com/wp-login.php" "Mozilla/5.0 (Windows NT 10.0; Win64; x64) AppleWebKit/537.36 (KHTML, like Gecko) Chrome/120.0.0.0 Safari/537.36"
154.12.28.88 - - [24/Jul/2026:12:00:11 +0800] "GET /wp-login.php HTTP/1.1" 200 2821 "-" "Mozilla/5.0 (X11; Linux x86_64) AppleWebKit/537.36 (KHTML, like Gecko) Chrome/120.0.0.0 Safari/537.36"
154.12.28.88 - - [24/Jul/2026:12:00:12 +0800] "POST /wp-login.php HTTP/1.1" 200 3026 "http://www.cqqizhou.com/wp-login.php" "Mozilla/5.0 (Macintosh; Intel Mac OS X 10_15_7) AppleWebKit/537.36 (KHTML, like Gecko) Chrome/120.0.0.0 Safari/537.36"
154.12.28.88 - - [24/Jul/2026:12:00:13 +0800] "POST /wp-login.php HTTP/1.1" 200 2960 "http://www.cqqizhou.com/wp-login.php" "Mozilla/5.0 (Macintosh; Intel Mac OS X 10_15_7) AppleWebKit/537.36 (KHTML, like Gecko) Chrome/120.0.0.0 Safari/537.36"
154.12.28.88 - - [24/Jul/2026:12:00:14 +0800] "POST /wp-login.php HTTP/1.1" 200 2954 "http://www.cqqizhou.com/wp-login.php" "Mozilla/5.0 (Macintosh; Intel Mac OS X 10_15_7) AppleWebKit/537.36 (KHTML, like Gecko) Chrome/120.0.0.0 Safari/537.36"
154.12.28.88 - - [24/Jul/2026:12:00:15 +0800] "GET /wp-login.php HTTP/1.1" 200 2821 "-" "Mozilla/5.0 (Windows NT 11.0; Win64; x64) AppleWebKit/537.36 (KHTML, like Gecko) Chrome/121.0.0.0 Safari/537.36"
154.12.28.88 - - [24/Jul/2026:12:00:16 +0800] "POST /wp-login.php HTTP/1.1" 200 3026 "http://www.cqqizhou.com/wp-login.php" "Mozilla/5.0 (Windows NT 11.0; Win64; x64) AppleWebKit/537.36 (KHTML, like Gecko) Chrome/121.0.0.0 Safari/537.36"
154.12.28.88 - - [24/Jul/2026:12:00:18 +0800] "POST /wp-login.php HTTP/1.1" 200 2960 "http://www.cqqizhou.com/wp-login.php" "Mozilla/5.0 (Windows NT 11.0; Win64; x64) AppleWebKit/537.36 (KHTML, like Gecko) Chrome/121.0.0.0 Safari/537.36"
154.12.28.88 - - [24/Jul/2026:12:00:19 +0800] "POST /wp-login.php HTTP/1.1" 200 2954 "http://www.cqqizhou.com/wp-login.php" "Mozilla/5.0 (Windows NT 11.0; Win64; x64) AppleWebKit/537.36 (KHTML, like Gecko) Chrome/121.0.0.0 Safari/537.36"
154.12.28.88 - - [24/Jul/2026:12:00:20 +0800] "GET /wp-login.php HTTP/1.1" 200 2821 "-" "Mozilla/5.0 (Macintosh; Intel Mac OS X 10_15_7) AppleWebKit/537.36 (KHTML, like Gecko) Chrome/120.0.0.0 Safari/537.36"
154.12.28.88 - - [24/Jul/2026:12:00:22 +0800] "POST /wp-login.php HTTP/1.1" 200 3028 "http://www.cqqizhou.com/wp-login.php" "Mozilla/5.0 (X11; Linux x86_64) AppleWebKit/537.36 (KHTML, like Gecko) Chrome/120.0.0.0 Safari/537.36"
154.12.28.88 - - [24/Jul/2026:12:00:23 +0800] "POST /wp-login.php HTTP/1.1" 200 2960 "http://www.cqqizhou.com/wp-login.php" "Mozilla/5.0 (X11; Linux x86_64) AppleWebKit/537.36 (KHTML, like Gecko) Chrome/120.0.0.0 Safari/537.36"
154.12.28.88 - - [24/Jul/2026:12:00:27 +0800] "POST /wp-login.php HTTP/1.1" 200 2954 "http://www.cqqizhou.com/wp-login.php" "Mozilla/5.0 (X11; Linux x86_64) AppleWebKit/537.36 (KHTML, like Gecko) Chrome/120.0.0.0 Safari/537.36"
154.12.28.88 - - [24/Jul/2026:12:00:31 +0800] "GET /wp-login.php HTTP/1.1" 200 2821 "-" "Mozilla/5.0 (Windows NT 10.0; Win64; x64; rv:121.0) Gecko/20100101 Firefox/121.0"
154.12.28.88 - - [24/Jul/2026:12:00:32 +0800] "POST /wp-login.php HTTP/1.1" 200 3030 "http://www.cqqizhou.com/wp-login.php" "Mozilla/5.0 (Windows NT 11.0; Win64; x64) AppleWebKit/537.36 (KHTML, like Gecko) Chrome/121.0.0.0 Safari/537.36"
154.12.28.88 - - [24/Jul/2026:12:00:34 +0800] "POST /wp-login.php HTTP/1.1" 200 2960 "http://www.cqqizhou.com/wp-login.php" "Mozilla/5.0 (Windows NT 11.0; Win64; x64) AppleWebKit/537.36 (KHTML, like Gecko) Chrome/121.0.0.0 Safari/537.36"
154.12.28.88 - - [24/Jul/2026:12:00:35 +0800] "POST /wp-login.php HTTP/1.1" 200 2954 "http://www.cqqizhou.com/wp-login.php" "Mozilla/5.0 (Windows NT 11.0; Win64; x64) AppleWebKit/537.36 (KHTML, like Gecko) Chrome/121.0.0.0 Safari/537.36"
154.12.28.88 - - [24/Jul/2026:12:00:36 +0800] "GET /wp-login.php HTTP/1.1" 200 2821 "-" "Mozilla/5.0 (Windows NT 11.0; Win64; x64) AppleWebKit/537.36 (KHTML, like Gecko) Chrome/121.0.0.0 Safari/537.36"
154.12.28.88 - - [24/Jul/2026:12:00:38 +0800] "POST /wp-login.php HTTP/1.1" 200 3027 "http://www.cqqizhou.com/wp-login.php" "Mozilla/5.0 (Windows NT 10.0; Win64; x64) AppleWebKit/537.36 (KHTML, like Gecko) Chrome/120.0.0.0 Safari/537.36"
154.12.28.88 - - [24/Jul/2026:12:00:39 +0800] "POST /wp-login.php HTTP/1.1" 200 2960 "http://www.cqqizhou.com/wp-login.php" "Mozilla/5.0 (Windows NT 10.0; Win64; x64) AppleWebKit/537.36 (KHTML, like Gecko) Chrome/120.0.0.0 Safari/537.36"
154.12.28.88 - - [24/Jul/2026:12:00:40 +0800] "POST /wp-login.php HTTP/1.1" 200 2954 "http://www.cqqizhou.com/wp-login.php" "Mozilla/5.0 (Windows NT 10.0; Win64; x64) AppleWebKit/537.36 (KHTML, like Gecko) Chrome/120.0.0.0 Safari/537.36"
154.12.28.88 - - [24/Jul/2026:12:00:41 +0800] "GET /wp-login.php HTTP/1.1" 200 2821 "-" "Mozilla/5.0 (Windows NT 11.0; Win64; x64) AppleWebKit/537.36 (KHTML, like Gecko) Chrome/121.0.0.0 Safari/537.36"
154.12.28.88 - - [24/Jul/2026:12:00:43 +0800] "POST /wp-login.php HTTP/1.1" 200 2940 "http://www.cqqizhou.com/wp-login.php" "Mozilla/5.0 (X11; Linux x86_64) AppleWebKit/537.36 (KHTML, like Gecko) Chrome/120.0.0.0 Safari/537.36"
154.12.28.88 - - [24/Jul/2026:12:00:44 +0800] "POST /wp-login.php HTTP/1.1" 200 2960 "http://www.cqqizhou.com/wp-login.php" "Mozilla/5.0 (X11; Linux x86_64) AppleWebKit/537.36 (KHTML, like Gecko) Chrome/120.0.0.0 Safari/537.36"
154.12.28.88 - - [24/Jul/2026:12:00:45 +0800] "POST /wp-login.php HTTP/1.1" 200 2954 "http://www.cqqizhou.com/wp-login.php" "Mozilla/5.0 (X11; Linux x86_64) AppleWebKit/537.36 (KHTML, like Gecko) Chrome/120.0.0.0 Safari/537.36"
36.133.115.36 - - [24/Jul/2026:12:00:46 +0800] "POST /wp-cron.php?doing_wp_cron=1784865646.7295899391174316406250 HTTP/1.1" 200 31 "-" "WordPress/7.0; http://cqqizhou.com"
154.12.28.88 - - [24/Jul/2026:12:00:46 +0800] "GET /wp-login.php HTTP/1.1" 200 2821 "-" "Mozilla/5.0 (X11; Linux x86_64) AppleWebKit/537.36 (KHTML, like Gecko) Chrome/120.0.0.0 Safari/537.36"
154.12.28.88 - - [24/Jul/2026:12:00:48 +0800] "POST /wp-login.php HTTP/1.1" 200 3024 "http://www.cqqizhou.com/wp-login.php" "Mozilla/5.0 (X11; Linux x86_64) AppleWebKit/537.36 (KHTML, like Gecko) Chrome/120.0.0.0 Safari/537.36"
154.12.28.88 - - [24/Jul/2026:12:00:49 +0800] "POST /wp-login.php HTTP/1.1" 200 2960 "http://www.cqqizhou.com/wp-login.php" "Mozilla/5.0 (X11; Linux x86_64) AppleWebKit/537.36 (KHTML, like Gecko) Chrome/120.0.0.0 Safari/537.36"
154.12.28.88 - - [24/Jul/2026:12:00:50 +0800] "POST /wp-login.php HTTP/1.1" 200 2954 "http://www.cqqizhou.com/wp-login.php" "Mozilla/5.0 (X11; Linux x86_64) AppleWebKit/537.36 (KHTML, like Gecko) Chrome/120.0.0.0 Safari/537.36"
154.12.28.88 - - [24/Jul/2026:12:00:52 +0800] "GET /wp-login.php HTTP/1.1" 200 2821 "-" "Mozilla/5.0 (Windows NT 11.0; Win64; x64) AppleWebKit/537.36 (KHTML, like Gecko) Chrome/121.0.0.0 Safari/537.36"
154.12.28.88 - - [24/Jul/2026:12:00:53 +0800] "POST /wp-login.php HTTP/1.1" 200 2973 "http://www.cqqizhou.com/wp-login.php" "Mozilla/5.0 (Macintosh; Intel Mac OS X 10_15_7) AppleWebKit/537.36 (KHTML, like Gecko) Chrome/120.0.0.0 Safari/537.36"
154.12.28.88 - - [24/Jul/2026:12:00:54 +0800] "POST /wp-login.php HTTP/1.1" 200 2960 "http://www.cqqizhou.com/wp-login.php" "Mozilla/5.0 (Macintosh; Intel Mac OS X 10_15_7) AppleWebKit/537.36 (KHTML, like Gecko) Chrome/120.0.0.0 Safari/537.36"
154.12.28.88 - - [24/Jul/2026:12:00:56 +0800] "POST /wp-login.php HTTP/1.1" 200 2954 "http://www.cqqizhou.com/wp-login.php" "Mozilla/5.0 (Macintosh; Intel Mac OS X 10_15_7) AppleWebKit/537.36 (KHTML, like Gecko) Chrome/120.0.0.0 Safari/537.36"
154.12.28.88 - - [24/Jul/2026:12:00:57 +0800] "GET /wp-login.php HTTP/1.1" 200 2821 "-" "Mozilla/5.0 (Windows NT 11.0; Win64; x64) AppleWebKit/537.36 (KHTML, like Gecko) Chrome/121.0.0.0 Safari/537.36"
154.12.28.88 - - [24/Jul/2026:12:00:58 +0800] "POST /wp-login.php HTTP/1.1" 200 3026 "http://www.cqqizhou.com/wp-login.php" "Mozilla/5.0 (Windows NT 11.0; Win64; x64) AppleWebKit/537.36 (KHTML, like Gecko) Chrome/121.0.0.0 Safari/537.36"
154.12.28.88 - - [24/Jul/2026:12:01:00 +0800] "POST /wp-login.php HTTP/1.1" 200 2960 "http://www.cqqizhou.com/wp-login.php" "Mozilla/5.0 (Windows NT 11.0; Win64; x64) AppleWebKit/537.36 (KHTML, like Gecko) Chrome/121.0.0.0 Safari/537.36"
154.12.28.88 - - [24/Jul/2026:12:01:01 +0800] "POST /wp-login.php HTTP/1.1" 200 2954 "http://www.cqqizhou.com/wp-login.php" "Mozilla/5.0 (Windows NT 11.0; Win64; x64) AppleWebKit/537.36 (KHTML, like Gecko) Chrome/121.0.0.0 Safari/537.36"
154.12.28.88 - - [24/Jul/2026:12:01:02 +0800] "GET /wp-login.php HTTP/1.1" 200 2821 "-" "Mozilla/5.0 (X11; Linux x86_64) AppleWebKit/537.36 (KHTML, like Gecko) Chrome/120.0.0.0 Safari/537.36"
154.12.28.88 - - [24/Jul/2026:12:01:03 +0800] "POST /wp-login.php HTTP/1.1" 200 3026 "http://www.cqqizhou.com/wp-login.php" "Mozilla/5.0 (Windows NT 10.0; Win64; x64; rv:121.0) Gecko/20100101 Firefox/121.0"
154.12.28.88 - - [24/Jul/2026:12:01:04 +0800] "POST /wp-login.php HTTP/1.1" 200 2960 "http://www.cqqizhou.com/wp-login.php" "Mozilla/5.0 (Windows NT 10.0; Win64; x64; rv:121.0) Gecko/20100101 Firefox/121.0"
154.12.28.88 - - [24/Jul/2026:12:01:06 +0800] "POST /wp-login.php HTTP/1.1" 200 2954 "http://www.cqqizhou.com/wp-login.php" "Mozilla/5.0 (Windows NT 10.0; Win64; x64; rv:121.0) Gecko/20100101 Firefox/121.0"
154.12.28.88 - - [24/Jul/2026:12:01:07 +0800] "GET /wp-login.php HTTP/1.1" 200 2821 "-" "Mozilla/5.0 (X11; Linux x86_64) AppleWebKit/537.36 (KHTML, like Gecko) Chrome/120.0.0.0 Safari/537.36"
36.133.115.36 - - [24/Jul/2026:12:01:09 +0800] "POST /wp-cron.php?doing_wp_cron=1784865668.9657959938049316406250 HTTP/1.1" 200 31 "-" "WordPress/7.0; http://cqqizhou.com"
154.12.28.88 - - [24/Jul/2026:12:01:09 +0800] "POST /wp-login.php HTTP/1.1" 200 3029 "http://www.cqqizhou.com/wp-login.php" "Mozilla/5.0 (X11; Linux x86_64) AppleWebKit/537.36 (KHTML, like Gecko) Chrome/120.0.0.0 Safari/537.36"
154.12.28.88 - - [24/Jul/2026:12:01:10 +0800] "POST /wp-login.php HTTP/1.1" 200 2960 "http://www.cqqizhou.com/wp-login.php" "Mozilla/5.0 (X11; Linux x86_64) AppleWebKit/537.36 (KHTML, like Gecko) Chrome/120.0.0.0 Safari/537.36"
154.12.28.88 - - [24/Jul/2026:12:01:12 +0800] "POST /wp-login.php HTTP/1.1" 200 2954 "http://www.cqqizhou.com/wp-login.php" "Mozilla/5.0 (X11; Linux x86_64) AppleWebKit/537.36 (KHTML, like Gecko) Chrome/120.0.0.0 Safari/537.36"
154.12.28.88 - - [24/Jul/2026:12:01:13 +0800] "GET /wp-login.php HTTP/1.1" 200 2821 "-" "Mozilla/5.0 (Macintosh; Intel Mac OS X 10_15_7) AppleWebKit/537.36 (KHTML, like Gecko) Chrome/120.0.0.0 Safari/537.36"
154.12.28.88 - - [24/Jul/2026:12:01:14 +0800] "POST /wp-login.php HTTP/1.1" 200 3029 "http://www.cqqizhou.com/wp-login.php" "Mozilla/5.0 (Windows NT 10.0; Win64; x64) AppleWebKit/537.36 (KHTML, like Gecko) Chrome/120.0.0.0 Safari/537.36"
154.12.28.88 - - [24/Jul/2026:12:01:16 +0800] "POST /wp-login.php HTTP/1.1" 200 2960 "http://www.cqqizhou.com/wp-login.php" "Mozilla/5.0 (Windows NT 10.0; Win64; x64) AppleWebKit/537.36 (KHTML, like Gecko) Chrome/120.0.0.0 Safari/537.36"
154.12.28.88 - - [24/Jul/2026:12:01:17 +0800] "POST /wp-login.php HTTP/1.1" 200 2954 "http://www.cqqizhou.com/wp-login.php" "Mozilla/5.0 (Windows NT 10.0; Win64; x64) AppleWebKit/537.36 (KHTML, like Gecko) Chrome/120.0.0.0 Safari/537.36"
154.12.28.88 - - [24/Jul/2026:12:01:18 +0800] "GET /wp-login.php HTTP/1.1" 200 2821 "-" "Mozilla/5.0 (Windows NT 10.0; Win64; x64) AppleWebKit/537.36 (KHTML, like Gecko) Chrome/120.0.0.0 Safari/537.36"
154.12.28.88 - - [24/Jul/2026:12:01:20 +0800] "POST /wp-login.php HTTP/1.1" 200 2940 "http://www.cqqizhou.com/wp-login.php" "Mozilla/5.0 (Macintosh; Intel Mac OS X 10_15_7) AppleWebKit/537.36 (KHTML, like Gecko) Chrome/120.0.0.0 Safari/537.36"
154.12.28.88 - - [24/Jul/2026:12:01:21 +0800] "POST /wp-login.php HTTP/1.1" 200 2960 "http://www.cqqizhou.com/wp-login.php" "Mozilla/5.0 (Macintosh; Intel Mac OS X 10_15_7) AppleWebKit/537.36 (KHTML, like Gecko) Chrome/120.0.0.0 Safari/537.36"
154.12.28.88 - - [24/Jul/2026:12:01:22 +0800] "POST /wp-login.php HTTP/1.1" 200 2954 "http://www.cqqizhou.com/wp-login.php" "Mozilla/5.0 (Macintosh; Intel Mac OS X 10_15_7) AppleWebKit/537.36 (KHTML, like Gecko) Chrome/120.0.0.0 Safari/537.36"
154.12.28.88 - - [24/Jul/2026:12:01:23 +0800] "GET /wp-login.php HTTP/1.1" 200 2821 "-" "Mozilla/5.0 (Windows NT 10.0; Win64; x64; rv:121.0) Gecko/20100101 Firefox/121.0"
154.12.28.88 - - [24/Jul/2026:12:01:25 +0800] "POST /wp-login.php HTTP/1.1" 200 3028 "http://www.cqqizhou.com/wp-login.php" "Mozilla/5.0 (Windows NT 10.0; Win64; x64) AppleWebKit/537.36 (KHTML, like Gecko) Chrome/120.0.0.0 Safari/537.36"
154.12.28.88 - - [24/Jul/2026:12:01:26 +0800] "POST /wp-login.php HTTP/1.1" 200 2960 "http://www.cqqizhou.com/wp-login.php" "Mozilla/5.0 (Windows NT 10.0; Win64; x64) AppleWebKit/537.36 (KHTML, like Gecko) Chrome/120.0.0.0 Safari/537.36"
154.12.28.88 - - [24/Jul/2026:12:01:27 +0800] "POST /wp-login.php HTTP/1.1" 200 2954 "http://www.cqqizhou.com/wp-login.php" "Mozilla/5.0 (Windows NT 10.0; Win64; x64) AppleWebKit/537.36 (KHTML, like Gecko) Chrome/120.0.0.0 Safari/537.36"
154.12.28.88 - - [24/Jul/2026:12:01:28 +0800] "GET /wp-login.php HTTP/1.1" 200 2821 "-" "Mozilla/5.0 (Windows NT 11.0; Win64; x64) AppleWebKit/537.36 (KHTML, like Gecko) Chrome/121.0.0.0 Safari/537.36"
154.12.28.88 - - [24/Jul/2026:12:01:30 +0800] "POST /wp-login.php HTTP/1.1" 200 3035 "http://www.cqqizhou.com/wp-login.php" "Mozilla/5.0 (Windows NT 11.0; Win64; x64) AppleWebKit/537.36 (KHTML, like Gecko) Chrome/121.0.0.0 Safari/537.36"
154.12.28.88 - - [24/Jul/2026:12:01:31 +0800] "POST /wp-login.php HTTP/1.1" 200 2960 "http://www.cqqizhou.com/wp-login.php" "Mozilla/5.0 (Windows NT 11.0; Win64; x64) AppleWebKit/537.36 (KHTML, like Gecko) Chrome/121.0.0.0 Safari/537.36"
154.12.28.88 - - [24/Jul/2026:12:01:32 +0800] "POST /wp-login.php HTTP/1.1" 200 2954 "http://www.cqqizhou.com/wp-login.php" "Mozilla/5.0 (Windows NT 11.0; Win64; x64) AppleWebKit/537.36 (KHTML, like Gecko) Chrome/121.0.0.0 Safari/537.36"
154.12.28.88 - - [24/Jul/2026:12:01:34 +0800] "GET /wp-login.php HTTP/1.1" 200 2821 "-" "Mozilla/5.0 (Windows NT 10.0; Win64; x64; rv:121.0) Gecko/20100101 Firefox/121.0"
154.12.28.88 - - [24/Jul/2026:12:01:35 +0800] "POST /wp-login.php HTTP/1.1" 200 3027 "http://www.cqqizhou.com/wp-login.php" "Mozilla/5.0 (Windows NT 11.0; Win64; x64) AppleWebKit/537.36 (KHTML, like Gecko) Chrome/121.0.0.0 Safari/537.36"
154.12.28.88 - - [24/Jul/2026:12:01:36 +0800] "POST /wp-login.php HTTP/1.1" 200 2960 "http://www.cqqizhou.com/wp-login.php" "Mozilla/5.0 (Windows NT 11.0; Win64; x64) AppleWebKit/537.36 (KHTML, like Gecko) Chrome/121.0.0.0 Safari/537.36"
154.12.28.88 - - [24/Jul/2026:12:01:37 +0800] "POST /wp-login.php HTTP/1.1" 200 2954 "http://www.cqqizhou.com/wp-login.php" "Mozilla/5.0 (Windows NT 11.0; Win64; x64) AppleWebKit/537.36 (KHTML, like Gecko) Chrome/121.0.0.0 Safari/537.36"
154.12.28.88 - - [24/Jul/2026:12:01:39 +0800] "GET /wp-login.php HTTP/1.1" 200 2821 "-" "Mozilla/5.0 (Windows NT 10.0; Win64; x64) AppleWebKit/537.36 (KHTML, like Gecko) Chrome/120.0.0.0 Safari/537.36"
154.12.28.88 - - [24/Jul/2026:12:01:40 +0800] "POST /wp-login.php HTTP/1.1" 200 3026 "http://www.cqqizhou.com/wp-login.php" "Mozilla/5.0 (Windows NT 10.0; Win64; x64) AppleWebKit/537.36 (KHTML, like Gecko) Chrome/120.0.0.0 Safari/537.36"
154.12.28.88 - - [24/Jul/2026:12:01:41 +0800] "POST /wp-login.php HTTP/1.1" 200 2960 "http://www.cqqizhou.com/wp-login.php" "Mozilla/5.0 (Windows NT 10.0; Win64; x64) AppleWebKit/537.36 (KHTML, like Gecko) Chrome/120.0.0.0 Safari/537.36"
154.12.28.88 - - [24/Jul/2026:12:01:42 +0800] "POST /wp-login.php HTTP/1.1" 200 2954 "http://www.cqqizhou.com/wp-login.php" "Mozilla/5.0 (Windows NT 10.0; Win64; x64) AppleWebKit/537.36 (KHTML, like Gecko) Chrome/120.0.0.0 Safari/537.36"
154.12.28.88 - - [24/Jul/2026:12:01:44 +0800] "GET /wp-login.php HTTP/1.1" 200 2821 "-" "Mozilla/5.0 (X11; Linux x86_64) AppleWebKit/537.36 (KHTML, like Gecko) Chrome/120.0.0.0 Safari/537.36"
154.12.28.88 - - [24/Jul/2026:12:01:45 +0800] "POST /wp-login.php HTTP/1.1" 200 2940 "http://www.cqqizhou.com/wp-login.php" "Mozilla/5.0 (X11; Linux x86_64) AppleWebKit/537.36 (KHTML, like Gecko) Chrome/120.0.0.0 Safari/537.36"
154.12.28.88 - - [24/Jul/2026:12:01:47 +0800] "POST /wp-login.php HTTP/1.1" 200 2960 "http://www.cqqizhou.com/wp-login.php" "Mozilla/5.0 (X11; Linux x86_64) AppleWebKit/537.36 (KHTML, like Gecko) Chrome/120.0.0.0 Safari/537.36"
154.12.28.88 - - [24/Jul/2026:12:01:48 +0800] "POST /wp-login.php HTTP/1.1" 200 2954 "http://www.cqqizhou.com/wp-login.php" "Mozilla/5.0 (X11; Linux x86_64) AppleWebKit/537.36 (KHTML, like Gecko) Chrome/120.0.0.0 Safari/537.36"
154.12.28.88 - - [24/Jul/2026:12:01:50 +0800] "GET /wp-login.php HTTP/1.1" 200 2821 "-" "Mozilla/5.0 (Windows NT 11.0; Win64; x64) AppleWebKit/537.36 (KHTML, like Gecko) Chrome/121.0.0.0 Safari/537.36"
