111.170.33.225 - - [24/Jul/2026:04:03:09 +0800] "GET /database/config.json HTTP/1.1" 499 0 "-" "Mozilla/5.0 (Ubuntu; Linux i686) AppleWebKit/537.36 (KHTML, like Gecko) Chrome/126.0.0.0 Safari/537.36"
111.170.33.225 - - [24/Jul/2026:04:03:09 +0800] "GET /auth/config.json HTTP/1.1" 499 0 "-" "Mozilla/5.0 (Macintosh; Intel Mac OS X 10.15) AppleWebKit/605.1.15 (KHTML, like Gecko) Version/17.5 Safari/605.1.15"
111.170.33.225 - - [24/Jul/2026:04:03:09 +0800] "GET /db/config.json HTTP/1.1" 499 0 "-" "Mozilla/5.0 (Kubuntu; Linux x86_64; rv:120.0) Gecko/20100101 Firefox/120.0"
111.170.33.225 - - [24/Jul/2026:04:03:09 +0800] "GET /aws/config.json HTTP/1.1" 499 0 "-" "Mozilla/5.0 (Macintosh; Intel Mac OS X 10_15_7) AppleWebKit/605.1.15 (KHTML, like Gecko) Version/17.2 Mobile/15E148 Safari/604.1"
111.170.33.225 - - [24/Jul/2026:04:03:09 +0800] "GET /mongodb/config.json HTTP/1.1" 499 0 "-" "Mozilla/5.0 (Kubuntu; Linux i686; rv:121.0) Gecko/20100101 Firefox/121.0"
111.170.33.225 - - [24/Jul/2026:04:03:09 +0800] "POST /moveitisapi/moveitisapi.dll?action=m2 HTTP/1.1" 499 0 "-" "python-requests/2.26.0"
111.170.33.225 - - [24/Jul/2026:04:03:10 +0800] "GET /app/config.json HTTP/1.1" 499 0 "-" "Mozilla/5.0 (Macintosh; Intel Mac OS X 10_15_7) AppleWebKit/605.1.15 (KHTML, like Gecko) Version/17.5 Safari/605.6.18"
111.170.33.225 - - [24/Jul/2026:04:03:10 +0800] "GET /assets/config.json HTTP/1.1" 499 0 "-" "Mozilla/5.0 (Windows NT 10.0; Win64; x64; rv:99.0) Gecko/20100101 Firefox/99.0"
111.170.33.225 - - [24/Jul/2026:04:03:10 +0800] "GET /assets/configs.json HTTP/1.1" 499 0 "-" "Mozilla/5.0 (Knoppix; Linux x86_64) AppleWebKit/537.36 (KHTML, like Gecko) Chrome/118.0.0.0 Safari/537.36"
111.170.33.225 - - [24/Jul/2026:04:03:10 +0800] "GET /static/config.json HTTP/1.1" 499 0 "-" "Mozilla/5.0 (ZZ; Linux x86_64) AppleWebKit/537.36 (KHTML, like Gecko) Chrome/127.0.0.0 Safari/537.36"
111.170.33.225 - - [24/Jul/2026:04:03:10 +0800] "GET /dist/config.json HTTP/1.1" 499 0 "-" "Mozilla/5.0 (CentOS; Linux i686) AppleWebKit/537.36 (KHTML, like Gecko) Chrome/128.0.0.0 Safari/537.36"
111.170.33.225 - - [24/Jul/2026:04:03:10 +0800] "GET /src/config.json HTTP/1.1" 499 0 "-" "Mozilla/5.0 (Macintosh; Intel Mac OS X 10_14_6) AppleWebKit/605.1.15 (KHTML, like Gecko) Version/14.1.2 Safari/605.1.15"
111.170.33.225 - - [24/Jul/2026:04:03:10 +0800] "GET /assets/config.production.json HTTP/1.1" 499 0 "-" "Mozilla/5.0 (Windows NT 10.0; Win64; x64; rv:97.0) Gecko/20100101 Firefox/97.0"
111.170.33.225 - - [24/Jul/2026:04:03:10 +0800] "GET /api/config.json HTTP/1.1" 499 0 "-" "Mozilla/5.0 (Fedora; Linux x86_64) AppleWebKit/537.36 (KHTML, like Gecko) Chrome/118.0.0.0 Safari/537.36"
111.170.33.225 - - [24/Jul/2026:04:03:10 +0800] "GET /js/config.json HTTP/1.1" 499 0 "-" "Mozilla/5.0 (X11; Linux x86_64; rv:127.0) Gecko/20100101 Firefox/127.0"
111.170.33.225 - - [24/Jul/2026:04:03:10 +0800] "GET /public/config.json HTTP/1.1" 499 0 "-" "Mozilla/5.0 (Windows NT 10.0; Win64; x64; rv:108.0) Gecko/20100101 Firefox/108.0"
111.170.33.225 - - [24/Jul/2026:04:03:10 +0800] "GET /?alg_wc_ev_verify_email=eyJpZCI6MSwiY29kZSI6MH0= HTTP/1.1" 499 0 "-" "Mozilla/5.0 (Macintosh; Intel Mac OS X 10_15_7) AppleWebKit/605.1.15 (KHTML, like Gecko) Version/17.3 Safari/605.1.15"
111.170.33.225 - - [24/Jul/2026:04:03:14 +0800] "POST /moveitisapi/moveitisapi.dll?action=m2 HTTP/1.1" 499 0 "-" "python-requests/2.26.0"
111.170.33.225 - - [24/Jul/2026:04:03:15 +0800] "GET /api/v2/config.json HTTP/1.1" 499 0 "-" "Mozilla/5.0 (X11; Linux x86_64; rv:120.0) Gecko/20100101 Firefox/120.0"
111.170.33.225 - - [24/Jul/2026:04:03:15 +0800] "GET /api/v1/config.json HTTP/1.1" 499 0 "-" "Mozilla/5.0 (Debian; Linux i686; rv:125.0) Gecko/20100101 Firefox/125.0"
111.170.33.225 - - [24/Jul/2026:04:03:15 +0800] "GET /credentials/config.json HTTP/1.1" 499 0 "-" "Mozilla/5.0 (Macintosh; Intel Mac OS X 10.15; rv:88.0) Gecko/20100101 Firefox/88.0"
111.170.33.225 - - [24/Jul/2026:04:03:15 +0800] "GET /apiconfig.json HTTP/1.1" 499 0 "-" "Mozilla/5.0 (Windows NT 10.0; Win64; x64; rv:108.0) Gecko/20100101 Firefox/108.0"
111.170.33.225 - - [24/Jul/2026:04:03:15 +0800] "GET /react/config.json HTTP/1.1" 499 0 "-" "Mozilla/5.0 (Debian; Linux x86_64) AppleWebKit/537.36 (KHTML, like Gecko) Chrome/120.0.0.0 Safari/537.36"
111.170.33.225 - - [24/Jul/2026:04:03:15 +0800] "GET /angular/config.json HTTP/1.1" 499 0 "-" "Mozilla/5.0 (Macintosh; Intel Mac OS X 10_15_7) AppleWebKit/605.1.15 (KHTML, like Gecko) Version/17.1 Safari/605.6.25"
111.170.33.225 - - [24/Jul/2026:04:03:15 +0800] "GET /vue/config.json HTTP/1.1" 499 0 "-" "Mozilla/5.0 (Macintosh; Intel Mac OS X 14_3) AppleWebKit/605.1.15 (KHTML, like Gecko) Version/17.2 Safari/605.1.15"
111.170.33.225 - - [24/Jul/2026:04:03:15 +0800] "GET /secrets/config.json HTTP/1.1" 499 0 "-" "Mozilla/5.0 (Windows NT 10.0; WOW64) AppleWebKit/537.36 (KHTML, like Gecko) Chrome/50.0.2661.75 Safari/537.36"
111.170.33.225 - - [24/Jul/2026:04:03:15 +0800] "GET /secret/config.json HTTP/1.1" 499 0 "-" "Mozilla/5.0 (Macintosh; Intel Mac OS X 14_3_1) AppleWebKit/605.1.15 (KHTML, like Gecko) Version/17.2 Safari/605.1.15"
111.170.33.225 - - [24/Jul/2026:04:03:15 +0800] "GET /keys/config.json HTTP/1.1" 499 0 "-" "Mozilla/5.0 (CentOS; Linux x86_64) AppleWebKit/537.36 (KHTML, like Gecko) Chrome/119.0.0.0 Safari/537.36"
111.170.33.225 - - [24/Jul/2026:04:03:20 +0800] "GET /api/v2/config.json HTTP/1.1" 200 81 "-" "Mozilla/5.0 (X11; Linux x86_64; rv:120.0) Gecko/20100101 Firefox/120.0"
111.170.33.225 - - [24/Jul/2026:04:03:20 +0800] "GET /api/v1/config.json HTTP/1.1" 499 0 "-" "Mozilla/5.0 (Debian; Linux i686; rv:125.0) Gecko/20100101 Firefox/125.0"
111.170.33.225 - - [24/Jul/2026:04:03:20 +0800] "GET /react/config.json HTTP/1.1" 499 0 "-" "Mozilla/5.0 (Debian; Linux x86_64) AppleWebKit/537.36 (KHTML, like Gecko) Chrome/120.0.0.0 Safari/537.36"
111.170.33.225 - - [24/Jul/2026:04:03:20 +0800] "GET /apiconfig.json HTTP/1.1" 499 0 "-" "Mozilla/5.0 (Windows NT 10.0; Win64; x64; rv:108.0) Gecko/20100101 Firefox/108.0"
111.170.33.225 - - [24/Jul/2026:04:03:20 +0800] "GET /credentials/config.json HTTP/1.1" 499 0 "-" "Mozilla/5.0 (Macintosh; Intel Mac OS X 10.15; rv:88.0) Gecko/20100101 Firefox/88.0"
111.170.33.225 - - [24/Jul/2026:04:03:20 +0800] "GET /angular/config.json HTTP/1.1" 499 0 "-" "Mozilla/5.0 (Macintosh; Intel Mac OS X 10_15_7) AppleWebKit/605.1.15 (KHTML, like Gecko) Version/17.1 Safari/605.6.25"
111.170.33.225 - - [24/Jul/2026:04:03:20 +0800] "GET /vue/config.json HTTP/1.1" 499 0 "-" "Mozilla/5.0 (Macintosh; Intel Mac OS X 14_3) AppleWebKit/605.1.15 (KHTML, like Gecko) Version/17.2 Safari/605.1.15"
111.170.33.225 - - [24/Jul/2026:04:03:20 +0800] "GET /secrets/config.json HTTP/1.1" 499 0 "-" "Mozilla/5.0 (Windows NT 10.0; WOW64) AppleWebKit/537.36 (KHTML, like Gecko) Chrome/50.0.2661.75 Safari/537.36"
111.170.33.225 - - [24/Jul/2026:04:03:20 +0800] "GET /secret/config.json HTTP/1.1" 499 0 "-" "Mozilla/5.0 (Macintosh; Intel Mac OS X 14_3_1) AppleWebKit/605.1.15 (KHTML, like Gecko) Version/17.2 Safari/605.1.15"
111.170.33.225 - - [24/Jul/2026:04:03:20 +0800] "GET /keys/config.json HTTP/1.1" 499 0 "-" "Mozilla/5.0 (CentOS; Linux x86_64) AppleWebKit/537.36 (KHTML, like Gecko) Chrome/119.0.0.0 Safari/537.36"
111.170.33.225 - - [24/Jul/2026:04:03:23 +0800] "GET /auth/config.json HTTP/1.1" 404 9499 "-" "Mozilla/5.0 (Windows NT 6.1; Win64; x64; rv:109.0) Gecko/20100101 Firefox/115.0"
111.170.33.225 - - [24/Jul/2026:04:03:23 +0800] "GET /cloud/config.json HTTP/1.1" 404 9499 "-" "Mozilla/5.0 (Fedora; Linux i686; rv:125.0) Gecko/20100101 Firefox/125.0"
111.170.33.225 - - [24/Jul/2026:04:03:24 +0800] "GET /mongodb/config.json HTTP/1.1" 404 9499 "-" "Mozilla/5.0 (SS; Linux x86_64; rv:128.0) Gecko/20100101 Firefox/128.0"
111.170.33.225 - - [24/Jul/2026:04:03:24 +0800] "GET /s3/config.json HTTP/1.1" 404 9499 "-" "Mozilla/5.0 (Macintosh; Intel Mac OS X 10_15_7) AppleWebKit/605.1.15 (KHTML, like Gecko) Version/17.5 Safari/605.2.19"
111.170.33.225 - - [24/Jul/2026:04:03:24 +0800] "GET /postgres/config.json HTTP/1.1" 404 9499 "-" "Mozilla/5.0 (SS; Linux i686; rv:123.0) Gecko/20100101 Firefox/123.0"
111.170.33.225 - - [24/Jul/2026:04:03:24 +0800] "GET /mysql/config.json HTTP/1.1" 404 9499 "-" "Mozilla/5.0 (X11; Linux x86_64) AppleWebKit/537.36 (KHTML, like Gecko) Chrome/78.0.3904.108 Safari/537.36"
111.170.33.225 - - [24/Jul/2026:04:03:24 +0800] "GET /aws/credentials.json HTTP/1.1" 404 9499 "-" "Mozilla/5.0 (Macintosh; Intel Mac OS X 14) AppleWebKit/616.19.3 (KHTML, like Gecko) Version/17.6.11 Safari/616.19.3"
111.170.33.225 - - [24/Jul/2026:04:03:24 +0800] "GET /db/config.json HTTP/1.1" 404 9499 "-" "Mozilla/5.0 (Macintosh; Intel Mac OS X 10_15_7) AppleWebKit/605.1.15 (KHTML, like Gecko) Version/15.1 Safari/605.1.15"
111.170.33.225 - - [24/Jul/2026:04:03:24 +0800] "GET /aws/config.json HTTP/1.1" 404 9499 "-" "Mozilla/5.0 (Macintosh; Intel Mac OS X 10_15_7) AppleWebKit/605.1.15 (KHTML, like Gecko) Version/17.4.1 Safari/605.4.20"
111.170.33.225 - - [24/Jul/2026:04:03:24 +0800] "GET /database/config.json HTTP/1.1" 404 9499 "-" "Mozilla/5.0 (Windows NT 6.3; Win64; x64; rv:83.0) Gecko/20100101 Firefox/83.0"
36.133.115.36 - - [24/Jul/2026:04:13:37 +0800] "POST /wp-cron.php?doing_wp_cron=1784837617.6996340751647949218750 HTTP/1.1" 200 31 "-" "WordPress/7.0; http://cqqizhou.com"
114.119.140.169 - - [24/Jul/2026:04:13:37 +0800] "GET /portfolio-category/remaining-rolls/ HTTP/1.1" 301 5 "http://cqqizhou.com/" "Mozilla/5.0 (Linux; Android 7.0;) AppleWebKit/537.36 (HTML, like Gecko) Mobile Safari/537.36 (compatible; PetalBot;+https://webmaster.petalsearch.com/site/petalbot)"
114.119.140.169 - - [24/Jul/2026:04:13:39 +0800] "GET /news/portfolio/remaining-rolls HTTP/1.1" 200 19313 "http://cqqizhou.com/" "Mozilla/5.0 (Linux; Android 7.0;) AppleWebKit/537.36 (HTML, like Gecko) Mobile Safari/537.36 (compatible; PetalBot;+https://webmaster.petalsearch.com/site/petalbot)"
36.133.115.36 - - [24/Jul/2026:04:14:59 +0800] "POST /wp-cron.php?doing_wp_cron=1784837699.9227550029754638671875 HTTP/1.1" 200 31 "-" "WordPress/7.0; http://cqqizhou.com"
114.119.132.85 - - [24/Jul/2026:04:14:59 +0800] "GET /news/2373 HTTP/1.1" 200 22771 "http://cqqizhou.com/news/page/5" "Mozilla/5.0 (Linux; Android 7.0;) AppleWebKit/537.36 (HTML, like Gecko) Mobile Safari/537.36 (compatible; PetalBot;+https://webmaster.petalsearch.com/site/petalbot)"
36.133.115.36 - - [24/Jul/2026:04:18:09 +0800] "POST /wp-cron.php?doing_wp_cron=1784837889.9172549247741699218750 HTTP/1.1" 200 31 "-" "WordPress/7.0; http://cqqizhou.com"
216.73.217.154 - - [24/Jul/2026:04:18:09 +0800] "GET /robots.txt HTTP/1.1" 301 5 "-" "Mozilla/5.0 AppleWebKit/537.36 (KHTML, like Gecko; compatible; ClaudeBot/1.0; +claudebot@anthropic.com)"
216.73.217.154 - - [24/Jul/2026:04:18:13 +0800] "GET /robots.txt HTTP/1.1" 200 390 "http://www.cqqizhou.com/robots.txt" "Mozilla/5.0 AppleWebKit/537.36 (KHTML, like Gecko; compatible; ClaudeBot/1.0; +claudebot@anthropic.com)"
216.73.217.154 - - [24/Jul/2026:04:18:14 +0800] "GET /anddwai/HNiKbTDN405165 HTTP/1.1" 301 5 "-" "Mozilla/5.0 AppleWebKit/537.36 (KHTML, like Gecko; compatible; ClaudeBot/1.0; +claudebot@anthropic.com)"
216.73.217.154 - - [24/Jul/2026:04:18:16 +0800] "GET /anddwai/HNiKbTDN405165 HTTP/1.1" 404 32862 "http://www.cqqizhou.com/anddwai/HNiKbTDN405165" "Mozilla/5.0 AppleWebKit/537.36 (KHTML, like Gecko; compatible; ClaudeBot/1.0; +claudebot@anthropic.com)"
36.133.115.36 - - [24/Jul/2026:04:22:00 +0800] "POST /wp-cron.php?doing_wp_cron=1784838120.2489719390869140625000 HTTP/1.1" 200 31 "-" "WordPress/7.0; http://cqqizhou.com"
216.73.217.154 - - [24/Jul/2026:04:22:00 +0800] "GET /anddwai/fOsRREAG242601 HTTP/1.1" 404 32862 "-" "Mozilla/5.0 AppleWebKit/537.36 (KHTML, like Gecko; compatible; ClaudeBot/1.0; +claudebot@anthropic.com)"
114.119.144.41 - - [24/Jul/2026:04:29:49 +0800] "GET /wp-content/uploads/2026/03/1772790943-1Article_images_W900px.webp HTTP/1.1" 200 35332 "http://cqqizhou.com/news/2518" "Mozilla/5.0 (Linux; Android 7.0;) AppleWebKit/537.36 (HTML, like Gecko) Mobile Safari/537.36 (compatible; PetalBot;+https://webmaster.petalsearch.com/site/petalbot)"
36.133.115.36 - - [24/Jul/2026:04:34:34 +0800] "POST /wp-cron.php?doing_wp_cron=1784838874.9028720855712890625000 HTTP/1.1" 200 31 "-" "WordPress/7.0; http://cqqizhou.com"
216.73.217.154 - - [24/Jul/2026:04:34:34 +0800] "GET /anddwai/news768212 HTTP/1.1" 301 5 "-" "Mozilla/5.0 AppleWebKit/537.36 (KHTML, like Gecko; compatible; ClaudeBot/1.0; +claudebot@anthropic.com)"
216.73.217.154 - - [24/Jul/2026:04:34:37 +0800] "GET /anddwai/news768212 HTTP/1.1" 404 32862 "http://www.cqqizhou.com/anddwai/news768212" "Mozilla/5.0 AppleWebKit/537.36 (KHTML, like Gecko; compatible; ClaudeBot/1.0; +claudebot@anthropic.com)"
36.133.115.36 - - [24/Jul/2026:04:36:42 +0800] "POST /wp-cron.php?doing_wp_cron=1784839002.7758939266204833984375 HTTP/1.1" 200 31 "-" "WordPress/7.0; http://cqqizhou.com"
216.73.217.154 - - [24/Jul/2026:04:36:42 +0800] "GET /anddwai/news297007 HTTP/1.1" 404 32862 "-" "Mozilla/5.0 AppleWebKit/537.36 (KHTML, like Gecko; compatible; ClaudeBot/1.0; +claudebot@anthropic.com)"
216.73.217.154 - - [24/Jul/2026:04:36:59 +0800] "GET /anddwai/ylGcVBl848491 HTTP/1.1" 404 32862 "-" "Mozilla/5.0 AppleWebKit/537.36 (KHTML, like Gecko; compatible; ClaudeBot/1.0; +claudebot@anthropic.com)"
36.133.115.36 - - [24/Jul/2026:04:38:22 +0800] "POST /wp-cron.php?doing_wp_cron=1784839102.3013501167297363281250 HTTP/1.1" 200 31 "-" "WordPress/7.0; http://cqqizhou.com"
216.73.217.154 - - [24/Jul/2026:04:38:22 +0800] "GET /anddwai/news20316 HTTP/1.1" 404 32862 "-" "Mozilla/5.0 AppleWebKit/537.36 (KHTML, like Gecko; compatible; ClaudeBot/1.0; +claudebot@anthropic.com)"
36.133.115.36 - - [24/Jul/2026:04:44:09 +0800] "POST /wp-cron.php?doing_wp_cron=1784839449.3558568954467773437500 HTTP/1.1" 200 31 "-" "WordPress/7.0; http://cqqizhou.com"
216.73.217.154 - - [24/Jul/2026:04:44:09 +0800] "GET /anddwai/news674563 HTTP/1.1" 301 5 "-" "Mozilla/5.0 AppleWebKit/537.36 (KHTML, like Gecko; compatible; ClaudeBot/1.0; +claudebot@anthropic.com)"
216.73.217.154 - - [24/Jul/2026:04:44:11 +0800] "GET /anddwai/news674563 HTTP/1.1" 404 32862 "http://www.cqqizhou.com/anddwai/news674563" "Mozilla/5.0 AppleWebKit/537.36 (KHTML, like Gecko; compatible; ClaudeBot/1.0; +claudebot@anthropic.com)"
114.119.146.18 - - [24/Jul/2026:04:45:43 +0800] "GET /wp-content/uploads/2026/04/1775698332-Article_images_W900px.webp HTTP/1.1" 200 49852 "http://cqqizhou.com/work-safety" "Mozilla/5.0 (Linux; Android 7.0;) AppleWebKit/537.36 (HTML, like Gecko) Mobile Safari/537.36 (compatible; PetalBot;+https://webmaster.petalsearch.com/site/petalbot)"
114.119.144.41 - - [24/Jul/2026:04:47:07 +0800] "GET /wp-content/uploads/2025/11/1762864385-QZ_Photo-10.webp HTTP/1.1" 200 145408 "http://cqqizhou.com/media/" "Mozilla/5.0 (Linux; Android 7.0;) AppleWebKit/537.36 (HTML, like Gecko) Mobile Safari/537.36 (compatible; PetalBot;+https://webmaster.petalsearch.com/site/petalbot)"
114.119.149.89 - - [24/Jul/2026:04:48:30 +0800] "GET /wp-content/uploads/2025/07/1750649183-qizhou1920x1080_2.webp HTTP/1.1" 200 267936 "http://cqqizhou.com/about/" "Mozilla/5.0 (Linux; Android 7.0;) AppleWebKit/537.36 (HTML, like Gecko) Mobile Safari/537.36 (compatible; PetalBot;+https://webmaster.petalsearch.com/site/petalbot)"
36.133.115.36 - - [24/Jul/2026:04:51:18 +0800] "POST /wp-cron.php?doing_wp_cron=1784839878.7379200458526611328125 HTTP/1.1" 200 31 "-" "WordPress/7.0; http://cqqizhou.com"
114.119.138.179 - - [24/Jul/2026:04:51:18 +0800] "GET /news/2214 HTTP/1.1" 200 22514 "http://cqqizhou.com/2214/" "Mozilla/5.0 (Linux; Android 7.0;) AppleWebKit/537.36 (HTML, like Gecko) Mobile Safari/537.36 (compatible; PetalBot;+https://webmaster.petalsearch.com/site/petalbot)"
36.133.115.36 - - [24/Jul/2026:04:58:39 +0800] "POST /wp-cron.php?doing_wp_cron=1784840319.4934680461883544921875 HTTP/1.1" 200 31 "-" "WordPress/7.0; http://cqqizhou.com"
216.73.217.154 - - [24/Jul/2026:04:58:39 +0800] "GET /anddwai/JwAvqddS176994 HTTP/1.1" 301 5 "-" "Mozilla/5.0 AppleWebKit/537.36 (KHTML, like Gecko; compatible; ClaudeBot/1.0; +claudebot@anthropic.com)"
216.73.217.154 - - [24/Jul/2026:04:58:42 +0800] "GET /anddwai/JwAvqddS176994 HTTP/1.1" 404 32862 "http://www.cqqizhou.com/anddwai/JwAvqddS176994" "Mozilla/5.0 AppleWebKit/537.36 (KHTML, like Gecko; compatible; ClaudeBot/1.0; +claudebot@anthropic.com)"
36.133.115.36 - - [24/Jul/2026:05:07:56 +0800] "POST /wp-cron.php?doing_wp_cron=1784840876.5513930320739746093750 HTTP/1.1" 200 31 "-" "WordPress/7.0; http://cqqizhou.com"
216.73.217.154 - - [24/Jul/2026:05:07:56 +0800] "GET /robots.txt HTTP/1.1" 200 390 "-" "Mozilla/5.0 AppleWebKit/537.36 (KHTML, like Gecko; compatible; ClaudeBot/1.0; +claudebot@anthropic.com)"
216.73.217.154 - - [24/Jul/2026:05:07:58 +0800] "GET /anddwai/news858484 HTTP/1.1" 404 32862 "-" "Mozilla/5.0 AppleWebKit/537.36 (KHTML, like Gecko; compatible; ClaudeBot/1.0; +claudebot@anthropic.com)"
36.133.115.36 - - [24/Jul/2026:05:15:58 +0800] "POST /wp-cron.php?doing_wp_cron=1784841358.1109750270843505859375 HTTP/1.1" 200 31 "-" "WordPress/7.0; http://cqqizhou.com"
216.73.217.154 - - [24/Jul/2026:05:15:58 +0800] "GET /anddwai/news533202 HTTP/1.1" 404 32862 "-" "Mozilla/5.0 AppleWebKit/537.36 (KHTML, like Gecko; compatible; ClaudeBot/1.0; +claudebot@anthropic.com)"
216.73.217.154 - - [24/Jul/2026:05:16:01 +0800] "GET /anddwai/ukNqgm461285 HTTP/1.1" 404 32862 "-" "Mozilla/5.0 AppleWebKit/537.36 (KHTML, like Gecko; compatible; ClaudeBot/1.0; +claudebot@anthropic.com)"
36.133.115.36 - - [24/Jul/2026:05:16:49 +0800] "POST /wp-cron.php?doing_wp_cron=1784841409.0439519882202148437500 HTTP/1.1" 200 31 "-" "WordPress/7.0; http://cqqizhou.com"
216.73.217.154 - - [24/Jul/2026:05:16:49 +0800] "GET /anddwai/news855061 HTTP/1.1" 404 32862 "-" "Mozilla/5.0 AppleWebKit/537.36 (KHTML, like Gecko; compatible; ClaudeBot/1.0; +claudebot@anthropic.com)"
36.133.115.36 - - [24/Jul/2026:05:18:16 +0800] "POST /wp-cron.php?doing_wp_cron=1784841496.7233960628509521484375 HTTP/1.1" 200 31 "-" "WordPress/7.0; http://cqqizhou.com"
40.74.208.99 - - [24/Jul/2026:05:18:16 +0800] "GET /open/ HTTP/1.1" 404 9499 "-" "Mozilla/5.0 (Windows NT 10.0; Win64; x64) AppleWebKit/537.36 (KHTML, like Gecko) Chrome/150.0.0.0 Safari/537.36 Edg/150.0.0.0"
36.133.115.36 - - [24/Jul/2026:05:20:23 +0800] "POST /wp-cron.php?doing_wp_cron=1784841623.6557428836822509765625 HTTP/1.1" 200 31 "-" "WordPress/7.0; http://cqqizhou.com"
43.155.27.244 - - [24/Jul/2026:05:20:23 +0800] "GET / HTTP/1.1" 301 5 "-" "Mozilla/5.0 (iPhone; CPU iPhone OS 13_2_3 like Mac OS X) AppleWebKit/605.1.15 (KHTML, like Gecko) Version/13.0.3 Mobile/15E148 Safari/604.1"
43.155.27.244 - - [24/Jul/2026:05:20:27 +0800] "GET / HTTP/1.1" 200 35069 "http://36.133.115.36" "Mozilla/5.0 (iPhone; CPU iPhone OS 13_2_3 like Mac OS X) AppleWebKit/605.1.15 (KHTML, like Gecko) Version/13.0.3 Mobile/15E148 Safari/604.1"
36.133.115.36 - - [24/Jul/2026:05:24:17 +0800] "POST /wp-cron.php?doing_wp_cron=1784841857.2011098861694335937500 HTTP/1.1" 200 31 "-" "WordPress/7.0; http://cqqizhou.com"
216.73.217.154 - - [24/Jul/2026:05:24:17 +0800] "GET /robots.txt HTTP/1.1" 301 5 "-" "Mozilla/5.0 AppleWebKit/537.36 (KHTML, like Gecko; compatible; ClaudeBot/1.0; +claudebot@anthropic.com)"
216.73.217.154 - - [24/Jul/2026:05:24:19 +0800] "GET /robots.txt HTTP/1.1" 200 390 "http://www.cqqizhou.com/robots.txt" "Mozilla/5.0 AppleWebKit/537.36 (KHTML, like Gecko; compatible; ClaudeBot/1.0; +claudebot@anthropic.com)"
216.73.217.154 - - [24/Jul/2026:05:24:20 +0800] "GET /anddwai/news979268 HTTP/1.1" 301 5 "-" "Mozilla/5.0 AppleWebKit/537.36 (KHTML, like Gecko; compatible; ClaudeBot/1.0; +claudebot@anthropic.com)"
216.73.217.154 - - [24/Jul/2026:05:24:22 +0800] "GET /anddwai/news979268 HTTP/1.1" 404 32862 "http://www.cqqizhou.com/anddwai/news979268" "Mozilla/5.0 AppleWebKit/537.36 (KHTML, like Gecko; compatible; ClaudeBot/1.0; +claudebot@anthropic.com)"
121.230.9.7 - - [24/Jul/2026:05:32:28 +0800] "GET /news/2418 HTTP/1.1" 200 27860 "-" "Mozilla/5.0 (Windows NT 10.0; Win64; x64) AppleWebKit/537.36 (KHTML, like Gecko) Chrome/139.0.0.0 Safari/537.36"
36.133.115.36 - - [24/Jul/2026:05:38:14 +0800] "POST /wp-cron.php?doing_wp_cron=1784842694.0694549083709716796875 HTTP/1.1" 200 31 "-" "WordPress/7.0; http://cqqizhou.com"
94.154.43.50 - - [24/Jul/2026:05:38:14 +0800] "GET /login.cgi HTTP/1.1" 404 32862 "-" "-"
94.154.43.50 - - [24/Jul/2026:05:38:16 +0800] "GET /web/cgi-bin/hi3510/login.cgi HTTP/1.1" 404 32862 "-" "-"
36.133.115.36 - - [24/Jul/2026:05:45:13 +0800] "POST /wp-cron.php?doing_wp_cron=1784843113.8387370109558105468750 HTTP/1.1" 200 31 "-" "WordPress/7.0; http://cqqizhou.com"
160.119.71.9 - - [24/Jul/2026:05:45:14 +0800] "GET / HTTP/1.1" 200 109837 "-" "Mozilla/5.0 (X11; Linux x86_64; rv:144.0) Gecko/20100101 Firefox/144.0"
36.133.115.36 - - [24/Jul/2026:05:47:15 +0800] "GET / HTTP/1.1" 200 159680 "-" "MyCustomUA/1.0"
180.153.236.110 - - [24/Jul/2026:05:47:15 +0800] "GET / HTTP/1.1" 200 36058 "http://cqqizhou.com" "Mozilla/5.0 (Windows NT 10.0; Win64; x64) AppleWebKit/537.36 (KHTML, like Gecko) Chrome/140.0.0.0 Safari/537.36 Edg/140.0.0.0; 360Spider"
36.133.115.36 - - [24/Jul/2026:05:47:30 +0800] "GET / HTTP/1.1" 200 159680 "-" "MyCustomUA/1.0"
180.153.236.167 - - [24/Jul/2026:05:47:30 +0800] "GET / HTTP/1.1" 200 36071 "http://cqqizhou.com/" "Mozilla/5.0 (Linux; Android 10; K) AppleWebKit/537.36 (KHTML, like Gecko) Chrome/131.0.0.0 Mobile Safari/537.36; 360Spider"
36.133.115.36 - - [24/Jul/2026:05:49:30 +0800] "GET / HTTP/1.1" 200 159688 "-" "MyCustomUA/1.0"
180.153.236.102 - - [24/Jul/2026:05:49:30 +0800] "GET / HTTP/1.1" 200 36069 "-" "Mozilla/5.0 (Windows NT 10.0; Win64; x64) AppleWebKit/537.36 (KHTML, like Gecko) Chrome/140.0.0.0 Safari/537.36 Edg/140.0.0.0; 360Spider"
36.133.115.36 - - [24/Jul/2026:05:50:45 +0800] "POST /wp-cron.php?doing_wp_cron=1784843445.2143828868865966796875 HTTP/1.1" 200 31 "-" "WordPress/7.0; http://cqqizhou.com"
216.73.217.154 - - [24/Jul/2026:05:50:45 +0800] "GET /anddwai/news994961 HTTP/1.1" 301 5 "-" "Mozilla/5.0 AppleWebKit/537.36 (KHTML, like Gecko; compatible; ClaudeBot/1.0; +claudebot@anthropic.com)"
216.73.217.154 - - [24/Jul/2026:05:50:48 +0800] "GET /anddwai/news994961 HTTP/1.1" 404 32862 "http://www.cqqizhou.com/anddwai/news994961" "Mozilla/5.0 AppleWebKit/537.36 (KHTML, like Gecko; compatible; ClaudeBot/1.0; +claudebot@anthropic.com)"
23.88.20.41 - - [24/Jul/2026:05:50:50 +0800] "HEAD / HTTP/1.1" 200 0 "-" "Mozilla/5.0 (compatible; enrichment-prefilter/1.0)"
36.133.115.36 - - [24/Jul/2026:05:56:13 +0800] "POST /wp-cron.php?doing_wp_cron=1784843773.3311400413513183593750 HTTP/1.1" 200 31 "-" "WordPress/7.0; http://cqqizhou.com"
59.60.210.83 - - [24/Jul/2026:05:56:13 +0800] "GET /robots.txt HTTP/1.1" 200 190 "-" "Mozilla/5.0 (Macintosh; Intel Mac OS X 10_13_5) AppleWebKit/537.36 (KHTML, like Gecko) Chrome/69.0.3497.100 Safari/537.36"
106.8.137.245 - - [24/Jul/2026:05:56:18 +0800] "GET /company-news HTTP/1.1" 200 15607 "-" "YisouSpider"
36.133.115.36 - - [24/Jul/2026:06:09:04 +0800] "POST /wp-cron.php?doing_wp_cron=1784844544.4359300136566162109375 HTTP/1.1" 200 31 "-" "WordPress/7.0; http://cqqizhou.com"
114.119.145.192 - - [24/Jul/2026:06:09:04 +0800] "GET /wp-sitemap.xml HTTP/1.1" 501 253 "-" "Mozilla/5.0 (Linux; Android 7.0;) AppleWebKit/537.36 (KHTML, like Gecko) Mobile Safari/537.36 (compatible; PetalBot;+https://webmaster.petalsearch.com/site/petalbot)"
34.145.19.49 - - [24/Jul/2026:06:09:05 +0800] "HEAD /wordpress/ HTTP/1.1" 404 0 "-" "Mozilla/5.0 (Linux; Android 14; Samsung SM-A546B) AppleWebKit/537.36 (KHTML, like Gecko) Chrome/126.0.6478.14 Mobile Safari/537.36"
34.145.19.49 - - [24/Jul/2026:06:09:06 +0800] "HEAD /old/ HTTP/1.1" 404 0 "-" "Mozilla/5.0 (Linux; Android 12; TECNO CK6n) AppleWebKit/537.36 (KHTML, like Gecko) Chrome/125.0.6422.50 Mobile Safari/537.36"
34.145.19.49 - - [24/Jul/2026:06:09:07 +0800] "HEAD /backup/ HTTP/1.1" 200 0 "-" "Mozilla/5.0 (Linux; Android 13; Infinix X688B) AppleWebKit/537.36 (KHTML, like Gecko) Chrome/124.0.6367.48 Mobile Safari/537.36"
36.133.115.36 - - [24/Jul/2026:06:09:08 +0800] "POST /wp-cron.php?doing_wp_cron=1784844548.6427888870239257812500 HTTP/1.1" 200 31 "-" "WordPress/7.0; http://cqqizhou.com"
34.145.19.49 - - [24/Jul/2026:06:09:08 +0800] "HEAD / HTTP/1.1" 200 0 "-" "Mozilla/5.0 (iPhone; CPU iPhone OS 16_7 like Mac OS X) AppleWebKit/605.1.15 (KHTML, like Gecko) Version/16.7 Mobile/15E148 Safari/604.1"
34.145.19.49 - - [24/Jul/2026:06:09:10 +0800] "HEAD /blog/ HTTP/1.1" 404 0 "-" "Mozilla/5.0 (Macintosh; Intel Mac OS X 14_5) AppleWebKit/605.1.15 (KHTML, like Gecko) Version/17.5 Safari/605.1.15"
34.145.19.49 - - [24/Jul/2026:06:09:11 +0800] "HEAD /wp/ HTTP/1.1" 404 0 "-" "Mozilla/5.0 (X11; Linux x86_64) AppleWebKit/537.36 (KHTML, like Gecko) Chrome/125.0.6422.76 Safari/537.36"
34.145.19.49 - - [24/Jul/2026:06:09:13 +0800] "HEAD /new/ HTTP/1.1" 301 0 "-" "Mozilla/5.0 (Linux; Android 14; RMX3842) AppleWebKit/537.36 (KHTML, like Gecko) Chrome/126.0.6478.44 Mobile Safari/537.36"
34.145.19.49 - - [24/Jul/2026:06:09:14 +0800] "HEAD /news HTTP/1.1" 200 0 "http://cqqizhou.com/new/" "Mozilla/5.0 (Linux; Android 14; RMX3842) AppleWebKit/537.36 (KHTML, like Gecko) Chrome/126.0.6478.44 Mobile Safari/537.36"
36.133.115.36 - - [24/Jul/2026:06:15:13 +0800] "POST /wp-cron.php?doing_wp_cron=1784844913.3672349452972412109375 HTTP/1.1" 200 31 "-" "WordPress/7.0; http://cqqizhou.com"
216.73.217.154 - - [24/Jul/2026:06:15:13 +0800] "GET /robots.txt HTTP/1.1" 200 390 "-" "Mozilla/5.0 AppleWebKit/537.36 (KHTML, like Gecko; compatible; ClaudeBot/1.0; +claudebot@anthropic.com)"
216.73.217.154 - - [24/Jul/2026:06:15:15 +0800] "GET /anddwai/BlfCuT441649 HTTP/1.1" 404 32862 "-" "Mozilla/5.0 AppleWebKit/537.36 (KHTML, like Gecko; compatible; ClaudeBot/1.0; +claudebot@anthropic.com)"
216.73.217.154 - - [24/Jul/2026:06:16:00 +0800] "GET /anddwai/news754459 HTTP/1.1" 404 32862 "-" "Mozilla/5.0 AppleWebKit/537.36 (KHTML, like Gecko; compatible; ClaudeBot/1.0; +claudebot@anthropic.com)"
36.133.115.36 - - [24/Jul/2026:06:23:31 +0800] "POST /wp-cron.php?doing_wp_cron=1784845411.1515851020812988281250 HTTP/1.1" 200 31 "-" "WordPress/7.0; http://cqqizhou.com"
114.119.146.18 - - [24/Jul/2026:06:23:31 +0800] "GET /news/portfolio/hot-dip-galvanized-coil HTTP/1.1" 200 19438 "http://cqqizhou.com/news/portfolio/duplex-stainless-steel" "Mozilla/5.0 (Linux; Android 7.0;) AppleWebKit/537.36 (HTML, like Gecko) Mobile Safari/537.36 (compatible; PetalBot;+https://webmaster.petalsearch.com/site/petalbot)"
36.133.115.36 - - [24/Jul/2026:06:24:51 +0800] "POST /wp-cron.php?doing_wp_cron=1784845491.7155559062957763671875 HTTP/1.1" 200 31 "-" "WordPress/7.0; http://cqqizhou.com"
114.119.146.18 - - [24/Jul/2026:06:24:51 +0800] "GET /news/2572 HTTP/1.1" 200 20009 "http://cqqizhou.com/company-news/page/1" "Mozilla/5.0 (Linux; Android 7.0;) AppleWebKit/537.36 (HTML, like Gecko) Mobile Safari/537.36 (compatible; PetalBot;+https://webmaster.petalsearch.com/site/petalbot)"
36.133.115.36 - - [24/Jul/2026:06:26:17 +0800] "POST /wp-cron.php?doing_wp_cron=1784845577.1766810417175292968750 HTTP/1.1" 200 31 "-" "WordPress/7.0; http://cqqizhou.com"
114.119.138.179 - - [24/Jul/2026:06:26:17 +0800] "GET /news/2418 HTTP/1.1" 200 23843 "http://cqqizhou.com/work-safety/page/2" "Mozilla/5.0 (Linux; Android 7.0;) AppleWebKit/537.36 (HTML, like Gecko) Mobile Safari/537.36 (compatible; PetalBot;+https://webmaster.petalsearch.com/site/petalbot)"
36.133.115.36 - - [24/Jul/2026:06:47:09 +0800] "POST /wp-cron.php?doing_wp_cron=1784846829.3797869682312011718750 HTTP/1.1" 200 31 "-" "WordPress/7.0; http://cqqizhou.com"
162.217.100.41 - - [24/Jul/2026:06:47:09 +0800] "GET / HTTP/1.1" 301 5 "-" "Mozilla/5.0 (compatible; FlowIQLabsBot/1.0; +https://flowiq-labs.com/scanning-info)"
36.133.115.36 - - [24/Jul/2026:06:49:01 +0800] "POST /wp-cron.php?doing_wp_cron=1784846941.5559709072113037109375 HTTP/1.1" 200 31 "-" "WordPress/7.0; http://cqqizhou.com"
114.119.144.41 - - [24/Jul/2026:06:49:01 +0800] "GET /2361/ HTTP/1.1" 301 5 "http://cqqizhou.com/2418/" "Mozilla/5.0 (Linux; Android 7.0;) AppleWebKit/537.36 (HTML, like Gecko) Mobile Safari/537.36 (compatible; PetalBot;+https://webmaster.petalsearch.com/site/petalbot)"
114.119.144.41 - - [24/Jul/2026:06:49:03 +0800] "GET /news/2361 HTTP/1.1" 200 21438 "http://cqqizhou.com/2418/" "Mozilla/5.0 (Linux; Android 7.0;) AppleWebKit/537.36 (HTML, like Gecko) Mobile Safari/537.36 (compatible; PetalBot;+https://webmaster.petalsearch.com/site/petalbot)"
36.133.115.36 - - [24/Jul/2026:06:57:21 +0800] "POST /wp-cron.php?doing_wp_cron=1784847441.9056749343872070312500 HTTP/1.1" 200 31 "-" "WordPress/7.0; http://cqqizhou.com"
216.73.217.154 - - [24/Jul/2026:06:57:21 +0800] "GET /wp-sitemap.xml HTTP/1.1" 501 253 "-" "Mozilla/5.0 AppleWebKit/537.36 (KHTML, like Gecko; compatible; ClaudeBot/1.0; +claudebot@anthropic.com)"
36.133.115.36 - - [24/Jul/2026:07:06:43 +0800] "POST /wp-cron.php?doing_wp_cron=1784848003.5451109409332275390625 HTTP/1.1" 200 31 "-" "WordPress/7.0; http://cqqizhou.com"
111.240.94.38 - - [24/Jul/2026:07:06:43 +0800] "GET /anddwai/news297122 HTTP/1.1" 404 9497 "http://cqqizhou.com/anddwai/news297122" "Mozilla/5.0 (Windows NT 6.1; WOW64) AppleWebKit/537.36 (KHTML, like Gecko) Chrome/32.0.5683.638 Safari/537.36"
111.240.94.38 - - [24/Jul/2026:07:06:45 +0800] "GET /anddwai/news297122 HTTP/1.1" 404 9497 "http://cqqizhou.com/anddwai/news297122" "Mozilla/5.0 (Windows NT 6.1; WOW64) AppleWebKit/537.36 (KHTML, like Gecko) Chrome/32.0.5683.638 Safari/537.36"
114.119.140.169 - - [24/Jul/2026:07:06:50 +0800] "GET /portfolio/hot-dip-galvanized-coil/ HTTP/1.1" 301 5 "http://cqqizhou.com/" "Mozilla/5.0 (Linux; Android 7.0;) AppleWebKit/537.36 (HTML, like Gecko) Mobile Safari/537.36 (compatible; PetalBot;+https://webmaster.petalsearch.com/site/petalbot)"
114.119.140.169 - - [24/Jul/2026:07:06:52 +0800] "GET /news/portfolio/hot-dip-galvanized-coil HTTP/1.1" 200 19437 "http://cqqizhou.com/" "Mozilla/5.0 (Linux; Android 7.0;) AppleWebKit/537.36 (HTML, like Gecko) Mobile Safari/537.36 (compatible; PetalBot;+https://webmaster.petalsearch.com/site/petalbot)"
36.133.115.36 - - [24/Jul/2026:07:13:57 +0800] "POST /wp-cron.php?doing_wp_cron=1784848437.1912469863891601562500 HTTP/1.1" 200 31 "-" "WordPress/7.0; http://cqqizhou.com"
5.252.83.211 - - [24/Jul/2026:07:13:57 +0800] "GET / HTTP/1.1" 301 5 "-" "Mozilla/5.0 (compatible; Infrawatch/1.0; +https://infrawat.ch/)"
36.133.115.36 - - [24/Jul/2026:07:14:16 +0800] "POST /wp-cron.php?doing_wp_cron=1784848456.4810640811920166015625 HTTP/1.1" 200 31 "-" "WordPress/7.0; http://cqqizhou.com"
89.21.67.183 - - [24/Jul/2026:07:14:16 +0800] "GET / HTTP/1.1" 301 5 "-" "Mozilla/5.0 (compatible; Infrawatch/1.0; +https://infrawat.ch/)"
185.223.235.20 - - [24/Jul/2026:07:14:39 +0800] "GET /sse HTTP/1.1" 404 9497 "-" "Mozilla/5.0 (compatible; Infrawatch/1.0; +https://infrawat.ch/)"
110.80.135.11 - - [24/Jul/2026:07:14:44 +0800] "GET / HTTP/1.1" 301 5 "-" "-"
110.80.135.11 - - [24/Jul/2026:07:14:45 +0800] "GET / HTTP/1.1" 200 159680 "-" "-"
36.133.115.36 - - [24/Jul/2026:07:17:02 +0800] "GET / HTTP/1.1" 200 159680 "-" "MyCustomUA/1.0"
112.86.225.235 - - [24/Jul/2026:07:17:02 +0800] "GET / HTTP/1.1" 200 36075 "-" "Sogou web spider/4.0(+http://www.sogou.com/docs/help/webmasters.htm#07)"
36.133.115.36 - - [24/Jul/2026:07:49:03 +0800] "POST /wp-cron.php?doing_wp_cron=1784850543.1361539363861083984375 HTTP/1.1" 200 31 "-" "WordPress/7.0; http://cqqizhou.com"
216.73.217.154 - - [24/Jul/2026:07:49:03 +0800] "GET /robots.txt HTTP/1.1" 200 390 "-" "Mozilla/5.0 AppleWebKit/537.36 (KHTML, like Gecko; compatible; ClaudeBot/1.0; +claudebot@anthropic.com)"
216.73.217.154 - - [24/Jul/2026:07:49:05 +0800] "GET /wp-sitemap.xml HTTP/1.1" 501 253 "-" "Mozilla/5.0 AppleWebKit/537.36 (KHTML, like Gecko; compatible; ClaudeBot/1.0; +claudebot@anthropic.com)"
36.133.115.36 - - [24/Jul/2026:07:50:31 +0800] "POST /wp-cron.php?doing_wp_cron=1784850631.6259610652923583984375 HTTP/1.1" 200 31 "-" "WordPress/7.0; http://cqqizhou.com"
216.73.217.154 - - [24/Jul/2026:07:50:31 +0800] "GET /robots.txt HTTP/1.1" 301 5 "-" "Mozilla/5.0 AppleWebKit/537.36 (KHTML, like Gecko; compatible; ClaudeBot/1.0; +claudebot@anthropic.com)"
216.73.217.154 - - [24/Jul/2026:07:50:34 +0800] "GET /robots.txt HTTP/1.1" 200 390 "http://www.cqqizhou.com/robots.txt" "Mozilla/5.0 AppleWebKit/537.36 (KHTML, like Gecko; compatible; ClaudeBot/1.0; +claudebot@anthropic.com)"
216.73.217.154 - - [24/Jul/2026:07:50:35 +0800] "GET /anddwai/news277520 HTTP/1.1" 301 5 "-" "Mozilla/5.0 AppleWebKit/537.36 (KHTML, like Gecko; compatible; ClaudeBot/1.0; +claudebot@anthropic.com)"
216.73.217.154 - - [24/Jul/2026:07:50:36 +0800] "GET /anddwai/news277520 HTTP/1.1" 404 32862 "http://www.cqqizhou.com/anddwai/news277520" "Mozilla/5.0 AppleWebKit/537.36 (KHTML, like Gecko; compatible; ClaudeBot/1.0; +claudebot@anthropic.com)"
36.133.115.36 - - [24/Jul/2026:07:52:53 +0800] "POST /wp-cron.php?doing_wp_cron=1784850773.3688130378723144531250 HTTP/1.1" 200 31 "-" "WordPress/7.0; http://cqqizhou.com"
216.73.217.154 - - [24/Jul/2026:07:52:53 +0800] "GET /anddwai/news507896 HTTP/1.1" 404 32862 "-" "Mozilla/5.0 AppleWebKit/537.36 (KHTML, like Gecko; compatible; ClaudeBot/1.0; +claudebot@anthropic.com)"
36.133.115.36 - - [24/Jul/2026:07:58:25 +0800] "POST /wp-cron.php?doing_wp_cron=1784851105.7990109920501708984375 HTTP/1.1" 200 31 "-" "WordPress/7.0; http://cqqizhou.com"
119.84.246.117 - - [24/Jul/2026:07:58:25 +0800] "GET / HTTP/1.1" 301 5 "-" "-"
119.84.246.117 - - [24/Jul/2026:07:58:25 +0800] "GET / HTTP/1.1" 200 159680 "-" "-"
119.84.246.117 - - [24/Jul/2026:07:58:28 +0800] "GET / HTTP/1.1" 301 5 "-" "Mozilla/5.0 (Windows; U; Windows NT 6.1; zh_CN) AppleWebKit/534.7 (KHTML, like Gecko) Chrome/18.0 BIDUBrowser/2.6 Safari/534.7"
119.84.246.117 - - [24/Jul/2026:07:58:28 +0800] "GET / HTTP/1.1" 200 35518 "-" "Mozilla/5.0 (Windows; U; Windows NT 6.1; zh_CN) AppleWebKit/534.7 (KHTML, like Gecko) Chrome/18.0 BIDUBrowser/2.6 Safari/534.7"
119.84.246.117 - - [24/Jul/2026:07:58:28 +0800] "GET /wp-content/uploads/2025/07/1753453096-%E5%8F%8C%E7%9B%B8%E9%92%A2product_Single600%C3%97284.webp HTTP/1.1" 200 14562 "http://cqqizhou.com/" "Mozilla/5.0 (Windows; U; Windows NT 6.1; zh_CN) AppleWebKit/534.7 (KHTML, like Gecko) Chrome/18.0 BIDUBrowser/2.6 Safari/534.7"
119.84.246.117 - - [24/Jul/2026:07:58:28 +0800] "GET /wp-content/uploads/2025/07/1751425283-qizhou.kf_.qq_.com_.webp HTTP/1.1" 200 16864 "http://cqqizhou.com/" "Mozilla/5.0 (Windows; U; Windows NT 6.1; zh_CN) AppleWebKit/534.7 (KHTML, like Gecko) Chrome/18.0 BIDUBrowser/2.6 Safari/534.7"
119.84.246.117 - - [24/Jul/2026:07:58:28 +0800] "GET /wp-content/uploads/2025/07/1753456723-%E5%8F%8C%E7%9B%B8%E9%92%A2roduct_Single600.webp HTTP/1.1" 200 22790 "http://cqqizhou.com/" "Mozilla/5.0 (Windows; U; Windows NT 6.1; zh_CN) AppleWebKit/534.7 (KHTML, like Gecko) Chrome/18.0 BIDUBrowser/2.6 Safari/534.7"
119.84.246.117 - - [24/Jul/2026:07:58:28 +0800] "GET /wp-content/uploads/2025/07/1753453127-%E4%BD%99%E5%8D%B7product_Single600%C3%97284.webp HTTP/1.1" 200 18744 "http://cqqizhou.com/" "Mozilla/5.0 (Windows; U; Windows NT 6.1; zh_CN) AppleWebKit/534.7 (KHTML, like Gecko) Chrome/18.0 BIDUBrowser/2.6 Safari/534.7"
119.84.246.117 - - [24/Jul/2026:07:58:28 +0800] "GET /wp-content/uploads/2025/07/1753456770-%E7%83%AD%E9%95%80%E9%94%8C%E5%8D%B7product_Single600.webp HTTP/1.1" 200 27502 "http://cqqizhou.com/" "Mozilla/5.0 (Windows; U; Windows NT 6.1; zh_CN) AppleWebKit/534.7 (KHTML, like Gecko) Chrome/18.0 BIDUBrowser/2.6 Safari/534.7"
119.84.246.117 - - [24/Jul/2026:07:58:28 +0800] "GET /wp-content/uploads/2026/06/1782708718-1Article_images_W900px.webp HTTP/1.1" 200 54948 "http://cqqizhou.com/" "Mozilla/5.0 (Windows; U; Windows NT 6.1; zh_CN) AppleWebKit/534.7 (KHTML, like Gecko) Chrome/18.0 BIDUBrowser/2.6 Safari/534.7"
119.84.246.117 - - [24/Jul/2026:07:58:28 +0800] "GET /wp-content/uploads/2026/06/1781880807-Article_images_W900px.webp HTTP/1.1" 200 25354 "http://cqqizhou.com/" "Mozilla/5.0 (Windows; U; Windows NT 6.1; zh_CN) AppleWebKit/534.7 (KHTML, like Gecko) Chrome/18.0 BIDUBrowser/2.6 Safari/534.7"
119.84.246.117 - - [24/Jul/2026:07:58:28 +0800] "GET /wp-content/uploads/2026/06/1782392245-Article_images_W900px.webp HTTP/1.1" 200 62046 "http://cqqizhou.com/" "Mozilla/5.0 (Windows; U; Windows NT 6.1; zh_CN) AppleWebKit/534.7 (KHTML, like Gecko) Chrome/18.0 BIDUBrowser/2.6 Safari/534.7"
119.84.246.117 - - [24/Jul/2026:07:58:28 +0800] "GET /wp-content/uploads/2026/06/1780363378-1Article_images_W900px.webp HTTP/1.1" 200 62100 "http://cqqizhou.com/" "Mozilla/5.0 (Windows; U; Windows NT 6.1; zh_CN) AppleWebKit/534.7 (KHTML, like Gecko) Chrome/18.0 BIDUBrowser/2.6 Safari/534.7"
119.84.246.117 - - [24/Jul/2026:07:58:28 +0800] "GET /wp-content/uploads/2026/06/1782182572-Article_images_W900px.webp HTTP/1.1" 200 24314 "http://cqqizhou.com/" "Mozilla/5.0 (Windows; U; Windows NT 6.1; zh_CN) AppleWebKit/534.7 (KHTML, like Gecko) Chrome/18.0 BIDUBrowser/2.6 Safari/534.7"
36.133.115.36 - - [24/Jul/2026:08:12:42 +0800] "POST /wp-cron.php?doing_wp_cron=1784851962.4080231189727783203125 HTTP/1.1" 200 31 "-" "WordPress/7.0; http://cqqizhou.com"
101.42.46.71 - - [24/Jul/2026:08:12:42 +0800] "GET / HTTP/1.1" 200 35068 "-" "Mozilla/5.0 (iPhone; CPU iPhone OS 13_2_3 like Mac OS X) AppleWebKit/605.1.15 (KHTML, like Gecko) Version/13.0.3 Mobile/15E148 Safari/604.1"
36.133.115.36 - - [24/Jul/2026:08:19:05 +0800] "POST /wp-cron.php?doing_wp_cron=1784852345.6534929275512695312500 HTTP/1.1" 200 31 "-" "WordPress/7.0; http://cqqizhou.com"
195.182.16.23 - - [24/Jul/2026:08:19:05 +0800] "GET /SDK/webLanguage HTTP/1.1" 301 5 "-" "Mozilla/5.0 (Windows NT 10.0; Win64; x64) AppleWebKit/537.36 (KHTML, like Gecko) Chrome/90.0.4430.85 Safari/537.36 Edg/90.0.818.46"
36.133.115.36 - - [24/Jul/2026:08:19:13 +0800] "POST /wp-cron.php?doing_wp_cron=1784852353.6601109504699707031250 HTTP/1.1" 200 31 "-" "WordPress/7.0; http://cqqizhou.com"
216.73.217.154 - - [24/Jul/2026:08:19:13 +0800] "GET /anddwai/news840668 HTTP/1.1" 404 32862 "-" "Mozilla/5.0 AppleWebKit/537.36 (KHTML, like Gecko; compatible; ClaudeBot/1.0; +claudebot@anthropic.com)"
36.133.115.36 - - [24/Jul/2026:08:24:07 +0800] "POST /wp-cron.php?doing_wp_cron=1784852647.0839860439300537109375 HTTP/1.1" 200 31 "-" "WordPress/7.0; http://cqqizhou.com"
54.39.203.214 - - [24/Jul/2026:08:24:07 +0800] "GET /news/2354 HTTP/1.1" 200 24996 "-" "Mozilla/5.0 (compatible; AhrefsBot/7.0; +http://ahrefs.com/robot/)"
110.116.60.102 - - [24/Jul/2026:08:30:29 +0800] "GET / HTTP/1.1" 200 35518 "-" "Mozilla/5.0 (Windows NT 10.0; Win64; x64) AppleWebKit/537.36 (KHTML, like Gecko) Chrome/125.0.6422.61 Safari/537.36"
110.199.31.114 - - [24/Jul/2026:08:37:26 +0800] "GET / HTTP/1.1" 200 35518 "-" "Mozilla/5.0 (Windows NT 10.0; Win64; x64) AppleWebKit/537.36 (KHTML, like Gecko) Chrome/122.0.6261.95 Safari/537.36"
110.218.202.41 - - [24/Jul/2026:08:40:55 +0800] "GET / HTTP/1.1" 200 35518 "-" "Mozilla/5.0 (Windows NT 10.0; Win64; x64) AppleWebKit/537.36 (KHTML, like Gecko) Chrome/125.0.6422.142 Safari/537.36"
36.133.115.36 - - [24/Jul/2026:08:42:07 +0800] "POST /wp-cron.php?doing_wp_cron=1784853727.8403840065002441406250 HTTP/1.1" 200 31 "-" "WordPress/7.0; http://cqqizhou.com"
216.73.217.154 - - [24/Jul/2026:08:42:07 +0800] "GET /wp-sitemap.xml HTTP/1.1" 501 253 "-" "Mozilla/5.0 AppleWebKit/537.36 (KHTML, like Gecko; compatible; ClaudeBot/1.0; +claudebot@anthropic.com)"
123.77.249.102 - - [24/Jul/2026:08:45:14 +0800] "GET / HTTP/1.1" 200 35518 "-" "Mozilla/5.0 (Windows NT 10.0; Win64; x64) AppleWebKit/537.36 (KHTML, like Gecko) Chrome/131.0.6778.140 Safari/537.36"
36.133.115.36 - - [24/Jul/2026:08:49:58 +0800] "POST /wp-cron.php?doing_wp_cron=1784854198.0840330123901367187500 HTTP/1.1" 200 31 "-" "WordPress/7.0; http://cqqizhou.com"
43.135.138.128 - - [24/Jul/2026:08:49:58 +0800] "GET / HTTP/1.1" 301 5 "-" "Mozilla/5.0 (iPhone; CPU iPhone OS 13_2_3 like Mac OS X) AppleWebKit/605.1.15 (KHTML, like Gecko) Version/13.0.3 Mobile/15E148 Safari/604.1"
43.135.138.128 - - [24/Jul/2026:08:50:00 +0800] "GET / HTTP/1.1" 200 35068 "http://36.133.115.36" "Mozilla/5.0 (iPhone; CPU iPhone OS 13_2_3 like Mac OS X) AppleWebKit/605.1.15 (KHTML, like Gecko) Version/13.0.3 Mobile/15E148 Safari/604.1"
36.133.115.36 - - [24/Jul/2026:08:56:11 +0800] "POST /wp-cron.php?doing_wp_cron=1784854571.5943450927734375000000 HTTP/1.1" 200 31 "-" "WordPress/7.0; http://cqqizhou.com"
195.182.16.23 - - [24/Jul/2026:08:56:11 +0800] "GET /SDK/webLanguage HTTP/1.1" 301 5 "-" "Mozilla/5.0 (Windows NT 10.0; Win64; x64) AppleWebKit/537.36 (KHTML, like Gecko) Chrome/90.0.4430.85 Safari/537.36 Edg/90.0.818.46"
36.133.115.36 - - [24/Jul/2026:09:06:38 +0800] "POST /wp-cron.php?doing_wp_cron=1784855198.8709859848022460937500 HTTP/1.1" 200 31 "-" "WordPress/7.0; http://cqqizhou.com"
216.73.217.154 - - [24/Jul/2026:09:06:38 +0800] "GET /robots.txt HTTP/1.1" 301 5 "-" "Mozilla/5.0 AppleWebKit/537.36 (KHTML, like Gecko; compatible; ClaudeBot/1.0; +claudebot@anthropic.com)"
216.73.217.154 - - [24/Jul/2026:09:06:42 +0800] "GET /robots.txt HTTP/1.1" 200 390 "http://www.cqqizhou.com/robots.txt" "Mozilla/5.0 AppleWebKit/537.36 (KHTML, like Gecko; compatible; ClaudeBot/1.0; +claudebot@anthropic.com)"
216.73.217.154 - - [24/Jul/2026:09:06:43 +0800] "GET /anddwai/news757675 HTTP/1.1" 301 5 "-" "Mozilla/5.0 AppleWebKit/537.36 (KHTML, like Gecko; compatible; ClaudeBot/1.0; +claudebot@anthropic.com)"
216.73.217.154 - - [24/Jul/2026:09:06:45 +0800] "GET /anddwai/news757675 HTTP/1.1" 404 32862 "http://www.cqqizhou.com/anddwai/news757675" "Mozilla/5.0 AppleWebKit/537.36 (KHTML, like Gecko; compatible; ClaudeBot/1.0; +claudebot@anthropic.com)"
36.133.115.36 - - [24/Jul/2026:09:19:12 +0800] "POST /wp-cron.php?doing_wp_cron=1784855952.0787980556488037109375 HTTP/1.1" 200 31 "-" "WordPress/7.0; http://cqqizhou.com"
1.164.114.57 - - [24/Jul/2026:09:19:12 +0800] "GET /andd/20260724080716737.html HTTP/1.1" 404 9498 "http://cqqizhou.com/andd/20260724080716737.html" "Mozilla/5.0 (Windows NT 6.1; WOW64) AppleWebKit/537.36 (KHTML, like Gecko) Chrome/33.0.6718.939 Safari/537.36"
1.164.114.57 - - [24/Jul/2026:09:19:14 +0800] "GET /andd/20260724080716737.html HTTP/1.1" 404 9498 "http://cqqizhou.com/andd/20260724080716737.html" "Mozilla/5.0 (Windows NT 6.1; WOW64) AppleWebKit/537.36 (KHTML, like Gecko) Chrome/33.0.6718.939 Safari/537.36"
220.181.108.147 - - [24/Jul/2026:09:19:48 +0800] "GET /andd/20260724090724961.html HTTP/1.1" 301 5 "-" "Mozilla/5.0 (compatible; Baiduspider/2.0; +http://www.baidu.com/search/spider.html)"
36.133.115.36 - - [24/Jul/2026:09:19:48 +0800] "GET / HTTP/1.1" 200 159680 "-" "MyCustomUA/1.0"
220.181.108.111 - - [24/Jul/2026:09:19:49 +0800] "GET /andd/20260724090724961.html HTTP/1.1" 200 49879 "-" "Mozilla/5.0 (compatible; Baiduspider/2.0; +http://www.baidu.com/search/spider.html)"
36.133.115.36 - - [24/Jul/2026:09:22:53 +0800] "GET / HTTP/1.1" 200 159680 "-" "MyCustomUA/1.0"
112.86.225.241 - - [24/Jul/2026:09:22:53 +0800] "GET / HTTP/1.1" 200 36037 "-" "Sogou web spider/4.0(+http://www.sogou.com/docs/help/webmasters.htm#07)"
36.133.115.36 - - [24/Jul/2026:09:31:00 +0800] "POST /wp-cron.php?doing_wp_cron=1784856660.3471429347991943359375 HTTP/1.1" 200 31 "-" "WordPress/7.0; http://cqqizhou.com"
1.164.114.57 - - [24/Jul/2026:09:31:00 +0800] "GET /andd/20260724080716737.html HTTP/1.1" 404 9498 "http://cqqizhou.com/andd/20260724080716737.html" "Mozilla/5.0 (Windows NT 6.1; WOW64) AppleWebKit/537.36 (KHTML, like Gecko) Chrome/30.0.0660.347 Safari/537.36"
1.164.114.57 - - [24/Jul/2026:09:31:02 +0800] "GET /andd/20260724080716737.html HTTP/1.1" 404 9499 "http://cqqizhou.com/andd/20260724080716737.html" "Mozilla/5.0 (Windows NT 6.1; WOW64) AppleWebKit/537.36 (KHTML, like Gecko) Chrome/30.0.0660.347 Safari/537.36"
36.133.115.36 - - [24/Jul/2026:09:37:15 +0800] "POST /wp-cron.php?doing_wp_cron=1784857035.9303390979766845703125 HTTP/1.1" 200 31 "-" "WordPress/7.0; http://cqqizhou.com"
160.119.71.9 - - [24/Jul/2026:09:37:16 +0800] "GET / HTTP/1.1" 200 109837 "-" "Mozilla/5.0 (X11; Linux x86_64; rv:144.0) Gecko/20100101 Firefox/144.0"
36.133.115.36 - - [24/Jul/2026:09:42:43 +0800] "POST /wp-cron.php?doing_wp_cron=1784857363.9531459808349609375000 HTTP/1.1" 200 31 "-" "WordPress/7.0; http://cqqizhou.com"
1.164.114.57 - - [24/Jul/2026:09:42:44 +0800] "GET /andd/20260724080716737.html HTTP/1.1" 404 9498 "http://cqqizhou.com/andd/20260724080716737.html" "Mozilla/5.0 (Windows NT 6.1; WOW64) AppleWebKit/537.36 (KHTML, like Gecko) Chrome/36.0.6839.010 Safari/537.36"
1.164.114.57 - - [24/Jul/2026:09:42:45 +0800] "GET /andd/20260724080716737.html HTTP/1.1" 404 9497 "http://cqqizhou.com/andd/20260724080716737.html" "Mozilla/5.0 (Windows NT 6.1; WOW64) AppleWebKit/537.36 (KHTML, like Gecko) Chrome/36.0.6839.010 Safari/537.36"
36.133.115.36 - - [24/Jul/2026:09:51:21 +0800] "POST /wp-cron.php?doing_wp_cron=1784857881.9174830913543701171875 HTTP/1.1" 200 31 "-" "WordPress/7.0; http://cqqizhou.com"
216.73.217.154 - - [24/Jul/2026:09:51:21 +0800] "GET /anddwai/news543717 HTTP/1.1" 301 5 "-" "Mozilla/5.0 AppleWebKit/537.36 (KHTML, like Gecko; compatible; ClaudeBot/1.0; +claudebot@anthropic.com)"
216.73.217.154 - - [24/Jul/2026:09:51:24 +0800] "GET /anddwai/news543717 HTTP/1.1" 404 32862 "http://www.cqqizhou.com/anddwai/news543717" "Mozilla/5.0 AppleWebKit/537.36 (KHTML, like Gecko; compatible; ClaudeBot/1.0; +claudebot@anthropic.com)"
36.133.115.36 - - [24/Jul/2026:09:58:58 +0800] "POST /wp-cron.php?doing_wp_cron=1784858337.7813909053802490234375 HTTP/1.1" 200 31 "-" "WordPress/7.0; http://cqqizhou.com"
114.119.135.202 - - [24/Jul/2026:09:58:58 +0800] "GET /logistics HTTP/1.1" 200 25855 "http://cqqizhou.com/news/portfolio/pickled-coil" "Mozilla/5.0 (Linux; Android 7.0;) AppleWebKit/537.36 (HTML, like Gecko) Mobile Safari/537.36 (compatible; PetalBot;+https://webmaster.petalsearch.com/site/petalbot)"
36.133.115.36 - - [24/Jul/2026:10:04:09 +0800] "POST /wp-cron.php?doing_wp_cron=1784858649.6390891075134277343750 HTTP/1.1" 200 31 "-" "WordPress/7.0; http://cqqizhou.com"
216.73.217.154 - - [24/Jul/2026:10:04:09 +0800] "GET /robots.txt HTTP/1.1" 200 390 "-" "Mozilla/5.0 AppleWebKit/537.36 (KHTML, like Gecko; compatible; ClaudeBot/1.0; +claudebot@anthropic.com)"
216.73.217.154 - - [24/Jul/2026:10:04:15 +0800] "GET /wp-sitemap.xml HTTP/1.1" 501 253 "-" "Mozilla/5.0 AppleWebKit/537.36 (KHTML, like Gecko; compatible; ClaudeBot/1.0; +claudebot@anthropic.com)"
36.133.115.36 - - [24/Jul/2026:10:05:26 +0800] "POST /wp-cron.php?doing_wp_cron=1784858726.8279399871826171875000 HTTP/1.1" 200 31 "-" "WordPress/7.0; http://cqqizhou.com"
43.166.244.192 - - [24/Jul/2026:10:05:26 +0800] "GET / HTTP/1.1" 301 5 "-" "Mozilla/5.0 (iPhone; CPU iPhone OS 13_2_3 like Mac OS X) AppleWebKit/605.1.15 (KHTML, like Gecko) Version/13.0.3 Mobile/15E148 Safari/604.1"
43.166.244.192 - - [24/Jul/2026:10:05:29 +0800] "GET / HTTP/1.1" 200 35068 "http://www.cqqizhou.com" "Mozilla/5.0 (iPhone; CPU iPhone OS 13_2_3 like Mac OS X) AppleWebKit/605.1.15 (KHTML, like Gecko) Version/13.0.3 Mobile/15E148 Safari/604.1"
111.63.61.164 - - [24/Jul/2026:10:12:09 +0800] "GET /news/2418 HTTP/1.1" 200 93423 "-" "Go-http-client/1.1"
36.133.115.36 - - [24/Jul/2026:10:17:16 +0800] "GET / HTTP/1.1" 200 159680 "-" "MyCustomUA/1.0"
180.153.236.210 - - [24/Jul/2026:10:17:16 +0800] "GET / HTTP/1.1" 200 36073 "-" "Mozilla/5.0 (Windows NT 10.0; Win64; x64) AppleWebKit/537.36 (KHTML, like Gecko) Chrome/140.0.0.0 Safari/537.36 Edg/140.0.0.0; 360Spider"
114.119.135.202 - - [24/Jul/2026:10:25:37 +0800] "GET /wp-content/uploads/2025/07/1750649197-qizhou1920x1080_6.webp HTTP/1.1" 200 150354 "http://cqqizhou.com/about/" "Mozilla/5.0 (Linux; Android 7.0;) AppleWebKit/537.36 (HTML, like Gecko) Mobile Safari/537.36 (compatible; PetalBot;+https://webmaster.petalsearch.com/site/petalbot)"
36.133.115.36 - - [24/Jul/2026:10:27:02 +0800] "POST /wp-cron.php?doing_wp_cron=1784860022.1137099266052246093750 HTTP/1.1" 200 31 "-" "WordPress/7.0; http://cqqizhou.com"
114.119.135.202 - - [24/Jul/2026:10:27:02 +0800] "GET /news/page/1 HTTP/1.1" 301 5 "http://cqqizhou.com/news/page/2" "Mozilla/5.0 (Linux; Android 7.0;) AppleWebKit/537.36 (HTML, like Gecko) Mobile Safari/537.36 (compatible; PetalBot;+https://webmaster.petalsearch.com/site/petalbot)"
114.119.135.202 - - [24/Jul/2026:10:27:07 +0800] "GET /news HTTP/1.1" 200 20052 "http://cqqizhou.com/news/page/2" "Mozilla/5.0 (Linux; Android 7.0;) AppleWebKit/537.36 (HTML, like Gecko) Mobile Safari/537.36 (compatible; PetalBot;+https://webmaster.petalsearch.com/site/petalbot)"
36.133.115.36 - - [24/Jul/2026:10:38:39 +0800] "GET / HTTP/1.1" 200 159680 "-" "MyCustomUA/1.0"
36.133.115.36 - - [24/Jul/2026:10:38:39 +0800] "GET / HTTP/1.1" 200 159680 "-" "MyCustomUA/1.0"
220.181.108.83 - - [24/Jul/2026:10:38:40 +0800] "GET /company-news?sports/4807480233.html HTTP/1.1" 200 50985 "-" "Mozilla/5.0 (compatible; Baiduspider/2.0; +http://www.baidu.com/search/spider.html)"
36.133.115.36 - - [24/Jul/2026:10:38:40 +0800] "GET / HTTP/1.1" 200 159680 "-" "MyCustomUA/1.0"
220.181.108.101 - - [24/Jul/2026:10:38:40 +0800] "GET /company-news?sports/6738826525.html HTTP/1.1" 200 50223 "-" "Mozilla/5.0 (compatible; Baiduspider/2.0; +http://www.baidu.com/search/spider.html)"
36.133.115.36 - - [24/Jul/2026:10:38:40 +0800] "GET / HTTP/1.1" 200 159680 "-" "MyCustomUA/1.0"
220.181.108.146 - - [24/Jul/2026:10:38:40 +0800] "GET /company-news?class/699506411.html HTTP/1.1" 200 49783 "-" "Mozilla/5.0 (compatible; Baiduspider/2.0; +http://www.baidu.com/search/spider.html)"
36.133.115.36 - - [24/Jul/2026:10:38:41 +0800] "GET / HTTP/1.1" 200 159680 "-" "MyCustomUA/1.0"
