HEX
Server: nginx/1.16.1
System: Linux ecs-04358622 4.19.90-2107.6.0.0100.oe1.bclinux.x86_64 #1 SMP Wed Dec 1 19:59:44 CST 2021 x86_64
User: nginx (994)
PHP: 8.0.0
Disabled: NONE
Upload Files
File: //home/logs/cqqizhou_access_2026-07-21.log
36.133.115.36 - - [21/Jul/2026:00:12:23 +0800] "POST /wp-cron.php?doing_wp_cron=1784563943.7954559326171875000000 HTTP/1.1" 200 31 "-" "WordPress/7.0; http://cqqizhou.com"
180.153.236.217 - - [21/Jul/2026:00:12:23 +0800] "GET / HTTP/1.1" 200 35066 "http://cqqizhou.com/" "User-Agent:Mozilla/5.0 (Linux; Android 10; K) AppleWebKit/537.36 (KHTML, like Gecko) Chrome/131.0.0.0 Mobile Safari/537.36; 360Spider"
36.133.115.36 - - [21/Jul/2026:00:34:59 +0800] "POST /wp-cron.php?doing_wp_cron=1784565299.4211900234222412109375 HTTP/1.1" 200 31 "-" "WordPress/7.0; http://cqqizhou.com"
85.11.167.118 - - [21/Jul/2026:00:34:59 +0800] "GET / HTTP/1.1" 200 35505 "-" "Mozilla/5.0 (Macintosh; Intel Mac OS X 10_15_7) AppleWebKit/537.36 (KHTML, like Gecko) Chrome/120.0.0.0 Safari/537.36"
85.11.167.118 - - [21/Jul/2026:00:35:02 +0800] "POST /wp-json/batch/v1 HTTP/1.1" 207 27 "-" "wp2shell"
85.11.167.118 - - [21/Jul/2026:00:35:04 +0800] "POST /?rest_route=/batch/v1 HTTP/1.1" 207 27 "-" "wp2shell"
36.133.115.36 - - [21/Jul/2026:00:35:13 +0800] "POST /wp-cron.php?doing_wp_cron=1784565313.7936050891876220703125 HTTP/1.1" 200 31 "-" "WordPress/7.0; http://cqqizhou.com"
85.11.167.118 - - [21/Jul/2026:00:35:16 +0800] "POST /?rest_route=/batch/v1 HTTP/1.1" 207 1700290 "-" "wp2shell"
85.11.167.118 - - [21/Jul/2026:00:35:22 +0800] "POST /?rest_route=/batch/v1 HTTP/1.1" 207 1700478 "-" "wp2shell"
85.11.167.118 - - [21/Jul/2026:00:35:28 +0800] "POST /?rest_route=/batch/v1 HTTP/1.1" 207 1700527 "-" "wp2shell"
85.11.167.118 - - [21/Jul/2026:00:35:31 +0800] "GET /?rest_route=%2Fwp%2Fv2%2Fposts&per_page=1&_fields=link HTTP/1.1" 200 57 "-" "wp2shell"
85.11.167.118 - - [21/Jul/2026:00:35:37 +0800] "POST /?rest_route=/batch/v1 HTTP/1.1" 207 926 "-" "wp2shell"
85.11.167.118 - - [21/Jul/2026:00:35:44 +0800] "POST /?rest_route=/batch/v1 HTTP/1.1" 207 1700476 "-" "wp2shell"
85.11.167.118 - - [21/Jul/2026:00:35:50 +0800] "POST /?rest_route=/batch/v1 HTTP/1.1" 207 1700476 "-" "wp2shell"
85.11.167.118 - - [21/Jul/2026:00:35:56 +0800] "POST /?rest_route=/batch/v1 HTTP/1.1" 207 1700476 "-" "wp2shell"
85.11.167.118 - - [21/Jul/2026:00:35:59 +0800] "POST /?rest_route=/batch/v1 HTTP/1.1" 207 3737 "-" "wp2shell"
36.133.115.36 - - [21/Jul/2026:00:38:36 +0800] "POST /wp-cron.php?doing_wp_cron=1784565516.7192759513854980468750 HTTP/1.1" 200 31 "-" "WordPress/7.0; http://cqqizhou.com"
43.161.251.162 - - [21/Jul/2026:00:38:36 +0800] "GET / HTTP/1.1" 301 5 "-" "Mozilla/5.0 (iPhone; CPU iPhone OS 13_2_3 like Mac OS X) AppleWebKit/605.1.15 (KHTML, like Gecko) Version/13.0.3 Mobile/15E148 Safari/604.1"
43.161.251.162 - - [21/Jul/2026:00:38:39 +0800] "GET / HTTP/1.1" 200 35071 "http://36.133.115.36" "Mozilla/5.0 (iPhone; CPU iPhone OS 13_2_3 like Mac OS X) AppleWebKit/605.1.15 (KHTML, like Gecko) Version/13.0.3 Mobile/15E148 Safari/604.1"
36.133.115.36 - - [21/Jul/2026:01:00:34 +0800] "POST /wp-cron.php?doing_wp_cron=1784566834.4827980995178222656250 HTTP/1.1" 200 31 "-" "WordPress/7.0; http://cqqizhou.com"
110.249.201.205 - - [21/Jul/2026:01:00:34 +0800] "GET /news/2418 HTTP/1.1" 200 23844 "-" "Mozilla/5.0 (Linux; Android 5.0) AppleWebKit/537.36 (KHTML, like Gecko) Mobile Safari/537.36 (compatible; Bytespider; https://zhanzhang.toutiao.com/)"
110.249.201.205 - - [21/Jul/2026:01:00:35 +0800] "GET /wp-content/uploads/2026/06/1782708718-1Article_images_W900px-768x432.webp HTTP/1.1" 206 500 "http://cqqizhou.com/news/2418" "Mozilla/5.0 (Linux; Android 5.0) AppleWebKit/537.36 (KHTML, like Gecko) Mobile Safari/537.36 (compatible; Bytespider; https://zhanzhang.toutiao.com/)"
110.249.201.114 - - [21/Jul/2026:01:00:35 +0800] "GET /wp-content/uploads/revslider/slider-1/1750861156-logistics_Slider_3840%C3%972160_20250625191356-scaled-768x432.webp HTTP/1.1" 206 500 "http://cqqizhou.com/news/2418" "Mozilla/5.0 (Linux; Android 5.0) AppleWebKit/537.36 (KHTML, like Gecko) Mobile Safari/537.36 (compatible; Bytespider; https://zhanzhang.toutiao.com/)"
110.249.201.180 - - [21/Jul/2026:01:00:35 +0800] "GET /wp-content/uploads/2025/07/1751425283-qizhou.kf_.qq_.com_.webp HTTP/1.1" 206 500 "http://cqqizhou.com/news/2418" "Mozilla/5.0 (Linux; Android 5.0) AppleWebKit/537.36 (KHTML, like Gecko) Mobile Safari/537.36 (compatible; Bytespider; https://zhanzhang.toutiao.com/)"
110.249.201.143 - - [21/Jul/2026:01:00:35 +0800] "GET /wp-content/uploads/2026/06/1782392245-Article_images_W900px-768x432.webp HTTP/1.1" 206 500 "http://cqqizhou.com/news/2418" "Mozilla/5.0 (Linux; Android 5.0) AppleWebKit/537.36 (KHTML, like Gecko) Mobile Safari/537.36 (compatible; Bytespider; https://zhanzhang.toutiao.com/)"
110.249.201.63 - - [21/Jul/2026:01:00:35 +0800] "GET /wp-content/uploads/2025/07/1753410289-News2000%C3%97400_202571.webp HTTP/1.1" 206 500 "http://cqqizhou.com/news/2418" "Mozilla/5.0 (Linux; Android 5.0) AppleWebKit/537.36 (KHTML, like Gecko) Mobile Safari/537.36 (compatible; Bytespider; https://zhanzhang.toutiao.com/)"
36.133.115.36 - - [21/Jul/2026:01:06:56 +0800] "POST /wp-cron.php?doing_wp_cron=1784567216.5887129306793212890625 HTTP/1.1" 200 31 "-" "WordPress/7.0; http://cqqizhou.com"
120.241.127.237 - - [21/Jul/2026:01:06:56 +0800] "GET /process/processing HTTP/1.1" 301 5 "-" "Mozilla/5.0 (Windows NT 10.0; Win64; x64) AppleWebKit/537.36 (KHTML, like Gecko) Chrome/131.0.0.0 Safari/537.36"
157.148.43.109 - - [21/Jul/2026:01:06:58 +0800] "GET /services/processing HTTP/1.1" 200 23539 "-" "Mozilla/5.0 (Windows NT 10.0; Win64; x64) AppleWebKit/537.36 (KHTML, like Gecko) Chrome/131.0.0.0 Safari/537.36"
36.133.115.36 - - [21/Jul/2026:01:21:04 +0800] "POST /wp-cron.php?doing_wp_cron=1784568064.7939870357513427734375 HTTP/1.1" 200 31 "-" "WordPress/7.0; http://cqqizhou.com"
110.42.208.131 - - [21/Jul/2026:01:21:04 +0800] "GET / HTTP/1.1" 200 35071 "-" "Mozilla/5.0 (iPhone; CPU iPhone OS 13_2_3 like Mac OS X) AppleWebKit/605.1.15 (KHTML, like Gecko) Version/13.0.3 Mobile/15E148 Safari/604.1"
36.133.115.36 - - [21/Jul/2026:01:31:20 +0800] "POST /wp-cron.php?doing_wp_cron=1784568680.6510128974914550781250 HTTP/1.1" 200 31 "-" "WordPress/7.0; http://cqqizhou.com"
160.119.71.9 - - [21/Jul/2026:01:31:20 +0800] "GET / HTTP/1.1" 200 109837 "-" "Mozilla/5.0 (X11; Linux x86_64; rv:144.0) Gecko/20100101 Firefox/144.0"
115.159.33.43 - - [21/Jul/2026:01:31:29 +0800] "GET / HTTP/1.1" 301 5 "-" "Mozilla/5.0 (Windows NT 10.0; Win64; x64) AppleWebKit/537.36 (KHTML, like Gecko) Chrome/79.0.3945.117 Safari/537.36"
36.133.115.36 - - [21/Jul/2026:01:39:28 +0800] "POST /wp-cron.php?doing_wp_cron=1784569168.5639109611511230468750 HTTP/1.1" 200 31 "-" "WordPress/7.0; http://cqqizhou.com"
8.228.84.178 - - [21/Jul/2026:01:39:28 +0800] "HEAD /blog/ HTTP/1.1" 404 0 "-" "Mozilla/5.0 (Windows NT 10.0; Win64; x64) AppleWebKit/537.36 (KHTML, like Gecko) Chrome/127.0.6534.42 Safari/537.36"
8.228.84.178 - - [21/Jul/2026:01:39:29 +0800] "HEAD /wp/ HTTP/1.1" 404 0 "-" "Mozilla/5.0 (X11; Linux x86_64; rv:127.0) Gecko/20100101 Firefox/127.0"
8.228.84.178 - - [21/Jul/2026:01:39:30 +0800] "HEAD /old/ HTTP/1.1" 404 0 "-" "Mozilla/5.0 (Macintosh; Intel Mac OS X 15_0) AppleWebKit/537.36 (KHTML, like Gecko) Chrome/125.0.6422.141 Safari/537.36"
8.228.84.178 - - [21/Jul/2026:01:39:31 +0800] "HEAD /backup/ HTTP/1.1" 404 0 "-" "Mozilla/5.0 (iPad; CPU OS 17_4 like Mac OS X) AppleWebKit/605.1.15 (KHTML, like Gecko) Version/17.4 Mobile/15E148 Safari/604.1"
8.228.84.178 - - [21/Jul/2026:01:39:33 +0800] "HEAD /wordpress/ HTTP/1.1" 404 0 "-" "Mozilla/5.0 (Windows NT 10.0; Win64; x64) AppleWebKit/537.36 (KHTML, like Gecko) Chrome/125.0.6422.112 Safari/537.36 Brave/1.63.120"
8.228.84.178 - - [21/Jul/2026:01:39:34 +0800] "HEAD /new/ HTTP/1.1" 301 0 "-" "Mozilla/5.0 (X11; Linux x86_64; rv:127.0) Gecko/20100101 Firefox/127.0"
8.228.84.178 - - [21/Jul/2026:01:39:35 +0800] "HEAD /news HTTP/1.1" 200 0 "http://cqqizhou.com/new/" "Mozilla/5.0 (X11; Linux x86_64; rv:127.0) Gecko/20100101 Firefox/127.0"
8.228.84.178 - - [21/Jul/2026:01:39:36 +0800] "HEAD / HTTP/1.1" 200 0 "-" "Mozilla/5.0 (Windows NT 11.0; Win64; x64) AppleWebKit/537.36 (KHTML, like Gecko) Edg/128.0.2790.25 Chrome/128.0.6540.22 Safari/537.36"
114.132.135.91 - - [21/Jul/2026:01:39:53 +0800] "GET /sitemap.xml HTTP/1.1" 200 673 "-" "okhttp/3.0"
36.133.115.36 - - [21/Jul/2026:01:55:58 +0800] "POST /wp-cron.php?doing_wp_cron=1784570158.2528800964355468750000 HTTP/1.1" 200 31 "-" "WordPress/7.0; http://cqqizhou.com"
154.16.44.249 - - [21/Jul/2026:01:55:58 +0800] "GET / HTTP/1.1" 301 5 "-" "Mozilla/5.0 (compatible; Infrawatch/1.0; +https://infrawat.ch/)"
36.133.115.36 - - [21/Jul/2026:01:56:17 +0800] "POST /wp-cron.php?doing_wp_cron=1784570177.6325559616088867187500 HTTP/1.1" 200 31 "-" "WordPress/7.0; http://cqqizhou.com"
81.19.216.116 - - [21/Jul/2026:01:56:17 +0800] "GET / HTTP/1.1" 301 5 "-" "Mozilla/5.0 (compatible; Infrawatch/1.0; +https://infrawat.ch/)"
185.223.235.20 - - [21/Jul/2026:01:56:40 +0800] "POST / HTTP/1.1" 200 35072 "-" "Mozilla/5.0 (compatible; Infrawatch/1.0; +https://infrawat.ch/)"
193.176.31.220 - - [21/Jul/2026:01:56:49 +0800] "GET /sse HTTP/1.1" 404 9498 "-" "Mozilla/5.0 (compatible; Infrawatch/1.0; +https://infrawat.ch/)"
114.119.149.89 - - [21/Jul/2026:02:02:00 +0800] "GET /wp-content/uploads/2025/07/1751425283-qizhou.kf_.qq_.com_.webp HTTP/1.1" 200 16864 "http://cqqizhou.com/contacts" "Mozilla/5.0 (Linux; Android 7.0;) AppleWebKit/537.36 (HTML, like Gecko) Mobile Safari/537.36 (compatible; PetalBot;+https://webmaster.petalsearch.com/site/petalbot)"
36.133.115.36 - - [21/Jul/2026:02:03:29 +0800] "POST /wp-cron.php?doing_wp_cron=1784570609.6318099498748779296875 HTTP/1.1" 200 31 "-" "WordPress/7.0; http://cqqizhou.com"
114.119.144.41 - - [21/Jul/2026:02:03:29 +0800] "GET /news/2486 HTTP/1.1" 200 20676 "http://cqqizhou.com/company-news/page/2" "Mozilla/5.0 (Linux; Android 7.0;) AppleWebKit/537.36 (HTML, like Gecko) Mobile Safari/537.36 (compatible; PetalBot;+https://webmaster.petalsearch.com/site/petalbot)"
36.133.115.36 - - [21/Jul/2026:02:09:28 +0800] "POST /wp-cron.php?doing_wp_cron=1784570968.7407009601593017578125 HTTP/1.1" 200 31 "-" "WordPress/7.0; http://cqqizhou.com"
46.151.182.190 - - [21/Jul/2026:02:09:28 +0800] "GET /xmlrpc.php HTTP/1.1" 405 53 "-" "Mozilla/5.0 (Windows NT 11.0; Win64; x64) AppleWebKit/537.36 (KHTML, like Gecko) Chrome/121.0.0.0 Safari/537.36"
46.151.182.190 - - [21/Jul/2026:02:09:30 +0800] "GET /?rest_route=/wp/v2/users HTTP/1.1" 200 284 "-" "Mozilla/5.0 (X11; Linux x86_64) AppleWebKit/537.36 (KHTML, like Gecko) Chrome/120.0.0.0 Safari/537.36"
46.151.182.190 - - [21/Jul/2026:02:09:30 +0800] "GET /?author=10 HTTP/1.1" 404 9498 "-" "Mozilla/5.0 (Linux; Android 14; SM-S918B) AppleWebKit/537.36 (KHTML, like Gecko) Chrome/120.0.0.0 Mobile Safari/537.36"
46.151.182.190 - - [21/Jul/2026:02:09:30 +0800] "GET /?author=9 HTTP/1.1" 404 9498 "-" "Mozilla/5.0 (Windows NT 10.0; Win64; x64; rv:121.0) Gecko/20100101 Firefox/121.0"
46.151.182.190 - - [21/Jul/2026:02:09:30 +0800] "GET /?author=2 HTTP/1.1" 200 17717 "-" "Mozilla/5.0 (Linux; Android 14; SM-S918B) AppleWebKit/537.36 (KHTML, like Gecko) Chrome/120.0.0.0 Mobile Safari/537.36"
46.151.182.190 - - [21/Jul/2026:02:09:30 +0800] "GET /?author=1 HTTP/1.1" 301 5 "-" "Mozilla/5.0 (Windows NT 11.0; Win64; x64) AppleWebKit/537.36 (KHTML, like Gecko) Chrome/121.0.0.0 Safari/537.36"
46.151.182.190 - - [21/Jul/2026:02:09:30 +0800] "GET /?author=8 HTTP/1.1" 200 17729 "-" "Mozilla/5.0 (Windows NT 10.0; Win64; x64) AppleWebKit/537.36 (KHTML, like Gecko) Edge/120.0.2210.91"
46.151.182.190 - - [21/Jul/2026:02:09:30 +0800] "GET /?author=6 HTTP/1.1" 200 17731 "-" "Mozilla/5.0 (Windows NT 10.0; Win64; x64; rv:121.0) Gecko/20100101 Firefox/121.0"
46.151.182.190 - - [21/Jul/2026:02:09:30 +0800] "GET /?author=7 HTTP/1.1" 200 17731 "-" "Mozilla/5.0 (Windows NT 10.0; Win64; x64; rv:121.0) Gecko/20100101 Firefox/121.0"
46.151.182.190 - - [21/Jul/2026:02:09:30 +0800] "GET /?author=5 HTTP/1.1" 200 17731 "-" "Mozilla/5.0 (Macintosh; Intel Mac OS X 14_2_1) AppleWebKit/605.1.15 (KHTML, like Gecko) Version/17.1 Safari/605.1.15"
46.151.182.190 - - [21/Jul/2026:02:09:30 +0800] "GET /?author=4 HTTP/1.1" 200 17730 "-" "Mozilla/5.0 (Windows NT 10.0; Win64; x64; rv:121.0) Gecko/20100101 Firefox/121.0"
46.151.182.190 - - [21/Jul/2026:02:09:31 +0800] "GET /?author=3 HTTP/1.1" 200 17714 "-" "Mozilla/5.0 (Windows NT 10.0; Win64; x64) AppleWebKit/537.36 (KHTML, like Gecko) Chrome/120.0.0.0 Safari/537.36"
46.151.182.190 - - [21/Jul/2026:02:09:32 +0800] "GET /news/author/admin HTTP/1.1" 200 25919 "http://cqqizhou.com/?author=1" "Mozilla/5.0 (Windows NT 11.0; Win64; x64) AppleWebKit/537.36 (KHTML, like Gecko) Chrome/121.0.0.0 Safari/537.36"
46.151.182.190 - - [21/Jul/2026:02:09:34 +0800] "POST /xmlrpc.php HTTP/1.1" 200 217 "-" "Mozilla/5.0 (iPhone; CPU iPhone OS 17_2 like Mac OS X) AppleWebKit/605.1.15 (KHTML, like Gecko) Version/17.2 Mobile/15E148 Safari/604.1"
46.151.182.190 - - [21/Jul/2026:02:09:35 +0800] "POST /xmlrpc.php HTTP/1.1" 200 217 "-" "Mozilla/5.0 (Macintosh; Intel Mac OS X 14_2_1) AppleWebKit/605.1.15 (KHTML, like Gecko) Version/17.1 Safari/605.1.15"
46.151.182.190 - - [21/Jul/2026:02:09:35 +0800] "POST /xmlrpc.php HTTP/1.1" 200 217 "-" "Mozilla/5.0 (Macintosh; Intel Mac OS X 14_2_1) AppleWebKit/605.1.15 (KHTML, like Gecko) Version/17.1 Safari/605.1.15"
46.151.182.190 - - [21/Jul/2026:02:09:35 +0800] "POST /xmlrpc.php HTTP/1.1" 200 217 "-" "Mozilla/5.0 (Macintosh; Intel Mac OS X 14_2_1) AppleWebKit/537.36 (KHTML, like Gecko) Chrome/120.0.0.0 Safari/537.36"
46.151.182.190 - - [21/Jul/2026:02:09:35 +0800] "POST /xmlrpc.php HTTP/1.1" 200 217 "-" "Mozilla/5.0 (Linux; Android 14; SM-S918B) AppleWebKit/537.36 (KHTML, like Gecko) Chrome/120.0.0.0 Mobile Safari/537.36"
46.151.182.190 - - [21/Jul/2026:02:09:35 +0800] "POST /xmlrpc.php HTTP/1.1" 200 217 "-" "Mozilla/5.0 (Macintosh; Intel Mac OS X 14_2_1) AppleWebKit/537.36 (KHTML, like Gecko) Chrome/120.0.0.0 Safari/537.36"
46.151.182.190 - - [21/Jul/2026:02:09:35 +0800] "POST /xmlrpc.php HTTP/1.1" 200 217 "-" "Mozilla/5.0 (Windows NT 10.0; Win64; x64) AppleWebKit/537.36 (KHTML, like Gecko) Chrome/120.0.0.0 Safari/537.36"
46.151.182.190 - - [21/Jul/2026:02:09:35 +0800] "POST /xmlrpc.php HTTP/1.1" 200 217 "-" "Mozilla/5.0 (Linux; Android 14; SM-S918B) AppleWebKit/537.36 (KHTML, like Gecko) Chrome/120.0.0.0 Mobile Safari/537.36"
46.151.182.190 - - [21/Jul/2026:02:09:35 +0800] "POST /xmlrpc.php HTTP/1.1" 200 217 "-" "Mozilla/5.0 (X11; Linux x86_64) AppleWebKit/537.36 (KHTML, like Gecko) Chrome/120.0.0.0 Safari/537.36"
46.151.182.190 - - [21/Jul/2026:02:09:35 +0800] "POST /xmlrpc.php HTTP/1.1" 200 217 "-" "Mozilla/5.0 (Linux; Android 14; SM-S918B) AppleWebKit/537.36 (KHTML, like Gecko) Chrome/120.0.0.0 Mobile Safari/537.36"
46.151.182.190 - - [21/Jul/2026:02:09:35 +0800] "POST /xmlrpc.php HTTP/1.1" 200 217 "-" "Mozilla/5.0 (X11; Linux x86_64) AppleWebKit/537.36 (KHTML, like Gecko) Chrome/120.0.0.0 Safari/537.36"
46.151.182.190 - - [21/Jul/2026:02:09:35 +0800] "POST /xmlrpc.php HTTP/1.1" 200 217 "-" "Mozilla/5.0 (Windows NT 11.0; Win64; x64) AppleWebKit/537.36 (KHTML, like Gecko) Chrome/121.0.0.0 Safari/537.36"
46.151.182.190 - - [21/Jul/2026:02:09:35 +0800] "POST /xmlrpc.php HTTP/1.1" 200 217 "-" "Mozilla/5.0 (Windows NT 10.0; Win64; x64) AppleWebKit/537.36 (KHTML, like Gecko) Chrome/120.0.0.0 Safari/537.36"
46.151.182.190 - - [21/Jul/2026:02:09:35 +0800] "POST /xmlrpc.php HTTP/1.1" 200 217 "-" "Mozilla/5.0 (Windows NT 10.0; Win64; x64; rv:121.0) Gecko/20100101 Firefox/121.0"
46.151.182.190 - - [21/Jul/2026:02:09:35 +0800] "POST /xmlrpc.php HTTP/1.1" 200 217 "-" "Mozilla/5.0 (Windows NT 10.0; Win64; x64) AppleWebKit/537.36 (KHTML, like Gecko) Chrome/120.0.0.0 Safari/537.36"
46.151.182.190 - - [21/Jul/2026:02:09:35 +0800] "POST /xmlrpc.php HTTP/1.1" 200 217 "-" "Mozilla/5.0 (X11; Linux x86_64) AppleWebKit/537.36 (KHTML, like Gecko) Chrome/120.0.0.0 Safari/537.36"
46.151.182.190 - - [21/Jul/2026:02:09:35 +0800] "POST /xmlrpc.php HTTP/1.1" 200 217 "-" "Mozilla/5.0 (Linux; Android 14; SM-S918B) AppleWebKit/537.36 (KHTML, like Gecko) Chrome/120.0.0.0 Mobile Safari/537.36"
46.151.182.190 - - [21/Jul/2026:02:09:35 +0800] "POST /xmlrpc.php HTTP/1.1" 200 217 "-" "Mozilla/5.0 (Windows NT 11.0; Win64; x64) AppleWebKit/537.36 (KHTML, like Gecko) Chrome/121.0.0.0 Safari/537.36"
46.151.182.190 - - [21/Jul/2026:02:09:35 +0800] "POST /xmlrpc.php HTTP/1.1" 200 217 "-" "Mozilla/5.0 (Windows NT 10.0; Win64; x64) AppleWebKit/537.36 (KHTML, like Gecko) Edge/120.0.2210.91"
46.151.182.190 - - [21/Jul/2026:02:09:35 +0800] "POST /xmlrpc.php HTTP/1.1" 200 217 "-" "Mozilla/5.0 (X11; Linux x86_64) AppleWebKit/537.36 (KHTML, like Gecko) Chrome/120.0.0.0 Safari/537.36"
46.151.182.190 - - [21/Jul/2026:02:09:35 +0800] "POST /xmlrpc.php HTTP/1.1" 200 217 "-" "Mozilla/5.0 (Windows NT 10.0; Win64; x64) AppleWebKit/537.36 (KHTML, like Gecko) Edge/120.0.2210.91"
46.151.182.190 - - [21/Jul/2026:02:09:35 +0800] "POST /xmlrpc.php HTTP/1.1" 200 217 "-" "Mozilla/5.0 (X11; Linux x86_64) AppleWebKit/537.36 (KHTML, like Gecko) Chrome/120.0.0.0 Safari/537.36"
46.151.182.190 - - [21/Jul/2026:02:09:35 +0800] "POST /xmlrpc.php HTTP/1.1" 200 217 "-" "Mozilla/5.0 (Macintosh; Intel Mac OS X 14_2_1) AppleWebKit/605.1.15 (KHTML, like Gecko) Version/17.1 Safari/605.1.15"
46.151.182.190 - - [21/Jul/2026:02:09:35 +0800] "POST /xmlrpc.php HTTP/1.1" 200 217 "-" "Mozilla/5.0 (iPhone; CPU iPhone OS 17_2 like Mac OS X) AppleWebKit/605.1.15 (KHTML, like Gecko) Version/17.2 Mobile/15E148 Safari/604.1"
46.151.182.190 - - [21/Jul/2026:02:09:35 +0800] "POST /xmlrpc.php HTTP/1.1" 200 217 "-" "Mozilla/5.0 (Macintosh; Intel Mac OS X 14_2_1) AppleWebKit/605.1.15 (KHTML, like Gecko) Version/17.1 Safari/605.1.15"
46.151.182.190 - - [21/Jul/2026:02:09:35 +0800] "POST /xmlrpc.php HTTP/1.1" 200 217 "-" "Mozilla/5.0 (Linux; Android 14; SM-S918B) AppleWebKit/537.36 (KHTML, like Gecko) Chrome/120.0.0.0 Mobile Safari/537.36"
36.133.115.36 - - [21/Jul/2026:02:46:13 +0800] "POST /wp-cron.php?doing_wp_cron=1784573173.8302190303802490234375 HTTP/1.1" 200 31 "-" "WordPress/7.0; http://cqqizhou.com"
209.38.105.252 - - [21/Jul/2026:02:46:13 +0800] "GET / HTTP/1.1" 200 35505 "-" "Mozilla/5.0 (X11; Linux x86_64) AppleWebKit/537.36 (KHTML, like Gecko) Chrome/142.0.0.0 Safari/537.36"
36.133.115.36 - - [21/Jul/2026:02:48:44 +0800] "POST /wp-cron.php?doing_wp_cron=1784573324.4529309272766113281250 HTTP/1.1" 200 31 "-" "WordPress/7.0; http://cqqizhou.com"
220.181.108.93 - - [21/Jul/2026:02:48:44 +0800] "GET /news/2601 HTTP/1.1" 200 20567 "-" "Mozilla/5.0 (compatible; Baiduspider/2.0; +http://www.baidu.com/search/spider.html)"
180.153.236.174 - - [21/Jul/2026:02:59:32 +0800] "GET / HTTP/1.1" 200 35524 "-" "Mozilla/5.0 (Windows NT 10.0; Win64; x64) AppleWebKit/537.36 (KHTML, like Gecko) Chrome/140.0.0.0 Safari/537.36 Edg/140.0.0.0; 360Spider"
36.133.115.36 - - [21/Jul/2026:03:11:02 +0800] "POST /wp-cron.php?doing_wp_cron=1784574662.3518540859222412109375 HTTP/1.1" 200 31 "-" "WordPress/7.0; http://cqqizhou.com"
114.119.144.41 - - [21/Jul/2026:03:11:02 +0800] "GET /company-news/page/1 HTTP/1.1" 301 5 "http://cqqizhou.com/company-news/page/2" "Mozilla/5.0 (Linux; Android 7.0;) AppleWebKit/537.36 (HTML, like Gecko) Mobile Safari/537.36 (compatible; PetalBot;+https://webmaster.petalsearch.com/site/petalbot)"
114.119.144.41 - - [21/Jul/2026:03:11:03 +0800] "GET /company-news HTTP/1.1" 200 20541 "http://cqqizhou.com/company-news/page/2" "Mozilla/5.0 (Linux; Android 7.0;) AppleWebKit/537.36 (HTML, like Gecko) Mobile Safari/537.36 (compatible; PetalBot;+https://webmaster.petalsearch.com/site/petalbot)"
36.133.115.36 - - [21/Jul/2026:03:11:12 +0800] "POST /wp-cron.php?doing_wp_cron=1784574672.5043909549713134765625 HTTP/1.1" 200 31 "-" "WordPress/7.0; http://cqqizhou.com"
182.16.91.102 - - [21/Jul/2026:03:11:12 +0800] "GET /admin-api/system/auth/get-permission-info HTTP/1.1" 404 9499 "-" "Mozilla/5.0 (Windows NT 10.0; WOW64; rv:48.0) Gecko/20100101 Firefox/48.0"
66.240.236.116 - - [21/Jul/2026:03:11:51 +0800] "GET / HTTP/1.1" 301 5 "-" "Mozilla/5.0 zgrab/0.x"
36.133.115.36 - - [21/Jul/2026:03:12:20 +0800] "POST /wp-cron.php?doing_wp_cron=1784574740.8619480133056640625000 HTTP/1.1" 200 31 "-" "WordPress/7.0; http://cqqizhou.com"
183.228.7.194 - - [21/Jul/2026:03:12:20 +0800] "GET /2354 HTTP/1.1" 301 5 "-" "Mozilla/5.0 (Windows NT 10.0; Win64; x64) AppleWebKit/537.36 (KHTML, like Gecko) Chrome/110.0.0.0 Safari/537.36"
183.228.7.194 - - [21/Jul/2026:03:12:22 +0800] "GET /news/2354 HTTP/1.1" 200 24997 "http://cqqizhou.com/2354" "Mozilla/5.0 (Windows NT 10.0; Win64; x64) AppleWebKit/537.36 (KHTML, like Gecko) Chrome/110.0.0.0 Safari/537.36"
36.133.115.36 - - [21/Jul/2026:03:18:05 +0800] "POST /wp-cron.php?doing_wp_cron=1784575085.3958020210266113281250 HTTP/1.1" 200 31 "-" "WordPress/7.0; http://cqqizhou.com"
182.16.91.110 - - [21/Jul/2026:03:18:05 +0800] "GET / HTTP/1.1" 301 5 "-" "Mozilla/5.0 (Windows NT 10.0; WOW64; rv:48.0) Gecko/20100101 Firefox/48.0"
182.16.91.110 - - [21/Jul/2026:03:18:06 +0800] "GET / HTTP/1.1" 200 35524 "-" "Mozilla/5.0 (Windows NT 10.0; WOW64; rv:48.0) Gecko/20100101 Firefox/48.0"
36.133.115.36 - - [21/Jul/2026:03:18:48 +0800] "POST /wp-cron.php?doing_wp_cron=1784575128.4046380519866943359375 HTTP/1.1" 200 31 "-" "WordPress/7.0; http://cqqizhou.com"
204.76.203.81 - - [21/Jul/2026:03:18:48 +0800] "GET / HTTP/1.1" 301 5 "-" "Mozilla/5.0 (Windows NT 10.0; Win64; x64) AppleWebKit/537.36 (KHTML, like Gecko) Chrome/90.0.4430.85 Safari/537.36 Edg/90.0.818.46"
36.133.115.36 - - [21/Jul/2026:03:20:16 +0800] "POST /wp-cron.php?doing_wp_cron=1784575216.0168230533599853515625 HTTP/1.1" 200 31 "-" "WordPress/7.0; http://cqqizhou.com"
182.16.91.106 - - [21/Jul/2026:03:20:16 +0800] "GET / HTTP/1.1" 301 5 "-" "Mozilla/5.0 (Windows NT 10.0; WOW64; rv:48.0) Gecko/20100101 Firefox/48.0"
182.16.91.106 - - [21/Jul/2026:03:20:16 +0800] "GET / HTTP/1.1" 200 35524 "-" "Mozilla/5.0 (Windows NT 10.0; WOW64; rv:48.0) Gecko/20100101 Firefox/48.0"
36.133.115.36 - - [21/Jul/2026:03:33:25 +0800] "POST /wp-cron.php?doing_wp_cron=1784576005.7327411174774169921875 HTTP/1.1" 200 31 "-" "WordPress/7.0; http://cqqizhou.com"
204.76.203.81 - - [21/Jul/2026:03:33:25 +0800] "GET / HTTP/1.1" 301 5 "-" "Mozilla/5.0 (Windows NT 10.0; Win64; x64) AppleWebKit/537.36 (KHTML, like Gecko) Chrome/90.0.4430.85 Safari/537.36 Edg/90.0.818.46"
36.133.115.36 - - [21/Jul/2026:03:36:50 +0800] "POST /wp-cron.php?doing_wp_cron=1784576210.3740799427032470703125 HTTP/1.1" 200 31 "-" "WordPress/7.0; http://cqqizhou.com"
195.182.16.23 - - [21/Jul/2026:03:36:50 +0800] "GET /SDK/webLanguage HTTP/1.1" 301 5 "-" "Mozilla/5.0 (Windows NT 10.0; Win64; x64) AppleWebKit/537.36 (KHTML, like Gecko) Chrome/90.0.4430.85 Safari/537.36 Edg/90.0.818.46"
36.133.115.36 - - [21/Jul/2026:03:41:08 +0800] "POST /wp-cron.php?doing_wp_cron=1784576468.6125819683074951171875 HTTP/1.1" 200 31 "-" "WordPress/7.0; http://cqqizhou.com"
114.119.138.179 - - [21/Jul/2026:03:41:08 +0800] "GET /robots.txt HTTP/1.1" 200 190 "http://cqqizhou.com/robots.txt" "Mozilla/5.0 (compatible;PetalBot;+https://webmaster.petalsearch.com/site/petalbot)"
188.120.240.205 - - [21/Jul/2026:03:42:25 +0800] "GET / HTTP/1.1" 200 35524 "-" "Mozilla/5.0 (Windows NT 10.0; Win64; x64) AppleWebKit/537.36 (KHTML, like Gecko) Chrome/120.0.0.0 Safari/537.36"
36.133.115.36 - - [21/Jul/2026:03:43:18 +0800] "POST /wp-cron.php?doing_wp_cron=1784576598.0286440849304199218750 HTTP/1.1" 200 31 "-" "WordPress/7.0; http://cqqizhou.com"
43.153.115.134 - - [21/Jul/2026:03:43:18 +0800] "GET / HTTP/1.1" 301 5 "-" "Mozilla/5.0 (iPhone; CPU iPhone OS 13_2_3 like Mac OS X) AppleWebKit/605.1.15 (KHTML, like Gecko) Version/13.0.3 Mobile/15E148 Safari/604.1"
43.153.115.134 - - [21/Jul/2026:03:43:19 +0800] "GET / HTTP/1.1" 200 35072 "http://36.133.115.36" "Mozilla/5.0 (iPhone; CPU iPhone OS 13_2_3 like Mac OS X) AppleWebKit/605.1.15 (KHTML, like Gecko) Version/13.0.3 Mobile/15E148 Safari/604.1"
110.249.202.15 - - [21/Jul/2026:03:43:26 +0800] "GET /robots.txt HTTP/1.1" 200 190 "-" "Mozilla/5.0 (Linux; Android 5.0) AppleWebKit/537.36 (KHTML, like Gecko) Mobile Safari/537.36 (compatible; Bytespider; https://zhanzhang.toutiao.com/)"
36.133.115.36 - - [21/Jul/2026:03:47:23 +0800] "POST /wp-cron.php?doing_wp_cron=1784576843.6268479824066162109375 HTTP/1.1" 200 31 "-" "WordPress/7.0; http://cqqizhou.com"
114.119.132.85 - - [21/Jul/2026:03:47:23 +0800] "GET /about/ HTTP/1.1" 301 5 "http://cqqizhou.com/about/" "Mozilla/5.0 (Linux; Android 7.0;) AppleWebKit/537.36 (HTML, like Gecko) Mobile Safari/537.36 (compatible; PetalBot;+https://webmaster.petalsearch.com/site/petalbot)"
114.119.132.85 - - [21/Jul/2026:03:47:24 +0800] "GET /about HTTP/1.1" 200 24679 "http://cqqizhou.com/about/" "Mozilla/5.0 (Linux; Android 7.0;) AppleWebKit/537.36 (HTML, like Gecko) Mobile Safari/537.36 (compatible; PetalBot;+https://webmaster.petalsearch.com/site/petalbot)"
36.133.115.36 - - [21/Jul/2026:04:12:16 +0800] "POST /wp-cron.php?doing_wp_cron=1784578336.5543949604034423828125 HTTP/1.1" 200 31 "-" "WordPress/7.0; http://cqqizhou.com"
43.164.192.151 - - [21/Jul/2026:04:12:16 +0800] "GET / HTTP/1.1" 301 5 "-" "Mozilla/5.0 (iPhone; CPU iPhone OS 13_2_3 like Mac OS X) AppleWebKit/605.1.15 (KHTML, like Gecko) Version/13.0.3 Mobile/15E148 Safari/604.1"
43.164.192.151 - - [21/Jul/2026:04:12:19 +0800] "GET / HTTP/1.1" 200 35073 "http://36.133.115.36" "Mozilla/5.0 (iPhone; CPU iPhone OS 13_2_3 like Mac OS X) AppleWebKit/605.1.15 (KHTML, like Gecko) Version/13.0.3 Mobile/15E148 Safari/604.1"
36.133.115.36 - - [21/Jul/2026:04:29:08 +0800] "POST /wp-cron.php?doing_wp_cron=1784579348.1920759677886962890625 HTTP/1.1" 200 31 "-" "WordPress/7.0; http://cqqizhou.com"
5.61.209.43 - - [21/Jul/2026:04:29:08 +0800] "GET /SDK/webLanguage HTTP/1.1" 301 5 "-" "Mozilla/5.0 (Windows NT 10.0; Win64; x64) AppleWebKit/537.36 (KHTML, like Gecko) Chrome/90.0.4430.85 Safari/537.36 Edg/90.0.818.46"
36.133.115.36 - - [21/Jul/2026:04:30:37 +0800] "POST /wp-cron.php?doing_wp_cron=1784579437.4587221145629882812500 HTTP/1.1" 200 31 "-" "WordPress/7.0; http://cqqizhou.com"
114.119.149.89 - - [21/Jul/2026:04:30:37 +0800] "GET /news/ HTTP/1.1" 301 5 "http://cqqizhou.com/news/" "Mozilla/5.0 (Linux; Android 7.0;) AppleWebKit/537.36 (HTML, like Gecko) Mobile Safari/537.36 (compatible; PetalBot;+https://webmaster.petalsearch.com/site/petalbot)"
114.119.149.89 - - [21/Jul/2026:04:30:38 +0800] "GET /news HTTP/1.1" 200 20057 "http://cqqizhou.com/news/" "Mozilla/5.0 (Linux; Android 7.0;) AppleWebKit/537.36 (HTML, like Gecko) Mobile Safari/537.36 (compatible; PetalBot;+https://webmaster.petalsearch.com/site/petalbot)"
36.133.115.36 - - [21/Jul/2026:04:44:27 +0800] "POST /wp-cron.php?doing_wp_cron=1784580267.9019200801849365234375 HTTP/1.1" 200 31 "-" "WordPress/7.0; http://cqqizhou.com"
160.119.71.9 - - [21/Jul/2026:04:44:28 +0800] "GET / HTTP/1.1" 200 109837 "-" "Mozilla/5.0 (X11; Linux x86_64; rv:144.0) Gecko/20100101 Firefox/144.0"
117.139.32.128 - - [21/Jul/2026:05:06:24 +0800] "GET / HTTP/1.1" 200 35524 "-" "Mozilla/5.0 (Windows NT 10.0) AppleWebKit/537.36 (KHTML, like Gecko) Chrome/70.0.3538.97"
36.133.115.36 - - [21/Jul/2026:05:06:26 +0800] "POST /wp-cron.php?doing_wp_cron=1784581586.6311080455780029296875 HTTP/1.1" 200 31 "-" "WordPress/7.0; http://cqqizhou.com"
61.170.155.113 - - [21/Jul/2026:05:06:26 +0800] "GET / HTTP/1.1" 301 5 "-" "Mozilla/5.0 (Windows NT 6.2; WOW64) AppleWebKit/537.36 (KHTML, like Gecko) Chrome/77.0.3865.40"
61.170.155.113 - - [21/Jul/2026:05:06:26 +0800] "GET http://cqqizhou.com/ HTTP/1.1" 200 35524 "-" "Mozilla/5.0 (Windows NT 6.2; WOW64) AppleWebKit/537.36 (KHTML, like Gecko) Chrome/77.0.3865.40"
36.133.115.36 - - [21/Jul/2026:05:21:26 +0800] "POST /wp-cron.php?doing_wp_cron=1784582486.1825869083404541015625 HTTP/1.1" 200 31 "-" "WordPress/7.0; http://cqqizhou.com"
36.133.108.125 - - [21/Jul/2026:05:21:26 +0800] "HEAD /login HTTP/1.1" 302 0 "-" "Mozilla/5.0 (Windows NT 6.3; rv:36.0) Gecko/20100101 Firefox/36.0"
36.133.108.119 - - [21/Jul/2026:05:21:27 +0800] "GET /login HTTP/1.1" 302 5 "-" "Scrapy/2.8.0 (+https://scrapy.org)"
36.133.115.36 - - [21/Jul/2026:05:57:21 +0800] "POST /wp-cron.php?doing_wp_cron=1784584641.7735249996185302734375 HTTP/1.1" 200 31 "-" "WordPress/7.0; http://cqqizhou.com"
195.182.16.23 - - [21/Jul/2026:05:57:21 +0800] "GET /SDK/webLanguage HTTP/1.1" 301 5 "-" "Mozilla/5.0 (Windows NT 10.0; Win64; x64) AppleWebKit/537.36 (KHTML, like Gecko) Chrome/90.0.4430.85 Safari/537.36 Edg/90.0.818.46"
36.133.115.36 - - [21/Jul/2026:06:13:16 +0800] "POST /wp-cron.php?doing_wp_cron=1784585596.4200708866119384765625 HTTP/1.1" 200 31 "-" "WordPress/7.0; http://cqqizhou.com"
43.164.190.124 - - [21/Jul/2026:06:13:16 +0800] "GET / HTTP/1.1" 200 35072 "-" "Mozilla/5.0 (iPhone; CPU iPhone OS 13_2_3 like Mac OS X) AppleWebKit/605.1.15 (KHTML, like Gecko) Version/13.0.3 Mobile/15E148 Safari/604.1"
36.133.115.36 - - [21/Jul/2026:06:14:26 +0800] "POST /wp-cron.php?doing_wp_cron=1784585666.0016040802001953125000 HTTP/1.1" 200 31 "-" "WordPress/7.0; http://cqqizhou.com"
116.179.32.229 - - [21/Jul/2026:06:14:26 +0800] "GET /news/tag/%E5%AE%89%E5%85%A8%E7%94%9F%E4%BA%A7%E6%9C%88 HTTP/1.1" 200 22899 "-" "Mozilla/5.0 (compatible; Baiduspider/2.0; +http://www.baidu.com/search/spider.html)"
116.179.32.179 - - [21/Jul/2026:06:14:26 +0800] "GET /news/2534 HTTP/1.1" 200 24827 "-" "Mozilla/5.0 (compatible; Baiduspider/2.0; +http://www.baidu.com/search/spider.html)"
36.133.115.36 - - [21/Jul/2026:06:33:13 +0800] "POST /wp-cron.php?doing_wp_cron=1784586792.9643321037292480468750 HTTP/1.1" 200 31 "-" "WordPress/7.0; http://cqqizhou.com"
43.134.91.35 - - [21/Jul/2026:06:33:13 +0800] "GET / HTTP/1.1" 200 35072 "-" "Mozilla/5.0 (iPhone; CPU iPhone OS 13_2_3 like Mac OS X) AppleWebKit/605.1.15 (KHTML, like Gecko) Version/13.0.3 Mobile/15E148 Safari/604.1"
36.133.115.36 - - [21/Jul/2026:06:43:15 +0800] "POST /wp-cron.php?doing_wp_cron=1784587395.5776009559631347656250 HTTP/1.1" 200 31 "-" "WordPress/7.0; http://cqqizhou.com"
216.180.246.105 - - [21/Jul/2026:06:43:15 +0800] "GET / HTTP/1.0" 301 0 "-" "Mozilla/5.0 (compatible; GenomeCrawlerd/1.0; +https://www.nokia.com/genomecrawler)"
36.133.115.36 - - [21/Jul/2026:06:44:39 +0800] "POST /wp-cron.php?doing_wp_cron=1784587479.0775320529937744140625 HTTP/1.1" 200 31 "-" "WordPress/7.0; http://cqqizhou.com"
216.180.246.105 - - [21/Jul/2026:06:44:39 +0800] "GET / HTTP/1.1" 301 5 "-" "Mozilla/5.0 (compatible; GenomeCrawlerd/1.0; +https://www.nokia.com/genomecrawler)"
36.133.115.36 - - [21/Jul/2026:06:46:16 +0800] "POST /wp-cron.php?doing_wp_cron=1784587576.2712581157684326171875 HTTP/1.1" 200 31 "-" "WordPress/7.0; http://cqqizhou.com"
216.180.246.105 - - [21/Jul/2026:06:46:16 +0800] "GET / HTTP/1.0" 301 0 "-" "-"
36.133.115.36 - - [21/Jul/2026:06:49:06 +0800] "POST /wp-cron.php?doing_wp_cron=1784587746.1532120704650878906250 HTTP/1.1" 200 31 "-" "WordPress/7.0; http://cqqizhou.com"
45.198.224.54 - - [21/Jul/2026:06:49:06 +0800] "GET / HTTP/1.1" 200 109842 "-" "-"
36.133.115.36 - - [21/Jul/2026:06:59:31 +0800] "POST /wp-cron.php?doing_wp_cron=1784588371.6579968929290771484375 HTTP/1.1" 200 31 "-" "WordPress/7.0; http://cqqizhou.com"
116.212.156.69 - - [21/Jul/2026:06:59:31 +0800] "GET / HTTP/1.1" 301 5 "-" "Mozilla/5.0 (Windows NT 6.1; Win64; x64; rv:77.0) Gecko/20100101 Firefox/77.0"
103.81.191.118 - - [21/Jul/2026:06:59:33 +0800] "GET / HTTP/1.1" 301 5 "-" "Mozilla/5.0 (Windows NT 6.1; Win64; x64; rv:77.0) Gecko/20100101 Firefox/77.0"
203.171.253.246 - - [21/Jul/2026:06:59:36 +0800] "GET / HTTP/1.1" 301 5 "-" "Mozilla/5.0 (Windows NT 6.1; Win64; x64; rv:77.0) Gecko/20100101 Firefox/77.0"
103.38.205.18 - - [21/Jul/2026:06:59:38 +0800] "GET / HTTP/1.1" 301 5 "-" "Mozilla/5.0 (Windows NT 6.1; Win64; x64; rv:77.0) Gecko/20100101 Firefox/77.0"
202.62.47.40 - - [21/Jul/2026:06:59:40 +0800] "GET / HTTP/1.1" 301 5 "-" "Mozilla/5.0 (Windows NT 6.1; Win64; x64; rv:77.0) Gecko/20100101 Firefox/77.0"
202.21.111.205 - - [21/Jul/2026:06:59:47 +0800] "GET / HTTP/1.1" 301 5 "-" "Mozilla/5.0 (Windows NT 6.1; Win64; x64; rv:77.0) Gecko/20100101 Firefox/77.0"
36.133.115.36 - - [21/Jul/2026:07:02:43 +0800] "POST /wp-cron.php?doing_wp_cron=1784588563.8908610343933105468750 HTTP/1.1" 200 31 "-" "WordPress/7.0; http://cqqizhou.com"
160.119.71.4 - - [21/Jul/2026:07:02:43 +0800] "GET /cgi-bin/luci/;stok=/locale HTTP/1.1" 301 5 "-" "Mozilla/5.0 (Windows NT 10.0; Win64; x64) AppleWebKit/537.36 (KHTML, like Gecko) Chrome/141.0.0.0 Safari/537.36"
36.133.115.36 - - [21/Jul/2026:07:14:38 +0800] "POST /wp-cron.php?doing_wp_cron=1784589278.4981389045715332031250 HTTP/1.1" 200 31 "-" "WordPress/7.0; http://cqqizhou.com"
195.182.16.23 - - [21/Jul/2026:07:14:38 +0800] "GET /SDK/webLanguage HTTP/1.1" 301 5 "-" "Mozilla/5.0 (Windows NT 10.0; Win64; x64) AppleWebKit/537.36 (KHTML, like Gecko) Chrome/90.0.4430.85 Safari/537.36 Edg/90.0.818.46"
36.133.115.36 - - [21/Jul/2026:07:15:14 +0800] "POST /wp-cron.php?doing_wp_cron=1784589314.5847148895263671875000 HTTP/1.1" 200 31 "-" "WordPress/7.0; http://cqqizhou.com"
43.135.133.194 - - [21/Jul/2026:07:15:14 +0800] "GET / HTTP/1.1" 301 5 "-" "Mozilla/5.0 (iPhone; CPU iPhone OS 13_2_3 like Mac OS X) AppleWebKit/605.1.15 (KHTML, like Gecko) Version/13.0.3 Mobile/15E148 Safari/604.1"
43.135.133.194 - - [21/Jul/2026:07:15:17 +0800] "GET / HTTP/1.1" 200 35071 "http://www.cqqizhou.com" "Mozilla/5.0 (iPhone; CPU iPhone OS 13_2_3 like Mac OS X) AppleWebKit/605.1.15 (KHTML, like Gecko) Version/13.0.3 Mobile/15E148 Safari/604.1"
36.133.115.36 - - [21/Jul/2026:07:18:09 +0800] "POST /wp-cron.php?doing_wp_cron=1784589489.6935229301452636718750 HTTP/1.1" 200 31 "-" "WordPress/7.0; http://cqqizhou.com"
220.181.108.159 - - [21/Jul/2026:07:18:09 +0800] "GET /news/portfolio-tag/ansteel-thyssen HTTP/1.1" 200 22968 "-" "Mozilla/5.0 (compatible; Baiduspider/2.0; +http://www.baidu.com/search/spider.html)"
36.133.115.36 - - [21/Jul/2026:07:26:24 +0800] "POST /wp-cron.php?doing_wp_cron=1784589984.3024380207061767578125 HTTP/1.1" 200 31 "-" "WordPress/7.0; http://cqqizhou.com"
1.14.110.85 - - [21/Jul/2026:07:26:24 +0800] "GET / HTTP/1.1" 301 5 "-" "Mozilla/5.0 (iPhone; CPU iPhone OS 13_2_3 like Mac OS X) AppleWebKit/605.1.15 (KHTML, like Gecko) Version/13.0.3 Mobile/15E148 Safari/604.1"
1.14.110.85 - - [21/Jul/2026:07:26:26 +0800] "GET / HTTP/1.1" 200 35069 "http://www.cqqizhou.com" "Mozilla/5.0 (iPhone; CPU iPhone OS 13_2_3 like Mac OS X) AppleWebKit/605.1.15 (KHTML, like Gecko) Version/13.0.3 Mobile/15E148 Safari/604.1"
36.133.115.36 - - [21/Jul/2026:07:38:01 +0800] "POST /wp-cron.php?doing_wp_cron=1784590681.0671460628509521484375 HTTP/1.1" 200 31 "-" "WordPress/7.0; http://cqqizhou.com"
170.106.161.78 - - [21/Jul/2026:07:38:01 +0800] "GET / HTTP/1.1" 301 5 "-" "Mozilla/5.0 (iPhone; CPU iPhone OS 13_2_3 like Mac OS X) AppleWebKit/605.1.15 (KHTML, like Gecko) Version/13.0.3 Mobile/15E148 Safari/604.1"
170.106.161.78 - - [21/Jul/2026:07:38:03 +0800] "GET / HTTP/1.1" 200 35072 "http://36.133.115.36" "Mozilla/5.0 (iPhone; CPU iPhone OS 13_2_3 like Mac OS X) AppleWebKit/605.1.15 (KHTML, like Gecko) Version/13.0.3 Mobile/15E148 Safari/604.1"
36.133.115.36 - - [21/Jul/2026:07:38:36 +0800] "POST /wp-cron.php?doing_wp_cron=1784590716.6023681163787841796875 HTTP/1.1" 200 31 "-" "WordPress/7.0; http://cqqizhou.com"
160.119.71.9 - - [21/Jul/2026:07:38:36 +0800] "GET / HTTP/1.1" 200 109837 "-" "Mozilla/5.0 (X11; Linux x86_64; rv:144.0) Gecko/20100101 Firefox/144.0"
223.75.109.140 - - [21/Jul/2026:07:54:15 +0800] "GET / HTTP/1.1" 200 35524 "-" "Mozilla/5.0 (Macintosh; Intel Mac OS X 10_15_7) AppleWebKit/537.36 (KHTML, like Gecko) Chrome/106.0.0.0 Safari/537.36"
36.133.115.36 - - [21/Jul/2026:08:22:01 +0800] "POST /wp-cron.php?doing_wp_cron=1784593321.4369111061096191406250 HTTP/1.1" 200 31 "-" "WordPress/7.0; http://cqqizhou.com"
195.182.16.23 - - [21/Jul/2026:08:22:01 +0800] "GET /SDK/webLanguage HTTP/1.1" 301 5 "-" "Mozilla/5.0 (Windows NT 10.0; Win64; x64) AppleWebKit/537.36 (KHTML, like Gecko) Chrome/90.0.4430.85 Safari/537.36 Edg/90.0.818.46"
218.11.70.10 - - [21/Jul/2026:08:39:51 +0800] "GET /wp-content/uploads/2025/07/1750945444-honor300%C3%97206_2.webp HTTP/1.1" 200 71296 "http://cqqizhou.com/" "Mozilla/5.0 (Windows NT 10.0; Win64; x64) AppleWebKit/537.36 (KHTML, like Gecko) Chrome/133.0.0.0 Safari/537.36"
36.133.115.36 - - [21/Jul/2026:08:41:26 +0800] "POST /wp-cron.php?doing_wp_cron=1784594486.3395550251007080078125 HTTP/1.1" 200 31 "-" "WordPress/7.0; http://cqqizhou.com"
119.84.246.117 - - [21/Jul/2026:08:41:26 +0800] "GET / HTTP/1.1" 301 5 "-" "Mozilla/5.0 (Windows; U; Windows NT 5.2) AppleWebKit/525.13 (KHTML, like Gecko) Chrome/0.2.149.27 Safari/525.13"
119.84.246.117 - - [21/Jul/2026:08:41:26 +0800] "GET / HTTP/1.1" 200 159688 "-" "Mozilla/5.0 (Windows; U; Windows NT 5.2) AppleWebKit/525.13 (KHTML, like Gecko) Chrome/0.2.149.27 Safari/525.13"
119.84.246.117 - - [21/Jul/2026:08:41:32 +0800] "GET / HTTP/1.1" 301 5 "-" "Mozilla/5.0 (Windows NT 6.1) AppleWebKit/535.12 (KHTML, like Gecko) Maxthon/3.4.2.3000 Chrome/18.0.966.0 Safari/535.12"
119.84.246.117 - - [21/Jul/2026:08:41:32 +0800] "GET / HTTP/1.1" 200 159688 "-" "Mozilla/5.0 (Windows NT 6.1) AppleWebKit/535.12 (KHTML, like Gecko) Maxthon/3.4.2.3000 Chrome/18.0.966.0 Safari/535.12"
119.84.246.117 - - [21/Jul/2026:08:41:33 +0800] "GET / HTTP/1.1" 301 5 "-" "Mozilla/5.0 (Windows NT 6.1; WOW64) AppleWebKit/537.1 (KHTML, like Gecko) Chrome/21.0.1180.89 Safari/537.1"
119.84.246.117 - - [21/Jul/2026:08:41:33 +0800] "GET / HTTP/1.1" 200 159688 "-" "Mozilla/5.0 (Windows NT 6.1; WOW64) AppleWebKit/537.1 (KHTML, like Gecko) Chrome/21.0.1180.89 Safari/537.1"
36.133.115.36 - - [21/Jul/2026:08:54:42 +0800] "POST /wp-cron.php?doing_wp_cron=1784595282.5426650047302246093750 HTTP/1.1" 200 31 "-" "WordPress/7.0; http://cqqizhou.com"
114.119.132.85 - - [21/Jul/2026:08:54:42 +0800] "GET /portfolio-category/cold-rolled-coil/ HTTP/1.1" 404 9498 "http://cqqizhou.com/" "Mozilla/5.0 (Linux; Android 7.0;) AppleWebKit/537.36 (HTML, like Gecko) Mobile Safari/537.36 (compatible; PetalBot;+https://webmaster.petalsearch.com/site/petalbot)"
114.119.138.179 - - [21/Jul/2026:08:56:04 +0800] "GET /wp-content/uploads/2026/05/1779925244-2Article_images_W900px.webp HTTP/1.1" 200 8960 "http://cqqizhou.com/news/2582" "Mozilla/5.0 (Linux; Android 7.0;) AppleWebKit/537.36 (HTML, like Gecko) Mobile Safari/537.36 (compatible; PetalBot;+https://webmaster.petalsearch.com/site/petalbot)"
114.119.138.179 - - [21/Jul/2026:08:57:27 +0800] "GET /wp-content/uploads/2026/02/1770617977-Article_images_W900px.webp HTTP/1.1" 200 43904 "http://cqqizhou.com/news/2483" "Mozilla/5.0 (Linux; Android 7.0;) AppleWebKit/537.36 (HTML, like Gecko) Mobile Safari/537.36 (compatible; PetalBot;+https://webmaster.petalsearch.com/site/petalbot)"
114.119.146.18 - - [21/Jul/2026:09:00:15 +0800] "GET /wp-content/uploads/2025/12/1766388805-Article_images_202507242.webp HTTP/1.1" 200 39882 "http://cqqizhou.com/news/2373" "Mozilla/5.0 (Linux; Android 7.0;) AppleWebKit/537.36 (HTML, like Gecko) Mobile Safari/537.36 (compatible; PetalBot;+https://webmaster.petalsearch.com/site/petalbot)"
36.133.115.36 - - [21/Jul/2026:09:01:22 +0800] "POST /wp-cron.php?doing_wp_cron=1784595682.9527349472045898437500 HTTP/1.1" 200 31 "-" "WordPress/7.0; http://cqqizhou.com"
120.241.127.227 - - [21/Jul/2026:09:01:23 +0800] "GET /logistics HTTP/1.1" 200 31719 "-" "Mozilla/5.0 (Windows NT 10.0; Win64; x64) AppleWebKit/537.36 (KHTML, like Gecko) Chrome/104.0.5112.81 Safari/537.36"
114.119.149.89 - - [21/Jul/2026:09:01:39 +0800] "GET /wp-content/uploads/2025/12/1765248770-20251209104226_107_60.webp HTTP/1.1" 200 66916 "http://cqqizhou.com/news/2339" "Mozilla/5.0 (Linux; Android 7.0;) AppleWebKit/537.36 (HTML, like Gecko) Mobile Safari/537.36 (compatible; PetalBot;+https://webmaster.petalsearch.com/site/petalbot)"
114.119.149.89 - - [21/Jul/2026:09:03:02 +0800] "GET /wp-content/uploads/2025/11/1762908489-QZ_Photo-9.webp HTTP/1.1" 200 149094 "http://cqqizhou.com/media/" "Mozilla/5.0 (Linux; Android 7.0;) AppleWebKit/537.36 (HTML, like Gecko) Mobile Safari/537.36 (compatible; PetalBot;+https://webmaster.petalsearch.com/site/petalbot)"
114.119.146.18 - - [21/Jul/2026:09:04:27 +0800] "GET /wp-content/uploads/2025/07/1753453096-%E5%8F%8C%E7%9B%B8%E9%92%A2product_Single600%C3%97284.webp HTTP/1.1" 200 14562 "http://cqqizhou.com/news/portfolio" "Mozilla/5.0 (Linux; Android 7.0;) AppleWebKit/537.36 (HTML, like Gecko) Mobile Safari/537.36 (compatible; PetalBot;+https://webmaster.petalsearch.com/site/petalbot)"
114.119.149.89 - - [21/Jul/2026:09:05:52 +0800] "GET /wp-content/uploads/2025/07/1753451773-%E5%86%B7%E8%BD%A7%E5%8D%B7roduct_Single600.webp HTTP/1.1" 200 23024 "http://cqqizhou.com/news/portfolio" "Mozilla/5.0 (Linux; Android 7.0;) AppleWebKit/537.36 (HTML, like Gecko) Mobile Safari/537.36 (compatible; PetalBot;+https://webmaster.petalsearch.com/site/petalbot)"
36.133.115.36 - - [21/Jul/2026:09:07:16 +0800] "POST /wp-cron.php?doing_wp_cron=1784596036.4932229518890380859375 HTTP/1.1" 200 31 "-" "WordPress/7.0; http://cqqizhou.com"
114.119.144.41 - - [21/Jul/2026:09:07:16 +0800] "GET /news/portfolio/duplex-stainless-steel HTTP/1.1" 200 19287 "http://cqqizhou.com/news/portfolio-category/dual-phase-steel" "Mozilla/5.0 (Linux; Android 7.0;) AppleWebKit/537.36 (HTML, like Gecko) Mobile Safari/537.36 (compatible; PetalBot;+https://webmaster.petalsearch.com/site/petalbot)"
36.133.115.36 - - [21/Jul/2026:09:08:47 +0800] "POST /wp-cron.php?doing_wp_cron=1784596127.7588500976562500000000 HTTP/1.1" 200 31 "-" "WordPress/7.0; http://cqqizhou.com"
114.119.140.169 - - [21/Jul/2026:09:08:47 +0800] "GET /news/portfolio-tag/pangang HTTP/1.1" 200 18240 "http://cqqizhou.com/news/portfolio/%e5%86%b7%e8%bd%a7%e6%9d%bf" "Mozilla/5.0 (Linux; Android 7.0;) AppleWebKit/537.36 (HTML, like Gecko) Mobile Safari/537.36 (compatible; PetalBot;+https://webmaster.petalsearch.com/site/petalbot)"
36.133.115.36 - - [21/Jul/2026:09:10:23 +0800] "POST /wp-cron.php?doing_wp_cron=1784596223.5861830711364746093750 HTTP/1.1" 200 31 "-" "WordPress/7.0; http://cqqizhou.com"
114.119.132.85 - - [21/Jul/2026:09:10:23 +0800] "GET /news/portfolio-category/pickled-coil HTTP/1.1" 200 18228 "http://cqqizhou.com/news/portfolio-category/pickled-coil" "Mozilla/5.0 (Linux; Android 7.0;) AppleWebKit/537.36 (HTML, like Gecko) Mobile Safari/537.36 (compatible; PetalBot;+https://webmaster.petalsearch.com/site/petalbot)"
36.133.115.36 - - [21/Jul/2026:09:12:50 +0800] "POST /wp-cron.php?doing_wp_cron=1784596370.3537230491638183593750 HTTP/1.1" 200 31 "-" "WordPress/7.0; http://cqqizhou.com"
114.119.149.89 - - [21/Jul/2026:09:12:50 +0800] "GET /news/2440 HTTP/1.1" 200 22241 "http://cqqizhou.com/company-news/page/2" "Mozilla/5.0 (Linux; Android 7.0;) AppleWebKit/537.36 (HTML, like Gecko) Mobile Safari/537.36 (compatible; PetalBot;+https://webmaster.petalsearch.com/site/petalbot)"
36.133.115.36 - - [21/Jul/2026:09:15:38 +0800] "POST /wp-cron.php?doing_wp_cron=1784596538.5598959922790527343750 HTTP/1.1" 200 31 "-" "WordPress/7.0; http://cqqizhou.com"
114.119.138.179 - - [21/Jul/2026:09:15:38 +0800] "GET /news/2215 HTTP/1.1" 200 20664 "http://cqqizhou.com/news/page/4" "Mozilla/5.0 (Linux; Android 7.0;) AppleWebKit/537.36 (HTML, like Gecko) Mobile Safari/537.36 (compatible; PetalBot;+https://webmaster.petalsearch.com/site/petalbot)"
36.133.115.36 - - [21/Jul/2026:09:17:02 +0800] "POST /wp-cron.php?doing_wp_cron=1784596621.9786200523376464843750 HTTP/1.1" 200 31 "-" "WordPress/7.0; http://cqqizhou.com"
114.119.149.89 - - [21/Jul/2026:09:17:02 +0800] "GET /company-news/page/1 HTTP/1.1" 301 5 "http://cqqizhou.com/company-news/page/2" "Mozilla/5.0 (Linux; Android 7.0;) AppleWebKit/537.36 (HTML, like Gecko) Mobile Safari/537.36 (compatible; PetalBot;+https://webmaster.petalsearch.com/site/petalbot)"
114.119.149.89 - - [21/Jul/2026:09:17:03 +0800] "GET /company-news HTTP/1.1" 200 20542 "http://cqqizhou.com/company-news/page/2" "Mozilla/5.0 (Linux; Android 7.0;) AppleWebKit/537.36 (HTML, like Gecko) Mobile Safari/537.36 (compatible; PetalBot;+https://webmaster.petalsearch.com/site/petalbot)"
36.133.115.36 - - [21/Jul/2026:09:43:50 +0800] "POST /wp-cron.php?doing_wp_cron=1784598230.0495300292968750000000 HTTP/1.1" 200 31 "-" "WordPress/7.0; http://cqqizhou.com"
110.249.201.136 - - [21/Jul/2026:09:43:50 +0800] "GET /robots.txt HTTP/1.1" 200 190 "-" "Mozilla/5.0 (Linux; Android 5.0) AppleWebKit/537.36 (KHTML, like Gecko) Mobile Safari/537.36 (compatible; Bytespider; https://zhanzhang.toutiao.com/)"
36.133.115.36 - - [21/Jul/2026:09:47:49 +0800] "POST /wp-cron.php?doing_wp_cron=1784598469.6556179523468017578125 HTTP/1.1" 200 31 "-" "WordPress/7.0; http://cqqizhou.com"
110.249.202.33 - - [21/Jul/2026:09:47:49 +0800] "GET /2160/ HTTP/1.1" 301 5 "-" "Mozilla/5.0 (Linux; Android 5.0) AppleWebKit/537.36 (KHTML, like Gecko) Mobile Safari/537.36 (compatible; Bytespider; https://zhanzhang.toutiao.com/)"
110.249.202.33 - - [21/Jul/2026:09:47:51 +0800] "GET /news/2160 HTTP/1.1" 200 26030 "-" "Mozilla/5.0 (Linux; Android 5.0) AppleWebKit/537.36 (KHTML, like Gecko) Mobile Safari/537.36 (compatible; Bytespider; https://zhanzhang.toutiao.com/)"
110.249.202.33 - - [21/Jul/2026:09:47:51 +0800] "GET /wp-content/uploads/2025/07/1753454299-Article_images_W900px-768x432.webp HTTP/1.1" 206 500 "http://cqqizhou.com/news/2160" "Mozilla/5.0 (Linux; Android 5.0) AppleWebKit/537.36 (KHTML, like Gecko) Mobile Safari/537.36 (compatible; Bytespider; https://zhanzhang.toutiao.com/)"
110.249.202.249 - - [21/Jul/2026:09:47:51 +0800] "GET /wp-content/uploads/2026/02/1769999241-4.2%E7%B1%B3%E9%AB%98%E6%A0%8F%E8%B4%A7%E8%BD%A6-768x432.webp HTTP/1.1" 206 500 "http://cqqizhou.com/news/2160" "Mozilla/5.0 (Linux; Android 5.0) AppleWebKit/537.36 (KHTML, like Gecko) Mobile Safari/537.36 (compatible; Bytespider; https://zhanzhang.toutiao.com/)"
110.249.202.53 - - [21/Jul/2026:09:47:51 +0800] "GET /wp-content/uploads/2026/01/1770349139-202624Article_images_W900%C3%97500px20260--768x427.webp HTTP/1.1" 206 500 "http://cqqizhou.com/news/2160" "Mozilla/5.0 (Linux; Android 5.0) AppleWebKit/537.36 (KHTML, like Gecko) Mobile Safari/537.36 (compatible; Bytespider; https://zhanzhang.toutiao.com/)"
36.133.115.36 - - [21/Jul/2026:10:07:36 +0800] "POST /wp-cron.php?doing_wp_cron=1784599656.0117750167846679687500 HTTP/1.1" 200 31 "-" "WordPress/7.0; http://cqqizhou.com"
5.61.209.43 - - [21/Jul/2026:10:07:36 +0800] "GET /SDK/webLanguage HTTP/1.1" 301 5 "-" "Mozilla/5.0 (Windows NT 10.0; Win64; x64) AppleWebKit/537.36 (KHTML, like Gecko) Chrome/90.0.4430.85 Safari/537.36 Edg/90.0.818.46"
36.133.115.36 - - [21/Jul/2026:10:16:13 +0800] "POST /wp-cron.php?doing_wp_cron=1784600173.7776389122009277343750 HTTP/1.1" 200 31 "-" "WordPress/7.0; http://cqqizhou.com"
34.34.143.113 - - [21/Jul/2026:10:16:13 +0800] "GET / HTTP/1.1" 200 35072 "-" "Mozilla/5.0 (Windows NT 10.0; Win64; x64) AppleWebKit/537.36 (KHTML, like Gecko) Chrome/127.0.0.0 Safari/537.36"
36.133.115.36 - - [21/Jul/2026:10:47:42 +0800] "POST /wp-cron.php?doing_wp_cron=1784602062.8969709873199462890625 HTTP/1.1" 200 31 "-" "WordPress/7.0; http://cqqizhou.com"
36.133.108.119 - - [21/Jul/2026:10:47:42 +0800] "GET /qz/editor-app/configuration/properties/task-listeners-display-template.html?version=1784248871771 HTTP/1.1" 301 5 "-" "Scrapy/2.8.0 (+https://scrapy.org)"
36.133.108.119 - - [21/Jul/2026:10:47:44 +0800] "GET /qz/editor-app/configuration/properties/task-listeners-display-template.html?version=1784248871771 HTTP/1.1" 404 9498 "-" "Scrapy/2.8.0 (+https://scrapy.org)"
36.133.115.36 - - [21/Jul/2026:10:51:04 +0800] "POST /wp-cron.php?doing_wp_cron=1784602264.8146739006042480468750 HTTP/1.1" 200 31 "-" "WordPress/7.0; http://cqqizhou.com"
160.119.71.9 - - [21/Jul/2026:10:51:05 +0800] "GET / HTTP/1.1" 200 109837 "-" "Mozilla/5.0 (X11; Linux x86_64; rv:144.0) Gecko/20100101 Firefox/144.0"
36.133.115.36 - - [21/Jul/2026:11:01:11 +0800] "POST /wp-cron.php?doing_wp_cron=1784602871.8641180992126464843750 HTTP/1.1" 200 31 "-" "WordPress/7.0; http://cqqizhou.com"
43.165.170.119 - - [21/Jul/2026:11:01:11 +0800] "GET / HTTP/1.1" 301 5 "-" "Mozilla/5.0 (iPhone; CPU iPhone OS 13_2_3 like Mac OS X) AppleWebKit/605.1.15 (KHTML, like Gecko) Version/13.0.3 Mobile/15E148 Safari/604.1"
43.165.170.119 - - [21/Jul/2026:11:01:13 +0800] "GET / HTTP/1.1" 200 35073 "http://www.cqqizhou.com" "Mozilla/5.0 (iPhone; CPU iPhone OS 13_2_3 like Mac OS X) AppleWebKit/605.1.15 (KHTML, like Gecko) Version/13.0.3 Mobile/15E148 Safari/604.1"
36.133.115.36 - - [21/Jul/2026:11:06:11 +0800] "POST /wp-cron.php?doing_wp_cron=1784603171.6410410404205322265625 HTTP/1.1" 200 31 "-" "WordPress/7.0; http://cqqizhou.com"
120.241.209.224 - - [21/Jul/2026:11:06:11 +0800] "GET /material.html HTTP/1.1" 404 9497 "-" "Mozilla/5.0 (Windows NT 10.0; Win64; x64) AppleWebKit/537.36 (KHTML, like Gecko) Chrome/109.0.0.0 Safari/537.36"
36.133.115.36 - - [21/Jul/2026:11:08:36 +0800] "POST /wp-cron.php?doing_wp_cron=1784603316.0840740203857421875000 HTTP/1.1" 200 31 "-" "WordPress/7.0; http://cqqizhou.com"
111.225.148.136 - - [21/Jul/2026:11:08:36 +0800] "GET / HTTP/1.1" 200 35072 "-" "Mozilla/5.0 (Linux; Android 5.0) AppleWebKit/537.36 (KHTML, like Gecko) Mobile Safari/537.36 (compatible; Bytespider; https://zhanzhang.toutiao.com/)"
36.133.115.36 - - [21/Jul/2026:11:26:12 +0800] "POST /wp-cron.php?doing_wp_cron=1784604372.9335238933563232421875 HTTP/1.1" 200 31 "-" "WordPress/7.0; http://cqqizhou.com"
39.69.243.204 - - [21/Jul/2026:11:26:12 +0800] "GET /material.html HTTP/1.1" 404 9498 "-" "Mozilla/5.0 (Windows NT 10.0; Win64; x64) AppleWebKit/537.36 (KHTML, like Gecko) Chrome/131.0.0.0 Safari/537.36"
