File: //home/logs/cqqizhou_access_2026-07-20.log
36.133.115.36 - - [20/Jul/2026:00:03:01 +0800] "POST /wp-cron.php?doing_wp_cron=1784476981.9510049819946289062500 HTTP/1.1" 200 31 "-" "WordPress/7.0; http://cqqizhou.com"
192.186.131.220 - - [20/Jul/2026:00:03:01 +0800] "GET /contacts HTTP/1.1" 200 22261 "-" "Mozilla/5.0 (Windows NT 10.0; Win64; x64; rv:151.0) Gecko/20100101 Firefox/151.0"
36.133.115.36 - - [20/Jul/2026:00:03:40 +0800] "POST /wp-cron.php?doing_wp_cron=1784477020.6411089897155761718750 HTTP/1.1" 200 31 "-" "WordPress/7.0; http://cqqizhou.com"
202.4.124.58 - - [20/Jul/2026:00:03:41 +0800] "GET / HTTP/1.1" 200 158029 "-" "Mozilla/5.0 (Windows NT 10.0; WOW64) AppleWebKit/537.36 (KHTML, like Gecko) Chrome/51.0.2704.103 Safari/537.36"
36.133.115.36 - - [20/Jul/2026:00:42:30 +0800] "POST /wp-cron.php?doing_wp_cron=1784479350.5950839519500732421875 HTTP/1.1" 200 31 "-" "WordPress/7.0; http://cqqizhou.com"
43.165.127.225 - - [20/Jul/2026:00:42:30 +0800] "GET / HTTP/1.1" 301 5 "-" "Mozilla/5.0 (iPhone; CPU iPhone OS 13_2_3 like Mac OS X) AppleWebKit/605.1.15 (KHTML, like Gecko) Version/13.0.3 Mobile/15E148 Safari/604.1"
43.165.127.225 - - [20/Jul/2026:00:42:33 +0800] "GET / HTTP/1.1" 200 35080 "http://36.133.115.36" "Mozilla/5.0 (iPhone; CPU iPhone OS 13_2_3 like Mac OS X) AppleWebKit/605.1.15 (KHTML, like Gecko) Version/13.0.3 Mobile/15E148 Safari/604.1"
36.133.115.36 - - [20/Jul/2026:00:44:18 +0800] "POST /wp-cron.php?doing_wp_cron=1784479458.3333621025085449218750 HTTP/1.1" 200 31 "-" "WordPress/7.0; http://cqqizhou.com"
36.133.24.247 - - [20/Jul/2026:00:44:18 +0800] "GET /nacos/ HTTP/1.1" 404 9498 "-" "Mozilla/5.0 (Linux; Android 10; SM-G981B) AppleWebKit/537.36 (KHTML, like Gecko) Chrome/80.0.3987.162 Mobile Safari/537.36"
36.133.115.36 - - [20/Jul/2026:00:46:27 +0800] "POST /wp-cron.php?doing_wp_cron=1784479587.5744469165802001953125 HTTP/1.1" 200 31 "-" "WordPress/7.0; http://cqqizhou.com"
160.119.71.9 - - [20/Jul/2026:00:46:28 +0800] "GET / HTTP/1.1" 200 109837 "-" "Mozilla/5.0 (X11; Linux x86_64; rv:144.0) Gecko/20100101 Firefox/144.0"
36.133.115.36 - - [20/Jul/2026:00:56:13 +0800] "POST /wp-cron.php?doing_wp_cron=1784480173.3054790496826171875000 HTTP/1.1" 200 31 "-" "WordPress/7.0; http://cqqizhou.com"
220.181.108.146 - - [20/Jul/2026:00:56:13 +0800] "GET /news/2559 HTTP/1.1" 200 24783 "-" "Mozilla/5.0 (compatible; Baiduspider/2.0; +http://www.baidu.com/search/spider.html)"
116.179.37.210 - - [20/Jul/2026:00:57:28 +0800] "GET /wp-content/uploads/2026/04/1777513411-2Article_images_W900px.webp HTTP/1.1" 200 50748 "http://cqqizhou.com/news/2559" "Mozilla/5.0 (compatible; Baiduspider-render/2.0; +http://www.baidu.com/search/spider.html)"
114.119.149.89 - - [20/Jul/2026:01:02:01 +0800] "GET /wp-content/uploads/2026/06/1781880807-Article_images_W900px.webp HTTP/1.1" 200 25354 "http://cqqizhou.com/news/2597" "Mozilla/5.0 (Linux; Android 7.0;) AppleWebKit/537.36 (HTML, like Gecko) Mobile Safari/537.36 (compatible; PetalBot;+https://webmaster.petalsearch.com/site/petalbot)"
182.204.180.175 - - [20/Jul/2026:01:18:19 +0800] "GET / HTTP/1.1" 200 35523 "-" "Mozilla/5.0 (Macintosh; Intel Mac OS X 10_15_7) AppleWebKit/537.36 (KHTML, like Gecko) Chrome/132.0.0.0 Safari/537.36"
180.153.236.72 - - [20/Jul/2026:01:23:16 +0800] "GET / HTTP/1.1" 200 35523 "http://cqqizhou.com" "Mozilla/5.0 (Windows NT 10.0; Win64; x64) AppleWebKit/537.36 (KHTML, like Gecko) Chrome/140.0.0.0 Safari/537.36 Edg/140.0.0.0; 360Spider"
36.133.115.36 - - [20/Jul/2026:01:24:05 +0800] "POST /wp-cron.php?doing_wp_cron=1784481845.4876790046691894531250 HTTP/1.1" 200 31 "-" "WordPress/7.0; http://cqqizhou.com"
180.153.197.108 - - [20/Jul/2026:01:24:05 +0800] "GET /robots.txt HTTP/1.1" 200 190 "http://cqqizhou.com/robots.txt" "Mozilla/5.0 (Windows NT 10.0; Win64; x64) AppleWebKit/537.36 (KHTML, like Gecko) Chrome/101.0.4951.64 Safari/537.36 Edg/101.0.1210.47"
180.153.236.130 - - [20/Jul/2026:01:27:16 +0800] "GET / HTTP/1.1" 200 35523 "-" "Mozilla/5.0 (Windows NT 10.0; Win64; x64) AppleWebKit/537.36 (KHTML, like Gecko) Chrome/140.0.0.0 Safari/537.36 Edg/140.0.0.0; 360Spider"
180.153.236.141 - - [20/Jul/2026:01:27:33 +0800] "GET / HTTP/1.1" 200 35523 "-" "Mozilla/5.0 (Windows NT 10.0; Win64; x64) AppleWebKit/537.36 (KHTML, like Gecko) Chrome/140.0.0.0 Safari/537.36 Edg/140.0.0.0; 360Spider"
36.133.115.36 - - [20/Jul/2026:01:32:54 +0800] "POST /wp-cron.php?doing_wp_cron=1784482374.3829259872436523437500 HTTP/1.1" 200 31 "-" "WordPress/7.0; http://cqqizhou.com"
115.159.33.43 - - [20/Jul/2026:01:32:54 +0800] "GET / HTTP/1.1" 301 5 "-" "Mozilla/5.0 (Windows NT 10.0; Win64; x64) AppleWebKit/537.36 (KHTML, like Gecko) Chrome/79.0.3945.117 Safari/537.36"
36.133.115.36 - - [20/Jul/2026:01:33:27 +0800] "POST /wp-cron.php?doing_wp_cron=1784482407.1612830162048339843750 HTTP/1.1" 200 31 "-" "WordPress/7.0; http://cqqizhou.com"
114.119.132.85 - - [20/Jul/2026:01:33:27 +0800] "GET /robots.txt HTTP/1.1" 200 190 "http://cqqizhou.com/robots.txt" "Mozilla/5.0 (compatible;PetalBot;+https://webmaster.petalsearch.com/site/petalbot)"
36.133.115.36 - - [20/Jul/2026:01:38:13 +0800] "POST /wp-cron.php?doing_wp_cron=1784482693.6709320545196533203125 HTTP/1.1" 200 31 "-" "WordPress/7.0; http://cqqizhou.com"
1.196.78.133 - - [20/Jul/2026:01:38:18 +0800] "GET /boaform/admin/formLogin?username=ec8&psd=ec8 HTTP/1.0" 404 32849 "-" "-"
36.133.115.36 - - [20/Jul/2026:01:51:00 +0800] "POST /wp-cron.php?doing_wp_cron=1784483460.9283580780029296875000 HTTP/1.1" 200 31 "-" "WordPress/7.0; http://cqqizhou.com"
54.39.89.231 - - [20/Jul/2026:01:51:00 +0800] "GET /robots.txt HTTP/1.1" 200 190 "-" "Mozilla/5.0 (compatible; AhrefsBot/7.0; +http://ahrefs.com/robot/)"
198.244.242.142 - - [20/Jul/2026:01:51:03 +0800] "GET /2162/ HTTP/1.1" 301 5 "-" "Mozilla/5.0 (compatible; AhrefsBot/7.0; +http://ahrefs.com/robot/)"
39.190.155.74 - - [20/Jul/2026:01:52:28 +0800] "GET / HTTP/1.1" 200 35523 "-" "Mozilla/5.0 (Macintosh; Intel Mac OS X 10_15_7) AppleWebKit/537.36 (KHTML, like Gecko) Chrome/106.0.0.0 Safari/537.36"
36.133.115.36 - - [20/Jul/2026:02:10:14 +0800] "POST /wp-cron.php?doing_wp_cron=1784484614.5434150695800781250000 HTTP/1.1" 200 31 "-" "WordPress/7.0; http://cqqizhou.com"
195.182.16.23 - - [20/Jul/2026:02:10:14 +0800] "GET /SDK/webLanguage HTTP/1.1" 301 5 "-" "Mozilla/5.0 (Windows NT 10.0; Win64; x64) AppleWebKit/537.36 (KHTML, like Gecko) Chrome/90.0.4430.85 Safari/537.36 Edg/90.0.818.46"
36.133.115.36 - - [20/Jul/2026:02:14:55 +0800] "POST /wp-cron.php?doing_wp_cron=1784484895.3990230560302734375000 HTTP/1.1" 200 31 "-" "WordPress/7.0; http://cqqizhou.com"
204.76.203.81 - - [20/Jul/2026:02:14:55 +0800] "GET / HTTP/1.1" 200 158029 "-" "Hello World/1.0"
36.133.115.36 - - [20/Jul/2026:02:30:24 +0800] "POST /wp-cron.php?doing_wp_cron=1784485824.3201119899749755859375 HTTP/1.1" 200 31 "-" "WordPress/7.0; http://cqqizhou.com"
176.56.38.168 - - [20/Jul/2026:02:30:24 +0800] "GET /about HTTP/1.1" 200 25034 "-" "Mozilla/5.0 (Windows NT 10.0; Win64; x64) AppleWebKit/537.36 (KHTML, like Gecko) Chrome/149.0.0.0 Safari/537.36 Edg/149.0.0.0"
36.133.115.36 - - [20/Jul/2026:02:44:05 +0800] "POST /wp-cron.php?doing_wp_cron=1784486645.3548269271850585937500 HTTP/1.1" 200 31 "-" "WordPress/7.0; http://cqqizhou.com"
62.60.130.223 - - [20/Jul/2026:02:44:05 +0800] "GET /.vscode/sftp.json HTTP/1.1" 404 9497 "-" "Mozilla/5.0 (Windows NT 10.0; Win64; x64) AppleWebKit/537.36 (KHTML, like Gecko) Chrome/114.0.0.0 Safari/537.36"
62.60.130.223 - - [20/Jul/2026:02:44:06 +0800] "GET /sftp-config.json HTTP/1.1" 404 9498 "-" "Mozilla/5.0 (Windows NT 10.0; Win64; x64) AppleWebKit/537.36 (KHTML, like Gecko) Chrome/114.0.0.0 Safari/537.36"
36.133.115.36 - - [20/Jul/2026:02:56:13 +0800] "POST /wp-cron.php?doing_wp_cron=1784487373.9304070472717285156250 HTTP/1.1" 200 31 "-" "WordPress/7.0; http://cqqizhou.com"
114.119.146.18 - - [20/Jul/2026:02:56:13 +0800] "GET /news HTTP/1.1" 200 20056 "http://cqqizhou.com/news" "Mozilla/5.0 (Linux; Android 7.0;) AppleWebKit/537.36 (HTML, like Gecko) Mobile Safari/537.36 (compatible; PetalBot;+https://webmaster.petalsearch.com/site/petalbot)"
36.133.115.36 - - [20/Jul/2026:03:13:22 +0800] "POST /wp-cron.php?doing_wp_cron=1784488402.0781180858612060546875 HTTP/1.1" 200 31 "-" "WordPress/7.0; http://cqqizhou.com"
116.179.32.230 - - [20/Jul/2026:03:13:22 +0800] "GET /news/2418 HTTP/1.1" 200 27844 "-" "Mozilla/5.0 (compatible; Baiduspider/2.0; +http://www.baidu.com/search/spider.html)"
116.179.32.242 - - [20/Jul/2026:03:13:23 +0800] "GET /2388/ HTTP/1.1" 301 5 "-" "Mozilla/5.0 (compatible; Baiduspider/2.0; +http://www.baidu.com/search/spider.html)"
36.133.115.36 - - [20/Jul/2026:03:13:23 +0800] "POST /wp-cron.php?doing_wp_cron=1784488403.3003890514373779296875 HTTP/1.1" 200 31 "-" "WordPress/7.0; http://cqqizhou.com"
220.181.108.177 - - [20/Jul/2026:03:13:23 +0800] "GET /news/2547 HTTP/1.1" 200 25207 "-" "Mozilla/5.0 (compatible; Baiduspider/2.0; +http://www.baidu.com/search/spider.html)"
116.179.32.26 - - [20/Jul/2026:03:13:24 +0800] "GET /news/2388 HTTP/1.1" 200 21401 "-" "Mozilla/5.0 (compatible; Baiduspider/2.0; +http://www.baidu.com/search/spider.html)"
116.179.37.210 - - [20/Jul/2026:03:13:25 +0800] "GET /wp-content/uploads/2026/04/1775698330-3Article_images_W900px.webp HTTP/1.1" 200 38520 "http://cqqizhou.com/news/2547" "Mozilla/5.0 (compatible; Baiduspider-render/2.0; +http://www.baidu.com/search/spider.html)"
116.179.37.120 - - [20/Jul/2026:03:13:25 +0800] "GET /wp-content/uploads/2026/06/1782708718-1Article_images_W900px.webp HTTP/1.1" 200 54948 "http://cqqizhou.com/news/2547" "Mozilla/5.0 (compatible; Baiduspider-render/2.0; +http://www.baidu.com/search/spider.html)"
116.179.37.20 - - [20/Jul/2026:03:13:25 +0800] "GET /wp-content/uploads/2025/12/1766647831-Article_images_202512254.webp HTTP/1.1" 200 55610 "http://cqqizhou.com/news/2388" "Mozilla/5.0 (compatible; Baiduspider-render/2.0; +http://www.baidu.com/search/spider.html)"
116.179.37.112 - - [20/Jul/2026:03:13:25 +0800] "GET /wp-content/uploads/2025/12/1766647830-Article_images_202512252.webp HTTP/1.1" 200 84832 "http://cqqizhou.com/news/2388" "Mozilla/5.0 (compatible; Baiduspider-render/2.0; +http://www.baidu.com/search/spider.html)"
116.179.37.141 - - [20/Jul/2026:03:13:25 +0800] "GET /wp-content/uploads/2025/12/1766647831-Article_images_202512253.webp HTTP/1.1" 200 115480 "http://cqqizhou.com/news/2388" "Mozilla/5.0 (compatible; Baiduspider-render/2.0; +http://www.baidu.com/search/spider.html)"
36.133.115.36 - - [20/Jul/2026:03:14:48 +0800] "POST /wp-cron.php?doing_wp_cron=1784488488.4047319889068603515625 HTTP/1.1" 200 31 "-" "WordPress/7.0; http://cqqizhou.com"
51.79.191.235 - - [20/Jul/2026:03:14:51 +0800] "POST /?rest_route=/batch/v1 HTTP/1.1" 207 1700282 "-" "cve-2026-63030/1.0"
51.79.191.235 - - [20/Jul/2026:03:15:01 +0800] "GET /?rest_route=%2Fwp%2Fv2%2Fposts&per_page=1&_fields=link HTTP/1.1" 200 57 "-" "cve-2026-63030/1.0"
36.133.115.36 - - [20/Jul/2026:03:15:11 +0800] "POST /wp-cron.php?doing_wp_cron=1784488511.1033799648284912109375 HTTP/1.1" 200 31 "-" "WordPress/7.0; http://cqqizhou.com"
51.79.191.235 - - [20/Jul/2026:03:15:11 +0800] "POST /?rest_route=/batch/v1 HTTP/1.1" 207 926 "-" "cve-2026-63030/1.0"
51.79.191.235 - - [20/Jul/2026:03:15:24 +0800] "POST /?rest_route=/batch/v1 HTTP/1.1" 207 1700470 "-" "cve-2026-63030/1.0"
51.79.191.235 - - [20/Jul/2026:03:15:46 +0800] "POST /?rest_route=/batch/v1 HTTP/1.1" 207 1700519 "-" "cve-2026-63030/1.0"
51.79.191.235 - - [20/Jul/2026:03:16:02 +0800] "POST /?rest_route=/batch/v1 HTTP/1.1" 207 1700552 "-" "cve-2026-63030/1.0"
51.79.191.235 - - [20/Jul/2026:03:16:09 +0800] "POST /?rest_route=/batch/v1 HTTP/1.1" 207 1700468 "-" "cve-2026-63030/1.0"
36.133.115.36 - - [20/Jul/2026:03:16:15 +0800] "POST /wp-cron.php?doing_wp_cron=1784488575.0711541175842285156250 HTTP/1.1" 200 31 "-" "WordPress/7.0; http://cqqizhou.com"
51.79.191.235 - - [20/Jul/2026:03:16:17 +0800] "POST /?rest_route=/batch/v1 HTTP/1.1" 207 1700468 "-" "cve-2026-63030/1.0"
51.79.191.235 - - [20/Jul/2026:03:16:29 +0800] "POST /?rest_route=/batch/v1 HTTP/1.1" 207 1700468 "-" "cve-2026-63030/1.0"
51.79.191.235 - - [20/Jul/2026:03:16:38 +0800] "GET /wp-login.php HTTP/1.1" 200 8377 "-" "cve-2026-63030/1.0"
51.79.191.235 - - [20/Jul/2026:03:16:39 +0800] "POST /?rest_route=/batch/v1 HTTP/1.1" 207 3704 "-" "cve-2026-63030/1.0"
51.79.191.235 - - [20/Jul/2026:03:16:54 +0800] "GET /wp-admin/ HTTP/1.1" 200 382632 "-" "cve-2026-63030/1.0"
51.79.191.235 - - [20/Jul/2026:03:16:54 +0800] "POST /wp-login.php HTTP/1.1" 302 5 "-" "cve-2026-63030/1.0"
51.79.191.235 - - [20/Jul/2026:03:17:14 +0800] "GET /wp-admin/plugin-install.php?tab=upload HTTP/1.1" 200 109400 "-" "cve-2026-63030/1.0"
36.133.115.36 - - [20/Jul/2026:03:20:17 +0800] "POST /wp-cron.php?doing_wp_cron=1784488817.2920820713043212890625 HTTP/1.1" 200 31 "-" "WordPress/7.0; http://cqqizhou.com"
110.138.1.209 - - [20/Jul/2026:03:20:17 +0800] "GET /wp-login.php HTTP/1.1" 200 2821 "-" "Mozilla/5.0 (Windows NT 10.0; Win64; x64) AppleWebKit/537.36 (KHTML, like Gecko) Chrome/150.0.0.0 Safari/537.36"
110.138.1.209 - - [20/Jul/2026:03:20:40 +0800] "POST /wp-login.php HTTP/1.1" 200 31 "http://cqqizhou.com/wp-login.php" "Mozilla/5.0 (Windows NT 10.0; Win64; x64) AppleWebKit/537.36 (KHTML, like Gecko) Chrome/150.0.0.0 Safari/537.36"
110.138.1.209 - - [20/Jul/2026:03:20:48 +0800] "GET /wp-admin/plugin-install.php HTTP/1.1" 200 85369 "http://cqqizhou.com/wp-login.php" "Mozilla/5.0 (Windows NT 10.0; Win64; x64) AppleWebKit/537.36 (KHTML, like Gecko) Chrome/150.0.0.0 Safari/537.36"
110.138.1.209 - - [20/Jul/2026:03:20:48 +0800] "GET /wp-admin/load-styles.php?c=0&dir=ltr&load%5Bchunk_0%5D=dashicons,admin-bar,common,forms,admin-menu,dashboard,list-tables,edit,revisions,media,themes,about,nav-menus,wp-pointer,widgets&load%5Bchunk_1%5D=,site-icon,l10n,wp-base-styles,buttons,media-views,wp-color-picker,editor-buttons,wp-auth-check,wp-components,wp-commands&ver=7.0 HTTP/1.1" 200 131318 "http://cqqizhou.com/wp-admin/plugin-install.php" "Mozilla/5.0 (Windows NT 10.0; Win64; x64) AppleWebKit/537.36 (KHTML, like Gecko) Chrome/150.0.0.0 Safari/537.36"
110.138.1.209 - - [20/Jul/2026:03:20:50 +0800] "GET /wp-admin/load-scripts.php?c=0&load%5Bchunk_0%5D=jquery-core,jquery-migrate,utils,wp-dom-ready,wp-hooks&ver=7.0 HTTP/1.1" 200 36950 "http://cqqizhou.com/wp-admin/plugin-install.php" "Mozilla/5.0 (Windows NT 10.0; Win64; x64) AppleWebKit/537.36 (KHTML, like Gecko) Chrome/150.0.0.0 Safari/537.36"
110.138.1.209 - - [20/Jul/2026:03:20:51 +0800] "GET /wp-admin/load-scripts.php?c=0&load%5Bchunk_0%5D=hoverIntent&ver=7.0 HTTP/1.1" 200 719 "http://cqqizhou.com/wp-admin/plugin-install.php" "Mozilla/5.0 (Windows NT 10.0; Win64; x64) AppleWebKit/537.36 (KHTML, like Gecko) Chrome/150.0.0.0 Safari/537.36"
110.138.1.209 - - [20/Jul/2026:03:20:58 +0800] "POST /wp-admin/admin-ajax.php HTTP/1.1" 200 78 "http://cqqizhou.com/wp-admin/plugin-install.php" "Mozilla/5.0 (Windows NT 10.0; Win64; x64) AppleWebKit/537.36 (KHTML, like Gecko) Chrome/150.0.0.0 Safari/537.36"
110.138.1.209 - - [20/Jul/2026:03:20:58 +0800] "GET /wp-json/wp/v2/users/me?context=edit&_locale=user HTTP/1.1" 200 795 "http://cqqizhou.com/wp-admin/plugin-install.php" "Mozilla/5.0 (Windows NT 10.0; Win64; x64) AppleWebKit/537.36 (KHTML, like Gecko) Chrome/150.0.0.0 Safari/537.36"
110.138.1.209 - - [20/Jul/2026:03:21:02 +0800] "POST /wp-admin/admin-ajax.php HTTP/1.1" 200 1497 "http://cqqizhou.com/wp-admin/plugin-install.php?s=filester&tab=search&type=term" "Mozilla/5.0 (Windows NT 10.0; Win64; x64) AppleWebKit/537.36 (KHTML, like Gecko) Chrome/150.0.0.0 Safari/537.36"
36.133.115.36 - - [20/Jul/2026:03:21:24 +0800] "POST /wp-cron.php?doing_wp_cron=1784488884.4715828895568847656250 HTTP/1.1" 200 31 "-" "WordPress/7.0; http://cqqizhou.com"
110.138.1.209 - - [20/Jul/2026:03:21:24 +0800] "POST /wp-admin/admin-ajax.php HTTP/1.1" 200 213 "http://cqqizhou.com/wp-admin/plugin-install.php?s=filester&tab=search&type=term" "Mozilla/5.0 (Windows NT 10.0; Win64; x64) AppleWebKit/537.36 (KHTML, like Gecko) Chrome/150.0.0.0 Safari/537.36"
110.138.1.209 - - [20/Jul/2026:03:21:27 +0800] "POST /wp-admin/admin-ajax.php HTTP/1.1" 200 252 "http://cqqizhou.com/wp-admin/plugin-install.php?s=filester&tab=search&type=term" "Mozilla/5.0 (Windows NT 10.0; Win64; x64) AppleWebKit/537.36 (KHTML, like Gecko) Chrome/150.0.0.0 Safari/537.36"
110.138.1.209 - - [20/Jul/2026:03:21:35 +0800] "GET /wp-admin/plugins.php?_wpnonce=cc971f0374&action=activate&plugin=filester/ninja-file-manager.php HTTP/1.1" 302 5 "http://cqqizhou.com/wp-admin/plugin-install.php?s=filester&tab=search&type=term" "Mozilla/5.0 (Windows NT 10.0; Win64; x64) AppleWebKit/537.36 (KHTML, like Gecko) Chrome/150.0.0.0 Safari/537.36"
110.138.1.209 - - [20/Jul/2026:03:21:38 +0800] "GET /wp-admin/plugins.php?activate=true&plugin_status=all&paged=1&s= HTTP/1.1" 200 100676 "http://cqqizhou.com/wp-admin/plugin-install.php?s=filester&tab=search&type=term" "Mozilla/5.0 (Windows NT 10.0; Win64; x64) AppleWebKit/537.36 (KHTML, like Gecko) Chrome/150.0.0.0 Safari/537.36"
110.138.1.209 - - [20/Jul/2026:03:21:38 +0800] "GET /wp-admin/load-styles.php?c=0&dir=ltr&load%5Bchunk_0%5D=dashicons,admin-bar,common,forms,admin-menu,dashboard,list-tables,edit,revisions,media,themes,about,nav-menus,wp-pointer,widgets&load%5Bchunk_1%5D=,site-icon,l10n,wp-base-styles,buttons,media-views,wp-color-picker,editor-buttons,wp-auth-check,wp-components,wp-commands,wp-jqu&load%5Bchunk_2%5D=ery-ui-dialog&ver=7.0 HTTP/1.1" 200 132525 "http://cqqizhou.com/wp-admin/plugins.php?activate=true&plugin_status=all&paged=1&s=" "Mozilla/5.0 (Windows NT 10.0; Win64; x64) AppleWebKit/537.36 (KHTML, like Gecko) Chrome/150.0.0.0 Safari/537.36"
110.138.1.209 - - [20/Jul/2026:03:21:43 +0800] "GET /wp-json/wp/v2/users/me?context=edit&_locale=user HTTP/1.1" 200 795 "http://cqqizhou.com/wp-admin/plugins.php?plugin_status=all&paged=1&s" "Mozilla/5.0 (Windows NT 10.0; Win64; x64) AppleWebKit/537.36 (KHTML, like Gecko) Chrome/150.0.0.0 Safari/537.36"
110.138.1.209 - - [20/Jul/2026:03:21:50 +0800] "GET /wp-admin/admin.php?page=njt-fs-filemanager HTTP/1.1" 200 75399 "http://cqqizhou.com/wp-admin/plugins.php?plugin_status=all&paged=1&s" "Mozilla/5.0 (Windows NT 10.0; Win64; x64) AppleWebKit/537.36 (KHTML, like Gecko) Chrome/150.0.0.0 Safari/537.36"
110.138.1.209 - - [20/Jul/2026:03:21:50 +0800] "GET /wp-admin/load-styles.php?c=0&dir=ltr&load%5Bchunk_0%5D=dashicons,admin-bar,common,forms,admin-menu,dashboard,list-tables,edit,revisions,media,themes,about,nav-menus,wp-pointer,widgets&load%5Bchunk_1%5D=,site-icon,l10n,wp-base-styles,buttons,wp-auth-check,wp-components,wp-commands,media-views&ver=7.0 HTTP/1.1" 200 125809 "http://cqqizhou.com/wp-admin/admin.php?page=njt-fs-filemanager" "Mozilla/5.0 (Windows NT 10.0; Win64; x64) AppleWebKit/537.36 (KHTML, like Gecko) Chrome/150.0.0.0 Safari/537.36"
110.138.1.209 - - [20/Jul/2026:03:21:51 +0800] "GET /wp-admin/load-scripts.php?c=0&load%5Bchunk_0%5D=jquery-core,jquery-migrate,utils,moxiejs,plupload&ver=7.0 HTTP/1.1" 200 66903 "http://cqqizhou.com/wp-admin/admin.php?page=njt-fs-filemanager" "Mozilla/5.0 (Windows NT 10.0; Win64; x64) AppleWebKit/537.36 (KHTML, like Gecko) Chrome/150.0.0.0 Safari/537.36"
110.138.1.209 - - [20/Jul/2026:03:21:52 +0800] "GET /wp-admin/load-scripts.php?c=0&load%5Bchunk_0%5D=hoverIntent,wp-dom-ready,wp-hooks&ver=7.0 HTTP/1.1" 200 2676 "http://cqqizhou.com/wp-admin/admin.php?page=njt-fs-filemanager" "Mozilla/5.0 (Windows NT 10.0; Win64; x64) AppleWebKit/537.36 (KHTML, like Gecko) Chrome/150.0.0.0 Safari/537.36"
110.138.1.209 - - [20/Jul/2026:03:21:53 +0800] "GET /wp-json/wp/v2/users/me?context=edit&_locale=user HTTP/1.1" 200 795 "http://cqqizhou.com/wp-admin/admin.php?page=njt-fs-filemanager" "Mozilla/5.0 (Windows NT 10.0; Win64; x64) AppleWebKit/537.36 (KHTML, like Gecko) Chrome/150.0.0.0 Safari/537.36"
110.138.1.209 - - [20/Jul/2026:03:21:54 +0800] "GET /wp-admin/admin-ajax.php?action=fs_connector&nonce=48ab2d731d&cmd=open&target=&init=1&tree=1&_=1784488904402 HTTP/1.1" 200 7407 "http://cqqizhou.com/wp-admin/admin.php?page=njt-fs-filemanager" "Mozilla/5.0 (Windows NT 10.0; Win64; x64) AppleWebKit/537.36 (KHTML, like Gecko) Chrome/150.0.0.0 Safari/537.36"
110.138.1.209 - - [20/Jul/2026:03:21:55 +0800] "GET /wp-admin/admin-ajax.php?action=fs_connector&nonce=48ab2d731d&cmd=editor&name%5B%5D=ZohoOffice&name%5B%5D=ZipArchive&name%5B%5D=OnlineConvert&method=enabled&reqid=19f7bd3cdfe252 HTTP/1.1" 200 61 "http://cqqizhou.com/wp-admin/admin.php?page=njt-fs-filemanager" "Mozilla/5.0 (Windows NT 10.0; Win64; x64) AppleWebKit/537.36 (KHTML, like Gecko) Chrome/150.0.0.0 Safari/537.36"
36.133.115.36 - - [20/Jul/2026:03:22:13 +0800] "POST /wp-cron.php?doing_wp_cron=1784488933.5422689914703369140625 HTTP/1.1" 200 31 "-" "WordPress/7.0; http://cqqizhou.com"
110.138.1.209 - - [20/Jul/2026:03:22:13 +0800] "GET /wp-admin/admin-ajax.php?action=fs_connector&nonce=48ab2d731d&cmd=open&target=l1_d3AtY29udGVudA&reqid=19f7bd4152926b HTTP/1.1" 200 3249 "http://cqqizhou.com/wp-admin/admin.php?page=njt-fs-filemanager" "Mozilla/5.0 (Windows NT 10.0; Win64; x64) AppleWebKit/537.36 (KHTML, like Gecko) Chrome/150.0.0.0 Safari/537.36"
110.138.1.209 - - [20/Jul/2026:03:22:16 +0800] "GET /wp-admin/admin-ajax.php?action=fs_connector&nonce=48ab2d731d&cmd=ls&target=l1_d3AtY29udGVudA&intersect%5B%5D=wint.php&reqid=19f7bd42126b8 HTTP/1.1" 200 11 "http://cqqizhou.com/wp-admin/admin.php?page=njt-fs-filemanager" "Mozilla/5.0 (Windows NT 10.0; Win64; x64) AppleWebKit/537.36 (KHTML, like Gecko) Chrome/150.0.0.0 Safari/537.36"
110.138.1.209 - - [20/Jul/2026:03:22:17 +0800] "POST /wp-admin/admin-ajax.php HTTP/1.1" 200 443 "http://cqqizhou.com/wp-admin/admin.php?page=njt-fs-filemanager" "Mozilla/5.0 (Windows NT 10.0; Win64; x64) AppleWebKit/537.36 (KHTML, like Gecko) Chrome/150.0.0.0 Safari/537.36"
110.138.1.209 - - [20/Jul/2026:03:22:19 +0800] "GET /wp-content/wint.php HTTP/1.1" 200 4811 "-" "Mozilla/5.0 (Windows NT 10.0; Win64; x64) AppleWebKit/537.36 (KHTML, like Gecko) Chrome/150.0.0.0 Safari/537.36"
36.133.115.36 - - [20/Jul/2026:03:32:07 +0800] "POST /wp-cron.php?doing_wp_cron=1784489527.2311460971832275390625 HTTP/1.1" 200 31 "-" "WordPress/7.0; http://cqqizhou.com"
220.181.108.157 - - [20/Jul/2026:03:32:07 +0800] "GET /wp-json/oembed/1.0/embed?url=http%3A%2F%2Fcqqizhou.com%2Fservices HTTP/1.1" 200 1106 "-" "Mozilla/5.0 (compatible; Baiduspider/2.0; +http://www.baidu.com/search/spider.html)"
36.133.115.36 - - [20/Jul/2026:03:37:40 +0800] "POST /wp-cron.php?doing_wp_cron=1784489860.9066040515899658203125 HTTP/1.1" 200 31 "-" "WordPress/7.0; http://cqqizhou.com"
114.119.146.18 - - [20/Jul/2026:03:37:40 +0800] "GET /news/portfolio-category/dual-phase-steel HTTP/1.1" 200 18240 "http://cqqizhou.com/news/portfolio-category/dual-phase-steel" "Mozilla/5.0 (Linux; Android 7.0;) AppleWebKit/537.36 (HTML, like Gecko) Mobile Safari/537.36 (compatible; PetalBot;+https://webmaster.petalsearch.com/site/petalbot)"
36.133.115.36 - - [20/Jul/2026:03:46:53 +0800] "POST /wp-cron.php?doing_wp_cron=1784490413.7182869911193847656250 HTTP/1.1" 200 31 "-" "WordPress/7.0; http://cqqizhou.com"
160.119.71.9 - - [20/Jul/2026:03:46:54 +0800] "GET / HTTP/1.1" 200 109837 "-" "Mozilla/5.0 (X11; Linux x86_64; rv:144.0) Gecko/20100101 Firefox/144.0"
36.133.115.36 - - [20/Jul/2026:03:56:38 +0800] "POST /wp-cron.php?doing_wp_cron=1784490998.4724359512329101562500 HTTP/1.1" 200 31 "-" "WordPress/7.0; http://cqqizhou.com"
43.134.94.96 - - [20/Jul/2026:03:56:38 +0800] "GET / HTTP/1.1" 301 5 "-" "Mozilla/5.0 (iPhone; CPU iPhone OS 13_2_3 like Mac OS X) AppleWebKit/605.1.15 (KHTML, like Gecko) Version/13.0.3 Mobile/15E148 Safari/604.1"
43.134.94.96 - - [20/Jul/2026:03:56:40 +0800] "GET / HTTP/1.1" 200 35079 "http://36.133.115.36" "Mozilla/5.0 (iPhone; CPU iPhone OS 13_2_3 like Mac OS X) AppleWebKit/605.1.15 (KHTML, like Gecko) Version/13.0.3 Mobile/15E148 Safari/604.1"
36.133.115.36 - - [20/Jul/2026:04:38:48 +0800] "POST /wp-cron.php?doing_wp_cron=1784493528.6995899677276611328125 HTTP/1.1" 200 31 "-" "WordPress/7.0; http://cqqizhou.com"
103.234.99.121 - - [20/Jul/2026:04:38:48 +0800] "GET /enter/index.html HTTP/1.1" 404 9498 "-" "Mozilla/5.0 (iPhone; CPU iPhone OS 18_5 like Mac OS X) AppleWebKit/605.1.15 (KHTML, like Gecko) Version/18.5 Mobile/15E148 Safari/604.1"
36.133.115.36 - - [20/Jul/2026:05:10:20 +0800] "POST /wp-cron.php?doing_wp_cron=1784495420.9140961170196533203125 HTTP/1.1" 200 31 "-" "WordPress/7.0; http://cqqizhou.com"
91.224.92.127 - - [20/Jul/2026:05:10:20 +0800] "GET /wp-login.php HTTP/1.1" 200 2821 "https://www.google.com/" "Mozilla/5.0 (Windows NT 11.0; Win64; x64; rv:121.0) Gecko/20100101 Firefox/121.0"
91.224.92.127 - - [20/Jul/2026:05:10:24 +0800] "POST /wp-login.php HTTP/1.1" 200 3045 "http://CQQIZHOU.COM/wp-login.php" "Mozilla/5.0 (Macintosh; Intel Mac OS X 13_6_1) AppleWebKit/605.1.15 (KHTML, like Gecko) Version/17.2 Safari/605.1.15"
91.224.92.127 - - [20/Jul/2026:05:10:27 +0800] "POST /wp-login.php HTTP/1.1" 200 3042 "http://CQQIZHOU.COM/wp-login.php" "Mozilla/5.0 (Macintosh; Intel Mac OS X 13_6_1) AppleWebKit/537.36 (KHTML, like Gecko) Chrome/119.0.0.0 Safari/537.36"
91.224.92.127 - - [20/Jul/2026:05:10:29 +0800] "POST /wp-login.php HTTP/1.1" 200 3042 "http://CQQIZHOU.COM/wp-login.php" "Mozilla/5.0 (Macintosh; Intel Mac OS X 10_15_7; rv:121.0) Gecko/20100101 Firefox/121.0"
91.224.92.127 - - [20/Jul/2026:05:10:32 +0800] "POST /wp-login.php HTTP/1.1" 200 3040 "http://CQQIZHOU.COM/wp-login.php" "Mozilla/5.0 (Windows NT 10.0; Win64; x64; rv:121.0) Gecko/20100101 Firefox/121.0"
91.224.92.127 - - [20/Jul/2026:05:10:34 +0800] "POST /wp-login.php HTTP/1.1" 200 3040 "http://CQQIZHOU.COM/wp-login.php" "Mozilla/5.0 (X11; Ubuntu; Linux x86_64) AppleWebKit/537.36 (KHTML, like Gecko) Chrome/121.0.0.0 Safari/537.36"
91.224.92.127 - - [20/Jul/2026:05:10:37 +0800] "POST /wp-login.php HTTP/1.1" 200 3043 "http://CQQIZHOU.COM/wp-login.php" "Mozilla/5.0 (Macintosh; Intel Mac OS X 10_15_7) AppleWebKit/605.1.15 (KHTML, like Gecko) Version/17.2 Safari/605.1.15"
91.224.92.127 - - [20/Jul/2026:05:10:40 +0800] "POST /wp-login.php HTTP/1.1" 200 3043 "http://CQQIZHOU.COM/wp-login.php" "Mozilla/5.0 (Windows NT 11.0; Win64; x64; rv:120.0) Gecko/20100101 Firefox/120.0"
91.224.92.127 - - [20/Jul/2026:05:10:42 +0800] "POST /wp-login.php HTTP/1.1" 200 2987 "http://CQQIZHOU.COM/wp-login.php" "Mozilla/5.0 (Macintosh; Intel Mac OS X 10_15_7) AppleWebKit/605.1.15 (KHTML, like Gecko) Version/17.0 Safari/605.1.15"
91.224.92.127 - - [20/Jul/2026:05:10:45 +0800] "POST /wp-login.php HTTP/1.1" 200 3042 "http://CQQIZHOU.COM/wp-login.php" "Mozilla/5.0 (X11; Ubuntu; Linux x86_64) AppleWebKit/537.36 (KHTML, like Gecko) Chrome/120.0.0.0 Safari/537.36"
91.224.92.127 - - [20/Jul/2026:05:10:48 +0800] "POST /wp-login.php HTTP/1.1" 200 3039 "http://CQQIZHOU.COM/wp-login.php" "Mozilla/5.0 (Macintosh; Intel Mac OS X 13_6_1; rv:120.0) Gecko/20100101 Firefox/120.0"
91.224.92.127 - - [20/Jul/2026:05:10:50 +0800] "POST /wp-login.php HTTP/1.1" 200 3039 "http://CQQIZHOU.COM/wp-login.php" "Mozilla/5.0 (Macintosh; Intel Mac OS X 13_6_1) AppleWebKit/537.36 (KHTML, like Gecko) Chrome/120.0.0.0 Safari/537.36"
91.224.92.127 - - [20/Jul/2026:05:10:53 +0800] "POST /wp-login.php HTTP/1.1" 200 3039 "http://CQQIZHOU.COM/wp-login.php" "Mozilla/5.0 (Macintosh; Intel Mac OS X 10_15_7) AppleWebKit/537.36 (KHTML, like Gecko) Chrome/118.0.0.0 Safari/537.36"
91.224.92.127 - - [20/Jul/2026:05:10:55 +0800] "POST /wp-login.php HTTP/1.1" 200 3040 "http://CQQIZHOU.COM/wp-login.php" "Mozilla/5.0 (Macintosh; Intel Mac OS X 13_6_1; rv:119.0) Gecko/20100101 Firefox/119.0"
45.198.224.54 - - [20/Jul/2026:05:10:57 +0800] "GET / HTTP/1.1" 200 109842 "-" "-"
91.224.92.127 - - [20/Jul/2026:05:10:58 +0800] "POST /wp-login.php HTTP/1.1" 200 3044 "http://CQQIZHOU.COM/wp-login.php" "Mozilla/5.0 (Macintosh; Intel Mac OS X 13_6_1) AppleWebKit/605.1.15 (KHTML, like Gecko) Version/17.0 Safari/605.1.15"
91.224.92.127 - - [20/Jul/2026:05:11:01 +0800] "POST /wp-login.php HTTP/1.1" 200 3042 "http://CQQIZHOU.COM/wp-login.php" "Mozilla/5.0 (Macintosh; Intel Mac OS X 13_6_1; rv:119.0) Gecko/20100101 Firefox/119.0"
91.224.92.127 - - [20/Jul/2026:05:11:04 +0800] "POST /wp-login.php HTTP/1.1" 200 3039 "http://CQQIZHOU.COM/wp-login.php" "Mozilla/5.0 (X11; Linux x86_64) AppleWebKit/537.36 (KHTML, like Gecko) Chrome/120.0.0.0 Safari/537.36"
91.224.92.127 - - [20/Jul/2026:05:11:06 +0800] "POST /wp-login.php HTTP/1.1" 200 3043 "http://CQQIZHOU.COM/wp-login.php" "Mozilla/5.0 (Macintosh; Intel Mac OS X 13_6_1) AppleWebKit/605.1.15 (KHTML, like Gecko) Version/16.6 Safari/605.1.15"
36.133.115.36 - - [20/Jul/2026:05:11:09 +0800] "POST /wp-cron.php?doing_wp_cron=1784495469.4423060417175292968750 HTTP/1.1" 200 31 "-" "WordPress/7.0; http://cqqizhou.com"
91.224.92.127 - - [20/Jul/2026:05:11:09 +0800] "POST /wp-login.php HTTP/1.1" 200 3042 "http://CQQIZHOU.COM/wp-login.php" "Mozilla/5.0 (Windows NT 10.0; Win64; x64; rv:118.0) Gecko/20100101 Firefox/118.0"
91.224.92.127 - - [20/Jul/2026:05:11:12 +0800] "POST /wp-login.php HTTP/1.1" 200 3044 "http://CQQIZHOU.COM/wp-login.php" "Mozilla/5.0 (Macintosh; Intel Mac OS X 13_6_1) AppleWebKit/537.36 (KHTML, like Gecko) Chrome/119.0.0.0 Safari/537.36"
91.224.92.127 - - [20/Jul/2026:05:11:14 +0800] "POST /wp-login.php HTTP/1.1" 200 3038 "http://CQQIZHOU.COM/wp-login.php" "Mozilla/5.0 (Macintosh; Intel Mac OS X 13_6_1) AppleWebKit/605.1.15 (KHTML, like Gecko) Version/17.1 Safari/605.1.15"
91.224.92.127 - - [20/Jul/2026:05:11:17 +0800] "POST /wp-login.php HTTP/1.1" 200 3039 "http://CQQIZHOU.COM/wp-login.php" "Mozilla/5.0 (X11; Linux x86_64) AppleWebKit/537.36 (KHTML, like Gecko) Chrome/120.0.0.0 Safari/537.36"
91.224.92.127 - - [20/Jul/2026:05:11:19 +0800] "POST /wp-login.php HTTP/1.1" 200 3043 "http://CQQIZHOU.COM/wp-login.php" "Mozilla/5.0 (Macintosh; Intel Mac OS X 13_6_1; rv:121.0) Gecko/20100101 Firefox/121.0"
91.224.92.127 - - [20/Jul/2026:05:11:22 +0800] "POST /wp-login.php HTTP/1.1" 200 3040 "http://CQQIZHOU.COM/wp-login.php" "Mozilla/5.0 (Macintosh; Intel Mac OS X 10_15_7) AppleWebKit/605.1.15 (KHTML, like Gecko) Version/17.2 Safari/605.1.15"
91.224.92.127 - - [20/Jul/2026:05:11:24 +0800] "POST /wp-login.php HTTP/1.1" 200 2954 "http://CQQIZHOU.COM/wp-login.php" "Mozilla/5.0 (Macintosh; Intel Mac OS X 13_6_1) AppleWebKit/537.36 (KHTML, like Gecko) Chrome/118.0.0.0 Safari/537.36"
91.224.92.127 - - [20/Jul/2026:05:11:29 +0800] "POST /wp-login.php HTTP/1.1" 200 3043 "http://CQQIZHOU.COM/wp-login.php" "Mozilla/5.0 (Macintosh; Intel Mac OS X 13_6_1; rv:119.0) Gecko/20100101 Firefox/119.0"
91.224.92.127 - - [20/Jul/2026:05:11:32 +0800] "POST /wp-login.php HTTP/1.1" 200 3044 "http://CQQIZHOU.COM/wp-login.php" "Mozilla/5.0 (X11; Ubuntu; Linux x86_64) AppleWebKit/537.36 (KHTML, like Gecko) Chrome/118.0.0.0 Safari/537.36"
91.224.92.127 - - [20/Jul/2026:05:11:34 +0800] "POST /wp-login.php HTTP/1.1" 200 3046 "http://CQQIZHOU.COM/wp-login.php" "Mozilla/5.0 (Macintosh; Intel Mac OS X 10_15_7) AppleWebKit/605.1.15 (KHTML, like Gecko) Version/16.6 Safari/605.1.15"
91.224.92.127 - - [20/Jul/2026:05:11:37 +0800] "POST /wp-login.php HTTP/1.1" 200 3043 "http://CQQIZHOU.COM/wp-login.php" "Mozilla/5.0 (Windows NT 11.0; Win64; x64; rv:118.0) Gecko/20100101 Firefox/118.0"
91.224.92.127 - - [20/Jul/2026:05:11:40 +0800] "POST /wp-login.php HTTP/1.1" 200 2987 "http://CQQIZHOU.COM/wp-login.php" "Mozilla/5.0 (X11; Ubuntu; Linux x86_64) AppleWebKit/537.36 (KHTML, like Gecko) Chrome/118.0.0.0 Safari/537.36"
91.224.92.127 - - [20/Jul/2026:05:11:42 +0800] "POST /wp-login.php HTTP/1.1" 200 3047 "http://CQQIZHOU.COM/wp-login.php" "Mozilla/5.0 (Macintosh; Intel Mac OS X 13_6_1) AppleWebKit/605.1.15 (KHTML, like Gecko) Version/17.2 Safari/605.1.15"
91.224.92.127 - - [20/Jul/2026:05:11:44 +0800] "POST /wp-login.php HTTP/1.1" 200 3043 "http://CQQIZHOU.COM/wp-login.php" "Mozilla/5.0 (Macintosh; Intel Mac OS X 10_15_7; rv:118.0) Gecko/20100101 Firefox/118.0"
91.224.92.127 - - [20/Jul/2026:05:11:47 +0800] "POST /wp-login.php HTTP/1.1" 200 2989 "http://CQQIZHOU.COM/wp-login.php" "Mozilla/5.0 (Macintosh; Intel Mac OS X 10_15_7; rv:120.0) Gecko/20100101 Firefox/120.0"
91.224.92.127 - - [20/Jul/2026:05:11:50 +0800] "POST /wp-login.php HTTP/1.1" 200 3041 "http://CQQIZHOU.COM/wp-login.php" "Mozilla/5.0 (Macintosh; Intel Mac OS X 13_6_1; rv:121.0) Gecko/20100101 Firefox/121.0"
91.224.92.127 - - [20/Jul/2026:05:11:52 +0800] "POST /wp-login.php HTTP/1.1" 200 3041 "http://CQQIZHOU.COM/wp-login.php" "Mozilla/5.0 (Macintosh; Intel Mac OS X 13_6_1) AppleWebKit/605.1.15 (KHTML, like Gecko) Version/17.1 Safari/605.1.15"
91.224.92.127 - - [20/Jul/2026:05:11:55 +0800] "POST /wp-login.php HTTP/1.1" 200 3042 "http://CQQIZHOU.COM/wp-login.php" "Mozilla/5.0 (X11; Linux x86_64) AppleWebKit/537.36 (KHTML, like Gecko) Chrome/121.0.0.0 Safari/537.36"
91.224.92.127 - - [20/Jul/2026:05:11:57 +0800] "POST /wp-login.php HTTP/1.1" 200 3040 "http://CQQIZHOU.COM/wp-login.php" "Mozilla/5.0 (Macintosh; Intel Mac OS X 13_6_1) AppleWebKit/605.1.15 (KHTML, like Gecko) Version/17.0 Safari/605.1.15"
91.224.92.127 - - [20/Jul/2026:05:12:00 +0800] "POST /wp-login.php HTTP/1.1" 200 3040 "http://CQQIZHOU.COM/wp-login.php" "Mozilla/5.0 (Macintosh; Intel Mac OS X 13_6_1; rv:119.0) Gecko/20100101 Firefox/119.0"
91.224.92.127 - - [20/Jul/2026:05:12:02 +0800] "POST /wp-login.php HTTP/1.1" 200 3043 "http://CQQIZHOU.COM/wp-login.php" "Mozilla/5.0 (Macintosh; Intel Mac OS X 13_6_1) AppleWebKit/605.1.15 (KHTML, like Gecko) Version/17.2 Safari/605.1.15"
91.224.92.127 - - [20/Jul/2026:05:12:05 +0800] "POST /wp-login.php HTTP/1.1" 200 3039 "http://CQQIZHOU.COM/wp-login.php" "Mozilla/5.0 (Macintosh; Intel Mac OS X 13_6_1) AppleWebKit/537.36 (KHTML, like Gecko) Chrome/119.0.0.0 Safari/537.36"
91.224.92.127 - - [20/Jul/2026:05:12:07 +0800] "POST /wp-login.php HTTP/1.1" 200 3045 "http://CQQIZHOU.COM/wp-login.php" "Mozilla/5.0 (Windows NT 11.0; Win64; x64) AppleWebKit/537.36 (KHTML, like Gecko) Chrome/118.0.0.0 Safari/537.36"
36.133.115.36 - - [20/Jul/2026:05:12:10 +0800] "POST /wp-cron.php?doing_wp_cron=1784495530.5419878959655761718750 HTTP/1.1" 200 31 "-" "WordPress/7.0; http://cqqizhou.com"
91.224.92.127 - - [20/Jul/2026:05:12:10 +0800] "POST /wp-login.php HTTP/1.1" 200 3042 "http://CQQIZHOU.COM/wp-login.php" "Mozilla/5.0 (Windows NT 11.0; Win64; x64; rv:119.0) Gecko/20100101 Firefox/119.0"
91.224.92.127 - - [20/Jul/2026:05:12:13 +0800] "POST /wp-login.php HTTP/1.1" 200 2987 "http://CQQIZHOU.COM/wp-login.php" "Mozilla/5.0 (Macintosh; Intel Mac OS X 10_15_7) AppleWebKit/537.36 (KHTML, like Gecko) Chrome/119.0.0.0 Safari/537.36"
91.224.92.127 - - [20/Jul/2026:05:12:15 +0800] "POST /wp-login.php HTTP/1.1" 200 3047 "http://CQQIZHOU.COM/wp-login.php" "Mozilla/5.0 (Macintosh; Intel Mac OS X 13_6_1) AppleWebKit/605.1.15 (KHTML, like Gecko) Version/17.1 Safari/605.1.15"
91.224.92.127 - - [20/Jul/2026:05:12:18 +0800] "POST /wp-login.php HTTP/1.1" 200 3043 "http://CQQIZHOU.COM/wp-login.php" "Mozilla/5.0 (Macintosh; Intel Mac OS X 10_15_7) AppleWebKit/605.1.15 (KHTML, like Gecko) Version/16.6 Safari/605.1.15"
91.224.92.127 - - [20/Jul/2026:05:12:20 +0800] "POST /wp-login.php HTTP/1.1" 200 3049 "http://CQQIZHOU.COM/wp-login.php" "Mozilla/5.0 (Windows NT 11.0; Win64; x64; rv:121.0) Gecko/20100101 Firefox/121.0"
91.224.92.127 - - [20/Jul/2026:05:12:23 +0800] "POST /wp-login.php HTTP/1.1" 200 3044 "http://CQQIZHOU.COM/wp-login.php" "Mozilla/5.0 (Macintosh; Intel Mac OS X 13_6_1) AppleWebKit/605.1.15 (KHTML, like Gecko) Version/16.6 Safari/605.1.15"
91.224.92.127 - - [20/Jul/2026:05:12:26 +0800] "POST /wp-login.php HTTP/1.1" 200 3043 "http://CQQIZHOU.COM/wp-login.php" "Mozilla/5.0 (Macintosh; Intel Mac OS X 13_6_1) AppleWebKit/605.1.15 (KHTML, like Gecko) Version/17.0 Safari/605.1.15"
91.224.92.127 - - [20/Jul/2026:05:12:29 +0800] "POST /wp-login.php HTTP/1.1" 200 3040 "http://CQQIZHOU.COM/wp-login.php" "Mozilla/5.0 (Macintosh; Intel Mac OS X 10_15_7) AppleWebKit/537.36 (KHTML, like Gecko) Chrome/120.0.0.0 Safari/537.36"
91.224.92.127 - - [20/Jul/2026:05:12:31 +0800] "POST /wp-login.php HTTP/1.1" 200 3042 "http://CQQIZHOU.COM/wp-login.php" "Mozilla/5.0 (Macintosh; Intel Mac OS X 10_15_7) AppleWebKit/537.36 (KHTML, like Gecko) Chrome/118.0.0.0 Safari/537.36"
91.224.92.127 - - [20/Jul/2026:05:12:35 +0800] "POST /wp-login.php HTTP/1.1" 200 2987 "http://CQQIZHOU.COM/wp-login.php" "Mozilla/5.0 (Macintosh; Intel Mac OS X 13_6_1) AppleWebKit/537.36 (KHTML, like Gecko) Chrome/121.0.0.0 Safari/537.36"
91.224.92.127 - - [20/Jul/2026:05:12:38 +0800] "POST /wp-login.php HTTP/1.1" 200 3043 "http://CQQIZHOU.COM/wp-login.php" "Mozilla/5.0 (Windows NT 10.0; Win64; x64) AppleWebKit/537.36 (KHTML, like Gecko) Chrome/121.0.0.0 Safari/537.36"
91.224.92.127 - - [20/Jul/2026:05:12:40 +0800] "POST /wp-login.php HTTP/1.1" 200 3046 "http://CQQIZHOU.COM/wp-login.php" "Mozilla/5.0 (Windows NT 10.0; Win64; x64) AppleWebKit/537.36 (KHTML, like Gecko) Chrome/120.0.0.0 Safari/537.36"
91.224.92.127 - - [20/Jul/2026:05:12:43 +0800] "POST /wp-login.php HTTP/1.1" 200 3042 "http://CQQIZHOU.COM/wp-login.php" "Mozilla/5.0 (Macintosh; Intel Mac OS X 10_15_7; rv:118.0) Gecko/20100101 Firefox/118.0"
91.224.92.127 - - [20/Jul/2026:05:12:45 +0800] "POST /wp-login.php HTTP/1.1" 200 2954 "http://CQQIZHOU.COM/wp-login.php" "Mozilla/5.0 (X11; Ubuntu; Linux x86_64) AppleWebKit/537.36 (KHTML, like Gecko) Chrome/121.0.0.0 Safari/537.36"
91.224.92.127 - - [20/Jul/2026:05:12:48 +0800] "POST /wp-login.php HTTP/1.1" 200 3039 "http://CQQIZHOU.COM/wp-login.php" "Mozilla/5.0 (Windows NT 11.0; Win64; x64) AppleWebKit/537.36 (KHTML, like Gecko) Chrome/120.0.0.0 Safari/537.36"
91.224.92.127 - - [20/Jul/2026:05:12:51 +0800] "POST /wp-login.php HTTP/1.1" 200 3042 "http://CQQIZHOU.COM/wp-login.php" "Mozilla/5.0 (Macintosh; Intel Mac OS X 13_6_1) AppleWebKit/605.1.15 (KHTML, like Gecko) Version/17.2 Safari/605.1.15"
91.224.92.127 - - [20/Jul/2026:05:12:53 +0800] "POST /wp-login.php HTTP/1.1" 200 3048 "http://CQQIZHOU.COM/wp-login.php" "Mozilla/5.0 (Macintosh; Intel Mac OS X 13_6_1; rv:121.0) Gecko/20100101 Firefox/121.0"
91.224.92.127 - - [20/Jul/2026:05:12:56 +0800] "POST /wp-login.php HTTP/1.1" 200 3044 "http://CQQIZHOU.COM/wp-login.php" "Mozilla/5.0 (Macintosh; Intel Mac OS X 10_15_7) AppleWebKit/605.1.15 (KHTML, like Gecko) Version/16.6 Safari/605.1.15"
91.224.92.127 - - [20/Jul/2026:05:12:58 +0800] "POST /wp-login.php HTTP/1.1" 200 3039 "http://CQQIZHOU.COM/wp-login.php" "Mozilla/5.0 (X11; Ubuntu; Linux x86_64) AppleWebKit/537.36 (KHTML, like Gecko) Chrome/121.0.0.0 Safari/537.36"
91.224.92.127 - - [20/Jul/2026:05:13:01 +0800] "POST /wp-login.php HTTP/1.1" 200 3040 "http://CQQIZHOU.COM/wp-login.php" "Mozilla/5.0 (X11; Linux x86_64) AppleWebKit/537.36 (KHTML, like Gecko) Chrome/121.0.0.0 Safari/537.36"
91.224.92.127 - - [20/Jul/2026:05:13:03 +0800] "POST /wp-login.php HTTP/1.1" 200 2954 "http://CQQIZHOU.COM/wp-login.php" "Mozilla/5.0 (Macintosh; Intel Mac OS X 10_15_7; rv:120.0) Gecko/20100101 Firefox/120.0"
91.224.92.127 - - [20/Jul/2026:05:13:06 +0800] "POST /wp-login.php HTTP/1.1" 200 2954 "http://CQQIZHOU.COM/wp-login.php" "Mozilla/5.0 (X11; Linux x86_64) AppleWebKit/537.36 (KHTML, like Gecko) Chrome/121.0.0.0 Safari/537.36"
36.133.115.36 - - [20/Jul/2026:05:13:09 +0800] "POST /wp-cron.php?doing_wp_cron=1784495588.9789319038391113281250 HTTP/1.1" 200 31 "-" "WordPress/7.0; http://cqqizhou.com"
91.224.92.127 - - [20/Jul/2026:05:13:09 +0800] "POST /wp-login.php HTTP/1.1" 200 3041 "http://CQQIZHOU.COM/wp-login.php" "Mozilla/5.0 (Windows NT 11.0; Win64; x64; rv:118.0) Gecko/20100101 Firefox/118.0"
91.224.92.127 - - [20/Jul/2026:05:13:11 +0800] "POST /wp-login.php HTTP/1.1" 200 2987 "http://CQQIZHOU.COM/wp-login.php" "Mozilla/5.0 (Macintosh; Intel Mac OS X 13_6_1) AppleWebKit/605.1.15 (KHTML, like Gecko) Version/17.0 Safari/605.1.15"
91.224.92.127 - - [20/Jul/2026:05:13:14 +0800] "POST /wp-login.php HTTP/1.1" 200 3043 "http://CQQIZHOU.COM/wp-login.php" "Mozilla/5.0 (Macintosh; Intel Mac OS X 13_6_1; rv:120.0) Gecko/20100101 Firefox/120.0"
91.224.92.127 - - [20/Jul/2026:05:13:17 +0800] "POST /wp-login.php HTTP/1.1" 200 3040 "http://CQQIZHOU.COM/wp-login.php" "Mozilla/5.0 (Macintosh; Intel Mac OS X 13_6_1) AppleWebKit/605.1.15 (KHTML, like Gecko) Version/16.6 Safari/605.1.15"
91.224.92.127 - - [20/Jul/2026:05:13:19 +0800] "POST /wp-login.php HTTP/1.1" 200 2954 "http://CQQIZHOU.COM/wp-login.php" "Mozilla/5.0 (Macintosh; Intel Mac OS X 10_15_7) AppleWebKit/605.1.15 (KHTML, like Gecko) Version/16.6 Safari/605.1.15"
91.224.92.127 - - [20/Jul/2026:05:13:22 +0800] "POST /wp-login.php HTTP/1.1" 200 3042 "http://CQQIZHOU.COM/wp-login.php" "Mozilla/5.0 (Macintosh; Intel Mac OS X 10_15_7; rv:118.0) Gecko/20100101 Firefox/118.0"
91.224.92.127 - - [20/Jul/2026:05:13:25 +0800] "POST /wp-login.php HTTP/1.1" 200 3042 "http://CQQIZHOU.COM/wp-login.php" "Mozilla/5.0 (Macintosh; Intel Mac OS X 10_15_7) AppleWebKit/605.1.15 (KHTML, like Gecko) Version/17.0 Safari/605.1.15"
91.224.92.127 - - [20/Jul/2026:05:13:27 +0800] "POST /wp-login.php HTTP/1.1" 200 3042 "http://CQQIZHOU.COM/wp-login.php" "Mozilla/5.0 (Macintosh; Intel Mac OS X 10_15_7) AppleWebKit/537.36 (KHTML, like Gecko) Chrome/121.0.0.0 Safari/537.36"
91.224.92.127 - - [20/Jul/2026:05:13:30 +0800] "POST /wp-login.php HTTP/1.1" 200 3042 "http://CQQIZHOU.COM/wp-login.php" "Mozilla/5.0 (Macintosh; Intel Mac OS X 10_15_7) AppleWebKit/605.1.15 (KHTML, like Gecko) Version/17.2 Safari/605.1.15"
91.224.92.127 - - [20/Jul/2026:05:13:33 +0800] "POST /wp-login.php HTTP/1.1" 200 3048 "http://CQQIZHOU.COM/wp-login.php" "Mozilla/5.0 (Windows NT 11.0; Win64; x64; rv:121.0) Gecko/20100101 Firefox/121.0"
91.224.92.127 - - [20/Jul/2026:05:13:35 +0800] "POST /wp-login.php HTTP/1.1" 200 3044 "http://CQQIZHOU.COM/wp-login.php" "Mozilla/5.0 (Windows NT 11.0; Win64; x64; rv:118.0) Gecko/20100101 Firefox/118.0"
91.224.92.127 - - [20/Jul/2026:05:13:38 +0800] "POST /wp-login.php HTTP/1.1" 200 3043 "http://CQQIZHOU.COM/wp-login.php" "Mozilla/5.0 (Windows NT 11.0; Win64; x64; rv:118.0) Gecko/20100101 Firefox/118.0"
91.224.92.127 - - [20/Jul/2026:05:13:42 +0800] "POST /wp-login.php HTTP/1.1" 200 3042 "http://CQQIZHOU.COM/wp-login.php" "Mozilla/5.0 (Windows NT 11.0; Win64; x64; rv:118.0) Gecko/20100101 Firefox/118.0"
91.224.92.127 - - [20/Jul/2026:05:13:44 +0800] "POST /wp-login.php HTTP/1.1" 200 3045 "http://CQQIZHOU.COM/wp-login.php" "Mozilla/5.0 (Macintosh; Intel Mac OS X 13_6_1) AppleWebKit/605.1.15 (KHTML, like Gecko) Version/17.0 Safari/605.1.15"
91.224.92.127 - - [20/Jul/2026:05:13:47 +0800] "POST /wp-login.php HTTP/1.1" 200 3042 "http://CQQIZHOU.COM/wp-login.php" "Mozilla/5.0 (X11; Linux x86_64) AppleWebKit/537.36 (KHTML, like Gecko) Chrome/118.0.0.0 Safari/537.36"
91.224.92.127 - - [20/Jul/2026:05:13:49 +0800] "POST /wp-login.php HTTP/1.1" 200 3041 "http://CQQIZHOU.COM/wp-login.php" "Mozilla/5.0 (X11; Ubuntu; Linux x86_64) AppleWebKit/537.36 (KHTML, like Gecko) Chrome/118.0.0.0 Safari/537.36"
91.224.92.127 - - [20/Jul/2026:05:13:52 +0800] "POST /wp-login.php HTTP/1.1" 200 2987 "http://CQQIZHOU.COM/wp-login.php" "Mozilla/5.0 (Windows NT 11.0; Win64; x64) AppleWebKit/537.36 (KHTML, like Gecko) Chrome/119.0.0.0 Safari/537.36"
91.224.92.127 - - [20/Jul/2026:05:13:55 +0800] "POST /wp-login.php HTTP/1.1" 200 2987 "http://CQQIZHOU.COM/wp-login.php" "Mozilla/5.0 (Macintosh; Intel Mac OS X 10_15_7; rv:121.0) Gecko/20100101 Firefox/121.0"
91.224.92.127 - - [20/Jul/2026:05:13:57 +0800] "POST /wp-login.php HTTP/1.1" 200 3038 "http://CQQIZHOU.COM/wp-login.php" "Mozilla/5.0 (Macintosh; Intel Mac OS X 10_15_7) AppleWebKit/537.36 (KHTML, like Gecko) Chrome/121.0.0.0 Safari/537.36"
91.224.92.127 - - [20/Jul/2026:05:14:00 +0800] "POST /wp-login.php HTTP/1.1" 200 3038 "http://CQQIZHOU.COM/wp-login.php" "Mozilla/5.0 (Macintosh; Intel Mac OS X 10_15_7; rv:118.0) Gecko/20100101 Firefox/118.0"
36.133.115.36 - - [20/Jul/2026:05:18:38 +0800] "POST /wp-cron.php?doing_wp_cron=1784495918.8531720638275146484375 HTTP/1.1" 200 31 "-" "WordPress/7.0; http://cqqizhou.com"
175.155.176.229 - - [20/Jul/2026:05:18:38 +0800] "GET / HTTP/1.1" 200 32717 "-" "curl/7.64.1"
175.155.176.229 - - [20/Jul/2026:05:18:40 +0800] "GET / HTTP/1.1" 200 32698 "-" "curl/7.74.0"
36.133.115.36 - - [20/Jul/2026:05:24:44 +0800] "POST /wp-cron.php?doing_wp_cron=1784496284.9290521144866943359375 HTTP/1.1" 200 31 "-" "WordPress/7.0; http://cqqizhou.com"
34.148.96.189 - - [20/Jul/2026:05:24:44 +0800] "HEAD /backup/ HTTP/1.1" 404 0 "-" "Mozilla/5.0 (Linux; Android 13; Infinix X688B) AppleWebKit/537.36 (KHTML, like Gecko) Chrome/124.0.6367.48 Mobile Safari/537.36"
34.148.96.189 - - [20/Jul/2026:05:24:46 +0800] "HEAD / HTTP/1.1" 200 0 "-" "Mozilla/5.0 (Linux; U; Android 10; en-US; CPH2015) AppleWebKit/537.36 (KHTML, like Gecko) UCBrowser/13.5.8.1311 Mobile Safari/537.36"
34.148.96.189 - - [20/Jul/2026:05:24:47 +0800] "HEAD /wordpress/ HTTP/1.1" 404 0 "-" "Mozilla/5.0 (Linux; Android 12; Redmi Note 11) AppleWebKit/537.36 (KHTML, like Gecko) Chrome/123.0.6312.112 Mobile Safari/537.36"
34.148.96.189 - - [20/Jul/2026:05:24:47 +0800] "HEAD /blog/ HTTP/1.1" 404 0 "-" "Mozilla/5.0 (Linux; Android 11; RMX2195) AppleWebKit/537.36 (KHTML, like Gecko) Chrome/120.0.6099.210 Mobile Safari/537.36 OPR/75.2.3995.72468"
34.148.96.189 - - [20/Jul/2026:05:24:48 +0800] "HEAD /wp/ HTTP/1.1" 404 0 "-" "Mozilla/5.0 (X11; Linux x86_64) AppleWebKit/537.36 (KHTML, like Gecko) Chrome/125.0.6422.76 Safari/537.36"
34.148.96.189 - - [20/Jul/2026:05:24:50 +0800] "HEAD /new/ HTTP/1.1" 301 0 "-" "Mozilla/5.0 (Linux; Android 12; TECNO CK6n) AppleWebKit/537.36 (KHTML, like Gecko) Chrome/125.0.6422.50 Mobile Safari/537.36"
34.148.96.189 - - [20/Jul/2026:05:24:51 +0800] "HEAD /news HTTP/1.1" 200 0 "http://cqqizhou.com/new/" "Mozilla/5.0 (Linux; Android 12; TECNO CK6n) AppleWebKit/537.36 (KHTML, like Gecko) Chrome/125.0.6422.50 Mobile Safari/537.36"
34.148.96.189 - - [20/Jul/2026:05:24:52 +0800] "HEAD /old/ HTTP/1.1" 404 0 "-" "Mozilla/5.0 (Linux; Android 11; moto g31) AppleWebKit/537.36 (KHTML, like Gecko) Chrome/122.0.6261.96 Mobile Safari/537.36"
36.133.115.36 - - [20/Jul/2026:05:38:21 +0800] "POST /wp-cron.php?doing_wp_cron=1784497100.9929339885711669921875 HTTP/1.1" 200 31 "-" "WordPress/7.0; http://cqqizhou.com"
198.11.177.243 - - [20/Jul/2026:05:38:21 +0800] "GET / HTTP/1.1" 200 35079 "-" "Mozilla/5.0 (iPhone; CPU iPhone OS 13_2_3 like Mac OS X) AppleWebKit/605.1.15 (KHTML, like Gecko) Version/13.0.3 Mobile/15E148 Safari/604.1"
36.133.115.36 - - [20/Jul/2026:05:40:59 +0800] "POST /wp-cron.php?doing_wp_cron=1784497259.5902099609375000000000 HTTP/1.1" 200 31 "-" "WordPress/7.0; http://cqqizhou.com"
1.15.52.154 - - [20/Jul/2026:05:40:59 +0800] "GET / HTTP/1.1" 301 5 "-" "Mozilla/5.0 (iPhone; CPU iPhone OS 13_2_3 like Mac OS X) AppleWebKit/605.1.15 (KHTML, like Gecko) Version/13.0.3 Mobile/15E148 Safari/604.1"
1.15.52.154 - - [20/Jul/2026:05:41:01 +0800] "GET / HTTP/1.1" 200 35078 "http://www.cqqizhou.com" "Mozilla/5.0 (iPhone; CPU iPhone OS 13_2_3 like Mac OS X) AppleWebKit/605.1.15 (KHTML, like Gecko) Version/13.0.3 Mobile/15E148 Safari/604.1"
36.133.115.36 - - [20/Jul/2026:05:53:07 +0800] "POST /wp-cron.php?doing_wp_cron=1784497987.6300020217895507812500 HTTP/1.1" 200 31 "-" "WordPress/7.0; http://cqqizhou.com"
220.181.108.177 - - [20/Jul/2026:05:53:07 +0800] "GET /media/2 HTTP/1.1" 200 26611 "-" "Mozilla/5.0 (compatible; Baiduspider/2.0; +http://www.baidu.com/search/spider.html)"
116.179.37.233 - - [20/Jul/2026:05:53:08 +0800] "GET /wp-content/uploads/2026/06/1780362799-1Article_images_W900px-300x169.webp HTTP/1.1" 200 13330 "http://cqqizhou.com/media/2" "Mozilla/5.0 (compatible; Baiduspider-render/2.0; +http://www.baidu.com/search/spider.html)"
116.179.37.229 - - [20/Jul/2026:05:53:08 +0800] "GET /wp-content/uploads/2026/06/1781880807-Article_images_W900px-300x169.webp HTTP/1.1" 200 7478 "http://cqqizhou.com/media/2" "Mozilla/5.0 (compatible; Baiduspider-render/2.0; +http://www.baidu.com/search/spider.html)"
116.179.37.252 - - [20/Jul/2026:05:53:08 +0800] "GET /wp-content/uploads/2026/06/1780363378-1Article_images_W900px-300x169.webp HTTP/1.1" 200 15744 "http://cqqizhou.com/media/2" "Mozilla/5.0 (compatible; Baiduspider-render/2.0; +http://www.baidu.com/search/spider.html)"
36.133.115.36 - - [20/Jul/2026:05:56:46 +0800] "POST /wp-cron.php?doing_wp_cron=1784498206.8994450569152832031250 HTTP/1.1" 200 31 "-" "WordPress/7.0; http://cqqizhou.com"
43.134.163.229 - - [20/Jul/2026:05:56:46 +0800] "GET / HTTP/1.1" 200 35079 "-" "Mozilla/5.0 (iPhone; CPU iPhone OS 13_2_3 like Mac OS X) AppleWebKit/605.1.15 (KHTML, like Gecko) Version/13.0.3 Mobile/15E148 Safari/604.1"
110.249.202.238 - - [20/Jul/2026:05:56:59 +0800] "GET /robots.txt HTTP/1.1" 200 190 "-" "Mozilla/5.0 (Linux; Android 5.0) AppleWebKit/537.36 (KHTML, like Gecko) Mobile Safari/537.36 (compatible; Bytespider; https://zhanzhang.toutiao.com/)"
36.133.115.36 - - [20/Jul/2026:05:59:12 +0800] "POST /wp-cron.php?doing_wp_cron=1784498352.3536400794982910156250 HTTP/1.1" 200 31 "-" "WordPress/7.0; http://cqqizhou.com"
16.58.56.214 - - [20/Jul/2026:05:59:12 +0800] "GET / HTTP/1.1" 301 5 "-" "visionheight.com/scan Mozilla/5.0 (Macintosh; Intel Mac OS X 10_15_7) Chrome/126.0.0.0 Safari/537.36"
36.133.115.36 - - [20/Jul/2026:06:02:26 +0800] "POST /wp-cron.php?doing_wp_cron=1784498545.9750430583953857421875 HTTP/1.1" 200 31 "-" "WordPress/7.0; http://cqqizhou.com"
16.58.56.214 - - [20/Jul/2026:06:02:26 +0800] "GET / HTTP/1.1" 301 5 "-" "visionheight.com/scan Mozilla/5.0 (Macintosh; Intel Mac OS X 10_15_7) Chrome/126.0.0.0 Safari/537.36"
16.58.56.214 - - [20/Jul/2026:06:02:29 +0800] "GET / HTTP/1.1" 200 35517 "http://36.133.115.36/" "visionheight.com/scan Mozilla/5.0 (Macintosh; Intel Mac OS X 10_15_7) Chrome/126.0.0.0 Safari/537.36"
