36.133.115.36 - - [20/Jul/2026:06:17:54 +0800] "POST /wp-cron.php?doing_wp_cron=1784499474.5647549629211425781250 HTTP/1.1" 200 31 "-" "WordPress/7.0; http://cqqizhou.com"
43.165.127.225 - - [20/Jul/2026:06:17:54 +0800] "GET / HTTP/1.1" 301 5 "-" "Mozilla/5.0 (iPhone; CPU iPhone OS 13_2_3 like Mac OS X) AppleWebKit/605.1.15 (KHTML, like Gecko) Version/13.0.3 Mobile/15E148 Safari/604.1"
43.165.127.225 - - [20/Jul/2026:06:17:57 +0800] "GET / HTTP/1.1" 200 35079 "http://www.cqqizhou.com" "Mozilla/5.0 (iPhone; CPU iPhone OS 13_2_3 like Mac OS X) AppleWebKit/605.1.15 (KHTML, like Gecko) Version/13.0.3 Mobile/15E148 Safari/604.1"
36.133.115.36 - - [20/Jul/2026:06:24:06 +0800] "POST /wp-cron.php?doing_wp_cron=1784499846.2604000568389892578125 HTTP/1.1" 200 31 "-" "WordPress/7.0; http://cqqizhou.com"
111.68.9.162 - - [20/Jul/2026:06:24:06 +0800] "GET /admin-api/system/auth/get-permission-info HTTP/1.1" 404 9498 "-" "Mozilla/5.0 (Windows NT 10.0; WOW64; rv:48.0) Gecko/20100101 Firefox/48.0"
36.133.115.36 - - [20/Jul/2026:06:24:18 +0800] "POST /wp-cron.php?doing_wp_cron=1784499858.7922539710998535156250 HTTP/1.1" 200 31 "-" "WordPress/7.0; http://cqqizhou.com"
111.68.14.38 - - [20/Jul/2026:06:24:18 +0800] "GET / HTTP/1.1" 301 5 "-" "Mozilla/5.0 (Windows NT 10.0; Win64; x64) AppleWebKit/537.36 (KHTML, like Gecko) Chrome/87.0.4280.66 Safari/537.36"
111.68.14.38 - - [20/Jul/2026:06:24:19 +0800] "GET / HTTP/1.1" 200 35531 "http://www.cqqizhou.com/" "Mozilla/5.0 (Windows NT 10.0; Win64; x64) AppleWebKit/537.36 (KHTML, like Gecko) Chrome/87.0.4280.66 Safari/537.36"
36.133.115.36 - - [20/Jul/2026:06:26:44 +0800] "POST /wp-cron.php?doing_wp_cron=1784500004.7366330623626708984375 HTTP/1.1" 200 31 "-" "WordPress/7.0; http://cqqizhou.com"
160.119.71.9 - - [20/Jul/2026:06:26:45 +0800] "GET / HTTP/1.1" 200 109837 "-" "Mozilla/5.0 (X11; Linux x86_64; rv:144.0) Gecko/20100101 Firefox/144.0"
36.133.115.36 - - [20/Jul/2026:06:33:42 +0800] "POST /wp-cron.php?doing_wp_cron=1784500422.0868380069732666015625 HTTP/1.1" 200 31 "-" "WordPress/7.0; http://cqqizhou.com"
114.119.144.41 - - [20/Jul/2026:06:33:42 +0800] "GET /news/2575 HTTP/1.1" 200 21482 "http://cqqizhou.com/media/3" "Mozilla/5.0 (Linux; Android 7.0;) AppleWebKit/537.36 (HTML, like Gecko) Mobile Safari/537.36 (compatible; PetalBot;+https://webmaster.petalsearch.com/site/petalbot)"
114.119.149.89 - - [20/Jul/2026:06:36:00 +0800] "GET /wp-content/uploads/2025/07/1750649179-qizhou1920x1080_1.webp HTTP/1.1" 200 172154 "http://cqqizhou.com/about" "Mozilla/5.0 (Linux; Android 7.0;) AppleWebKit/537.36 (HTML, like Gecko) Mobile Safari/537.36 (compatible; PetalBot;+https://webmaster.petalsearch.com/site/petalbot)"
36.133.115.36 - - [20/Jul/2026:06:36:40 +0800] "POST /wp-cron.php?doing_wp_cron=1784500599.9848389625549316406250 HTTP/1.1" 200 31 "-" "WordPress/7.0; http://cqqizhou.com"
114.119.149.89 - - [20/Jul/2026:06:36:40 +0800] "GET /news/2483 HTTP/1.1" 200 20742 "http://cqqizhou.com/work-safety" "Mozilla/5.0 (Linux; Android 7.0;) AppleWebKit/537.36 (HTML, like Gecko) Mobile Safari/537.36 (compatible; PetalBot;+https://webmaster.petalsearch.com/site/petalbot)"
36.133.115.36 - - [20/Jul/2026:06:38:31 +0800] "POST /wp-cron.php?doing_wp_cron=1784500711.1287579536437988281250 HTTP/1.1" 200 31 "-" "WordPress/7.0; http://cqqizhou.com"
111.68.9.190 - - [20/Jul/2026:06:38:31 +0800] "GET / HTTP/1.1" 301 5 "-" "Mozilla/5.0 (Windows NT 10.0; WOW64; rv:48.0) Gecko/20100101 Firefox/48.0"
111.68.9.190 - - [20/Jul/2026:06:38:32 +0800] "GET / HTTP/1.1" 200 35531 "-" "Mozilla/5.0 (Windows NT 10.0; WOW64; rv:48.0) Gecko/20100101 Firefox/48.0"
36.133.115.36 - - [20/Jul/2026:06:50:41 +0800] "POST /wp-cron.php?doing_wp_cron=1784501441.0348849296569824218750 HTTP/1.1" 200 31 "-" "WordPress/7.0; http://cqqizhou.com"
160.119.71.4 - - [20/Jul/2026:06:50:41 +0800] "GET /cgi-bin/luci/;stok=/locale HTTP/1.1" 301 5 "-" "Mozilla/5.0 (Windows NT 10.0; Win64; x64) AppleWebKit/537.36 (KHTML, like Gecko) Chrome/141.0.0.0 Safari/537.36"
36.133.115.36 - - [20/Jul/2026:07:05:00 +0800] "POST /wp-cron.php?doing_wp_cron=1784502300.4048030376434326171875 HTTP/1.1" 200 31 "-" "WordPress/7.0; http://cqqizhou.com"
220.181.108.82 - - [20/Jul/2026:07:05:00 +0800] "GET /wp-content/uploads/2025/07/1753453127-%D3%E0%BE%EDproduct_Single600%A1%C1284.webp HTTP/1.1" 404 32862 "-" "Mozilla/5.0 (compatible; Baiduspider/2.0; +http://www.baidu.com/search/spider.html)"
220.181.108.90 - - [20/Jul/2026:07:05:00 +0800] "GET /wp-content/uploads/2025/07/1753456770-%C8%C8%B6%C6%D0%BF%BE%EDproduct_Single600.webp HTTP/1.1" 404 32862 "-" "Mozilla/5.0 (compatible; Baiduspider/2.0; +http://www.baidu.com/search/spider.html)"
220.181.108.165 - - [20/Jul/2026:07:05:00 +0800] "GET /wp-content/uploads/2025/07/1753453096-%CB%AB%CF%E0%B8%D6product_Single600%A1%C1284.webp HTTP/1.1" 404 32862 "-" "Mozilla/5.0 (compatible; Baiduspider/2.0; +http://www.baidu.com/search/spider.html)"
220.181.108.105 - - [20/Jul/2026:07:05:01 +0800] "GET /wp-content/uploads/2025/07/1753456723-%CB%AB%CF%E0%B8%D6roduct_Single600.webp HTTP/1.1" 404 32862 "-" "Mozilla/5.0 (compatible; Baiduspider/2.0; +http://www.baidu.com/search/spider.html)"
36.133.115.36 - - [20/Jul/2026:07:15:41 +0800] "POST /wp-cron.php?doing_wp_cron=1784502941.8342349529266357421875 HTTP/1.1" 200 31 "-" "WordPress/7.0; http://cqqizhou.com"
43.160.219.206 - - [20/Jul/2026:07:15:41 +0800] "GET / HTTP/1.1" 301 5 "-" "Mozilla/5.0 (iPhone; CPU iPhone OS 13_2_3 like Mac OS X) AppleWebKit/605.1.15 (KHTML, like Gecko) Version/13.0.3 Mobile/15E148 Safari/604.1"
43.160.219.206 - - [20/Jul/2026:07:15:43 +0800] "GET / HTTP/1.1" 200 35080 "http://36.133.115.36" "Mozilla/5.0 (iPhone; CPU iPhone OS 13_2_3 like Mac OS X) AppleWebKit/605.1.15 (KHTML, like Gecko) Version/13.0.3 Mobile/15E148 Safari/604.1"
36.133.115.36 - - [20/Jul/2026:07:30:46 +0800] "POST /wp-cron.php?doing_wp_cron=1784503846.4827671051025390625000 HTTP/1.1" 200 31 "-" "WordPress/7.0; http://cqqizhou.com"
114.119.140.169 - - [20/Jul/2026:07:30:46 +0800] "GET /news/portfolio/duplex-stainless-steel HTTP/1.1" 200 19283 "http://cqqizhou.com/portfolio/duplex-stainless-steel/" "Mozilla/5.0 (Linux; Android 7.0;) AppleWebKit/537.36 (HTML, like Gecko) Mobile Safari/537.36 (compatible; PetalBot;+https://webmaster.petalsearch.com/site/petalbot)"
36.133.115.36 - - [20/Jul/2026:07:32:09 +0800] "POST /wp-cron.php?doing_wp_cron=1784503929.2201459407806396484375 HTTP/1.1" 200 31 "-" "WordPress/7.0; http://cqqizhou.com"
114.119.140.169 - - [20/Jul/2026:07:32:09 +0800] "GET /media/4 HTTP/1.1" 200 26598 "http://cqqizhou.com/media/3" "Mozilla/5.0 (Linux; Android 7.0;) AppleWebKit/537.36 (HTML, like Gecko) Mobile Safari/537.36 (compatible; PetalBot;+https://webmaster.petalsearch.com/site/petalbot)"
36.133.115.36 - - [20/Jul/2026:07:38:51 +0800] "POST /wp-cron.php?doing_wp_cron=1784504331.1122350692749023437500 HTTP/1.1" 200 31 "-" "WordPress/7.0; http://cqqizhou.com"
202.9.123.136 - - [20/Jul/2026:07:38:56 +0800] "GET /boaform/admin/formLogin?username=adminisp&psd=adminisp HTTP/1.0" 404 32849 "-" "-"
223.109.252.235 - - [20/Jul/2026:07:55:33 +0800] "GET / HTTP/1.1" 200 35531 "-" "Sogou web spider/4.0(+http://www.sogou.com/docs/help/webmasters.htm#07)"
36.133.115.36 - - [20/Jul/2026:07:56:59 +0800] "POST /wp-cron.php?doing_wp_cron=1784505419.7409720420837402343750 HTTP/1.1" 200 31 "-" "WordPress/7.0; http://cqqizhou.com"
220.181.108.158 - - [20/Jul/2026:07:56:59 +0800] "GET /wp-json/oembed/1.0/embed?url=http%3A%2F%2Fcqqizhou.com%2Fbug%2F HTTP/1.1" 200 1102 "-" "Mozilla/5.0 (compatible; Baiduspider/2.0; +http://www.baidu.com/search/spider.html)"
111.68.14.38 - - [20/Jul/2026:08:04:27 +0800] "GET /upload/uc_server/admin.php?m=user&a=login&iframe=&sid= HTTP/1.1" 404 47 "http://www.baidu.com/" "Mozilla/5.0 (Windows NT 10.0; Win64; x64) AppleWebKit/537.36 (KHTML, like Gecko) Chrome/85.0.4183.121 Safari/537.36"
111.68.14.38 - - [20/Jul/2026:08:04:27 +0800] "GET /club/uc_server/admin.php?m=user&a=login&iframe=&sid= HTTP/1.1" 404 47 "http://www.baidu.com/" "Mozilla/5.0 (Windows NT 10.0; Win64; x64) AppleWebKit/537.36 (KHTML, like Gecko) Chrome/85.0.4183.121 Safari/537.36"
111.68.14.38 - - [20/Jul/2026:08:04:27 +0800] "GET /forum/uc_server/admin.php?m=user&a=login&iframe=&sid= HTTP/1.1" 404 47 "http://www.baidu.com/" "Mozilla/5.0 (Windows NT 10.0; Win64; x64) AppleWebKit/537.36 (KHTML, like Gecko) Chrome/85.0.4183.121 Safari/537.36"
111.68.14.38 - - [20/Jul/2026:08:04:27 +0800] "GET /center/admin.php?m=user&a=login&iframe=&sid= HTTP/1.1" 404 47 "http://www.baidu.com/" "Mozilla/5.0 (Windows NT 10.0; Win64; x64) AppleWebKit/537.36 (KHTML, like Gecko) Chrome/85.0.4183.121 Safari/537.36"
111.68.14.38 - - [20/Jul/2026:08:04:27 +0800] "GET /admin.php?m=user&a=login&iframe=&sid= HTTP/1.1" 404 47 "http://www.baidu.com/" "Mozilla/5.0 (Windows NT 10.0; Win64; x64) AppleWebKit/537.36 (KHTML, like Gecko) Chrome/85.0.4183.121 Safari/537.36"
111.68.14.38 - - [20/Jul/2026:08:04:27 +0800] "GET /u/admin.php?m=user&a=login&iframe=&sid= HTTP/1.1" 404 47 "http://www.baidu.com/" "Mozilla/5.0 (Windows NT 10.0; Win64; x64) AppleWebKit/537.36 (KHTML, like Gecko) Chrome/85.0.4183.121 Safari/537.36"
111.68.14.38 - - [20/Jul/2026:08:04:27 +0800] "GET /ucenter/admin.php?m=user&a=login&iframe=&sid= HTTP/1.1" 404 47 "http://www.baidu.com/" "Mozilla/5.0 (Windows NT 10.0; Win64; x64) AppleWebKit/537.36 (KHTML, like Gecko) Chrome/85.0.4183.121 Safari/537.36"
111.68.14.38 - - [20/Jul/2026:08:04:27 +0800] "GET /bbs/uc_server/admin.php?m=user&a=login&iframe=&sid= HTTP/1.1" 404 47 "http://www.baidu.com/" "Mozilla/5.0 (Windows NT 10.0; Win64; x64) AppleWebKit/537.36 (KHTML, like Gecko) Chrome/85.0.4183.121 Safari/537.36"
111.68.14.38 - - [20/Jul/2026:08:04:27 +0800] "GET /uc_server/admin.php?m=user&a=login&iframe=&sid= HTTP/1.1" 404 47 "http://www.baidu.com/" "Mozilla/5.0 (Windows NT 10.0; Win64; x64) AppleWebKit/537.36 (KHTML, like Gecko) Chrome/85.0.4183.121 Safari/537.36"
111.68.14.38 - - [20/Jul/2026:08:04:27 +0800] "GET /ucserver/admin.php?m=user&a=login&iframe=&sid= HTTP/1.1" 404 47 "http://www.baidu.com/" "Mozilla/5.0 (Windows NT 10.0; Win64; x64) AppleWebKit/537.36 (KHTML, like Gecko) Chrome/85.0.4183.121 Safari/537.36"
111.68.14.38 - - [20/Jul/2026:08:04:27 +0800] "GET /uc/admin.php?m=user&a=login&iframe=&sid= HTTP/1.1" 404 47 "http://www.baidu.com/" "Mozilla/5.0 (Windows NT 10.0; Win64; x64) AppleWebKit/537.36 (KHTML, like Gecko) Chrome/85.0.4183.121 Safari/537.36"
111.68.14.38 - - [20/Jul/2026:08:04:27 +0800] "GET /uccenter/admin.php?m=user&a=login&iframe=&sid= HTTP/1.1" 404 47 "http://www.baidu.com/" "Mozilla/5.0 (Windows NT 10.0; Win64; x64) AppleWebKit/537.36 (KHTML, like Gecko) Chrome/85.0.4183.121 Safari/537.36"
36.133.115.36 - - [20/Jul/2026:08:20:42 +0800] "POST /wp-cron.php?doing_wp_cron=1784506842.4059269428253173828125 HTTP/1.1" 200 31 "-" "WordPress/7.0; http://cqqizhou.com"
114.119.146.18 - - [20/Jul/2026:08:20:42 +0800] "GET /news/2231 HTTP/1.1" 200 20242 "http://cqqizhou.com/2231/" "Mozilla/5.0 (Linux; Android 7.0;) AppleWebKit/537.36 (HTML, like Gecko) Mobile Safari/537.36 (compatible; PetalBot;+https://webmaster.petalsearch.com/site/petalbot)"
36.133.115.36 - - [20/Jul/2026:08:24:30 +0800] "POST /wp-cron.php?doing_wp_cron=1784507070.8930180072784423828125 HTTP/1.1" 200 31 "-" "WordPress/7.0; http://cqqizhou.com"
120.77.183.184 - - [20/Jul/2026:08:24:30 +0800] "GET /index.php?c=attachment&a=ajaxswfupload HTTP/1.1" 301 5 "-" "Mozilla/5.0 (Windows NT 10.0; Win64; x64)"
120.77.183.184 - - [20/Jul/2026:08:24:32 +0800] "GET /?c=attachment&a=ajaxswfupload HTTP/1.1" 200 35080 "-" "Mozilla/5.0 (Windows NT 10.0; Win64; x64)"
114.119.146.18 - - [20/Jul/2026:08:40:04 +0800] "GET /wp-content/uploads/2025/07/1750649193-qizhou1920x1080_5.webp HTTP/1.1" 200 110214 "http://cqqizhou.com/about" "Mozilla/5.0 (Linux; Android 7.0;) AppleWebKit/537.36 (HTML, like Gecko) Mobile Safari/537.36 (compatible; PetalBot;+https://webmaster.petalsearch.com/site/petalbot)"
36.133.115.36 - - [20/Jul/2026:08:41:29 +0800] "POST /wp-cron.php?doing_wp_cron=1784508089.1243209838867187500000 HTTP/1.1" 200 31 "-" "WordPress/7.0; http://cqqizhou.com"
114.119.144.41 - - [20/Jul/2026:08:41:29 +0800] "GET /news/2518 HTTP/1.1" 200 20785 "http://cqqizhou.com/company-news" "Mozilla/5.0 (Linux; Android 7.0;) AppleWebKit/537.36 (HTML, like Gecko) Mobile Safari/537.36 (compatible; PetalBot;+https://webmaster.petalsearch.com/site/petalbot)"
114.119.135.202 - - [20/Jul/2026:08:47:17 +0800] "GET /wp-content/uploads/2025/07/1750649200-qizhou1920x1080_7.webp HTTP/1.1" 200 238866 "http://cqqizhou.com/about" "Mozilla/5.0 (Linux; Android 7.0;) AppleWebKit/537.36 (HTML, like Gecko) Mobile Safari/537.36 (compatible; PetalBot;+https://webmaster.petalsearch.com/site/petalbot)"
36.133.115.36 - - [20/Jul/2026:08:51:17 +0800] "POST /wp-cron.php?doing_wp_cron=1784508677.9148070812225341796875 HTTP/1.1" 200 31 "-" "WordPress/7.0; http://cqqizhou.com"
47.128.31.102 - - [20/Jul/2026:08:51:17 +0800] "GET /robots.txt HTTP/1.1" 200 190 "-" "Mozilla/5.0 (Linux; Android 5.0) AppleWebKit/537.36 (KHTML, like Gecko) Mobile Safari/537.36 (compatible; Bytespider; spider-feedback@bytedance.com)"
36.133.115.36 - - [20/Jul/2026:09:04:36 +0800] "POST /wp-cron.php?doing_wp_cron=1784509476.2597260475158691406250 HTTP/1.1" 200 31 "-" "WordPress/7.0; http://cqqizhou.com"
114.119.135.202 - - [20/Jul/2026:09:04:36 +0800] "GET /portfolio/remaining-rolls/ HTTP/1.1" 301 5 "http://cqqizhou.com/" "Mozilla/5.0 (Linux; Android 7.0;) AppleWebKit/537.36 (HTML, like Gecko) Mobile Safari/537.36 (compatible; PetalBot;+https://webmaster.petalsearch.com/site/petalbot)"
114.119.135.202 - - [20/Jul/2026:09:04:37 +0800] "GET /news/portfolio/remaining-rolls HTTP/1.1" 200 19304 "http://cqqizhou.com/" "Mozilla/5.0 (Linux; Android 7.0;) AppleWebKit/537.36 (HTML, like Gecko) Mobile Safari/537.36 (compatible; PetalBot;+https://webmaster.petalsearch.com/site/petalbot)"
223.109.255.170 - - [20/Jul/2026:09:06:11 +0800] "GET / HTTP/1.1" 200 35531 "-" "Sogou web spider/4.0(+http://www.sogou.com/docs/help/webmasters.htm#07)"
36.133.115.36 - - [20/Jul/2026:09:12:49 +0800] "POST /wp-cron.php?doing_wp_cron=1784509969.5064899921417236328125 HTTP/1.1" 200 31 "-" "WordPress/7.0; http://cqqizhou.com"
49.51.253.83 - - [20/Jul/2026:09:12:49 +0800] "GET / HTTP/1.1" 200 35080 "-" "Mozilla/5.0 (iPhone; CPU iPhone OS 13_2_3 like Mac OS X) AppleWebKit/605.1.15 (KHTML, like Gecko) Version/13.0.3 Mobile/15E148 Safari/604.1"
36.133.115.36 - - [20/Jul/2026:09:29:22 +0800] "POST /wp-cron.php?doing_wp_cron=1784510962.2238700389862060546875 HTTP/1.1" 200 31 "-" "WordPress/7.0; http://cqqizhou.com"
43.130.72.40 - - [20/Jul/2026:09:29:22 +0800] "GET / HTTP/1.1" 200 35079 "-" "Mozilla/5.0 (iPhone; CPU iPhone OS 13_2_3 like Mac OS X) AppleWebKit/605.1.15 (KHTML, like Gecko) Version/13.0.3 Mobile/15E148 Safari/604.1"
114.119.132.85 - - [20/Jul/2026:09:35:32 +0800] "GET /wp-content/uploads/2026/05/1779328736-3Article_images_W900px.webp HTTP/1.1" 200 20942 "http://cqqizhou.com/news/2575" "Mozilla/5.0 (Linux; Android 7.0;) AppleWebKit/537.36 (HTML, like Gecko) Mobile Safari/537.36 (compatible; PetalBot;+https://webmaster.petalsearch.com/site/petalbot)"
36.133.115.36 - - [20/Jul/2026:09:40:10 +0800] "POST /wp-cron.php?doing_wp_cron=1784511610.0191490650177001953125 HTTP/1.1" 200 31 "-" "WordPress/7.0; http://cqqizhou.com"
59.82.61.24 - - [20/Jul/2026:09:40:10 +0800] "GET / HTTP/1.1" 301 5 "-" "Mozilla/5.0 (Windows NT 10.0; Win64; x64) AppleWebKit/537.36 (KHTML, like Gecko) Chrome/93.0.2919.189 Safari/537.36"
59.82.61.13 - - [20/Jul/2026:09:40:10 +0800] "GET / HTTP/1.1" 200 35531 "-" "Mozilla/5.0 (Windows NT 10.0; Win64; x64) AppleWebKit/537.36 (KHTML, like Gecko) Chrome/93.0.2919.189 Safari/537.36"
59.82.61.13 - - [20/Jul/2026:09:40:10 +0800] "GET / HTTP/1.1" 200 35531 "-" "Mozilla/5.0 (Windows NT 10.0; Win64; x64) AppleWebKit/537.36 (KHTML, like Gecko) Chrome/113.0.8994.190 Safari/537.36"
36.133.115.36 - - [20/Jul/2026:09:44:22 +0800] "POST /wp-cron.php?doing_wp_cron=1784511862.4959330558776855468750 HTTP/1.1" 200 31 "-" "WordPress/7.0; http://cqqizhou.com"
223.108.79.97 - - [20/Jul/2026:09:44:22 +0800] "GET / HTTP/1.1" 301 5 "http://servicewechat.com/" "Mozilla/5.0 (Linux; Android 13; 23049RAD8C Build/TKQ1.221114.001) AppleWebKit/537.36 (KHTML, like Gecko) Version/4.0 Chrome/115.0.0.0 Mobile Safari/537.36 MicroMessenger/8.0.45"
223.108.79.97 - - [20/Jul/2026:09:44:24 +0800] "GET / HTTP/1.1" 200 35080 "http://servicewechat.com/" "Mozilla/5.0 (Linux; Android 13; 23049RAD8C Build/TKQ1.221114.001) AppleWebKit/537.36 (KHTML, like Gecko) Version/4.0 Chrome/115.0.0.0 Mobile Safari/537.36 MicroMessenger/8.0.45"
223.108.79.97 - - [20/Jul/2026:09:44:24 +0800] "GET /wp-content/uploads/2025/07/1751425283-qizhou.kf_.qq_.com_.webp HTTP/1.1" 200 16864 "http://servicewechat.com/" "Mozilla/5.0 (Linux; Android 13; 23049RAD8C Build/TKQ1.221114.001) AppleWebKit/537.36 (KHTML, like Gecko) Version/4.0 Chrome/115.0.0.0 Mobile Safari/537.36 MicroMessenger/8.0.45"
223.108.79.97 - - [20/Jul/2026:09:44:27 +0800] "GET /wp-content/uploads/2025/12/1765268955-qizhou_Slider1_3840%C3%972160_20251210-scaled.webp HTTP/1.1" 200 152162 "http://servicewechat.com/" "Mozilla/5.0 (Linux; Android 13; 23049RAD8C Build/TKQ1.221114.001) AppleWebKit/537.36 (KHTML, like Gecko) Version/4.0 Chrome/115.0.0.0 Mobile Safari/537.36 MicroMessenger/8.0.45"
223.108.79.97 - - [20/Jul/2026:09:44:27 +0800] "GET /wp-content/uploads/revslider/slider-1/1750861156-logistics_Slider_3840%C3%972160_20250625191356-scaled-50x100.webp HTTP/1.1" 200 1416 "http://servicewechat.com/" "Mozilla/5.0 (Linux; Android 13; 23049RAD8C Build/TKQ1.221114.001) AppleWebKit/537.36 (KHTML, like Gecko) Version/4.0 Chrome/115.0.0.0 Mobile Safari/537.36 MicroMessenger/8.0.45"
223.108.79.97 - - [20/Jul/2026:09:44:27 +0800] "GET /wp-content/uploads/2026/01/1768276119-qizhoujiagong_Slider_3840%C3%972160_20260113-scaled-50x100.webp HTTP/1.1" 200 976 "http://servicewechat.com/" "Mozilla/5.0 (Linux; Android 13; 23049RAD8C Build/TKQ1.221114.001) AppleWebKit/537.36 (KHTML, like Gecko) Version/4.0 Chrome/115.0.0.0 Mobile Safari/537.36 MicroMessenger/8.0.45"
223.108.79.97 - - [20/Jul/2026:09:44:27 +0800] "GET /wp-content/uploads/2025/07/1753456770-%E7%83%AD%E9%95%80%E9%94%8C%E5%8D%B7product_Single600.webp HTTP/1.1" 200 27502 "http://servicewechat.com/" "Mozilla/5.0 (Linux; Android 13; 23049RAD8C Build/TKQ1.221114.001) AppleWebKit/537.36 (KHTML, like Gecko) Version/4.0 Chrome/115.0.0.0 Mobile Safari/537.36 MicroMessenger/8.0.45"
223.108.79.97 - - [20/Jul/2026:09:44:27 +0800] "GET /wp-content/uploads/2025/07/1753453127-%E4%BD%99%E5%8D%B7product_Single600%C3%97284.webp HTTP/1.1" 200 18744 "http://servicewechat.com/" "Mozilla/5.0 (Linux; Android 13; 23049RAD8C Build/TKQ1.221114.001) AppleWebKit/537.36 (KHTML, like Gecko) Version/4.0 Chrome/115.0.0.0 Mobile Safari/537.36 MicroMessenger/8.0.45"
223.108.79.97 - - [20/Jul/2026:09:44:27 +0800] "GET /wp-content/uploads/2025/07/1753453096-%E5%8F%8C%E7%9B%B8%E9%92%A2product_Single600%C3%97284.webp HTTP/1.1" 200 14562 "http://servicewechat.com/" "Mozilla/5.0 (Linux; Android 13; 23049RAD8C Build/TKQ1.221114.001) AppleWebKit/537.36 (KHTML, like Gecko) Version/4.0 Chrome/115.0.0.0 Mobile Safari/537.36 MicroMessenger/8.0.45"
223.108.79.97 - - [20/Jul/2026:09:44:27 +0800] "GET /wp-content/uploads/2025/07/1753456723-%E5%8F%8C%E7%9B%B8%E9%92%A2roduct_Single600.webp HTTP/1.1" 200 22790 "http://servicewechat.com/" "Mozilla/5.0 (Linux; Android 13; 23049RAD8C Build/TKQ1.221114.001) AppleWebKit/537.36 (KHTML, like Gecko) Version/4.0 Chrome/115.0.0.0 Mobile Safari/537.36 MicroMessenger/8.0.45"
223.108.79.97 - - [20/Jul/2026:09:44:28 +0800] "GET /wp-json/sliderrevolution/sliders/1?srengine=7&slideid=4 HTTP/1.1" 200 2580 "http://servicewechat.com/" "Mozilla/5.0 (Linux; Android 13; 23049RAD8C Build/TKQ1.221114.001) AppleWebKit/537.36 (KHTML, like Gecko) Version/4.0 Chrome/115.0.0.0 Mobile Safari/537.36 MicroMessenger/8.0.45"
223.108.79.97 - - [20/Jul/2026:09:44:28 +0800] "GET /wp-json/sliderrevolution/sliders/1?srengine=7&slideid=2 HTTP/1.1" 200 2000 "http://servicewechat.com/" "Mozilla/5.0 (Linux; Android 13; 23049RAD8C Build/TKQ1.221114.001) AppleWebKit/537.36 (KHTML, like Gecko) Version/4.0 Chrome/115.0.0.0 Mobile Safari/537.36 MicroMessenger/8.0.45"
223.108.79.97 - - [20/Jul/2026:09:44:28 +0800] "GET /wp-content/uploads/2026/01/1768276119-qizhoujiagong_Slider_3840%C3%972160_20260113-scaled.webp HTTP/1.1" 200 131696 "http://servicewechat.com/" "Mozilla/5.0 (Linux; Android 13; 23049RAD8C Build/TKQ1.221114.001) AppleWebKit/537.36 (KHTML, like Gecko) Version/4.0 Chrome/115.0.0.0 Mobile Safari/537.36 MicroMessenger/8.0.45"
223.108.79.97 - - [20/Jul/2026:09:44:28 +0800] "GET /wp-content/uploads/revslider/slider-1/1750861156-logistics_Slider_3840%C3%972160_20250625191356-scaled.webp HTTP/1.1" 200 197360 "http://servicewechat.com/" "Mozilla/5.0 (Linux; Android 13; 23049RAD8C Build/TKQ1.221114.001) AppleWebKit/537.36 (KHTML, like Gecko) Version/4.0 Chrome/115.0.0.0 Mobile Safari/537.36 MicroMessenger/8.0.45"
36.133.115.36 - - [20/Jul/2026:09:45:18 +0800] "POST /wp-cron.php?doing_wp_cron=1784511918.4400320053100585937500 HTTP/1.1" 200 31 "-" "WordPress/7.0; http://cqqizhou.com"
160.119.71.9 - - [20/Jul/2026:09:45:19 +0800] "GET / HTTP/1.1" 200 109837 "-" "Mozilla/5.0 (X11; Linux x86_64; rv:144.0) Gecko/20100101 Firefox/144.0"
36.133.115.36 - - [20/Jul/2026:09:58:52 +0800] "POST /wp-cron.php?doing_wp_cron=1784512732.0922389030456542968750 HTTP/1.1" 200 31 "-" "WordPress/7.0; http://cqqizhou.com"
43.135.36.201 - - [20/Jul/2026:09:58:52 +0800] "GET / HTTP/1.1" 301 5 "-" "Mozilla/5.0 (iPhone; CPU iPhone OS 13_2_3 like Mac OS X) AppleWebKit/605.1.15 (KHTML, like Gecko) Version/13.0.3 Mobile/15E148 Safari/604.1"
43.135.36.201 - - [20/Jul/2026:09:58:54 +0800] "GET / HTTP/1.1" 200 35080 "http://www.cqqizhou.com" "Mozilla/5.0 (iPhone; CPU iPhone OS 13_2_3 like Mac OS X) AppleWebKit/605.1.15 (KHTML, like Gecko) Version/13.0.3 Mobile/15E148 Safari/604.1"
36.133.115.36 - - [20/Jul/2026:10:32:22 +0800] "POST /wp-cron.php?doing_wp_cron=1784514742.0398759841918945312500 HTTP/1.1" 200 31 "-" "WordPress/7.0; http://cqqizhou.com"
110.249.201.52 - - [20/Jul/2026:10:32:22 +0800] "GET / HTTP/1.1" 200 35079 "-" "Mozilla/5.0 (Linux; Android 5.0) AppleWebKit/537.36 (KHTML, like Gecko) Mobile Safari/537.36 (compatible; Bytespider; https://zhanzhang.toutiao.com/)"
36.133.115.36 - - [20/Jul/2026:10:41:16 +0800] "POST /wp-cron.php?doing_wp_cron=1784515276.3203248977661132812500 HTTP/1.1" 200 31 "-" "WordPress/7.0; http://cqqizhou.com"
119.84.246.117 - - [20/Jul/2026:10:41:16 +0800] "GET / HTTP/1.1" 301 5 "-" "Mozilla/5.0 (Windows; U; Windows NT 6.1; zh_CN) AppleWebKit/534.7 (KHTML, like Gecko) Chrome/18.0 BIDUBrowser/2.6 Safari/534.7"
119.84.246.117 - - [20/Jul/2026:10:41:16 +0800] "GET / HTTP/1.1" 200 159688 "-" "Mozilla/5.0 (Windows; U; Windows NT 6.1; zh_CN) AppleWebKit/534.7 (KHTML, like Gecko) Chrome/18.0 BIDUBrowser/2.6 Safari/534.7"
119.84.246.117 - - [20/Jul/2026:10:41:17 +0800] "GET / HTTP/1.1" 301 5 "-" "Mozilla/5.0 (Windows NT 6.1; WOW64) AppleWebKit/535.19 (KHTML, like Gecko) Chrome/18.0.1025.168 Safari/535.19 QIHU 360EE"
119.84.246.117 - - [20/Jul/2026:10:41:17 +0800] "GET / HTTP/1.1" 200 159688 "-" "Mozilla/5.0 (Windows NT 6.1; WOW64) AppleWebKit/535.19 (KHTML, like Gecko) Chrome/18.0.1025.168 Safari/535.19 QIHU 360EE"
119.84.246.117 - - [20/Jul/2026:10:41:18 +0800] "GET / HTTP/1.1" 301 5 "-" "Mozilla/5.0 (Windows; U; Windows NT 5.2) AppleWebKit/525.13 (KHTML, like Gecko) Chrome/0.2.149.27 Safari/525.13"
119.84.246.117 - - [20/Jul/2026:10:41:18 +0800] "GET / HTTP/1.1" 200 159688 "-" "Mozilla/5.0 (Windows; U; Windows NT 5.2) AppleWebKit/525.13 (KHTML, like Gecko) Chrome/0.2.149.27 Safari/525.13"
36.133.115.36 - - [20/Jul/2026:10:45:28 +0800] "POST /wp-cron.php?doing_wp_cron=1784515528.3622810840606689453125 HTTP/1.1" 200 31 "-" "WordPress/7.0; http://cqqizhou.com"
121.29.77.10 - - [20/Jul/2026:10:45:28 +0800] "GET /about HTTP/1.1" 200 25038 "-" "Mozilla/5.0 (Windows NT 10.0; Win64; x64) AppleWebKit/537.36 (KHTML, like Gecko) Chrome/150.0.0.0 Safari/537.36 Edg/150.0.0.0"
121.29.77.10 - - [20/Jul/2026:10:45:28 +0800] "GET /wp-content/uploads/2025/06/1750755307-qizhoucangku2000x400_2025624.webp HTTP/1.1" 200 45470 "http://cqqizhou.com/about" "Mozilla/5.0 (Windows NT 10.0; Win64; x64) AppleWebKit/537.36 (KHTML, like Gecko) Chrome/150.0.0.0 Safari/537.36 Edg/150.0.0.0"
121.29.77.10 - - [20/Jul/2026:10:45:28 +0800] "GET /wp-content/uploads/2025/07/1750945417-honor300%C3%97206_1.webp HTTP/1.1" 200 57666 "http://cqqizhou.com/about" "Mozilla/5.0 (Windows NT 10.0; Win64; x64) AppleWebKit/537.36 (KHTML, like Gecko) Chrome/150.0.0.0 Safari/537.36 Edg/150.0.0.0"
121.29.77.10 - - [20/Jul/2026:10:45:28 +0800] "GET /wp-content/uploads/2025/07/1750649803-qizhou800x500_2.webp HTTP/1.1" 200 63616 "http://cqqizhou.com/about" "Mozilla/5.0 (Windows NT 10.0; Win64; x64) AppleWebKit/537.36 (KHTML, like Gecko) Chrome/150.0.0.0 Safari/537.36 Edg/150.0.0.0"
121.29.77.10 - - [20/Jul/2026:10:45:28 +0800] "GET /wp-content/uploads/2025/07/1750945444-honor300%C3%97206_2.webp HTTP/1.1" 200 71296 "http://cqqizhou.com/about" "Mozilla/5.0 (Windows NT 10.0; Win64; x64) AppleWebKit/537.36 (KHTML, like Gecko) Chrome/150.0.0.0 Safari/537.36 Edg/150.0.0.0"
121.29.77.10 - - [20/Jul/2026:10:45:28 +0800] "GET /wp-content/uploads/2025/07/1750671800-partner1_200x50.webp HTTP/1.1" 200 2244 "http://cqqizhou.com/about" "Mozilla/5.0 (Windows NT 10.0; Win64; x64) AppleWebKit/537.36 (KHTML, like Gecko) Chrome/150.0.0.0 Safari/537.36 Edg/150.0.0.0"
121.29.77.10 - - [20/Jul/2026:10:45:28 +0800] "GET /wp-content/uploads/2025/07/1750671801-partner2_200x50.webp HTTP/1.1" 200 3946 "http://cqqizhou.com/about" "Mozilla/5.0 (Windows NT 10.0; Win64; x64) AppleWebKit/537.36 (KHTML, like Gecko) Chrome/150.0.0.0 Safari/537.36 Edg/150.0.0.0"
121.29.77.10 - - [20/Jul/2026:10:45:28 +0800] "GET /wp-content/uploads/elementor/thumbs/1751373145-About_Qizhoudalou_W800px-r91b70ok8huvvdr4ynxnf302e8ie3iydlh6ag9ew82.webp HTTP/1.1" 200 37938 "http://cqqizhou.com/about" "Mozilla/5.0 (Windows NT 10.0; Win64; x64) AppleWebKit/537.36 (KHTML, like Gecko) Chrome/150.0.0.0 Safari/537.36 Edg/150.0.0.0"
121.29.77.10 - - [20/Jul/2026:10:45:28 +0800] "GET /wp-content/uploads/elementor/thumbs/1751209300-Hello-Qizhou3-r91b71mdtei8mab1rr8x739cnvi1mafuaga3vbed3o.webp HTTP/1.1" 200 39120 "http://cqqizhou.com/about" "Mozilla/5.0 (Windows NT 10.0; Win64; x64) AppleWebKit/537.36 (KHTML, like Gecko) Chrome/150.0.0.0 Safari/537.36 Edg/150.0.0.0"
121.29.77.10 - - [20/Jul/2026:10:45:28 +0800] "GET /wp-content/uploads/2025/07/1750671803-partner3_200x50.webp HTTP/1.1" 200 4414 "http://cqqizhou.com/about" "Mozilla/5.0 (Windows NT 10.0; Win64; x64) AppleWebKit/537.36 (KHTML, like Gecko) Chrome/150.0.0.0 Safari/537.36 Edg/150.0.0.0"
121.29.77.10 - - [20/Jul/2026:10:45:28 +0800] "GET /wp-content/uploads/2025/07/1750671805-partner4_200x50.webp HTTP/1.1" 200 2390 "http://cqqizhou.com/about" "Mozilla/5.0 (Windows NT 10.0; Win64; x64) AppleWebKit/537.36 (KHTML, like Gecko) Chrome/150.0.0.0 Safari/537.36 Edg/150.0.0.0"
121.29.77.10 - - [20/Jul/2026:10:45:29 +0800] "GET /wp-content/uploads/2025/07/1750671808-partner6_200x50.webp HTTP/1.1" 200 3004 "http://cqqizhou.com/about" "Mozilla/5.0 (Windows NT 10.0; Win64; x64) AppleWebKit/537.36 (KHTML, like Gecko) Chrome/150.0.0.0 Safari/537.36 Edg/150.0.0.0"
121.29.77.10 - - [20/Jul/2026:10:45:29 +0800] "GET /wp-content/uploads/2025/07/1750671806-partner5_200x50.webp HTTP/1.1" 200 2840 "http://cqqizhou.com/about" "Mozilla/5.0 (Windows NT 10.0; Win64; x64) AppleWebKit/537.36 (KHTML, like Gecko) Chrome/150.0.0.0 Safari/537.36 Edg/150.0.0.0"
121.29.77.10 - - [20/Jul/2026:10:45:29 +0800] "GET /wp-content/uploads/2025/07/1751425283-qizhou.kf_.qq_.com_.webp HTTP/1.1" 200 16864 "http://cqqizhou.com/about" "Mozilla/5.0 (Windows NT 10.0; Win64; x64) AppleWebKit/537.36 (KHTML, like Gecko) Chrome/150.0.0.0 Safari/537.36 Edg/150.0.0.0"
121.29.77.10 - - [20/Jul/2026:10:45:29 +0800] "GET /wp-content/uploads/2025/07/1750649186-qizhou1920x1080_3.webp HTTP/1.1" 200 134070 "http://cqqizhou.com/about" "Mozilla/5.0 (Windows NT 10.0; Win64; x64) AppleWebKit/537.36 (KHTML, like Gecko) Chrome/150.0.0.0 Safari/537.36 Edg/150.0.0.0"
121.29.77.10 - - [20/Jul/2026:10:45:29 +0800] "GET /wp-content/uploads/2025/07/1750649183-qizhou1920x1080_2.webp HTTP/1.1" 200 267936 "http://cqqizhou.com/about" "Mozilla/5.0 (Windows NT 10.0; Win64; x64) AppleWebKit/537.36 (KHTML, like Gecko) Chrome/150.0.0.0 Safari/537.36 Edg/150.0.0.0"
121.29.77.10 - - [20/Jul/2026:10:45:29 +0800] "GET /wp-content/uploads/2025/07/1750649193-qizhou1920x1080_5.webp HTTP/1.1" 200 110214 "http://cqqizhou.com/about" "Mozilla/5.0 (Windows NT 10.0; Win64; x64) AppleWebKit/537.36 (KHTML, like Gecko) Chrome/150.0.0.0 Safari/537.36 Edg/150.0.0.0"
121.29.77.10 - - [20/Jul/2026:10:45:29 +0800] "GET /wp-content/uploads/2025/07/1750649179-qizhou1920x1080_1.webp HTTP/1.1" 200 172154 "http://cqqizhou.com/about" "Mozilla/5.0 (Windows NT 10.0; Win64; x64) AppleWebKit/537.36 (KHTML, like Gecko) Chrome/150.0.0.0 Safari/537.36 Edg/150.0.0.0"
121.29.77.10 - - [20/Jul/2026:10:45:29 +0800] "GET /wp-content/uploads/2025/07/1750649200-qizhou1920x1080_7.webp HTTP/1.1" 200 238866 "http://cqqizhou.com/about" "Mozilla/5.0 (Windows NT 10.0; Win64; x64) AppleWebKit/537.36 (KHTML, like Gecko) Chrome/150.0.0.0 Safari/537.36 Edg/150.0.0.0"
121.29.77.10 - - [20/Jul/2026:10:45:29 +0800] "GET /wp-content/uploads/2025/07/1750649189-qizhou1920x1080_4.webp HTTP/1.1" 200 174962 "http://cqqizhou.com/about" "Mozilla/5.0 (Windows NT 10.0; Win64; x64) AppleWebKit/537.36 (KHTML, like Gecko) Chrome/150.0.0.0 Safari/537.36 Edg/150.0.0.0"
121.29.77.10 - - [20/Jul/2026:10:45:29 +0800] "GET /wp-content/uploads/2025/07/1750649197-qizhou1920x1080_6.webp HTTP/1.1" 200 150354 "http://cqqizhou.com/about" "Mozilla/5.0 (Windows NT 10.0; Win64; x64) AppleWebKit/537.36 (KHTML, like Gecko) Chrome/150.0.0.0 Safari/537.36 Edg/150.0.0.0"
121.29.77.10 - - [20/Jul/2026:10:45:29 +0800] "GET /wp-content/uploads/2025/07/1750649207-qizhou1920x1080_9.webp HTTP/1.1" 200 146108 "http://cqqizhou.com/about" "Mozilla/5.0 (Windows NT 10.0; Win64; x64) AppleWebKit/537.36 (KHTML, like Gecko) Chrome/150.0.0.0 Safari/537.36 Edg/150.0.0.0"
121.29.77.10 - - [20/Jul/2026:10:45:29 +0800] "GET /wp-content/uploads/2025/07/1750649203-qizhou1920x1080_8.webp HTTP/1.1" 200 256782 "http://cqqizhou.com/about" "Mozilla/5.0 (Windows NT 10.0; Win64; x64) AppleWebKit/537.36 (KHTML, like Gecko) Chrome/150.0.0.0 Safari/537.36 Edg/150.0.0.0"
121.29.77.10 - - [20/Jul/2026:10:45:29 +0800] "GET /wp-content/uploads/2025/07/1750649215-qizhou1920x1080_11.webp HTTP/1.1" 200 171642 "http://cqqizhou.com/about" "Mozilla/5.0 (Windows NT 10.0; Win64; x64) AppleWebKit/537.36 (KHTML, like Gecko) Chrome/150.0.0.0 Safari/537.36 Edg/150.0.0.0"
121.29.77.10 - - [20/Jul/2026:10:45:29 +0800] "GET /wp-content/uploads/2025/07/1750649212-qizhou1920x1080_10.webp HTTP/1.1" 200 143362 "http://cqqizhou.com/about" "Mozilla/5.0 (Windows NT 10.0; Win64; x64) AppleWebKit/537.36 (KHTML, like Gecko) Chrome/150.0.0.0 Safari/537.36 Edg/150.0.0.0"
121.29.77.10 - - [20/Jul/2026:10:45:30 +0800] "GET /wp-content/uploads/2025/07/1750945514-honor300%C3%97206_3.webp HTTP/1.1" 200 74124 "http://cqqizhou.com/about" "Mozilla/5.0 (Windows NT 10.0; Win64; x64) AppleWebKit/537.36 (KHTML, like Gecko) Chrome/150.0.0.0 Safari/537.36 Edg/150.0.0.0"
121.29.77.10 - - [20/Jul/2026:10:45:30 +0800] "GET /wp-content/uploads/2025/07/1750945637-honor300%C3%97206_5.webp HTTP/1.1" 200 77368 "http://cqqizhou.com/about" "Mozilla/5.0 (Windows NT 10.0; Win64; x64) AppleWebKit/537.36 (KHTML, like Gecko) Chrome/150.0.0.0 Safari/537.36 Edg/150.0.0.0"
121.29.77.10 - - [20/Jul/2026:10:45:30 +0800] "GET /wp-content/uploads/2025/07/1750945650-honor300%C3%97206_6.webp HTTP/1.1" 200 66306 "http://cqqizhou.com/about" "Mozilla/5.0 (Windows NT 10.0; Win64; x64) AppleWebKit/537.36 (KHTML, like Gecko) Chrome/150.0.0.0 Safari/537.36 Edg/150.0.0.0"
121.29.77.10 - - [20/Jul/2026:10:45:30 +0800] "GET /wp-content/uploads/2025/07/1750945616-honor300%C3%97206_4.webp HTTP/1.1" 200 33814 "http://cqqizhou.com/about" "Mozilla/5.0 (Windows NT 10.0; Win64; x64) AppleWebKit/537.36 (KHTML, like Gecko) Chrome/150.0.0.0 Safari/537.36 Edg/150.0.0.0"
121.29.77.10 - - [20/Jul/2026:10:45:31 +0800] "GET /wp-content/uploads/2025/07/1750656103-Visionr2000x800_20250623131702.webp HTTP/1.1" 200 57650 "http://cqqizhou.com/wp-content/uploads/elementor/css/post-1849.css?ver=1784515528" "Mozilla/5.0 (Windows NT 10.0; Win64; x64) AppleWebKit/537.36 (KHTML, like Gecko) Chrome/150.0.0.0 Safari/537.36 Edg/150.0.0.0"
36.133.115.36 - - [20/Jul/2026:10:54:51 +0800] "POST /wp-cron.php?doing_wp_cron=1784516091.1870739459991455078125 HTTP/1.1" 200 31 "-" "WordPress/7.0; http://cqqizhou.com"
43.166.244.192 - - [20/Jul/2026:10:54:51 +0800] "GET / HTTP/1.1" 301 5 "-" "Mozilla/5.0 (iPhone; CPU iPhone OS 13_2_3 like Mac OS X) AppleWebKit/605.1.15 (KHTML, like Gecko) Version/13.0.3 Mobile/15E148 Safari/604.1"
43.166.244.192 - - [20/Jul/2026:10:54:54 +0800] "GET / HTTP/1.1" 200 35080 "http://36.133.115.36" "Mozilla/5.0 (iPhone; CPU iPhone OS 13_2_3 like Mac OS X) AppleWebKit/605.1.15 (KHTML, like Gecko) Version/13.0.3 Mobile/15E148 Safari/604.1"
36.133.115.36 - - [20/Jul/2026:11:02:09 +0800] "POST /wp-cron.php?doing_wp_cron=1784516529.8248929977416992187500 HTTP/1.1" 200 31 "-" "WordPress/7.0; http://cqqizhou.com"
120.233.109.53 - - [20/Jul/2026:11:02:09 +0800] "GET /news/2585 HTTP/1.1" 200 24729 "-" "Mozilla/5.0 (Windows NT 10.0; Win64; x64) AppleWebKit/537.36 (KHTML, like Gecko) Chrome/117.0.0.0 Safari/537.36"
36.133.115.36 - - [20/Jul/2026:11:04:33 +0800] "POST /wp-cron.php?doing_wp_cron=1784516673.1836779117584228515625 HTTP/1.1" 200 31 "-" "WordPress/7.0; http://cqqizhou.com"
172.239.64.86 - - [20/Jul/2026:11:04:33 +0800] "GET / HTTP/1.1" 301 5 "-" "Mozilla/5.0 (Macintosh; Intel Mac OS X 13_1) AppleWebKit/537.36 (KHTML, like Gecko) Chrome/108.0.0.0 Safari/537.36"
172.239.64.86 - - [20/Jul/2026:11:04:34 +0800] "GET / HTTP/1.1" 200 35531 "http://36.133.115.36/" "Mozilla/5.0 (Macintosh; Intel Mac OS X 13_1) AppleWebKit/537.36 (KHTML, like Gecko) Chrome/108.0.0.0 Safari/537.36"
36.133.115.36 - - [20/Jul/2026:11:09:42 +0800] "POST /wp-cron.php?doing_wp_cron=1784516982.9228239059448242187500 HTTP/1.1" 200 31 "-" "WordPress/7.0; http://cqqizhou.com"
121.29.51.109 - - [20/Jul/2026:11:09:42 +0800] "GET / HTTP/1.1" 200 35080 "-" "Dalvik/2.1.0 (Linux; U; Android 9.0; ZTE BA520 Build/MRA58K)"
36.133.115.36 - - [20/Jul/2026:11:20:36 +0800] "POST /wp-cron.php?doing_wp_cron=1784517636.7944440841674804687500 HTTP/1.1" 200 31 "-" "WordPress/7.0; http://cqqizhou.com"
35.195.64.180 - - [20/Jul/2026:11:20:36 +0800] "GET / HTTP/1.1" 200 35080 "-" "Mozilla/5.0 (Windows NT 10.0; Win64; x64) AppleWebKit/537.36 (KHTML, like Gecko) Chrome/127.0.0.0 Safari/537.36"
36.133.115.36 - - [20/Jul/2026:11:22:41 +0800] "POST /wp-cron.php?doing_wp_cron=1784517761.7732920646667480468750 HTTP/1.1" 200 31 "-" "WordPress/7.0; http://cqqizhou.com"
112.32.180.44 - - [20/Jul/2026:11:22:41 +0800] "GET / HTTP/1.1" 301 5 "-" "Mozilla/5.0 (Windows NT 10.0) AppleWebKit/537.36 (KHTML, like Gecko) Chrome/79.0.3945.36"
112.32.180.44 - - [20/Jul/2026:11:22:41 +0800] "GET http://cqqizhou.com/ HTTP/1.1" 200 35531 "-" "Mozilla/5.0 (Windows NT 10.0) AppleWebKit/537.36 (KHTML, like Gecko) Chrome/79.0.3945.36"
117.183.249.27 - - [20/Jul/2026:11:22:43 +0800] "GET / HTTP/1.1" 200 35531 "-" "Mozilla/5.0 (Windows NT 6.1) AppleWebKit/537.36 (KHTML, like Gecko) Chrome/79.0.3945.36"
36.133.115.36 - - [20/Jul/2026:11:34:41 +0800] "POST /wp-cron.php?doing_wp_cron=1784518481.8970410823822021484375 HTTP/1.1" 200 31 "-" "WordPress/7.0; http://cqqizhou.com"
195.182.16.23 - - [20/Jul/2026:11:34:41 +0800] "GET /SDK/webLanguage HTTP/1.1" 301 5 "-" "Mozilla/5.0 (Windows NT 10.0; Win64; x64) AppleWebKit/537.36 (KHTML, like Gecko) Chrome/90.0.4430.85 Safari/537.36 Edg/90.0.818.46"
36.133.115.36 - - [20/Jul/2026:11:39:08 +0800] "POST /wp-cron.php?doing_wp_cron=1784518748.1625549793243408203125 HTTP/1.1" 200 31 "-" "WordPress/7.0; http://cqqizhou.com"
129.28.84.30 - - [20/Jul/2026:11:39:08 +0800] "GET / HTTP/1.1" 200 35080 "-" "Mozilla/5.0 (iPhone; CPU iPhone OS 13_2_3 like Mac OS X) AppleWebKit/605.1.15 (KHTML, like Gecko) Version/13.0.3 Mobile/15E148 Safari/604.1"
36.133.115.36 - - [20/Jul/2026:11:41:30 +0800] "POST /wp-cron.php?doing_wp_cron=1784518890.0220789909362792968750 HTTP/1.1" 200 31 "-" "WordPress/7.0; http://cqqizhou.com"
114.119.146.18 - - [20/Jul/2026:11:41:30 +0800] "GET /work-safety HTTP/1.1" 200 19712 "http://cqqizhou.com/2420/" "Mozilla/5.0 (Linux; Android 7.0;) AppleWebKit/537.36 (HTML, like Gecko) Mobile Safari/537.36 (compatible; PetalBot;+https://webmaster.petalsearch.com/site/petalbot)"
36.133.115.36 - - [20/Jul/2026:11:42:52 +0800] "POST /wp-cron.php?doing_wp_cron=1784518972.7029728889465332031250 HTTP/1.1" 200 31 "-" "WordPress/7.0; http://cqqizhou.com"
114.119.132.85 - - [20/Jul/2026:11:42:52 +0800] "GET /news/portfolio-category/dual-phase-steel HTTP/1.1" 200 18241 "http://cqqizhou.com/news/portfolio-category/dual-phase-steel" "Mozilla/5.0 (Linux; Android 7.0;) AppleWebKit/537.36 (HTML, like Gecko) Mobile Safari/537.36 (compatible; PetalBot;+https://webmaster.petalsearch.com/site/petalbot)"
36.133.115.36 - - [20/Jul/2026:11:44:16 +0800] "POST /wp-cron.php?doing_wp_cron=1784519056.5850610733032226562500 HTTP/1.1" 200 31 "-" "WordPress/7.0; http://cqqizhou.com"
114.119.138.179 - - [20/Jul/2026:11:44:16 +0800] "GET /news/portfolio HTTP/1.1" 200 17649 "http://cqqizhou.com/news/portfolio/%e5%86%b7%e8%bd%a7%e5%8d%b7" "Mozilla/5.0 (Linux; Android 7.0;) AppleWebKit/537.36 (HTML, like Gecko) Mobile Safari/537.36 (compatible; PetalBot;+https://webmaster.petalsearch.com/site/petalbot)"
36.133.115.36 - - [20/Jul/2026:11:55:28 +0800] "POST /wp-cron.php?doing_wp_cron=1784519728.1758420467376708984375 HTTP/1.1" 200 31 "-" "WordPress/7.0; http://cqqizhou.com"
91.231.89.16 - - [20/Jul/2026:11:55:28 +0800] "GET /.well-known/security.txt HTTP/1.1" 301 5 "-" "Mozilla/5.0 (X11; Ubuntu; Linux x86_64; rv:134.0) Gecko/20100101 Firefox/134.0"
36.133.115.36 - - [20/Jul/2026:12:05:18 +0800] "POST /wp-cron.php?doing_wp_cron=1784520318.9355480670928955078125 HTTP/1.1" 200 31 "-" "WordPress/7.0; http://cqqizhou.com"
120.233.109.28 - - [20/Jul/2026:12:05:18 +0800] "GET /2215/ HTTP/1.1" 301 5 "-" "Mozilla/5.0 (Windows NT 10.0; Win64; x64) AppleWebKit/537.36 (KHTML, like Gecko) Chrome/106.0.5249.119 Safari/537.36"
219.136.244.88 - - [20/Jul/2026:12:05:20 +0800] "GET /news/2215 HTTP/1.1" 200 20934 "-" "Mozilla/5.0 (Windows NT 10.0; Win64; x64) AppleWebKit/537.36 (KHTML, like Gecko) Chrome/106.0.5249.119 Safari/537.36"
114.119.144.41 - - [20/Jul/2026:12:19:50 +0800] "GET /wp-content/uploads/2026/04/1775865981-2Article_images_W900px.webp HTTP/1.1" 200 64044 "http://cqqizhou.com/news/2552" "Mozilla/5.0 (Linux; Android 7.0;) AppleWebKit/537.36 (HTML, like Gecko) Mobile Safari/537.36 (compatible; PetalBot;+https://webmaster.petalsearch.com/site/petalbot)"
36.133.115.36 - - [20/Jul/2026:12:22:37 +0800] "POST /wp-cron.php?doing_wp_cron=1784521357.7553319931030273437500 HTTP/1.1" 200 31 "-" "WordPress/7.0; http://cqqizhou.com"
114.119.149.89 - - [20/Jul/2026:12:22:37 +0800] "GET /news/2231 HTTP/1.1" 200 20240 "http://cqqizhou.com/2231/" "Mozilla/5.0 (Linux; Android 7.0;) AppleWebKit/537.36 (HTML, like Gecko) Mobile Safari/537.36 (compatible; PetalBot;+https://webmaster.petalsearch.com/site/petalbot)"
36.133.115.36 - - [20/Jul/2026:12:24:03 +0800] "POST /wp-cron.php?doing_wp_cron=1784521443.3327460289001464843750 HTTP/1.1" 200 31 "-" "WordPress/7.0; http://cqqizhou.com"
114.119.149.89 - - [20/Jul/2026:12:24:03 +0800] "GET /media/5 HTTP/1.1" 200 26467 "http://cqqizhou.com/media/3" "Mozilla/5.0 (Linux; Android 7.0;) AppleWebKit/537.36 (HTML, like Gecko) Mobile Safari/537.36 (compatible; PetalBot;+https://webmaster.petalsearch.com/site/petalbot)"
36.133.115.36 - - [20/Jul/2026:12:31:11 +0800] "POST /wp-cron.php?doing_wp_cron=1784521871.0985109806060791015625 HTTP/1.1" 200 31 "-" "WordPress/7.0; http://cqqizhou.com"
36.133.24.244 - - [20/Jul/2026:12:31:11 +0800] "GET /news/2592 HTTP/1.1" 200 20619 "-" "Mozilla/5.0 (Linux; Android 10; SM-G981B) AppleWebKit/537.36 (KHTML, like Gecko) Chrome/80.0.3987.162 Mobile Safari/537.36"
36.133.115.36 - - [20/Jul/2026:12:33:27 +0800] "POST /wp-cron.php?doing_wp_cron=1784522006.9811949729919433593750 HTTP/1.1" 200 31 "-" "WordPress/7.0; http://cqqizhou.com"
110.249.202.120 - - [20/Jul/2026:12:33:27 +0800] "GET /robots.txt HTTP/1.1" 200 190 "-" "Mozilla/5.0 (Linux; Android 5.0) AppleWebKit/537.36 (KHTML, like Gecko) Mobile Safari/537.36 (compatible; Bytespider; https://zhanzhang.toutiao.com/)"
36.133.115.36 - - [20/Jul/2026:12:34:47 +0800] "POST /wp-cron.php?doing_wp_cron=1784522087.9333829879760742187500 HTTP/1.1" 200 31 "-" "WordPress/7.0; http://cqqizhou.com"
135.225.181.169 - - [20/Jul/2026:12:34:47 +0800] "GET /news/2601 HTTP/1.1" 200 20570 "-" "Mozilla/5.0 (Windows NT 10.0; Win64; x64) AppleWebKit/537.36 (KHTML, like Gecko) Chrome/149.0.0.0 Safari/537.36 Edg/149.0.0.0"
36.133.115.36 - - [20/Jul/2026:12:44:51 +0800] "POST /wp-cron.php?doing_wp_cron=1784522691.7497789859771728515625 HTTP/1.1" 200 31 "-" "WordPress/7.0; http://cqqizhou.com"
160.119.71.9 - - [20/Jul/2026:12:44:52 +0800] "GET / HTTP/1.1" 200 109837 "-" "Mozilla/5.0 (X11; Linux x86_64; rv:144.0) Gecko/20100101 Firefox/144.0"
36.133.115.36 - - [20/Jul/2026:12:56:50 +0800] "POST /wp-cron.php?doing_wp_cron=1784523410.6389739513397216796875 HTTP/1.1" 200 31 "-" "WordPress/7.0; http://cqqizhou.com"
120.241.208.54 - - [20/Jul/2026:12:56:50 +0800] "GET /news/2582 HTTP/1.1" 200 24249 "-" "Mozilla/5.0 (Windows NT 10.0; Win64; x64) AppleWebKit/537.36 (KHTML, like Gecko) Chrome/109.0.0.0 Safari/537.36"
42.193.48.108 - - [20/Jul/2026:12:57:40 +0800] "GET / HTTP/1.1" 200 35531 "-" "Mozilla/5.0 (Macintosh; Intel Mac OS X 10_15_7) AppleWebKit/537.36 (KHTML, like Gecko) Chrome/120.0.0.0 Safari/537.36"
36.133.115.36 - - [20/Jul/2026:12:57:40 +0800] "POST /wp-cron.php?doing_wp_cron=1784523460.9267539978027343750000 HTTP/1.1" 200 31 "-" "WordPress/7.0; http://cqqizhou.com"
129.28.84.87 - - [20/Jul/2026:12:57:40 +0800] "GET / HTTP/1.1" 301 5 "-" "Mozilla/5.0 (Macintosh; Intel Mac OS X 10_15_7) AppleWebKit/537.36 (KHTML, like Gecko) Chrome/120.0.0.0 Safari/537.36"
129.28.84.87 - - [20/Jul/2026:12:57:41 +0800] "GET / HTTP/1.1" 200 35531 "http://www.cqqizhou.com" "Mozilla/5.0 (Macintosh; Intel Mac OS X 10_15_7) AppleWebKit/537.36 (KHTML, like Gecko) Chrome/120.0.0.0 Safari/537.36"
36.133.115.36 - - [20/Jul/2026:13:34:13 +0800] "POST /wp-cron.php?doing_wp_cron=1784525653.5549728870391845703125 HTTP/1.1" 200 31 "-" "WordPress/7.0; http://cqqizhou.com"
71.6.232.20 - - [20/Jul/2026:13:34:13 +0800] "GET / HTTP/1.1" 301 5 "-" "Mozilla/5.0 (Windows NT 10.0; Win64; x64) AppleWebKit/537.36 (KHTML, like Gecko) Chrome/134.0.0.0 Safari/537.36"
36.133.115.36 - - [20/Jul/2026:13:35:38 +0800] "POST /wp-cron.php?doing_wp_cron=1784525738.7019009590148925781250 HTTP/1.1" 200 31 "-" "WordPress/7.0; http://cqqizhou.com"
120.232.240.7 - - [20/Jul/2026:13:35:38 +0800] "GET /robots.txt HTTP/1.1" 200 190 "-" "Mozilla/5.0 (Windows NT 10.0; WOW64) AppleWebKit/537.36 (KHTML, like Gecko) Chrome/51.0.2809.126 Safari/537.36 QIHU 360SE"
223.109.255.141 - - [20/Jul/2026:13:40:41 +0800] "GET / HTTP/1.1" 200 35531 "-" "Sogou web spider/4.0(+http://www.sogou.com/docs/help/webmasters.htm#07)"
36.133.115.36 - - [20/Jul/2026:14:02:19 +0800] "POST /wp-cron.php?doing_wp_cron=1784527339.3937408924102783203125 HTTP/1.1" 200 31 "-" "WordPress/7.0; http://cqqizhou.com"
45.198.224.54 - - [20/Jul/2026:14:02:19 +0800] "GET / HTTP/1.1" 200 109842 "-" "-"
36.133.115.36 - - [20/Jul/2026:14:08:05 +0800] "POST /wp-cron.php?doing_wp_cron=1784527685.7159790992736816406250 HTTP/1.1" 200 31 "-" "WordPress/7.0; http://cqqizhou.com"
194.126.202.125 - - [20/Jul/2026:14:08:05 +0800] "GET / HTTP/1.1" 301 5 "-" "Mozilla/5.0 (Macintosh; Intel Mac OS X 10_15_7) AppleWebKit/537.36 (KHTML, like Gecko) Chrome/113.0.0.0 Safari/537.36"
194.126.202.125 - - [20/Jul/2026:14:08:06 +0800] "GET / HTTP/1.1" 200 35531 "http://36.133.115.36/" "Mozilla/5.0 (Macintosh; Intel Mac OS X 10_15_7) AppleWebKit/537.36 (KHTML, like Gecko) Chrome/113.0.0.0 Safari/537.36"
36.133.115.36 - - [20/Jul/2026:14:21:54 +0800] "POST /wp-cron.php?doing_wp_cron=1784528514.3606729507446289062500 HTTP/1.1" 200 31 "-" "WordPress/7.0; http://cqqizhou.com"
43.165.198.144 - - [20/Jul/2026:14:21:54 +0800] "GET / HTTP/1.1" 301 5 "-" "Mozilla/5.0 (iPhone; CPU iPhone OS 13_2_3 like Mac OS X) AppleWebKit/605.1.15 (KHTML, like Gecko) Version/13.0.3 Mobile/15E148 Safari/604.1"
43.165.198.144 - - [20/Jul/2026:14:21:56 +0800] "GET / HTTP/1.1" 200 35080 "http://36.133.115.36" "Mozilla/5.0 (iPhone; CPU iPhone OS 13_2_3 like Mac OS X) AppleWebKit/605.1.15 (KHTML, like Gecko) Version/13.0.3 Mobile/15E148 Safari/604.1"
36.133.115.36 - - [20/Jul/2026:14:29:59 +0800] "POST /wp-cron.php?doing_wp_cron=1784528999.4819769859313964843750 HTTP/1.1" 200 31 "-" "WordPress/7.0; http://cqqizhou.com"
112.90.2.180 - - [20/Jul/2026:14:29:59 +0800] "GET /news/2547 HTTP/1.1" 200 25206 "-" "Mozilla/5.0 (Windows NT 10.0; Win64; x64) AppleWebKit/537.36 (KHTML, like Gecko) Chrome/112.0.0.0 Safari/537.36"
39.146.0.52 - - [20/Jul/2026:15:13:17 +0800] "GET / HTTP/1.1" 200 159688 "-" "Mozilla/5.0 (Windows NT 10.0; Win64; x64) AppleWebKit/537.36 (KHTML, like Gecko) Chrome/99.0.4844.51 Safari/537.36"
111.225.214.178 - - [20/Jul/2026:15:13:21 +0800] "GET /robots.txt HTTP/1.1" 301 5 "-" "Mozilla/5.0 (Windows NT 10.0; WOW64) AppleWebKit/537.36 (KHTML, like Gecko) Chrome/48.0.2564.116 Safari/537.36"
36.133.115.36 - - [20/Jul/2026:15:13:21 +0800] "POST /wp-cron.php?doing_wp_cron=1784531601.4681398868560791015625 HTTP/1.1" 200 31 "-" "WordPress/7.0; http://cqqizhou.com"
122.190.193.218 - - [20/Jul/2026:15:13:21 +0800] "GET / HTTP/1.1" 301 5 "-" "Mozilla/5.0 (Windows NT 10.0; Win64; x64) AppleWebKit/537.36 (KHTML, like Gecko) Chrome/99.0.4844.51 Safari/537.36"
111.225.214.131 - - [20/Jul/2026:15:13:22 +0800] "GET /robots.txt HTTP/1.1" 200 190 "-" "Mozilla/5.0 (Windows NT 10.0; WOW64) AppleWebKit/537.36 (KHTML, like Gecko) Chrome/48.0.2564.116 Safari/537.36"
122.190.193.218 - - [20/Jul/2026:15:13:23 +0800] "GET / HTTP/1.1" 200 159688 "-" "Mozilla/5.0 (Windows NT 10.0; Win64; x64) AppleWebKit/537.36 (KHTML, like Gecko) Chrome/99.0.4844.51 Safari/537.36"
27.150.224.139 - - [20/Jul/2026:15:51:06 +0800] "GET / HTTP/1.1" 200 35531 "http://www.openurls.com.cn/" "Mozilla/5.0 (Windows NT 10.0; Win64; x64) AppleWebKit/537.36 (KHTML, like Gecko) Chrome/150.0.0.0 Safari/537.36"
27.150.224.139 - - [20/Jul/2026:15:51:07 +0800] "GET /wp-content/uploads/2025/07/1751425283-qizhou.kf_.qq_.com_.webp HTTP/1.1" 200 16864 "http://cqqizhou.com/" "Mozilla/5.0 (Windows NT 10.0; Win64; x64) AppleWebKit/537.36 (KHTML, like Gecko) Chrome/150.0.0.0 Safari/537.36"
27.150.224.139 - - [20/Jul/2026:15:51:08 +0800] "GET /wp-content/uploads/2025/07/1753456770-%E7%83%AD%E9%95%80%E9%94%8C%E5%8D%B7product_Single600.webp HTTP/1.1" 200 27502 "http://cqqizhou.com/" "Mozilla/5.0 (Windows NT 10.0; Win64; x64) AppleWebKit/537.36 (KHTML, like Gecko) Chrome/150.0.0.0 Safari/537.36"
27.150.224.139 - - [20/Jul/2026:15:51:08 +0800] "GET /wp-content/uploads/2025/07/1753453096-%E5%8F%8C%E7%9B%B8%E9%92%A2product_Single600%C3%97284.webp HTTP/1.1" 200 14562 "http://cqqizhou.com/" "Mozilla/5.0 (Windows NT 10.0; Win64; x64) AppleWebKit/537.36 (KHTML, like Gecko) Chrome/150.0.0.0 Safari/537.36"
27.150.224.139 - - [20/Jul/2026:15:51:08 +0800] "GET /wp-content/uploads/2025/07/1753456723-%E5%8F%8C%E7%9B%B8%E9%92%A2roduct_Single600.webp HTTP/1.1" 200 22790 "http://cqqizhou.com/" "Mozilla/5.0 (Windows NT 10.0; Win64; x64) AppleWebKit/537.36 (KHTML, like Gecko) Chrome/150.0.0.0 Safari/537.36"
27.150.224.139 - - [20/Jul/2026:15:51:08 +0800] "GET /wp-content/uploads/2025/07/1753453127-%E4%BD%99%E5%8D%B7product_Single600%C3%97284.webp HTTP/1.1" 200 18744 "http://cqqizhou.com/" "Mozilla/5.0 (Windows NT 10.0; Win64; x64) AppleWebKit/537.36 (KHTML, like Gecko) Chrome/150.0.0.0 Safari/537.36"
36.133.115.36 - - [20/Jul/2026:15:56:31 +0800] "POST /wp-cron.php?doing_wp_cron=1784534191.1499240398406982421875 HTTP/1.1" 200 31 "-" "WordPress/7.0; http://cqqizhou.com"
119.84.246.117 - - [20/Jul/2026:15:56:31 +0800] "GET / HTTP/1.1" 301 5 "-" "-"
119.84.246.117 - - [20/Jul/2026:15:56:32 +0800] "GET / HTTP/1.1" 200 159688 "-" "-"
119.84.246.117 - - [20/Jul/2026:15:56:34 +0800] "GET / HTTP/1.1" 301 5 "-" "Mozilla/5.0 (Windows NT 6.1) AppleWebKit/535.12 (KHTML, like Gecko) Maxthon/3.4.2.3000 Chrome/18.0.966.0 Safari/535.12"
119.84.246.117 - - [20/Jul/2026:15:56:34 +0800] "GET / HTTP/1.1" 200 35531 "-" "Mozilla/5.0 (Windows NT 6.1) AppleWebKit/535.12 (KHTML, like Gecko) Maxthon/3.4.2.3000 Chrome/18.0.966.0 Safari/535.12"
119.84.246.117 - - [20/Jul/2026:15:56:34 +0800] "GET /wp-content/uploads/2025/07/1751425283-qizhou.kf_.qq_.com_.webp HTTP/1.1" 200 16864 "http://cqqizhou.com/" "Mozilla/5.0 (Windows NT 6.1) AppleWebKit/535.12 (KHTML, like Gecko) Maxthon/3.4.2.3000 Chrome/18.0.966.0 Safari/535.12"
119.84.246.117 - - [20/Jul/2026:15:56:34 +0800] "GET /wp-content/uploads/2025/07/1753456723-%E5%8F%8C%E7%9B%B8%E9%92%A2roduct_Single600.webp HTTP/1.1" 200 22790 "http://cqqizhou.com/" "Mozilla/5.0 (Windows NT 6.1) AppleWebKit/535.12 (KHTML, like Gecko) Maxthon/3.4.2.3000 Chrome/18.0.966.0 Safari/535.12"
