119.84.246.117 - - [20/Jul/2026:15:56:34 +0800] "GET /wp-content/uploads/2025/07/1753453096-%E5%8F%8C%E7%9B%B8%E9%92%A2product_Single600%C3%97284.webp HTTP/1.1" 200 14562 "http://cqqizhou.com/" "Mozilla/5.0 (Windows NT 6.1) AppleWebKit/535.12 (KHTML, like Gecko) Maxthon/3.4.2.3000 Chrome/18.0.966.0 Safari/535.12"
119.84.246.117 - - [20/Jul/2026:15:56:34 +0800] "GET /wp-content/uploads/2026/06/1782392245-Article_images_W900px.webp HTTP/1.1" 200 62046 "http://cqqizhou.com/" "Mozilla/5.0 (Windows NT 6.1) AppleWebKit/535.12 (KHTML, like Gecko) Maxthon/3.4.2.3000 Chrome/18.0.966.0 Safari/535.12"
119.84.246.117 - - [20/Jul/2026:15:56:34 +0800] "GET /wp-content/uploads/2026/06/1782708718-1Article_images_W900px.webp HTTP/1.1" 200 54948 "http://cqqizhou.com/" "Mozilla/5.0 (Windows NT 6.1) AppleWebKit/535.12 (KHTML, like Gecko) Maxthon/3.4.2.3000 Chrome/18.0.966.0 Safari/535.12"
119.84.246.117 - - [20/Jul/2026:15:56:34 +0800] "GET /wp-content/uploads/2026/06/1782182572-Article_images_W900px.webp HTTP/1.1" 200 24314 "http://cqqizhou.com/" "Mozilla/5.0 (Windows NT 6.1) AppleWebKit/535.12 (KHTML, like Gecko) Maxthon/3.4.2.3000 Chrome/18.0.966.0 Safari/535.12"
119.84.246.117 - - [20/Jul/2026:15:56:34 +0800] "GET /wp-content/uploads/2025/07/1753456770-%E7%83%AD%E9%95%80%E9%94%8C%E5%8D%B7product_Single600.webp HTTP/1.1" 200 27502 "http://cqqizhou.com/" "Mozilla/5.0 (Windows NT 6.1) AppleWebKit/535.12 (KHTML, like Gecko) Maxthon/3.4.2.3000 Chrome/18.0.966.0 Safari/535.12"
119.84.246.117 - - [20/Jul/2026:15:56:34 +0800] "GET /wp-content/uploads/2026/06/1781880807-Article_images_W900px.webp HTTP/1.1" 200 25354 "http://cqqizhou.com/" "Mozilla/5.0 (Windows NT 6.1) AppleWebKit/535.12 (KHTML, like Gecko) Maxthon/3.4.2.3000 Chrome/18.0.966.0 Safari/535.12"
119.84.246.117 - - [20/Jul/2026:15:56:34 +0800] "GET /wp-content/uploads/2025/07/1753453127-%E4%BD%99%E5%8D%B7product_Single600%C3%97284.webp HTTP/1.1" 200 18744 "http://cqqizhou.com/" "Mozilla/5.0 (Windows NT 6.1) AppleWebKit/535.12 (KHTML, like Gecko) Maxthon/3.4.2.3000 Chrome/18.0.966.0 Safari/535.12"
119.84.246.117 - - [20/Jul/2026:15:56:35 +0800] "GET /wp-content/uploads/2026/06/1780363378-1Article_images_W900px.webp HTTP/1.1" 200 62100 "http://cqqizhou.com/" "Mozilla/5.0 (Windows NT 6.1) AppleWebKit/535.12 (KHTML, like Gecko) Maxthon/3.4.2.3000 Chrome/18.0.966.0 Safari/535.12"
84.235.238.52 - - [20/Jul/2026:15:56:37 +0800] "GET /wp-content/uploads/2026/06/1782392245-Article_images_W900px.webp HTTP/1.1" 200 62046 "http://cqqizhou.com/" "Mozilla/5.0 (Windows NT 10.0; Win64; x64) AppleWebKit/537.36 (KHTML, like Gecko) Chrome/150.0.0.0 Safari/537.36"
84.235.238.52 - - [20/Jul/2026:15:56:37 +0800] "GET /wp-content/uploads/2026/06/1780363378-1Article_images_W900px.webp HTTP/1.1" 200 62100 "http://cqqizhou.com/" "Mozilla/5.0 (Windows NT 10.0; Win64; x64) AppleWebKit/537.36 (KHTML, like Gecko) Chrome/150.0.0.0 Safari/537.36"
84.235.238.52 - - [20/Jul/2026:15:56:37 +0800] "GET /wp-content/uploads/2026/06/1782182572-Article_images_W900px.webp HTTP/1.1" 200 24314 "http://cqqizhou.com/" "Mozilla/5.0 (Windows NT 10.0; Win64; x64) AppleWebKit/537.36 (KHTML, like Gecko) Chrome/150.0.0.0 Safari/537.36"
84.235.238.52 - - [20/Jul/2026:15:56:37 +0800] "GET /wp-content/uploads/2026/06/1782708718-1Article_images_W900px.webp HTTP/1.1" 200 54948 "http://cqqizhou.com/" "Mozilla/5.0 (Windows NT 10.0; Win64; x64) AppleWebKit/537.36 (KHTML, like Gecko) Chrome/150.0.0.0 Safari/537.36"
84.235.238.52 - - [20/Jul/2026:15:56:38 +0800] "GET /wp-content/uploads/2026/06/1781880807-Article_images_W900px.webp HTTP/1.1" 200 25354 "http://cqqizhou.com/" "Mozilla/5.0 (Windows NT 10.0; Win64; x64) AppleWebKit/537.36 (KHTML, like Gecko) Chrome/150.0.0.0 Safari/537.36"
84.235.238.52 - - [20/Jul/2026:15:56:41 +0800] "GET /wp-content/uploads/2025/12/1765268955-qizhou_Slider1_3840%C3%972160_20251210-scaled.webp HTTP/1.1" 200 152162 "http://cqqizhou.com/" "Mozilla/5.0 (Windows NT 10.0; Win64; x64) AppleWebKit/537.36 (KHTML, like Gecko) Chrome/150.0.0.0 Safari/537.36"
84.235.238.52 - - [20/Jul/2026:15:56:54 +0800] "GET /wp-content/uploads/revslider/slider-1/1750861156-logistics_Slider_3840%C3%972160_20250625191356-scaled-50x100.webp HTTP/1.1" 200 1416 "http://cqqizhou.com/" "Mozilla/5.0 (Windows NT 10.0; Win64; x64) AppleWebKit/537.36 (KHTML, like Gecko) Chrome/150.0.0.0 Safari/537.36"
84.235.238.52 - - [20/Jul/2026:15:56:54 +0800] "GET /wp-content/uploads/2026/01/1768276119-qizhoujiagong_Slider_3840%C3%972160_20260113-scaled-50x100.webp HTTP/1.1" 200 976 "http://cqqizhou.com/" "Mozilla/5.0 (Windows NT 10.0; Win64; x64) AppleWebKit/537.36 (KHTML, like Gecko) Chrome/150.0.0.0 Safari/537.36"
84.235.238.52 - - [20/Jul/2026:15:56:55 +0800] "GET /wp-json/sliderrevolution/sliders/1?srengine=7&slideid=4 HTTP/1.1" 200 2580 "http://cqqizhou.com/" "Mozilla/5.0 (Windows NT 10.0; Win64; x64) AppleWebKit/537.36 (KHTML, like Gecko) Chrome/150.0.0.0 Safari/537.36"
84.235.238.52 - - [20/Jul/2026:15:56:55 +0800] "GET /wp-json/sliderrevolution/sliders/1?srengine=7&slideid=2 HTTP/1.1" 200 2000 "http://cqqizhou.com/" "Mozilla/5.0 (Windows NT 10.0; Win64; x64) AppleWebKit/537.36 (KHTML, like Gecko) Chrome/150.0.0.0 Safari/537.36"
84.235.238.52 - - [20/Jul/2026:15:56:55 +0800] "GET /wp-content/uploads/2026/01/1768276119-qizhoujiagong_Slider_3840%C3%972160_20260113-scaled.webp HTTP/1.1" 200 131696 "http://cqqizhou.com/" "Mozilla/5.0 (Windows NT 10.0; Win64; x64) AppleWebKit/537.36 (KHTML, like Gecko) Chrome/150.0.0.0 Safari/537.36"
84.235.238.52 - - [20/Jul/2026:15:56:56 +0800] "GET /wp-content/uploads/revslider/slider-1/1750861156-logistics_Slider_3840%C3%972160_20250625191356-scaled.webp HTTP/1.1" 200 197360 "http://cqqizhou.com/" "Mozilla/5.0 (Windows NT 10.0; Win64; x64) AppleWebKit/537.36 (KHTML, like Gecko) Chrome/150.0.0.0 Safari/537.36"
36.133.115.36 - - [20/Jul/2026:16:06:54 +0800] "POST /wp-cron.php?doing_wp_cron=1784534814.2188899517059326171875 HTTP/1.1" 200 31 "-" "WordPress/7.0; http://cqqizhou.com"
160.119.71.9 - - [20/Jul/2026:16:06:54 +0800] "GET / HTTP/1.1" 200 109837 "-" "Mozilla/5.0 (X11; Linux x86_64; rv:144.0) Gecko/20100101 Firefox/144.0"
36.133.115.36 - - [20/Jul/2026:16:08:58 +0800] "POST /wp-cron.php?doing_wp_cron=1784534938.6424839496612548828125 HTTP/1.1" 200 31 "-" "WordPress/7.0; http://cqqizhou.com"
36.144.45.184 - - [20/Jul/2026:16:08:58 +0800] "GET /news/2418 HTTP/1.1" 200 27844 "-" "Go-http-client/1.1"
36.133.115.36 - - [20/Jul/2026:16:09:14 +0800] "POST /wp-cron.php?doing_wp_cron=1784534954.0900399684906005859375 HTTP/1.1" 200 31 "-" "WordPress/7.0; http://cqqizhou.com"
14.111.57.231 - - [20/Jul/2026:16:09:14 +0800] "GET / HTTP/1.1" 301 5 "-" "wp2shell-rce/1.0"
14.111.57.231 - - [20/Jul/2026:16:09:23 +0800] "GET / HTTP/1.1" 200 159688 "-" "wp2shell-rce/1.0"
14.111.57.231 - - [20/Jul/2026:16:09:24 +0800] "POST /?rest_route=/batch/v1 HTTP/1.1" 400 144 "-" "wp2shell-rce/1.0"
36.133.115.36 - - [20/Jul/2026:16:13:43 +0800] "POST /wp-cron.php?doing_wp_cron=1784535223.2767291069030761718750 HTTP/1.1" 200 31 "-" "WordPress/7.0; http://cqqizhou.com"
158.173.79.58 - - [20/Jul/2026:16:13:43 +0800] "GET /contacts HTTP/1.0" 200 79818 "http://cqqizhou.com/contacts" "Mozilla/5.0 (Windows NT 6.1; Win64; x64) AppleWebKit/537.36 (KHTML, like Gecko) Chrome/103.0.5060.66 Safari/537.36"
158.173.79.58 - - [20/Jul/2026:16:13:46 +0800] "POST /contacts HTTP/1.0" 200 72511 "http://cqqizhou.com/contacts" "Mozilla/5.0 (Windows NT 6.1; Win64; x64) AppleWebKit/537.36 (KHTML, like Gecko) Chrome/103.0.5060.66 Safari/537.36"
36.133.115.36 - - [20/Jul/2026:16:24:42 +0800] "POST /wp-cron.php?doing_wp_cron=1784535882.2471699714660644531250 HTTP/1.1" 200 31 "-" "WordPress/7.0; http://cqqizhou.com"
43.155.26.193 - - [20/Jul/2026:16:24:42 +0800] "GET / HTTP/1.1" 200 35080 "-" "Mozilla/5.0 (iPhone; CPU iPhone OS 13_2_3 like Mac OS X) AppleWebKit/605.1.15 (KHTML, like Gecko) Version/13.0.3 Mobile/15E148 Safari/604.1"
36.133.115.36 - - [20/Jul/2026:16:26:36 +0800] "POST /wp-cron.php?doing_wp_cron=1784535996.8831338882446289062500 HTTP/1.1" 200 31 "-" "WordPress/7.0; http://cqqizhou.com"
43.153.123.4 - - [20/Jul/2026:16:26:36 +0800] "GET / HTTP/1.1" 200 35080 "-" "Mozilla/5.0 (iPhone; CPU iPhone OS 13_2_3 like Mac OS X) AppleWebKit/605.1.15 (KHTML, like Gecko) Version/13.0.3 Mobile/15E148 Safari/604.1"
36.133.115.36 - - [20/Jul/2026:16:49:48 +0800] "POST /wp-cron.php?doing_wp_cron=1784537388.4273760318756103515625 HTTP/1.1" 200 31 "-" "WordPress/7.0; http://cqqizhou.com"
114.119.132.85 - - [20/Jul/2026:16:49:48 +0800] "GET /company-news/page/2 HTTP/1.1" 200 20748 "http://cqqizhou.com/company-news/page/2" "Mozilla/5.0 (Linux; Android 7.0;) AppleWebKit/537.36 (HTML, like Gecko) Mobile Safari/537.36 (compatible; PetalBot;+https://webmaster.petalsearch.com/site/petalbot)"
36.133.115.36 - - [20/Jul/2026:17:09:21 +0800] "POST /wp-cron.php?doing_wp_cron=1784538561.2986600399017333984375 HTTP/1.1" 200 31 "-" "WordPress/7.0; http://cqqizhou.com"
49.51.243.156 - - [20/Jul/2026:17:09:21 +0800] "GET / HTTP/1.1" 301 5 "-" "Mozilla/5.0 (iPhone; CPU iPhone OS 13_2_3 like Mac OS X) AppleWebKit/605.1.15 (KHTML, like Gecko) Version/13.0.3 Mobile/15E148 Safari/604.1"
49.51.243.156 - - [20/Jul/2026:17:09:25 +0800] "GET / HTTP/1.1" 200 35080 "http://www.cqqizhou.com" "Mozilla/5.0 (iPhone; CPU iPhone OS 13_2_3 like Mac OS X) AppleWebKit/605.1.15 (KHTML, like Gecko) Version/13.0.3 Mobile/15E148 Safari/604.1"
114.119.146.18 - - [20/Jul/2026:17:15:31 +0800] "GET /wp-content/uploads/2026/06/1782708862-4Article_images_W900px.webp HTTP/1.1" 200 17576 "http://cqqizhou.com/news/2606" "Mozilla/5.0 (Linux; Android 7.0;) AppleWebKit/537.36 (HTML, like Gecko) Mobile Safari/537.36 (compatible; PetalBot;+https://webmaster.petalsearch.com/site/petalbot)"
114.119.138.179 - - [20/Jul/2026:17:16:54 +0800] "GET /wp-content/uploads/2026/02/1772086672-%E5%BC%80%E5%B7%A5%E5%A4%A7%E5%90%89%E5%B0%81%E9%9D%A2%E5%A4%B4%E5%9B%BEArticle_images_W900%C3%97500px.webp HTTP/1.1" 200 99110 "http://cqqizhou.com/company-news/page/2" "Mozilla/5.0 (Linux; Android 8.0.0; SM-G955U Build/R16NW) AppleWebKit/537.36 (KHTML, like Gecko) Chrome/148.0.0.0 Mobile Safari/537.36"
36.133.115.36 - - [20/Jul/2026:17:18:19 +0800] "POST /wp-cron.php?doing_wp_cron=1784539099.3367469310760498046875 HTTP/1.1" 200 31 "-" "WordPress/7.0; http://cqqizhou.com"
114.119.140.169 - - [20/Jul/2026:17:18:19 +0800] "GET /news/2153 HTTP/1.1" 200 20992 "http://cqqizhou.com/news/page/5" "Mozilla/5.0 (Linux; Android 7.0;) AppleWebKit/537.36 (HTML, like Gecko) Mobile Safari/537.36 (compatible; PetalBot;+https://webmaster.petalsearch.com/site/petalbot)"
36.133.115.36 - - [20/Jul/2026:17:49:12 +0800] "POST /wp-cron.php?doing_wp_cron=1784540951.9991030693054199218750 HTTP/1.1" 200 31 "-" "WordPress/7.0; http://cqqizhou.com"
49.51.166.228 - - [20/Jul/2026:17:49:12 +0800] "GET / HTTP/1.1" 301 5 "-" "Mozilla/5.0 (iPhone; CPU iPhone OS 13_2_3 like Mac OS X) AppleWebKit/605.1.15 (KHTML, like Gecko) Version/13.0.3 Mobile/15E148 Safari/604.1"
49.51.166.228 - - [20/Jul/2026:17:49:14 +0800] "GET / HTTP/1.1" 200 35080 "http://36.133.115.36" "Mozilla/5.0 (iPhone; CPU iPhone OS 13_2_3 like Mac OS X) AppleWebKit/605.1.15 (KHTML, like Gecko) Version/13.0.3 Mobile/15E148 Safari/604.1"
114.119.135.202 - - [20/Jul/2026:17:52:23 +0800] "GET /wp-content/uploads/2026/05/1779925245-Article_images_W900px.webp HTTP/1.1" 200 27996 "http://cqqizhou.com/news/page/1" "Mozilla/5.0 (Linux; Android 7.0;) AppleWebKit/537.36 (HTML, like Gecko) Mobile Safari/537.36 (compatible; PetalBot;+https://webmaster.petalsearch.com/site/petalbot)"
34.59.160.43 - - [20/Jul/2026:18:07:18 +0800] "OPTIONS / HTTP/1.0" 405 150 "-" "-"
36.133.115.36 - - [20/Jul/2026:18:11:55 +0800] "POST /wp-cron.php?doing_wp_cron=1784542315.7744400501251220703125 HTTP/1.1" 200 31 "-" "WordPress/7.0; http://cqqizhou.com"
103.233.10.2 - - [20/Jul/2026:18:11:57 +0800] "POST /?rest_route=/batch/v1 HTTP/1.1" 207 1700290 "-" "wp2shell"
103.233.10.2 - - [20/Jul/2026:18:11:58 +0800] "GET /?rest_route=%2Fwp%2Fv2%2Fposts&per_page=1&_fields=link HTTP/1.1" 200 57 "-" "wp2shell"
103.233.10.2 - - [20/Jul/2026:18:11:59 +0800] "POST /?rest_route=/batch/v1 HTTP/1.1" 207 6315 "-" "wp2shell"
103.233.10.2 - - [20/Jul/2026:18:12:03 +0800] "POST /?rest_route=/batch/v1 HTTP/1.1" 207 1700478 "-" "wp2shell"
103.233.10.2 - - [20/Jul/2026:18:12:08 +0800] "POST /?rest_route=/batch/v1 HTTP/1.1" 207 1700527 "-" "wp2shell"
36.133.115.36 - - [20/Jul/2026:18:12:11 +0800] "POST /wp-cron.php?doing_wp_cron=1784542331.9117391109466552734375 HTTP/1.1" 200 31 "-" "WordPress/7.0; http://cqqizhou.com"
103.233.10.2 - - [20/Jul/2026:18:12:13 +0800] "POST /?rest_route=/batch/v1 HTTP/1.1" 207 1700476 "-" "wp2shell"
103.233.10.2 - - [20/Jul/2026:18:12:17 +0800] "POST /?rest_route=/batch/v1 HTTP/1.1" 207 1700476 "-" "wp2shell"
103.233.10.2 - - [20/Jul/2026:18:12:21 +0800] "POST /?rest_route=/batch/v1 HTTP/1.1" 207 1700476 "-" "wp2shell"
103.233.10.2 - - [20/Jul/2026:18:12:23 +0800] "POST /?rest_route=/batch/v1 HTTP/1.1" 207 3698 "-" "wp2shell"
103.233.10.2 - - [20/Jul/2026:18:12:24 +0800] "GET /wp-login.php HTTP/1.1" 200 8377 "-" "wp2shell"
103.233.10.2 - - [20/Jul/2026:18:12:24 +0800] "POST /wp-login.php HTTP/1.1" 302 5 "-" "wp2shell"
103.233.10.2 - - [20/Jul/2026:18:12:26 +0800] "GET /wp-admin/ HTTP/1.1" 302 5 "-" "wp2shell"
103.233.10.2 - - [20/Jul/2026:18:12:27 +0800] "GET /wp-login.php?redirect_to=http%3A%2F%2Fcqqizhou.com%2Fwp-admin%2F&reauth=1 HTTP/1.1" 200 8377 "-" "wp2shell"
103.233.10.2 - - [20/Jul/2026:18:12:38 +0800] "GET /wp-admin/plugin-install.php?tab=upload HTTP/1.1" 200 343061 "-" "wp2shell"
103.233.10.2 - - [20/Jul/2026:18:12:50 +0800] "POST /wp-admin/update.php?action=upload-plugin HTTP/1.1" 200 327786 "-" "wp2shell"
103.233.10.2 - - [20/Jul/2026:18:12:51 +0800] "GET /wp-content/plugins/wp2shell_74ba7e6d/wp2shell_74ba7e6d.php HTTP/1.1" 200 5 "-" "wp2shell"
36.133.115.36 - - [20/Jul/2026:18:18:50 +0800] "POST /wp-cron.php?doing_wp_cron=1784542730.1856389045715332031250 HTTP/1.1" 200 31 "-" "WordPress/7.0; http://cqqizhou.com"
20.65.194.92 - - [20/Jul/2026:18:18:50 +0800] "GET / HTTP/1.1" 301 5 "-" "Mozilla/5.0 zgrab/0.x"
36.133.115.36 - - [20/Jul/2026:18:20:40 +0800] "POST /wp-cron.php?doing_wp_cron=1784542840.3428568840026855468750 HTTP/1.1" 200 31 "-" "WordPress/7.0; http://cqqizhou.com"
180.153.236.238 - - [20/Jul/2026:18:20:40 +0800] "GET / HTTP/1.1" 200 35503 "http://cqqizhou.com/" "Mozilla/5.0 (Windows NT 10.0; Win64; x64) AppleWebKit/537.36 (KHTML, like Gecko) Chrome/140.0.0.0 Safari/537.36 Edg/140.0.0.0; 360Spider"
180.153.236.72 - - [20/Jul/2026:18:22:50 +0800] "GET / HTTP/1.1" 200 35517 "-" "Mozilla/5.0 (Windows NT 10.0; Win64; x64) AppleWebKit/537.36 (KHTML, like Gecko) Chrome/140.0.0.0 Safari/537.36 Edg/140.0.0.0; 360Spider"
180.153.236.169 - - [20/Jul/2026:18:23:46 +0800] "GET / HTTP/1.1" 200 35517 "-" "Mozilla/5.0 (Windows NT 10.0; Win64; x64) AppleWebKit/537.36 (KHTML, like Gecko) Chrome/140.0.0.0 Safari/537.36 Edg/140.0.0.0; 360Spider"
36.133.115.36 - - [20/Jul/2026:18:31:42 +0800] "POST /wp-cron.php?doing_wp_cron=1784543502.2497549057006835937500 HTTP/1.1" 200 31 "-" "WordPress/7.0; http://cqqizhou.com"
124.221.163.189 - - [20/Jul/2026:18:31:42 +0800] "GET / HTTP/1.1" 301 5 "-" "Mozilla/5.0 (iPhone; CPU iPhone OS 13_2_3 like Mac OS X) AppleWebKit/605.1.15 (KHTML, like Gecko) Version/13.0.3 Mobile/15E148 Safari/604.1"
5.61.209.43 - - [20/Jul/2026:18:31:42 +0800] "GET /SDK/webLanguage HTTP/1.1" 301 5 "-" "Mozilla/5.0 (Windows NT 10.0; Win64; x64) AppleWebKit/537.36 (KHTML, like Gecko) Chrome/90.0.4430.85 Safari/537.36 Edg/90.0.818.46"
124.221.163.189 - - [20/Jul/2026:18:31:45 +0800] "GET / HTTP/1.1" 200 35068 "http://www.cqqizhou.com" "Mozilla/5.0 (iPhone; CPU iPhone OS 13_2_3 like Mac OS X) AppleWebKit/605.1.15 (KHTML, like Gecko) Version/13.0.3 Mobile/15E148 Safari/604.1"
36.133.115.36 - - [20/Jul/2026:18:36:20 +0800] "POST /wp-cron.php?doing_wp_cron=1784543780.8952438831329345703125 HTTP/1.1" 200 31 "-" "WordPress/7.0; http://cqqizhou.com"
114.119.149.89 - - [20/Jul/2026:18:36:20 +0800] "GET /news/2354 HTTP/1.1" 200 21009 "http://cqqizhou.com/company-news/page/2" "Mozilla/5.0 (Linux; Android 7.0;) AppleWebKit/537.36 (HTML, like Gecko) Mobile Safari/537.36 (compatible; PetalBot;+https://webmaster.petalsearch.com/site/petalbot)"
36.133.115.36 - - [20/Jul/2026:18:40:14 +0800] "POST /wp-cron.php?doing_wp_cron=1784544014.8229629993438720703125 HTTP/1.1" 200 31 "-" "WordPress/7.0; http://cqqizhou.com"
110.249.202.195 - - [20/Jul/2026:18:40:14 +0800] "GET /robots.txt HTTP/1.1" 200 190 "-" "Mozilla/5.0 (Linux; Android 5.0) AppleWebKit/537.36 (KHTML, like Gecko) Mobile Safari/537.36 (compatible; Bytespider; https://zhanzhang.toutiao.com/)"
144.76.32.239 - - [20/Jul/2026:18:40:58 +0800] "GET /robots.txt HTTP/1.1" 200 190 "-" "Mozilla/5.0 (compatible; SERankingBacklinksBot/1.0; +https://seranking.com/backlinks-crawler)"
144.76.32.239 - - [20/Jul/2026:18:40:59 +0800] "GET /media/ HTTP/1.1" 301 5 "-" "Mozilla/5.0 (compatible; SERankingBacklinksBot/1.0; +https://seranking.com/backlinks-crawler)"
144.76.32.239 - - [20/Jul/2026:18:41:01 +0800] "GET /media HTTP/1.1" 200 32246 "-" "Mozilla/5.0 (compatible; SERankingBacklinksBot/1.0; +https://seranking.com/backlinks-crawler)"
36.133.115.36 - - [20/Jul/2026:18:41:19 +0800] "POST /wp-cron.php?doing_wp_cron=1784544079.1664149761199951171875 HTTP/1.1" 200 31 "-" "WordPress/7.0; http://cqqizhou.com"
144.76.32.239 - - [20/Jul/2026:18:41:19 +0800] "GET /industry HTTP/1.1" 200 25218 "-" "Mozilla/5.0 (compatible; SERankingBacklinksBot/1.0; +https://seranking.com/backlinks-crawler)"
144.76.32.239 - - [20/Jul/2026:18:41:36 +0800] "GET /news/2052 HTTP/1.1" 200 26300 "-" "Mozilla/5.0 (compatible; SERankingBacklinksBot/1.0; +https://seranking.com/backlinks-crawler)"
144.76.32.239 - - [20/Jul/2026:18:41:54 +0800] "GET /news/2153 HTTP/1.1" 200 24977 "-" "Mozilla/5.0 (compatible; SERankingBacklinksBot/1.0; +https://seranking.com/backlinks-crawler)"
36.133.115.36 - - [20/Jul/2026:18:42:12 +0800] "POST /wp-cron.php?doing_wp_cron=1784544132.5465888977050781250000 HTTP/1.1" 200 31 "-" "WordPress/7.0; http://cqqizhou.com"
144.76.32.239 - - [20/Jul/2026:18:42:12 +0800] "GET /news/2155 HTTP/1.1" 200 29581 "-" "Mozilla/5.0 (compatible; SERankingBacklinksBot/1.0; +https://seranking.com/backlinks-crawler)"
144.76.32.239 - - [20/Jul/2026:18:42:30 +0800] "GET /news/2159 HTTP/1.1" 200 29327 "-" "Mozilla/5.0 (compatible; SERankingBacklinksBot/1.0; +https://seranking.com/backlinks-crawler)"
144.76.32.239 - - [20/Jul/2026:18:42:48 +0800] "GET /news/2160 HTTP/1.1" 200 30220 "-" "Mozilla/5.0 (compatible; SERankingBacklinksBot/1.0; +https://seranking.com/backlinks-crawler)"
144.76.32.239 - - [20/Jul/2026:18:43:06 +0800] "GET /news/2162 HTTP/1.1" 200 25810 "-" "Mozilla/5.0 (compatible; SERankingBacklinksBot/1.0; +https://seranking.com/backlinks-crawler)"
36.133.115.36 - - [20/Jul/2026:18:43:24 +0800] "POST /wp-cron.php?doing_wp_cron=1784544204.5086789131164550781250 HTTP/1.1" 200 31 "-" "WordPress/7.0; http://cqqizhou.com"
144.76.32.239 - - [20/Jul/2026:18:43:24 +0800] "GET /news/2163 HTTP/1.1" 200 24469 "-" "Mozilla/5.0 (compatible; SERankingBacklinksBot/1.0; +https://seranking.com/backlinks-crawler)"
144.76.32.239 - - [20/Jul/2026:18:43:43 +0800] "GET /news/2164 HTTP/1.1" 200 24245 "-" "Mozilla/5.0 (compatible; SERankingBacklinksBot/1.0; +https://seranking.com/backlinks-crawler)"
144.76.32.239 - - [20/Jul/2026:18:44:01 +0800] "GET /news/2165 HTTP/1.1" 200 27624 "-" "Mozilla/5.0 (compatible; SERankingBacklinksBot/1.0; +https://seranking.com/backlinks-crawler)"
36.133.115.36 - - [20/Jul/2026:18:44:19 +0800] "POST /wp-cron.php?doing_wp_cron=1784544259.7763280868530273437500 HTTP/1.1" 200 31 "-" "WordPress/7.0; http://cqqizhou.com"
144.76.32.239 - - [20/Jul/2026:18:44:19 +0800] "GET /news/2214 HTTP/1.1" 200 26527 "-" "Mozilla/5.0 (compatible; SERankingBacklinksBot/1.0; +https://seranking.com/backlinks-crawler)"
144.76.32.239 - - [20/Jul/2026:18:44:39 +0800] "GET /news/2215 HTTP/1.1" 200 20931 "-" "Mozilla/5.0 (compatible; SERankingBacklinksBot/1.0; +https://seranking.com/backlinks-crawler)"
144.76.32.239 - - [20/Jul/2026:18:44:57 +0800] "GET /news/2231 HTTP/1.1" 200 24229 "-" "Mozilla/5.0 (compatible; SERankingBacklinksBot/1.0; +https://seranking.com/backlinks-crawler)"
36.133.115.36 - - [20/Jul/2026:18:45:16 +0800] "POST /wp-cron.php?doing_wp_cron=1784544316.8522078990936279296875 HTTP/1.1" 200 31 "-" "WordPress/7.0; http://cqqizhou.com"
144.76.32.239 - - [20/Jul/2026:18:45:16 +0800] "GET /news/2339 HTTP/1.1" 200 25187 "-" "Mozilla/5.0 (compatible; SERankingBacklinksBot/1.0; +https://seranking.com/backlinks-crawler)"
144.76.32.239 - - [20/Jul/2026:18:45:35 +0800] "GET /news/2361 HTTP/1.1" 200 25436 "-" "Mozilla/5.0 (compatible; SERankingBacklinksBot/1.0; +https://seranking.com/backlinks-crawler)"
144.76.32.239 - - [20/Jul/2026:18:45:55 +0800] "GET /news/2373 HTTP/1.1" 200 26754 "-" "Mozilla/5.0 (compatible; SERankingBacklinksBot/1.0; +https://seranking.com/backlinks-crawler)"
36.133.115.36 - - [20/Jul/2026:18:46:14 +0800] "POST /wp-cron.php?doing_wp_cron=1784544374.7423288822174072265625 HTTP/1.1" 200 31 "-" "WordPress/7.0; http://cqqizhou.com"
144.76.32.239 - - [20/Jul/2026:18:46:14 +0800] "GET /news/2418 HTTP/1.1" 200 27840 "-" "Mozilla/5.0 (compatible; SERankingBacklinksBot/1.0; +https://seranking.com/backlinks-crawler)"
144.76.32.239 - - [20/Jul/2026:18:46:34 +0800] "GET /news/2420 HTTP/1.1" 200 23971 "-" "Mozilla/5.0 (compatible; SERankingBacklinksBot/1.0; +https://seranking.com/backlinks-crawler)"
144.76.32.239 - - [20/Jul/2026:18:46:54 +0800] "GET /news/2440 HTTP/1.1" 200 26213 "-" "Mozilla/5.0 (compatible; SERankingBacklinksBot/1.0; +https://seranking.com/backlinks-crawler)"
36.133.115.36 - - [20/Jul/2026:18:47:13 +0800] "POST /wp-cron.php?doing_wp_cron=1784544433.2556259632110595703125 HTTP/1.1" 200 31 "-" "WordPress/7.0; http://cqqizhou.com"
144.76.32.239 - - [20/Jul/2026:18:47:13 +0800] "GET /news/2464 HTTP/1.1" 200 24182 "-" "Mozilla/5.0 (compatible; SERankingBacklinksBot/1.0; +https://seranking.com/backlinks-crawler)"
144.76.32.239 - - [20/Jul/2026:18:47:32 +0800] "GET /news/2475 HTTP/1.1" 200 27324 "-" "Mozilla/5.0 (compatible; SERankingBacklinksBot/1.0; +https://seranking.com/backlinks-crawler)"
144.76.32.239 - - [20/Jul/2026:18:47:52 +0800] "GET /news/2486 HTTP/1.1" 200 24665 "-" "Mozilla/5.0 (compatible; SERankingBacklinksBot/1.0; +https://seranking.com/backlinks-crawler)"
36.133.115.36 - - [20/Jul/2026:18:48:11 +0800] "POST /wp-cron.php?doing_wp_cron=1784544491.8906750679016113281250 HTTP/1.1" 200 31 "-" "WordPress/7.0; http://cqqizhou.com"
144.76.32.239 - - [20/Jul/2026:18:48:11 +0800] "GET /news/2502 HTTP/1.1" 200 25256 "-" "Mozilla/5.0 (compatible; SERankingBacklinksBot/1.0; +https://seranking.com/backlinks-crawler)"
144.76.32.239 - - [20/Jul/2026:18:48:32 +0800] "GET /news/2505 HTTP/1.1" 200 25016 "-" "Mozilla/5.0 (compatible; SERankingBacklinksBot/1.0; +https://seranking.com/backlinks-crawler)"
144.76.32.239 - - [20/Jul/2026:18:48:51 +0800] "GET /news/2514 HTTP/1.1" 200 24380 "-" "Mozilla/5.0 (compatible; SERankingBacklinksBot/1.0; +https://seranking.com/backlinks-crawler)"
36.133.115.36 - - [20/Jul/2026:18:49:11 +0800] "POST /wp-cron.php?doing_wp_cron=1784544551.7361309528350830078125 HTTP/1.1" 200 31 "-" "WordPress/7.0; http://cqqizhou.com"
144.76.32.239 - - [20/Jul/2026:18:49:11 +0800] "GET /news/2518 HTTP/1.1" 200 24776 "-" "Mozilla/5.0 (compatible; SERankingBacklinksBot/1.0; +https://seranking.com/backlinks-crawler)"
144.76.32.239 - - [20/Jul/2026:18:49:31 +0800] "GET /news/2527 HTTP/1.1" 200 25574 "-" "Mozilla/5.0 (compatible; SERankingBacklinksBot/1.0; +https://seranking.com/backlinks-crawler)"
144.76.32.239 - - [20/Jul/2026:18:49:51 +0800] "GET /news/2534 HTTP/1.1" 200 24826 "-" "Mozilla/5.0 (compatible; SERankingBacklinksBot/1.0; +https://seranking.com/backlinks-crawler)"
36.133.115.36 - - [20/Jul/2026:18:50:11 +0800] "POST /wp-cron.php?doing_wp_cron=1784544610.9980840682983398437500 HTTP/1.1" 200 31 "-" "WordPress/7.0; http://cqqizhou.com"
144.76.32.239 - - [20/Jul/2026:18:50:11 +0800] "GET /news/2543 HTTP/1.1" 200 26056 "-" "Mozilla/5.0 (compatible; SERankingBacklinksBot/1.0; +https://seranking.com/backlinks-crawler)"
144.76.32.239 - - [20/Jul/2026:18:50:32 +0800] "GET /news/2552 HTTP/1.1" 200 26030 "-" "Mozilla/5.0 (compatible; SERankingBacklinksBot/1.0; +https://seranking.com/backlinks-crawler)"
144.76.32.239 - - [20/Jul/2026:18:50:50 +0800] "GET /news/2559 HTTP/1.1" 200 24777 "-" "Mozilla/5.0 (compatible; SERankingBacklinksBot/1.0; +https://seranking.com/backlinks-crawler)"
144.76.32.239 - - [20/Jul/2026:18:51:07 +0800] "GET /news/page/1 HTTP/1.1" 301 5 "-" "Mozilla/5.0 (compatible; SERankingBacklinksBot/1.0; +https://seranking.com/backlinks-crawler)"
36.133.115.36 - - [20/Jul/2026:18:51:08 +0800] "POST /wp-cron.php?doing_wp_cron=1784544668.9284429550170898437500 HTTP/1.1" 200 31 "-" "WordPress/7.0; http://cqqizhou.com"
144.76.32.239 - - [20/Jul/2026:18:51:08 +0800] "GET /news HTTP/1.1" 200 25932 "-" "Mozilla/5.0 (compatible; SERankingBacklinksBot/1.0; +https://seranking.com/backlinks-crawler)"
144.76.32.239 - - [20/Jul/2026:18:51:25 +0800] "GET /work-safety/page/1 HTTP/1.1" 301 5 "-" "Mozilla/5.0 (compatible; SERankingBacklinksBot/1.0; +https://seranking.com/backlinks-crawler)"
144.76.32.239 - - [20/Jul/2026:18:51:27 +0800] "GET /work-safety HTTP/1.1" 200 19978 "-" "Mozilla/5.0 (compatible; SERankingBacklinksBot/1.0; +https://seranking.com/backlinks-crawler)"
144.76.32.239 - - [20/Jul/2026:18:51:44 +0800] "GET /company-news/page/2 HTTP/1.1" 200 26629 "-" "Mozilla/5.0 (compatible; SERankingBacklinksBot/1.0; +https://seranking.com/backlinks-crawler)"
144.76.32.239 - - [20/Jul/2026:18:52:01 +0800] "GET /company-news/page/3 HTTP/1.1" 200 19635 "-" "Mozilla/5.0 (compatible; SERankingBacklinksBot/1.0; +https://seranking.com/backlinks-crawler)"
36.133.115.36 - - [20/Jul/2026:18:52:17 +0800] "POST /wp-cron.php?doing_wp_cron=1784544737.8835220336914062500000 HTTP/1.1" 200 31 "-" "WordPress/7.0; http://cqqizhou.com"
144.76.32.239 - - [20/Jul/2026:18:52:17 +0800] "GET /news/portfolio-category/pickled-coil HTTP/1.1" 200 21562 "-" "Mozilla/5.0 (compatible; SERankingBacklinksBot/1.0; +https://seranking.com/backlinks-crawler)"
144.76.32.239 - - [20/Jul/2026:18:52:35 +0800] "GET /news/tag/%E8%B4%A2%E5%8A%A1%E9%83%A8 HTTP/1.1" 200 21638 "-" "Mozilla/5.0 (compatible; SERankingBacklinksBot/1.0; +https://seranking.com/backlinks-crawler)"
144.76.32.239 - - [20/Jul/2026:18:52:51 +0800] "GET /news/portfolio/%E5%86%B7%E8%BD%A7%E5%8D%B7 HTTP/1.1" 200 22726 "-" "Mozilla/5.0 (compatible; SERankingBacklinksBot/1.0; +https://seranking.com/backlinks-crawler)"
144.76.32.239 - - [20/Jul/2026:18:53:06 +0800] "GET /news/tag/%E9%92%A2%E6%9D%90%E9%87%87%E8%B4%AD HTTP/1.1" 200 21602 "-" "Mozilla/5.0 (compatible; SERankingBacklinksBot/1.0; +https://seranking.com/backlinks-crawler)"
36.133.115.36 - - [20/Jul/2026:18:53:22 +0800] "POST /wp-cron.php?doing_wp_cron=1784544802.6381170749664306640625 HTTP/1.1" 200 31 "-" "WordPress/7.0; http://cqqizhou.com"
144.76.32.239 - - [20/Jul/2026:18:53:22 +0800] "GET /news/tag/%E9%87%8D%E5%BA%86%E9%82%AE%E7%94%B5%E5%A4%A7%E5%AD%A6 HTTP/1.1" 200 21712 "-" "Mozilla/5.0 (compatible; SERankingBacklinksBot/1.0; +https://seranking.com/backlinks-crawler)"
36.133.115.36 - - [20/Jul/2026:19:20:44 +0800] "POST /wp-cron.php?doing_wp_cron=1784546444.9349129199981689453125 HTTP/1.1" 200 31 "-" "WordPress/7.0; http://cqqizhou.com"
160.119.71.9 - - [20/Jul/2026:19:20:45 +0800] "GET / HTTP/1.1" 200 109837 "-" "Mozilla/5.0 (X11; Linux x86_64; rv:144.0) Gecko/20100101 Firefox/144.0"
114.119.138.179 - - [20/Jul/2026:19:29:53 +0800] "GET /wp-content/uploads/2026/02/1770617354-Article_images_W900px.webp HTTP/1.1" 200 13634 "http://cqqizhou.com/work-safety" "Mozilla/5.0 (Linux; Android 7.0;) AppleWebKit/537.36 (HTML, like Gecko) Mobile Safari/537.36 (compatible; PetalBot;+https://webmaster.petalsearch.com/site/petalbot)"
36.133.115.36 - - [20/Jul/2026:19:31:16 +0800] "POST /wp-cron.php?doing_wp_cron=1784547076.6942799091339111328125 HTTP/1.1" 200 31 "-" "WordPress/7.0; http://cqqizhou.com"
114.119.135.202 - - [20/Jul/2026:19:31:16 +0800] "GET /media/ HTTP/1.1" 301 5 "http://cqqizhou.com/media/4" "Mozilla/5.0 (Linux; Android 7.0;) AppleWebKit/537.36 (HTML, like Gecko) Mobile Safari/537.36 (compatible; PetalBot;+https://webmaster.petalsearch.com/site/petalbot)"
114.119.135.202 - - [20/Jul/2026:19:31:18 +0800] "GET /media HTTP/1.1" 200 26493 "http://cqqizhou.com/media/4" "Mozilla/5.0 (Linux; Android 7.0;) AppleWebKit/537.36 (HTML, like Gecko) Mobile Safari/537.36 (compatible; PetalBot;+https://webmaster.petalsearch.com/site/petalbot)"
36.133.115.36 - - [20/Jul/2026:19:50:56 +0800] "POST /wp-cron.php?doing_wp_cron=1784548256.9010210037231445312500 HTTP/1.1" 200 31 "-" "WordPress/7.0; http://cqqizhou.com"
192.248.150.180 - - [20/Jul/2026:19:50:56 +0800] "GET / HTTP/1.1" 301 5 "-" "Mozilla/5.0 (compatible; CyberConvoyScout/1.0; +https://scout.cyberconvoy.co)"
36.133.115.36 - - [20/Jul/2026:19:51:54 +0800] "POST /wp-cron.php?doing_wp_cron=1784548314.7102649211883544921875 HTTP/1.1" 200 31 "-" "WordPress/7.0; http://cqqizhou.com"
43.156.36.169 - - [20/Jul/2026:19:51:54 +0800] "GET / HTTP/1.1" 200 35068 "-" "Mozilla/5.0 (iPhone; CPU iPhone OS 13_2_3 like Mac OS X) AppleWebKit/605.1.15 (KHTML, like Gecko) Version/13.0.3 Mobile/15E148 Safari/604.1"
36.133.115.36 - - [20/Jul/2026:19:56:02 +0800] "POST /wp-cron.php?doing_wp_cron=1784548562.0363891124725341796875 HTTP/1.1" 200 31 "-" "WordPress/7.0; http://cqqizhou.com"
43.165.2.110 - - [20/Jul/2026:19:56:02 +0800] "GET / HTTP/1.1" 200 35068 "-" "Mozilla/5.0 (iPhone; CPU iPhone OS 13_2_3 like Mac OS X) AppleWebKit/605.1.15 (KHTML, like Gecko) Version/13.0.3 Mobile/15E148 Safari/604.1"
114.119.140.169 - - [20/Jul/2026:20:05:11 +0800] "GET /wp-content/uploads/2026/04/1777513410-1Article_images_W900px-300x169.webp HTTP/1.1" 200 9202 "http://cqqizhou.com/media/4" "Mozilla/5.0 (Linux; Android 7.0;) AppleWebKit/537.36 (HTML, like Gecko) Mobile Safari/537.36 (compatible; PetalBot;+https://webmaster.petalsearch.com/site/petalbot)"
36.133.115.36 - - [20/Jul/2026:20:06:35 +0800] "POST /wp-cron.php?doing_wp_cron=1784549195.1249680519104003906250 HTTP/1.1" 200 31 "-" "WordPress/7.0; http://cqqizhou.com"
114.119.138.179 - - [20/Jul/2026:20:06:35 +0800] "GET /news/2514 HTTP/1.1" 200 20294 "http://cqqizhou.com/company-news" "Mozilla/5.0 (Linux; Android 7.0;) AppleWebKit/537.36 (HTML, like Gecko) Mobile Safari/537.36 (compatible; PetalBot;+https://webmaster.petalsearch.com/site/petalbot)"
112.90.14.53 - - [20/Jul/2026:20:28:26 +0800] "GET /news/2418 HTTP/1.1" 200 27858 "-" "Mozilla/5.0 (Windows NT 10.0; Win64; x64) AppleWebKit/537.36 (KHTML, like Gecko) Chrome/106.0.5249.119 Safari/537.36"
140.240.72.185 - - [20/Jul/2026:20:34:02 +0800] "GET /news/2440 HTTP/1.1" 200 26232 "-" "Mozilla/5.0 (Macintosh; Intel Mac OS X 10_15_7) AppleWebKit/537.36 (KHTML, like Gecko) Chrome/142.0.0.0 Safari/537.36"
36.133.115.36 - - [20/Jul/2026:20:36:30 +0800] "POST /wp-cron.php?doing_wp_cron=1784550990.0753540992736816406250 HTTP/1.1" 200 31 "-" "WordPress/7.0; http://cqqizhou.com"
43.161.233.190 - - [20/Jul/2026:20:36:30 +0800] "GET / HTTP/1.1" 301 5 "-" "Mozilla/5.0 (iPhone; CPU iPhone OS 13_2_3 like Mac OS X) AppleWebKit/605.1.15 (KHTML, like Gecko) Version/13.0.3 Mobile/15E148 Safari/604.1"
43.161.233.190 - - [20/Jul/2026:20:36:32 +0800] "GET / HTTP/1.1" 200 35072 "http://www.cqqizhou.com" "Mozilla/5.0 (iPhone; CPU iPhone OS 13_2_3 like Mac OS X) AppleWebKit/605.1.15 (KHTML, like Gecko) Version/13.0.3 Mobile/15E148 Safari/604.1"
36.133.115.36 - - [20/Jul/2026:20:39:07 +0800] "POST /wp-cron.php?doing_wp_cron=1784551147.7226440906524658203125 HTTP/1.1" 200 31 "-" "WordPress/7.0; http://cqqizhou.com"
195.182.16.23 - - [20/Jul/2026:20:39:07 +0800] "GET /SDK/webLanguage HTTP/1.1" 301 5 "-" "Mozilla/5.0 (Windows NT 10.0; Win64; x64) AppleWebKit/537.36 (KHTML, like Gecko) Chrome/90.0.4430.85 Safari/537.36 Edg/90.0.818.46"
36.133.115.36 - - [20/Jul/2026:21:11:11 +0800] "POST /wp-cron.php?doing_wp_cron=1784553071.1371951103210449218750 HTTP/1.1" 200 31 "-" "WordPress/7.0; http://cqqizhou.com"
43.159.143.190 - - [20/Jul/2026:21:11:11 +0800] "GET / HTTP/1.1" 301 5 "-" "Mozilla/5.0 (iPhone; CPU iPhone OS 13_2_3 like Mac OS X) AppleWebKit/605.1.15 (KHTML, like Gecko) Version/13.0.3 Mobile/15E148 Safari/604.1"
43.159.143.190 - - [20/Jul/2026:21:11:14 +0800] "GET / HTTP/1.1" 200 35072 "http://36.133.115.36" "Mozilla/5.0 (iPhone; CPU iPhone OS 13_2_3 like Mac OS X) AppleWebKit/605.1.15 (KHTML, like Gecko) Version/13.0.3 Mobile/15E148 Safari/604.1"
36.133.115.36 - - [20/Jul/2026:21:16:09 +0800] "POST /wp-cron.php?doing_wp_cron=1784553369.4084858894348144531250 HTTP/1.1" 200 31 "-" "WordPress/7.0; http://cqqizhou.com"
103.139.219.8 - - [20/Jul/2026:21:16:09 +0800] "POST /?rest_route=/batch/v1 HTTP/1.1" 207 822 "-" "Python-urllib/3.14"
103.139.219.8 - - [20/Jul/2026:21:16:10 +0800] "POST /?rest_route=/batch/v1 HTTP/1.1" 207 822 "-" "Python-urllib/3.14"
103.139.219.8 - - [20/Jul/2026:21:16:11 +0800] "GET /rce/oo.php HTTP/1.1" 404 27 "-" "Python-urllib/3.14"
36.133.115.36 - - [20/Jul/2026:21:28:05 +0800] "POST /wp-cron.php?doing_wp_cron=1784554085.6891379356384277343750 HTTP/1.1" 200 31 "-" "WordPress/7.0; http://cqqizhou.com"
74.7.241.22 - - [20/Jul/2026:21:28:05 +0800] "GET /wp-sitemap.xml HTTP/1.1" 501 253 "-" "Mozilla/5.0 AppleWebKit/537.36 (KHTML, like Gecko; compatible; GPTBot/1.4; +https://openai.com/gptbot)"
103.139.219.8 - - [20/Jul/2026:21:36:32 +0800] "GET / HTTP/1.1" 200 159688 "-" "Mozilla/5.0 (Windows NT 10.0; Win64; x64) AppleWebKit/537.36 (KHTML, like Gecko) Chrome/120.0.0.0 Safari/537.36"
103.139.219.8 - - [20/Jul/2026:21:36:32 +0800] "GET / HTTP/1.1" 200 159688 "-" "Mozilla/5.0 (Windows NT 10.0; Win64; x64) AppleWebKit/537.36 (KHTML, like Gecko) Chrome/120.0.0.0 Safari/537.36"
36.133.115.36 - - [20/Jul/2026:21:36:34 +0800] "POST /wp-cron.php?doing_wp_cron=1784554594.4395999908447265625000 HTTP/1.1" 200 31 "-" "WordPress/7.0; http://cqqizhou.com"
103.139.219.8 - - [20/Jul/2026:21:36:34 +0800] "GET /readme.html HTTP/1.1" 404 32862 "-" "Mozilla/5.0 (Windows NT 10.0; Win64; x64) AppleWebKit/537.36 (KHTML, like Gecko) Chrome/120.0.0.0 Safari/537.36"
103.139.219.8 - - [20/Jul/2026:21:36:34 +0800] "GET /wp-includes/version.php HTTP/1.1" 200 5 "-" "Mozilla/5.0 (Windows NT 10.0; Win64; x64) AppleWebKit/537.36 (KHTML, like Gecko) Chrome/120.0.0.0 Safari/537.36"
103.139.219.8 - - [20/Jul/2026:21:36:36 +0800] "POST /wp-json/batch/v1 HTTP/1.1" 400 144 "-" "Mozilla/5.0 (Windows NT 10.0; Win64; x64) AppleWebKit/537.36 (KHTML, like Gecko) Chrome/120.0.0.0 Safari/537.36"
112.86.225.219 - - [20/Jul/2026:21:39:09 +0800] "GET / HTTP/1.1" 200 35517 "-" "Sogou web spider/4.0(+http://www.sogou.com/docs/help/webmasters.htm#07)"
157.148.43.65 - - [20/Jul/2026:21:55:58 +0800] "GET /news/2159 HTTP/1.1" 200 29345 "-" "Mozilla/5.0 (Windows NT 10.0; Win64; x64) AppleWebKit/537.36 (KHTML, like Gecko) Chrome/108.0.0.0 Safari/537.36"
36.133.115.36 - - [20/Jul/2026:21:56:23 +0800] "POST /wp-cron.php?doing_wp_cron=1784555783.0487799644470214843750 HTTP/1.1" 200 31 "-" "WordPress/7.0; http://cqqizhou.com"
65.110.40.43 - - [20/Jul/2026:21:56:23 +0800] "GET / HTTP/1.1" 301 5 "-" "Mozilla/5.0 (Macintosh; Intel Mac OS X 10_15_7) AppleWebKit/537.36 (KHTML, like Gecko) Chrome/147.0.0.0 Safari/537.36"
152.44.35.43 - - [20/Jul/2026:21:57:31 +0800] "GET /wp-content/wint.php HTTP/1.1" 200 4811 "-" "Mozilla/5.0 (Macintosh; Intel Mac OS X 10_15_7) AppleWebKit/537.36 (KHTML, like Gecko) Chrome/149.0.0.0 Safari/537.36"
152.44.35.43 - - [20/Jul/2026:21:58:35 +0800] "GET /wp-content/wint.php HTTP/1.1" 200 4811 "-" "Mozilla/5.0 (Macintosh; Intel Mac OS X 10_15_7) AppleWebKit/537.36 (KHTML, like Gecko) Chrome/149.0.0.0 Safari/537.36"
36.133.115.36 - - [20/Jul/2026:22:21:03 +0800] "POST /wp-cron.php?doing_wp_cron=1784557263.2223429679870605468750 HTTP/1.1" 200 31 "-" "WordPress/7.0; http://cqqizhou.com"
45.198.224.54 - - [20/Jul/2026:22:21:03 +0800] "GET / HTTP/1.1" 200 109842 "-" "-"
36.133.115.36 - - [20/Jul/2026:22:25:52 +0800] "POST /wp-cron.php?doing_wp_cron=1784557551.9702420234680175781250 HTTP/1.1" 200 31 "-" "WordPress/7.0; http://cqqizhou.com"
114.119.140.169 - - [20/Jul/2026:22:25:52 +0800] "GET /news/portfolio-category/hot-dip-galvanized-coil HTTP/1.1" 200 18239 "http://cqqizhou.com/news/portfolio" "Mozilla/5.0 (Linux; Android 7.0;) AppleWebKit/537.36 (HTML, like Gecko) Mobile Safari/537.36 (compatible; PetalBot;+https://webmaster.petalsearch.com/site/petalbot)"
36.133.115.36 - - [20/Jul/2026:22:39:17 +0800] "POST /wp-cron.php?doing_wp_cron=1784558357.6938629150390625000000 HTTP/1.1" 200 31 "-" "WordPress/7.0; http://cqqizhou.com"
221.204.217.18 - - [20/Jul/2026:22:39:17 +0800] "GET /industry/ HTTP/1.1" 301 5 "-" "Mozilla/5.0 (Windows NT 10.0; Win64; x64) AppleWebKit/537.36 (KHTML, like Gecko) Chrome/142.0.0.0 Safari/537.36"
221.204.217.18 - - [20/Jul/2026:22:39:17 +0800] "GET /industry HTTP/1.1" 200 25237 "-" "Mozilla/5.0 (Windows NT 10.0; Win64; x64) AppleWebKit/537.36 (KHTML, like Gecko) Chrome/142.0.0.0 Safari/537.36"
221.204.217.18 - - [20/Jul/2026:22:39:20 +0800] "POST /wp-admin/admin-ajax.php HTTP/1.1" 200 100 "http://cqqizhou.com/industry" "Mozilla/5.0 (Windows NT 10.0; Win64; x64) AppleWebKit/537.36 (KHTML, like Gecko) Chrome/142.0.0.0 Safari/537.36"
221.204.217.18 - - [20/Jul/2026:22:39:21 +0800] "POST /wp-admin/admin-ajax.php HTTP/1.1" 200 633 "http://cqqizhou.com/industry" "Mozilla/5.0 (Windows NT 10.0; Win64; x64) AppleWebKit/537.36 (KHTML, like Gecko) Chrome/142.0.0.0 Safari/537.36"
36.133.115.36 - - [20/Jul/2026:22:49:50 +0800] "POST /wp-cron.php?doing_wp_cron=1784558990.8721261024475097656250 HTTP/1.1" 200 31 "-" "WordPress/7.0; http://cqqizhou.com"
36.133.24.247 - - [20/Jul/2026:22:49:50 +0800] "GET /2164/ HTTP/1.1" 301 5 "-" "Mozilla/5.0 (Linux; Android 10; SM-G981B) AppleWebKit/537.36 (KHTML, like Gecko) Chrome/80.0.3987.162 Mobile Safari/537.36"
36.133.24.247 - - [20/Jul/2026:22:49:52 +0800] "GET /news/2164 HTTP/1.1" 200 20235 "-" "Mozilla/5.0 (Linux; Android 10; SM-G981B) AppleWebKit/537.36 (KHTML, like Gecko) Chrome/80.0.3987.162 Mobile Safari/537.36"
36.133.115.36 - - [20/Jul/2026:23:01:21 +0800] "POST /wp-cron.php?doing_wp_cron=1784559681.6665968894958496093750 HTTP/1.1" 200 31 "-" "WordPress/7.0; http://cqqizhou.com"
114.119.140.169 - - [20/Jul/2026:23:01:21 +0800] "GET /news/portfolio-category/pickled-coil HTTP/1.1" 200 18226 "http://cqqizhou.com/news/portfolio" "Mozilla/5.0 (Linux; Android 7.0;) AppleWebKit/537.36 (HTML, like Gecko) Mobile Safari/537.36 (compatible; PetalBot;+https://webmaster.petalsearch.com/site/petalbot)"
34.76.39.199 - - [20/Jul/2026:23:01:54 +0800] "GET / HTTP/1.1" 200 35072 "-" "Mozilla/5.0 (Windows NT 10.0; Win64; x64) AppleWebKit/537.36 (KHTML, like Gecko) Chrome/127.0.0.0 Safari/537.36"
36.133.115.36 - - [20/Jul/2026:23:02:39 +0800] "POST /wp-cron.php?doing_wp_cron=1784559759.5816330909729003906250 HTTP/1.1" 200 31 "-" "WordPress/7.0; http://cqqizhou.com"
114.119.138.179 - - [20/Jul/2026:23:02:39 +0800] "GET /2361/ HTTP/1.1" 301 5 "http://cqqizhou.com/2418/" "Mozilla/5.0 (Linux; Android 7.0;) AppleWebKit/537.36 (HTML, like Gecko) Mobile Safari/537.36 (compatible; PetalBot;+https://webmaster.petalsearch.com/site/petalbot)"
114.119.138.179 - - [20/Jul/2026:23:02:41 +0800] "GET /news/2361 HTTP/1.1" 200 21438 "http://cqqizhou.com/2418/" "Mozilla/5.0 (Linux; Android 7.0;) AppleWebKit/537.36 (HTML, like Gecko) Mobile Safari/537.36 (compatible; PetalBot;+https://webmaster.petalsearch.com/site/petalbot)"
36.133.115.36 - - [20/Jul/2026:23:13:53 +0800] "POST /wp-cron.php?doing_wp_cron=1784560433.0763099193572998046875 HTTP/1.1" 200 31 "-" "WordPress/7.0; http://cqqizhou.com"
43.134.236.36 - - [20/Jul/2026:23:13:53 +0800] "GET / HTTP/1.1" 200 35072 "-" "Mozilla/5.0 (iPhone; CPU iPhone OS 13_2_3 like Mac OS X) AppleWebKit/605.1.15 (KHTML, like Gecko) Version/13.0.3 Mobile/15E148 Safari/604.1"
14.251.191.68 - - [20/Jul/2026:23:21:26 +0800] "GET /news/2165 HTTP/1.1" 200 27642 "-" "Mozilla/5.0 (Macintosh; Intel Mac OS X 10.15; rv:135.0) Gecko/20100101 Firefox/135.0"
36.133.115.36 - - [20/Jul/2026:23:22:55 +0800] "POST /wp-cron.php?doing_wp_cron=1784560975.6269879341125488281250 HTTP/1.1" 200 31 "-" "WordPress/7.0; http://cqqizhou.com"
54.147.51.34 - - [20/Jul/2026:23:22:55 +0800] "GET / HTTP/1.1" 301 5 "-" "Mozilla/5.0 (Windows NT 10.0; Win64; x64) AppleWebKit/537.36 (KHTML, like Gecko) Chrome/136.0.0.0 Safari/537.36"
36.133.115.36 - - [20/Jul/2026:23:57:49 +0800] "POST /wp-cron.php?doing_wp_cron=1784563069.0792601108551025390625 HTTP/1.1" 200 31 "-" "WordPress/7.0; http://cqqizhou.com"
103.233.10.2 - - [20/Jul/2026:23:57:50 +0800] "POST /?rest_route=/batch/v1 HTTP/1.1" 207 1700290 "-" "wp2shell"
103.233.10.2 - - [20/Jul/2026:23:57:51 +0800] "GET /?rest_route=%2Fwp%2Fv2%2Fposts&per_page=1&_fields=link HTTP/1.1" 200 57 "-" "wp2shell"
103.233.10.2 - - [20/Jul/2026:23:57:51 +0800] "POST /?rest_route=/batch/v1 HTTP/1.1" 207 6315 "-" "wp2shell"
103.233.10.2 - - [20/Jul/2026:23:57:56 +0800] "POST /?rest_route=/batch/v1 HTTP/1.1" 207 1700478 "-" "wp2shell"
103.233.10.2 - - [20/Jul/2026:23:57:59 +0800] "POST /?rest_route=/batch/v1 HTTP/1.1" 207 1700527 "-" "wp2shell"
103.233.10.2 - - [20/Jul/2026:23:58:03 +0800] "POST /?rest_route=/batch/v1 HTTP/1.1" 207 1700476 "-" "wp2shell"
103.233.10.2 - - [20/Jul/2026:23:58:07 +0800] "POST /?rest_route=/batch/v1 HTTP/1.1" 207 1700476 "-" "wp2shell"
36.133.115.36 - - [20/Jul/2026:23:58:10 +0800] "POST /wp-cron.php?doing_wp_cron=1784563090.3925418853759765625000 HTTP/1.1" 200 31 "-" "WordPress/7.0; http://cqqizhou.com"
103.233.10.2 - - [20/Jul/2026:23:58:11 +0800] "POST /?rest_route=/batch/v1 HTTP/1.1" 207 1700476 "-" "wp2shell"
103.233.10.2 - - [20/Jul/2026:23:58:13 +0800] "POST /?rest_route=/batch/v1 HTTP/1.1" 207 3698 "-" "wp2shell"
103.233.10.2 - - [20/Jul/2026:23:58:16 +0800] "GET /wp-login.php HTTP/1.1" 200 8377 "-" "wp2shell"
103.233.10.2 - - [20/Jul/2026:23:58:18 +0800] "POST /wp-login.php HTTP/1.1" 302 5 "-" "wp2shell"
103.233.10.2 - - [20/Jul/2026:23:58:26 +0800] "GET /wp-admin/ HTTP/1.1" 200 392677 "-" "wp2shell"
103.233.10.2 - - [20/Jul/2026:23:58:28 +0800] "GET /wp-admin/plugin-install.php?tab=upload HTTP/1.1" 200 342714 "-" "wp2shell"
103.233.10.2 - - [20/Jul/2026:23:58:47 +0800] "POST /wp-admin/update.php?action=upload-plugin HTTP/1.1" 200 328074 "-" "wp2shell"
103.233.10.2 - - [20/Jul/2026:23:58:48 +0800] "GET /wp-content/plugins/wp2shell_84908442/wp2shell_84908442.php HTTP/1.1" 200 5 "-" "wp2shell"