HEX
Server: nginx/1.16.1
System: Linux ecs-04358622 4.19.90-2107.6.0.0100.oe1.bclinux.x86_64 #1 SMP Wed Dec 1 19:59:44 CST 2021 x86_64
User: nginx (994)
PHP: 8.0.0
Disabled: NONE
Upload Files
File: //home/logs/cqqizhou_access_2026-07-14.log
120.226.188.73 - - [14/Jul/2026:00:17:18 +0800] "GET / HTTP/1.1" 200 35514 "http://cqqizhou.com/" "Mozilla/5.0 (Windows NT 10.0; Win64; x64; rv:126.0) Gecko/20100101 Firefox/126.0"
120.226.188.73 - - [14/Jul/2026:00:17:18 +0800] "GET /news/2585 HTTP/1.1" 200 20945 "http://cqqizhou.com/" "Mozilla/5.0 (Macintosh; Intel Mac OS X 14_5) AppleWebKit/605.1.15 (KHTML, like Gecko) Version/17.5 Safari/605.1.15"
36.133.115.36 - - [14/Jul/2026:00:20:43 +0800] "POST /wp-cron.php?doing_wp_cron=1783959643.9417059421539306640625 HTTP/1.1" 200 31 "-" "WordPress/7.0; http://cqqizhou.com"
94.154.43.243 - - [14/Jul/2026:00:20:43 +0800] "GET /SDK/webLanguage HTTP/1.1" 301 5 "-" "Mozilla/5.0 (Windows NT 10.0; Win64; x64) AppleWebKit/537.36 (KHTML, like Gecko) Chrome/90.0.4430.85 Safari/537.36 Edg/90.0.818.46"
36.133.115.36 - - [14/Jul/2026:00:27:08 +0800] "POST /wp-cron.php?doing_wp_cron=1783960028.2780098915100097656250 HTTP/1.1" 200 31 "-" "WordPress/7.0; http://cqqizhou.com"
36.133.108.119 - - [14/Jul/2026:00:27:08 +0800] "GET /qz/editor-app/configuration/properties/assignment-write-template.html?version=1783908455506 HTTP/1.1" 301 5 "-" "Scrapy/2.8.0 (+https://scrapy.org)"
36.133.108.119 - - [14/Jul/2026:00:27:09 +0800] "GET /qz/editor-app/configuration/properties/assignment-write-template.html?version=1783908455506 HTTP/1.1" 404 9498 "-" "Scrapy/2.8.0 (+https://scrapy.org)"
36.133.115.36 - - [14/Jul/2026:00:28:26 +0800] "POST /wp-cron.php?doing_wp_cron=1783960106.6271419525146484375000 HTTP/1.1" 200 31 "-" "WordPress/7.0; http://cqqizhou.com"
43.140.37.167 - - [14/Jul/2026:00:28:26 +0800] "GET / HTTP/1.1" 301 5 "-" "Mozilla/5.0 (iPhone; CPU iPhone OS 13_2_3 like Mac OS X) AppleWebKit/605.1.15 (KHTML, like Gecko) Version/13.0.3 Mobile/15E148 Safari/604.1"
43.140.37.167 - - [14/Jul/2026:00:28:29 +0800] "GET / HTTP/1.1" 200 35072 "http://www.cqqizhou.com" "Mozilla/5.0 (iPhone; CPU iPhone OS 13_2_3 like Mac OS X) AppleWebKit/605.1.15 (KHTML, like Gecko) Version/13.0.3 Mobile/15E148 Safari/604.1"
36.133.115.36 - - [14/Jul/2026:00:30:43 +0800] "POST /wp-cron.php?doing_wp_cron=1783960243.5185270309448242187500 HTTP/1.1" 200 31 "-" "WordPress/7.0; http://cqqizhou.com"
120.233.109.122 - - [14/Jul/2026:00:30:43 +0800] "GET /portfolio/pickled-coil/ HTTP/1.1" 301 5 "-" "Mozilla/5.0 (Windows NT 10.0; Win64; x64) AppleWebKit/537.36 (KHTML, like Gecko) Chrome/110.0.0.0 Safari/537.36"
157.148.43.180 - - [14/Jul/2026:00:30:43 +0800] "GET /news/portfolio/pickled-coil HTTP/1.1" 200 22822 "-" "Mozilla/5.0 (Windows NT 10.0; Win64; x64) AppleWebKit/537.36 (KHTML, like Gecko) Chrome/110.0.0.0 Safari/537.36"
20.226.26.5 - - [14/Jul/2026:00:31:34 +0800] "GET /wp-content/plugins/hellopress/wp_filemanager.php HTTP/1.1" 404 27 "-" "-"
20.226.26.5 - - [14/Jul/2026:00:31:34 +0800] "GET /this_is_a_new_hello_world.php HTTP/1.1" 404 27 "-" "-"
20.226.26.5 - - [14/Jul/2026:00:31:34 +0800] "GET /wp-access.php HTTP/1.1" 404 27 "-" "-"
20.226.26.5 - - [14/Jul/2026:00:31:35 +0800] "GET /x.php HTTP/1.1" 404 27 "-" "-"
20.226.26.5 - - [14/Jul/2026:00:31:35 +0800] "GET //x.php HTTP/1.1" 404 27 "-" "-"
20.226.26.5 - - [14/Jul/2026:00:31:36 +0800] "GET /wp-sing.php HTTP/1.1" 404 27 "-" "-"
20.226.26.5 - - [14/Jul/2026:00:31:36 +0800] "GET /i.php HTTP/1.1" 404 27 "-" "-"
20.226.26.5 - - [14/Jul/2026:00:31:37 +0800] "GET /ccou.php HTTP/1.1" 404 27 "-" "-"
20.226.26.5 - - [14/Jul/2026:00:31:37 +0800] "GET /666.php HTTP/1.1" 404 27 "-" "-"
20.226.26.5 - - [14/Jul/2026:00:31:37 +0800] "GET /wp-the.php HTTP/1.1" 404 27 "-" "-"
20.226.26.5 - - [14/Jul/2026:00:31:38 +0800] "GET /wp-block.php HTTP/1.1" 404 27 "-" "-"
20.226.26.5 - - [14/Jul/2026:00:31:38 +0800] "GET /bthil.php HTTP/1.1" 404 27 "-" "-"
20.226.26.5 - - [14/Jul/2026:00:31:38 +0800] "GET /jj.php HTTP/1.1" 404 27 "-" "-"
20.226.26.5 - - [14/Jul/2026:00:31:39 +0800] "GET //wp.php HTTP/1.1" 404 27 "-" "-"
20.226.26.5 - - [14/Jul/2026:00:31:40 +0800] "GET /wp-firewall.php HTTP/1.1" 404 27 "-" "-"
20.226.26.5 - - [14/Jul/2026:00:31:40 +0800] "GET /1.php HTTP/1.1" 404 27 "-" "-"
20.226.26.5 - - [14/Jul/2026:00:31:40 +0800] "GET /z.php HTTP/1.1" 404 27 "-" "-"
20.226.26.5 - - [14/Jul/2026:00:31:41 +0800] "GET /db.php HTTP/1.1" 404 27 "-" "-"
20.226.26.5 - - [14/Jul/2026:00:31:41 +0800] "GET /wp-conflg.php HTTP/1.1" 404 27 "-" "-"
20.226.26.5 - - [14/Jul/2026:00:31:41 +0800] "GET /t.php HTTP/1.1" 404 27 "-" "-"
20.226.26.5 - - [14/Jul/2026:00:31:42 +0800] "GET /new4.php HTTP/1.1" 404 27 "-" "-"
20.226.26.5 - - [14/Jul/2026:00:31:42 +0800] "GET /xwpg.php HTTP/1.1" 404 27 "-" "-"
20.226.26.5 - - [14/Jul/2026:00:31:42 +0800] "GET /miru1.php HTTP/1.1" 404 27 "-" "-"
20.226.26.5 - - [14/Jul/2026:00:31:43 +0800] "GET /file5.php HTTP/1.1" 404 27 "-" "-"
20.226.26.5 - - [14/Jul/2026:00:31:43 +0800] "GET /xper1.php HTTP/1.1" 404 27 "-" "-"
20.226.26.5 - - [14/Jul/2026:00:31:44 +0800] "GET /wp-omao.php HTTP/1.1" 404 27 "-" "-"
20.226.26.5 - - [14/Jul/2026:00:31:44 +0800] "GET /0xD.php HTTP/1.1" 404 27 "-" "-"
20.226.26.5 - - [14/Jul/2026:00:31:44 +0800] "GET /wplogbak.php HTTP/1.1" 404 27 "-" "-"
20.226.26.5 - - [14/Jul/2026:00:31:45 +0800] "GET /txets.php HTTP/1.1" 404 27 "-" "-"
20.226.26.5 - - [14/Jul/2026:00:31:45 +0800] "GET /new.php HTTP/1.1" 404 27 "-" "-"
20.226.26.5 - - [14/Jul/2026:00:31:45 +0800] "GET /ms.php HTTP/1.1" 404 27 "-" "-"
20.226.26.5 - - [14/Jul/2026:00:31:46 +0800] "GET /wp-slss.php HTTP/1.1" 404 27 "-" "-"
20.226.26.5 - - [14/Jul/2026:00:31:46 +0800] "GET /wmore1.php HTTP/1.1" 404 27 "-" "-"
20.226.26.5 - - [14/Jul/2026:00:31:47 +0800] "GET /xda.php HTTP/1.1" 404 27 "-" "-"
20.226.26.5 - - [14/Jul/2026:00:31:47 +0800] "GET /b.php HTTP/1.1" 404 27 "-" "-"
20.226.26.5 - - [14/Jul/2026:00:31:47 +0800] "GET /wefile.php HTTP/1.1" 404 27 "-" "-"
20.226.26.5 - - [14/Jul/2026:00:31:48 +0800] "GET /obfuscate.php HTTP/1.1" 404 27 "-" "-"
20.226.26.5 - - [14/Jul/2026:00:31:48 +0800] "GET /x123.php HTTP/1.1" 404 27 "-" "-"
20.226.26.5 - - [14/Jul/2026:00:31:48 +0800] "GET /w3llstore.php HTTP/1.1" 404 27 "-" "-"
20.226.26.5 - - [14/Jul/2026:00:31:49 +0800] "GET /Okxob.php HTTP/1.1" 404 27 "-" "-"
20.226.26.5 - - [14/Jul/2026:00:31:49 +0800] "GET /leaf.php HTTP/1.1" 404 27 "-" "-"
20.226.26.5 - - [14/Jul/2026:00:31:49 +0800] "GET /drykl.php HTTP/1.1" 404 27 "-" "-"
20.226.26.5 - - [14/Jul/2026:00:31:50 +0800] "GET /file6.php HTTP/1.1" 404 27 "-" "-"
20.226.26.5 - - [14/Jul/2026:00:31:50 +0800] "GET /cx.php HTTP/1.1" 404 27 "-" "-"
20.226.26.5 - - [14/Jul/2026:00:31:51 +0800] "GET /p-blog.php HTTP/1.1" 404 27 "-" "-"
20.226.26.5 - - [14/Jul/2026:00:31:51 +0800] "GET /wp-wlx.php HTTP/1.1" 404 27 "-" "-"
20.226.26.5 - - [14/Jul/2026:00:31:51 +0800] "GET /w2025.php HTTP/1.1" 404 27 "-" "-"
20.226.26.5 - - [14/Jul/2026:00:31:52 +0800] "GET //autovirgi.php HTTP/1.1" 404 27 "-" "-"
20.226.26.5 - - [14/Jul/2026:00:31:53 +0800] "GET //nurseling.php HTTP/1.1" 404 27 "-" "-"
20.226.26.5 - - [14/Jul/2026:00:31:53 +0800] "GET /file3.php HTTP/1.1" 404 27 "-" "-"
20.226.26.5 - - [14/Jul/2026:00:31:53 +0800] "GET /harvestry.php HTTP/1.1" 404 27 "-" "-"
20.226.26.5 - - [14/Jul/2026:00:31:54 +0800] "GET /000.php HTTP/1.1" 404 27 "-" "-"
20.226.26.5 - - [14/Jul/2026:00:31:54 +0800] "GET /btx25.php HTTP/1.1" 404 27 "-" "-"
20.226.26.5 - - [14/Jul/2026:00:31:55 +0800] "GET /bumxewlsll.php HTTP/1.1" 404 27 "-" "-"
20.226.26.5 - - [14/Jul/2026:00:31:55 +0800] "GET /mnpiyfeish.php HTTP/1.1" 404 27 "-" "-"
20.226.26.5 - - [14/Jul/2026:00:31:55 +0800] "GET /dx.php HTTP/1.1" 404 27 "-" "-"
20.226.26.5 - - [14/Jul/2026:00:31:56 +0800] "GET /min.php HTTP/1.1" 404 27 "-" "-"
20.226.26.5 - - [14/Jul/2026:00:31:56 +0800] "GET /sql.php HTTP/1.1" 404 27 "-" "-"
20.226.26.5 - - [14/Jul/2026:00:31:56 +0800] "GET /yanz.php HTTP/1.1" 404 27 "-" "-"
20.226.26.5 - - [14/Jul/2026:00:31:57 +0800] "GET /chomu.php HTTP/1.1" 404 27 "-" "-"
20.226.26.5 - - [14/Jul/2026:00:31:57 +0800] "GET /wander.php HTTP/1.1" 404 27 "-" "-"
20.226.26.5 - - [14/Jul/2026:00:31:57 +0800] "GET /filesss.php HTTP/1.1" 404 27 "-" "-"
20.226.26.5 - - [14/Jul/2026:00:31:58 +0800] "GET /xSx.php HTTP/1.1" 404 27 "-" "-"
20.226.26.5 - - [14/Jul/2026:00:31:58 +0800] "GET /cc13.php HTTP/1.1" 404 27 "-" "-"
20.226.26.5 - - [14/Jul/2026:00:31:59 +0800] "GET /unity.php HTTP/1.1" 404 27 "-" "-"
20.226.26.5 - - [14/Jul/2026:00:31:59 +0800] "GET /dass.php HTTP/1.1" 404 27 "-" "-"
20.226.26.5 - - [14/Jul/2026:00:31:59 +0800] "GET /as.php HTTP/1.1" 404 27 "-" "-"
20.226.26.5 - - [14/Jul/2026:00:32:00 +0800] "GET /scxy.php HTTP/1.1" 404 27 "-" "-"
20.226.26.5 - - [14/Jul/2026:00:32:00 +0800] "GET /0okj.php HTTP/1.1" 404 27 "-" "-"
20.226.26.5 - - [14/Jul/2026:00:32:01 +0800] "GET /appt.php HTTP/1.1" 404 27 "-" "-"
20.226.26.5 - - [14/Jul/2026:00:32:03 +0800] "GET /mass.php HTTP/1.1" 404 27 "-" "-"
20.226.26.5 - - [14/Jul/2026:00:32:03 +0800] "GET /bless18.php HTTP/1.1" 404 27 "-" "-"
20.226.26.5 - - [14/Jul/2026:00:32:04 +0800] "GET /bless24.php HTTP/1.1" 404 27 "-" "-"
20.226.26.5 - - [14/Jul/2026:00:32:04 +0800] "GET /file11.php HTTP/1.1" 404 27 "-" "-"
20.226.26.5 - - [14/Jul/2026:00:32:05 +0800] "GET /wp-pp.php HTTP/1.1" 404 27 "-" "-"
20.226.26.5 - - [14/Jul/2026:00:32:05 +0800] "GET /wp-admin/zoko.php HTTP/1.1" 404 27 "-" "-"
20.226.26.5 - - [14/Jul/2026:00:32:06 +0800] "GET //like.php HTTP/1.1" 404 27 "-" "-"
20.226.26.5 - - [14/Jul/2026:00:32:06 +0800] "GET //dx.php HTTP/1.1" 404 27 "-" "-"
20.226.26.5 - - [14/Jul/2026:00:32:06 +0800] "GET //min.php HTTP/1.1" 404 27 "-" "-"
20.226.26.5 - - [14/Jul/2026:00:32:07 +0800] "GET //sql.php HTTP/1.1" 404 27 "-" "-"
20.226.26.5 - - [14/Jul/2026:00:32:07 +0800] "GET //w3lls.php HTTP/1.1" 404 27 "-" "-"
20.226.26.5 - - [14/Jul/2026:00:32:07 +0800] "GET //xxx.php HTTP/1.1" 404 27 "-" "-"
20.226.26.5 - - [14/Jul/2026:00:32:08 +0800] "GET /arrhenotokous.php HTTP/1.1" 404 27 "-" "-"
20.226.26.5 - - [14/Jul/2026:00:32:08 +0800] "GET /misewes.php HTTP/1.1" 404 27 "-" "-"
20.226.26.5 - - [14/Jul/2026:00:32:09 +0800] "GET /like.php HTTP/1.1" 404 27 "-" "-"
20.226.26.5 - - [14/Jul/2026:00:32:09 +0800] "GET /wp-curl-file.php HTTP/1.1" 404 27 "-" "-"
20.226.26.5 - - [14/Jul/2026:00:32:09 +0800] "GET /buds1.php HTTP/1.1" 404 27 "-" "-"
20.226.26.5 - - [14/Jul/2026:00:32:10 +0800] "GET //xozx.php HTTP/1.1" 404 27 "-" "-"
20.226.26.5 - - [14/Jul/2026:00:32:10 +0800] "GET /qlex1.php HTTP/1.1" 404 27 "-" "-"
20.226.26.5 - - [14/Jul/2026:00:32:11 +0800] "GET /satan.php HTTP/1.1" 404 27 "-" "-"
20.226.26.5 - - [14/Jul/2026:00:32:11 +0800] "GET /sitemap.php HTTP/1.1" 404 27 "-" "-"
20.226.26.5 - - [14/Jul/2026:00:32:11 +0800] "GET /camara.php HTTP/1.1" 404 27 "-" "-"
20.226.26.5 - - [14/Jul/2026:00:32:12 +0800] "GET /assacc.php HTTP/1.1" 404 27 "-" "-"
20.226.26.5 - - [14/Jul/2026:00:32:12 +0800] "GET /file1.php HTTP/1.1" 404 27 "-" "-"
20.226.26.5 - - [14/Jul/2026:00:32:12 +0800] "GET /rum.php HTTP/1.1" 404 27 "-" "-"
20.226.26.5 - - [14/Jul/2026:00:32:13 +0800] "GET /G-In.php HTTP/1.1" 404 27 "-" "-"
20.226.26.5 - - [14/Jul/2026:00:32:13 +0800] "GET /19.php HTTP/1.1" 404 27 "-" "-"
20.226.26.5 - - [14/Jul/2026:00:32:14 +0800] "GET /sg.php HTTP/1.1" 404 27 "-" "-"
20.226.26.5 - - [14/Jul/2026:00:32:14 +0800] "GET /ssla.php HTTP/1.1" 404 27 "-" "-"
20.226.26.5 - - [14/Jul/2026:00:32:15 +0800] "GET /wp-lvminl.php HTTP/1.1" 404 27 "-" "-"
20.226.26.5 - - [14/Jul/2026:00:32:17 +0800] "GET //w1px.php HTTP/1.1" 404 27 "-" "-"
20.226.26.5 - - [14/Jul/2026:00:32:17 +0800] "GET /wp-86.php HTTP/1.1" 404 27 "-" "-"
20.226.26.5 - - [14/Jul/2026:00:32:17 +0800] "GET /k.php HTTP/1.1" 404 27 "-" "-"
20.226.26.5 - - [14/Jul/2026:00:32:18 +0800] "GET /wp-miiss.php HTTP/1.1" 404 27 "-" "-"
20.226.26.5 - - [14/Jul/2026:00:32:18 +0800] "GET //1337.php HTTP/1.1" 404 27 "-" "-"
20.226.26.5 - - [14/Jul/2026:00:32:18 +0800] "GET /mr.php HTTP/1.1" 404 27 "-" "-"
20.226.26.5 - - [14/Jul/2026:00:32:19 +0800] "GET /pm.php HTTP/1.1" 404 27 "-" "-"
20.226.26.5 - - [14/Jul/2026:00:32:19 +0800] "GET /vxrl.php HTTP/1.1" 404 27 "-" "-"
20.226.26.5 - - [14/Jul/2026:00:32:20 +0800] "GET /shorw.php HTTP/1.1" 404 27 "-" "-"
20.226.26.5 - - [14/Jul/2026:00:32:20 +0800] "GET /orm.php HTTP/1.1" 404 27 "-" "-"
20.226.26.5 - - [14/Jul/2026:00:32:20 +0800] "GET /gmo.php HTTP/1.1" 404 27 "-" "-"
20.226.26.5 - - [14/Jul/2026:00:32:21 +0800] "GET /file17.php HTTP/1.1" 404 27 "-" "-"
20.226.26.5 - - [14/Jul/2026:00:32:21 +0800] "GET /H.php HTTP/1.1" 404 27 "-" "-"
20.226.26.5 - - [14/Jul/2026:00:32:22 +0800] "GET /zcxb.php HTTP/1.1" 404 27 "-" "-"
20.226.26.5 - - [14/Jul/2026:00:32:22 +0800] "GET /wpls.php HTTP/1.1" 404 27 "-" "-"
20.226.26.5 - - [14/Jul/2026:00:32:22 +0800] "GET /testas.php HTTP/1.1" 404 27 "-" "-"
20.226.26.5 - - [14/Jul/2026:00:32:23 +0800] "GET /nope.php HTTP/1.1" 404 27 "-" "-"
20.226.26.5 - - [14/Jul/2026:00:32:24 +0800] "GET /reyna.php HTTP/1.1" 404 27 "-" "-"
20.226.26.5 - - [14/Jul/2026:00:32:24 +0800] "GET /ma1.php HTTP/1.1" 404 27 "-" "-"
20.226.26.5 - - [14/Jul/2026:00:32:24 +0800] "GET /bypltspd.php HTTP/1.1" 404 27 "-" "-"
20.226.26.5 - - [14/Jul/2026:00:32:25 +0800] "GET /aaa.php HTTP/1.1" 404 27 "-" "-"
20.226.26.5 - - [14/Jul/2026:00:32:26 +0800] "GET /wp-xx.php HTTP/1.1" 404 27 "-" "-"
20.226.26.5 - - [14/Jul/2026:00:32:26 +0800] "GET /wp-xm.php HTTP/1.1" 404 27 "-" "-"
20.226.26.5 - - [14/Jul/2026:00:32:26 +0800] "GET /zeal.php HTTP/1.1" 404 27 "-" "-"
20.226.26.5 - - [14/Jul/2026:00:32:27 +0800] "GET /h8h9.php HTTP/1.1" 404 27 "-" "-"
20.226.26.5 - - [14/Jul/2026:00:32:27 +0800] "GET /zasd.php HTTP/1.1" 404 27 "-" "-"
20.226.26.5 - - [14/Jul/2026:00:32:28 +0800] "GET /xzs.php HTTP/1.1" 404 27 "-" "-"
20.226.26.5 - - [14/Jul/2026:00:32:28 +0800] "GET /yep.php HTTP/1.1" 404 27 "-" "-"
20.226.26.5 - - [14/Jul/2026:00:32:29 +0800] "GET /des.php HTTP/1.1" 404 27 "-" "-"
20.226.26.5 - - [14/Jul/2026:00:32:29 +0800] "GET /xex.php HTTP/1.1" 404 27 "-" "-"
20.226.26.5 - - [14/Jul/2026:00:32:29 +0800] "GET /tox.php HTTP/1.1" 404 27 "-" "-"
20.226.26.5 - - [14/Jul/2026:00:32:30 +0800] "GET /racs3.php HTTP/1.1" 404 27 "-" "-"
20.226.26.5 - - [14/Jul/2026:00:32:30 +0800] "GET /wp-cliner.php HTTP/1.1" 404 27 "-" "-"
20.226.26.5 - - [14/Jul/2026:00:32:31 +0800] "GET /law.php HTTP/1.1" 404 27 "-" "-"
20.226.26.5 - - [14/Jul/2026:00:32:31 +0800] "GET /moo.php HTTP/1.1" 404 27 "-" "-"
20.226.26.5 - - [14/Jul/2026:00:32:31 +0800] "GET /89.php HTTP/1.1" 404 27 "-" "-"
20.226.26.5 - - [14/Jul/2026:00:32:32 +0800] "GET /noe.php HTTP/1.1" 404 27 "-" "-"
20.226.26.5 - - [14/Jul/2026:00:32:32 +0800] "GET /fe5.php HTTP/1.1" 404 27 "-" "-"
20.226.26.5 - - [14/Jul/2026:00:32:32 +0800] "GET /gg.php HTTP/1.1" 404 27 "-" "-"
36.133.115.36 - - [14/Jul/2026:00:39:14 +0800] "POST /wp-cron.php?doing_wp_cron=1783960754.5176310539245605468750 HTTP/1.1" 200 31 "-" "WordPress/7.0; http://cqqizhou.com"
119.84.246.117 - - [14/Jul/2026:00:39:14 +0800] "GET / HTTP/1.1" 301 5 "-" "Mozilla/5.0 (Windows NT 6.1; WOW64; rv:12.0) Gecko/20100101 Firefox/12.0"
119.84.246.117 - - [14/Jul/2026:00:39:14 +0800] "GET / HTTP/1.1" 200 159688 "-" "Mozilla/5.0 (Windows NT 6.1; WOW64; rv:12.0) Gecko/20100101 Firefox/12.0"
119.84.246.117 - - [14/Jul/2026:00:39:15 +0800] "GET / HTTP/1.1" 301 5 "-" "Mozilla/5.0 (Windows NT 6.1; WOW64; rv:12.0) Gecko/20100101 Firefox/12.0"
119.84.246.117 - - [14/Jul/2026:00:39:15 +0800] "GET / HTTP/1.1" 200 159688 "-" "Mozilla/5.0 (Windows NT 6.1; WOW64; rv:12.0) Gecko/20100101 Firefox/12.0"
119.84.246.117 - - [14/Jul/2026:00:39:16 +0800] "GET / HTTP/1.1" 301 5 "-" "Mozilla/5.0 (Windows NT 6.1; WOW64) AppleWebKit/535.19 (KHTML, like Gecko) Chrome/18.0.1025.168 Safari/535.19 QIHU 360EE"
119.84.246.117 - - [14/Jul/2026:00:39:16 +0800] "GET / HTTP/1.1" 200 159688 "-" "Mozilla/5.0 (Windows NT 6.1; WOW64) AppleWebKit/535.19 (KHTML, like Gecko) Chrome/18.0.1025.168 Safari/535.19 QIHU 360EE"
36.133.115.36 - - [14/Jul/2026:00:40:13 +0800] "POST /wp-cron.php?doing_wp_cron=1783960813.4292459487915039062500 HTTP/1.1" 200 31 "-" "WordPress/7.0; http://cqqizhou.com"
120.241.208.23 - - [14/Jul/2026:00:40:13 +0800] "GET /2165/ HTTP/1.1" 301 5 "-" "Mozilla/5.0 (Windows NT 10.0; Win64; x64) AppleWebKit/537.36 (KHTML, like Gecko) Chrome/104.0.5112.81 Safari/537.36"
120.241.208.23 - - [14/Jul/2026:00:40:13 +0800] "GET /news/2165 HTTP/1.1" 200 27626 "http://cqqizhou.com/2165/" "Mozilla/5.0 (Windows NT 10.0; Win64; x64) AppleWebKit/537.36 (KHTML, like Gecko) Chrome/104.0.5112.81 Safari/537.36"
36.133.115.36 - - [14/Jul/2026:00:46:28 +0800] "POST /wp-cron.php?doing_wp_cron=1783961188.0474851131439208984375 HTTP/1.1" 200 31 "-" "WordPress/7.0; http://cqqizhou.com"
94.154.43.254 - - [14/Jul/2026:00:46:28 +0800] "GET / HTTP/1.1" 200 35072 "-" "Linux Gnu (cow)"
36.133.115.36 - - [14/Jul/2026:00:56:23 +0800] "POST /wp-cron.php?doing_wp_cron=1783961783.6411800384521484375000 HTTP/1.1" 200 31 "-" "WordPress/7.0; http://cqqizhou.com"
110.249.201.152 - - [14/Jul/2026:00:56:23 +0800] "GET /news/2483 HTTP/1.1" 200 20744 "-" "Mozilla/5.0 (Linux; Android 5.0) AppleWebKit/537.36 (KHTML, like Gecko) Mobile Safari/537.36 (compatible; Bytespider; https://zhanzhang.toutiao.com/)"
110.249.201.152 - - [14/Jul/2026:00:56:23 +0800] "GET /wp-content/uploads/2026/02/1770617977-Article_images_W900px-768x576.webp HTTP/1.1" 206 500 "http://cqqizhou.com/news/2483" "Mozilla/5.0 (Linux; Android 5.0) AppleWebKit/537.36 (KHTML, like Gecko) Mobile Safari/537.36 (compatible; Bytespider; https://zhanzhang.toutiao.com/)"
110.249.201.188 - - [14/Jul/2026:00:56:23 +0800] "GET /wp-content/uploads/2026/02/1770617948-Article_images_W900%C3%97500px-768x432.webp HTTP/1.1" 206 500 "http://cqqizhou.com/news/2483" "Mozilla/5.0 (Linux; Android 5.0) AppleWebKit/537.36 (KHTML, like Gecko) Mobile Safari/537.36 (compatible; Bytespider; https://zhanzhang.toutiao.com/)"
198.244.242.250 - - [14/Jul/2026:01:14:06 +0800] "GET /news/2514 HTTP/1.1" 200 24393 "-" "Mozilla/5.0 (compatible; AhrefsBot/7.0; +http://ahrefs.com/robot/)"
114.119.132.85 - - [14/Jul/2026:01:16:02 +0800] "GET /wp-content/uploads/2026/03/1773722871-3Article_images_W900px.webp HTTP/1.1" 200 51678 "http://cqqizhou.com/news/2527" "Mozilla/5.0 (Linux; Android 7.0;) AppleWebKit/537.36 (HTML, like Gecko) Mobile Safari/537.36 (compatible; PetalBot;+https://webmaster.petalsearch.com/site/petalbot)"
198.244.240.186 - - [14/Jul/2026:01:17:46 +0800] "GET /wp-content/uploads/2026/03/1772713922-Article_images_W900px.webp HTTP/1.1" 200 41304 "-" "Mozilla/5.0 (compatible; AhrefsBot/7.0; +http://ahrefs.com/robot/)"
36.133.115.36 - - [14/Jul/2026:01:30:07 +0800] "POST /wp-cron.php?doing_wp_cron=1783963807.5603959560394287109375 HTTP/1.1" 200 31 "-" "WordPress/7.0; http://cqqizhou.com"
112.121.183.238 - - [14/Jul/2026:01:30:07 +0800] "GET /admin-api/system/auth/get-permission-info HTTP/1.1" 404 9499 "-" "Mozilla/5.0 (Windows NT 10.0; WOW64; rv:48.0) Gecko/20100101 Firefox/48.0"
36.133.115.36 - - [14/Jul/2026:01:31:26 +0800] "POST /wp-cron.php?doing_wp_cron=1783963886.8328990936279296875000 HTTP/1.1" 200 31 "-" "WordPress/7.0; http://cqqizhou.com"
115.159.33.43 - - [14/Jul/2026:01:31:26 +0800] "GET / HTTP/1.1" 301 5 "-" "Mozilla/5.0 (Windows NT 10.0; Win64; x64) AppleWebKit/537.36 (KHTML, like Gecko) Chrome/79.0.3945.117 Safari/537.36"
36.133.115.36 - - [14/Jul/2026:01:36:05 +0800] "POST /wp-cron.php?doing_wp_cron=1783964165.3126189708709716796875 HTTP/1.1" 200 31 "-" "WordPress/7.0; http://cqqizhou.com"
5.61.209.43 - - [14/Jul/2026:01:36:05 +0800] "GET /SDK/webLanguage HTTP/1.1" 301 5 "-" "Mozilla/5.0 (Windows NT 10.0; Win64; x64) AppleWebKit/537.36 (KHTML, like Gecko) Chrome/90.0.4430.85 Safari/537.36 Edg/90.0.818.46"
112.90.2.252 - - [14/Jul/2026:01:37:36 +0800] "GET /news/2592 HTTP/1.1" 200 24627 "-" "Mozilla/5.0 (Windows NT 10.0; Win64; x64) AppleWebKit/537.36 (KHTML, like Gecko) Chrome/107.0.0.0 Safari/537.36"
36.133.115.36 - - [14/Jul/2026:01:37:47 +0800] "POST /wp-cron.php?doing_wp_cron=1783964267.3842461109161376953125 HTTP/1.1" 200 31 "-" "WordPress/7.0; http://cqqizhou.com"
163.177.3.157 - - [14/Jul/2026:01:37:47 +0800] "GET /2164/ HTTP/1.1" 301 5 "-" "Mozilla/5.0 (Windows NT 10.0; Win64; x64) AppleWebKit/537.36 (KHTML, like Gecko) Chrome/133.0.0.0 Safari/537.36"
163.177.3.157 - - [14/Jul/2026:01:37:47 +0800] "GET /news/2164 HTTP/1.1" 200 24257 "http://cqqizhou.com/2164/" "Mozilla/5.0 (Windows NT 10.0; Win64; x64) AppleWebKit/537.36 (KHTML, like Gecko) Chrome/133.0.0.0 Safari/537.36"
36.133.115.36 - - [14/Jul/2026:01:39:05 +0800] "POST /wp-cron.php?doing_wp_cron=1783964345.4443430900573730468750 HTTP/1.1" 200 31 "-" "WordPress/7.0; http://cqqizhou.com"
111.68.9.154 - - [14/Jul/2026:01:39:05 +0800] "GET /nacos/ HTTP/1.1" 404 9498 "-" "Mozilla/5.0 (Windows NT 10.0; WOW64; rv:48.0) Gecko/20100101 Firefox/48.0"
36.133.115.36 - - [14/Jul/2026:01:40:04 +0800] "POST /wp-cron.php?doing_wp_cron=1783964403.9850308895111083984375 HTTP/1.1" 200 31 "-" "WordPress/7.0; http://cqqizhou.com"
43.164.3.23 - - [14/Jul/2026:01:40:04 +0800] "GET / HTTP/1.1" 200 35071 "-" "Mozilla/5.0 (iPhone; CPU iPhone OS 13_2_3 like Mac OS X) AppleWebKit/605.1.15 (KHTML, like Gecko) Version/13.0.3 Mobile/15E148 Safari/604.1"
36.133.115.36 - - [14/Jul/2026:01:40:25 +0800] "POST /wp-cron.php?doing_wp_cron=1783964425.3108820915222167968750 HTTP/1.1" 200 31 "-" "WordPress/7.0; http://cqqizhou.com"
216.118.252.134 - - [14/Jul/2026:01:40:25 +0800] "GET / HTTP/1.1" 301 5 "-" "Mozilla/5.0 (Windows NT 10.0; WOW64; rv:48.0) Gecko/20100101 Firefox/48.0"
216.118.252.134 - - [14/Jul/2026:01:40:26 +0800] "GET / HTTP/1.1" 200 35514 "-" "Mozilla/5.0 (Windows NT 10.0; WOW64; rv:48.0) Gecko/20100101 Firefox/48.0"
36.133.115.36 - - [14/Jul/2026:01:49:04 +0800] "POST /wp-cron.php?doing_wp_cron=1783964944.0244910717010498046875 HTTP/1.1" 200 31 "-" "WordPress/7.0; http://cqqizhou.com"
111.68.9.162 - - [14/Jul/2026:01:49:04 +0800] "GET / HTTP/1.1" 301 5 "-" "Mozilla/5.0 (Windows NT 10.0; WOW64; rv:48.0) Gecko/20100101 Firefox/48.0"
111.68.9.162 - - [14/Jul/2026:01:49:05 +0800] "GET / HTTP/1.1" 200 35514 "-" "Mozilla/5.0 (Windows NT 10.0; WOW64; rv:48.0) Gecko/20100101 Firefox/48.0"
36.133.115.36 - - [14/Jul/2026:02:01:43 +0800] "POST /wp-cron.php?doing_wp_cron=1783965703.5119519233703613281250 HTTP/1.1" 200 31 "-" "WordPress/7.0; http://cqqizhou.com"
116.179.32.110 - - [14/Jul/2026:02:01:43 +0800] "GET /wp-json/oembed/1.0/embed?url=http%3A%2F%2Fcqqizhou.com%2Fnews%2F2606 HTTP/1.1" 200 1277 "-" "Mozilla/5.0 (compatible; Baiduspider/2.0; +http://www.baidu.com/search/spider.html)"
45.195.189.40 - - [14/Jul/2026:02:10:05 +0800] "GET /news/2601 HTTP/1.1" 200 20575 "-" "Mozilla/5.0 (Windows NT 10.0; Win64; x64) AppleWebKit/537.36 (KHTML, like Gecko) Chrome/149.0.0.0 Safari/537.36 Edg/149.0.0.0"
49.89.68.187 - - [14/Jul/2026:02:45:17 +0800] "GET /news/2572 HTTP/1.1" 200 20272 "-" "Mozilla/5.0 (Windows NT 10.0; WOW64) AppleWebKit/537.36 (KHTML, like Gecko) Chrome/131.0.0.0 Safari/537.36 QIHU 360SE"
113.76.220.106 - - [14/Jul/2026:02:50:10 +0800] "GET /news/2572 HTTP/1.1" 200 20272 "-" "Mozilla/5.0 (X11; Linux x86_64) AppleWebKit/537.36 (KHTML, like Gecko) Chrome/147.0.0.0 Safari/537.36"
36.133.115.36 - - [14/Jul/2026:02:50:42 +0800] "POST /wp-cron.php?doing_wp_cron=1783968642.0002570152282714843750 HTTP/1.1" 200 31 "-" "WordPress/7.0; http://cqqizhou.com"
183.207.45.122 - - [14/Jul/2026:02:50:42 +0800] "GET / HTTP/1.1" 301 5 "-" "Mozilla/5.0 (Windows NT 10.0; Win64; x64) AppleWebKit/537.36 (KHTML, like Gecko) Chrome/59.0.3071.104 Safari/537.36"
183.207.45.122 - - [14/Jul/2026:02:50:42 +0800] "GET / HTTP/1.1" 200 159688 "-" "Mozilla/5.0 (Windows NT 10.0; Win64; x64) AppleWebKit/537.36 (KHTML, like Gecko) Chrome/59.0.3071.104 Safari/537.36"
36.133.115.36 - - [14/Jul/2026:02:56:36 +0800] "POST /wp-cron.php?doing_wp_cron=1783968996.4736840724945068359375 HTTP/1.1" 200 31 "-" "WordPress/7.0; http://cqqizhou.com"
121.237.36.31 - - [14/Jul/2026:02:56:36 +0800] "GET / HTTP/1.1" 200 35072 "-" "Dalvik/2.1.0 (Linux; U; Android 9.0; ZTE BA520 Build/MRA58K)"
47.82.8.247 - - [14/Jul/2026:02:57:32 +0800] "GET /news/2502 HTTP/1.1" 200 25281 "-" "Mozilla/5.0 (Windows NT 10.0; Win64; x64) AppleWebKit/537.36 (KHTML, like Gecko) Chrome/148.0.0.0 Safari/537.36"
121.237.36.31 - - [14/Jul/2026:02:57:48 +0800] "GET / HTTP/1.1" 200 35514 "-" "Mozilla/5.0 (Macintosh; Intel Mac OS X 10_11) AppleWebKit/601.1.27 (KHTML, like Gecko) Chrome/47.0.2526.106 Safari/601.1.27"
121.237.36.31 - - [14/Jul/2026:03:02:01 +0800] "GET / HTTP/1.1" 200 35514 "-" "Mozilla/5.0 (Windows; U; Windows NT 6.1; en-US) AppleWebKit/532.0 (KHTML, like Gecko) Chrome/4.0.202.0 Safari/532.0"
183.200.210.125 - - [14/Jul/2026:03:04:44 +0800] "GET /news/2418 HTTP/1.1" 200 27850 "-" "Mozilla/5.0 (Macintosh; Intel Mac OS X 10_15_7) AppleWebKit/537.36 (KHTML, like Gecko) Chrome/146.0.0.0 Safari/537.36"
106.117.167.160 - - [14/Jul/2026:03:04:46 +0800] "GET /news/2165 HTTP/1.1" 200 27626 "-" "Mozilla/5.0 (Macintosh; Intel Mac OS X 10_15_7) AppleWebKit/537.36 (KHTML, like Gecko) Chrome/146.0.0.0 Safari/537.36"
36.133.115.36 - - [14/Jul/2026:03:09:29 +0800] "POST /wp-cron.php?doing_wp_cron=1783969769.1400918960571289062500 HTTP/1.1" 200 31 "-" "WordPress/7.0; http://cqqizhou.com"
43.155.162.41 - - [14/Jul/2026:03:09:29 +0800] "GET / HTTP/1.1" 301 5 "-" "Mozilla/5.0 (iPhone; CPU iPhone OS 13_2_3 like Mac OS X) AppleWebKit/605.1.15 (KHTML, like Gecko) Version/13.0.3 Mobile/15E148 Safari/604.1"
43.155.162.41 - - [14/Jul/2026:03:09:30 +0800] "GET / HTTP/1.1" 200 35072 "http://36.133.115.36" "Mozilla/5.0 (iPhone; CPU iPhone OS 13_2_3 like Mac OS X) AppleWebKit/605.1.15 (KHTML, like Gecko) Version/13.0.3 Mobile/15E148 Safari/604.1"
36.133.115.36 - - [14/Jul/2026:03:16:40 +0800] "POST /wp-cron.php?doing_wp_cron=1783970200.4818680286407470703125 HTTP/1.1" 200 31 "-" "WordPress/7.0; http://cqqizhou.com"
94.154.43.254 - - [14/Jul/2026:03:16:40 +0800] "GET / HTTP/1.1" 200 35072 "-" "Linux Gnu (cow)"
114.119.135.202 - - [14/Jul/2026:03:21:21 +0800] "GET /wp-content/uploads/2026/02/1770617948-Article_images_W900%C3%97500px.webp HTTP/1.1" 200 38890 "http://cqqizhou.com/work-safety" "Mozilla/5.0 (Linux; Android 7.0;) AppleWebKit/537.36 (HTML, like Gecko) Mobile Safari/537.36 (compatible; PetalBot;+https://webmaster.petalsearch.com/site/petalbot)"
36.133.115.36 - - [14/Jul/2026:03:28:55 +0800] "POST /wp-cron.php?doing_wp_cron=1783970935.5318479537963867187500 HTTP/1.1" 200 31 "-" "WordPress/7.0; http://cqqizhou.com"
111.162.175.164 - - [14/Jul/2026:03:28:55 +0800] "GET http://cqqizhou.com/wp-content/uploads/2026/04/1777513411-2Article_images_W900px.webp%20900w,%20http://cqqizhou.com/wp-content/uploads/2026/04/1777513411-2Article_images_W900px-300x225.webp%20300w,%20http://cqqizhou.com/wp-content/uploads/2026/04/1777513411-2Article_images_W900px-768x576.webp%20768w HTTP/1.1" 301 5 "http://cqqizhou.com/" "Mozilla/5.0 (Windows NT 10.0; Win64; x64) AppleWebKit/537.36 (KHTML, like Gecko) Chrome/110.0.0.0 Safari/537.36"
111.162.175.164 - - [14/Jul/2026:03:28:56 +0800] "GET http://cqqizhou.com/wp-content/uploads/2026/04/1777513411-2Article_images_W900px.webp%20900w,%20http:/cqqizhou.com/wp-content/uploads/2026/04/1777513411-2Article_images_W900px-300x225.webp%20300w,%20http:/cqqizhou.com/wp-content/uploads/2026/04/1777513411-2Article_images_W900px-768x576.webp%20768w HTTP/1.1" 404 9499 "http://cqqizhou.com/" "Mozilla/5.0 (Windows NT 10.0; Win64; x64) AppleWebKit/537.36 (KHTML, like Gecko) Chrome/110.0.0.0 Safari/537.36"
114.117.192.44 - - [14/Jul/2026:03:29:00 +0800] "GET /wp-content/uploads/2026/04/1777513411-2Article_images_W900px.webp%20900w,%20http://cqqizhou.com/wp-content/uploads/2026/04/1777513411-2Article_images_W900px-300x225.webp%20300w,%20http://cqqizhou.com/wp-content/uploads/2026/04/1777513411-2Article_images_W900px-768x576.webp%20768w HTTP/1.1" 301 5 "http://cqqizhou.com/" "Mozilla/5.0 (Windows NT 10.0; Win64; x64) AppleWebKit/537.36 (KHTML, like Gecko) Chrome/110.0.0.0 Safari/537.36"
114.117.192.44 - - [14/Jul/2026:03:29:02 +0800] "GET /wp-content/uploads/2026/04/1777513411-2Article_images_W900px.webp%20900w,%20http:/cqqizhou.com/wp-content/uploads/2026/04/1777513411-2Article_images_W900px-300x225.webp%20300w,%20http:/cqqizhou.com/wp-content/uploads/2026/04/1777513411-2Article_images_W900px-768x576.webp%20768w HTTP/1.1" 404 9498 "http://cqqizhou.com/" "Mozilla/5.0 (Windows NT 10.0; Win64; x64) AppleWebKit/537.36 (KHTML, like Gecko) Chrome/110.0.0.0 Safari/537.36"
36.133.115.36 - - [14/Jul/2026:03:31:37 +0800] "POST /wp-cron.php?doing_wp_cron=1783971097.1865460872650146484375 HTTP/1.1" 200 31 "-" "WordPress/7.0; http://cqqizhou.com"
220.181.108.144 - - [14/Jul/2026:03:31:37 +0800] "GET /wp-json/oembed/1.0/embed?url=http%3A%2F%2Fcqqizhou.com%2Fbug%2F HTTP/1.1" 200 1102 "-" "Mozilla/5.0 (compatible; Baiduspider/2.0; +http://www.baidu.com/search/spider.html)"
36.133.115.36 - - [14/Jul/2026:03:44:18 +0800] "POST /wp-cron.php?doing_wp_cron=1783971858.8019039630889892578125 HTTP/1.1" 200 31 "-" "WordPress/7.0; http://cqqizhou.com"
31.59.160.12 - - [14/Jul/2026:03:44:19 +0800] "POST / HTTP/1.1" 200 35072 "-" "Mozilla/5.0 (Windows NT 10.0; Win64; x64) AppleWebKit/537.36 (KHTML, like Gecko) Chrome/60.0.3112.113 Safari/537.36 Assetnote/1.0.0"
31.59.160.12 - - [14/Jul/2026:03:44:20 +0800] "HEAD / HTTP/1.1" 200 0 "-" "Go-http-client/1.1"
47.82.14.114 - - [14/Jul/2026:03:51:29 +0800] "GET /news/2354 HTTP/1.1" 200 25007 "-" "Mozilla/5.0 (Macintosh; Intel Mac OS X 10_15_7) AppleWebKit/537.36 (KHTML, like Gecko) Chrome/139.0.0.0 Safari/537.36"
114.119.135.202 - - [14/Jul/2026:03:59:01 +0800] "GET /wp-content/uploads/2025/08/1755826390-DSC01765.webp HTTP/1.1" 200 71514 "http://cqqizhou.com/company-news/page/3" "Mozilla/5.0 (Linux; Android 7.0;) AppleWebKit/537.36 (HTML, like Gecko) Mobile Safari/537.36 (compatible; PetalBot;+https://webmaster.petalsearch.com/site/petalbot)"
116.179.32.213 - - [14/Jul/2026:04:04:41 +0800] "GET /news/2162 HTTP/1.1" 200 25836 "-" "Mozilla/5.0 (compatible; Baiduspider/2.0; +http://www.baidu.com/search/spider.html)"
121.225.27.84 - - [14/Jul/2026:04:51:12 +0800] "GET /news/2572 HTTP/1.1" 200 20272 "-" "Mozilla/5.0 (Macintosh; Intel Mac OS X 10_15_7) AppleWebKit/537.36 (KHTML, like Gecko) Chrome/145.0.0.0 Safari/537.36"
120.226.188.73 - - [14/Jul/2026:05:02:27 +0800] "GET / HTTP/1.1" 200 35514 "http://cqqizhou.com/" "Mozilla/5.0 (Windows NT 10.0; Win64; x64) AppleWebKit/537.36 (KHTML, like Gecko) Chrome/125.0.0.0 Safari/537.36 Edg/125.0.0.0"
120.226.188.73 - - [14/Jul/2026:05:02:27 +0800] "GET /news/2582 HTTP/1.1" 200 20456 "http://cqqizhou.com/" "Mozilla/5.0 (Windows NT 10.0; Win64; x64; rv:126.0) Gecko/20100101 Firefox/126.0"
36.133.115.36 - - [14/Jul/2026:05:08:05 +0800] "POST /wp-cron.php?doing_wp_cron=1783976885.7527310848236083984375 HTTP/1.1" 200 31 "-" "WordPress/7.0; http://cqqizhou.com"
43.157.150.69 - - [14/Jul/2026:05:08:05 +0800] "GET / HTTP/1.1" 200 35070 "-" "Mozilla/5.0 (iPhone; CPU iPhone OS 13_2_3 like Mac OS X) AppleWebKit/605.1.15 (KHTML, like Gecko) Version/13.0.3 Mobile/15E148 Safari/604.1"
198.244.183.27 - - [14/Jul/2026:05:09:13 +0800] "GET /news/portfolio-category/dual-phase-steel HTTP/1.1" 200 21576 "-" "Mozilla/5.0 (compatible; AhrefsBot/7.0; +http://ahrefs.com/robot/)"
36.133.115.36 - - [14/Jul/2026:05:12:51 +0800] "POST /wp-cron.php?doing_wp_cron=1783977171.6087079048156738281250 HTTP/1.1" 200 31 "-" "WordPress/7.0; http://cqqizhou.com"
124.156.157.91 - - [14/Jul/2026:05:12:51 +0800] "GET / HTTP/1.1" 200 35071 "-" "Mozilla/5.0 (iPhone; CPU iPhone OS 13_2_3 like Mac OS X) AppleWebKit/605.1.15 (KHTML, like Gecko) Version/13.0.3 Mobile/15E148 Safari/604.1"
36.133.115.36 - - [14/Jul/2026:05:14:13 +0800] "POST /wp-cron.php?doing_wp_cron=1783977253.2035551071166992187500 HTTP/1.1" 200 31 "-" "WordPress/7.0; http://cqqizhou.com"
34.24.182.215 - - [14/Jul/2026:05:14:13 +0800] "HEAD /wp/ HTTP/1.1" 404 0 "-" "Mozilla/5.0 (X11; Linux x86_64) AppleWebKit/537.36 (KHTML, like Gecko) Chrome/125.0.6422.76 Safari/537.36"
34.24.182.215 - - [14/Jul/2026:05:14:14 +0800] "HEAD /wordpress/ HTTP/1.1" 404 0 "-" "Mozilla/5.0 (Linux; Android 14; SM-A146P) AppleWebKit/537.36 (KHTML, like Gecko) SamsungBrowser/25.0 Chrome/123.0.6312.120 Mobile Safari/537.36"
34.24.182.215 - - [14/Jul/2026:05:14:15 +0800] "HEAD /new/ HTTP/1.1" 301 0 "-" "Mozilla/5.0 (iPhone; CPU iPhone OS 16_7 like Mac OS X) AppleWebKit/605.1.15 (KHTML, like Gecko) Version/16.7 Mobile/15E148 Safari/604.1"
34.24.182.215 - - [14/Jul/2026:05:14:16 +0800] "HEAD /news HTTP/1.1" 200 0 "http://cqqizhou.com/new/" "Mozilla/5.0 (iPhone; CPU iPhone OS 16_7 like Mac OS X) AppleWebKit/605.1.15 (KHTML, like Gecko) Version/16.7 Mobile/15E148 Safari/604.1"
34.24.182.215 - - [14/Jul/2026:05:14:17 +0800] "HEAD /old/ HTTP/1.1" 404 0 "-" "Mozilla/5.0 (X11; Fedora; Linux x86_64; rv:125.0) Gecko/20100101 Firefox/125.0"
34.24.182.215 - - [14/Jul/2026:05:14:18 +0800] "HEAD /backup/ HTTP/1.1" 404 0 "-" "Mozilla/5.0 (iPhone; CPU iPhone OS 17_5 like Mac OS X) AppleWebKit/605.1.15 (KHTML, like Gecko) Version/17.5 Mobile/15E148 Safari/604.1"
34.24.182.215 - - [14/Jul/2026:05:14:19 +0800] "HEAD /blog/ HTTP/1.1" 404 0 "-" "Mozilla/5.0 (Linux; Android 14; OnePlus 12) AppleWebKit/537.36 (KHTML, like Gecko) Chrome/125.0.6422.102 Mobile Safari/537.36"
34.24.182.215 - - [14/Jul/2026:05:14:20 +0800] "HEAD / HTTP/1.1" 200 0 "-" "Mozilla/5.0 (Linux; Android 13; Infinix X688B) AppleWebKit/537.36 (KHTML, like Gecko) Chrome/124.0.6367.48 Mobile Safari/537.36"
36.133.115.36 - - [14/Jul/2026:05:19:36 +0800] "POST /wp-cron.php?doing_wp_cron=1783977576.4427280426025390625000 HTTP/1.1" 200 31 "-" "WordPress/7.0; http://cqqizhou.com"
27.21.26.20 - - [14/Jul/2026:05:19:36 +0800] "GET / HTTP/1.1" 301 5 "-" "Mozilla/5.0 (Windows NT 7.2; Win64; x64) AppleWebKit/537.36 (KHTML, like Gecko) Chrome/71.0.2309.88 Safari/537.36"
27.21.26.20 - - [14/Jul/2026:05:19:36 +0800] "GET / HTTP/1.1" 200 35514 "-" "Mozilla/5.0 (Windows NT 7.2; Win64; x64) AppleWebKit/537.36 (KHTML, like Gecko) Chrome/71.0.2309.88 Safari/537.36"
27.21.26.20 - - [14/Jul/2026:05:19:37 +0800] "GET /contacts/ HTTP/1.1" 301 5 "-" "Mozilla/5.0 (Windows NT 10.6; Win64; x64) AppleWebKit/537.36 (KHTML, like Gecko) Chrome/71.0.2858.88 Safari/537.36"
27.21.26.20 - - [14/Jul/2026:05:19:37 +0800] "GET /contacts HTTP/1.1" 200 22272 "-" "Mozilla/5.0 (Windows NT 10.6; Win64; x64) AppleWebKit/537.36 (KHTML, like Gecko) Chrome/71.0.2858.88 Safari/537.36"
27.21.26.20 - - [14/Jul/2026:05:19:37 +0800] "GET /contacts HTTP/1.1" 200 22272 "-" "Mozilla/5.0 (Windows NT 8.6; Win64; x64) AppleWebKit/537.36 (KHTML, like Gecko) Chrome/77.0.2674.88 Safari/537.36"
36.133.115.36 - - [14/Jul/2026:05:21:31 +0800] "POST /wp-cron.php?doing_wp_cron=1783977691.7273039817810058593750 HTTP/1.1" 200 31 "-" "WordPress/7.0; http://cqqizhou.com"
27.124.44.163 - - [14/Jul/2026:05:21:31 +0800] "GET /cqqizhou.rar HTTP/1.1" 404 9498 "-" "Python/3.14 aiohttp/3.13.5"
27.124.44.163 - - [14/Jul/2026:05:21:31 +0800] "GET /cqqizhoucom.rar HTTP/1.1" 404 9498 "-" "Python/3.14 aiohttp/3.13.5"
27.124.44.163 - - [14/Jul/2026:05:21:32 +0800] "GET /wwwroot.tar.gz HTTP/1.1" 404 9499 "-" "Python/3.14 aiohttp/3.13.5"
27.124.44.163 - - [14/Jul/2026:05:21:32 +0800] "GET /web.zip HTTP/1.1" 404 9499 "-" "Python/3.14 aiohttp/3.13.5"
27.124.44.163 - - [14/Jul/2026:05:21:32 +0800] "GET /web.rar HTTP/1.1" 404 9499 "-" "Python/3.14 aiohttp/3.13.5"
27.124.44.163 - - [14/Jul/2026:05:21:32 +0800] "GET /cqqizhoucom.zip HTTP/1.1" 404 9499 "-" "Python/3.14 aiohttp/3.13.5"
27.124.44.163 - - [14/Jul/2026:05:21:32 +0800] "GET /cqqizhoucom.tar.gz HTTP/1.1" 404 9499 "-" "Python/3.14 aiohttp/3.13.5"
27.124.44.163 - - [14/Jul/2026:05:21:32 +0800] "GET /cqqizhou.com.tar.gz HTTP/1.1" 404 9499 "-" "Python/3.14 aiohttp/3.13.5"
27.124.44.163 - - [14/Jul/2026:05:21:32 +0800] "GET /wwwroot.rar HTTP/1.1" 404 9499 "-" "Python/3.14 aiohttp/3.13.5"
27.124.44.163 - - [14/Jul/2026:05:21:32 +0800] "GET /cqqizhou.tar.gz HTTP/1.1" 404 9499 "-" "Python/3.14 aiohttp/3.13.5"
27.124.44.163 - - [14/Jul/2026:05:21:32 +0800] "GET /1.tar.gz HTTP/1.1" 404 9499 "-" "Python/3.14 aiohttp/3.13.5"
27.124.44.163 - - [14/Jul/2026:05:21:32 +0800] "GET /1.zip HTTP/1.1" 404 9499 "-" "Python/3.14 aiohttp/3.13.5"
27.124.44.163 - - [14/Jul/2026:05:21:32 +0800] "GET /123.tar.gz HTTP/1.1" 404 9499 "-" "Python/3.14 aiohttp/3.13.5"
27.124.44.163 - - [14/Jul/2026:05:21:32 +0800] "GET /1.rar HTTP/1.1" 404 9499 "-" "Python/3.14 aiohttp/3.13.5"
27.124.44.163 - - [14/Jul/2026:05:21:32 +0800] "GET /web.tar.gz HTTP/1.1" 404 9499 "-" "Python/3.14 aiohttp/3.13.5"
27.124.44.163 - - [14/Jul/2026:05:21:32 +0800] "GET /cqqizhou.com.zip HTTP/1.1" 404 9499 "-" "Python/3.14 aiohttp/3.13.5"
27.124.44.163 - - [14/Jul/2026:05:21:32 +0800] "GET /123.rar HTTP/1.1" 404 9499 "-" "Python/3.14 aiohttp/3.13.5"
27.124.44.163 - - [14/Jul/2026:05:21:32 +0800] "GET /123.zip HTTP/1.1" 404 9499 "-" "Python/3.14 aiohttp/3.13.5"
27.124.44.163 - - [14/Jul/2026:05:21:32 +0800] "GET /wwwroot.zip HTTP/1.1" 404 9499 "-" "Python/3.14 aiohttp/3.13.5"
27.124.44.163 - - [14/Jul/2026:05:21:32 +0800] "GET /cqqizhou.zip HTTP/1.1" 404 9499 "-" "Python/3.14 aiohttp/3.13.5"
27.124.44.163 - - [14/Jul/2026:05:21:33 +0800] "GET /cqqizhou.com.rar HTTP/1.1" 404 9499 "-" "Python/3.14 aiohttp/3.13.5"
114.119.149.89 - - [14/Jul/2026:05:21:58 +0800] "GET /robots.txt HTTP/1.1" 200 190 "http://cqqizhou.com/robots.txt" "Mozilla/5.0 (compatible;PetalBot;+https://webmaster.petalsearch.com/site/petalbot)"
36.133.115.36 - - [14/Jul/2026:05:23:24 +0800] "POST /wp-cron.php?doing_wp_cron=1783977804.1535739898681640625000 HTTP/1.1" 200 31 "-" "WordPress/7.0; http://cqqizhou.com"
159.223.153.59 - - [14/Jul/2026:05:23:24 +0800] "GET / HTTP/1.1" 301 5 "-" "Mozilla/5.0 (Windows NT 10.0; Win64; x64; rv:149.0) Gecko/20100101 Firefox/149.0"
36.133.115.36 - - [14/Jul/2026:05:26:02 +0800] "POST /wp-cron.php?doing_wp_cron=1783977962.4737279415130615234375 HTTP/1.1" 200 31 "-" "WordPress/7.0; http://cqqizhou.com"
209.97.142.171 - - [14/Jul/2026:05:26:02 +0800] "GET / HTTP/1.1" 301 5 "-" "Mozilla/5.0 (Windows NT 10.0; Win64; x64; rv:149.0) Gecko/20100101 Firefox/149.0"
36.133.115.36 - - [14/Jul/2026:05:27:28 +0800] "POST /wp-cron.php?doing_wp_cron=1783978048.1930730342864990234375 HTTP/1.1" 200 31 "-" "WordPress/7.0; http://cqqizhou.com"
114.119.148.191 - - [14/Jul/2026:05:27:28 +0800] "GET /wp-sitemap.xml HTTP/1.1" 501 253 "-" "Mozilla/5.0 (Linux; Android 7.0;) AppleWebKit/537.36 (KHTML, like Gecko) Mobile Safari/537.36 (compatible; PetalBot;+https://webmaster.petalsearch.com/site/petalbot)"
114.119.149.89 - - [14/Jul/2026:05:27:48 +0800] "GET /news/2165 HTTP/1.1" 200 23639 "http://cqqizhou.com/company-news/page/3" "Mozilla/5.0 (Linux; Android 7.0;) AppleWebKit/537.36 (HTML, like Gecko) Mobile Safari/537.36 (compatible; PetalBot;+https://webmaster.petalsearch.com/site/petalbot)"
36.133.115.36 - - [14/Jul/2026:05:28:14 +0800] "POST /wp-cron.php?doing_wp_cron=1783978094.7293779850006103515625 HTTP/1.1" 200 31 "-" "WordPress/7.0; http://cqqizhou.com"
106.75.98.244 - - [14/Jul/2026:05:28:14 +0800] "GET / HTTP/1.1" 301 5 "-" "Mozilla/5.0 (Windows NT 7_2; Win64; x64) AppleWebKit/599.49 (KHTML, like Gecko) Chrome/50.0.1387 Safari/537.36"
106.75.98.244 - - [14/Jul/2026:05:28:16 +0800] "GET /sitemap.xml HTTP/1.1" 200 673 "-" "Go-http-client/1.1"
106.75.98.244 - - [14/Jul/2026:05:28:16 +0800] "GET /robots.txt HTTP/1.1" 200 190 "-" "Go-http-client/1.1"
106.75.98.244 - - [14/Jul/2026:05:28:16 +0800] "GET / HTTP/1.1" 200 35514 "-" "Mozilla/5.0 (X11; Linux x86_64) AppleWebKit/590.50 (KHTML, like Gecko) Chrome/92.0.38 Safari/537.36"
106.75.98.244 - - [14/Jul/2026:05:28:20 +0800] "GET /robots.txt HTTP/1.1" 200 190 "-" "Go-http-client/1.1"
106.75.98.244 - - [14/Jul/2026:05:28:20 +0800] "GET /sitemap.xml HTTP/1.1" 200 673 "-" "Go-http-client/1.1"
36.133.115.36 - - [14/Jul/2026:05:38:13 +0800] "POST /wp-cron.php?doing_wp_cron=1783978693.6544589996337890625000 HTTP/1.1" 200 31 "-" "WordPress/7.0; http://cqqizhou.com"
36.133.108.119 - - [14/Jul/2026:05:38:13 +0800] "HEAD /public/.env HTTP/1.1" 404 0 "-" "Mozilla/5.0 (Windows NT 6.1) AppleWebKit/537.36 (KHTML, like Gecko) Chrome/27.0.1453.90 Safari/537.36"
222.218.3.51 - - [14/Jul/2026:05:43:50 +0800] "GET / HTTP/1.1" 200 35514 "-" "Mozilla/5.0 (Windows NT 6.1) AppleWebKit/537.36 (KHTML, like Gecko) Chrome/75.0.3770.90"
36.133.115.36 - - [14/Jul/2026:05:43:50 +0800] "POST /wp-cron.php?doing_wp_cron=1783979030.4541029930114746093750 HTTP/1.1" 200 31 "-" "WordPress/7.0; http://cqqizhou.com"
117.162.221.214 - - [14/Jul/2026:05:43:50 +0800] "GET / HTTP/1.1" 301 5 "-" "Mozilla/5.0 (Windows NT 6.2; Win64; x64) AppleWebKit/537.36 (KHTML, like Gecko) Chrome/75.0.3770.140"
117.162.221.214 - - [14/Jul/2026:05:43:50 +0800] "GET http://cqqizhou.com/ HTTP/1.1" 200 35514 "-" "Mozilla/5.0 (Windows NT 6.2; Win64; x64) AppleWebKit/537.36 (KHTML, like Gecko) Chrome/75.0.3770.140"
36.133.115.36 - - [14/Jul/2026:05:49:41 +0800] "POST /wp-cron.php?doing_wp_cron=1783979381.2013220787048339843750 HTTP/1.1" 200 31 "-" "WordPress/7.0; http://cqqizhou.com"
49.51.36.179 - - [14/Jul/2026:05:49:41 +0800] "GET / HTTP/1.1" 301 5 "-" "Mozilla/5.0 (iPhone; CPU iPhone OS 13_2_3 like Mac OS X) AppleWebKit/605.1.15 (KHTML, like Gecko) Version/13.0.3 Mobile/15E148 Safari/604.1"
49.51.36.179 - - [14/Jul/2026:05:49:43 +0800] "GET / HTTP/1.1" 200 35072 "http://www.cqqizhou.com" "Mozilla/5.0 (iPhone; CPU iPhone OS 13_2_3 like Mac OS X) AppleWebKit/605.1.15 (KHTML, like Gecko) Version/13.0.3 Mobile/15E148 Safari/604.1"
5.145.176.6 - - [14/Jul/2026:05:50:14 +0800] "GET /news/2388 HTTP/1.1" 200 21410 "-" "Mozilla/5.0 (Windows NT 10.0; Win64; x64) AppleWebKit/537.36 (KHTML, like Gecko) Chrome/149.0.0.0 Safari/537.36 Edg/149.0.0.0"
36.133.115.36 - - [14/Jul/2026:05:53:07 +0800] "POST /wp-cron.php?doing_wp_cron=1783979587.3022360801696777343750 HTTP/1.1" 200 31 "-" "WordPress/7.0; http://cqqizhou.com"
114.119.135.202 - - [14/Jul/2026:05:53:07 +0800] "GET /news/portfolio/%e5%86%b7%e8%bd%a7%e5%8d%b7 HTTP/1.1" 200 19344 "http://cqqizhou.com/news/portfolio-tag/ansteel-thyssen" "Mozilla/5.0 (Linux; Android 7.0;) AppleWebKit/537.36 (HTML, like Gecko) Mobile Safari/537.36 (compatible; PetalBot;+https://webmaster.petalsearch.com/site/petalbot)"
119.84.246.117 - - [14/Jul/2026:05:53:16 +0800] "GET / HTTP/1.1" 301 5 "-" "-"
119.84.246.117 - - [14/Jul/2026:05:53:16 +0800] "GET / HTTP/1.1" 200 159688 "-" "-"
119.84.246.117 - - [14/Jul/2026:05:53:18 +0800] "GET / HTTP/1.1" 301 5 "-" "Mozilla/5.0 (Windows NT 6.1; WOW64) AppleWebKit/537.1 (KHTML, like Gecko) Chrome/21.0.1180.89 Safari/537.1"
119.84.246.117 - - [14/Jul/2026:05:53:19 +0800] "GET / HTTP/1.1" 200 35514 "-" "Mozilla/5.0 (Windows NT 6.1; WOW64) AppleWebKit/537.1 (KHTML, like Gecko) Chrome/21.0.1180.89 Safari/537.1"
119.84.246.117 - - [14/Jul/2026:05:53:19 +0800] "GET /wp-content/uploads/2025/07/1751425283-qizhou.kf_.qq_.com_.webp HTTP/1.1" 200 16864 "http://cqqizhou.com/" "Mozilla/5.0 (Windows NT 6.1; WOW64) AppleWebKit/537.1 (KHTML, like Gecko) Chrome/21.0.1180.89 Safari/537.1"
119.84.246.117 - - [14/Jul/2026:05:53:19 +0800] "GET /wp-content/uploads/2025/07/1753456723-%E5%8F%8C%E7%9B%B8%E9%92%A2roduct_Single600.webp HTTP/1.1" 200 22790 "http://cqqizhou.com/" "Mozilla/5.0 (Windows NT 6.1; WOW64) AppleWebKit/537.1 (KHTML, like Gecko) Chrome/21.0.1180.89 Safari/537.1"
119.84.246.117 - - [14/Jul/2026:05:53:19 +0800] "GET /wp-content/uploads/2025/07/1753453096-%E5%8F%8C%E7%9B%B8%E9%92%A2product_Single600%C3%97284.webp HTTP/1.1" 200 14562 "http://cqqizhou.com/" "Mozilla/5.0 (Windows NT 6.1; WOW64) AppleWebKit/537.1 (KHTML, like Gecko) Chrome/21.0.1180.89 Safari/537.1"
119.84.246.117 - - [14/Jul/2026:05:53:19 +0800] "GET /wp-content/uploads/2025/07/1753456770-%E7%83%AD%E9%95%80%E9%94%8C%E5%8D%B7product_Single600.webp HTTP/1.1" 200 27502 "http://cqqizhou.com/" "Mozilla/5.0 (Windows NT 6.1; WOW64) AppleWebKit/537.1 (KHTML, like Gecko) Chrome/21.0.1180.89 Safari/537.1"
119.84.246.117 - - [14/Jul/2026:05:53:19 +0800] "GET /wp-content/uploads/2026/06/1782392245-Article_images_W900px.webp HTTP/1.1" 200 62046 "http://cqqizhou.com/" "Mozilla/5.0 (Windows NT 6.1; WOW64) AppleWebKit/537.1 (KHTML, like Gecko) Chrome/21.0.1180.89 Safari/537.1"
119.84.246.117 - - [14/Jul/2026:05:53:19 +0800] "GET /wp-content/uploads/2026/06/1782708718-1Article_images_W900px.webp HTTP/1.1" 200 54948 "http://cqqizhou.com/" "Mozilla/5.0 (Windows NT 6.1; WOW64) AppleWebKit/537.1 (KHTML, like Gecko) Chrome/21.0.1180.89 Safari/537.1"
119.84.246.117 - - [14/Jul/2026:05:53:19 +0800] "GET /wp-content/uploads/2025/07/1753453127-%E4%BD%99%E5%8D%B7product_Single600%C3%97284.webp HTTP/1.1" 200 18744 "http://cqqizhou.com/" "Mozilla/5.0 (Windows NT 6.1; WOW64) AppleWebKit/537.1 (KHTML, like Gecko) Chrome/21.0.1180.89 Safari/537.1"
119.84.246.117 - - [14/Jul/2026:05:53:19 +0800] "GET /wp-content/uploads/2026/06/1781880807-Article_images_W900px.webp HTTP/1.1" 200 25354 "http://cqqizhou.com/" "Mozilla/5.0 (Windows NT 6.1; WOW64) AppleWebKit/537.1 (KHTML, like Gecko) Chrome/21.0.1180.89 Safari/537.1"
119.84.246.117 - - [14/Jul/2026:05:53:19 +0800] "GET /wp-content/uploads/2026/06/1782182572-Article_images_W900px.webp HTTP/1.1" 200 24314 "http://cqqizhou.com/" "Mozilla/5.0 (Windows NT 6.1; WOW64) AppleWebKit/537.1 (KHTML, like Gecko) Chrome/21.0.1180.89 Safari/537.1"
119.84.246.117 - - [14/Jul/2026:05:53:19 +0800] "GET /wp-content/uploads/2026/06/1780363378-1Article_images_W900px.webp HTTP/1.1" 200 62100 "http://cqqizhou.com/" "Mozilla/5.0 (Windows NT 6.1; WOW64) AppleWebKit/537.1 (KHTML, like Gecko) Chrome/21.0.1180.89 Safari/537.1"
186.87.28.146 - - [14/Jul/2026:06:01:37 +0800] "GET /wp-content/uploads/media/qizhou_Brochure.webp HTTP/1.1" 200 26142 "-" "Mozilla/5.0 (Macintosh; Intel Mac OS X 10_15_7) AppleWebKit/537.36 (KHTML, like Gecko) Chrome/143.0.0.0 Safari/537.36"
36.133.115.36 - - [14/Jul/2026:06:10:56 +0800] "POST /wp-cron.php?doing_wp_cron=1783980656.7343881130218505859375 HTTP/1.1" 200 31 "-" "WordPress/7.0; http://cqqizhou.com"
36.133.24.244 - - [14/Jul/2026:06:10:56 +0800] "GET //xmlrpc.php HTTP/1.1" 405 53 "-" "Mozilla/5.0 (Linux; Android 10; SM-G981B) AppleWebKit/537.36 (KHTML, like Gecko) Chrome/80.0.3987.162 Mobile Safari/537.36"
36.133.108.125 - - [14/Jul/2026:06:24:55 +0800] "HEAD /phpmyadmin/index.php HTTP/1.1" 404 0 "-" "Mozilla/5.0 (Macintosh; U; Intel Mac OS X 10_6_7; da-dk) AppleWebKit/533.21.1 (KHTML, like Gecko) Version/5.0.5 Safari/533.21.1"
114.119.140.169 - - [14/Jul/2026:06:30:56 +0800] "GET /wp-content/uploads/2026/01/1767691466-Article_images_W900%C3%97500px202601061.webp HTTP/1.1" 200 56014 "http://cqqizhou.com/work-safety/page/2" "Mozilla/5.0 (Linux; Android 7.0;) AppleWebKit/537.36 (HTML, like Gecko) Mobile Safari/537.36 (compatible; PetalBot;+https://webmaster.petalsearch.com/site/petalbot)"
36.133.115.36 - - [14/Jul/2026:06:33:25 +0800] "POST /wp-cron.php?doing_wp_cron=1783982005.7100510597229003906250 HTTP/1.1" 200 31 "-" "WordPress/7.0; http://cqqizhou.com"
170.106.110.146 - - [14/Jul/2026:06:33:25 +0800] "GET / HTTP/1.1" 301 5 "-" "Mozilla/5.0 (iPhone; CPU iPhone OS 13_2_3 like Mac OS X) AppleWebKit/605.1.15 (KHTML, like Gecko) Version/13.0.3 Mobile/15E148 Safari/604.1"
170.106.110.146 - - [14/Jul/2026:06:33:27 +0800] "GET / HTTP/1.1" 200 35072 "http://36.133.115.36" "Mozilla/5.0 (iPhone; CPU iPhone OS 13_2_3 like Mac OS X) AppleWebKit/605.1.15 (KHTML, like Gecko) Version/13.0.3 Mobile/15E148 Safari/604.1"
36.133.108.119 - - [14/Jul/2026:06:44:57 +0800] "HEAD /pmd/index.php HTTP/1.1" 404 0 "-" "Mozilla/5.0 (Windows NT 6.1) AppleWebKit/537.36 (KHTML, like Gecko) Chrome/27.0.1453.90 Safari/537.36"
36.133.115.36 - - [14/Jul/2026:06:58:29 +0800] "POST /wp-cron.php?doing_wp_cron=1783983509.4985001087188720703125 HTTP/1.1" 200 31 "-" "WordPress/7.0; http://cqqizhou.com"
43.138.68.113 - - [14/Jul/2026:06:58:29 +0800] "GET / HTTP/1.1" 200 35072 "-" "Mozilla/5.0 (iPhone; CPU iPhone OS 13_2_3 like Mac OS X) AppleWebKit/605.1.15 (KHTML, like Gecko) Version/13.0.3 Mobile/15E148 Safari/604.1"
114.119.149.89 - - [14/Jul/2026:07:00:26 +0800] "GET /wp-content/uploads/2025/12/1765862012-DSC20251216131140.webp HTTP/1.1" 200 78744 "http://cqqizhou.com/news/2354" "Mozilla/5.0 (Linux; Android 7.0;) AppleWebKit/537.36 (HTML, like Gecko) Mobile Safari/537.36 (compatible; PetalBot;+https://webmaster.petalsearch.com/site/petalbot)"
114.119.144.41 - - [14/Jul/2026:07:01:52 +0800] "GET /wp-content/uploads/2025/08/1755826456-DSC01841.webp HTTP/1.1" 200 87046 "http://cqqizhou.com/news/2215" "Mozilla/5.0 (Linux; Android 7.0;) AppleWebKit/537.36 (HTML, like Gecko) Mobile Safari/537.36 (compatible; PetalBot;+https://webmaster.petalsearch.com/site/petalbot)"
36.133.115.36 - - [14/Jul/2026:07:03:18 +0800] "POST /wp-cron.php?doing_wp_cron=1783983798.8573219776153564453125 HTTP/1.1" 200 31 "-" "WordPress/7.0; http://cqqizhou.com"
114.119.149.89 - - [14/Jul/2026:07:03:18 +0800] "GET /news/2534 HTTP/1.1" 200 20819 "http://cqqizhou.com/company-news/page/1" "Mozilla/5.0 (Linux; Android 7.0;) AppleWebKit/537.36 (HTML, like Gecko) Mobile Safari/537.36 (compatible; PetalBot;+https://webmaster.petalsearch.com/site/petalbot)"
36.133.115.36 - - [14/Jul/2026:07:04:44 +0800] "POST /wp-cron.php?doing_wp_cron=1783983884.6106569766998291015625 HTTP/1.1" 200 31 "-" "WordPress/7.0; http://cqqizhou.com"
114.119.144.41 - - [14/Jul/2026:07:04:44 +0800] "GET /news/2153 HTTP/1.1" 200 20996 "http://cqqizhou.com/industry/" "Mozilla/5.0 (Linux; Android 7.0;) AppleWebKit/537.36 (HTML, like Gecko) Mobile Safari/537.36 (compatible; PetalBot;+https://webmaster.petalsearch.com/site/petalbot)"
36.133.115.36 - - [14/Jul/2026:07:08:42 +0800] "POST /wp-cron.php?doing_wp_cron=1783984122.0945050716400146484375 HTTP/1.1" 200 31 "-" "WordPress/7.0; http://cqqizhou.com"
