205.169.39.16 - - [06/Jul/2026:11:31:05 +0800] "GET /wp-content/uploads/2026/01/1768276119-qizhoujiagong_Slider_3840%C3%972160_20260113-scaled-50x100.webp HTTP/1.1" 200 976 "http://cqqizhou.com/" "Mozilla/5.0 (X11; Linux x86_64) AppleWebKit/537.36 (KHTML, like Gecko) HeadlessChrome/127.0.6533.119 Safari/537.36"
205.169.39.16 - - [06/Jul/2026:11:31:05 +0800] "GET /wp-content/uploads/revslider/slider-1/1750861156-logistics_Slider_3840%C3%972160_20250625191356-scaled-50x100.webp HTTP/1.1" 200 1416 "http://cqqizhou.com/" "Mozilla/5.0 (X11; Linux x86_64) AppleWebKit/537.36 (KHTML, like Gecko) HeadlessChrome/127.0.6533.119 Safari/537.36"
205.169.39.16 - - [06/Jul/2026:11:31:06 +0800] "GET /wp-json/sliderrevolution/sliders/1?srengine=7&slideid=2 HTTP/1.1" 200 2000 "http://cqqizhou.com/" "Mozilla/5.0 (X11; Linux x86_64) AppleWebKit/537.36 (KHTML, like Gecko) HeadlessChrome/127.0.6533.119 Safari/537.36"
36.133.115.36 - - [06/Jul/2026:11:31:06 +0800] "POST /wp-cron.php?doing_wp_cron=1783308666.1107230186462402343750 HTTP/1.1" 200 31 "-" "WordPress/7.0; http://cqqizhou.com"
205.169.39.16 - - [06/Jul/2026:11:31:06 +0800] "GET /wp-json/sliderrevolution/sliders/1?srengine=7&slideid=4 HTTP/1.1" 200 2580 "http://cqqizhou.com/" "Mozilla/5.0 (X11; Linux x86_64) AppleWebKit/537.36 (KHTML, like Gecko) HeadlessChrome/127.0.6533.119 Safari/537.36"
205.169.39.16 - - [06/Jul/2026:11:31:06 +0800] "GET /wp-content/uploads/2026/01/1768276119-qizhoujiagong_Slider_3840%C3%972160_20260113-scaled.webp HTTP/1.1" 200 131696 "http://cqqizhou.com/" "Mozilla/5.0 (X11; Linux x86_64) AppleWebKit/537.36 (KHTML, like Gecko) HeadlessChrome/127.0.6533.119 Safari/537.36"
205.169.39.16 - - [06/Jul/2026:11:31:07 +0800] "GET /wp-content/uploads/revslider/slider-1/1750861156-logistics_Slider_3840%C3%972160_20250625191356-scaled.webp HTTP/1.1" 200 197360 "http://cqqizhou.com/" "Mozilla/5.0 (X11; Linux x86_64) AppleWebKit/537.36 (KHTML, like Gecko) HeadlessChrome/127.0.6533.119 Safari/537.36"
36.133.115.36 - - [06/Jul/2026:11:37:42 +0800] "POST /wp-cron.php?doing_wp_cron=1783309062.8384580612182617187500 HTTP/1.1" 200 31 "-" "WordPress/7.0; http://cqqizhou.com"
111.225.149.137 - - [06/Jul/2026:11:37:42 +0800] "GET /news/2440 HTTP/1.1" 200 22252 "-" "Mozilla/5.0 (Linux; Android 5.0) AppleWebKit/537.36 (KHTML, like Gecko) Mobile Safari/537.36 (compatible; Bytespider; https://zhanzhang.toutiao.com/)"
111.225.149.137 - - [06/Jul/2026:11:37:43 +0800] "GET /wp-content/uploads/2026/01/1768527484-Article_images_W900%C3%97500px202601162-768x427.webp HTTP/1.1" 206 500 "http://cqqizhou.com/news/2440" "Mozilla/5.0 (Linux; Android 5.0) AppleWebKit/537.36 (KHTML, like Gecko) Mobile Safari/537.36 (compatible; Bytespider; https://zhanzhang.toutiao.com/)"
111.225.149.24 - - [06/Jul/2026:11:37:43 +0800] "GET /wp-content/uploads/2026/01/1768527483-Article_images_W900%C3%97500px202601161-768x427.webp HTTP/1.1" 206 500 "http://cqqizhou.com/news/2440" "Mozilla/5.0 (Linux; Android 5.0) AppleWebKit/537.36 (KHTML, like Gecko) Mobile Safari/537.36 (compatible; Bytespider; https://zhanzhang.toutiao.com/)"
111.225.149.4 - - [06/Jul/2026:11:37:43 +0800] "GET /wp-content/uploads/2026/01/1768527484-Article_images_W900%C3%97500px202601163-768x427.webp HTTP/1.1" 206 500 "http://cqqizhou.com/news/2440" "Mozilla/5.0 (Linux; Android 5.0) AppleWebKit/537.36 (KHTML, like Gecko) Mobile Safari/537.36 (compatible; Bytespider; https://zhanzhang.toutiao.com/)"
111.225.149.59 - - [06/Jul/2026:11:37:43 +0800] "GET /wp-content/uploads/2026/06/1780362799-1Article_images_W900px-768x432.webp HTTP/1.1" 206 500 "http://cqqizhou.com/news/2440" "Mozilla/5.0 (Linux; Android 5.0) AppleWebKit/537.36 (KHTML, like Gecko) Mobile Safari/537.36 (compatible; Bytespider; https://zhanzhang.toutiao.com/)"
111.225.149.160 - - [06/Jul/2026:11:37:43 +0800] "GET /wp-content/uploads/2026/05/1779957408-1Article_images_W900px-768x432.webp HTTP/1.1" 206 500 "http://cqqizhou.com/news/2440" "Mozilla/5.0 (Linux; Android 5.0) AppleWebKit/537.36 (KHTML, like Gecko) Mobile Safari/537.36 (compatible; Bytespider; https://zhanzhang.toutiao.com/)"
111.225.149.160 - - [06/Jul/2026:11:37:43 +0800] "GET /wp-content/uploads/2025/07/1751425283-qizhou.kf_.qq_.com_.webp HTTP/1.1" 206 500 "http://cqqizhou.com/news/2440" "Mozilla/5.0 (Linux; Android 5.0) AppleWebKit/537.36 (KHTML, like Gecko) Mobile Safari/537.36 (compatible; Bytespider; https://zhanzhang.toutiao.com/)"
111.225.149.4 - - [06/Jul/2026:11:37:43 +0800] "GET /wp-content/uploads/2026/01/1768527485-Article_images_W900%C3%97500px202601164-768x427.webp HTTP/1.1" 206 500 "http://cqqizhou.com/news/2440" "Mozilla/5.0 (Linux; Android 5.0) AppleWebKit/537.36 (KHTML, like Gecko) Mobile Safari/537.36 (compatible; Bytespider; https://zhanzhang.toutiao.com/)"
111.225.149.59 - - [06/Jul/2026:11:37:43 +0800] "GET /wp-content/uploads/2026/01/1768527486-Article_images_W900%C3%97500px202601165-768x427.webp HTTP/1.1" 206 500 "http://cqqizhou.com/news/2440" "Mozilla/5.0 (Linux; Android 5.0) AppleWebKit/537.36 (KHTML, like Gecko) Mobile Safari/537.36 (compatible; Bytespider; https://zhanzhang.toutiao.com/)"
36.133.115.36 - - [06/Jul/2026:11:44:53 +0800] "POST /wp-cron.php?doing_wp_cron=1783309493.7356100082397460937500 HTTP/1.1" 200 31 "-" "WordPress/7.0; http://cqqizhou.com"
85.208.96.209 - - [06/Jul/2026:11:44:53 +0800] "GET /club/ HTTP/1.1" 301 5 "-" "Mozilla/5.0 (compatible; SemrushBot/7~bl; +http://www.semrush.com/bot.html)"
36.133.115.36 - - [06/Jul/2026:11:48:56 +0800] "POST /wp-cron.php?doing_wp_cron=1783309736.8215019702911376953125 HTTP/1.1" 200 31 "-" "WordPress/7.0; http://cqqizhou.com"
5.61.209.43 - - [06/Jul/2026:11:48:56 +0800] "GET /SDK/webLanguage HTTP/1.1" 301 5 "-" "Mozilla/5.0 (Windows NT 10.0; Win64; x64) AppleWebKit/537.36 (KHTML, like Gecko) Chrome/90.0.4430.85 Safari/537.36 Edg/90.0.818.46"
74.177.109.162 - - [06/Jul/2026:12:03:36 +0800] "GET /about HTTP/1.1" 200 30600 "-" "Mozilla/5.0 (Windows NT 10.0; Win64; x64) AppleWebKit/537.36 (KHTML, like Gecko) Chrome/149.0.0.0 Safari/537.36 Edg/149.0.0.0"
123.145.195.210 - - [06/Jul/2026:12:14:28 +0800] "GET / HTTP/1.1" 301 5 "-" "Mozilla/5.0 (Linux; U; Android 12; zh-CN; V2012A Build/SP1A.210812.003) AppleWebKit/537.36 (KHTML, like Gecko) Version/4.0 Chrome/144.0.7559.86 Quark/10.12.3.1098 Mobile Safari/537.36"
36.133.115.36 - - [06/Jul/2026:12:14:28 +0800] "POST /wp-cron.php?doing_wp_cron=1783311268.4687740802764892578125 HTTP/1.1" 200 31 "-" "WordPress/7.0; http://cqqizhou.com"
111.13.218.211 - - [06/Jul/2026:12:14:28 +0800] "GET / HTTP/1.1" 301 5 "-" "Mozilla/5.0 (Linux; U; Android 12; zh-CN; V2012A Build/SP1A.210812.003) AppleWebKit/537.36 (KHTML, like Gecko) Version/4.0 Chrome/144.0.7559.86 Quark/10.12.3.1098 Mobile Safari/537.36"
123.145.195.210 - - [06/Jul/2026:12:14:29 +0800] "GET / HTTP/1.1" 200 35071 "-" "Mozilla/5.0 (Linux; U; Android 12; zh-CN; V2012A Build/SP1A.210812.003) AppleWebKit/537.36 (KHTML, like Gecko) Version/4.0 Chrome/144.0.7559.86 Quark/10.12.3.1098 Mobile Safari/537.36"
123.145.195.210 - - [06/Jul/2026:12:14:30 +0800] "GET /comments/feed HTTP/1.1" 200 703 "http://cqqizhou.com/" "Mozilla/5.0 (Linux; U; Android 12; zh-CN; V2012A Build/SP1A.210812.003) AppleWebKit/537.36 (KHTML, like Gecko) Version/4.0 Chrome/144.0.7559.86 Quark/10.12.3.1098 Mobile Safari/537.36"
123.145.195.210 - - [06/Jul/2026:12:14:30 +0800] "GET /feed HTTP/1.1" 200 39148 "http://cqqizhou.com/" "Mozilla/5.0 (Linux; U; Android 12; zh-CN; V2012A Build/SP1A.210812.003) AppleWebKit/537.36 (KHTML, like Gecko) Version/4.0 Chrome/144.0.7559.86 Quark/10.12.3.1098 Mobile Safari/537.36"
36.133.115.36 - - [06/Jul/2026:12:41:05 +0800] "POST /wp-cron.php?doing_wp_cron=1783312865.8531880378723144531250 HTTP/1.1" 200 31 "-" "WordPress/7.0; http://cqqizhou.com"
113.219.146.6 - - [06/Jul/2026:12:41:05 +0800] "GET / HTTP/1.1" 301 5 "-" "Mozilla/5.0 (Windows NT 10.0; Win64; x64) AppleWebKit/537.36 (KHTML, like Gecko) Chrome/142.0.0.0 Safari/537.36"
113.219.146.6 - - [06/Jul/2026:12:41:06 +0800] "GET / HTTP/1.1" 200 35514 "-" "Mozilla/5.0 (Windows NT 10.0; Win64; x64) AppleWebKit/537.36 (KHTML, like Gecko) Chrome/142.0.0.0 Safari/537.36"
36.133.115.36 - - [06/Jul/2026:12:41:10 +0800] "POST /wp-cron.php?doing_wp_cron=1783312870.0910210609436035156250 HTTP/1.1" 200 31 "-" "WordPress/7.0; http://cqqizhou.com"
113.219.146.6 - - [06/Jul/2026:12:41:10 +0800] "GET /wp-json/sliderrevolution/sliders/1?srengine=7&slideid=2 HTTP/1.1" 200 2000 "http://cqqizhou.com/" "Mozilla/5.0 (Windows NT 10.0; Win64; x64) AppleWebKit/537.36 (KHTML, like Gecko) Chrome/142.0.0.0 Safari/537.36"
113.219.146.6 - - [06/Jul/2026:12:41:10 +0800] "GET /wp-json/sliderrevolution/sliders/1?srengine=7&slideid=4 HTTP/1.1" 200 2580 "http://cqqizhou.com/" "Mozilla/5.0 (Windows NT 10.0; Win64; x64) AppleWebKit/537.36 (KHTML, like Gecko) Chrome/142.0.0.0 Safari/537.36"
36.133.115.36 - - [06/Jul/2026:12:55:05 +0800] "POST /wp-cron.php?doing_wp_cron=1783313705.8839249610900878906250 HTTP/1.1" 200 31 "-" "WordPress/7.0; http://cqqizhou.com"
223.73.245.210 - - [06/Jul/2026:12:55:05 +0800] "GET /wp-json/oembed/1.0/embed?url=http%3A%2F%2Fcqqizhou.com%2Fnews%2F2603 HTTP/1.1" 200 1266 "-" "Mozilla/5.0 (Windows NT 10.0; Win64; x64) AppleWebKit/537.36 (KHTML, like Gecko) Chrome/142.0.0.0 Safari/537.36"
36.133.115.36 - - [06/Jul/2026:12:55:26 +0800] "POST /wp-cron.php?doing_wp_cron=1783313726.4543330669403076171875 HTTP/1.1" 200 31 "-" "WordPress/7.0; http://cqqizhou.com"
123.138.70.164 - - [06/Jul/2026:12:55:26 +0800] "GET / HTTP/1.1" 200 35071 "https://m.baidu.com/" "Mozilla/5.0 (Linux; Android 16; PTP-AN10 Build/HONORPTP-AN10;) AppleWebKit/537.36 (KHTML, like Gecko) Version/4.0 Chrome/97.0.4692.98 Mobile Safari/537.36 T7/13.38 SP-engine/2.76.0 languageType/0 bdh_dvt/0 bdh_de/0 bdh_ds/0 bdapp/1.0 (bdhonorbrowser; bdhonorbrowser) bdhonorbrowser/9.8.0.3 (P1 16) NABar/1.0"
36.133.115.36 - - [06/Jul/2026:13:03:28 +0800] "POST /wp-cron.php?doing_wp_cron=1783314208.2114100456237792968750 HTTP/1.1" 200 31 "-" "WordPress/7.0; http://cqqizhou.com"
216.180.246.107 - - [06/Jul/2026:13:03:28 +0800] "GET / HTTP/1.0" 301 0 "-" "Mozilla/5.0 (compatible; GenomeCrawlerd/1.0; +https://www.nokia.com/genomecrawler)"
36.133.115.36 - - [06/Jul/2026:13:04:41 +0800] "POST /wp-cron.php?doing_wp_cron=1783314281.0839290618896484375000 HTTP/1.1" 200 31 "-" "WordPress/7.0; http://cqqizhou.com"
216.180.246.107 - - [06/Jul/2026:13:04:41 +0800] "GET / HTTP/1.1" 301 5 "-" "Mozilla/5.0 (compatible; GenomeCrawlerd/1.0; +https://www.nokia.com/genomecrawler)"
216.180.246.107 - - [06/Jul/2026:13:04:45 +0800] "GET / HTTP/1.1" 200 35070 "http://36.133.115.36/" "Mozilla/5.0 (compatible; GenomeCrawlerd/1.0; +https://www.nokia.com/genomecrawler)"
148.113.128.220 - - [06/Jul/2026:13:12:58 +0800] "GET /news/2162 HTTP/1.1" 200 25836 "-" "Mozilla/5.0 (compatible; AhrefsBot/7.0; +http://ahrefs.com/robot/)"
112.48.99.170 - - [06/Jul/2026:13:25:17 +0800] "GET / HTTP/1.1" 200 35514 "-" "Mozilla/5.0 (Windows NT 6.2) AppleWebKit/537.36 (KHTML, like Gecko) Chrome/71.0.3578.80"
36.133.115.36 - - [06/Jul/2026:13:25:23 +0800] "POST /wp-cron.php?doing_wp_cron=1783315523.1610009670257568359375 HTTP/1.1" 200 31 "-" "WordPress/7.0; http://cqqizhou.com"
39.172.174.30 - - [06/Jul/2026:13:25:23 +0800] "GET / HTTP/1.1" 301 5 "-" "Mozilla/5.0 (Windows NT 10.0; WOW64) AppleWebKit/537.36 (KHTML, like Gecko) Chrome/86.0.4240.22"
39.172.174.30 - - [06/Jul/2026:13:25:23 +0800] "GET http://cqqizhou.com/ HTTP/1.1" 200 35514 "-" "Mozilla/5.0 (Windows NT 10.0; WOW64) AppleWebKit/537.36 (KHTML, like Gecko) Chrome/86.0.4240.22"
36.133.115.36 - - [06/Jul/2026:13:48:14 +0800] "POST /wp-cron.php?doing_wp_cron=1783316894.3468210697174072265625 HTTP/1.1" 200 31 "-" "WordPress/7.0; http://cqqizhou.com"
49.232.104.223 - - [06/Jul/2026:13:48:14 +0800] "GET / HTTP/1.1" 301 5 "-" "Mozilla/5.0 (iPhone; CPU iPhone OS 13_2_3 like Mac OS X) AppleWebKit/605.1.15 (KHTML, like Gecko) Version/13.0.3 Mobile/15E148 Safari/604.1"
49.232.104.223 - - [06/Jul/2026:13:48:16 +0800] "GET / HTTP/1.1" 200 35068 "http://www.cqqizhou.com" "Mozilla/5.0 (iPhone; CPU iPhone OS 13_2_3 like Mac OS X) AppleWebKit/605.1.15 (KHTML, like Gecko) Version/13.0.3 Mobile/15E148 Safari/604.1"
36.133.115.36 - - [06/Jul/2026:14:00:38 +0800] "POST /wp-cron.php?doing_wp_cron=1783317638.2499079704284667968750 HTTP/1.1" 200 31 "-" "WordPress/7.0; http://cqqizhou.com"
223.109.252.190 - - [06/Jul/2026:14:00:38 +0800] "GET /robots.txt HTTP/1.1" 200 190 "-" "Sogou web spider/4.0(+http://www.sogou.com/docs/help/webmasters.htm#07)"
36.133.115.36 - - [06/Jul/2026:14:19:48 +0800] "POST /wp-cron.php?doing_wp_cron=1783318788.1942160129547119140625 HTTP/1.1" 200 31 "-" "WordPress/7.0; http://cqqizhou.com"
110.249.202.166 - - [06/Jul/2026:14:19:48 +0800] "GET /robots.txt HTTP/1.1" 200 190 "-" "Mozilla/5.0 (Linux; Android 5.0) AppleWebKit/537.36 (KHTML, like Gecko) Mobile Safari/537.36 (compatible; Bytespider; https://zhanzhang.toutiao.com/)"
36.133.115.36 - - [06/Jul/2026:14:40:06 +0800] "POST /wp-cron.php?doing_wp_cron=1783320006.7233510017395019531250 HTTP/1.1" 200 31 "-" "WordPress/7.0; http://cqqizhou.com"
160.119.71.9 - - [06/Jul/2026:14:40:07 +0800] "GET / HTTP/1.1" 200 109837 "-" "Mozilla/5.0 (X11; Linux x86_64; rv:144.0) Gecko/20100101 Firefox/144.0"
36.133.115.36 - - [06/Jul/2026:14:41:20 +0800] "POST /wp-cron.php?doing_wp_cron=1783320080.7690739631652832031250 HTTP/1.1" 200 31 "-" "WordPress/7.0; http://cqqizhou.com"
47.254.47.156 - - [06/Jul/2026:14:41:20 +0800] "GET / HTTP/1.1" 200 35071 "-" "Mozilla/5.0 (iPhone; CPU iPhone OS 13_2_3 like Mac OS X) AppleWebKit/605.1.15 (KHTML, like Gecko) Version/13.0.3 Mobile/15E148 Safari/604.1"
36.133.115.36 - - [06/Jul/2026:15:00:21 +0800] "POST /wp-cron.php?doing_wp_cron=1783321221.8368968963623046875000 HTTP/1.1" 200 31 "-" "WordPress/7.0; http://cqqizhou.com"
223.150.72.106 - - [06/Jul/2026:15:00:21 +0800] "GET /2418/ HTTP/1.1" 301 5 "-" "Mozilla/5.0 (Windows NT 10.0; Win64; x64) AppleWebKit/537.36 (KHTML, like Gecko) Chrome/131.0.0.0 Safari/537.36"
223.150.72.106 - - [06/Jul/2026:15:00:22 +0800] "GET /news/2418 HTTP/1.1" 200 27850 "http://cqqizhou.com/2418/" "Mozilla/5.0 (Windows NT 10.0; Win64; x64) AppleWebKit/537.36 (KHTML, like Gecko) Chrome/131.0.0.0 Safari/537.36"
36.133.115.36 - - [06/Jul/2026:15:05:20 +0800] "POST /wp-cron.php?doing_wp_cron=1783321520.3131389617919921875000 HTTP/1.1" 200 31 "-" "WordPress/7.0; http://cqqizhou.com"
156.240.9.177 - - [06/Jul/2026:15:05:20 +0800] "GET / HTTP/1.1" 301 5 "-" "Mozilla/5.0 (Windows NT 10.0; Win64; x64; rv:147.0) Gecko/20100101 Firefox/147.0"
156.240.9.177 - - [06/Jul/2026:15:05:21 +0800] "GET / HTTP/1.1" 200 159688 "-" "Mozilla/5.0 (Windows NT 10.0; Win64; x64; rv:147.0) Gecko/20100101 Firefox/147.0"
49.86.32.193 - - [06/Jul/2026:15:08:11 +0800] "GET /company-news HTTP/1.1" 200 26443 "-" "Mozilla/5.0 (Macintosh; Intel Mac OS X 10_15_7) AppleWebKit/537.36 (KHTML, like Gecko) Chrome/147.0.0.0 Safari/537.36"
36.133.115.36 - - [06/Jul/2026:15:08:13 +0800] "POST /wp-cron.php?doing_wp_cron=1783321693.8370099067687988281250 HTTP/1.1" 200 31 "-" "WordPress/7.0; http://cqqizhou.com"
121.207.92.109 - - [06/Jul/2026:15:08:13 +0800] "GET /robots.txt HTTP/1.1" 200 190 "-" "Mozilla/5.0 (Macintosh; Intel Mac OS X 10_13_5) AppleWebKit/537.36 (KHTML, like Gecko) Chrome/69.0.3497.100 Safari/537.36"
121.29.77.13 - - [06/Jul/2026:15:11:38 +0800] "GET /about HTTP/1.1" 200 30600 "-" "Mozilla/5.0 (Windows NT 10.0; Win64; x64) AppleWebKit/537.36 (KHTML, like Gecko) Chrome/109.0.0.0 Safari/537.36"
121.29.77.13 - - [06/Jul/2026:15:11:40 +0800] "GET /wp-content/uploads/2025/07/1750649803-qizhou800x500_2.webp HTTP/1.1" 200 63616 "http://cqqizhou.com/about" "Mozilla/5.0 (Windows NT 10.0; Win64; x64) AppleWebKit/537.36 (KHTML, like Gecko) Chrome/109.0.0.0 Safari/537.36"
121.29.77.13 - - [06/Jul/2026:15:11:41 +0800] "GET /wp-content/uploads/2025/06/1750755307-qizhoucangku2000x400_2025624.webp HTTP/1.1" 200 45470 "http://cqqizhou.com/about" "Mozilla/5.0 (Windows NT 10.0; Win64; x64) AppleWebKit/537.36 (KHTML, like Gecko) Chrome/109.0.0.0 Safari/537.36"
121.29.77.13 - - [06/Jul/2026:15:11:41 +0800] "GET /wp-content/uploads/elementor/thumbs/1751209300-Hello-Qizhou3-r91b71mdtei8mab1rr8x739cnvi1mafuaga3vbed3o.webp HTTP/1.1" 200 39120 "http://cqqizhou.com/about" "Mozilla/5.0 (Windows NT 10.0; Win64; x64) AppleWebKit/537.36 (KHTML, like Gecko) Chrome/109.0.0.0 Safari/537.36"
121.29.77.13 - - [06/Jul/2026:15:11:41 +0800] "GET /wp-content/uploads/2025/07/1750945444-honor300%C3%97206_2.webp HTTP/1.1" 200 71296 "http://cqqizhou.com/about" "Mozilla/5.0 (Windows NT 10.0; Win64; x64) AppleWebKit/537.36 (KHTML, like Gecko) Chrome/109.0.0.0 Safari/537.36"
121.29.77.13 - - [06/Jul/2026:15:11:42 +0800] "GET /wp-content/uploads/2025/07/1750945417-honor300%C3%97206_1.webp HTTP/1.1" 200 57666 "http://cqqizhou.com/about" "Mozilla/5.0 (Windows NT 10.0; Win64; x64) AppleWebKit/537.36 (KHTML, like Gecko) Chrome/109.0.0.0 Safari/537.36"
121.29.77.13 - - [06/Jul/2026:15:11:42 +0800] "GET /wp-content/uploads/2025/07/1750671800-partner1_200x50.webp HTTP/1.1" 200 2244 "http://cqqizhou.com/about" "Mozilla/5.0 (Windows NT 10.0; Win64; x64) AppleWebKit/537.36 (KHTML, like Gecko) Chrome/109.0.0.0 Safari/537.36"
121.29.77.13 - - [06/Jul/2026:15:11:42 +0800] "GET /wp-content/uploads/2025/07/1750671801-partner2_200x50.webp HTTP/1.1" 200 3946 "http://cqqizhou.com/about" "Mozilla/5.0 (Windows NT 10.0; Win64; x64) AppleWebKit/537.36 (KHTML, like Gecko) Chrome/109.0.0.0 Safari/537.36"
121.29.77.13 - - [06/Jul/2026:15:11:42 +0800] "GET /wp-content/uploads/2025/07/1750671803-partner3_200x50.webp HTTP/1.1" 200 4414 "http://cqqizhou.com/about" "Mozilla/5.0 (Windows NT 10.0; Win64; x64) AppleWebKit/537.36 (KHTML, like Gecko) Chrome/109.0.0.0 Safari/537.36"
121.29.77.13 - - [06/Jul/2026:15:11:42 +0800] "GET /wp-content/uploads/2025/07/1750671805-partner4_200x50.webp HTTP/1.1" 200 2390 "http://cqqizhou.com/about" "Mozilla/5.0 (Windows NT 10.0; Win64; x64) AppleWebKit/537.36 (KHTML, like Gecko) Chrome/109.0.0.0 Safari/537.36"
121.29.77.13 - - [06/Jul/2026:15:11:42 +0800] "GET /wp-content/uploads/2025/07/1750671806-partner5_200x50.webp HTTP/1.1" 200 2840 "http://cqqizhou.com/about" "Mozilla/5.0 (Windows NT 10.0; Win64; x64) AppleWebKit/537.36 (KHTML, like Gecko) Chrome/109.0.0.0 Safari/537.36"
121.29.77.13 - - [06/Jul/2026:15:11:42 +0800] "GET /wp-content/uploads/2025/07/1750671808-partner6_200x50.webp HTTP/1.1" 200 3004 "http://cqqizhou.com/about" "Mozilla/5.0 (Windows NT 10.0; Win64; x64) AppleWebKit/537.36 (KHTML, like Gecko) Chrome/109.0.0.0 Safari/537.36"
121.29.77.13 - - [06/Jul/2026:15:11:42 +0800] "GET /wp-content/uploads/2025/07/1751425283-qizhou.kf_.qq_.com_.webp HTTP/1.1" 200 16864 "http://cqqizhou.com/about" "Mozilla/5.0 (Windows NT 10.0; Win64; x64) AppleWebKit/537.36 (KHTML, like Gecko) Chrome/109.0.0.0 Safari/537.36"
121.29.77.13 - - [06/Jul/2026:15:11:42 +0800] "GET /wp-content/uploads/elementor/thumbs/1751373145-About_Qizhoudalou_W800px-r91b70ok8huvvdr4ynxnf302e8ie3iydlh6ag9ew82.webp HTTP/1.1" 200 37938 "http://cqqizhou.com/about" "Mozilla/5.0 (Windows NT 10.0; Win64; x64) AppleWebKit/537.36 (KHTML, like Gecko) Chrome/109.0.0.0 Safari/537.36"
121.29.77.13 - - [06/Jul/2026:15:11:43 +0800] "GET /wp-content/uploads/2025/07/1750649183-qizhou1920x1080_2.webp HTTP/1.1" 200 267936 "http://cqqizhou.com/about" "Mozilla/5.0 (Windows NT 10.0; Win64; x64) AppleWebKit/537.36 (KHTML, like Gecko) Chrome/109.0.0.0 Safari/537.36"
121.29.77.13 - - [06/Jul/2026:15:11:43 +0800] "GET /wp-content/uploads/2025/07/1750649186-qizhou1920x1080_3.webp HTTP/1.1" 200 134070 "http://cqqizhou.com/about" "Mozilla/5.0 (Windows NT 10.0; Win64; x64) AppleWebKit/537.36 (KHTML, like Gecko) Chrome/109.0.0.0 Safari/537.36"
121.29.77.13 - - [06/Jul/2026:15:11:43 +0800] "GET /wp-content/uploads/2025/07/1750649179-qizhou1920x1080_1.webp HTTP/1.1" 200 172154 "http://cqqizhou.com/about" "Mozilla/5.0 (Windows NT 10.0; Win64; x64) AppleWebKit/537.36 (KHTML, like Gecko) Chrome/109.0.0.0 Safari/537.36"
121.29.77.13 - - [06/Jul/2026:15:11:43 +0800] "GET /wp-content/uploads/2025/07/1750649197-qizhou1920x1080_6.webp HTTP/1.1" 200 150354 "http://cqqizhou.com/about" "Mozilla/5.0 (Windows NT 10.0; Win64; x64) AppleWebKit/537.36 (KHTML, like Gecko) Chrome/109.0.0.0 Safari/537.36"
121.29.77.13 - - [06/Jul/2026:15:11:43 +0800] "GET /wp-content/uploads/2025/07/1750649193-qizhou1920x1080_5.webp HTTP/1.1" 200 110214 "http://cqqizhou.com/about" "Mozilla/5.0 (Windows NT 10.0; Win64; x64) AppleWebKit/537.36 (KHTML, like Gecko) Chrome/109.0.0.0 Safari/537.36"
121.29.77.13 - - [06/Jul/2026:15:11:43 +0800] "GET /wp-content/uploads/2025/07/1750649200-qizhou1920x1080_7.webp HTTP/1.1" 200 238866 "http://cqqizhou.com/about" "Mozilla/5.0 (Windows NT 10.0; Win64; x64) AppleWebKit/537.36 (KHTML, like Gecko) Chrome/109.0.0.0 Safari/537.36"
121.29.77.13 - - [06/Jul/2026:15:11:43 +0800] "GET /wp-content/uploads/2025/07/1750649203-qizhou1920x1080_8.webp HTTP/1.1" 200 256782 "http://cqqizhou.com/about" "Mozilla/5.0 (Windows NT 10.0; Win64; x64) AppleWebKit/537.36 (KHTML, like Gecko) Chrome/109.0.0.0 Safari/537.36"
121.29.77.13 - - [06/Jul/2026:15:11:43 +0800] "GET /wp-content/uploads/2025/07/1750649207-qizhou1920x1080_9.webp HTTP/1.1" 200 146108 "http://cqqizhou.com/about" "Mozilla/5.0 (Windows NT 10.0; Win64; x64) AppleWebKit/537.36 (KHTML, like Gecko) Chrome/109.0.0.0 Safari/537.36"
121.29.77.13 - - [06/Jul/2026:15:11:43 +0800] "GET /wp-content/uploads/2025/07/1750649215-qizhou1920x1080_11.webp HTTP/1.1" 200 171642 "http://cqqizhou.com/about" "Mozilla/5.0 (Windows NT 10.0; Win64; x64) AppleWebKit/537.36 (KHTML, like Gecko) Chrome/109.0.0.0 Safari/537.36"
121.29.77.13 - - [06/Jul/2026:15:11:43 +0800] "GET /wp-content/uploads/2025/07/1750649212-qizhou1920x1080_10.webp HTTP/1.1" 200 143362 "http://cqqizhou.com/about" "Mozilla/5.0 (Windows NT 10.0; Win64; x64) AppleWebKit/537.36 (KHTML, like Gecko) Chrome/109.0.0.0 Safari/537.36"
121.29.77.13 - - [06/Jul/2026:15:11:44 +0800] "GET /wp-content/uploads/2025/07/1750649189-qizhou1920x1080_4.webp HTTP/1.1" 200 174962 "http://cqqizhou.com/about" "Mozilla/5.0 (Windows NT 10.0; Win64; x64) AppleWebKit/537.36 (KHTML, like Gecko) Chrome/109.0.0.0 Safari/537.36"
121.29.77.13 - - [06/Jul/2026:15:11:44 +0800] "GET /wp-content/uploads/2025/07/1750945514-honor300%C3%97206_3.webp HTTP/1.1" 200 74124 "http://cqqizhou.com/about" "Mozilla/5.0 (Windows NT 10.0; Win64; x64) AppleWebKit/537.36 (KHTML, like Gecko) Chrome/109.0.0.0 Safari/537.36"
36.133.115.36 - - [06/Jul/2026:15:11:44 +0800] "POST /wp-cron.php?doing_wp_cron=1783321904.6420240402221679687500 HTTP/1.1" 200 31 "-" "WordPress/7.0; http://cqqizhou.com"
121.29.77.13 - - [06/Jul/2026:15:11:44 +0800] "POST /wp-admin/admin-ajax.php HTTP/1.1" 403 33 "http://cqqizhou.com/about" "Mozilla/5.0 (Windows NT 10.0; Win64; x64) AppleWebKit/537.36 (KHTML, like Gecko) Chrome/109.0.0.0 Safari/537.36"
121.29.77.13 - - [06/Jul/2026:15:11:50 +0800] "GET /logistics HTTP/1.1" 200 31732 "http://cqqizhou.com/about" "Mozilla/5.0 (Windows NT 10.0; Win64; x64) AppleWebKit/537.36 (KHTML, like Gecko) Chrome/109.0.0.0 Safari/537.36"
121.29.77.13 - - [06/Jul/2026:15:11:50 +0800] "GET /wp-content/uploads/2026/01/1767696162-qizhoutruck3.webp HTTP/1.1" 200 19026 "http://cqqizhou.com/logistics" "Mozilla/5.0 (Windows NT 10.0; Win64; x64) AppleWebKit/537.36 (KHTML, like Gecko) Chrome/109.0.0.0 Safari/537.36"
121.29.77.13 - - [06/Jul/2026:15:11:57 +0800] "GET /wp-content/uploads/2025/11/1762864381-QZ_Photo-7.webp HTTP/1.1" 200 129922 "http://cqqizhou.com/logistics" "Mozilla/5.0 (Windows NT 10.0; Win64; x64) AppleWebKit/537.36 (KHTML, like Gecko) Chrome/109.0.0.0 Safari/537.36"
121.29.77.13 - - [06/Jul/2026:15:11:57 +0800] "GET /wp-content/uploads/2025/12/1765862012-DSC20251216131140.webp HTTP/1.1" 200 78744 "http://cqqizhou.com/logistics" "Mozilla/5.0 (Windows NT 10.0; Win64; x64) AppleWebKit/537.36 (KHTML, like Gecko) Chrome/109.0.0.0 Safari/537.36"
121.29.77.13 - - [06/Jul/2026:15:11:58 +0800] "GET /wp-content/uploads/logistics/Conatiner-5.webp HTTP/1.1" 200 63396 "http://cqqizhou.com/logistics" "Mozilla/5.0 (Windows NT 10.0; Win64; x64) AppleWebKit/537.36 (KHTML, like Gecko) Chrome/109.0.0.0 Safari/537.36"
121.29.77.13 - - [06/Jul/2026:15:12:00 +0800] "GET /wp-json/contact-form-7/v1/contact-forms/1444/feedback/schema HTTP/1.1" 200 270 "http://cqqizhou.com/logistics" "Mozilla/5.0 (Windows NT 10.0; Win64; x64) AppleWebKit/537.36 (KHTML, like Gecko) Chrome/109.0.0.0 Safari/537.36"
121.29.77.13 - - [06/Jul/2026:15:12:00 +0800] "POST /wp-admin/admin-ajax.php HTTP/1.1" 403 33 "http://cqqizhou.com/logistics" "Mozilla/5.0 (Windows NT 10.0; Win64; x64) AppleWebKit/537.36 (KHTML, like Gecko) Chrome/109.0.0.0 Safari/537.36"
36.133.115.36 - - [06/Jul/2026:15:12:10 +0800] "POST /wp-cron.php?doing_wp_cron=1783321930.6174159049987792968750 HTTP/1.1" 200 31 "-" "WordPress/7.0; http://cqqizhou.com"
121.29.77.13 - - [06/Jul/2026:15:12:10 +0800] "POST /wp-admin/admin-ajax.php HTTP/1.1" 403 33 "http://cqqizhou.com/logistics" "Mozilla/5.0 (Windows NT 10.0; Win64; x64) AppleWebKit/537.36 (KHTML, like Gecko) Chrome/109.0.0.0 Safari/537.36"
121.29.77.13 - - [06/Jul/2026:15:12:22 +0800] "GET /wp-content/uploads/2026/01/1767696142-aojiaqiao20260104.webp HTTP/1.1" 200 184988 "http://cqqizhou.com/wp-content/uploads/elementor/css/post-1959.css?ver=1782709462" "Mozilla/5.0 (Windows NT 10.0; Win64; x64) AppleWebKit/537.36 (KHTML, like Gecko) Chrome/109.0.0.0 Safari/537.36"
121.29.77.13 - - [06/Jul/2026:15:12:24 +0800] "GET /wp-json/contact-form-7/v1/contact-forms/1444/refill HTTP/1.1" 200 33 "http://cqqizhou.com/logistics" "Mozilla/5.0 (Windows NT 10.0; Win64; x64) AppleWebKit/537.36 (KHTML, like Gecko) Chrome/109.0.0.0 Safari/537.36"
121.29.77.13 - - [06/Jul/2026:15:12:33 +0800] "GET /wp-json/contact-form-7/v1/contact-forms/1444/feedback/schema HTTP/1.1" 200 270 "http://cqqizhou.com/logistics" "Mozilla/5.0 (Windows NT 10.0; Win64; x64) AppleWebKit/537.36 (KHTML, like Gecko) Chrome/109.0.0.0 Safari/537.36"
121.29.77.13 - - [06/Jul/2026:15:12:33 +0800] "GET /wp-json/contact-form-7/v1/contact-forms/1444/refill HTTP/1.1" 200 33 "http://cqqizhou.com/logistics" "Mozilla/5.0 (Windows NT 10.0; Win64; x64) AppleWebKit/537.36 (KHTML, like Gecko) Chrome/109.0.0.0 Safari/537.36"
121.29.77.13 - - [06/Jul/2026:15:12:33 +0800] "POST /wp-admin/admin-ajax.php HTTP/1.1" 403 33 "http://cqqizhou.com/logistics" "Mozilla/5.0 (Windows NT 10.0; Win64; x64) AppleWebKit/537.36 (KHTML, like Gecko) Chrome/109.0.0.0 Safari/537.36"
121.29.77.13 - - [06/Jul/2026:15:12:43 +0800] "POST /wp-admin/admin-ajax.php HTTP/1.1" 403 33 "http://cqqizhou.com/logistics" "Mozilla/5.0 (Windows NT 10.0; Win64; x64) AppleWebKit/537.36 (KHTML, like Gecko) Chrome/109.0.0.0 Safari/537.36"
121.29.77.13 - - [06/Jul/2026:15:12:59 +0800] "GET /services HTTP/1.1" 200 32227 "http://cqqizhou.com/logistics" "Mozilla/5.0 (Windows NT 10.0; Win64; x64) AppleWebKit/537.36 (KHTML, like Gecko) Chrome/109.0.0.0 Safari/537.36"
121.29.77.13 - - [06/Jul/2026:15:13:00 +0800] "GET /wp-content/uploads/2025/07/1751829518-Precision-processing-services800x500.webp HTTP/1.1" 200 28964 "http://cqqizhou.com/services" "Mozilla/5.0 (Windows NT 10.0; Win64; x64) AppleWebKit/537.36 (KHTML, like Gecko) Chrome/109.0.0.0 Safari/537.36"
121.29.77.13 - - [06/Jul/2026:15:13:00 +0800] "GET /wp-content/uploads/2025/07/1750174127-Marketing1920x800_3.webp HTTP/1.1" 200 52790 "http://cqqizhou.com/wp-content/uploads/elementor/css/post-1659.css?ver=1782709439" "Mozilla/5.0 (Windows NT 10.0; Win64; x64) AppleWebKit/537.36 (KHTML, like Gecko) Chrome/109.0.0.0 Safari/537.36"
121.29.77.13 - - [06/Jul/2026:15:13:00 +0800] "GET /wp-content/uploads/2025/12/1764853157-ISO3-214x300.webp HTTP/1.1" 200 13896 "http://cqqizhou.com/services" "Mozilla/5.0 (Windows NT 10.0; Win64; x64) AppleWebKit/537.36 (KHTML, like Gecko) Chrome/109.0.0.0 Safari/537.36"
121.29.77.13 - - [06/Jul/2026:15:13:00 +0800] "GET /wp-content/uploads/2025/12/1764853155-ISO2-214x300.webp HTTP/1.1" 200 12682 "http://cqqizhou.com/services" "Mozilla/5.0 (Windows NT 10.0; Win64; x64) AppleWebKit/537.36 (KHTML, like Gecko) Chrome/109.0.0.0 Safari/537.36"
121.29.77.13 - - [06/Jul/2026:15:13:00 +0800] "GET /wp-content/uploads/2025/12/1764853152-ISO1-214x300.webp HTTP/1.1" 200 13812 "http://cqqizhou.com/services" "Mozilla/5.0 (Windows NT 10.0; Win64; x64) AppleWebKit/537.36 (KHTML, like Gecko) Chrome/109.0.0.0 Safari/537.36"
121.29.77.13 - - [06/Jul/2026:15:13:01 +0800] "GET /wp-content/uploads/2025/07/1751829454-Smart-warehousing800x500.webp HTTP/1.1" 200 79504 "http://cqqizhou.com/services" "Mozilla/5.0 (Windows NT 10.0; Win64; x64) AppleWebKit/537.36 (KHTML, like Gecko) Chrome/109.0.0.0 Safari/537.36"
121.29.77.13 - - [06/Jul/2026:15:13:02 +0800] "GET /wp-content/uploads/2025/07/1753405252-Services_Banner2000%C3%97400px2.webp HTTP/1.1" 200 23730 "http://cqqizhou.com/wp-content/uploads/elementor/css/post-1659.css?ver=1782709439" "Mozilla/5.0 (Windows NT 10.0; Win64; x64) AppleWebKit/537.36 (KHTML, like Gecko) Chrome/109.0.0.0 Safari/537.36"
36.133.115.36 - - [06/Jul/2026:15:13:08 +0800] "POST /wp-cron.php?doing_wp_cron=1783321988.1616420745849609375000 HTTP/1.1" 200 31 "-" "WordPress/7.0; http://cqqizhou.com"
121.29.77.13 - - [06/Jul/2026:15:13:08 +0800] "POST /wp-admin/admin-ajax.php HTTP/1.1" 403 33 "http://cqqizhou.com/about" "Mozilla/5.0 (Windows NT 10.0; Win64; x64) AppleWebKit/537.36 (KHTML, like Gecko) Chrome/109.0.0.0 Safari/537.36"
121.29.77.13 - - [06/Jul/2026:15:13:18 +0800] "POST /wp-admin/admin-ajax.php HTTP/1.1" 403 33 "http://cqqizhou.com/about" "Mozilla/5.0 (Windows NT 10.0; Win64; x64) AppleWebKit/537.36 (KHTML, like Gecko) Chrome/109.0.0.0 Safari/537.36"
121.29.77.13 - - [06/Jul/2026:15:13:22 +0800] "GET /wp-content/uploads/2025/07/1750945616-honor300%C3%97206_4.webp HTTP/1.1" 200 33814 "http://cqqizhou.com/about" "Mozilla/5.0 (Windows NT 10.0; Win64; x64) AppleWebKit/537.36 (KHTML, like Gecko) Chrome/109.0.0.0 Safari/537.36"
121.29.77.13 - - [06/Jul/2026:15:13:22 +0800] "GET /wp-content/uploads/2025/07/1750945637-honor300%C3%97206_5.webp HTTP/1.1" 200 77368 "http://cqqizhou.com/about" "Mozilla/5.0 (Windows NT 10.0; Win64; x64) AppleWebKit/537.36 (KHTML, like Gecko) Chrome/109.0.0.0 Safari/537.36"
121.29.77.13 - - [06/Jul/2026:15:13:23 +0800] "GET /wp-content/uploads/2025/07/1750656103-Visionr2000x800_20250623131702.webp HTTP/1.1" 200 57650 "http://cqqizhou.com/wp-content/uploads/elementor/css/post-1849.css?ver=1782709431" "Mozilla/5.0 (Windows NT 10.0; Win64; x64) AppleWebKit/537.36 (KHTML, like Gecko) Chrome/109.0.0.0 Safari/537.36"
121.29.77.13 - - [06/Jul/2026:15:13:23 +0800] "GET /wp-content/uploads/2025/07/1750945650-honor300%C3%97206_6.webp HTTP/1.1" 200 66306 "http://cqqizhou.com/about" "Mozilla/5.0 (Windows NT 10.0; Win64; x64) AppleWebKit/537.36 (KHTML, like Gecko) Chrome/109.0.0.0 Safari/537.36"
36.133.115.36 - - [06/Jul/2026:15:14:14 +0800] "POST /wp-cron.php?doing_wp_cron=1783322054.5630550384521484375000 HTTP/1.1" 200 31 "-" "WordPress/7.0; http://cqqizhou.com"
121.29.77.13 - - [06/Jul/2026:15:14:14 +0800] "GET /wp-json/contact-form-7/v1/contact-forms/1444/refill HTTP/1.1" 200 33 "http://cqqizhou.com/logistics" "Mozilla/5.0 (Windows NT 10.0; Win64; x64) AppleWebKit/537.36 (KHTML, like Gecko) Chrome/109.0.0.0 Safari/537.36"
121.29.77.13 - - [06/Jul/2026:15:14:14 +0800] "GET /wp-json/contact-form-7/v1/contact-forms/1444/feedback/schema HTTP/1.1" 200 270 "http://cqqizhou.com/logistics" "Mozilla/5.0 (Windows NT 10.0; Win64; x64) AppleWebKit/537.36 (KHTML, like Gecko) Chrome/109.0.0.0 Safari/537.36"
121.29.77.13 - - [06/Jul/2026:15:14:40 +0800] "GET /wp-content/uploads/2025/12/1765265398-qizhou_Slider_3840%C3%972160_20251209-scaled.webp HTTP/1.1" 200 175208 "http://cqqizhou.com/wp-content/uploads/elementor/css/post-1659.css?ver=1782709439" "Mozilla/5.0 (Windows NT 10.0; Win64; x64) AppleWebKit/537.36 (KHTML, like Gecko) Chrome/109.0.0.0 Safari/537.36"
36.133.115.36 - - [06/Jul/2026:15:19:01 +0800] "POST /wp-cron.php?doing_wp_cron=1783322341.5351960659027099609375 HTTP/1.1" 200 31 "-" "WordPress/7.0; http://cqqizhou.com"
103.234.99.121 - - [06/Jul/2026:15:19:01 +0800] "GET / HTTP/1.1" 301 5 "-" "Mozilla/5.0 (iPhone; CPU iPhone OS 18_5 like Mac OS X) AppleWebKit/605.1.15 (KHTML, like Gecko) Version/18.5 Mobile/15E148 Safari/604.1"
36.133.115.36 - - [06/Jul/2026:15:22:50 +0800] "POST /wp-cron.php?doing_wp_cron=1783322570.7386250495910644531250 HTTP/1.1" 200 31 "-" "WordPress/7.0; http://cqqizhou.com"
43.165.186.188 - - [06/Jul/2026:15:22:50 +0800] "GET / HTTP/1.1" 301 5 "-" "Mozilla/5.0 (iPhone; CPU iPhone OS 13_2_3 like Mac OS X) AppleWebKit/605.1.15 (KHTML, like Gecko) Version/13.0.3 Mobile/15E148 Safari/604.1"
43.165.186.188 - - [06/Jul/2026:15:22:52 +0800] "GET / HTTP/1.1" 200 35071 "http://www.cqqizhou.com" "Mozilla/5.0 (iPhone; CPU iPhone OS 13_2_3 like Mac OS X) AppleWebKit/605.1.15 (KHTML, like Gecko) Version/13.0.3 Mobile/15E148 Safari/604.1"
36.133.115.36 - - [06/Jul/2026:16:37:43 +0800] "POST /wp-cron.php?doing_wp_cron=1783327063.2564721107482910156250 HTTP/1.1" 200 31 "-" "WordPress/7.0; http://cqqizhou.com"
119.84.246.117 - - [06/Jul/2026:16:37:43 +0800] "GET / HTTP/1.1" 301 5 "-" "Mozilla/5.0 (Windows NT 6.1) AppleWebKit/535.12 (KHTML, like Gecko) Maxthon/3.4.2.3000 Chrome/18.0.966.0 Safari/535.12"
119.84.246.117 - - [06/Jul/2026:16:37:43 +0800] "GET / HTTP/1.1" 200 159688 "-" "Mozilla/5.0 (Windows NT 6.1) AppleWebKit/535.12 (KHTML, like Gecko) Maxthon/3.4.2.3000 Chrome/18.0.966.0 Safari/535.12"
119.84.246.117 - - [06/Jul/2026:16:37:44 +0800] "GET / HTTP/1.1" 301 5 "-" "Mozilla/5.0 (Windows; U; Windows NT 5.2) AppleWebKit/525.13 (KHTML, like Gecko) Chrome/0.2.149.27 Safari/525.13"
119.84.246.117 - - [06/Jul/2026:16:37:44 +0800] "GET / HTTP/1.1" 200 159688 "-" "Mozilla/5.0 (Windows; U; Windows NT 5.2) AppleWebKit/525.13 (KHTML, like Gecko) Chrome/0.2.149.27 Safari/525.13"
119.84.246.117 - - [06/Jul/2026:16:37:45 +0800] "GET / HTTP/1.1" 301 5 "-" "Mozilla/5.0 (Windows NT 6.1) AppleWebKit/535.11 (KHTML, like Gecko) Chrome/17.0.963.84 Safari/535.11 LBBROWSER"
119.84.246.117 - - [06/Jul/2026:16:37:45 +0800] "GET / HTTP/1.1" 200 159688 "-" "Mozilla/5.0 (Windows NT 6.1) AppleWebKit/535.11 (KHTML, like Gecko) Chrome/17.0.963.84 Safari/535.11 LBBROWSER"
36.133.115.36 - - [06/Jul/2026:17:08:17 +0800] "POST /wp-cron.php?doing_wp_cron=1783328897.3017799854278564453125 HTTP/1.1" 200 31 "-" "WordPress/7.0; http://cqqizhou.com"
43.160.241.129 - - [06/Jul/2026:17:08:17 +0800] "GET / HTTP/1.1" 301 5 "-" "Mozilla/5.0 (iPhone; CPU iPhone OS 13_2_3 like Mac OS X) AppleWebKit/605.1.15 (KHTML, like Gecko) Version/13.0.3 Mobile/15E148 Safari/604.1"
43.160.241.129 - - [06/Jul/2026:17:08:19 +0800] "GET / HTTP/1.1" 200 35070 "http://36.133.115.36" "Mozilla/5.0 (iPhone; CPU iPhone OS 13_2_3 like Mac OS X) AppleWebKit/605.1.15 (KHTML, like Gecko) Version/13.0.3 Mobile/15E148 Safari/604.1"
36.133.115.36 - - [06/Jul/2026:17:21:21 +0800] "POST /wp-cron.php?doing_wp_cron=1783329681.8589880466461181640625 HTTP/1.1" 200 31 "-" "WordPress/7.0; http://cqqizhou.com"
112.124.11.25 - - [06/Jul/2026:17:21:21 +0800] "GET / HTTP/1.1" 301 5 "-" "Mozilla/5.0 (Windows NT 10.0; Win64; x64) AppleWebKit/537.36 (KHTML, like Gecko) Chrome/59.0.3071.115 Safari/537.36"
36.133.115.36 - - [06/Jul/2026:17:33:01 +0800] "POST /wp-cron.php?doing_wp_cron=1783330381.3760120868682861328125 HTTP/1.1" 200 31 "-" "WordPress/7.0; http://cqqizhou.com"
74.222.26.143 - - [06/Jul/2026:17:33:01 +0800] "GET / HTTP/1.1" 301 5 "-" "Mozilla/5.0 (Windows NT 10.0; Win64; x64) AppleWebKit/537.36 (KHTML, like Gecko) Chrome/97.0.4280.67 Safari/537.36 Edg/97.0.664.52"
74.222.26.143 - - [06/Jul/2026:17:33:04 +0800] "GET / HTTP/1.1" 200 35514 "-" "Mozilla/5.0 (Windows NT 10.0; Win64; x64) AppleWebKit/537.36 (KHTML, like Gecko) Chrome/97.0.4280.67 Safari/537.36 Edg/97.0.664.52"
36.133.115.36 - - [06/Jul/2026:18:02:10 +0800] "POST /wp-cron.php?doing_wp_cron=1783332130.7778129577636718750000 HTTP/1.1" 200 31 "-" "WordPress/7.0; http://cqqizhou.com"
103.250.80.148 - - [06/Jul/2026:18:02:10 +0800] "GET / HTTP/1.1" 301 5 "http://cqqizhou.com/" "Mozilla/5.0 (Windows NT 10.0; Win64; x64) AppleWebKit/537.36 (KHTML, like Gecko) Chrome/136.0.0.0 Safari/537.36 Norton/135.0.0.0"
103.250.80.148 - - [06/Jul/2026:18:02:12 +0800] "GET / HTTP/1.1" 200 159688 "http://cqqizhou.com/" "Mozilla/5.0 (Windows NT 10.0; Win64; x64) AppleWebKit/537.36 (KHTML, like Gecko) Chrome/136.0.0.0 Safari/537.36 Norton/135.0.0.0"
103.250.80.148 - - [06/Jul/2026:18:02:13 +0800] "GET /wp-content/uploads/2025/12/1766388813-Article_images_2025072411.webp HTTP/1.1" 200 45330 "http://cqqizhou.com/" "Mozilla/5.0 (Windows NT 10.0; Win64; x64) AppleWebKit/537.36 (KHTML, like Gecko) Chrome/136.0.0.0 Safari/537.36 Norton/135.0.0.0"
34.65.30.121 - - [06/Jul/2026:18:06:04 +0800] "OPTIONS / HTTP/1.0" 405 150 "-" "-"
36.133.115.36 - - [06/Jul/2026:18:08:06 +0800] "POST /wp-cron.php?doing_wp_cron=1783332486.0562078952789306640625 HTTP/1.1" 200 31 "-" "WordPress/7.0; http://cqqizhou.com"
160.119.71.9 - - [06/Jul/2026:18:08:06 +0800] "GET / HTTP/1.1" 200 109837 "-" "Mozilla/5.0 (X11; Linux x86_64; rv:144.0) Gecko/20100101 Firefox/144.0"
120.241.208.98 - - [06/Jul/2026:18:34:19 +0800] "GET /services HTTP/1.1" 200 32227 "-" "Mozilla/5.0 (Windows NT 10.0; Win64; x64) AppleWebKit/537.36 (KHTML, like Gecko) Chrome/104.0.5112.81 Safari/537.36"
36.133.115.36 - - [06/Jul/2026:18:35:09 +0800] "POST /wp-cron.php?doing_wp_cron=1783334109.3453691005706787109375 HTTP/1.1" 200 31 "-" "WordPress/7.0; http://cqqizhou.com"
174.138.56.247 - - [06/Jul/2026:18:35:09 +0800] "POST /boaform/admin/formLogin HTTP/1.1" 404 9497 "http://36.133.115.36:80/admin/login.asp" "Mozilla/5.0 (X11; Ubuntu; Linux x86_64; rv:71.0) Gecko/20100101 Firefox/71.0"
36.133.115.36 - - [06/Jul/2026:19:08:18 +0800] "POST /wp-cron.php?doing_wp_cron=1783336098.3321220874786376953125 HTTP/1.1" 200 31 "-" "WordPress/7.0; http://cqqizhou.com"
43.134.54.246 - - [06/Jul/2026:19:08:18 +0800] "GET / HTTP/1.1" 301 5 "-" "Mozilla/5.0 (iPhone; CPU iPhone OS 13_2_3 like Mac OS X) AppleWebKit/605.1.15 (KHTML, like Gecko) Version/13.0.3 Mobile/15E148 Safari/604.1"
43.134.54.246 - - [06/Jul/2026:19:08:20 +0800] "GET / HTTP/1.1" 200 35071 "http://www.cqqizhou.com" "Mozilla/5.0 (iPhone; CPU iPhone OS 13_2_3 like Mac OS X) AppleWebKit/605.1.15 (KHTML, like Gecko) Version/13.0.3 Mobile/15E148 Safari/604.1"
36.133.115.36 - - [06/Jul/2026:19:15:35 +0800] "POST /wp-cron.php?doing_wp_cron=1783336535.3260951042175292968750 HTTP/1.1" 200 31 "-" "WordPress/7.0; http://cqqizhou.com"
170.106.35.187 - - [06/Jul/2026:19:15:35 +0800] "GET / HTTP/1.1" 200 35069 "-" "Mozilla/5.0 (iPhone; CPU iPhone OS 13_2_3 like Mac OS X) AppleWebKit/605.1.15 (KHTML, like Gecko) Version/13.0.3 Mobile/15E148 Safari/604.1"
36.133.115.36 - - [06/Jul/2026:19:21:42 +0800] "POST /wp-cron.php?doing_wp_cron=1783336902.4067349433898925781250 HTTP/1.1" 200 31 "-" "WordPress/7.0; http://cqqizhou.com"
111.225.148.239 - - [06/Jul/2026:19:21:42 +0800] "GET / HTTP/1.1" 200 35071 "-" "Mozilla/5.0 (Linux; Android 5.0) AppleWebKit/537.36 (KHTML, like Gecko) Mobile Safari/537.36 (compatible; Bytespider; https://zhanzhang.toutiao.com/)"
36.133.115.36 - - [06/Jul/2026:19:24:16 +0800] "POST /wp-cron.php?doing_wp_cron=1783337056.4833390712738037109375 HTTP/1.1" 200 31 "-" "WordPress/7.0; http://cqqizhou.com"
199.45.154.128 - - [06/Jul/2026:19:24:16 +0800] "GET /robots.txt HTTP/1.1" 200 190 "-" "Mozilla/5.0 (compatible; CensysInspect/1.1; +https://about.censys.io/)"
117.179.107.65 - - [06/Jul/2026:19:24:25 +0800] "GET http://cqqizhou.com/wp-content/uploads/2026/02/1770617948-Article_images_W900%C3%97500px-300x169.webp HTTP/1.1" 200 12198 "http://cqqizhou.com/" "Mozilla/5.0 (Windows NT 10.0; Win64; x64) AppleWebKit/537.36 (KHTML, like Gecko) Chrome/116.0.0.0 Safari/537.36"
199.45.154.128 - - [06/Jul/2026:19:24:29 +0800] "GET /mds2m4jhiatta HTTP/1.1" 404 9498 "-" "Mozilla/5.0 (compatible; CensysInspect/1.1; +https://about.censys.io/)"
112.90.2.202 - - [06/Jul/2026:19:58:58 +0800] "GET /news/2418 HTTP/1.1" 200 27850 "-" "Mozilla/5.0 (Windows NT 10.0; Win64; x64) AppleWebKit/537.36 (KHTML, like Gecko) Chrome/112.0.0.0 Safari/537.36"
36.133.115.36 - - [06/Jul/2026:20:07:04 +0800] "POST /wp-cron.php?doing_wp_cron=1783339624.1966021060943603515625 HTTP/1.1" 200 31 "-" "WordPress/7.0; http://cqqizhou.com"
34.62.210.249 - - [06/Jul/2026:20:07:04 +0800] "GET / HTTP/1.1" 200 35072 "-" "Mozilla/5.0 (Windows NT 10.0; Win64; x64) AppleWebKit/537.36 (KHTML, like Gecko) Chrome/127.0.0.0 Safari/537.36"
116.179.32.66 - - [06/Jul/2026:20:14:41 +0800] "GET /wp-content/uploads/2026/01/1768527485-Article_images_W900%C3%97500px202601164.webp HTTP/1.1" 200 52448 "-" "Mozilla/5.0 (compatible; Baiduspider/2.0; +http://www.baidu.com/search/spider.html)"
36.133.115.36 - - [06/Jul/2026:20:22:34 +0800] "POST /wp-cron.php?doing_wp_cron=1783340554.1767818927764892578125 HTTP/1.1" 200 31 "-" "WordPress/7.0; http://cqqizhou.com"
52.80.179.120 - - [06/Jul/2026:20:22:34 +0800] "GET / HTTP/1.1" 200 35072 "-" "Mozilla/5.0 (iPhone; CPU iPhone OS 11_0 like Mac OS X) AppleWebKit/537.36 (KHTML, like Gecko) Chrome/60.0.7863.1739 Mobile Safari/537.36"
36.133.115.36 - - [06/Jul/2026:20:35:26 +0800] "POST /wp-cron.php?doing_wp_cron=1783341326.5744099617004394531250 HTTP/1.1" 200 31 "-" "WordPress/7.0; http://cqqizhou.com"
110.249.202.159 - - [06/Jul/2026:20:35:26 +0800] "GET /news/2373 HTTP/1.1" 200 22757 "-" "Mozilla/5.0 (Linux; Android 5.0) AppleWebKit/537.36 (KHTML, like Gecko) Mobile Safari/537.36 (compatible; Bytespider; https://zhanzhang.toutiao.com/)"
110.249.202.159 - - [06/Jul/2026:20:35:26 +0800] "GET /wp-content/uploads/2025/12/1766388806-Article_images_202507243-768x432.webp HTTP/1.1" 206 500 "http://cqqizhou.com/news/2373" "Mozilla/5.0 (Linux; Android 5.0) AppleWebKit/537.36 (KHTML, like Gecko) Mobile Safari/537.36 (compatible; Bytespider; https://zhanzhang.toutiao.com/)"
110.249.202.53 - - [06/Jul/2026:20:35:26 +0800] "GET /wp-content/uploads/2025/12/1766388807-Article_images_202507245-768x432.webp HTTP/1.1" 206 500 "http://cqqizhou.com/news/2373" "Mozilla/5.0 (Linux; Android 5.0) AppleWebKit/537.36 (KHTML, like Gecko) Mobile Safari/537.36 (compatible; Bytespider; https://zhanzhang.toutiao.com/)"
110.249.202.199 - - [06/Jul/2026:20:35:27 +0800] "GET /wp-content/uploads/2025/12/1766388808-Article_images_202507246-768x432.webp HTTP/1.1" 206 500 "http://cqqizhou.com/news/2373" "Mozilla/5.0 (Linux; Android 5.0) AppleWebKit/537.36 (KHTML, like Gecko) Mobile Safari/537.36 (compatible; Bytespider; https://zhanzhang.toutiao.com/)"
110.249.202.53 - - [06/Jul/2026:20:35:27 +0800] "GET /wp-content/uploads/2025/12/1766388809-Article_images_202507247-768x432.webp HTTP/1.1" 206 500 "http://cqqizhou.com/news/2373" "Mozilla/5.0 (Linux; Android 5.0) AppleWebKit/537.36 (KHTML, like Gecko) Mobile Safari/537.36 (compatible; Bytespider; https://zhanzhang.toutiao.com/)"
110.249.202.199 - - [06/Jul/2026:20:35:27 +0800] "GET /wp-content/uploads/2025/12/1766388810-Article_images_202507248-768x432.webp HTTP/1.1" 206 500 "http://cqqizhou.com/news/2373" "Mozilla/5.0 (Linux; Android 5.0) AppleWebKit/537.36 (KHTML, like Gecko) Mobile Safari/537.36 (compatible; Bytespider; https://zhanzhang.toutiao.com/)"
110.249.202.159 - - [06/Jul/2026:20:35:27 +0800] "GET /wp-content/uploads/2025/12/1766388812-Article_images_2025072410-768x346.webp HTTP/1.1" 206 500 "http://cqqizhou.com/news/2373" "Mozilla/5.0 (Linux; Android 5.0) AppleWebKit/537.36 (KHTML, like Gecko) Mobile Safari/537.36 (compatible; Bytespider; https://zhanzhang.toutiao.com/)"
110.249.202.192 - - [06/Jul/2026:20:35:27 +0800] "GET /wp-content/uploads/2025/12/1766388813-Article_images_2025072411-768x346.webp HTTP/1.1" 206 500 "http://cqqizhou.com/news/2373" "Mozilla/5.0 (Linux; Android 5.0) AppleWebKit/537.36 (KHTML, like Gecko) Mobile Safari/537.36 (compatible; Bytespider; https://zhanzhang.toutiao.com/)"
110.249.202.65 - - [06/Jul/2026:20:35:27 +0800] "GET /wp-content/uploads/2025/12/1766388811-Article_images_202507249-768x346.webp HTTP/1.1" 206 500 "http://cqqizhou.com/news/2373" "Mozilla/5.0 (Linux; Android 5.0) AppleWebKit/537.36 (KHTML, like Gecko) Mobile Safari/537.36 (compatible; Bytespider; https://zhanzhang.toutiao.com/)"
110.249.202.34 - - [06/Jul/2026:20:35:27 +0800] "GET /wp-content/uploads/2025/12/1766388804-Article_images_202507241-768x432.webp HTTP/1.1" 206 500 "http://cqqizhou.com/news/2373" "Mozilla/5.0 (Linux; Android 5.0) AppleWebKit/537.36 (KHTML, like Gecko) Mobile Safari/537.36 (compatible; Bytespider; https://zhanzhang.toutiao.com/)"
36.133.115.36 - - [06/Jul/2026:20:36:10 +0800] "POST /wp-cron.php?doing_wp_cron=1783341370.8532049655914306640625 HTTP/1.1" 200 31 "-" "WordPress/7.0; http://cqqizhou.com"
119.45.7.86 - - [06/Jul/2026:20:36:10 +0800] "GET / HTTP/1.1" 200 35072 "-" "Mozilla/5.0 (iPhone; CPU iPhone OS 13_2_3 like Mac OS X) AppleWebKit/605.1.15 (KHTML, like Gecko) Version/13.0.3 Mobile/15E148 Safari/604.1"
36.133.115.36 - - [06/Jul/2026:20:40:45 +0800] "POST /wp-cron.php?doing_wp_cron=1783341645.8633699417114257812500 HTTP/1.1" 200 31 "-" "WordPress/7.0; http://cqqizhou.com"
43.162.103.165 - - [06/Jul/2026:20:40:45 +0800] "GET / HTTP/1.1" 301 5 "-" "Mozilla/5.0 (iPhone; CPU iPhone OS 13_2_3 like Mac OS X) AppleWebKit/605.1.15 (KHTML, like Gecko) Version/13.0.3 Mobile/15E148 Safari/604.1"
43.162.103.165 - - [06/Jul/2026:20:40:48 +0800] "GET / HTTP/1.1" 200 35072 "http://36.133.115.36" "Mozilla/5.0 (iPhone; CPU iPhone OS 13_2_3 like Mac OS X) AppleWebKit/605.1.15 (KHTML, like Gecko) Version/13.0.3 Mobile/15E148 Safari/604.1"
36.133.115.36 - - [06/Jul/2026:21:15:03 +0800] "POST /wp-cron.php?doing_wp_cron=1783343703.2425630092620849609375 HTTP/1.1" 200 31 "-" "WordPress/7.0; http://cqqizhou.com"
60.191.125.35 - - [06/Jul/2026:21:15:03 +0800] "HEAD http://112.124.42.80:63435/ HTTP/1.1" 200 0 "-" "Mozilla/5.0 (Macintosh; Intel Mac OS X 10_11_6) AppleWebKit/537.36 (KHTML, like Gecko) Chrome/53.0.2785.143 Safari/537.36"
36.133.115.36 - - [06/Jul/2026:21:23:27 +0800] "POST /wp-cron.php?doing_wp_cron=1783344207.6779820919036865234375 HTTP/1.1" 200 31 "-" "WordPress/7.0; http://cqqizhou.com"
39.99.34.28 - - [06/Jul/2026:21:23:27 +0800] "GET / HTTP/1.0" 301 0 "-" "-"
39.99.34.28 - - [06/Jul/2026:21:23:39 +0800] "GET / HTTP/1.0" 301 0 "-" "-"
39.99.34.28 - - [06/Jul/2026:21:23:39 +0800] "GET /nmaplowercheck1783344210 HTTP/1.1" 404 32862 "-" "Mozilla/5.0 (compatible; Nmap Scripting Engine; https://nmap.org/book/nse.html)"
39.99.34.28 - - [06/Jul/2026:21:23:39 +0800] "POST /sdk HTTP/1.1" 404 32862 "-" "Mozilla/5.0 (compatible; Nmap Scripting Engine; https://nmap.org/book/nse.html)"
39.99.34.28 - - [06/Jul/2026:21:23:40 +0800] "GET /HNAP1 HTTP/1.1" 404 32862 "-" "Mozilla/5.0 (compatible; Nmap Scripting Engine; https://nmap.org/book/nse.html)"
39.99.34.28 - - [06/Jul/2026:21:23:40 +0800] "GET /evox/about HTTP/1.1" 404 32862 "-" "Mozilla/5.0 (compatible; Nmap Scripting Engine; https://nmap.org/book/nse.html)"
39.99.34.28 - - [06/Jul/2026:21:23:59 +0800] "GET / HTTP/1.0" 301 0 "-" "-"
39.99.34.28 - - [06/Jul/2026:21:24:00 +0800] "GET / HTTP/1.1" 301 5 "-" "-"
58.17.136.12 - - [06/Jul/2026:21:24:49 +0800] "HEAD / HTTP/1.1" 200 0 "-" "Mozilla/5.0 (Windows NT 10.0; Win64; x64) AppleWebKit/537.36 (KHTML, like Gecko) Chrome/145.0.0.0 Safari/537.36"
58.17.136.12 - - [06/Jul/2026:21:24:49 +0800] "GET / HTTP/1.1" 200 35514 "-" "Mozilla/5.0 (Windows NT 10.0; Win64; x64) AppleWebKit/537.36 (KHTML, like Gecko) Chrome/145.0.0.0 Safari/537.36"
58.17.136.12 - - [06/Jul/2026:21:24:49 +0800] "GET / HTTP/1.1" 200 35514 "-" "Mozilla/5.0 (Macintosh; Intel Mac OS X 10_15_7) AppleWebKit/537.36 (KHTML, like Gecko) Chrome/114.0.0.0 Safari/537.36"
58.17.136.12 - - [06/Jul/2026:21:24:50 +0800] "GET /wp-content/uploads/2025/07/1751425283-qizhou.kf_.qq_.com_.webp HTTP/1.1" 200 16864 "http://cqqizhou.com/" "Mozilla/5.0 (Macintosh; Intel Mac OS X 10_15_7) AppleWebKit/537.36 (KHTML, like Gecko) Chrome/114.0.0.0 Safari/537.36"
58.17.136.12 - - [06/Jul/2026:21:24:51 +0800] "GET /wp-content/uploads/2025/07/1753456723-%E5%8F%8C%E7%9B%B8%E9%92%A2roduct_Single600.webp HTTP/1.1" 200 22790 "http://cqqizhou.com/" "Mozilla/5.0 (Macintosh; Intel Mac OS X 10_15_7) AppleWebKit/537.36 (KHTML, like Gecko) Chrome/114.0.0.0 Safari/537.36"
58.17.136.12 - - [06/Jul/2026:21:24:51 +0800] "GET /wp-content/uploads/2025/07/1753456770-%E7%83%AD%E9%95%80%E9%94%8C%E5%8D%B7product_Single600.webp HTTP/1.1" 200 27502 "http://cqqizhou.com/" "Mozilla/5.0 (Macintosh; Intel Mac OS X 10_15_7) AppleWebKit/537.36 (KHTML, like Gecko) Chrome/114.0.0.0 Safari/537.36"
58.17.136.12 - - [06/Jul/2026:21:24:51 +0800] "GET /wp-content/uploads/2025/07/1753453096-%E5%8F%8C%E7%9B%B8%E9%92%A2product_Single600%C3%97284.webp HTTP/1.1" 200 14562 "http://cqqizhou.com/" "Mozilla/5.0 (Macintosh; Intel Mac OS X 10_15_7) AppleWebKit/537.36 (KHTML, like Gecko) Chrome/114.0.0.0 Safari/537.36"
58.17.136.12 - - [06/Jul/2026:21:24:51 +0800] "GET /wp-content/uploads/2025/07/1753453127-%E4%BD%99%E5%8D%B7product_Single600%C3%97284.webp HTTP/1.1" 200 18744 "http://cqqizhou.com/" "Mozilla/5.0 (Macintosh; Intel Mac OS X 10_15_7) AppleWebKit/537.36 (KHTML, like Gecko) Chrome/114.0.0.0 Safari/537.36"
58.17.136.12 - - [06/Jul/2026:21:24:52 +0800] "GET /wp-content/uploads/2025/12/1765268955-qizhou_Slider1_3840%C3%972160_20251210-scaled.webp HTTP/1.1" 200 152162 "http://cqqizhou.com/" "Mozilla/5.0 (Macintosh; Intel Mac OS X 10_15_7) AppleWebKit/537.36 (KHTML, like Gecko) Chrome/114.0.0.0 Safari/537.36"
58.17.136.12 - - [06/Jul/2026:21:24:53 +0800] "GET /wp-content/uploads/revslider/slider-1/1750861156-logistics_Slider_3840%C3%972160_20250625191356-scaled-50x100.webp HTTP/1.1" 200 1416 "http://cqqizhou.com/" "Mozilla/5.0 (Macintosh; Intel Mac OS X 10_15_7) AppleWebKit/537.36 (KHTML, like Gecko) Chrome/114.0.0.0 Safari/537.36"
