39.130.58.158 - - [29/Jun/2026:12:56:38 +0800] "GET /wp-content/uploads/2026/06/1782708718-1Article_images_W900px.webp HTTP/1.1" 304 0 "http://cqqizhou.com/news/2606" "Mozilla/5.0 (Windows NT 10.0; Win64; x64) AppleWebKit/537.36 (KHTML, like Gecko) Chrome/149.0.0.0 Safari/537.36 Edg/149.0.0.0"
39.130.58.158 - - [29/Jun/2026:12:56:38 +0800] "GET /wp-content/uploads/2026/06/1782708864-2Article_images_W900px.webp HTTP/1.1" 304 0 "http://cqqizhou.com/news/2606" "Mozilla/5.0 (Windows NT 10.0; Win64; x64) AppleWebKit/537.36 (KHTML, like Gecko) Chrome/149.0.0.0 Safari/537.36 Edg/149.0.0.0"
39.130.58.158 - - [29/Jun/2026:12:56:38 +0800] "GET /wp-content/uploads/2026/06/1782708865-3Article_images_W900px.webp HTTP/1.1" 304 0 "http://cqqizhou.com/news/2606" "Mozilla/5.0 (Windows NT 10.0; Win64; x64) AppleWebKit/537.36 (KHTML, like Gecko) Chrome/149.0.0.0 Safari/537.36 Edg/149.0.0.0"
39.130.58.158 - - [29/Jun/2026:12:56:38 +0800] "GET /wp-content/uploads/2026/06/1782708862-4Article_images_W900px.webp HTTP/1.1" 304 0 "http://cqqizhou.com/news/2606" "Mozilla/5.0 (Windows NT 10.0; Win64; x64) AppleWebKit/537.36 (KHTML, like Gecko) Chrome/149.0.0.0 Safari/537.36 Edg/149.0.0.0"
39.130.58.158 - - [29/Jun/2026:12:56:53 +0800] "POST /wp-admin/admin-ajax.php HTTP/1.1" 200 112 "http://cqqizhou.com/wp-admin/post.php?post=2606&action=edit" "Mozilla/5.0 (Windows NT 10.0; Win64; x64) AppleWebKit/537.36 (KHTML, like Gecko) Chrome/149.0.0.0 Safari/537.36 Edg/149.0.0.0"
39.130.58.158 - - [29/Jun/2026:12:57:03 +0800] "POST /wp-admin/admin-ajax.php HTTP/1.1" 200 112 "http://cqqizhou.com/wp-admin/post.php?post=2606&action=edit" "Mozilla/5.0 (Windows NT 10.0; Win64; x64) AppleWebKit/537.36 (KHTML, like Gecko) Chrome/149.0.0.0 Safari/537.36 Edg/149.0.0.0"
39.130.58.158 - - [29/Jun/2026:12:57:06 +0800] "POST /wp-json/wp/v2/posts/2606?_locale=user HTTP/1.1" 200 3158 "http://cqqizhou.com/wp-admin/post.php?post=2606&action=edit" "Mozilla/5.0 (Windows NT 10.0; Win64; x64) AppleWebKit/537.36 (KHTML, like Gecko) Chrome/149.0.0.0 Safari/537.36 Edg/149.0.0.0"
39.130.58.158 - - [29/Jun/2026:12:57:07 +0800] "POST /wp-admin/post.php?post=2606&action=edit&meta-box-loader=1&meta-box-loader-nonce=49f9d2d034&_locale=user HTTP/1.1" 302 5 "http://cqqizhou.com/wp-admin/post.php?post=2606&action=edit" "Mozilla/5.0 (Windows NT 10.0; Win64; x64) AppleWebKit/537.36 (KHTML, like Gecko) Chrome/149.0.0.0 Safari/537.36 Edg/149.0.0.0"
36.133.115.36 - - [29/Jun/2026:12:57:10 +0800] "POST /wp-cron.php?doing_wp_cron=1782709030.0149459838867187500000 HTTP/1.1" 200 31 "-" "WordPress/7.0; http://cqqizhou.com"
39.130.58.158 - - [29/Jun/2026:12:57:10 +0800] "GET /wp-admin/post.php?post=2606&action=edit&message=4 HTTP/1.1" 200 225333 "http://cqqizhou.com/wp-admin/post.php?post=2606&action=edit" "Mozilla/5.0 (Windows NT 10.0; Win64; x64) AppleWebKit/537.36 (KHTML, like Gecko) Chrome/149.0.0.0 Safari/537.36 Edg/149.0.0.0"
39.130.58.158 - - [29/Jun/2026:12:57:13 +0800] "POST /wp-admin/admin-ajax.php HTTP/1.1" 200 112 "http://cqqizhou.com/wp-admin/post.php?post=2606&action=edit" "Mozilla/5.0 (Windows NT 10.0; Win64; x64) AppleWebKit/537.36 (KHTML, like Gecko) Chrome/149.0.0.0 Safari/537.36 Edg/149.0.0.0"
39.130.58.158 - - [29/Jun/2026:12:57:16 +0800] "GET /news/2606 HTTP/1.1" 200 29374 "http://cqqizhou.com/wp-admin/post.php?post=2606&action=edit" "Mozilla/5.0 (Windows NT 10.0; Win64; x64) AppleWebKit/537.36 (KHTML, like Gecko) Chrome/149.0.0.0 Safari/537.36 Edg/149.0.0.0"
39.130.58.158 - - [29/Jun/2026:12:57:16 +0800] "GET /wp-content/uploads/2026/06/1782708718-1Article_images_W900px.webp HTTP/1.1" 304 0 "http://cqqizhou.com/news/2606" "Mozilla/5.0 (Windows NT 10.0; Win64; x64) AppleWebKit/537.36 (KHTML, like Gecko) Chrome/149.0.0.0 Safari/537.36 Edg/149.0.0.0"
39.130.58.158 - - [29/Jun/2026:12:57:16 +0800] "GET /wp-content/uploads/2026/06/1782708864-2Article_images_W900px.webp HTTP/1.1" 304 0 "http://cqqizhou.com/news/2606" "Mozilla/5.0 (Windows NT 10.0; Win64; x64) AppleWebKit/537.36 (KHTML, like Gecko) Chrome/149.0.0.0 Safari/537.36 Edg/149.0.0.0"
39.130.58.158 - - [29/Jun/2026:12:57:16 +0800] "GET /wp-content/uploads/2026/06/1782708865-3Article_images_W900px.webp HTTP/1.1" 304 0 "http://cqqizhou.com/news/2606" "Mozilla/5.0 (Windows NT 10.0; Win64; x64) AppleWebKit/537.36 (KHTML, like Gecko) Chrome/149.0.0.0 Safari/537.36 Edg/149.0.0.0"
39.130.58.158 - - [29/Jun/2026:12:57:16 +0800] "GET /wp-content/uploads/2026/06/1782708862-4Article_images_W900px.webp HTTP/1.1" 304 0 "http://cqqizhou.com/news/2606" "Mozilla/5.0 (Windows NT 10.0; Win64; x64) AppleWebKit/537.36 (KHTML, like Gecko) Chrome/149.0.0.0 Safari/537.36 Edg/149.0.0.0"
39.130.58.158 - - [29/Jun/2026:12:57:24 +0800] "GET /media HTTP/1.1" 200 34957 "http://cqqizhou.com/news/2606" "Mozilla/5.0 (Windows NT 10.0; Win64; x64) AppleWebKit/537.36 (KHTML, like Gecko) Chrome/149.0.0.0 Safari/537.36 Edg/149.0.0.0"
39.130.58.158 - - [29/Jun/2026:12:57:25 +0800] "GET /wp-content/uploads/2026/06/1782392245-Article_images_W900px-768x432.webp HTTP/1.1" 200 59838 "http://cqqizhou.com/media" "Mozilla/5.0 (Windows NT 10.0; Win64; x64) AppleWebKit/537.36 (KHTML, like Gecko) Chrome/149.0.0.0 Safari/537.36 Edg/149.0.0.0"
39.130.58.158 - - [29/Jun/2026:12:57:25 +0800] "GET /wp-content/uploads/2026/06/1782708718-1Article_images_W900px-768x432.webp HTTP/1.1" 200 59352 "http://cqqizhou.com/media" "Mozilla/5.0 (Windows NT 10.0; Win64; x64) AppleWebKit/537.36 (KHTML, like Gecko) Chrome/149.0.0.0 Safari/537.36 Edg/149.0.0.0"
39.130.58.158 - - [29/Jun/2026:12:57:25 +0800] "GET /wp-content/uploads/2026/06/1782182572-Article_images_W900px-768x432.webp HTTP/1.1" 200 27308 "http://cqqizhou.com/media" "Mozilla/5.0 (Windows NT 10.0; Win64; x64) AppleWebKit/537.36 (KHTML, like Gecko) Chrome/149.0.0.0 Safari/537.36 Edg/149.0.0.0"
39.130.58.158 - - [29/Jun/2026:12:57:26 +0800] "GET /wp-content/uploads/media/qizhou_Brochure.webp HTTP/1.1" 200 26142 "http://cqqizhou.com/media" "Mozilla/5.0 (Windows NT 10.0; Win64; x64) AppleWebKit/537.36 (KHTML, like Gecko) Chrome/149.0.0.0 Safari/537.36 Edg/149.0.0.0"
39.130.58.158 - - [29/Jun/2026:12:57:37 +0800] "POST /wp-admin/admin-ajax.php HTTP/1.1" 200 112 "http://cqqizhou.com/wp-admin/post.php?post=2606&action=edit" "Mozilla/5.0 (Windows NT 10.0; Win64; x64) AppleWebKit/537.36 (KHTML, like Gecko) Chrome/149.0.0.0 Safari/537.36 Edg/149.0.0.0"
39.130.58.158 - - [29/Jun/2026:12:57:39 +0800] "POST /wp-admin/admin-ajax.php HTTP/1.1" 200 32 "http://cqqizhou.com/wp-admin/post.php?post=2606&action=edit" "Mozilla/5.0 (Windows NT 10.0; Win64; x64) AppleWebKit/537.36 (KHTML, like Gecko) Chrome/149.0.0.0 Safari/537.36 Edg/149.0.0.0"
39.130.58.158 - - [29/Jun/2026:12:57:42 +0800] "GET /wp-admin/edit.php?post_type=post HTTP/1.1" 200 89913 "http://cqqizhou.com/wp-admin/post.php?post=2606&action=edit" "Mozilla/5.0 (Windows NT 10.0; Win64; x64) AppleWebKit/537.36 (KHTML, like Gecko) Chrome/149.0.0.0 Safari/537.36 Edg/149.0.0.0"
39.130.58.158 - - [29/Jun/2026:12:57:42 +0800] "GET /wp-content/uploads/2026/06/1782708718-1Article_images_W900px-150x150.webp HTTP/1.1" 304 0 "http://cqqizhou.com/wp-admin/edit.php?post_type=post" "Mozilla/5.0 (Windows NT 10.0; Win64; x64) AppleWebKit/537.36 (KHTML, like Gecko) Chrome/149.0.0.0 Safari/537.36 Edg/149.0.0.0"
39.130.58.158 - - [29/Jun/2026:12:57:43 +0800] "POST /wp-admin/admin-ajax.php HTTP/1.1" 200 78 "http://cqqizhou.com/wp-admin/edit.php?post_type=post" "Mozilla/5.0 (Windows NT 10.0; Win64; x64) AppleWebKit/537.36 (KHTML, like Gecko) Chrome/149.0.0.0 Safari/537.36 Edg/149.0.0.0"
39.130.58.158 - - [29/Jun/2026:12:57:54 +0800] "POST /wp-admin/admin-ajax.php HTTP/1.1" 200 78 "http://cqqizhou.com/wp-admin/edit.php?post_type=post" "Mozilla/5.0 (Windows NT 10.0; Win64; x64) AppleWebKit/537.36 (KHTML, like Gecko) Chrome/149.0.0.0 Safari/537.36 Edg/149.0.0.0"
39.130.58.158 - - [29/Jun/2026:12:57:56 +0800] "GET /wp-admin/plugins.php HTTP/1.1" 200 98603 "http://cqqizhou.com/wp-admin/edit.php?post_type=post" "Mozilla/5.0 (Windows NT 10.0; Win64; x64) AppleWebKit/537.36 (KHTML, like Gecko) Chrome/149.0.0.0 Safari/537.36 Edg/149.0.0.0"
39.130.58.158 - - [29/Jun/2026:12:57:56 +0800] "GET /wp-admin/load-styles.php?c=0&dir=ltr&load%5Bchunk_0%5D=dashicons,admin-bar,common,forms,admin-menu,dashboard,list-tables,edit,revisions,media,themes,about,nav-menus,wp-pointer,widgets&load%5Bchunk_1%5D=,site-icon,l10n,wp-base-styles,buttons,media-views,wp-color-picker,editor-buttons,wp-auth-check,wp-components,wp-commands,wp-jqu&load%5Bchunk_2%5D=ery-ui-dialog&ver=7.0 HTTP/1.1" 200 132525 "http://cqqizhou.com/wp-admin/plugins.php" "Mozilla/5.0 (Windows NT 10.0; Win64; x64) AppleWebKit/537.36 (KHTML, like Gecko) Chrome/149.0.0.0 Safari/537.36 Edg/149.0.0.0"
36.133.115.36 - - [29/Jun/2026:12:58:35 +0800] "POST /wp-cron.php?doing_wp_cron=1782709115.7765090465545654296875 HTTP/1.1" 200 31 "-" "WordPress/7.0; http://cqqizhou.com"
39.130.58.158 - - [29/Jun/2026:12:58:35 +0800] "POST /wp-admin/admin-ajax.php HTTP/1.1" 200 156 "http://cqqizhou.com/wp-admin/plugins.php" "Mozilla/5.0 (Windows NT 10.0; Win64; x64) AppleWebKit/537.36 (KHTML, like Gecko) Chrome/149.0.0.0 Safari/537.36 Edg/149.0.0.0"
39.130.58.158 - - [29/Jun/2026:12:58:46 +0800] "POST /wp-admin/admin-ajax.php HTTP/1.1" 200 166 "http://cqqizhou.com/wp-admin/plugins.php" "Mozilla/5.0 (Windows NT 10.0; Win64; x64) AppleWebKit/537.36 (KHTML, like Gecko) Chrome/149.0.0.0 Safari/537.36 Edg/149.0.0.0"
39.130.58.158 - - [29/Jun/2026:12:59:02 +0800] "POST /wp-admin/admin-ajax.php HTTP/1.1" 200 78 "http://cqqizhou.com/wp-admin/plugins.php" "Mozilla/5.0 (Windows NT 10.0; Win64; x64) AppleWebKit/537.36 (KHTML, like Gecko) Chrome/149.0.0.0 Safari/537.36 Edg/149.0.0.0"
39.130.58.158 - - [29/Jun/2026:12:59:03 +0800] "POST /wp-admin/admin-ajax.php HTTP/1.1" 200 149 "http://cqqizhou.com/wp-admin/plugins.php" "Mozilla/5.0 (Windows NT 10.0; Win64; x64) AppleWebKit/537.36 (KHTML, like Gecko) Chrome/149.0.0.0 Safari/537.36 Edg/149.0.0.0"
36.133.115.36 - - [29/Jun/2026:12:59:16 +0800] "POST /wp-cron.php?doing_wp_cron=1782709156.6701979637145996093750 HTTP/1.1" 200 31 "-" "WordPress/7.0; http://cqqizhou.com"
39.130.58.158 - - [29/Jun/2026:12:59:16 +0800] "POST /wp-admin/admin-ajax.php HTTP/1.1" 200 187 "http://cqqizhou.com/wp-admin/plugins.php" "Mozilla/5.0 (Windows NT 10.0; Win64; x64) AppleWebKit/537.36 (KHTML, like Gecko) Chrome/149.0.0.0 Safari/537.36 Edg/149.0.0.0"
39.130.58.158 - - [29/Jun/2026:12:59:29 +0800] "POST /wp-admin/admin-ajax.php HTTP/1.1" 200 166 "http://cqqizhou.com/wp-admin/plugins.php" "Mozilla/5.0 (Windows NT 10.0; Win64; x64) AppleWebKit/537.36 (KHTML, like Gecko) Chrome/149.0.0.0 Safari/537.36 Edg/149.0.0.0"
39.130.58.158 - - [29/Jun/2026:12:59:58 +0800] "GET /wp-admin/plugins.php HTTP/1.1" 200 97797 "http://cqqizhou.com/wp-admin/edit.php?post_type=post" "Mozilla/5.0 (Windows NT 10.0; Win64; x64) AppleWebKit/537.36 (KHTML, like Gecko) Chrome/149.0.0.0 Safari/537.36 Edg/149.0.0.0"
36.133.115.36 - - [29/Jun/2026:13:00:48 +0800] "POST /wp-cron.php?doing_wp_cron=1782709248.7175550460815429687500 HTTP/1.1" 200 31 "-" "WordPress/7.0; http://cqqizhou.com"
39.130.58.158 - - [29/Jun/2026:13:00:48 +0800] "POST /wp-admin/admin-ajax.php HTTP/1.1" 200 296 "http://cqqizhou.com/wp-admin/plugins.php" "Mozilla/5.0 (Windows NT 10.0; Win64; x64) AppleWebKit/537.36 (KHTML, like Gecko) Chrome/149.0.0.0 Safari/537.36 Edg/149.0.0.0"
39.130.58.158 - - [29/Jun/2026:13:01:00 +0800] "POST /wp-admin/admin-ajax.php HTTP/1.1" 200 78 "http://cqqizhou.com/wp-admin/plugins.php" "Mozilla/5.0 (Windows NT 10.0; Win64; x64) AppleWebKit/537.36 (KHTML, like Gecko) Chrome/149.0.0.0 Safari/537.36 Edg/149.0.0.0"
36.133.115.36 - - [29/Jun/2026:13:01:21 +0800] "POST /wp-cron.php?doing_wp_cron=1782709281.4604790210723876953125 HTTP/1.1" 200 31 "-" "WordPress/7.0; http://cqqizhou.com"
39.130.58.158 - - [29/Jun/2026:13:01:21 +0800] "GET /wp-admin/index.php HTTP/1.1" 200 87628 "http://cqqizhou.com/wp-admin/plugins.php" "Mozilla/5.0 (Windows NT 10.0; Win64; x64) AppleWebKit/537.36 (KHTML, like Gecko) Chrome/149.0.0.0 Safari/537.36 Edg/149.0.0.0"
39.130.58.158 - - [29/Jun/2026:13:01:21 +0800] "GET /wp-admin/load-styles.php?c=0&dir=ltr&load%5Bchunk_0%5D=dashicons,admin-bar,site-health,common,forms,admin-menu,dashboard,list-tables,edit,revisions,media,themes,about,nav-menus,wp-poi&load%5Bchunk_1%5D=nter,widgets,site-icon,l10n,wp-base-styles,buttons,media-views,wp-color-picker,editor-buttons,wp-auth-check,wp-components,wp-com&load%5Bchunk_2%5D=mands&ver=7.0 HTTP/1.1" 200 132452 "http://cqqizhou.com/wp-admin/index.php" "Mozilla/5.0 (Windows NT 10.0; Win64; x64) AppleWebKit/537.36 (KHTML, like Gecko) Chrome/149.0.0.0 Safari/537.36 Edg/149.0.0.0"
39.130.58.158 - - [29/Jun/2026:13:01:29 +0800] "GET / HTTP/1.1" 200 43700 "http://cqqizhou.com/wp-admin/index.php" "Mozilla/5.0 (Windows NT 10.0; Win64; x64) AppleWebKit/537.36 (KHTML, like Gecko) Chrome/149.0.0.0 Safari/537.36 Edg/149.0.0.0"
39.130.58.158 - - [29/Jun/2026:13:01:31 +0800] "GET /wp-content/uploads/2025/07/1753456723-%E5%8F%8C%E7%9B%B8%E9%92%A2roduct_Single600.webp HTTP/1.1" 200 22790 "http://cqqizhou.com/" "Mozilla/5.0 (Windows NT 10.0; Win64; x64) AppleWebKit/537.36 (KHTML, like Gecko) Chrome/149.0.0.0 Safari/537.36 Edg/149.0.0.0"
39.130.58.158 - - [29/Jun/2026:13:01:31 +0800] "GET /wp-content/uploads/2025/07/1753453096-%E5%8F%8C%E7%9B%B8%E9%92%A2product_Single600%C3%97284.webp HTTP/1.1" 200 14562 "http://cqqizhou.com/" "Mozilla/5.0 (Windows NT 10.0; Win64; x64) AppleWebKit/537.36 (KHTML, like Gecko) Chrome/149.0.0.0 Safari/537.36 Edg/149.0.0.0"
39.130.58.158 - - [29/Jun/2026:13:01:31 +0800] "GET /wp-content/uploads/2025/07/1753456770-%E7%83%AD%E9%95%80%E9%94%8C%E5%8D%B7product_Single600.webp HTTP/1.1" 200 27502 "http://cqqizhou.com/" "Mozilla/5.0 (Windows NT 10.0; Win64; x64) AppleWebKit/537.36 (KHTML, like Gecko) Chrome/149.0.0.0 Safari/537.36 Edg/149.0.0.0"
39.130.58.158 - - [29/Jun/2026:13:01:31 +0800] "GET /wp-content/uploads/2025/07/1753453127-%E4%BD%99%E5%8D%B7product_Single600%C3%97284.webp HTTP/1.1" 200 18744 "http://cqqizhou.com/" "Mozilla/5.0 (Windows NT 10.0; Win64; x64) AppleWebKit/537.36 (KHTML, like Gecko) Chrome/149.0.0.0 Safari/537.36 Edg/149.0.0.0"
39.130.58.158 - - [29/Jun/2026:13:01:32 +0800] "GET /wp-json/sliderrevolution/sliders/1?srengine=7&slideid=2 HTTP/1.1" 200 2000 "http://cqqizhou.com/" "Mozilla/5.0 (Windows NT 10.0; Win64; x64) AppleWebKit/537.36 (KHTML, like Gecko) Chrome/149.0.0.0 Safari/537.36 Edg/149.0.0.0"
39.130.58.158 - - [29/Jun/2026:13:01:32 +0800] "GET /wp-json/sliderrevolution/sliders/1?srengine=7&slideid=4 HTTP/1.1" 200 2580 "http://cqqizhou.com/" "Mozilla/5.0 (Windows NT 10.0; Win64; x64) AppleWebKit/537.36 (KHTML, like Gecko) Chrome/149.0.0.0 Safari/537.36 Edg/149.0.0.0"
39.130.58.158 - - [29/Jun/2026:13:01:32 +0800] "GET /wp-content/uploads/2026/01/1768276119-qizhoujiagong_Slider_3840%C3%972160_20260113-scaled.webp HTTP/1.1" 200 131696 "http://cqqizhou.com/" "Mozilla/5.0 (Windows NT 10.0; Win64; x64) AppleWebKit/537.36 (KHTML, like Gecko) Chrome/149.0.0.0 Safari/537.36 Edg/149.0.0.0"
39.130.58.158 - - [29/Jun/2026:13:01:32 +0800] "GET /wp-content/uploads/revslider/slider-1/1750861156-logistics_Slider_3840%C3%972160_20250625191356-scaled.webp HTTP/1.1" 200 197360 "http://cqqizhou.com/" "Mozilla/5.0 (Windows NT 10.0; Win64; x64) AppleWebKit/537.36 (KHTML, like Gecko) Chrome/149.0.0.0 Safari/537.36 Edg/149.0.0.0"
39.130.58.158 - - [29/Jun/2026:13:01:35 +0800] "GET /wp-content/uploads/2026/06/1781880807-Article_images_W900px.webp HTTP/1.1" 200 25354 "http://cqqizhou.com/news" "Mozilla/5.0 (Windows NT 10.0; Win64; x64) AppleWebKit/537.36 (KHTML, like Gecko) Chrome/149.0.0.0 Safari/537.36 Edg/149.0.0.0"
39.130.58.158 - - [29/Jun/2026:13:01:35 +0800] "GET /wp-content/uploads/2026/06/1780363378-1Article_images_W900px.webp HTTP/1.1" 200 62100 "http://cqqizhou.com/news" "Mozilla/5.0 (Windows NT 10.0; Win64; x64) AppleWebKit/537.36 (KHTML, like Gecko) Chrome/149.0.0.0 Safari/537.36 Edg/149.0.0.0"
39.130.58.158 - - [29/Jun/2026:13:01:35 +0800] "GET /wp-content/uploads/2026/05/1779957408-1Article_images_W900px.webp HTTP/1.1" 200 36526 "http://cqqizhou.com/news" "Mozilla/5.0 (Windows NT 10.0; Win64; x64) AppleWebKit/537.36 (KHTML, like Gecko) Chrome/149.0.0.0 Safari/537.36 Edg/149.0.0.0"
39.130.58.158 - - [29/Jun/2026:13:01:35 +0800] "GET /wp-content/uploads/2026/06/1780362799-1Article_images_W900px.webp HTTP/1.1" 200 61690 "http://cqqizhou.com/news" "Mozilla/5.0 (Windows NT 10.0; Win64; x64) AppleWebKit/537.36 (KHTML, like Gecko) Chrome/149.0.0.0 Safari/537.36 Edg/149.0.0.0"
39.130.58.158 - - [29/Jun/2026:13:01:35 +0800] "GET /wp-content/uploads/2026/05/1779925245-Article_images_W900px.webp HTTP/1.1" 200 27996 "http://cqqizhou.com/news" "Mozilla/5.0 (Windows NT 10.0; Win64; x64) AppleWebKit/537.36 (KHTML, like Gecko) Chrome/149.0.0.0 Safari/537.36 Edg/149.0.0.0"
39.130.58.158 - - [29/Jun/2026:13:01:35 +0800] "GET /wp-content/uploads/2026/05/1779328461-1Article_images_W900px.webp HTTP/1.1" 200 37908 "http://cqqizhou.com/news" "Mozilla/5.0 (Windows NT 10.0; Win64; x64) AppleWebKit/537.36 (KHTML, like Gecko) Chrome/149.0.0.0 Safari/537.36 Edg/149.0.0.0"
39.130.58.158 - - [29/Jun/2026:13:01:35 +0800] "GET /wp-content/uploads/2026/04/1777513410-1Article_images_W900px.webp HTTP/1.1" 200 30786 "http://cqqizhou.com/news" "Mozilla/5.0 (Windows NT 10.0; Win64; x64) AppleWebKit/537.36 (KHTML, like Gecko) Chrome/149.0.0.0 Safari/537.36 Edg/149.0.0.0"
39.130.58.158 - - [29/Jun/2026:13:01:35 +0800] "GET /wp-content/uploads/2026/05/1779059685-1Article_images_W900px.webp HTTP/1.1" 200 50738 "http://cqqizhou.com/news" "Mozilla/5.0 (Windows NT 10.0; Win64; x64) AppleWebKit/537.36 (KHTML, like Gecko) Chrome/149.0.0.0 Safari/537.36 Edg/149.0.0.0"
39.130.58.158 - - [29/Jun/2026:13:01:40 +0800] "GET /news HTTP/1.1" 200 28443 "http://cqqizhou.com/" "Mozilla/5.0 (Windows NT 10.0; Win64; x64) AppleWebKit/537.36 (KHTML, like Gecko) Chrome/149.0.0.0 Safari/537.36 Edg/149.0.0.0"
39.130.58.158 - - [29/Jun/2026:13:01:40 +0800] "GET /wp-content/uploads/2026/06/1782708718-1Article_images_W900px.webp HTTP/1.1" 304 0 "http://cqqizhou.com/news" "Mozilla/5.0 (Windows NT 10.0; Win64; x64) AppleWebKit/537.36 (KHTML, like Gecko) Chrome/149.0.0.0 Safari/537.36 Edg/149.0.0.0"
39.130.58.158 - - [29/Jun/2026:13:01:49 +0800] "GET /wp-admin/plugins.php HTTP/1.1" 200 98145 "http://cqqizhou.com/wp-admin/index.php" "Mozilla/5.0 (Windows NT 10.0; Win64; x64) AppleWebKit/537.36 (KHTML, like Gecko) Chrome/149.0.0.0 Safari/537.36 Edg/149.0.0.0"
36.133.115.36 - - [29/Jun/2026:13:02:01 +0800] "GET / HTTP/1.1" 200 35508 "-" "WordPress/7.0; http://cqqizhou.com"
39.130.58.158 - - [29/Jun/2026:13:02:03 +0800] "GET /wp-admin/options-general.php?page=wprocket HTTP/1.1" 200 98954 "http://cqqizhou.com/wp-admin/plugins.php" "Mozilla/5.0 (Windows NT 10.0; Win64; x64) AppleWebKit/537.36 (KHTML, like Gecko) Chrome/149.0.0.0 Safari/537.36 Edg/149.0.0.0"
39.130.58.158 - - [29/Jun/2026:13:02:03 +0800] "GET /wp-admin/load-styles.php?c=0&dir=ltr&load%5Bchunk_0%5D=dashicons,admin-bar,common,forms,admin-menu,dashboard,list-tables,edit,revisions,media,themes,about,nav-menus,wp-pointer,widgets&load%5Bchunk_1%5D=,site-icon,l10n,wp-base-styles,buttons,wp-auth-check,wp-components,wp-commands,media-views&ver=7.0 HTTP/1.1" 200 125809 "http://cqqizhou.com/wp-admin/options-general.php?page=wprocket" "Mozilla/5.0 (Windows NT 10.0; Win64; x64) AppleWebKit/537.36 (KHTML, like Gecko) Chrome/149.0.0.0 Safari/537.36 Edg/149.0.0.0"
39.130.58.158 - - [29/Jun/2026:13:02:03 +0800] "GET /wp-admin/load-scripts.php?c=0&load%5Bchunk_0%5D=jquery-core,jquery-migrate,utils,moxiejs,plupload&ver=7.0 HTTP/1.1" 200 66903 "http://cqqizhou.com/wp-admin/options-general.php?page=wprocket" "Mozilla/5.0 (Windows NT 10.0; Win64; x64) AppleWebKit/537.36 (KHTML, like Gecko) Chrome/149.0.0.0 Safari/537.36 Edg/149.0.0.0"
39.130.58.158 - - [29/Jun/2026:13:02:03 +0800] "GET /wp-admin/load-scripts.php?c=0&load%5Bchunk_0%5D=hoverIntent,wp-dom-ready,wp-hooks&ver=7.0 HTTP/1.1" 200 2676 "http://cqqizhou.com/wp-admin/options-general.php?page=wprocket" "Mozilla/5.0 (Windows NT 10.0; Win64; x64) AppleWebKit/537.36 (KHTML, like Gecko) Chrome/149.0.0.0 Safari/537.36 Edg/149.0.0.0"
39.130.58.158 - - [29/Jun/2026:13:02:04 +0800] "POST /wp-admin/admin-ajax.php HTTP/1.1" 200 48 "http://cqqizhou.com/wp-admin/options-general.php?page=wprocket" "Mozilla/5.0 (Windows NT 10.0; Win64; x64) AppleWebKit/537.36 (KHTML, like Gecko) Chrome/149.0.0.0 Safari/537.36 Edg/149.0.0.0"
36.133.115.36 - - [29/Jun/2026:13:02:35 +0800] "POST /wp-cron.php?doing_wp_cron=1782709355.4988019466400146484375 HTTP/1.1" 200 31 "-" "WordPress/7.0; http://cqqizhou.com"
39.130.58.158 - - [29/Jun/2026:13:02:35 +0800] "GET /wp-admin/options-general.php HTTP/1.1" 200 90476 "http://cqqizhou.com/wp-admin/options-general.php?page=wprocket" "Mozilla/5.0 (Windows NT 10.0; Win64; x64) AppleWebKit/537.36 (KHTML, like Gecko) Chrome/149.0.0.0 Safari/537.36 Edg/149.0.0.0"
39.130.58.158 - - [29/Jun/2026:13:02:40 +0800] "GET /wp-admin/admin.php?page=wpjam-basic HTTP/1.1" 200 78184 "http://cqqizhou.com/wp-admin/options-general.php" "Mozilla/5.0 (Windows NT 10.0; Win64; x64) AppleWebKit/537.36 (KHTML, like Gecko) Chrome/149.0.0.0 Safari/537.36 Edg/149.0.0.0"
39.130.58.158 - - [29/Jun/2026:13:03:00 +0800] "GET /wp-admin/options-general.php?page=wprocket HTTP/1.1" 200 98960 "http://cqqizhou.com/wp-admin/admin.php?page=wpjam-basic" "Mozilla/5.0 (Windows NT 10.0; Win64; x64) AppleWebKit/537.36 (KHTML, like Gecko) Chrome/149.0.0.0 Safari/537.36 Edg/149.0.0.0"
39.130.58.158 - - [29/Jun/2026:13:03:01 +0800] "POST /wp-admin/admin-ajax.php HTTP/1.1" 200 48 "http://cqqizhou.com/wp-admin/options-general.php?page=wprocket" "Mozilla/5.0 (Windows NT 10.0; Win64; x64) AppleWebKit/537.36 (KHTML, like Gecko) Chrome/149.0.0.0 Safari/537.36 Edg/149.0.0.0"
39.130.58.158 - - [29/Jun/2026:13:03:06 +0800] "GET /wp-admin/admin-post.php?action=purge_cache&_wp_http_referer=%2Fwp-admin%2Foptions-general.php%3Fpage%3Dwprocket&type=all&_wpnonce=b93e9a67a5 HTTP/1.1" 302 5 "http://cqqizhou.com/wp-admin/options-general.php?page=wprocket" "Mozilla/5.0 (Windows NT 10.0; Win64; x64) AppleWebKit/537.36 (KHTML, like Gecko) Chrome/149.0.0.0 Safari/537.36 Edg/149.0.0.0"
36.133.115.36 - - [29/Jun/2026:13:03:12 +0800] "POST /wp-cron.php?doing_wp_cron=1782709392.6900100708007812500000 HTTP/1.1" 200 31 "-" "WordPress/7.0; http://cqqizhou.com"
39.130.58.158 - - [29/Jun/2026:13:03:12 +0800] "GET /wp-admin/options-general.php?page=wprocket HTTP/1.1" 200 99007 "http://cqqizhou.com/wp-admin/options-general.php?page=wprocket" "Mozilla/5.0 (Windows NT 10.0; Win64; x64) AppleWebKit/537.36 (KHTML, like Gecko) Chrome/149.0.0.0 Safari/537.36 Edg/149.0.0.0"
39.130.58.158 - - [29/Jun/2026:13:03:13 +0800] "POST /wp-admin/admin-ajax.php HTTP/1.1" 200 48 "http://cqqizhou.com/wp-admin/options-general.php?page=wprocket" "Mozilla/5.0 (Windows NT 10.0; Win64; x64) AppleWebKit/537.36 (KHTML, like Gecko) Chrome/149.0.0.0 Safari/537.36 Edg/149.0.0.0"
39.130.58.158 - - [29/Jun/2026:13:03:39 +0800] "GET / HTTP/1.1" 200 43716 "http://cqqizhou.com/wp-admin/options-general.php?page=wprocket" "Mozilla/5.0 (Windows NT 10.0; Win64; x64) AppleWebKit/537.36 (KHTML, like Gecko) Chrome/149.0.0.0 Safari/537.36 Edg/149.0.0.0"
39.130.58.158 - - [29/Jun/2026:13:03:41 +0800] "GET /wp-json/sliderrevolution/sliders/1?srengine=7&slideid=4 HTTP/1.1" 200 2580 "http://cqqizhou.com/" "Mozilla/5.0 (Windows NT 10.0; Win64; x64) AppleWebKit/537.36 (KHTML, like Gecko) Chrome/149.0.0.0 Safari/537.36 Edg/149.0.0.0"
39.130.58.158 - - [29/Jun/2026:13:03:41 +0800] "GET /wp-json/sliderrevolution/sliders/1?srengine=7&slideid=2 HTTP/1.1" 200 2000 "http://cqqizhou.com/" "Mozilla/5.0 (Windows NT 10.0; Win64; x64) AppleWebKit/537.36 (KHTML, like Gecko) Chrome/149.0.0.0 Safari/537.36 Edg/149.0.0.0"
39.130.58.158 - - [29/Jun/2026:13:03:44 +0800] "GET /media HTTP/1.1" 200 34943 "http://cqqizhou.com/" "Mozilla/5.0 (Windows NT 10.0; Win64; x64) AppleWebKit/537.36 (KHTML, like Gecko) Chrome/149.0.0.0 Safari/537.36 Edg/149.0.0.0"
39.130.58.158 - - [29/Jun/2026:13:03:45 +0800] "GET /wp-content/uploads/2026/06/1782182572-Article_images_W900px-768x432.webp HTTP/1.1" 200 27308 "http://cqqizhou.com/media" "Mozilla/5.0 (Windows NT 10.0; Win64; x64) AppleWebKit/537.36 (KHTML, like Gecko) Chrome/149.0.0.0 Safari/537.36 Edg/149.0.0.0"
39.130.58.158 - - [29/Jun/2026:13:03:45 +0800] "GET /wp-content/uploads/2026/06/1782708718-1Article_images_W900px-768x432.webp HTTP/1.1" 200 59352 "http://cqqizhou.com/media" "Mozilla/5.0 (Windows NT 10.0; Win64; x64) AppleWebKit/537.36 (KHTML, like Gecko) Chrome/149.0.0.0 Safari/537.36 Edg/149.0.0.0"
39.130.58.158 - - [29/Jun/2026:13:03:45 +0800] "GET /wp-content/uploads/2026/06/1782392245-Article_images_W900px-768x432.webp HTTP/1.1" 200 59838 "http://cqqizhou.com/media" "Mozilla/5.0 (Windows NT 10.0; Win64; x64) AppleWebKit/537.36 (KHTML, like Gecko) Chrome/149.0.0.0 Safari/537.36 Edg/149.0.0.0"
39.130.58.158 - - [29/Jun/2026:13:03:51 +0800] "GET /about HTTP/1.1" 200 33068 "http://cqqizhou.com/media" "Mozilla/5.0 (Windows NT 10.0; Win64; x64) AppleWebKit/537.36 (KHTML, like Gecko) Chrome/149.0.0.0 Safari/537.36 Edg/149.0.0.0"
39.130.58.158 - - [29/Jun/2026:13:03:51 +0800] "GET /wp-content/uploads/2025/07/1750649803-qizhou800x500_2.webp HTTP/1.1" 200 63616 "http://cqqizhou.com/about" "Mozilla/5.0 (Windows NT 10.0; Win64; x64) AppleWebKit/537.36 (KHTML, like Gecko) Chrome/149.0.0.0 Safari/537.36 Edg/149.0.0.0"
39.130.58.158 - - [29/Jun/2026:13:03:51 +0800] "GET /wp-content/uploads/2025/07/1750945444-honor300%C3%97206_2.webp HTTP/1.1" 200 71296 "http://cqqizhou.com/about" "Mozilla/5.0 (Windows NT 10.0; Win64; x64) AppleWebKit/537.36 (KHTML, like Gecko) Chrome/149.0.0.0 Safari/537.36 Edg/149.0.0.0"
39.130.58.158 - - [29/Jun/2026:13:03:51 +0800] "GET /wp-content/uploads/2025/07/1750945417-honor300%C3%97206_1.webp HTTP/1.1" 200 57666 "http://cqqizhou.com/about" "Mozilla/5.0 (Windows NT 10.0; Win64; x64) AppleWebKit/537.36 (KHTML, like Gecko) Chrome/149.0.0.0 Safari/537.36 Edg/149.0.0.0"
39.130.58.158 - - [29/Jun/2026:13:03:52 +0800] "GET /wp-content/uploads/2025/07/1750671800-partner1_200x50.webp HTTP/1.1" 200 2244 "http://cqqizhou.com/about" "Mozilla/5.0 (Windows NT 10.0; Win64; x64) AppleWebKit/537.36 (KHTML, like Gecko) Chrome/149.0.0.0 Safari/537.36 Edg/149.0.0.0"
39.130.58.158 - - [29/Jun/2026:13:03:52 +0800] "GET /wp-content/uploads/2025/07/1750671801-partner2_200x50.webp HTTP/1.1" 200 3946 "http://cqqizhou.com/about" "Mozilla/5.0 (Windows NT 10.0; Win64; x64) AppleWebKit/537.36 (KHTML, like Gecko) Chrome/149.0.0.0 Safari/537.36 Edg/149.0.0.0"
39.130.58.158 - - [29/Jun/2026:13:03:52 +0800] "GET /wp-content/uploads/2025/07/1750671803-partner3_200x50.webp HTTP/1.1" 200 4414 "http://cqqizhou.com/about" "Mozilla/5.0 (Windows NT 10.0; Win64; x64) AppleWebKit/537.36 (KHTML, like Gecko) Chrome/149.0.0.0 Safari/537.36 Edg/149.0.0.0"
39.130.58.158 - - [29/Jun/2026:13:03:52 +0800] "GET /wp-content/uploads/2025/07/1750671805-partner4_200x50.webp HTTP/1.1" 200 2390 "http://cqqizhou.com/about" "Mozilla/5.0 (Windows NT 10.0; Win64; x64) AppleWebKit/537.36 (KHTML, like Gecko) Chrome/149.0.0.0 Safari/537.36 Edg/149.0.0.0"
39.130.58.158 - - [29/Jun/2026:13:03:52 +0800] "GET /wp-content/uploads/2025/07/1750671806-partner5_200x50.webp HTTP/1.1" 200 2840 "http://cqqizhou.com/about" "Mozilla/5.0 (Windows NT 10.0; Win64; x64) AppleWebKit/537.36 (KHTML, like Gecko) Chrome/149.0.0.0 Safari/537.36 Edg/149.0.0.0"
39.130.58.158 - - [29/Jun/2026:13:03:52 +0800] "GET /wp-content/uploads/2025/07/1750671808-partner6_200x50.webp HTTP/1.1" 200 3004 "http://cqqizhou.com/about" "Mozilla/5.0 (Windows NT 10.0; Win64; x64) AppleWebKit/537.36 (KHTML, like Gecko) Chrome/149.0.0.0 Safari/537.36 Edg/149.0.0.0"
39.130.58.158 - - [29/Jun/2026:13:03:52 +0800] "GET /wp-content/uploads/2025/06/1750755307-qizhoucangku2000x400_2025624.webp HTTP/1.1" 200 45470 "http://cqqizhou.com/about" "Mozilla/5.0 (Windows NT 10.0; Win64; x64) AppleWebKit/537.36 (KHTML, like Gecko) Chrome/149.0.0.0 Safari/537.36 Edg/149.0.0.0"
39.130.58.158 - - [29/Jun/2026:13:03:52 +0800] "GET /wp-content/uploads/elementor/thumbs/1751373145-About_Qizhoudalou_W800px-r91b70ok8huvvdr4ynxnf302e8ie3iydlh6ag9ew82.webp HTTP/1.1" 200 37938 "http://cqqizhou.com/about" "Mozilla/5.0 (Windows NT 10.0; Win64; x64) AppleWebKit/537.36 (KHTML, like Gecko) Chrome/149.0.0.0 Safari/537.36 Edg/149.0.0.0"
39.130.58.158 - - [29/Jun/2026:13:03:52 +0800] "GET /wp-content/uploads/elementor/thumbs/1751209300-Hello-Qizhou3-r91b71mdtei8mab1rr8x739cnvi1mafuaga3vbed3o.webp HTTP/1.1" 200 39120 "http://cqqizhou.com/about" "Mozilla/5.0 (Windows NT 10.0; Win64; x64) AppleWebKit/537.36 (KHTML, like Gecko) Chrome/149.0.0.0 Safari/537.36 Edg/149.0.0.0"
39.130.58.158 - - [29/Jun/2026:13:03:52 +0800] "GET /wp-content/uploads/2025/07/1750649186-qizhou1920x1080_3.webp HTTP/1.1" 200 134070 "http://cqqizhou.com/about" "Mozilla/5.0 (Windows NT 10.0; Win64; x64) AppleWebKit/537.36 (KHTML, like Gecko) Chrome/149.0.0.0 Safari/537.36 Edg/149.0.0.0"
39.130.58.158 - - [29/Jun/2026:13:03:52 +0800] "GET /wp-content/uploads/2025/07/1750649183-qizhou1920x1080_2.webp HTTP/1.1" 200 267936 "http://cqqizhou.com/about" "Mozilla/5.0 (Windows NT 10.0; Win64; x64) AppleWebKit/537.36 (KHTML, like Gecko) Chrome/149.0.0.0 Safari/537.36 Edg/149.0.0.0"
39.130.58.158 - - [29/Jun/2026:13:03:52 +0800] "GET /wp-content/uploads/2025/07/1750649179-qizhou1920x1080_1.webp HTTP/1.1" 200 172154 "http://cqqizhou.com/about" "Mozilla/5.0 (Windows NT 10.0; Win64; x64) AppleWebKit/537.36 (KHTML, like Gecko) Chrome/149.0.0.0 Safari/537.36 Edg/149.0.0.0"
39.130.58.158 - - [29/Jun/2026:13:03:52 +0800] "GET /wp-content/uploads/2025/07/1750649189-qizhou1920x1080_4.webp HTTP/1.1" 200 174962 "http://cqqizhou.com/about" "Mozilla/5.0 (Windows NT 10.0; Win64; x64) AppleWebKit/537.36 (KHTML, like Gecko) Chrome/149.0.0.0 Safari/537.36 Edg/149.0.0.0"
39.130.58.158 - - [29/Jun/2026:13:03:52 +0800] "GET /wp-content/uploads/2025/07/1750649193-qizhou1920x1080_5.webp HTTP/1.1" 200 110214 "http://cqqizhou.com/about" "Mozilla/5.0 (Windows NT 10.0; Win64; x64) AppleWebKit/537.36 (KHTML, like Gecko) Chrome/149.0.0.0 Safari/537.36 Edg/149.0.0.0"
39.130.58.158 - - [29/Jun/2026:13:03:52 +0800] "GET /wp-content/uploads/2025/07/1750649197-qizhou1920x1080_6.webp HTTP/1.1" 200 150354 "http://cqqizhou.com/about" "Mozilla/5.0 (Windows NT 10.0; Win64; x64) AppleWebKit/537.36 (KHTML, like Gecko) Chrome/149.0.0.0 Safari/537.36 Edg/149.0.0.0"
39.130.58.158 - - [29/Jun/2026:13:03:52 +0800] "GET /wp-content/uploads/2025/07/1750649200-qizhou1920x1080_7.webp HTTP/1.1" 200 238866 "http://cqqizhou.com/about" "Mozilla/5.0 (Windows NT 10.0; Win64; x64) AppleWebKit/537.36 (KHTML, like Gecko) Chrome/149.0.0.0 Safari/537.36 Edg/149.0.0.0"
39.130.58.158 - - [29/Jun/2026:13:03:52 +0800] "GET /wp-content/uploads/2025/07/1750649203-qizhou1920x1080_8.webp HTTP/1.1" 200 256782 "http://cqqizhou.com/about" "Mozilla/5.0 (Windows NT 10.0; Win64; x64) AppleWebKit/537.36 (KHTML, like Gecko) Chrome/149.0.0.0 Safari/537.36 Edg/149.0.0.0"
39.130.58.158 - - [29/Jun/2026:13:03:52 +0800] "GET /wp-content/uploads/2025/07/1750649207-qizhou1920x1080_9.webp HTTP/1.1" 200 146108 "http://cqqizhou.com/about" "Mozilla/5.0 (Windows NT 10.0; Win64; x64) AppleWebKit/537.36 (KHTML, like Gecko) Chrome/149.0.0.0 Safari/537.36 Edg/149.0.0.0"
39.130.58.158 - - [29/Jun/2026:13:03:52 +0800] "GET /wp-content/uploads/2025/07/1750649215-qizhou1920x1080_11.webp HTTP/1.1" 200 171642 "http://cqqizhou.com/about" "Mozilla/5.0 (Windows NT 10.0; Win64; x64) AppleWebKit/537.36 (KHTML, like Gecko) Chrome/149.0.0.0 Safari/537.36 Edg/149.0.0.0"
39.130.58.158 - - [29/Jun/2026:13:03:52 +0800] "GET /wp-content/uploads/2025/07/1750649212-qizhou1920x1080_10.webp HTTP/1.1" 200 143362 "http://cqqizhou.com/about" "Mozilla/5.0 (Windows NT 10.0; Win64; x64) AppleWebKit/537.36 (KHTML, like Gecko) Chrome/149.0.0.0 Safari/537.36 Edg/149.0.0.0"
39.130.58.158 - - [29/Jun/2026:13:03:53 +0800] "GET /wp-content/uploads/2025/07/1750945514-honor300%C3%97206_3.webp HTTP/1.1" 200 74124 "http://cqqizhou.com/about" "Mozilla/5.0 (Windows NT 10.0; Win64; x64) AppleWebKit/537.36 (KHTML, like Gecko) Chrome/149.0.0.0 Safari/537.36 Edg/149.0.0.0"
39.130.58.158 - - [29/Jun/2026:13:03:53 +0800] "GET /wp-content/uploads/2025/07/1750945616-honor300%C3%97206_4.webp HTTP/1.1" 200 33814 "http://cqqizhou.com/about" "Mozilla/5.0 (Windows NT 10.0; Win64; x64) AppleWebKit/537.36 (KHTML, like Gecko) Chrome/149.0.0.0 Safari/537.36 Edg/149.0.0.0"
39.130.58.158 - - [29/Jun/2026:13:03:53 +0800] "GET /wp-content/uploads/2025/07/1750945637-honor300%C3%97206_5.webp HTTP/1.1" 200 77368 "http://cqqizhou.com/about" "Mozilla/5.0 (Windows NT 10.0; Win64; x64) AppleWebKit/537.36 (KHTML, like Gecko) Chrome/149.0.0.0 Safari/537.36 Edg/149.0.0.0"
39.130.58.158 - - [29/Jun/2026:13:03:53 +0800] "GET /wp-content/uploads/2025/07/1750945650-honor300%C3%97206_6.webp HTTP/1.1" 200 66306 "http://cqqizhou.com/about" "Mozilla/5.0 (Windows NT 10.0; Win64; x64) AppleWebKit/537.36 (KHTML, like Gecko) Chrome/149.0.0.0 Safari/537.36 Edg/149.0.0.0"
39.130.58.158 - - [29/Jun/2026:13:03:53 +0800] "GET /wp-content/uploads/2025/07/1750656103-Visionr2000x800_20250623131702.webp HTTP/1.1" 200 57650 "http://cqqizhou.com/wp-content/uploads/elementor/css/post-1849.css?ver=1782709431" "Mozilla/5.0 (Windows NT 10.0; Win64; x64) AppleWebKit/537.36 (KHTML, like Gecko) Chrome/149.0.0.0 Safari/537.36 Edg/149.0.0.0"
39.130.58.158 - - [29/Jun/2026:13:04:00 +0800] "GET /services HTTP/1.1" 200 34902 "http://cqqizhou.com/about" "Mozilla/5.0 (Windows NT 10.0; Win64; x64) AppleWebKit/537.36 (KHTML, like Gecko) Chrome/149.0.0.0 Safari/537.36 Edg/149.0.0.0"
39.130.58.158 - - [29/Jun/2026:13:04:00 +0800] "GET /wp-content/uploads/2025/07/1751829518-Precision-processing-services800x500.webp HTTP/1.1" 200 28964 "http://cqqizhou.com/services" "Mozilla/5.0 (Windows NT 10.0; Win64; x64) AppleWebKit/537.36 (KHTML, like Gecko) Chrome/149.0.0.0 Safari/537.36 Edg/149.0.0.0"
39.130.58.158 - - [29/Jun/2026:13:04:00 +0800] "GET /wp-content/uploads/2025/12/1764853155-ISO2-731x1024.webp HTTP/1.1" 200 91446 "http://cqqizhou.com/services" "Mozilla/5.0 (Windows NT 10.0; Win64; x64) AppleWebKit/537.36 (KHTML, like Gecko) Chrome/149.0.0.0 Safari/537.36 Edg/149.0.0.0"
39.130.58.158 - - [29/Jun/2026:13:04:00 +0800] "GET /wp-content/uploads/2025/12/1764853157-ISO3-731x1024.webp HTTP/1.1" 200 105856 "http://cqqizhou.com/services" "Mozilla/5.0 (Windows NT 10.0; Win64; x64) AppleWebKit/537.36 (KHTML, like Gecko) Chrome/149.0.0.0 Safari/537.36 Edg/149.0.0.0"
39.130.58.158 - - [29/Jun/2026:13:04:00 +0800] "GET /wp-content/uploads/2025/07/1750174127-Marketing1920x800_3.webp HTTP/1.1" 200 52790 "http://cqqizhou.com/wp-content/uploads/elementor/css/post-1659.css?ver=1782709439" "Mozilla/5.0 (Windows NT 10.0; Win64; x64) AppleWebKit/537.36 (KHTML, like Gecko) Chrome/149.0.0.0 Safari/537.36 Edg/149.0.0.0"
39.130.58.158 - - [29/Jun/2026:13:04:01 +0800] "GET /wp-content/uploads/2025/12/1764853152-ISO1-731x1024.webp HTTP/1.1" 200 111032 "http://cqqizhou.com/services" "Mozilla/5.0 (Windows NT 10.0; Win64; x64) AppleWebKit/537.36 (KHTML, like Gecko) Chrome/149.0.0.0 Safari/537.36 Edg/149.0.0.0"
39.130.58.158 - - [29/Jun/2026:13:04:03 +0800] "GET /wp-content/uploads/2025/07/1751829454-Smart-warehousing800x500.webp HTTP/1.1" 200 79504 "http://cqqizhou.com/services" "Mozilla/5.0 (Windows NT 10.0; Win64; x64) AppleWebKit/537.36 (KHTML, like Gecko) Chrome/149.0.0.0 Safari/537.36 Edg/149.0.0.0"
39.130.58.158 - - [29/Jun/2026:13:04:03 +0800] "GET /wp-content/uploads/2025/07/1753405252-Services_Banner2000%C3%97400px2.webp HTTP/1.1" 200 23730 "http://cqqizhou.com/wp-content/uploads/elementor/css/post-1659.css?ver=1782709439" "Mozilla/5.0 (Windows NT 10.0; Win64; x64) AppleWebKit/537.36 (KHTML, like Gecko) Chrome/149.0.0.0 Safari/537.36 Edg/149.0.0.0"
39.130.58.158 - - [29/Jun/2026:13:04:05 +0800] "GET /wp-content/uploads/2025/12/1765265398-qizhou_Slider_3840%C3%972160_20251209-scaled.webp HTTP/1.1" 200 175208 "http://cqqizhou.com/wp-content/uploads/elementor/css/post-1659.css?ver=1782709439" "Mozilla/5.0 (Windows NT 10.0; Win64; x64) AppleWebKit/537.36 (KHTML, like Gecko) Chrome/149.0.0.0 Safari/537.36 Edg/149.0.0.0"
36.133.115.36 - - [29/Jun/2026:13:04:14 +0800] "POST /wp-cron.php?doing_wp_cron=1782709454.4885649681091308593750 HTTP/1.1" 200 31 "-" "WordPress/7.0; http://cqqizhou.com"
39.130.58.158 - - [29/Jun/2026:13:04:14 +0800] "POST /wp-admin/admin-ajax.php HTTP/1.1" 200 78 "http://cqqizhou.com/wp-admin/options-general.php?page=wprocket" "Mozilla/5.0 (Windows NT 10.0; Win64; x64) AppleWebKit/537.36 (KHTML, like Gecko) Chrome/149.0.0.0 Safari/537.36 Edg/149.0.0.0"
39.130.58.158 - - [29/Jun/2026:13:04:23 +0800] "GET /logistics HTTP/1.1" 200 34077 "http://cqqizhou.com/services" "Mozilla/5.0 (Windows NT 10.0; Win64; x64) AppleWebKit/537.36 (KHTML, like Gecko) Chrome/149.0.0.0 Safari/537.36 Edg/149.0.0.0"
39.130.58.158 - - [29/Jun/2026:13:04:23 +0800] "GET /wp-content/uploads/2026/01/1767696162-qizhoutruck3.webp HTTP/1.1" 200 19026 "http://cqqizhou.com/logistics" "Mozilla/5.0 (Windows NT 10.0; Win64; x64) AppleWebKit/537.36 (KHTML, like Gecko) Chrome/149.0.0.0 Safari/537.36 Edg/149.0.0.0"
39.130.58.158 - - [29/Jun/2026:13:04:23 +0800] "GET /wp-content/uploads/2025/12/1765862012-DSC20251216131140.webp HTTP/1.1" 200 78744 "http://cqqizhou.com/logistics" "Mozilla/5.0 (Windows NT 10.0; Win64; x64) AppleWebKit/537.36 (KHTML, like Gecko) Chrome/149.0.0.0 Safari/537.36 Edg/149.0.0.0"
39.130.58.158 - - [29/Jun/2026:13:04:23 +0800] "GET /wp-content/uploads/2025/11/1762864381-QZ_Photo-7.webp HTTP/1.1" 200 129922 "http://cqqizhou.com/logistics" "Mozilla/5.0 (Windows NT 10.0; Win64; x64) AppleWebKit/537.36 (KHTML, like Gecko) Chrome/149.0.0.0 Safari/537.36 Edg/149.0.0.0"
39.130.58.158 - - [29/Jun/2026:13:04:23 +0800] "GET /wp-content/uploads/2026/01/1767696142-aojiaqiao20260104.webp HTTP/1.1" 200 184988 "http://cqqizhou.com/wp-content/uploads/elementor/css/post-1959.css?ver=1782709462" "Mozilla/5.0 (Windows NT 10.0; Win64; x64) AppleWebKit/537.36 (KHTML, like Gecko) Chrome/149.0.0.0 Safari/537.36 Edg/149.0.0.0"
39.130.58.158 - - [29/Jun/2026:13:04:23 +0800] "GET /wp-content/uploads/logistics/Conatiner-5.webp HTTP/1.1" 200 63396 "http://cqqizhou.com/logistics" "Mozilla/5.0 (Windows NT 10.0; Win64; x64) AppleWebKit/537.36 (KHTML, like Gecko) Chrome/149.0.0.0 Safari/537.36 Edg/149.0.0.0"
39.130.58.158 - - [29/Jun/2026:13:04:24 +0800] "GET /wp-json/contact-form-7/v1/contact-forms/1444/feedback/schema HTTP/1.1" 200 270 "http://cqqizhou.com/logistics" "Mozilla/5.0 (Windows NT 10.0; Win64; x64) AppleWebKit/537.36 (KHTML, like Gecko) Chrome/149.0.0.0 Safari/537.36 Edg/149.0.0.0"
39.130.58.158 - - [29/Jun/2026:13:04:24 +0800] "GET /wp-json/contact-form-7/v1/contact-forms/1444/refill HTTP/1.1" 200 33 "http://cqqizhou.com/logistics" "Mozilla/5.0 (Windows NT 10.0; Win64; x64) AppleWebKit/537.36 (KHTML, like Gecko) Chrome/149.0.0.0 Safari/537.36 Edg/149.0.0.0"
39.130.58.158 - - [29/Jun/2026:13:04:25 +0800] "GET /wp-content/uploads/2026/02/1769999241-4.2%E7%B1%B3%E9%AB%98%E6%A0%8F%E8%B4%A7%E8%BD%A6.webp HTTP/1.1" 200 54794 "http://cqqizhou.com/logistics" "Mozilla/5.0 (Windows NT 10.0; Win64; x64) AppleWebKit/537.36 (KHTML, like Gecko) Chrome/149.0.0.0 Safari/537.36 Edg/149.0.0.0"
39.130.58.158 - - [29/Jun/2026:13:04:25 +0800] "GET /wp-content/uploads/2026/02/1769999335-17.5%E7%B1%B3%E5%B9%B3%E6%9D%BF%E8%B4%A7%E8%BD%A6.webp HTTP/1.1" 200 56978 "http://cqqizhou.com/logistics" "Mozilla/5.0 (Windows NT 10.0; Win64; x64) AppleWebKit/537.36 (KHTML, like Gecko) Chrome/149.0.0.0 Safari/537.36 Edg/149.0.0.0"
39.130.58.158 - - [29/Jun/2026:13:04:25 +0800] "GET /wp-content/uploads/2026/02/1770009968-9.6%E7%B1%B3%E4%BD%8E%E6%A0%8F%E5%B9%B3%E6%9D%BF%E8%B4%A7%E8%BD%A6.webp HTTP/1.1" 200 56690 "http://cqqizhou.com/logistics" "Mozilla/5.0 (Windows NT 10.0; Win64; x64) AppleWebKit/537.36 (KHTML, like Gecko) Chrome/149.0.0.0 Safari/537.36 Edg/149.0.0.0"
39.130.58.158 - - [29/Jun/2026:13:04:27 +0800] "GET /wp-content/uploads/2026/01/1767618076-Logistics_BG2508.webp HTTP/1.1" 200 94788 "http://cqqizhou.com/wp-content/uploads/elementor/css/post-1959.css?ver=1782709462" "Mozilla/5.0 (Windows NT 10.0; Win64; x64) AppleWebKit/537.36 (KHTML, like Gecko) Chrome/149.0.0.0 Safari/537.36 Edg/149.0.0.0"
36.133.115.36 - - [29/Jun/2026:13:17:50 +0800] "POST /wp-cron.php?doing_wp_cron=1782710270.5875570774078369140625 HTTP/1.1" 200 31 "-" "WordPress/7.0; http://cqqizhou.com"
14.215.29.105 - - [29/Jun/2026:13:17:50 +0800] "GET /2155/ HTTP/1.1" 301 5 "-" "Mozilla/5.0 (Windows NT 10.0; Win64; x64) AppleWebKit/537.36 (KHTML, like Gecko) Chrome/131.0.0.0 Safari/537.36"
14.29.109.156 - - [29/Jun/2026:13:17:53 +0800] "GET /news/2155 HTTP/1.1" 200 29575 "-" "Mozilla/5.0 (Windows NT 10.0; Win64; x64) AppleWebKit/537.36 (KHTML, like Gecko) Chrome/131.0.0.0 Safari/537.36"
36.133.115.36 - - [29/Jun/2026:13:30:12 +0800] "POST /wp-cron.php?doing_wp_cron=1782711011.9720149040222167968750 HTTP/1.1" 200 31 "-" "WordPress/7.0; http://cqqizhou.com"
52.167.144.237 - - [29/Jun/2026:13:30:12 +0800] "GET /news/2601 HTTP/1.1" 200 20557 "-" "Mozilla/5.0 AppleWebKit/537.36 (KHTML, like Gecko; compatible; bingbot/2.0; +http://www.bing.com/bingbot.htm) Chrome/116.0.1938.76 Safari/537.36"
36.133.115.36 - - [29/Jun/2026:13:32:54 +0800] "POST /wp-cron.php?doing_wp_cron=1782711174.1873679161071777343750 HTTP/1.1" 200 31 "-" "WordPress/7.0; http://cqqizhou.com"
155.254.126.125 - - [29/Jun/2026:13:32:54 +0800] "GET /Manage/Login.aspx HTTP/1.1" 404 9498 "-" "Mozilla/5.0 (Windows NT 10.0; Win64; x64) AppleWebKit/537.36 (KHTML, like Gecko) Chrome/120.0.0.0 Safari/537.36"
155.254.126.125 - - [29/Jun/2026:13:32:55 +0800] "GET /admin/login.aspx HTTP/1.1" 404 9497 "-" "Mozilla/5.0 (Windows NT 10.0; Win64; x64) AppleWebKit/537.36 (KHTML, like Gecko) Chrome/120.0.0.0 Safari/537.36"
155.254.126.125 - - [29/Jun/2026:13:32:58 +0800] "GET /Admin/Login.aspx HTTP/1.1" 404 9497 "-" "Mozilla/5.0 (Windows NT 10.0; Win64; x64) AppleWebKit/537.36 (KHTML, like Gecko) Chrome/120.0.0.0 Safari/537.36"
36.133.115.36 - - [29/Jun/2026:13:33:15 +0800] "POST /wp-cron.php?doing_wp_cron=1782711194.9958350658416748046875 HTTP/1.1" 200 31 "-" "WordPress/7.0; http://cqqizhou.com"
155.254.126.125 - - [29/Jun/2026:13:33:15 +0800] "GET /admin/Login.aspx HTTP/1.1" 404 9498 "-" "Mozilla/5.0 (Windows NT 10.0; Win64; x64) AppleWebKit/537.36 (KHTML, like Gecko) Chrome/120.0.0.0 Safari/537.36"
155.254.126.125 - - [29/Jun/2026:13:33:26 +0800] "GET /Manage/Login.aspx HTTP/1.1" 404 9498 "-" "Mozilla/5.0 (Windows NT 10.0; Win64; x64) AppleWebKit/537.36 (KHTML, like Gecko) Chrome/120.0.0.0 Safari/537.36"
155.254.126.125 - - [29/Jun/2026:13:33:35 +0800] "GET /admin/login.aspx HTTP/1.1" 404 9497 "-" "Mozilla/5.0 (Windows NT 10.0; Win64; x64) AppleWebKit/537.36 (KHTML, like Gecko) Chrome/120.0.0.0 Safari/537.36"
155.254.126.125 - - [29/Jun/2026:13:33:54 +0800] "GET /admin/Login.aspx HTTP/1.1" 404 9498 "-" "Mozilla/5.0 (Windows NT 10.0; Win64; x64) AppleWebKit/537.36 (KHTML, like Gecko) Chrome/120.0.0.0 Safari/537.36"
155.254.126.125 - - [29/Jun/2026:13:33:55 +0800] "GET /manage/login.aspx HTTP/1.1" 404 9496 "-" "Mozilla/5.0 (Windows NT 10.0; Win64; x64) AppleWebKit/537.36 (KHTML, like Gecko) Chrome/120.0.0.0 Safari/537.36"
36.133.115.36 - - [29/Jun/2026:13:42:09 +0800] "POST /wp-cron.php?doing_wp_cron=1782711729.8470840454101562500000 HTTP/1.1" 200 31 "-" "WordPress/7.0; http://cqqizhou.com"
212.125.4.206 - - [29/Jun/2026:13:42:09 +0800] "POST /xmlrpc.php HTTP/1.1" 200 217 "-" "Mozilla/5.0 (Windows NT 10.0; Win64; x64) AppleWebKit/537.43 (KHTML, like Gecko) Chrome/138.0.0.0 Safari/537.36 OPR/122.0.0.0"
36.133.115.36 - - [29/Jun/2026:13:46:16 +0800] "POST /wp-cron.php?doing_wp_cron=1782711976.2872250080108642578125 HTTP/1.1" 200 31 "-" "WordPress/7.0; http://cqqizhou.com"
119.84.246.117 - - [29/Jun/2026:13:46:16 +0800] "GET / HTTP/1.1" 301 5 "-" "-"
119.84.246.117 - - [29/Jun/2026:13:46:17 +0800] "GET / HTTP/1.1" 200 159661 "-" "-"
119.84.246.117 - - [29/Jun/2026:13:46:19 +0800] "GET / HTTP/1.1" 301 5 "-" "Mozilla/5.0 (Windows; U; Windows NT 5.2) AppleWebKit/525.13 (KHTML, like Gecko) Version/3.1 Safari/525.13"
119.84.246.117 - - [29/Jun/2026:13:46:19 +0800] "GET / HTTP/1.1" 200 35514 "-" "Mozilla/5.0 (Windows; U; Windows NT 5.2) AppleWebKit/525.13 (KHTML, like Gecko) Version/3.1 Safari/525.13"
119.84.246.117 - - [29/Jun/2026:13:46:19 +0800] "GET /wp-content/uploads/2025/07/1751425283-qizhou.kf_.qq_.com_.webp HTTP/1.1" 200 16864 "http://cqqizhou.com/" "Mozilla/5.0 (Windows; U; Windows NT 5.2) AppleWebKit/525.13 (KHTML, like Gecko) Version/3.1 Safari/525.13"
119.84.246.117 - - [29/Jun/2026:13:46:19 +0800] "GET /wp-content/uploads/2025/07/1753456723-%E5%8F%8C%E7%9B%B8%E9%92%A2roduct_Single600.webp HTTP/1.1" 200 22790 "http://cqqizhou.com/" "Mozilla/5.0 (Windows; U; Windows NT 5.2) AppleWebKit/525.13 (KHTML, like Gecko) Version/3.1 Safari/525.13"
119.84.246.117 - - [29/Jun/2026:13:46:19 +0800] "GET /wp-content/uploads/2025/07/1753453096-%E5%8F%8C%E7%9B%B8%E9%92%A2product_Single600%C3%97284.webp HTTP/1.1" 200 14562 "http://cqqizhou.com/" "Mozilla/5.0 (Windows; U; Windows NT 5.2) AppleWebKit/525.13 (KHTML, like Gecko) Version/3.1 Safari/525.13"
119.84.246.117 - - [29/Jun/2026:13:46:19 +0800] "GET /wp-content/uploads/2025/07/1753456770-%E7%83%AD%E9%95%80%E9%94%8C%E5%8D%B7product_Single600.webp HTTP/1.1" 200 27502 "http://cqqizhou.com/" "Mozilla/5.0 (Windows; U; Windows NT 5.2) AppleWebKit/525.13 (KHTML, like Gecko) Version/3.1 Safari/525.13"
119.84.246.117 - - [29/Jun/2026:13:46:19 +0800] "GET /wp-content/uploads/2025/07/1753453127-%E4%BD%99%E5%8D%B7product_Single600%C3%97284.webp HTTP/1.1" 200 18744 "http://cqqizhou.com/" "Mozilla/5.0 (Windows; U; Windows NT 5.2) AppleWebKit/525.13 (KHTML, like Gecko) Version/3.1 Safari/525.13"
119.84.246.117 - - [29/Jun/2026:13:46:19 +0800] "GET /wp-content/uploads/2026/06/1782708718-1Article_images_W900px.webp HTTP/1.1" 200 54948 "http://cqqizhou.com/" "Mozilla/5.0 (Windows; U; Windows NT 5.2) AppleWebKit/525.13 (KHTML, like Gecko) Version/3.1 Safari/525.13"
119.84.246.117 - - [29/Jun/2026:13:46:19 +0800] "GET /wp-content/uploads/2026/06/1782392245-Article_images_W900px.webp HTTP/1.1" 200 62046 "http://cqqizhou.com/" "Mozilla/5.0 (Windows; U; Windows NT 5.2) AppleWebKit/525.13 (KHTML, like Gecko) Version/3.1 Safari/525.13"
119.84.246.117 - - [29/Jun/2026:13:46:19 +0800] "GET /wp-content/uploads/2026/06/1782182572-Article_images_W900px.webp HTTP/1.1" 200 24314 "http://cqqizhou.com/" "Mozilla/5.0 (Windows; U; Windows NT 5.2) AppleWebKit/525.13 (KHTML, like Gecko) Version/3.1 Safari/525.13"
119.84.246.117 - - [29/Jun/2026:13:46:19 +0800] "GET /wp-content/uploads/2026/06/1781880807-Article_images_W900px.webp HTTP/1.1" 200 25354 "http://cqqizhou.com/" "Mozilla/5.0 (Windows; U; Windows NT 5.2) AppleWebKit/525.13 (KHTML, like Gecko) Version/3.1 Safari/525.13"
119.84.246.117 - - [29/Jun/2026:13:46:19 +0800] "GET /wp-content/uploads/2026/06/1780363378-1Article_images_W900px.webp HTTP/1.1" 200 62100 "http://cqqizhou.com/" "Mozilla/5.0 (Windows; U; Windows NT 5.2) AppleWebKit/525.13 (KHTML, like Gecko) Version/3.1 Safari/525.13"
110.249.201.138 - - [29/Jun/2026:14:28:43 +0800] "GET /wp-content/uploads/2026/06/1782392245-Article_images_W900px-768x432.webp HTTP/1.1" 200 59838 "http://cqqizhou.com/news/2418" "Mozilla/5.0 (Linux; Android 5.0) AppleWebKit/537.36 (KHTML, like Gecko) Mobile Safari/537.36 (compatible; Bytespider; https://zhanzhang.toutiao.com/)"
36.133.115.36 - - [29/Jun/2026:14:43:36 +0800] "POST /wp-cron.php?doing_wp_cron=1782715416.7088050842285156250000 HTTP/1.1" 200 31 "-" "WordPress/7.0; http://cqqizhou.com"
143.198.154.102 - - [29/Jun/2026:14:43:36 +0800] "POST /xmlrpc.php HTTP/1.1" 200 217 "-" "Mozilla/5.0 (Windows NT 10.0; WOW64) AppleWebKit/537.36 (KHTML, like Gecko) Chrome/141.0.0.0 Safari/537.36"
36.133.115.36 - - [29/Jun/2026:15:15:22 +0800] "POST /wp-cron.php?doing_wp_cron=1782717322.2182590961456298828125 HTTP/1.1" 200 31 "-" "WordPress/7.0; http://cqqizhou.com"
119.191.4.77 - - [29/Jun/2026:15:15:22 +0800] "GET / HTTP/1.1" 301 5 "-" "Mozilla/5.0 (Windows NT 6.1; WOW64) AppleWebKit/537.36 (KHTML, like Gecko) Chrome/79.0.3945.36"
119.191.4.77 - - [29/Jun/2026:15:15:22 +0800] "GET http://cqqizhou.com/ HTTP/1.1" 200 35514 "-" "Mozilla/5.0 (Windows NT 6.1; WOW64) AppleWebKit/537.36 (KHTML, like Gecko) Chrome/79.0.3945.36"
14.127.45.68 - - [29/Jun/2026:15:15:25 +0800] "GET / HTTP/1.1" 200 35514 "-" "Mozilla/5.0 (Windows NT 10.0) AppleWebKit/537.36 (KHTML, like Gecko) Chrome/73.0.3683.20"
112.86.225.113 - - [29/Jun/2026:15:15:45 +0800] "GET / HTTP/1.1" 200 35514 "-" "Sogou web spider/4.0(+http://www.sogou.com/docs/help/webmasters.htm#07)"
27.24.90.177 - - [29/Jun/2026:15:15:47 +0800] "GET http://cqqizhou.com/wp-content/uploads/2026/06/1782392245-Article_images_W900px.webp HTTP/1.1" 200 62046 "http://cqqizhou.com/" "Mozilla/5.0 (Windows NT 10.0; Win64; x64) AppleWebKit/537.36 (KHTML, like Gecko) Chrome/116.0.0.0 Safari/537.36"
36.133.115.36 - - [29/Jun/2026:15:17:33 +0800] "POST /wp-cron.php?doing_wp_cron=1782717453.6249229907989501953125 HTTP/1.1" 200 31 "-" "WordPress/7.0; http://cqqizhou.com"
223.101.7.58 - - [29/Jun/2026:15:17:33 +0800] "GET /news/2606 HTTP/1.1" 200 24927 "-" "Mozilla/5.0 (Windows NT 10.0; WOW64) AppleWebKit/537.36 (KHTML, like Gecko) Chrome/70.0.3538.16"
36.133.115.36 - - [29/Jun/2026:15:23:31 +0800] "POST /wp-cron.php?doing_wp_cron=1782717811.0207700729370117187500 HTTP/1.1" 200 31 "-" "WordPress/7.0; http://cqqizhou.com"
158.173.75.219 - - [29/Jun/2026:15:23:31 +0800] "GET /contacts HTTP/1.0" 200 79818 "http://cqqizhou.com/contacts" "Mozilla/5.0 (Windows NT 10.0; WOW64) AppleWebKit/537.36 (KHTML, like Gecko) Chrome/103.0.0.0 Safari/537.36"
