84.247.150.132 - - [29/Jun/2026:11:54:30 +0800] "GET / HTTP/1.1" 200 41028 "http://36.133.115.36" "Go-http-client/1.1"
36.133.115.36 - - [29/Jun/2026:11:57:24 +0800] "POST /wp-cron.php?doing_wp_cron=1782705443.9592449665069580078125 HTTP/1.1" 200 31 "-" "WordPress/7.0; http://cqqizhou.com"
43.130.12.43 - - [29/Jun/2026:11:57:24 +0800] "GET / HTTP/1.1" 301 5 "-" "Mozilla/5.0 (iPhone; CPU iPhone OS 13_2_3 like Mac OS X) AppleWebKit/605.1.15 (KHTML, like Gecko) Version/13.0.3 Mobile/15E148 Safari/604.1"
43.130.12.43 - - [29/Jun/2026:11:57:30 +0800] "GET / HTTP/1.1" 200 35133 "http://www.cqqizhou.com" "Mozilla/5.0 (iPhone; CPU iPhone OS 13_2_3 like Mac OS X) AppleWebKit/605.1.15 (KHTML, like Gecko) Version/13.0.3 Mobile/15E148 Safari/604.1"
36.133.115.36 - - [29/Jun/2026:11:58:34 +0800] "POST /wp-cron.php?doing_wp_cron=1782705514.4288721084594726562500 HTTP/1.1" 200 31 "-" "WordPress/7.0; http://cqqizhou.com"
122.241.162.110 - - [29/Jun/2026:11:58:34 +0800] "GET /index.php?m=api&c=PublishArticle&a=insertArchives&__post_flag=post&__post_password=cqqizhou HTTP/1.1" 301 5 "-" "Mozilla/5.0 (Windows NT 10.0; Win64; x64) AppleWebKit/537.36"
36.133.115.36 - - [29/Jun/2026:12:28:06 +0800] "POST /wp-cron.php?doing_wp_cron=1782707286.1455609798431396484375 HTTP/1.1" 200 31 "-" "WordPress/7.0; http://cqqizhou.com"
171.213.183.145 - - [29/Jun/2026:12:28:06 +0800] "GET /wp-json/oembed/1.0/embed?url=http%3A%2F%2Fcqqizhou.com%2Fnews%2F2559 HTTP/1.1" 200 1284 "-" "Mozilla/5.0 (Windows NT 10.0; Win64; x64) AppleWebKit/537.36 (KHTML, like Gecko) Chrome/142.0.0.0 Safari/537.36"
36.133.115.36 - - [29/Jun/2026:12:28:15 +0800] "POST /wp-cron.php?doing_wp_cron=1782707295.9523210525512695312500 HTTP/1.1" 200 31 "-" "WordPress/7.0; http://cqqizhou.com"
211.21.61.245 - - [29/Jun/2026:12:28:15 +0800] "POST /xmlrpc.php HTTP/1.1" 200 217 "-" "Mozilla/5.0 (Windows NT 10.0; Win64; x64; rv:140.0) Gecko/20100101 Firefox/140.0"
36.133.115.36 - - [29/Jun/2026:12:34:00 +0800] "POST /wp-cron.php?doing_wp_cron=1782707640.4962179660797119140625 HTTP/1.1" 200 31 "-" "WordPress/7.0; http://cqqizhou.com"
212.227.188.249 - - [29/Jun/2026:12:34:00 +0800] "POST /xmlrpc.php HTTP/1.1" 200 217 "-" "Mozilla/5.0 (Windows NT 10.0; WOW64) AppleWebKit/537.43 (KHTML, like Gecko) Chrome/137.0.0.0 Safari/537.36 OPR/121.0.0.0"
39.130.58.158 - - [29/Jun/2026:12:42:59 +0800] "GET / HTTP/1.1" 200 41028 "-" "Mozilla/5.0 (Windows NT 10.0; Win64; x64) AppleWebKit/537.36 (KHTML, like Gecko) Chrome/149.0.0.0 Safari/537.36 Edg/149.0.0.0"
39.130.58.158 - - [29/Jun/2026:12:42:59 +0800] "GET /wp-content/uploads/2025/07/1751425283-qizhou.kf_.qq_.com_.webp HTTP/1.1" 200 16864 "http://cqqizhou.com/" "Mozilla/5.0 (Windows NT 10.0; Win64; x64) AppleWebKit/537.36 (KHTML, like Gecko) Chrome/149.0.0.0 Safari/537.36 Edg/149.0.0.0"
39.130.58.158 - - [29/Jun/2026:12:43:00 +0800] "GET /wp-content/uploads/2025/12/1765268955-qizhou_Slider1_3840%C3%972160_20251210-scaled.webp HTTP/1.1" 200 152162 "http://cqqizhou.com/" "Mozilla/5.0 (Windows NT 10.0; Win64; x64) AppleWebKit/537.36 (KHTML, like Gecko) Chrome/149.0.0.0 Safari/537.36 Edg/149.0.0.0"
39.130.58.158 - - [29/Jun/2026:12:43:00 +0800] "GET /wp-content/uploads/2025/07/1753453096-%E5%8F%8C%E7%9B%B8%E9%92%A2product_Single600%C3%97284.webp HTTP/1.1" 200 14562 "http://cqqizhou.com/" "Mozilla/5.0 (Windows NT 10.0; Win64; x64) AppleWebKit/537.36 (KHTML, like Gecko) Chrome/149.0.0.0 Safari/537.36 Edg/149.0.0.0"
39.130.58.158 - - [29/Jun/2026:12:43:00 +0800] "GET /wp-content/uploads/2025/07/1753456770-%E7%83%AD%E9%95%80%E9%94%8C%E5%8D%B7product_Single600.webp HTTP/1.1" 200 27502 "http://cqqizhou.com/" "Mozilla/5.0 (Windows NT 10.0; Win64; x64) AppleWebKit/537.36 (KHTML, like Gecko) Chrome/149.0.0.0 Safari/537.36 Edg/149.0.0.0"
39.130.58.158 - - [29/Jun/2026:12:43:00 +0800] "GET /wp-content/uploads/2025/07/1753456723-%E5%8F%8C%E7%9B%B8%E9%92%A2roduct_Single600.webp HTTP/1.1" 200 22790 "http://cqqizhou.com/" "Mozilla/5.0 (Windows NT 10.0; Win64; x64) AppleWebKit/537.36 (KHTML, like Gecko) Chrome/149.0.0.0 Safari/537.36 Edg/149.0.0.0"
39.130.58.158 - - [29/Jun/2026:12:43:00 +0800] "GET /wp-content/uploads/2025/07/1753453127-%E4%BD%99%E5%8D%B7product_Single600%C3%97284.webp HTTP/1.1" 200 18744 "http://cqqizhou.com/" "Mozilla/5.0 (Windows NT 10.0; Win64; x64) AppleWebKit/537.36 (KHTML, like Gecko) Chrome/149.0.0.0 Safari/537.36 Edg/149.0.0.0"
39.130.58.158 - - [29/Jun/2026:12:43:00 +0800] "GET /wp-content/uploads/revslider/slider-1/1750861156-logistics_Slider_3840%C3%972160_20250625191356-scaled-50x100.webp HTTP/1.1" 200 1416 "http://cqqizhou.com/" "Mozilla/5.0 (Windows NT 10.0; Win64; x64) AppleWebKit/537.36 (KHTML, like Gecko) Chrome/149.0.0.0 Safari/537.36 Edg/149.0.0.0"
39.130.58.158 - - [29/Jun/2026:12:43:00 +0800] "GET /wp-content/uploads/2026/01/1768276119-qizhoujiagong_Slider_3840%C3%972160_20260113-scaled-50x100.webp HTTP/1.1" 200 976 "http://cqqizhou.com/" "Mozilla/5.0 (Windows NT 10.0; Win64; x64) AppleWebKit/537.36 (KHTML, like Gecko) Chrome/149.0.0.0 Safari/537.36 Edg/149.0.0.0"
36.133.115.36 - - [29/Jun/2026:12:43:01 +0800] "POST /wp-cron.php?doing_wp_cron=1782708181.6359479427337646484375 HTTP/1.1" 200 31 "-" "WordPress/7.0; http://cqqizhou.com"
39.130.58.158 - - [29/Jun/2026:12:43:01 +0800] "GET /wp-json/sliderrevolution/sliders/1?srengine=7&slideid=4 HTTP/1.1" 200 2580 "http://cqqizhou.com/" "Mozilla/5.0 (Windows NT 10.0; Win64; x64) AppleWebKit/537.36 (KHTML, like Gecko) Chrome/149.0.0.0 Safari/537.36 Edg/149.0.0.0"
39.130.58.158 - - [29/Jun/2026:12:43:01 +0800] "GET /wp-json/sliderrevolution/sliders/1?srengine=7&slideid=2 HTTP/1.1" 200 2000 "http://cqqizhou.com/" "Mozilla/5.0 (Windows NT 10.0; Win64; x64) AppleWebKit/537.36 (KHTML, like Gecko) Chrome/149.0.0.0 Safari/537.36 Edg/149.0.0.0"
39.130.58.158 - - [29/Jun/2026:12:43:01 +0800] "GET /wp-content/uploads/2026/01/1768276119-qizhoujiagong_Slider_3840%C3%972160_20260113-scaled.webp HTTP/1.1" 200 131696 "http://cqqizhou.com/" "Mozilla/5.0 (Windows NT 10.0; Win64; x64) AppleWebKit/537.36 (KHTML, like Gecko) Chrome/149.0.0.0 Safari/537.36 Edg/149.0.0.0"
39.130.58.158 - - [29/Jun/2026:12:43:01 +0800] "GET /wp-content/uploads/revslider/slider-1/1750861156-logistics_Slider_3840%C3%972160_20250625191356-scaled.webp HTTP/1.1" 200 197360 "http://cqqizhou.com/" "Mozilla/5.0 (Windows NT 10.0; Win64; x64) AppleWebKit/537.36 (KHTML, like Gecko) Chrome/149.0.0.0 Safari/537.36 Edg/149.0.0.0"
39.130.58.158 - - [29/Jun/2026:12:43:03 +0800] "GET /news HTTP/1.1" 200 26031 "http://cqqizhou.com/" "Mozilla/5.0 (Windows NT 10.0; Win64; x64) AppleWebKit/537.36 (KHTML, like Gecko) Chrome/149.0.0.0 Safari/537.36 Edg/149.0.0.0"
39.130.58.158 - - [29/Jun/2026:12:43:03 +0800] "GET /wp-content/uploads/2026/06/1782182572-Article_images_W900px.webp HTTP/1.1" 200 24314 "http://cqqizhou.com/news" "Mozilla/5.0 (Windows NT 10.0; Win64; x64) AppleWebKit/537.36 (KHTML, like Gecko) Chrome/149.0.0.0 Safari/537.36 Edg/149.0.0.0"
39.130.58.158 - - [29/Jun/2026:12:43:03 +0800] "GET /wp-content/uploads/2026/06/1781880807-Article_images_W900px.webp HTTP/1.1" 200 25354 "http://cqqizhou.com/news" "Mozilla/5.0 (Windows NT 10.0; Win64; x64) AppleWebKit/537.36 (KHTML, like Gecko) Chrome/149.0.0.0 Safari/537.36 Edg/149.0.0.0"
39.130.58.158 - - [29/Jun/2026:12:43:03 +0800] "GET /wp-content/uploads/2026/06/1780362799-1Article_images_W900px.webp HTTP/1.1" 200 61690 "http://cqqizhou.com/news" "Mozilla/5.0 (Windows NT 10.0; Win64; x64) AppleWebKit/537.36 (KHTML, like Gecko) Chrome/149.0.0.0 Safari/537.36 Edg/149.0.0.0"
39.130.58.158 - - [29/Jun/2026:12:43:03 +0800] "GET /wp-content/uploads/2026/06/1780363378-1Article_images_W900px.webp HTTP/1.1" 200 62100 "http://cqqizhou.com/news" "Mozilla/5.0 (Windows NT 10.0; Win64; x64) AppleWebKit/537.36 (KHTML, like Gecko) Chrome/149.0.0.0 Safari/537.36 Edg/149.0.0.0"
39.130.58.158 - - [29/Jun/2026:12:43:03 +0800] "GET /wp-content/uploads/2026/06/1782392245-Article_images_W900px.webp HTTP/1.1" 200 62046 "http://cqqizhou.com/news" "Mozilla/5.0 (Windows NT 10.0; Win64; x64) AppleWebKit/537.36 (KHTML, like Gecko) Chrome/149.0.0.0 Safari/537.36 Edg/149.0.0.0"
39.130.58.158 - - [29/Jun/2026:12:43:03 +0800] "GET /wp-content/uploads/2025/07/1753410289-News2000%C3%97400_202571.webp HTTP/1.1" 200 17830 "http://cqqizhou.com/news" "Mozilla/5.0 (Windows NT 10.0; Win64; x64) AppleWebKit/537.36 (KHTML, like Gecko) Chrome/149.0.0.0 Safari/537.36 Edg/149.0.0.0"
39.130.58.158 - - [29/Jun/2026:12:43:03 +0800] "GET /wp-content/uploads/2026/05/1779957408-1Article_images_W900px.webp HTTP/1.1" 200 36526 "http://cqqizhou.com/news" "Mozilla/5.0 (Windows NT 10.0; Win64; x64) AppleWebKit/537.36 (KHTML, like Gecko) Chrome/149.0.0.0 Safari/537.36 Edg/149.0.0.0"
39.130.58.158 - - [29/Jun/2026:12:43:03 +0800] "GET /wp-content/uploads/2026/05/1779328461-1Article_images_W900px.webp HTTP/1.1" 200 37908 "http://cqqizhou.com/news" "Mozilla/5.0 (Windows NT 10.0; Win64; x64) AppleWebKit/537.36 (KHTML, like Gecko) Chrome/149.0.0.0 Safari/537.36 Edg/149.0.0.0"
39.130.58.158 - - [29/Jun/2026:12:43:03 +0800] "GET /wp-content/uploads/2026/05/1779925245-Article_images_W900px.webp HTTP/1.1" 200 27996 "http://cqqizhou.com/news" "Mozilla/5.0 (Windows NT 10.0; Win64; x64) AppleWebKit/537.36 (KHTML, like Gecko) Chrome/149.0.0.0 Safari/537.36 Edg/149.0.0.0"
39.130.58.158 - - [29/Jun/2026:12:43:03 +0800] "GET /wp-content/uploads/2026/05/1779059685-1Article_images_W900px.webp HTTP/1.1" 200 50738 "http://cqqizhou.com/news" "Mozilla/5.0 (Windows NT 10.0; Win64; x64) AppleWebKit/537.36 (KHTML, like Gecko) Chrome/149.0.0.0 Safari/537.36 Edg/149.0.0.0"
39.130.58.158 - - [29/Jun/2026:12:43:03 +0800] "GET /wp-content/uploads/2026/04/1777513410-1Article_images_W900px.webp HTTP/1.1" 200 30786 "http://cqqizhou.com/news" "Mozilla/5.0 (Windows NT 10.0; Win64; x64) AppleWebKit/537.36 (KHTML, like Gecko) Chrome/149.0.0.0 Safari/537.36 Edg/149.0.0.0"
39.130.58.158 - - [29/Jun/2026:12:43:07 +0800] "GET /media HTTP/1.1" 200 32370 "http://cqqizhou.com/news" "Mozilla/5.0 (Windows NT 10.0; Win64; x64) AppleWebKit/537.36 (KHTML, like Gecko) Chrome/149.0.0.0 Safari/537.36 Edg/149.0.0.0"
39.130.58.158 - - [29/Jun/2026:12:43:07 +0800] "GET /wp-content/uploads/2026/06/1780363378-1Article_images_W900px-768x432.webp HTTP/1.1" 200 61120 "http://cqqizhou.com/media" "Mozilla/5.0 (Windows NT 10.0; Win64; x64) AppleWebKit/537.36 (KHTML, like Gecko) Chrome/149.0.0.0 Safari/537.36 Edg/149.0.0.0"
39.130.58.158 - - [29/Jun/2026:12:43:07 +0800] "GET /wp-content/uploads/2026/05/1779957408-1Article_images_W900px-768x432.webp HTTP/1.1" 200 37090 "http://cqqizhou.com/media" "Mozilla/5.0 (Windows NT 10.0; Win64; x64) AppleWebKit/537.36 (KHTML, like Gecko) Chrome/149.0.0.0 Safari/537.36 Edg/149.0.0.0"
39.130.58.158 - - [29/Jun/2026:12:43:07 +0800] "GET /wp-content/uploads/2026/06/1780362799-1Article_images_W900px-768x432.webp HTTP/1.1" 200 59518 "http://cqqizhou.com/media" "Mozilla/5.0 (Windows NT 10.0; Win64; x64) AppleWebKit/537.36 (KHTML, like Gecko) Chrome/149.0.0.0 Safari/537.36 Edg/149.0.0.0"
39.130.58.158 - - [29/Jun/2026:12:43:08 +0800] "GET /wp-content/uploads/media/qizhou_Brochure.webp HTTP/1.1" 200 26142 "http://cqqizhou.com/media" "Mozilla/5.0 (Windows NT 10.0; Win64; x64) AppleWebKit/537.36 (KHTML, like Gecko) Chrome/149.0.0.0 Safari/537.36 Edg/149.0.0.0"
39.130.58.158 - - [29/Jun/2026:12:43:24 +0800] "GET /media HTTP/1.1" 304 0 "http://cqqizhou.com/news" "Mozilla/5.0 (Windows NT 10.0; Win64; x64) AppleWebKit/537.36 (KHTML, like Gecko) Chrome/149.0.0.0 Safari/537.36 Edg/149.0.0.0"
39.130.58.158 - - [29/Jun/2026:12:43:25 +0800] "GET /media HTTP/1.1" 304 0 "http://cqqizhou.com/news" "Mozilla/5.0 (Windows NT 10.0; Win64; x64) AppleWebKit/537.36 (KHTML, like Gecko) Chrome/149.0.0.0 Safari/537.36 Edg/149.0.0.0"
39.130.58.158 - - [29/Jun/2026:12:43:26 +0800] "GET /media HTTP/1.1" 304 0 "http://cqqizhou.com/news" "Mozilla/5.0 (Windows NT 10.0; Win64; x64) AppleWebKit/537.36 (KHTML, like Gecko) Chrome/149.0.0.0 Safari/537.36 Edg/149.0.0.0"
39.130.58.158 - - [29/Jun/2026:12:43:35 +0800] "GET /news/2601 HTTP/1.1" 200 24387 "http://cqqizhou.com/news" "Mozilla/5.0 (Windows NT 10.0; Win64; x64) AppleWebKit/537.36 (KHTML, like Gecko) Chrome/149.0.0.0 Safari/537.36 Edg/149.0.0.0"
39.130.58.158 - - [29/Jun/2026:12:44:07 +0800] "GET /media HTTP/1.1" 304 0 "http://cqqizhou.com/news" "Mozilla/5.0 (Windows NT 10.0; Win64; x64) AppleWebKit/537.36 (KHTML, like Gecko) Chrome/149.0.0.0 Safari/537.36 Edg/149.0.0.0"
39.130.58.158 - - [29/Jun/2026:12:44:17 +0800] "GET /wp-content/uploads/2025/11/1762861549-%E5%85%A8%E6%99%AF%E5%90%AF%E8%88%9F%E5%9D%A4%E7%85%8C%E5%BA%93.webp HTTP/1.1" 200 18812 "http://cqqizhou.com/media" "Mozilla/5.0 (Windows NT 10.0; Win64; x64) AppleWebKit/537.36 (KHTML, like Gecko) Chrome/149.0.0.0 Safari/537.36 Edg/149.0.0.0"
39.130.58.158 - - [29/Jun/2026:12:44:17 +0800] "GET /wp-content/uploads/2025/11/1762861550-%E4%B8%87%E5%98%89%E7%9B%9B%E5%BA%93%E5%85%A8%E6%99%AF%E5%9B%BE.webp HTTP/1.1" 200 24278 "http://cqqizhou.com/media" "Mozilla/5.0 (Windows NT 10.0; Win64; x64) AppleWebKit/537.36 (KHTML, like Gecko) Chrome/149.0.0.0 Safari/537.36 Edg/149.0.0.0"
39.130.58.158 - - [29/Jun/2026:12:44:17 +0800] "GET /wp-content/uploads/2025/11/1762864378-QZ_Photo-5.webp HTTP/1.1" 200 150306 "http://cqqizhou.com/media" "Mozilla/5.0 (Windows NT 10.0; Win64; x64) AppleWebKit/537.36 (KHTML, like Gecko) Chrome/149.0.0.0 Safari/537.36 Edg/149.0.0.0"
39.130.58.158 - - [29/Jun/2026:12:44:17 +0800] "GET /wp-content/uploads/2025/11/1762908477-QZ_Photo-2.webp HTTP/1.1" 200 185928 "http://cqqizhou.com/media" "Mozilla/5.0 (Windows NT 10.0; Win64; x64) AppleWebKit/537.36 (KHTML, like Gecko) Chrome/149.0.0.0 Safari/537.36 Edg/149.0.0.0"
39.130.58.158 - - [29/Jun/2026:12:44:17 +0800] "GET /wp-content/uploads/2025/11/1762864369-QZ_Photo-11.webp HTTP/1.1" 200 240198 "http://cqqizhou.com/media" "Mozilla/5.0 (Windows NT 10.0; Win64; x64) AppleWebKit/537.36 (KHTML, like Gecko) Chrome/149.0.0.0 Safari/537.36 Edg/149.0.0.0"
39.130.58.158 - - [29/Jun/2026:12:44:17 +0800] "GET /wp-content/uploads/2025/11/1762864375-QZ_Photo-3.webp HTTP/1.1" 200 338100 "http://cqqizhou.com/media" "Mozilla/5.0 (Windows NT 10.0; Win64; x64) AppleWebKit/537.36 (KHTML, like Gecko) Chrome/149.0.0.0 Safari/537.36 Edg/149.0.0.0"
39.130.58.158 - - [29/Jun/2026:12:44:17 +0800] "GET /wp-content/uploads/2025/11/1762864376-QZ_Photo-4.webp HTTP/1.1" 200 249734 "http://cqqizhou.com/media" "Mozilla/5.0 (Windows NT 10.0; Win64; x64) AppleWebKit/537.36 (KHTML, like Gecko) Chrome/149.0.0.0 Safari/537.36 Edg/149.0.0.0"
39.130.58.158 - - [29/Jun/2026:12:44:17 +0800] "GET /wp-content/uploads/2025/11/1762864379-QZ_Photo-6.webp HTTP/1.1" 200 121336 "http://cqqizhou.com/media" "Mozilla/5.0 (Windows NT 10.0; Win64; x64) AppleWebKit/537.36 (KHTML, like Gecko) Chrome/149.0.0.0 Safari/537.36 Edg/149.0.0.0"
39.130.58.158 - - [29/Jun/2026:12:44:17 +0800] "GET /wp-content/uploads/2025/11/1762908489-QZ_Photo-9.webp HTTP/1.1" 200 149094 "http://cqqizhou.com/media" "Mozilla/5.0 (Windows NT 10.0; Win64; x64) AppleWebKit/537.36 (KHTML, like Gecko) Chrome/149.0.0.0 Safari/537.36 Edg/149.0.0.0"
39.130.58.158 - - [29/Jun/2026:12:44:17 +0800] "GET /wp-content/uploads/2025/11/1762864385-QZ_Photo-10.webp HTTP/1.1" 200 145408 "http://cqqizhou.com/media" "Mozilla/5.0 (Windows NT 10.0; Win64; x64) AppleWebKit/537.36 (KHTML, like Gecko) Chrome/149.0.0.0 Safari/537.36 Edg/149.0.0.0"
39.130.58.158 - - [29/Jun/2026:12:44:17 +0800] "GET /wp-content/uploads/2025/11/1762864370-QZ_Photo-1.webp HTTP/1.1" 200 162970 "http://cqqizhou.com/media" "Mozilla/5.0 (Windows NT 10.0; Win64; x64) AppleWebKit/537.36 (KHTML, like Gecko) Chrome/149.0.0.0 Safari/537.36 Edg/149.0.0.0"
39.130.58.158 - - [29/Jun/2026:12:44:17 +0800] "GET /wp-content/uploads/2025/07/1750649186-qizhou1920x1080_3.webp HTTP/1.1" 200 134070 "http://cqqizhou.com/media" "Mozilla/5.0 (Windows NT 10.0; Win64; x64) AppleWebKit/537.36 (KHTML, like Gecko) Chrome/149.0.0.0 Safari/537.36 Edg/149.0.0.0"
39.130.58.158 - - [29/Jun/2026:12:44:31 +0800] "GET /logistics HTTP/1.1" 200 26175 "http://cqqizhou.com/media" "Mozilla/5.0 (Windows NT 10.0; Win64; x64) AppleWebKit/537.36 (KHTML, like Gecko) Chrome/149.0.0.0 Safari/537.36 Edg/149.0.0.0"
39.130.58.158 - - [29/Jun/2026:12:44:31 +0800] "GET /wp-content/uploads/2026/01/1767696142-aojiaqiao20260104.webp HTTP/1.1" 200 184988 "http://cqqizhou.com/logistics" "Mozilla/5.0 (Windows NT 10.0; Win64; x64) AppleWebKit/537.36 (KHTML, like Gecko) Chrome/149.0.0.0 Safari/537.36 Edg/149.0.0.0"
39.130.58.158 - - [29/Jun/2026:12:44:31 +0800] "GET /wp-content/uploads/2026/01/1767696162-qizhoutruck3.webp HTTP/1.1" 200 19026 "http://cqqizhou.com/logistics" "Mozilla/5.0 (Windows NT 10.0; Win64; x64) AppleWebKit/537.36 (KHTML, like Gecko) Chrome/149.0.0.0 Safari/537.36 Edg/149.0.0.0"
39.130.58.158 - - [29/Jun/2026:12:44:31 +0800] "GET /wp-content/uploads/2025/11/1762864381-QZ_Photo-7.webp HTTP/1.1" 200 129922 "http://cqqizhou.com/logistics" "Mozilla/5.0 (Windows NT 10.0; Win64; x64) AppleWebKit/537.36 (KHTML, like Gecko) Chrome/149.0.0.0 Safari/537.36 Edg/149.0.0.0"
39.130.58.158 - - [29/Jun/2026:12:44:31 +0800] "GET /wp-content/uploads/2025/12/1765862012-DSC20251216131140.webp HTTP/1.1" 200 78744 "http://cqqizhou.com/logistics" "Mozilla/5.0 (Windows NT 10.0; Win64; x64) AppleWebKit/537.36 (KHTML, like Gecko) Chrome/149.0.0.0 Safari/537.36 Edg/149.0.0.0"
39.130.58.158 - - [29/Jun/2026:12:44:31 +0800] "GET /wp-content/uploads/logistics/Conatiner-5.webp HTTP/1.1" 200 63396 "http://cqqizhou.com/logistics" "Mozilla/5.0 (Windows NT 10.0; Win64; x64) AppleWebKit/537.36 (KHTML, like Gecko) Chrome/149.0.0.0 Safari/537.36 Edg/149.0.0.0"
36.133.115.36 - - [29/Jun/2026:12:44:32 +0800] "POST /wp-cron.php?doing_wp_cron=1782708272.0692229270935058593750 HTTP/1.1" 200 31 "-" "WordPress/7.0; http://cqqizhou.com"
39.130.58.158 - - [29/Jun/2026:12:44:32 +0800] "GET /wp-json/contact-form-7/v1/contact-forms/1444/feedback/schema HTTP/1.1" 200 270 "http://cqqizhou.com/logistics" "Mozilla/5.0 (Windows NT 10.0; Win64; x64) AppleWebKit/537.36 (KHTML, like Gecko) Chrome/149.0.0.0 Safari/537.36 Edg/149.0.0.0"
39.130.58.158 - - [29/Jun/2026:12:44:32 +0800] "GET /wp-json/contact-form-7/v1/contact-forms/1444/refill HTTP/1.1" 200 33 "http://cqqizhou.com/logistics" "Mozilla/5.0 (Windows NT 10.0; Win64; x64) AppleWebKit/537.36 (KHTML, like Gecko) Chrome/149.0.0.0 Safari/537.36 Edg/149.0.0.0"
39.130.58.158 - - [29/Jun/2026:12:44:35 +0800] "GET /wp-content/uploads/2026/02/1769999241-4.2%E7%B1%B3%E9%AB%98%E6%A0%8F%E8%B4%A7%E8%BD%A6.webp HTTP/1.1" 200 54794 "http://cqqizhou.com/logistics" "Mozilla/5.0 (Windows NT 10.0; Win64; x64) AppleWebKit/537.36 (KHTML, like Gecko) Chrome/149.0.0.0 Safari/537.36 Edg/149.0.0.0"
39.130.58.158 - - [29/Jun/2026:12:44:35 +0800] "GET /wp-content/uploads/2026/02/1770009968-9.6%E7%B1%B3%E4%BD%8E%E6%A0%8F%E5%B9%B3%E6%9D%BF%E8%B4%A7%E8%BD%A6.webp HTTP/1.1" 200 56690 "http://cqqizhou.com/logistics" "Mozilla/5.0 (Windows NT 10.0; Win64; x64) AppleWebKit/537.36 (KHTML, like Gecko) Chrome/149.0.0.0 Safari/537.36 Edg/149.0.0.0"
39.130.58.158 - - [29/Jun/2026:12:44:35 +0800] "GET /wp-content/uploads/2026/02/1769999335-17.5%E7%B1%B3%E5%B9%B3%E6%9D%BF%E8%B4%A7%E8%BD%A6.webp HTTP/1.1" 200 56978 "http://cqqizhou.com/logistics" "Mozilla/5.0 (Windows NT 10.0; Win64; x64) AppleWebKit/537.36 (KHTML, like Gecko) Chrome/149.0.0.0 Safari/537.36 Edg/149.0.0.0"
39.130.58.158 - - [29/Jun/2026:12:44:38 +0800] "GET /wp-content/uploads/2026/01/1767618076-Logistics_BG2508.webp HTTP/1.1" 200 94788 "http://cqqizhou.com/wp-content/uploads/elementor/css/post-1959.css?ver=1778302799" "Mozilla/5.0 (Windows NT 10.0; Win64; x64) AppleWebKit/537.36 (KHTML, like Gecko) Chrome/149.0.0.0 Safari/537.36 Edg/149.0.0.0"
36.133.115.36 - - [29/Jun/2026:12:46:59 +0800] "POST /wp-cron.php?doing_wp_cron=1782708419.2617909908294677734375 HTTP/1.1" 200 31 "-" "WordPress/7.0; http://cqqizhou.com"
39.130.58.158 - - [29/Jun/2026:12:46:59 +0800] "GET /wp-admin/ HTTP/1.1" 302 5 "-" "Mozilla/5.0 (Windows NT 10.0; Win64; x64) AppleWebKit/537.36 (KHTML, like Gecko) Chrome/149.0.0.0 Safari/537.36 Edg/149.0.0.0"
39.130.58.158 - - [29/Jun/2026:12:47:00 +0800] "GET /wp-login.php?redirect_to=http%3A%2F%2Fcqqizhou.com%2Fwp-admin%2F&reauth=1 HTTP/1.1" 200 2821 "-" "Mozilla/5.0 (Windows NT 10.0; Win64; x64) AppleWebKit/537.36 (KHTML, like Gecko) Chrome/149.0.0.0 Safari/537.36 Edg/149.0.0.0"
39.130.58.158 - - [29/Jun/2026:12:47:03 +0800] "POST /wp-login.php HTTP/1.1" 302 5 "http://cqqizhou.com/wp-login.php?redirect_to=http%3A%2F%2Fcqqizhou.com%2Fwp-admin%2F&reauth=1" "Mozilla/5.0 (Windows NT 10.0; Win64; x64) AppleWebKit/537.36 (KHTML, like Gecko) Chrome/149.0.0.0 Safari/537.36 Edg/149.0.0.0"
36.133.115.36 - - [29/Jun/2026:12:47:09 +0800] "POST /wp-cron.php?doing_wp_cron=1782708429.2069780826568603515625 HTTP/1.1" 200 31 "-" "WordPress/7.0; http://cqqizhou.com"
39.130.58.158 - - [29/Jun/2026:12:47:09 +0800] "GET /wp-admin/ HTTP/1.1" 200 87732 "http://cqqizhou.com/wp-login.php?redirect_to=http%3A%2F%2Fcqqizhou.com%2Fwp-admin%2F&reauth=1" "Mozilla/5.0 (Windows NT 10.0; Win64; x64) AppleWebKit/537.36 (KHTML, like Gecko) Chrome/149.0.0.0 Safari/537.36 Edg/149.0.0.0"
39.130.58.158 - - [29/Jun/2026:12:47:09 +0800] "GET /wp-admin/load-scripts.php?c=0&load%5Bchunk_0%5D=jquery-core,jquery-migrate,utils,wp-dom-ready,wp-hooks&ver=7.0 HTTP/1.1" 200 36950 "http://cqqizhou.com/wp-admin/" "Mozilla/5.0 (Windows NT 10.0; Win64; x64) AppleWebKit/537.36 (KHTML, like Gecko) Chrome/149.0.0.0 Safari/537.36 Edg/149.0.0.0"
39.130.58.158 - - [29/Jun/2026:12:47:09 +0800] "GET /wp-admin/load-styles.php?c=0&dir=ltr&load%5Bchunk_0%5D=dashicons,admin-bar,site-health,common,forms,admin-menu,dashboard,list-tables,edit,revisions,media,themes,about,nav-menus,wp-poi&load%5Bchunk_1%5D=nter,widgets,site-icon,l10n,wp-base-styles,buttons,media-views,wp-color-picker,editor-buttons,wp-auth-check,wp-components,wp-com&load%5Bchunk_2%5D=mands&ver=7.0 HTTP/1.1" 200 132444 "http://cqqizhou.com/wp-admin/" "Mozilla/5.0 (Windows NT 10.0; Win64; x64) AppleWebKit/537.36 (KHTML, like Gecko) Chrome/149.0.0.0 Safari/537.36 Edg/149.0.0.0"
39.130.58.158 - - [29/Jun/2026:12:47:10 +0800] "GET /wp-admin/load-scripts.php?c=0&load%5Bchunk_0%5D=hoverIntent&ver=7.0 HTTP/1.1" 200 719 "http://cqqizhou.com/wp-admin/" "Mozilla/5.0 (Windows NT 10.0; Win64; x64) AppleWebKit/537.36 (KHTML, like Gecko) Chrome/149.0.0.0 Safari/537.36 Edg/149.0.0.0"
39.130.58.158 - - [29/Jun/2026:12:47:57 +0800] "GET /wp-admin/post-new.php HTTP/1.1" 200 223041 "http://cqqizhou.com/wp-admin/" "Mozilla/5.0 (Windows NT 10.0; Win64; x64) AppleWebKit/537.36 (KHTML, like Gecko) Chrome/149.0.0.0 Safari/537.36 Edg/149.0.0.0"
39.130.58.158 - - [29/Jun/2026:12:47:58 +0800] "GET /?action=kirki-styles&editor=1&ver=4.0 HTTP/1.1" 200 210 "http://cqqizhou.com/wp-admin/post-new.php" "Mozilla/5.0 (Windows NT 10.0; Win64; x64) AppleWebKit/537.36 (KHTML, like Gecko) Chrome/149.0.0.0 Safari/537.36 Edg/149.0.0.0"
39.130.58.158 - - [29/Jun/2026:12:47:58 +0800] "GET /wp-admin/load-styles.php?c=0&dir=ltr&load%5Bchunk_0%5D=dashicons,admin-bar,buttons,media-views,editor-buttons,wp-components,wp-preferences,wp-block-editor,wp-reusable-blocks,wp-patter&load%5Bchunk_1%5D=ns,wp-editor,wp-base-styles,common,forms,wp-reset-editor-styles,wp-block-library,wp-block-editor-content,wp-editor-classic-layou&load%5Bchunk_2%5D=t-styles,wp-edit-blocks,wp-commands,wp-edit-post,wp-block-directory,wp-format-library,admin-menu,dashboard,list-tables,edit,revi&load%5Bchunk_3%5D=sions,media,themes,about,nav-menus,wp-pointer,widgets,site-icon,l10n,wp-color-picker,wp-auth-check,classic-theme-styles,wp-jquer&load%5Bchunk_4%5D=y-ui-dialog&ver=7.0 HTTP/1.1" 200 201420 "http://cqqizhou.com/wp-admin/post-new.php" "Mozilla/5.0 (Windows NT 10.0; Win64; x64) AppleWebKit/537.36 (KHTML, like Gecko) Chrome/149.0.0.0 Safari/537.36 Edg/149.0.0.0"
39.130.58.158 - - [29/Jun/2026:12:47:59 +0800] "GET /wp-admin/load-scripts.php?c=0&load%5Bchunk_0%5D=wp-polyfill&ver=7.0 HTTP/1.1" 200 11912 "-" "Mozilla/5.0 (Windows NT 10.0; Win64; x64) AppleWebKit/537.36 (KHTML, like Gecko) Chrome/149.0.0.0 Safari/537.36 Edg/149.0.0.0"
39.130.58.158 - - [29/Jun/2026:12:48:00 +0800] "GET /wp-json/wp/v2/comments?context=edit&post=2606&type=note&status=all&per_page=100&_locale=user HTTP/1.1" 200 33 "http://cqqizhou.com/wp-admin/post-new.php" "Mozilla/5.0 (Windows NT 10.0; Win64; x64) AppleWebKit/537.36 (KHTML, like Gecko) Chrome/149.0.0.0 Safari/537.36 Edg/149.0.0.0"
39.130.58.158 - - [29/Jun/2026:12:48:00 +0800] "OPTIONS /wp-json/wp/v2/settings?_locale=user HTTP/1.1" 200 1301 "http://cqqizhou.com/wp-admin/post-new.php" "Mozilla/5.0 (Windows NT 10.0; Win64; x64) AppleWebKit/537.36 (KHTML, like Gecko) Chrome/149.0.0.0 Safari/537.36 Edg/149.0.0.0"
39.130.58.158 - - [29/Jun/2026:12:48:00 +0800] "GET /wp-json/wp/v2/users/1?context=view&_fields=id%2Cname&_locale=user HTTP/1.1" 200 54 "http://cqqizhou.com/wp-admin/post-new.php" "Mozilla/5.0 (Windows NT 10.0; Win64; x64) AppleWebKit/537.36 (KHTML, like Gecko) Chrome/149.0.0.0 Safari/537.36 Edg/149.0.0.0"
39.130.58.158 - - [29/Jun/2026:12:48:00 +0800] "GET /wp-json/wp/v2/blocks?context=edit&per_page=100&page=1&_locale=user HTTP/1.1" 200 33 "http://cqqizhou.com/wp-admin/post-new.php" "Mozilla/5.0 (Windows NT 10.0; Win64; x64) AppleWebKit/537.36 (KHTML, like Gecko) Chrome/149.0.0.0 Safari/537.36 Edg/149.0.0.0"
39.130.58.158 - - [29/Jun/2026:12:48:00 +0800] "GET /wp-json/wp/v2/taxonomies?context=edit&per_page=100&_locale=user HTTP/1.1" 200 1742 "http://cqqizhou.com/wp-admin/post-new.php" "Mozilla/5.0 (Windows NT 10.0; Win64; x64) AppleWebKit/537.36 (KHTML, like Gecko) Chrome/149.0.0.0 Safari/537.36 Edg/149.0.0.0"
39.130.58.158 - - [29/Jun/2026:12:48:01 +0800] "GET /?action=kirki-styles&editor=1&ver=4.0 HTTP/1.1" 200 210 "-" "Mozilla/5.0 (Windows NT 10.0; Win64; x64) AppleWebKit/537.36 (KHTML, like Gecko) Chrome/149.0.0.0 Safari/537.36 Edg/149.0.0.0"
39.130.58.158 - - [29/Jun/2026:12:48:01 +0800] "OPTIONS /wp-json/wp/v2/posts?_locale=user HTTP/1.1" 200 2962 "http://cqqizhou.com/wp-admin/post-new.php" "Mozilla/5.0 (Windows NT 10.0; Win64; x64) AppleWebKit/537.36 (KHTML, like Gecko) Chrome/149.0.0.0 Safari/537.36 Edg/149.0.0.0"
39.130.58.158 - - [29/Jun/2026:12:48:01 +0800] "GET /wp-json/wp/v2/wp_pattern_category?context=view&per_page=100&_fields=id%2Cname%2Cdescription%2Cslug&_locale=user HTTP/1.1" 200 33 "http://cqqizhou.com/wp-admin/post-new.php" "Mozilla/5.0 (Windows NT 10.0; Win64; x64) AppleWebKit/537.36 (KHTML, like Gecko) Chrome/149.0.0.0 Safari/537.36 Edg/149.0.0.0"
39.130.58.158 - - [29/Jun/2026:12:48:01 +0800] "GET /wp-json/wp/v2/templates/lookup?slug=single-post-2606&_locale=user HTTP/1.1" 200 33 "http://cqqizhou.com/wp-admin/post-new.php" "Mozilla/5.0 (Windows NT 10.0; Win64; x64) AppleWebKit/537.36 (KHTML, like Gecko) Chrome/149.0.0.0 Safari/537.36 Edg/149.0.0.0"
39.130.58.158 - - [29/Jun/2026:12:48:01 +0800] "GET /wp-json/wp/v2/pages/1665?context=edit&_locale=user HTTP/1.1" 200 764 "http://cqqizhou.com/wp-admin/post-new.php" "Mozilla/5.0 (Windows NT 10.0; Win64; x64) AppleWebKit/537.36 (KHTML, like Gecko) Chrome/149.0.0.0 Safari/537.36 Edg/149.0.0.0"
39.130.58.158 - - [29/Jun/2026:12:48:02 +0800] "GET /wp-json/wp/v2/categories?context=view&per_page=100&orderby=name&order=asc&_fields=id%2Cname%2Cparent&page=1&_locale=user HTTP/1.1" 200 144 "http://cqqizhou.com/wp-admin/post-new.php" "Mozilla/5.0 (Windows NT 10.0; Win64; x64) AppleWebKit/537.36 (KHTML, like Gecko) Chrome/149.0.0.0 Safari/537.36 Edg/149.0.0.0"
39.130.58.158 - - [29/Jun/2026:12:48:02 +0800] "GET /wp-json/wp/v2/tags?context=view&per_page=10&orderby=count&order=desc&hide_empty=true&_fields=id%2Cname%2Ccount&_locale=user HTTP/1.1" 200 209 "http://cqqizhou.com/wp-admin/post-new.php" "Mozilla/5.0 (Windows NT 10.0; Win64; x64) AppleWebKit/537.36 (KHTML, like Gecko) Chrome/149.0.0.0 Safari/537.36 Edg/149.0.0.0"
39.130.58.158 - - [29/Jun/2026:12:48:06 +0800] "GET /wp-json/wp/v2/block-patterns/patterns?_locale=user HTTP/1.1" 200 21000 "http://cqqizhou.com/wp-admin/post-new.php" "Mozilla/5.0 (Windows NT 10.0; Win64; x64) AppleWebKit/537.36 (KHTML, like Gecko) Chrome/149.0.0.0 Safari/537.36 Edg/149.0.0.0"
36.133.115.36 - - [29/Jun/2026:12:48:10 +0800] "POST /wp-cron.php?doing_wp_cron=1782708490.1597731113433837890625 HTTP/1.1" 200 31 "-" "WordPress/7.0; http://cqqizhou.com"
39.130.58.158 - - [29/Jun/2026:12:48:10 +0800] "POST /wp-admin/admin-ajax.php HTTP/1.1" 200 112 "http://cqqizhou.com/wp-admin/post-new.php" "Mozilla/5.0 (Windows NT 10.0; Win64; x64) AppleWebKit/537.36 (KHTML, like Gecko) Chrome/149.0.0.0 Safari/537.36 Edg/149.0.0.0"
39.130.58.158 - - [29/Jun/2026:12:48:20 +0800] "POST /wp-admin/admin-ajax.php HTTP/1.1" 200 112 "http://cqqizhou.com/wp-admin/post-new.php" "Mozilla/5.0 (Windows NT 10.0; Win64; x64) AppleWebKit/537.36 (KHTML, like Gecko) Chrome/149.0.0.0 Safari/537.36 Edg/149.0.0.0"
39.130.58.158 - - [29/Jun/2026:12:48:34 +0800] "POST /wp-admin/admin-ajax.php HTTP/1.1" 200 112 "http://cqqizhou.com/wp-admin/post-new.php" "Mozilla/5.0 (Windows NT 10.0; Win64; x64) AppleWebKit/537.36 (KHTML, like Gecko) Chrome/149.0.0.0 Safari/537.36 Edg/149.0.0.0"
39.130.58.158 - - [29/Jun/2026:12:48:44 +0800] "POST /wp-admin/admin-ajax.php HTTP/1.1" 200 112 "http://cqqizhou.com/wp-admin/post-new.php" "Mozilla/5.0 (Windows NT 10.0; Win64; x64) AppleWebKit/537.36 (KHTML, like Gecko) Chrome/149.0.0.0 Safari/537.36 Edg/149.0.0.0"
39.130.58.158 - - [29/Jun/2026:12:49:00 +0800] "POST /wp-json/wp/v2/posts/2606/autosaves?_locale=user HTTP/1.1" 200 328 "http://cqqizhou.com/wp-admin/post-new.php" "Mozilla/5.0 (Windows NT 10.0; Win64; x64) AppleWebKit/537.36 (KHTML, like Gecko) Chrome/149.0.0.0 Safari/537.36 Edg/149.0.0.0"
36.133.115.36 - - [29/Jun/2026:12:49:12 +0800] "POST /wp-cron.php?doing_wp_cron=1782708552.1274099349975585937500 HTTP/1.1" 200 31 "-" "WordPress/7.0; http://cqqizhou.com"
39.130.58.158 - - [29/Jun/2026:12:49:12 +0800] "POST /wp-admin/admin-ajax.php HTTP/1.1" 200 112 "http://cqqizhou.com/wp-admin/post.php?post=2606&action=edit" "Mozilla/5.0 (Windows NT 10.0; Win64; x64) AppleWebKit/537.36 (KHTML, like Gecko) Chrome/149.0.0.0 Safari/537.36 Edg/149.0.0.0"
39.130.58.158 - - [29/Jun/2026:12:49:22 +0800] "POST /wp-admin/admin-ajax.php HTTP/1.1" 200 112 "http://cqqizhou.com/wp-admin/post.php?post=2606&action=edit" "Mozilla/5.0 (Windows NT 10.0; Win64; x64) AppleWebKit/537.36 (KHTML, like Gecko) Chrome/149.0.0.0 Safari/537.36 Edg/149.0.0.0"
36.133.115.36 - - [29/Jun/2026:12:51:23 +0800] "POST /wp-cron.php?doing_wp_cron=1782708683.5583050251007080078125 HTTP/1.1" 200 31 "-" "WordPress/7.0; http://cqqizhou.com"
39.130.58.158 - - [29/Jun/2026:12:51:23 +0800] "POST /wp-admin/admin-ajax.php HTTP/1.1" 200 112 "http://cqqizhou.com/wp-admin/post.php?post=2606&action=edit" "Mozilla/5.0 (Windows NT 10.0; Win64; x64) AppleWebKit/537.36 (KHTML, like Gecko) Chrome/149.0.0.0 Safari/537.36 Edg/149.0.0.0"
39.130.58.158 - - [29/Jun/2026:12:51:50 +0800] "POST /wp-admin/admin-ajax.php HTTP/1.1" 200 112 "http://cqqizhou.com/wp-admin/post.php?post=2606&action=edit" "Mozilla/5.0 (Windows NT 10.0; Win64; x64) AppleWebKit/537.36 (KHTML, like Gecko) Chrome/149.0.0.0 Safari/537.36 Edg/149.0.0.0"
39.130.58.158 - - [29/Jun/2026:12:51:52 +0800] "POST /wp-admin/admin-ajax.php HTTP/1.1" 200 11265 "http://cqqizhou.com/wp-admin/post.php?post=2606&action=edit" "Mozilla/5.0 (Windows NT 10.0; Win64; x64) AppleWebKit/537.36 (KHTML, like Gecko) Chrome/149.0.0.0 Safari/537.36 Edg/149.0.0.0"
39.130.58.158 - - [29/Jun/2026:12:51:52 +0800] "GET /wp-content/uploads/2026/06/1782392245-Article_images_W900px-300x169.webp HTTP/1.1" 200 13736 "http://cqqizhou.com/wp-admin/post.php?post=2606&action=edit" "Mozilla/5.0 (Windows NT 10.0; Win64; x64) AppleWebKit/537.36 (KHTML, like Gecko) Chrome/149.0.0.0 Safari/537.36 Edg/149.0.0.0"
39.130.58.158 - - [29/Jun/2026:12:51:52 +0800] "GET /wp-content/uploads/2026/06/1782182572-Article_images_W900px-300x169.webp HTTP/1.1" 200 9224 "http://cqqizhou.com/wp-admin/post.php?post=2606&action=edit" "Mozilla/5.0 (Windows NT 10.0; Win64; x64) AppleWebKit/537.36 (KHTML, like Gecko) Chrome/149.0.0.0 Safari/537.36 Edg/149.0.0.0"
39.130.58.158 - - [29/Jun/2026:12:51:52 +0800] "GET /wp-content/uploads/2026/06/1781880807-Article_images_W900px-300x169.webp HTTP/1.1" 200 7478 "http://cqqizhou.com/wp-admin/post.php?post=2606&action=edit" "Mozilla/5.0 (Windows NT 10.0; Win64; x64) AppleWebKit/537.36 (KHTML, like Gecko) Chrome/149.0.0.0 Safari/537.36 Edg/149.0.0.0"
39.130.58.158 - - [29/Jun/2026:12:51:52 +0800] "GET /wp-content/uploads/2026/06/1780363377-2Article_images_W900px-300x202.webp HTTP/1.1" 200 15426 "http://cqqizhou.com/wp-admin/post.php?post=2606&action=edit" "Mozilla/5.0 (Windows NT 10.0; Win64; x64) AppleWebKit/537.36 (KHTML, like Gecko) Chrome/149.0.0.0 Safari/537.36 Edg/149.0.0.0"
39.130.58.158 - - [29/Jun/2026:12:51:52 +0800] "GET /wp-content/uploads/2026/06/1780363378-1Article_images_W900px-300x169.webp HTTP/1.1" 200 15744 "http://cqqizhou.com/wp-admin/post.php?post=2606&action=edit" "Mozilla/5.0 (Windows NT 10.0; Win64; x64) AppleWebKit/537.36 (KHTML, like Gecko) Chrome/149.0.0.0 Safari/537.36 Edg/149.0.0.0"
39.130.58.158 - - [29/Jun/2026:12:51:52 +0800] "GET /wp-content/uploads/2026/06/1780363375-3Article_images_W900px-300x225.webp HTTP/1.1" 200 14236 "http://cqqizhou.com/wp-admin/post.php?post=2606&action=edit" "Mozilla/5.0 (Windows NT 10.0; Win64; x64) AppleWebKit/537.36 (KHTML, like Gecko) Chrome/149.0.0.0 Safari/537.36 Edg/149.0.0.0"
39.130.58.158 - - [29/Jun/2026:12:51:52 +0800] "GET /wp-content/uploads/2026/05/1779957409-2Article_images_W900px-300x225.webp HTTP/1.1" 200 13172 "http://cqqizhou.com/wp-admin/post.php?post=2606&action=edit" "Mozilla/5.0 (Windows NT 10.0; Win64; x64) AppleWebKit/537.36 (KHTML, like Gecko) Chrome/149.0.0.0 Safari/537.36 Edg/149.0.0.0"
39.130.58.158 - - [29/Jun/2026:12:51:52 +0800] "GET /wp-content/uploads/2026/03/1772713922-Article_images_W900px-300x167.webp HTTP/1.1" 200 10326 "http://cqqizhou.com/wp-admin/post.php?post=2606&action=edit" "Mozilla/5.0 (Windows NT 10.0; Win64; x64) AppleWebKit/537.36 (KHTML, like Gecko) Chrome/149.0.0.0 Safari/537.36 Edg/149.0.0.0"
39.130.58.158 - - [29/Jun/2026:12:51:52 +0800] "GET /wp-content/uploads/2026/03/1773722871-3Article_images_W900px-300x169.webp HTTP/1.1" 200 14072 "http://cqqizhou.com/wp-admin/post.php?post=2606&action=edit" "Mozilla/5.0 (Windows NT 10.0; Win64; x64) AppleWebKit/537.36 (KHTML, like Gecko) Chrome/149.0.0.0 Safari/537.36 Edg/149.0.0.0"
39.130.58.158 - - [29/Jun/2026:12:51:52 +0800] "GET /wp-content/uploads/2026/02/1772086672-%E5%BC%80%E5%B7%A5%E5%A4%A7%E5%90%89%E5%B0%81%E9%9D%A2%E5%A4%B4%E5%9B%BEArticle_images_W900%C3%97500px-300x167.webp HTTP/1.1" 200 21246 "http://cqqizhou.com/wp-admin/post.php?post=2606&action=edit" "Mozilla/5.0 (Windows NT 10.0; Win64; x64) AppleWebKit/537.36 (KHTML, like Gecko) Chrome/149.0.0.0 Safari/537.36 Edg/149.0.0.0"
39.130.58.158 - - [29/Jun/2026:12:51:52 +0800] "GET /wp-content/uploads/2026/05/1779059684-2Article_images_W900px-300x225.webp HTTP/1.1" 200 24690 "http://cqqizhou.com/wp-admin/post.php?post=2606&action=edit" "Mozilla/5.0 (Windows NT 10.0; Win64; x64) AppleWebKit/537.36 (KHTML, like Gecko) Chrome/149.0.0.0 Safari/537.36 Edg/149.0.0.0"
39.130.58.158 - - [29/Jun/2026:12:51:52 +0800] "GET /wp-content/uploads/2026/05/1779957408-1Article_images_W900px-300x169.webp HTTP/1.1" 200 11432 "http://cqqizhou.com/wp-admin/post.php?post=2606&action=edit" "Mozilla/5.0 (Windows NT 10.0; Win64; x64) AppleWebKit/537.36 (KHTML, like Gecko) Chrome/149.0.0.0 Safari/537.36 Edg/149.0.0.0"
39.130.58.158 - - [29/Jun/2026:12:51:52 +0800] "GET /wp-content/uploads/2026/04/1775865981-2Article_images_W900px-300x292.webp HTTP/1.1" 200 14944 "http://cqqizhou.com/wp-admin/post.php?post=2606&action=edit" "Mozilla/5.0 (Windows NT 10.0; Win64; x64) AppleWebKit/537.36 (KHTML, like Gecko) Chrome/149.0.0.0 Safari/537.36 Edg/149.0.0.0"
39.130.58.158 - - [29/Jun/2026:12:51:52 +0800] "GET /wp-content/uploads/2026/05/1779925244-2Article_images_W900px-300x225.webp HTTP/1.1" 200 3328 "http://cqqizhou.com/wp-admin/post.php?post=2606&action=edit" "Mozilla/5.0 (Windows NT 10.0; Win64; x64) AppleWebKit/537.36 (KHTML, like Gecko) Chrome/149.0.0.0 Safari/537.36 Edg/149.0.0.0"
39.130.58.158 - - [29/Jun/2026:12:51:52 +0800] "GET /wp-content/uploads/2026/06/1780362799-1Article_images_W900px-300x169.webp HTTP/1.1" 200 13330 "http://cqqizhou.com/wp-admin/post.php?post=2606&action=edit" "Mozilla/5.0 (Windows NT 10.0; Win64; x64) AppleWebKit/537.36 (KHTML, like Gecko) Chrome/149.0.0.0 Safari/537.36 Edg/149.0.0.0"
39.130.58.158 - - [29/Jun/2026:12:51:52 +0800] "GET /wp-content/uploads/2026/04/1775865995-3Article_images_W900px-300x203.webp HTTP/1.1" 200 19778 "http://cqqizhou.com/wp-admin/post.php?post=2606&action=edit" "Mozilla/5.0 (Windows NT 10.0; Win64; x64) AppleWebKit/537.36 (KHTML, like Gecko) Chrome/149.0.0.0 Safari/537.36 Edg/149.0.0.0"
39.130.58.158 - - [29/Jun/2026:12:51:52 +0800] "GET /wp-content/uploads/2026/05/1779059685-1Article_images_W900px-300x169.webp HTTP/1.1" 200 13520 "http://cqqizhou.com/wp-admin/post.php?post=2606&action=edit" "Mozilla/5.0 (Windows NT 10.0; Win64; x64) AppleWebKit/537.36 (KHTML, like Gecko) Chrome/149.0.0.0 Safari/537.36 Edg/149.0.0.0"
39.130.58.158 - - [29/Jun/2026:12:51:52 +0800] "GET /wp-content/uploads/2026/04/1775698332-Article_images_W900px-300x169.webp HTTP/1.1" 200 12710 "http://cqqizhou.com/wp-admin/post.php?post=2606&action=edit" "Mozilla/5.0 (Windows NT 10.0; Win64; x64) AppleWebKit/537.36 (KHTML, like Gecko) Chrome/149.0.0.0 Safari/537.36 Edg/149.0.0.0"
39.130.58.158 - - [29/Jun/2026:12:51:52 +0800] "GET /wp-content/uploads/2026/04/1777513410-1Article_images_W900px-300x169.webp HTTP/1.1" 200 9202 "http://cqqizhou.com/wp-admin/post.php?post=2606&action=edit" "Mozilla/5.0 (Windows NT 10.0; Win64; x64) AppleWebKit/537.36 (KHTML, like Gecko) Chrome/149.0.0.0 Safari/537.36 Edg/149.0.0.0"
39.130.58.158 - - [29/Jun/2026:12:51:52 +0800] "GET /wp-content/uploads/2026/04/1775865780-1Article_images_W900px-300x169.webp HTTP/1.1" 200 10634 "http://cqqizhou.com/wp-admin/post.php?post=2606&action=edit" "Mozilla/5.0 (Windows NT 10.0; Win64; x64) AppleWebKit/537.36 (KHTML, like Gecko) Chrome/149.0.0.0 Safari/537.36 Edg/149.0.0.0"
39.130.58.158 - - [29/Jun/2026:12:51:52 +0800] "GET /wp-content/uploads/2026/03/1773722870-2Article_images_W900px-300x169.webp HTTP/1.1" 200 14682 "http://cqqizhou.com/wp-admin/post.php?post=2606&action=edit" "Mozilla/5.0 (Windows NT 10.0; Win64; x64) AppleWebKit/537.36 (KHTML, like Gecko) Chrome/149.0.0.0 Safari/537.36 Edg/149.0.0.0"
39.130.58.158 - - [29/Jun/2026:12:51:52 +0800] "GET /wp-content/uploads/2026/03/1772790791-%E5%B0%81%E9%9D%A2%E5%A4%B4%E5%9B%BEArticle_images_W900%C3%97500px2026-300x167.webp HTTP/1.1" 200 14144 "http://cqqizhou.com/wp-admin/post.php?post=2606&action=edit" "Mozilla/5.0 (Windows NT 10.0; Win64; x64) AppleWebKit/537.36 (KHTML, like Gecko) Chrome/149.0.0.0 Safari/537.36 Edg/149.0.0.0"
39.130.58.158 - - [29/Jun/2026:12:51:52 +0800] "GET /wp-content/uploads/2026/05/1779328460-2Article_images_W900px-300x225.webp HTTP/1.1" 200 7754 "http://cqqizhou.com/wp-admin/post.php?post=2606&action=edit" "Mozilla/5.0 (Windows NT 10.0; Win64; x64) AppleWebKit/537.36 (KHTML, like Gecko) Chrome/149.0.0.0 Safari/537.36 Edg/149.0.0.0"
39.130.58.158 - - [29/Jun/2026:12:51:52 +0800] "GET /wp-content/uploads/2026/04/1777513411-2Article_images_W900px-300x225.webp HTTP/1.1" 200 15612 "http://cqqizhou.com/wp-admin/post.php?post=2606&action=edit" "Mozilla/5.0 (Windows NT 10.0; Win64; x64) AppleWebKit/537.36 (KHTML, like Gecko) Chrome/149.0.0.0 Safari/537.36 Edg/149.0.0.0"
39.130.58.158 - - [29/Jun/2026:12:51:52 +0800] "GET /wp-content/uploads/2026/05/1779328461-1Article_images_W900px-300x169.webp HTTP/1.1" 200 10480 "http://cqqizhou.com/wp-admin/post.php?post=2606&action=edit" "Mozilla/5.0 (Windows NT 10.0; Win64; x64) AppleWebKit/537.36 (KHTML, like Gecko) Chrome/149.0.0.0 Safari/537.36 Edg/149.0.0.0"
39.130.58.158 - - [29/Jun/2026:12:51:52 +0800] "GET /wp-content/uploads/2026/03/1772790943-1Article_images_W900px-300x169.webp HTTP/1.1" 200 8720 "http://cqqizhou.com/wp-admin/post.php?post=2606&action=edit" "Mozilla/5.0 (Windows NT 10.0; Win64; x64) AppleWebKit/537.36 (KHTML, like Gecko) Chrome/149.0.0.0 Safari/537.36 Edg/149.0.0.0"
39.130.58.158 - - [29/Jun/2026:12:51:52 +0800] "GET /wp-content/uploads/2026/06/1780362797-2Article_images_W900px-300x171.webp HTTP/1.1" 200 14068 "http://cqqizhou.com/wp-admin/post.php?post=2606&action=edit" "Mozilla/5.0 (Windows NT 10.0; Win64; x64) AppleWebKit/537.36 (KHTML, like Gecko) Chrome/149.0.0.0 Safari/537.36 Edg/149.0.0.0"
39.130.58.158 - - [29/Jun/2026:12:51:52 +0800] "GET /wp-content/uploads/2026/03/1772790943-5Article_images_W900px-300x243.webp HTTP/1.1" 200 18044 "http://cqqizhou.com/wp-admin/post.php?post=2606&action=edit" "Mozilla/5.0 (Windows NT 10.0; Win64; x64) AppleWebKit/537.36 (KHTML, like Gecko) Chrome/149.0.0.0 Safari/537.36 Edg/149.0.0.0"
39.130.58.158 - - [29/Jun/2026:12:51:52 +0800] "GET /wp-content/uploads/2026/04/1775698330-3Article_images_W900px-300x225.webp HTTP/1.1" 200 11440 "http://cqqizhou.com/wp-admin/post.php?post=2606&action=edit" "Mozilla/5.0 (Windows NT 10.0; Win64; x64) AppleWebKit/537.36 (KHTML, like Gecko) Chrome/149.0.0.0 Safari/537.36 Edg/149.0.0.0"
39.130.58.158 - - [29/Jun/2026:12:51:52 +0800] "GET /wp-content/uploads/2026/05/1779328736-3Article_images_W900px-300x155.webp HTTP/1.1" 200 6540 "http://cqqizhou.com/wp-admin/post.php?post=2606&action=edit" "Mozilla/5.0 (Windows NT 10.0; Win64; x64) AppleWebKit/537.36 (KHTML, like Gecko) Chrome/149.0.0.0 Safari/537.36 Edg/149.0.0.0"
39.130.58.158 - - [29/Jun/2026:12:51:52 +0800] "GET /wp-content/uploads/2026/03/1772790943-3Article_images_W900px-300x169.webp HTTP/1.1" 200 10216 "http://cqqizhou.com/wp-admin/post.php?post=2606&action=edit" "Mozilla/5.0 (Windows NT 10.0; Win64; x64) AppleWebKit/537.36 (KHTML, like Gecko) Chrome/149.0.0.0 Safari/537.36 Edg/149.0.0.0"
39.130.58.158 - - [29/Jun/2026:12:51:52 +0800] "GET /wp-content/uploads/2026/02/1772086673-20262262Article_images_W900px-300x138.webp HTTP/1.1" 200 11820 "http://cqqizhou.com/wp-admin/post.php?post=2606&action=edit" "Mozilla/5.0 (Windows NT 10.0; Win64; x64) AppleWebKit/537.36 (KHTML, like Gecko) Chrome/149.0.0.0 Safari/537.36 Edg/149.0.0.0"
39.130.58.158 - - [29/Jun/2026:12:51:52 +0800] "GET /wp-content/uploads/2026/04/1775195056-2Article_images_W900px-300x221.webp HTTP/1.1" 200 9872 "http://cqqizhou.com/wp-admin/post.php?post=2606&action=edit" "Mozilla/5.0 (Windows NT 10.0; Win64; x64) AppleWebKit/537.36 (KHTML, like Gecko) Chrome/149.0.0.0 Safari/537.36 Edg/149.0.0.0"
39.130.58.158 - - [29/Jun/2026:12:51:52 +0800] "GET /wp-content/uploads/2026/03/1772790943-6Article_images_W900px-300x234.webp HTTP/1.1" 200 16786 "http://cqqizhou.com/wp-admin/post.php?post=2606&action=edit" "Mozilla/5.0 (Windows NT 10.0; Win64; x64) AppleWebKit/537.36 (KHTML, like Gecko) Chrome/149.0.0.0 Safari/537.36 Edg/149.0.0.0"
39.130.58.158 - - [29/Jun/2026:12:51:52 +0800] "GET /wp-content/uploads/2026/04/1775195054-1Article_images_W900px-300x169.webp HTTP/1.1" 200 8472 "http://cqqizhou.com/wp-admin/post.php?post=2606&action=edit" "Mozilla/5.0 (Windows NT 10.0; Win64; x64) AppleWebKit/537.36 (KHTML, like Gecko) Chrome/149.0.0.0 Safari/537.36 Edg/149.0.0.0"
39.130.58.158 - - [29/Jun/2026:12:51:52 +0800] "GET /wp-content/uploads/2026/02/1772086673-20262261Article_images_W900px-300x138.webp HTTP/1.1" 200 12474 "http://cqqizhou.com/wp-admin/post.php?post=2606&action=edit" "Mozilla/5.0 (Windows NT 10.0; Win64; x64) AppleWebKit/537.36 (KHTML, like Gecko) Chrome/149.0.0.0 Safari/537.36 Edg/149.0.0.0"
39.130.58.158 - - [29/Jun/2026:12:51:52 +0800] "GET /wp-content/uploads/2026/03/1772790943-2Article_images_W900px-300x169.webp HTTP/1.1" 200 12116 "http://cqqizhou.com/wp-admin/post.php?post=2606&action=edit" "Mozilla/5.0 (Windows NT 10.0; Win64; x64) AppleWebKit/537.36 (KHTML, like Gecko) Chrome/149.0.0.0 Safari/537.36 Edg/149.0.0.0"
39.130.58.158 - - [29/Jun/2026:12:51:52 +0800] "GET /wp-content/uploads/2026/03/1773722869-1Article_images_W900px-300x169.webp HTTP/1.1" 200 8634 "http://cqqizhou.com/wp-admin/post.php?post=2606&action=edit" "Mozilla/5.0 (Windows NT 10.0; Win64; x64) AppleWebKit/537.36 (KHTML, like Gecko) Chrome/149.0.0.0 Safari/537.36 Edg/149.0.0.0"
39.130.58.158 - - [29/Jun/2026:12:51:52 +0800] "GET /wp-content/uploads/2026/04/1775698329-2Article_images_W900px-300x205.webp HTTP/1.1" 200 11266 "http://cqqizhou.com/wp-admin/post.php?post=2606&action=edit" "Mozilla/5.0 (Windows NT 10.0; Win64; x64) AppleWebKit/537.36 (KHTML, like Gecko) Chrome/149.0.0.0 Safari/537.36 Edg/149.0.0.0"
39.130.58.158 - - [29/Jun/2026:12:51:52 +0800] "GET /wp-content/uploads/2026/05/1779925245-Article_images_W900px-300x169.webp HTTP/1.1" 200 11964 "http://cqqizhou.com/wp-admin/post.php?post=2606&action=edit" "Mozilla/5.0 (Windows NT 10.0; Win64; x64) AppleWebKit/537.36 (KHTML, like Gecko) Chrome/149.0.0.0 Safari/537.36 Edg/149.0.0.0"
39.130.58.158 - - [29/Jun/2026:12:51:52 +0800] "GET /wp-content/uploads/2026/02/1772086671-20262263Article_images_W900px-300x126.webp HTTP/1.1" 200 12820 "http://cqqizhou.com/wp-admin/post.php?post=2606&action=edit" "Mozilla/5.0 (Windows NT 10.0; Win64; x64) AppleWebKit/537.36 (KHTML, like Gecko) Chrome/149.0.0.0 Safari/537.36 Edg/149.0.0.0"
39.130.58.158 - - [29/Jun/2026:12:51:52 +0800] "GET /wp-content/uploads/2026/02/1770617977-Article_images_W900px-300x225.webp HTTP/1.1" 200 13296 "http://cqqizhou.com/wp-admin/post.php?post=2606&action=edit" "Mozilla/5.0 (Windows NT 10.0; Win64; x64) AppleWebKit/537.36 (KHTML, like Gecko) Chrome/149.0.0.0 Safari/537.36 Edg/149.0.0.0"
39.130.58.158 - - [29/Jun/2026:12:51:52 +0800] "GET /wp-content/uploads/2026/02/1770617948-Article_images_W900%C3%97500px-300x169.webp HTTP/1.1" 200 12198 "http://cqqizhou.com/wp-admin/post.php?post=2606&action=edit" "Mozilla/5.0 (Windows NT 10.0; Win64; x64) AppleWebKit/537.36 (KHTML, like Gecko) Chrome/149.0.0.0 Safari/537.36 Edg/149.0.0.0"
39.130.58.158 - - [29/Jun/2026:12:51:52 +0800] "GET /wp-content/uploads/2026/02/1770617354-Article_images_W900px-300x187.webp HTTP/1.1" 200 5306 "http://cqqizhou.com/wp-admin/post.php?post=2606&action=edit" "Mozilla/5.0 (Windows NT 10.0; Win64; x64) AppleWebKit/537.36 (KHTML, like Gecko) Chrome/149.0.0.0 Safari/537.36 Edg/149.0.0.0"
39.130.58.158 - - [29/Jun/2026:12:51:52 +0800] "GET /wp-content/uploads/2026/01/1770349139-202624Article_images_W900%C3%97500px20260--300x167.webp HTTP/1.1" 200 14928 "http://cqqizhou.com/wp-admin/post.php?post=2606&action=edit" "Mozilla/5.0 (Windows NT 10.0; Win64; x64) AppleWebKit/537.36 (KHTML, like Gecko) Chrome/149.0.0.0 Safari/537.36 Edg/149.0.0.0"
39.130.58.158 - - [29/Jun/2026:12:51:52 +0800] "GET /wp-content/uploads/2026/02/1770341655-Article_images_W900px-300x225.webp HTTP/1.1" 200 18232 "http://cqqizhou.com/wp-admin/post.php?post=2606&action=edit" "Mozilla/5.0 (Windows NT 10.0; Win64; x64) AppleWebKit/537.36 (KHTML, like Gecko) Chrome/149.0.0.0 Safari/537.36 Edg/149.0.0.0"
39.130.58.158 - - [29/Jun/2026:12:51:52 +0800] "GET /wp-content/uploads/2026/02/1770341654-2026253Article_images_W900px-300x169.webp HTTP/1.1" 200 17160 "http://cqqizhou.com/wp-admin/post.php?post=2606&action=edit" "Mozilla/5.0 (Windows NT 10.0; Win64; x64) AppleWebKit/537.36 (KHTML, like Gecko) Chrome/149.0.0.0 Safari/537.36 Edg/149.0.0.0"
39.130.58.158 - - [29/Jun/2026:12:51:52 +0800] "GET /wp-content/uploads/2026/02/1770341653-2026252Article_images_W900px-300x169.webp HTTP/1.1" 200 19370 "http://cqqizhou.com/wp-admin/post.php?post=2606&action=edit" "Mozilla/5.0 (Windows NT 10.0; Win64; x64) AppleWebKit/537.36 (KHTML, like Gecko) Chrome/149.0.0.0 Safari/537.36 Edg/149.0.0.0"
39.130.58.158 - - [29/Jun/2026:12:51:52 +0800] "GET /wp-content/uploads/2026/02/1770341652-2026251Article_images_W900%C3%97500px-300x167.webp HTTP/1.1" 200 11374 "http://cqqizhou.com/wp-admin/post.php?post=2606&action=edit" "Mozilla/5.0 (Windows NT 10.0; Win64; x64) AppleWebKit/537.36 (KHTML, like Gecko) Chrome/149.0.0.0 Safari/537.36 Edg/149.0.0.0"
39.130.58.158 - - [29/Jun/2026:12:51:52 +0800] "GET /wp-content/uploads/2026/02/1770009968-9.6%E7%B1%B3%E4%BD%8E%E6%A0%8F%E5%B9%B3%E6%9D%BF%E8%B4%A7%E8%BD%A6-300x200.webp HTTP/1.1" 200 15558 "http://cqqizhou.com/wp-admin/post.php?post=2606&action=edit" "Mozilla/5.0 (Windows NT 10.0; Win64; x64) AppleWebKit/537.36 (KHTML, like Gecko) Chrome/149.0.0.0 Safari/537.36 Edg/149.0.0.0"
39.130.58.158 - - [29/Jun/2026:12:51:52 +0800] "GET /wp-content/uploads/2026/02/1769999335-17.5%E7%B1%B3%E5%B9%B3%E6%9D%BF%E8%B4%A7%E8%BD%A6-300x200.webp HTTP/1.1" 200 14410 "http://cqqizhou.com/wp-admin/post.php?post=2606&action=edit" "Mozilla/5.0 (Windows NT 10.0; Win64; x64) AppleWebKit/537.36 (KHTML, like Gecko) Chrome/149.0.0.0 Safari/537.36 Edg/149.0.0.0"
39.130.58.158 - - [29/Jun/2026:12:51:53 +0800] "GET /wp-content/uploads/2026/02/1769999241-4.2%E7%B1%B3%E9%AB%98%E6%A0%8F%E8%B4%A7%E8%BD%A6-300x169.webp HTTP/1.1" 200 12930 "http://cqqizhou.com/wp-admin/post.php?post=2606&action=edit" "Mozilla/5.0 (Windows NT 10.0; Win64; x64) AppleWebKit/537.36 (KHTML, like Gecko) Chrome/149.0.0.0 Safari/537.36 Edg/149.0.0.0"
39.130.58.158 - - [29/Jun/2026:12:51:53 +0800] "GET /wp-content/uploads/2026/01/1769511379-Article_images_W900%C3%97500px202601271-300x225.webp HTTP/1.1" 200 17756 "http://cqqizhou.com/wp-admin/post.php?post=2606&action=edit" "Mozilla/5.0 (Windows NT 10.0; Win64; x64) AppleWebKit/537.36 (KHTML, like Gecko) Chrome/149.0.0.0 Safari/537.36 Edg/149.0.0.0"
