HEX
Server: nginx/1.16.1
System: Linux ecs-04358622 4.19.90-2107.6.0.0100.oe1.bclinux.x86_64 #1 SMP Wed Dec 1 19:59:44 CST 2021 x86_64
User: nginx (994)
PHP: 8.0.0
Disabled: NONE
Upload Files
File: //home/logs/cqqizhou_access_2026-06-26.log
36.133.108.121 - - [26/Jun/2026:00:05:25 +0800] "HEAD /wp-includes/assets HTTP/1.1" 301 0 "-" "Mozilla/5.0 (Macintosh; U; Intel Mac OS X 10_6_7; en-us) AppleWebKit/534.16+ (KHTML, like Gecko) Version/5.0.3 Safari/533.19.4"
36.133.115.36 - - [26/Jun/2026:00:14:50 +0800] "POST /wp-cron.php?doing_wp_cron=1782404090.5478649139404296875000 HTTP/1.1" 200 31 "-" "WordPress/7.0; http://cqqizhou.com"
36.133.108.125 - - [26/Jun/2026:00:14:50 +0800] "HEAD /core HTTP/1.1" 404 0 "-" "Mozilla/5.0 (Windows NT 6.3; rv:36.0) Gecko/20100101 Firefox/36.0"
36.133.115.36 - - [26/Jun/2026:00:15:34 +0800] "POST /wp-cron.php?doing_wp_cron=1782404134.8659510612487792968750 HTTP/1.1" 200 31 "-" "WordPress/7.0; http://cqqizhou.com"
36.133.108.119 - - [26/Jun/2026:00:15:34 +0800] "HEAD /wp-content/fonts/Gulpfile.coffee HTTP/1.1" 404 0 "-" "Mozilla/5.0 (Macintosh; U; Intel Mac OS X 10_5_8; zh-cn) AppleWebKit/533.18.1 (KHTML, like Gecko) Version/5.0.2 Safari/533.18.5"
36.133.115.36 - - [26/Jun/2026:00:18:53 +0800] "POST /wp-cron.php?doing_wp_cron=1782404333.6630809307098388671875 HTTP/1.1" 200 31 "-" "WordPress/7.0; http://cqqizhou.com"
36.133.108.121 - - [26/Jun/2026:00:18:53 +0800] "HEAD /wp-content/themes/.gitlab-ci.yml HTTP/1.1" 404 0 "-" "Mozilla/5.0 (Macintosh; U; Intel Mac OS X 10_6_6; sv-se) AppleWebKit/533.20.25 (KHTML, like Gecko) Version/5.0.4 Safari/533.20.27"
36.133.115.36 - - [26/Jun/2026:00:19:59 +0800] "POST /wp-cron.php?doing_wp_cron=1782404399.5661199092864990234375 HTTP/1.1" 200 31 "-" "WordPress/7.0; http://cqqizhou.com"
36.133.108.125 - - [26/Jun/2026:00:19:59 +0800] "HEAD /log.html HTTP/1.1" 404 0 "-" "Mozilla/5.0 (compatible; MSIE 9.0; Windows NT 6.1; Trident/5.0; yie8)"
36.133.115.36 - - [26/Jun/2026:00:20:24 +0800] "POST /wp-cron.php?doing_wp_cron=1782404424.1254820823669433593750 HTTP/1.1" 200 31 "-" "WordPress/7.0; http://cqqizhou.com"
36.133.108.119 - - [26/Jun/2026:00:20:24 +0800] "HEAD /wp-content/upgrade.tar.bz2 HTTP/1.1" 404 0 "-" "Mozilla/5.0 (Windows NT 6.1) AppleWebKit/537.36 (KHTML, like Gecko) Chrome/27.0.1453.90 Safari/537.36"
36.133.108.119 - - [26/Jun/2026:00:20:44 +0800] "HEAD /wp-includes/images/access_log HTTP/1.1" 404 0 "-" "Mozilla/5.0 (compatible; MSIE 8.0; Windows NT 5.1; Trident/4.0; .NET CLR 1.1.4322; .NET CLR 2.0.50727)"
36.133.115.36 - - [26/Jun/2026:00:22:42 +0800] "POST /wp-cron.php?doing_wp_cron=1782404562.0500540733337402343750 HTTP/1.1" 200 31 "-" "WordPress/7.0; http://cqqizhou.com"
36.133.108.125 - - [26/Jun/2026:00:22:42 +0800] "HEAD /wp-admin/9 HTTP/1.1" 404 0 "-" "Mozilla/5.0 (Windows NT 6.3; rv:36.0) Gecko/20100101 Firefox/36.0"
36.133.115.36 - - [26/Jun/2026:00:23:50 +0800] "POST /wp-cron.php?doing_wp_cron=1782404630.9160280227661132812500 HTTP/1.1" 200 31 "-" "WordPress/7.0; http://cqqizhou.com"
176.65.139.66 - - [26/Jun/2026:00:23:50 +0800] "GET / HTTP/1.0" 301 0 "-" "Shodan-Pull/1.0"
36.133.115.36 - - [26/Jun/2026:00:24:21 +0800] "POST /wp-cron.php?doing_wp_cron=1782404661.8403360843658447265625 HTTP/1.1" 200 31 "-" "WordPress/7.0; http://cqqizhou.com"
43.165.167.69 - - [26/Jun/2026:00:24:21 +0800] "GET / HTTP/1.1" 200 35133 "-" "Mozilla/5.0 (iPhone; CPU iPhone OS 13_2_3 like Mac OS X) AppleWebKit/605.1.15 (KHTML, like Gecko) Version/13.0.3 Mobile/15E148 Safari/604.1"
36.133.115.36 - - [26/Jun/2026:00:26:06 +0800] "POST /wp-cron.php?doing_wp_cron=1782404766.0134000778198242187500 HTTP/1.1" 200 31 "-" "WordPress/7.0; http://cqqizhou.com"
81.68.78.229 - - [26/Jun/2026:00:26:06 +0800] "GET / HTTP/1.1" 301 5 "-" "Go-http-client/1.1"
81.68.78.229 - - [26/Jun/2026:00:26:06 +0800] "GET / HTTP/1.1" 200 41028 "http://xa1.shaanxi.cn.antiddos.cspt.fullcone.cn" "Go-http-client/1.1"
36.133.115.36 - - [26/Jun/2026:00:27:18 +0800] "POST /wp-cron.php?doing_wp_cron=1782404838.3855741024017333984375 HTTP/1.1" 200 31 "-" "WordPress/7.0; http://cqqizhou.com"
36.133.108.119 - - [26/Jun/2026:00:27:18 +0800] "HEAD /wp-includes/customers HTTP/1.1" 404 0 "-" "Mozilla/5.0 (Macintosh; Intel Mac OS X 10_8_3) AppleWebKit/537.36 (KHTML, like Gecko) Chrome/27.0.1453.93 Safari/537.36"
36.133.108.121 - - [26/Jun/2026:00:27:59 +0800] "HEAD /wp-content/ini HTTP/1.1" 404 0 "-" "Mozilla/5.0 (Windows NT 6.2; WOW64) AppleWebKit/537.36 (KHTML, like Gecko) Chrome/30.0.1599.17 Safari/537.36"
36.133.108.119 - - [26/Jun/2026:00:28:01 +0800] "HEAD /wp-content/133.115.36.key HTTP/1.1" 404 0 "-" "Mozilla/5.0 (X11; Linux x86_64) AppleWebKit/537.36 (KHTML, like Gecko) Chrome/41.0.2227.0 Safari/537.36"
36.133.115.36 - - [26/Jun/2026:00:31:19 +0800] "POST /wp-cron.php?doing_wp_cron=1782405079.3157680034637451171875 HTTP/1.1" 200 31 "-" "WordPress/7.0; http://cqqizhou.com"
121.40.45.87 - - [26/Jun/2026:00:31:19 +0800] "GET / HTTP/1.1" 301 5 "-" "Mozilla/5.0 (Windows NT 10.0; Win64; x64) AppleWebKit/537.36 (KHTML, like Gecko) Chrome/59.0.3071.115 Safari/537.36"
36.133.108.125 - - [26/Jun/2026:00:31:34 +0800] "HEAD /wp-includes/.htaccess~ HTTP/1.1" 404 0 "-" "Opera/9.80 (Windows NT 5.1; U; cs) Presto/2.7.62 Version/11.01"
36.133.115.36 - - [26/Jun/2026:00:37:34 +0800] "POST /wp-cron.php?doing_wp_cron=1782405454.5703959465026855468750 HTTP/1.1" 200 31 "-" "WordPress/7.0; http://cqqizhou.com"
36.133.108.125 - - [26/Jun/2026:00:37:34 +0800] "HEAD /wp-includes/build/admins HTTP/1.1" 404 0 "-" "Mozilla/5.0 (compatible; MSIE 9.0; Windows NT 6.1; Trident/5.0; yie8)"
36.133.115.36 - - [26/Jun/2026:00:41:16 +0800] "POST /wp-cron.php?doing_wp_cron=1782405676.0906460285186767578125 HTTP/1.1" 200 31 "-" "WordPress/7.0; http://cqqizhou.com"
36.133.108.119 - - [26/Jun/2026:00:41:16 +0800] "HEAD /wp-includes/images/zipfiles HTTP/1.1" 404 0 "-" "Mozilla/5.0 (Macintosh; U; Intel Mac OS X 10_5_8; zh-cn) AppleWebKit/533.18.1 (KHTML, like Gecko) Version/5.0.2 Safari/533.18.5"
36.133.115.36 - - [26/Jun/2026:00:51:20 +0800] "POST /wp-cron.php?doing_wp_cron=1782406280.5739378929138183593750 HTTP/1.1" 200 31 "-" "WordPress/7.0; http://cqqizhou.com"
36.133.108.125 - - [26/Jun/2026:00:51:20 +0800] "HEAD /wp-includes/ad HTTP/1.1" 404 0 "-" "Mozilla/5.0 (compatible; MSIE 9.0; Windows NT 6.1; Trident/5.0; yie8)"
36.133.115.36 - - [26/Jun/2026:00:55:43 +0800] "POST /wp-cron.php?doing_wp_cron=1782406543.5731201171875000000000 HTTP/1.1" 200 31 "-" "WordPress/7.0; http://cqqizhou.com"
36.133.108.119 - - [26/Jun/2026:00:55:43 +0800] "HEAD /docker/docker-compose.yml HTTP/1.1" 404 0 "-" "Mozilla/5.0 (compatible; MSIE 8.0; Windows NT 5.1; Trident/4.0; SLCC1; .NET CLR 3.0.4506.2152; .NET CLR 3.5.30729; .NET CLR 1.1.4322)"
36.133.115.36 - - [26/Jun/2026:00:56:20 +0800] "POST /wp-cron.php?doing_wp_cron=1782406580.6156411170959472656250 HTTP/1.1" 200 31 "-" "WordPress/7.0; http://cqqizhou.com"
36.133.108.119 - - [26/Jun/2026:00:56:20 +0800] "HEAD /wp-content/error HTTP/1.1" 404 0 "-" "Mozilla/5.0 (Macintosh; U; Intel Mac OS X 10_5_8; zh-cn) AppleWebKit/533.18.1 (KHTML, like Gecko) Version/5.0.2 Safari/533.18.5"
36.133.108.119 - - [26/Jun/2026:00:57:06 +0800] "HEAD /wp-includes/js/Flex HTTP/1.1" 404 0 "-" "Mozilla/5.0 (compatible; MSIE 8.0; Windows NT 5.1; Trident/4.0; SLCC1; .NET CLR 3.0.4506.2152; .NET CLR 3.5.30729; .NET CLR 1.1.4322)"
36.133.115.36 - - [26/Jun/2026:00:59:54 +0800] "POST /wp-cron.php?doing_wp_cron=1782406794.4160869121551513671875 HTTP/1.1" 200 31 "-" "WordPress/7.0; http://cqqizhou.com"
36.133.108.121 - - [26/Jun/2026:00:59:54 +0800] "HEAD /wp-admin/ HTTP/1.1" 302 0 "-" "Mozilla/5.0 (Macintosh; U; Intel Mac OS X 10_6_7; en-us) AppleWebKit/534.16+ (KHTML, like Gecko) Version/5.0.3 Safari/533.19.4"
36.133.115.36 - - [26/Jun/2026:01:10:21 +0800] "POST /wp-cron.php?doing_wp_cron=1782407421.2988610267639160156250 HTTP/1.1" 200 31 "-" "WordPress/7.0; http://cqqizhou.com"
43.157.67.70 - - [26/Jun/2026:01:10:21 +0800] "GET /media HTTP/1.1" 200 26487 "-" "Mozilla/5.0 (iPhone; CPU iPhone OS 13_2_3 like Mac OS X) AppleWebKit/605.1.15 (KHTML, like Gecko) Version/13.0.3 Mobile/15E148 Safari/604.1"
36.133.108.121 - - [26/Jun/2026:01:12:55 +0800] "HEAD /wp-includes/js HTTP/1.1" 301 0 "-" "Opera/9.80 (X11; Linux i686; U; it) Presto/2.7.62 Version/11.00"
36.133.115.36 - - [26/Jun/2026:01:13:01 +0800] "POST /wp-cron.php?doing_wp_cron=1782407581.8481419086456298828125 HTTP/1.1" 200 31 "-" "WordPress/7.0; http://cqqizhou.com"
36.133.108.125 - - [26/Jun/2026:01:13:01 +0800] "HEAD /wp-content/languages/logs.html HTTP/1.1" 404 0 "-" "Mozilla/5.0 (Windows NT 6.1; WOW64; rv:31.0) Gecko/20130401 Firefox/31.0"
36.133.115.36 - - [26/Jun/2026:01:21:00 +0800] "POST /wp-cron.php?doing_wp_cron=1782408060.8535630702972412109375 HTTP/1.1" 200 31 "-" "WordPress/7.0; http://cqqizhou.com"
36.133.108.119 - - [26/Jun/2026:01:21:00 +0800] "HEAD /wp-includes/lib HTTP/1.1" 404 0 "-" "Mozilla/5.0 (Macintosh; Intel Mac OS X 10_8_3) AppleWebKit/537.36 (KHTML, like Gecko) Chrome/27.0.1453.93 Safari/537.36"
36.133.115.36 - - [26/Jun/2026:01:24:24 +0800] "POST /wp-cron.php?doing_wp_cron=1782408264.1435608863830566406250 HTTP/1.1" 200 31 "-" "WordPress/7.0; http://cqqizhou.com"
170.106.152.218 - - [26/Jun/2026:01:24:24 +0800] "GET / HTTP/1.1" 301 5 "-" "Mozilla/5.0 (iPhone; CPU iPhone OS 13_2_3 like Mac OS X) AppleWebKit/605.1.15 (KHTML, like Gecko) Version/13.0.3 Mobile/15E148 Safari/604.1"
170.106.152.218 - - [26/Jun/2026:01:24:26 +0800] "GET / HTTP/1.1" 200 35134 "http://www.cqqizhou.com" "Mozilla/5.0 (iPhone; CPU iPhone OS 13_2_3 like Mac OS X) AppleWebKit/605.1.15 (KHTML, like Gecko) Version/13.0.3 Mobile/15E148 Safari/604.1"
36.133.115.36 - - [26/Jun/2026:01:26:59 +0800] "POST /wp-cron.php?doing_wp_cron=1782408419.8828630447387695312500 HTTP/1.1" 200 31 "-" "WordPress/7.0; http://cqqizhou.com"
216.244.66.245 - - [26/Jun/2026:01:26:59 +0800] "GET /robots.txt HTTP/1.1" 200 390 "-" "Mozilla/5.0 (compatible; DotBot/1.2; +https://opensiteexplorer.org/dotbot; help@moz.com)"
36.133.108.119 - - [26/Jun/2026:01:29:29 +0800] "HEAD /export.php HTTP/1.1" 404 0 "-" "Mozilla/5.0 (Windows; U; Windows NT 6.1; en-US) AppleWebKit/533.20.25 (KHTML, like Gecko) Version/5.0.4 Safari/533.20.27"
36.133.115.36 - - [26/Jun/2026:01:33:04 +0800] "POST /wp-cron.php?doing_wp_cron=1782408784.7974550724029541015625 HTTP/1.1" 200 31 "-" "WordPress/7.0; http://cqqizhou.com"
36.133.108.125 - - [26/Jun/2026:01:33:04 +0800] "HEAD /wp-includes/fonts/Downloads HTTP/1.1" 404 0 "-" "Mozilla/5.0 (Windows NT 6.3; rv:36.0) Gecko/20100101 Firefox/36.0"
216.244.66.245 - - [26/Jun/2026:01:33:08 +0800] "GET /wp-content/uploads/2025/11/1762864369-QZ_Photo-11.webp HTTP/1.1" 200 240198 "-" "Mozilla/5.0 (compatible; DotBot/1.2; +https://opensiteexplorer.org/dotbot; help@moz.com)"
36.133.115.36 - - [26/Jun/2026:01:35:04 +0800] "POST /wp-cron.php?doing_wp_cron=1782408904.0882480144500732421875 HTTP/1.1" 200 31 "-" "WordPress/7.0; http://cqqizhou.com"
36.133.108.121 - - [26/Jun/2026:01:35:04 +0800] "HEAD /wp-content/plugins/.sqlite_history HTTP/1.1" 404 0 "-" "Mozilla/5.0 (Macintosh; U; Intel Mac OS X 10_6_7; en-us) AppleWebKit/534.16+ (KHTML, like Gecko) Version/5.0.3 Safari/533.19.4"
36.133.115.36 - - [26/Jun/2026:01:36:32 +0800] "POST /wp-cron.php?doing_wp_cron=1782408992.9553670883178710937500 HTTP/1.1" 200 31 "-" "WordPress/7.0; http://cqqizhou.com"
43.134.68.29 - - [26/Jun/2026:01:36:32 +0800] "GET /wp-json/oembed/1.0/embed?url=http%3A%2F%2Fcqqizhou.com%2F HTTP/1.1" 200 1092 "-" "Mozilla/5.0 (iPhone; CPU iPhone OS 13_2_3 like Mac OS X) AppleWebKit/605.1.15 (KHTML, like Gecko) Version/13.0.3 Mobile/15E148 Safari/604.1"
36.133.115.36 - - [26/Jun/2026:01:38:03 +0800] "POST /wp-cron.php?doing_wp_cron=1782409083.5584731101989746093750 HTTP/1.1" 200 31 "-" "WordPress/7.0; http://cqqizhou.com"
36.133.108.121 - - [26/Jun/2026:01:38:03 +0800] "HEAD /misc HTTP/1.1" 404 0 "-" "Mozilla/5.0 (X11; Ubuntu; Linux x86_64; rv:24.0) Gecko/20100101 Firefox/24.0"
36.133.115.36 - - [26/Jun/2026:01:38:43 +0800] "POST /wp-cron.php?doing_wp_cron=1782409123.8770709037780761718750 HTTP/1.1" 200 31 "-" "WordPress/7.0; http://cqqizhou.com"
223.90.99.117 - - [26/Jun/2026:01:38:43 +0800] "GET http://cqqizhou.com/wp-content/uploads/2026/06/1782392245-Article_images_W900px.webp%20900w,%20http://cqqizhou.com/wp-content/uploads/2026/06/1782392245-Article_images_W900px-300x169.webp%20300w,%20http://cqqizhou.com/wp-content/uploads/2026/06/1782392245-Article_images_W900px-768x432.webp%20768w HTTP/1.1" 301 5 "http://cqqizhou.com/" "Mozilla/5.0 (Windows NT 10.0; Win64; x64) AppleWebKit/537.36 (KHTML, like Gecko) Chrome/103.0.0.0 Safari/537.36"
223.90.99.117 - - [26/Jun/2026:01:38:45 +0800] "GET http://cqqizhou.com/wp-content/uploads/2026/06/1782392245-Article_images_W900px.webp%20900w,%20http:/cqqizhou.com/wp-content/uploads/2026/06/1782392245-Article_images_W900px-300x169.webp%20300w,%20http:/cqqizhou.com/wp-content/uploads/2026/06/1782392245-Article_images_W900px-768x432.webp%20768w HTTP/1.1" 404 9497 "http://cqqizhou.com/" "Mozilla/5.0 (Windows NT 10.0; Win64; x64) AppleWebKit/537.36 (KHTML, like Gecko) Chrome/103.0.0.0 Safari/537.36"
49.233.81.135 - - [26/Jun/2026:01:38:47 +0800] "GET /wp-content/uploads/2026/06/1782392245-Article_images_W900px.webp%20900w,%20http://cqqizhou.com/wp-content/uploads/2026/06/1782392245-Article_images_W900px-300x169.webp%20300w,%20http://cqqizhou.com/wp-content/uploads/2026/06/1782392245-Article_images_W900px-768x432.webp%20768w HTTP/1.1" 301 5 "http://cqqizhou.com/" "Mozilla/5.0 (Windows NT 10.0; Win64; x64) AppleWebKit/537.36 (KHTML, like Gecko) Chrome/103.0.0.0 Safari/537.36"
49.233.81.135 - - [26/Jun/2026:01:38:53 +0800] "GET /wp-content/uploads/2026/06/1782392245-Article_images_W900px.webp%20900w,%20http:/cqqizhou.com/wp-content/uploads/2026/06/1782392245-Article_images_W900px-300x169.webp%20300w,%20http:/cqqizhou.com/wp-content/uploads/2026/06/1782392245-Article_images_W900px-768x432.webp%20768w HTTP/1.1" 404 9498 "http://cqqizhou.com/" "Mozilla/5.0 (Windows NT 10.0; Win64; x64) AppleWebKit/537.36 (KHTML, like Gecko) Chrome/103.0.0.0 Safari/537.36"
36.133.115.36 - - [26/Jun/2026:01:51:46 +0800] "POST /wp-cron.php?doing_wp_cron=1782409905.9774229526519775390625 HTTP/1.1" 200 31 "-" "WordPress/7.0; http://cqqizhou.com"
36.133.108.119 - - [26/Jun/2026:01:51:46 +0800] "HEAD /storage.yml HTTP/1.1" 404 0 "-" "Mozilla/5.0 (Windows NT 6.1) AppleWebKit/537.36 (KHTML, like Gecko) Chrome/27.0.1453.90 Safari/537.36"
36.133.108.121 - - [26/Jun/2026:01:51:55 +0800] "HEAD /wp-includes/secret HTTP/1.1" 404 0 "-" "Mozilla/5.0 (Macintosh; U; Intel Mac OS X 10_6_7; en-us) AppleWebKit/534.16+ (KHTML, like Gecko) Version/5.0.3 Safari/533.19.4"
36.133.115.36 - - [26/Jun/2026:01:52:18 +0800] "POST /wp-cron.php?doing_wp_cron=1782409938.3064401149749755859375 HTTP/1.1" 200 31 "-" "WordPress/7.0; http://cqqizhou.com"
36.133.108.119 - - [26/Jun/2026:01:52:18 +0800] "HEAD /36db.tar HTTP/1.1" 404 0 "-" "Mozilla/5.0 (Windows NT 6.1) AppleWebKit/537.36 (KHTML, like Gecko) Chrome/27.0.1453.90 Safari/537.36"
36.133.115.36 - - [26/Jun/2026:01:53:20 +0800] "POST /wp-cron.php?doing_wp_cron=1782410000.3902699947357177734375 HTTP/1.1" 200 31 "-" "WordPress/7.0; http://cqqizhou.com"
170.106.187.106 - - [26/Jun/2026:01:53:20 +0800] "GET /news/portfolio-category/remaining-rolls HTTP/1.1" 200 18247 "-" "Mozilla/5.0 (iPhone; CPU iPhone OS 13_2_3 like Mac OS X) AppleWebKit/605.1.15 (KHTML, like Gecko) Version/13.0.3 Mobile/15E148 Safari/604.1"
36.133.115.36 - - [26/Jun/2026:01:54:38 +0800] "POST /wp-cron.php?doing_wp_cron=1782410078.7884969711303710937500 HTTP/1.1" 200 31 "-" "WordPress/7.0; http://cqqizhou.com"
35.240.187.225 - - [26/Jun/2026:01:54:38 +0800] "GET /html/.git/config HTTP/1.1" 404 9498 "-" "Mozilla/5.0 (Linux; Android 9; LM-G710) AppleWebKit/537.36 (KHTML, like Gecko) Chrome/76.0.3809.111 Mobile Safari/537.36"
35.240.187.225 - - [26/Jun/2026:01:54:39 +0800] "GET /v1/.git/config HTTP/1.1" 404 9498 "-" "Mozilla/5.0 (Windows NT 10.0; Win64; x64) AppleWebKit/537.36 (KHTML, like Gecko) Chrome/68.0.3440.75 Safari/537.36"
35.240.187.225 - - [26/Jun/2026:01:54:39 +0800] "GET /api/.git/config HTTP/1.1" 404 9498 "-" "Mozilla/5.0 (X11; Ubuntu; Linux x86_64; rv:35.0) Gecko/20100101 Firefox/35.0"
35.240.187.225 - - [26/Jun/2026:01:54:39 +0800] "GET /v2/.git/config HTTP/1.1" 404 9498 "-" "Mozilla/5.0 (MeeGo; NokiaN950-00/00) AppleWebKit/534.13 (KHTML, like Gecko) NokiaBrowser/8.5.0 Mobile Safari/534.13"
35.240.187.225 - - [26/Jun/2026:01:54:39 +0800] "GET /src/.git/config HTTP/1.1" 404 9498 "-" "Mozilla/5.0 (Windows NT 6.1; WOW64) AppleWebKit/537.36 (KHTML, like Gecko) Chrome/44.0.2403.155 Safari/537.36 OPR/31.0.1889.174"
35.240.187.225 - - [26/Jun/2026:01:54:39 +0800] "GET /app/.git/config HTTP/1.1" 404 9498 "-" "Mozilla/5.0 (Windows NT 10.0; WOW64) AppleWebKit/537.36 (KHTML, like Gecko) Chrome/75.0.3770.145 Safari/537.36 Vivaldi/2.6.1566.49"
35.240.187.225 - - [26/Jun/2026:01:54:39 +0800] "GET /web/.git/config HTTP/1.1" 404 9498 "-" "Mozilla/5.0 (Windows NT 10.0; Win64; x64) AppleWebKit/537.36 (KHTML, like Gecko) Chrome/75.0.3770.100 Safari/537.36 OPR/62.0.3331.88"
35.240.187.225 - - [26/Jun/2026:01:54:39 +0800] "GET /v3/.git/config HTTP/1.1" 404 9498 "-" "Mozilla/5.0 (SymbianOS/9.2; U; Series60/3.1 Nokia6120c/3.70; Profile/MIDP-2.0 Configuration/CLDC-1.1) AppleWebKit/413 (KHTML, like Gecko) Safari/413"
35.240.187.225 - - [26/Jun/2026:01:54:39 +0800] "GET /public/.git/config HTTP/1.1" 404 9498 "-" "Mozilla/5.0 (X11; Linux x86_64) AppleWebKit/537.36 (KHTML, like Gecko) Chrome/70.0.3538.110 Safari/537.36"
35.240.187.225 - - [26/Jun/2026:01:54:39 +0800] "GET /.git/config HTTP/1.1" 404 9498 "-" "Mozilla/5.0 (Macintosh; Intel Mac OS X 10_12_6) AppleWebKit/605.1.15 (KHTML, like Gecko) Version/12.0.3 Safari/605.1.15"
35.240.187.225 - - [26/Jun/2026:01:54:39 +0800] "GET /admin/.git/config HTTP/1.1" 404 9498 "-" "Mozilla/5.0 (Macintosh; Intel Mac OS X 10_10_5) AppleWebKit/537.36 (KHTML, like Gecko) Chrome/55.0.2859.0 Safari/537.36"
35.240.187.225 - - [26/Jun/2026:01:54:39 +0800] "GET /assets/.git/config HTTP/1.1" 404 9498 "-" "Mozilla/5.0 (Windows NT 10.0; WOW64) AppleWebKit/537.36 (KHTML, like Gecko) Chrome/74.0.3729.157 Safari/537.36"
35.240.187.225 - - [26/Jun/2026:01:54:39 +0800] "GET /htdocs/.git/config HTTP/1.1" 404 9498 "-" "BlackBerry7520/4.0.0 Profile/MIDP-2.0 Configuration/CLDC-1.1 UP.Browser/5.0.3.3 UP.Link/5.1.2.12 (Google WAP Proxy/1.0)"
35.240.187.225 - - [26/Jun/2026:01:54:39 +0800] "GET /symfony/.git/config HTTP/1.1" 404 9498 "-" "Mozilla/5.0 (Linux; U; Android 4.0.3; en-us; KFTT Build/IML74K) AppleWebKit/535.19 (KHTML, like Gecko) Silk/2.1 Mobile Safari/535.19 Silk-Accelerated=true"
35.240.187.225 - - [26/Jun/2026:01:54:39 +0800] "GET /build/.git/config HTTP/1.1" 404 9498 "-" "Mozilla/5.0 (X11; Linux i686; rv:2.0.1) Gecko/20100101 Firefox/4.0.1"
35.240.187.225 - - [26/Jun/2026:01:54:40 +0800] "GET /www/.git/config HTTP/1.1" 404 9498 "-" "Mozilla/5.0 (Macintosh; Intel Mac OS X 10_14_0) AppleWebKit/537.36 (KHTML, like Gecko) Chrome/74.0.3729.131 Safari/537.36"
35.240.187.225 - - [26/Jun/2026:01:54:40 +0800] "GET /backend/.git/config HTTP/1.1" 404 9497 "-" "Mozilla/5.0 (Linux; Android 9; SM-G955F) AppleWebKit/537.36 (KHTML, like Gecko) Chrome/76.0.3809.111 Mobile Safari/537.36"
35.240.187.225 - - [26/Jun/2026:01:54:40 +0800] "GET /frontend/.git/config HTTP/1.1" 404 9497 "-" "Mozilla/5.0 (Windows NT 6.1; WOW64) AppleWebKit/537.36 (KHTML, like Gecko) Chrome/74.0.3729.131 Safari/537.36"
35.240.187.225 - - [26/Jun/2026:01:54:40 +0800] "GET /static/.git/config HTTP/1.1" 404 9497 "-" "Mozilla/5.0 (X11; Linux i686; rv:6.0a2) Gecko/20110615 Firefox/6.0a2 Iceweasel/6.0a2"
35.240.187.225 - - [26/Jun/2026:01:54:40 +0800] "GET /site/.git/config HTTP/1.1" 404 9497 "-" "Mozilla/5.0 (Windows NT 10.0; Win64; x64) AppleWebKit/537.36 (KHTML, like Gecko) Chrome/62.0.3191.0 Safari/537.36"
35.240.187.225 - - [26/Jun/2026:01:54:40 +0800] "GET /wp-content/.git/config HTTP/1.1" 404 9497 "-" "Mozilla/5.0 (Windows NT 10.0; Win64; x64) AppleWebKit/537.36 (KHTML, like Gecko) Chrome/55.0.2883.87 Safari/537.36"
35.240.187.225 - - [26/Jun/2026:01:54:40 +0800] "GET /dist/.git/config HTTP/1.1" 404 9497 "-" "Mozilla/5.0 (Linux; Android 9; MI 8) AppleWebKit/537.36 (KHTML, like Gecko) Chrome/77.0.3865.42 Mobile Safari/537.36"
35.240.187.225 - - [26/Jun/2026:01:54:40 +0800] "GET /code/.git/config HTTP/1.1" 404 9497 "-" "Mozilla/5.0 (Linux; Android 9; SM-M205FN) AppleWebKit/537.36 (KHTML, like Gecko) Chrome/76.0.3809.111 Mobile Safari/537.36"
35.240.187.225 - - [26/Jun/2026:01:54:40 +0800] "GET /laravel/.git/config HTTP/1.1" 404 9497 "-" "Mozilla/5.0 (Windows NT 10.0; WOW64) AppleWebKit/537.36 (KHTML, like Gecko) Maxthon/5.0.4.3000 Chrome/47.0.2526.73 Safari/537.36"
35.240.187.225 - - [26/Jun/2026:01:54:40 +0800] "GET /shop/.git/config HTTP/1.1" 404 9497 "-" "MOT-V9mm/00.62 UP.Browser/6.2.3.4.c.1.123 (GUI) MMP/2.0"
35.240.187.225 - - [26/Jun/2026:01:54:40 +0800] "GET /blog/.git/config HTTP/1.1" 404 9497 "-" "Mozilla/5.0 (Windows NT 6.3; WOW64) AppleWebKit/537.36 (KHTML, like Gecko) Chrome/76.0.3809.100 Safari/537.36"
35.240.187.225 - - [26/Jun/2026:01:54:40 +0800] "GET /dashboard/.git/config HTTP/1.1" 404 9497 "-" "Mozilla/4.0 (compatible; MSIE 6.0; Windows 98; PalmSource/hspr-H102; Blazer/4.0) 16;320x320"
35.240.187.225 - - [26/Jun/2026:01:54:40 +0800] "GET /portal/.git/config HTTP/1.1" 404 9497 "-" "Mozilla/5.0 (Linux; U; Android 4.2; en-us; sdk Build/MR1) AppleWebKit/535.19 (KHTML, like Gecko) Version/4.2 Safari/535.19"
35.240.187.225 - - [26/Jun/2026:01:54:40 +0800] "GET /wordpress/.git/config HTTP/1.1" 404 9497 "-" "Mozilla/5.0 (Macintosh; Intel Mac OS X 10_13_6) AppleWebKit/605.1.15 (KHTML, like Gecko) Version/11.1.2 Safari/605.1.15"
35.240.187.225 - - [26/Jun/2026:01:54:40 +0800] "GET /project/.git/config HTTP/1.1" 404 9497 "-" "Mozilla/5.0 (Linux; Android 9; SM-G960U) AppleWebKit/537.36 (KHTML, like Gecko) Chrome/76.0.3809.111 Mobile Safari/537.36"
36.133.115.36 - - [26/Jun/2026:01:57:21 +0800] "POST /wp-cron.php?doing_wp_cron=1782410241.2385640144348144531250 HTTP/1.1" 200 31 "-" "WordPress/7.0; http://cqqizhou.com"
36.133.108.119 - - [26/Jun/2026:01:57:21 +0800] "HEAD /process/processing HTTP/1.1" 404 0 "-" "Mozilla/5.0 (Macintosh; Intel Mac OS X 10_8_3) AppleWebKit/537.36 (KHTML, like Gecko) Chrome/27.0.1453.93 Safari/537.36"
36.133.115.36 - - [26/Jun/2026:02:06:04 +0800] "POST /wp-cron.php?doing_wp_cron=1782410764.1772129535675048828125 HTTP/1.1" 200 31 "-" "WordPress/7.0; http://cqqizhou.com"
139.162.152.210 - - [26/Jun/2026:02:06:04 +0800] "GET / HTTP/1.1" 301 5 "-" "Mozilla/5.0 (Windows NT 10.0; Win64; x64) AppleWebKit/537.36 (KHTML, like Gecko) Chrome/124.0.0.0 Safari/537.36"
139.162.152.210 - - [26/Jun/2026:02:06:07 +0800] "GET / HTTP/1.1" 200 41028 "http://36.133.115.36" "Mozilla/5.0 (Windows NT 10.0; Win64; x64) AppleWebKit/537.36 (KHTML, like Gecko) Chrome/124.0.0.0 Safari/537.36"
36.133.115.36 - - [26/Jun/2026:02:06:08 +0800] "POST /wp-cron.php?doing_wp_cron=1782410768.9539110660552978515625 HTTP/1.1" 200 31 "-" "WordPress/7.0; http://cqqizhou.com"
139.162.152.210 - - [26/Jun/2026:02:06:08 +0800] "GET / HTTP/1.1" 301 5 "-" "Mozilla/5.0 (Windows NT 10.0; Win64; x64) AppleWebKit/537.36 (KHTML, like Gecko) Chrome/124.0.0.0 Safari/537.36"
139.162.152.210 - - [26/Jun/2026:02:06:09 +0800] "GET / HTTP/1.1" 200 41028 "http://36.133.115.36" "Mozilla/5.0 (Windows NT 10.0; Win64; x64) AppleWebKit/537.36 (KHTML, like Gecko) Chrome/124.0.0.0 Safari/537.36"
139.162.152.210 - - [26/Jun/2026:02:06:12 +0800] "GET /aws_config.properties HTTP/1.1" 404 9498 "-" "Mozilla/5.0 (Windows NT 10.0; Win64; x64) AppleWebKit/537.36 (KHTML, like Gecko) Chrome/124.0.0.0 Safari/537.36"
139.162.152.210 - - [26/Jun/2026:02:06:12 +0800] "GET /_next/static HTTP/1.1" 404 9498 "-" "Mozilla/5.0 (Windows NT 10.0; Win64; x64) AppleWebKit/537.36 (KHTML, like Gecko) Chrome/124.0.0.0 Safari/537.36"
139.162.152.210 - - [26/Jun/2026:02:06:12 +0800] "GET /status HTTP/1.1" 404 9498 "-" "Mozilla/5.0 (Windows NT 10.0; Win64; x64) AppleWebKit/537.36 (KHTML, like Gecko) Chrome/124.0.0.0 Safari/537.36"
139.162.152.210 - - [26/Jun/2026:02:06:13 +0800] "GET /js/ HTTP/1.1" 404 9498 "-" "Mozilla/5.0 (Windows NT 10.0; Win64; x64) AppleWebKit/537.36 (KHTML, like Gecko) Chrome/124.0.0.0 Safari/537.36"
139.162.152.210 - - [26/Jun/2026:02:06:13 +0800] "GET /variables.tf HTTP/1.1" 404 9498 "-" "Mozilla/5.0 (Windows NT 10.0; Win64; x64) AppleWebKit/537.36 (KHTML, like Gecko) Chrome/124.0.0.0 Safari/537.36"
139.162.152.210 - - [26/Jun/2026:02:06:14 +0800] "GET /_debug/ HTTP/1.1" 404 9498 "-" "Mozilla/5.0 (Windows NT 10.0; Win64; x64) AppleWebKit/537.36 (KHTML, like Gecko) Chrome/124.0.0.0 Safari/537.36"
139.162.152.210 - - [26/Jun/2026:02:06:14 +0800] "GET /vue/ HTTP/1.1" 404 9498 "-" "Mozilla/5.0 (Windows NT 10.0; Win64; x64) AppleWebKit/537.36 (KHTML, like Gecko) Chrome/124.0.0.0 Safari/537.36"
139.162.152.210 - - [26/Jun/2026:02:06:14 +0800] "GET /dev/ HTTP/1.1" 404 9498 "-" "Mozilla/5.0 (Windows NT 10.0; Win64; x64) AppleWebKit/537.36 (KHTML, like Gecko) Chrome/124.0.0.0 Safari/537.36"
139.162.152.210 - - [26/Jun/2026:02:06:15 +0800] "GET /assets/js/ HTTP/1.1" 404 9497 "-" "Mozilla/5.0 (Windows NT 10.0; Win64; x64) AppleWebKit/537.36 (KHTML, like Gecko) Chrome/124.0.0.0 Safari/537.36"
139.162.152.210 - - [26/Jun/2026:02:06:15 +0800] "GET /.github/workflows/*.json HTTP/1.1" 404 9497 "-" "Mozilla/5.0 (Windows NT 10.0; Win64; x64) AppleWebKit/537.36 (KHTML, like Gecko) Chrome/124.0.0.0 Safari/537.36"
139.162.152.210 - - [26/Jun/2026:02:06:15 +0800] "GET /config.ts HTTP/1.1" 404 9497 "-" "Mozilla/5.0 (Windows NT 10.0; Win64; x64) AppleWebKit/537.36 (KHTML, like Gecko) Chrome/124.0.0.0 Safari/537.36"
139.162.152.210 - - [26/Jun/2026:02:06:15 +0800] "GET /serverless.yml HTTP/1.1" 404 9497 "-" "Mozilla/5.0 (Windows NT 10.0; Win64; x64) AppleWebKit/537.36 (KHTML, like Gecko) Chrome/124.0.0.0 Safari/537.36"
139.162.152.210 - - [26/Jun/2026:02:06:15 +0800] "GET /backup.sql.gz HTTP/1.1" 404 9497 "-" "Mozilla/5.0 (Windows NT 10.0; Win64; x64) AppleWebKit/537.36 (KHTML, like Gecko) Chrome/124.0.0.0 Safari/537.36"
139.162.152.210 - - [26/Jun/2026:02:06:17 +0800] "GET /keys.json HTTP/1.1" 404 9498 "-" "Mozilla/5.0 (Windows NT 10.0; Win64; x64) AppleWebKit/537.36 (KHTML, like Gecko) Chrome/124.0.0.0 Safari/537.36"
139.162.152.210 - - [26/Jun/2026:02:06:17 +0800] "GET /api/admin HTTP/1.1" 404 9498 "-" "Mozilla/5.0 (Windows NT 10.0; Win64; x64) AppleWebKit/537.36 (KHTML, like Gecko) Chrome/124.0.0.0 Safari/537.36"
139.162.152.210 - - [26/Jun/2026:02:06:17 +0800] "GET /api/auth/ HTTP/1.1" 404 9498 "-" "Mozilla/5.0 (Windows NT 10.0; Win64; x64) AppleWebKit/537.36 (KHTML, like Gecko) Chrome/124.0.0.0 Safari/537.36"
139.162.152.210 - - [26/Jun/2026:02:06:17 +0800] "GET /wp-content/plugins/wp-rocket/assets/js/wpr-beacon.min.js.map HTTP/1.1" 200 83050 "-" "Mozilla/5.0 (Windows NT 10.0; Win64; x64) AppleWebKit/537.36 (KHTML, like Gecko) Chrome/124.0.0.0 Safari/537.36"
139.162.152.210 - - [26/Jun/2026:02:06:17 +0800] "GET /_dev/ HTTP/1.1" 404 9498 "-" "Mozilla/5.0 (Windows NT 10.0; Win64; x64) AppleWebKit/537.36 (KHTML, like Gecko) Chrome/124.0.0.0 Safari/537.36"
139.162.152.210 - - [26/Jun/2026:02:06:18 +0800] "GET /wp-content/plugins/elementor-pro/assets/js/testimonial-carousel HTTP/1.1" 499 0 "-" "Mozilla/5.0 (Windows NT 10.0; Win64; x64) AppleWebKit/537.36 (KHTML, like Gecko) Chrome/124.0.0.0 Safari/537.36"
139.162.152.210 - - [26/Jun/2026:02:06:20 +0800] "GET /admin HTTP/1.1" 499 0 "-" "Mozilla/5.0 (Windows NT 10.0; Win64; x64) AppleWebKit/537.36 (KHTML, like Gecko) Chrome/124.0.0.0 Safari/537.36"
139.162.152.210 - - [26/Jun/2026:02:06:22 +0800] "GET /app.log HTTP/1.1" 499 0 "-" "Mozilla/5.0 (Windows NT 10.0; Win64; x64) AppleWebKit/537.36 (KHTML, like Gecko) Chrome/124.0.0.0 Safari/537.36"
139.162.152.210 - - [26/Jun/2026:02:06:24 +0800] "GET /settings HTTP/1.1" 499 0 "-" "Mozilla/5.0 (Windows NT 10.0; Win64; x64) AppleWebKit/537.36 (KHTML, like Gecko) Chrome/124.0.0.0 Safari/537.36"
36.133.108.125 - - [26/Jun/2026:02:06:25 +0800] "HEAD /beta HTTP/1.1" 404 0 "-" "Mozilla/5.0 (Macintosh; U; Intel Mac OS X 10_6_7; da-dk) AppleWebKit/533.21.1 (KHTML, like Gecko) Version/5.0.5 Safari/533.21.1"
139.162.152.210 - - [26/Jun/2026:02:06:25 +0800] "GET /next HTTP/1.1" 499 0 "-" "Mozilla/5.0 (Windows NT 10.0; Win64; x64) AppleWebKit/537.36 (KHTML, like Gecko) Chrome/124.0.0.0 Safari/537.36"
139.162.152.210 - - [26/Jun/2026:02:06:26 +0800] "GET /api/aws HTTP/1.1" 499 0 "-" "Mozilla/5.0 (Windows NT 10.0; Win64; x64) AppleWebKit/537.36 (KHTML, like Gecko) Chrome/124.0.0.0 Safari/537.36"
139.162.152.210 - - [26/Jun/2026:02:06:26 +0800] "GET /config/database.json HTTP/1.1" 499 0 "-" "Mozilla/5.0 (Windows NT 10.0; Win64; x64) AppleWebKit/537.36 (KHTML, like Gecko) Chrome/124.0.0.0 Safari/537.36"
139.162.152.210 - - [26/Jun/2026:02:06:26 +0800] "GET /docker-compose.prod.yaml HTTP/1.1" 499 0 "-" "Mozilla/5.0 (Windows NT 10.0; Win64; x64) AppleWebKit/537.36 (KHTML, like Gecko) Chrome/124.0.0.0 Safari/537.36"
139.162.152.210 - - [26/Jun/2026:02:06:26 +0800] "GET /application-dev.properties HTTP/1.1" 499 0 "-" "Mozilla/5.0 (Windows NT 10.0; Win64; x64) AppleWebKit/537.36 (KHTML, like Gecko) Chrome/124.0.0.0 Safari/537.36"
139.162.152.210 - - [26/Jun/2026:02:06:26 +0800] "GET /next/ HTTP/1.1" 499 0 "-" "Mozilla/5.0 (Windows NT 10.0; Win64; x64) AppleWebKit/537.36 (KHTML, like Gecko) Chrome/124.0.0.0 Safari/537.36"
139.162.152.210 - - [26/Jun/2026:02:06:26 +0800] "GET /_beta/ HTTP/1.1" 499 0 "-" "Mozilla/5.0 (Windows NT 10.0; Win64; x64) AppleWebKit/537.36 (KHTML, like Gecko) Chrome/124.0.0.0 Safari/537.36"
139.162.152.210 - - [26/Jun/2026:02:06:26 +0800] "GET /_admin/ HTTP/1.1" 499 0 "-" "Mozilla/5.0 (Windows NT 10.0; Win64; x64) AppleWebKit/537.36 (KHTML, like Gecko) Chrome/124.0.0.0 Safari/537.36"
139.162.152.210 - - [26/Jun/2026:02:06:26 +0800] "GET /.aws/config HTTP/1.1" 499 0 "-" "Mozilla/5.0 (Windows NT 10.0; Win64; x64) AppleWebKit/537.36 (KHTML, like Gecko) Chrome/124.0.0.0 Safari/537.36"
136.66.82.196 - - [26/Jun/2026:02:10:08 +0800] "HEAD / HTTP/1.1" 200 0 "-" "Mozilla/5.0 (Windows NT 11.0; Win64; x64) AppleWebKit/537.36 (KHTML, like Gecko) Edg/128.0.2790.25 Chrome/128.0.6540.22 Safari/537.36"
36.133.115.36 - - [26/Jun/2026:02:10:09 +0800] "POST /wp-cron.php?doing_wp_cron=1782411009.0905189514160156250000 HTTP/1.1" 200 31 "-" "WordPress/7.0; http://cqqizhou.com"
136.66.82.196 - - [26/Jun/2026:02:10:09 +0800] "HEAD /old/ HTTP/1.1" 404 0 "-" "Mozilla/5.0 (Linux; Android 14; Samsung SM-A546B) AppleWebKit/537.36 (KHTML, like Gecko) Chrome/126.0.6478.14 Mobile Safari/537.36"
136.66.82.196 - - [26/Jun/2026:02:10:10 +0800] "HEAD /blog/ HTTP/1.1" 404 0 "-" "Mozilla/5.0 (iPhone; CPU iPhone OS 16_7 like Mac OS X) AppleWebKit/605.1.15 (KHTML, like Gecko) Version/16.7 Mobile/15E148 Safari/604.1"
136.66.82.196 - - [26/Jun/2026:02:10:11 +0800] "HEAD /backup/ HTTP/1.1" 404 0 "-" "Mozilla/5.0 (Linux; Android 14; Xiaomi 14 Pro) AppleWebKit/537.36 (KHTML, like Gecko) Chrome/126.0.6478.33 Mobile Safari/537.36"
136.66.82.196 - - [26/Jun/2026:02:10:12 +0800] "HEAD /new/ HTTP/1.1" 301 0 "-" "Mozilla/5.0 (Windows NT 10.0; Win64; x64) AppleWebKit/537.36 (KHTML, like Gecko) Chrome/127.0.6534.42 Safari/537.36"
136.66.82.196 - - [26/Jun/2026:02:10:13 +0800] "HEAD /news HTTP/1.1" 200 0 "http://cqqizhou.com/new/" "Mozilla/5.0 (Windows NT 10.0; Win64; x64) AppleWebKit/537.36 (KHTML, like Gecko) Chrome/127.0.6534.42 Safari/537.36"
136.66.82.196 - - [26/Jun/2026:02:10:13 +0800] "HEAD /wp/ HTTP/1.1" 404 0 "-" "Mozilla/5.0 (Linux; Android 11; moto g31) AppleWebKit/537.36 (KHTML, like Gecko) Chrome/122.0.6261.96 Mobile Safari/537.36"
136.66.82.196 - - [26/Jun/2026:02:10:14 +0800] "HEAD /wordpress/ HTTP/1.1" 404 0 "-" "Mozilla/5.0 (Macintosh; Intel Mac OS X 14_5) AppleWebKit/605.1.15 (KHTML, like Gecko) Version/17.5 Safari/605.1.15"
162.14.66.219 - - [26/Jun/2026:02:10:55 +0800] "GET / HTTP/1.1" 301 5 "-" "Mozilla/5.0 (iPhone; CPU iPhone OS 13_2_3 like Mac OS X) AppleWebKit/605.1.15 (KHTML, like Gecko) Version/13.0.3 Mobile/15E148 Safari/604.1"
162.14.66.219 - - [26/Jun/2026:02:10:56 +0800] "GET / HTTP/1.1" 200 35134 "http://www.cqqizhou.com" "Mozilla/5.0 (iPhone; CPU iPhone OS 13_2_3 like Mac OS X) AppleWebKit/605.1.15 (KHTML, like Gecko) Version/13.0.3 Mobile/15E148 Safari/604.1"
36.133.115.36 - - [26/Jun/2026:02:11:17 +0800] "POST /wp-cron.php?doing_wp_cron=1782411077.6040709018707275390625 HTTP/1.1" 200 31 "-" "WordPress/7.0; http://cqqizhou.com"
216.244.66.245 - - [26/Jun/2026:02:11:17 +0800] "GET /robots.txt HTTP/1.1" 200 390 "-" "Mozilla/5.0 (compatible; DotBot/1.2; +https://opensiteexplorer.org/dotbot; help@moz.com)"
36.133.108.121 - - [26/Jun/2026:02:11:19 +0800] "HEAD /wp-content/example HTTP/1.1" 404 0 "-" "Mozilla/5.0 (Windows NT 6.1; rv:21.0) Gecko/20100101 Firefox/21.0"
45.202.243.235 - - [26/Jun/2026:02:17:05 +0800] "GET /wp-content/uploads/2026/01/1767691466-Article_images_W900%C3%97500px202601061.webp HTTP/1.1" 200 56014 "-" "Mozilla/5.0 (Windows NT 10.0; Win64; x64) AppleWebKit/537.36 (KHTML, like Gecko) Chrome/120.0.0.0 Safari/537.36"
36.133.115.36 - - [26/Jun/2026:02:18:05 +0800] "POST /wp-cron.php?doing_wp_cron=1782411485.8193869590759277343750 HTTP/1.1" 200 31 "-" "WordPress/7.0; http://cqqizhou.com"
36.133.108.121 - - [26/Jun/2026:02:18:05 +0800] "HEAD /wp-includes/build/phpMyAdmin0 HTTP/1.1" 404 0 "-" "Mozilla/5.0 (Windows; U; Windows NT 6.1; en-US; rv:1.9.2.13) Gecko/20101213"
36.133.115.36 - - [26/Jun/2026:02:18:24 +0800] "POST /wp-cron.php?doing_wp_cron=1782411503.9928510189056396484375 HTTP/1.1" 200 31 "-" "WordPress/7.0; http://cqqizhou.com"
36.133.108.121 - - [26/Jun/2026:02:18:24 +0800] "HEAD /wp-admin/beta HTTP/1.1" 404 0 "-" "Mozilla/5.0 (iPad; U; CPU OS 3_2 like Mac OS X; en-us) AppleWebKit/531.21.10 (KHTML, like Gecko) Version/4.0.4 Mobile/7B334b Safari/531.21.10"
36.133.115.36 - - [26/Jun/2026:02:21:59 +0800] "POST /wp-cron.php?doing_wp_cron=1782411719.4189379215240478515625 HTTP/1.1" 200 31 "-" "WordPress/7.0; http://cqqizhou.com"
36.133.108.125 - - [26/Jun/2026:02:21:59 +0800] "HEAD /wp-admin/includes/services HTTP/1.1" 404 0 "-" "Mozilla/5.0 (Macintosh; U; Intel Mac OS X 10_6_6; fr-ch) AppleWebKit/533.19.4 (KHTML, like Gecko) Version/5.0.3 Safari/533.19.4"
216.244.66.245 - - [26/Jun/2026:02:22:16 +0800] "GET /wp-content/uploads/2025/07/1750649193-qizhou1920x1080_5.webp HTTP/1.1" 200 110214 "-" "Mozilla/5.0 (compatible; DotBot/1.2; +https://opensiteexplorer.org/dotbot; help@moz.com)"
36.133.115.36 - - [26/Jun/2026:02:27:26 +0800] "POST /wp-cron.php?doing_wp_cron=1782412046.3244879245758056640625 HTTP/1.1" 200 31 "-" "WordPress/7.0; http://cqqizhou.com"
43.135.36.201 - - [26/Jun/2026:02:27:26 +0800] "GET /news/portfolio-category/hot-dip-galvanized-coil HTTP/1.1" 200 18276 "-" "Mozilla/5.0 (iPhone; CPU iPhone OS 13_2_3 like Mac OS X) AppleWebKit/605.1.15 (KHTML, like Gecko) Version/13.0.3 Mobile/15E148 Safari/604.1"
36.133.115.36 - - [26/Jun/2026:02:33:47 +0800] "POST /wp-cron.php?doing_wp_cron=1782412427.7076089382171630859375 HTTP/1.1" 200 31 "-" "WordPress/7.0; http://cqqizhou.com"
36.133.108.125 - - [26/Jun/2026:02:33:47 +0800] "HEAD /wp-includes/images/propel.ini HTTP/1.1" 404 0 "-" "Mozilla/5.0 (compatible; MSIE 9.0; Windows NT 6.1; Trident/5.0; yie8)"
36.133.108.119 - - [26/Jun/2026:02:33:57 +0800] "HEAD /wp-content/plugins/ HTTP/1.1" 200 0 "-" "Mozilla/5.0 (Macintosh; U; Intel Mac OS X 10_5_8; zh-cn) AppleWebKit/533.18.1 (KHTML, like Gecko) Version/5.0.2 Safari/533.18.5"
36.133.115.36 - - [26/Jun/2026:02:34:44 +0800] "POST /wp-cron.php?doing_wp_cron=1782412484.5112171173095703125000 HTTP/1.1" 200 31 "-" "WordPress/7.0; http://cqqizhou.com"
36.133.108.125 - - [26/Jun/2026:02:34:44 +0800] "HEAD /install HTTP/1.1" 404 0 "-" "Mozilla/5.0 (Macintosh; U; Intel Mac OS X 10_6_6; en-gb) AppleWebKit/533.20.25 (KHTML, like Gecko) Version/5.0.4 Safari/533.20.27"
36.133.115.36 - - [26/Jun/2026:02:36:56 +0800] "POST /wp-cron.php?doing_wp_cron=1782412616.4660999774932861328125 HTTP/1.1" 200 31 "-" "WordPress/7.0; http://cqqizhou.com"
36.133.108.121 - - [26/Jun/2026:02:36:56 +0800] "HEAD /log HTTP/1.1" 404 0 "-" "Mozilla/5.0 (Macintosh; U; Intel Mac OS X 10_6_6; sv-se) AppleWebKit/533.20.25 (KHTML, like Gecko) Version/5.0.4 Safari/533.20.27"
36.133.115.36 - - [26/Jun/2026:02:43:23 +0800] "POST /wp-cron.php?doing_wp_cron=1782413003.5222129821777343750000 HTTP/1.1" 200 31 "-" "WordPress/7.0; http://cqqizhou.com"
36.133.108.121 - - [26/Jun/2026:02:43:23 +0800] "HEAD /wp-content/fonts/id_dsa HTTP/1.1" 404 0 "-" "Mozilla/5.0 (iPad; U; CPU OS 3_2 like Mac OS X; en-us) AppleWebKit/531.21.10 (KHTML, like Gecko) Version/4.0.4 Mobile/7B334b Safari/531.21.10"
36.133.115.36 - - [26/Jun/2026:02:47:24 +0800] "POST /wp-cron.php?doing_wp_cron=1782413244.4708170890808105468750 HTTP/1.1" 200 31 "-" "WordPress/7.0; http://cqqizhou.com"
36.133.108.121 - - [26/Jun/2026:02:47:24 +0800] "HEAD /wp-includes/assets/service HTTP/1.1" 404 0 "-" "Mozilla/5.0 (X11; Ubuntu; Linux x86_64; rv:24.0) Gecko/20100101 Firefox/24.0"
36.133.115.36 - - [26/Jun/2026:02:48:35 +0800] "POST /wp-cron.php?doing_wp_cron=1782413315.8173489570617675781250 HTTP/1.1" 200 31 "-" "WordPress/7.0; http://cqqizhou.com"
36.133.108.119 - - [26/Jun/2026:02:48:35 +0800] "HEAD /~www HTTP/1.1" 404 0 "-" "Mozilla/5.0 (iPad; CPU OS 6_0 like Mac OS X) AppleWebKit/536.26 (KHTML, like Gecko) Version/6.0 Mobile/10A5355d Safari/8536.25"
36.133.115.36 - - [26/Jun/2026:02:49:13 +0800] "POST /wp-cron.php?doing_wp_cron=1782413353.7591900825500488281250 HTTP/1.1" 200 31 "-" "WordPress/7.0; http://cqqizhou.com"
36.133.108.125 - - [26/Jun/2026:02:49:13 +0800] "HEAD /wp-admin/js/Default HTTP/1.1" 404 0 "-" "Mozilla/5.0 (Windows; U; Windows NT 6.1; ja-JP) AppleWebKit/533.20.25 (KHTML, like Gecko) Version/5.0.3 Safari/533.19.4"
36.133.108.125 - - [26/Jun/2026:02:49:33 +0800] "HEAD /wp-admin/includes/' HTTP/1.1" 301 0 "-" "Mozilla/5.0 (Windows NT 6.1; WOW64; rv:31.0) Gecko/20130401 Firefox/31.0"
36.133.108.119 - - [26/Jun/2026:02:49:34 +0800] "GET /wp-admin/includes/' HTTP/1.1" 301 5 "-" "Scrapy/2.8.0 (+https://scrapy.org)"
36.133.108.119 - - [26/Jun/2026:02:49:34 +0800] "GET /wp-admin/includes/ HTTP/1.1" 403 146 "-" "Scrapy/2.8.0 (+https://scrapy.org)"
36.133.115.36 - - [26/Jun/2026:02:51:12 +0800] "POST /wp-cron.php?doing_wp_cron=1782413472.4994390010833740234375 HTTP/1.1" 200 31 "-" "WordPress/7.0; http://cqqizhou.com"
146.190.94.149 - - [26/Jun/2026:02:51:12 +0800] "GET /wp-content/plugins/wp-time-capsule/readme.txt HTTP/1.1" 301 5 "-" "Mozilla/5.0 (Windows NT 10.0; Win64; x64) AppleWebKit/537.36 (KHTML, like Gecko) Chrome/140.0.0.0 Safari/537.36"
146.190.94.149 - - [26/Jun/2026:02:51:13 +0800] "GET /wp-content/plugins/wp-time-capsule/readme.txt HTTP/1.1" 301 5 "-" "Mozilla/5.0 (Windows NT 10.0; Win64; x64) AppleWebKit/537.36 (KHTML, like Gecko) Chrome/140.0.0.0 Safari/537.36"
146.190.94.149 - - [26/Jun/2026:02:51:14 +0800] "GET /wp-content/plugins/wp-time-capsule/readme.txt HTTP/1.1" 301 5 "-" "Mozilla/5.0 (Windows NT 10.0; Win64; x64) AppleWebKit/537.36 (KHTML, like Gecko) Chrome/140.0.0.0 Safari/537.36"
146.190.94.149 - - [26/Jun/2026:02:51:15 +0800] "GET /wp-content/plugins/backup-backup/readme.txt HTTP/1.1" 301 5 "-" "Mozilla/5.0 (Windows NT 10.0; Win64; x64) AppleWebKit/537.36 (KHTML, like Gecko) Chrome/140.0.0.0 Safari/537.36"
146.190.94.149 - - [26/Jun/2026:02:51:16 +0800] "GET /wp-content/plugins/backup-backup/readme.txt HTTP/1.1" 301 5 "-" "Mozilla/5.0 (Windows NT 10.0; Win64; x64) AppleWebKit/537.36 (KHTML, like Gecko) Chrome/140.0.0.0 Safari/537.36"
146.190.94.149 - - [26/Jun/2026:02:51:16 +0800] "GET /wp-content/plugins/backup-backup/readme.txt HTTP/1.1" 301 5 "-" "Mozilla/5.0 (Windows NT 10.0; Win64; x64) AppleWebKit/537.36 (KHTML, like Gecko) Chrome/140.0.0.0 Safari/537.36"
36.133.115.36 - - [26/Jun/2026:02:52:40 +0800] "POST /wp-cron.php?doing_wp_cron=1782413560.6365420818328857421875 HTTP/1.1" 200 31 "-" "WordPress/7.0; http://cqqizhou.com"
203.154.14.18 - - [26/Jun/2026:02:52:41 +0800] "GET / HTTP/1.1" 200 158011 "-" "-"
36.133.108.125 - - [26/Jun/2026:02:52:43 +0800] "HEAD /wp-includes/globals HTTP/1.1" 404 0 "-" "Mozilla/5.0 (compatible; MSIE 9.0; Windows NT 6.1; Trident/5.0; yie8)"
36.133.115.36 - - [26/Jun/2026:02:56:33 +0800] "POST /wp-cron.php?doing_wp_cron=1782413793.7483260631561279296875 HTTP/1.1" 200 31 "-" "WordPress/7.0; http://cqqizhou.com"
216.244.66.245 - - [26/Jun/2026:02:56:33 +0800] "GET /robots.txt HTTP/1.1" 200 390 "-" "Mozilla/5.0 (compatible; DotBot/1.2; +https://opensiteexplorer.org/dotbot; help@moz.com)"
119.28.89.249 - - [26/Jun/2026:02:56:39 +0800] "GET /news/portfolio/%e5%86%b7%e8%bd%a7%e6%9d%bf HTTP/1.1" 200 19346 "-" "Mozilla/5.0 (iPhone; CPU iPhone OS 13_2_3 like Mac OS X) AppleWebKit/605.1.15 (KHTML, like Gecko) Version/13.0.3 Mobile/15E148 Safari/604.1"
36.133.115.36 - - [26/Jun/2026:02:59:33 +0800] "POST /wp-cron.php?doing_wp_cron=1782413973.2351419925689697265625 HTTP/1.1" 200 31 "-" "WordPress/7.0; http://cqqizhou.com"
36.133.108.119 - - [26/Jun/2026:02:59:33 +0800] "HEAD /wp-includes/images/db1.mdb HTTP/1.1" 404 0 "-" "Mozilla/5.0 (Macintosh; U; Intel Mac OS X 10_5_8; zh-cn) AppleWebKit/533.18.1 (KHTML, like Gecko) Version/5.0.2 Safari/533.18.5"
46.151.182.5 - - [26/Jun/2026:03:00:56 +0800] "GET / HTTP/1.1" 200 171937 "-" "-"
36.133.115.36 - - [26/Jun/2026:03:00:57 +0800] "POST /wp-cron.php?doing_wp_cron=1782414057.8073899745941162109375 HTTP/1.1" 200 31 "-" "WordPress/7.0; http://cqqizhou.com"
46.151.182.5 - - [26/Jun/2026:03:00:57 +0800] "GET /wordpress HTTP/1.1" 404 32862 "-" "-"
46.151.182.5 - - [26/Jun/2026:03:00:58 +0800] "GET /wp-admin/setup-config.php HTTP/1.1" 409 2718 "-" "-"
46.151.182.5 - - [26/Jun/2026:03:00:59 +0800] "GET /wp-admin/install.php HTTP/1.1" 200 1350 "-" "-"
46.151.182.5 - - [26/Jun/2026:03:01:00 +0800] "GET /wp HTTP/1.1" 404 32862 "-" "-"
46.151.182.5 - - [26/Jun/2026:03:01:01 +0800] "GET /blog HTTP/1.1" 404 32862 "-" "-"
46.151.182.5 - - [26/Jun/2026:03:01:03 +0800] "GET /new HTTP/1.1" 301 5 "-" "-"
46.151.182.5 - - [26/Jun/2026:03:01:04 +0800] "GET /news HTTP/1.1" 200 100477 "-" "-"
46.151.182.5 - - [26/Jun/2026:03:01:06 +0800] "GET /old HTTP/1.1" 404 32862 "-" "-"
46.151.182.5 - - [26/Jun/2026:03:01:07 +0800] "GET /newsite HTTP/1.1" 404 32862 "-" "-"
36.133.115.36 - - [26/Jun/2026:03:01:09 +0800] "POST /wp-cron.php?doing_wp_cron=1782414069.1464889049530029296875 HTTP/1.1" 200 31 "-" "WordPress/7.0; http://cqqizhou.com"
46.151.182.5 - - [26/Jun/2026:03:01:09 +0800] "GET /test HTTP/1.1" 404 32862 "-" "-"
46.151.182.5 - - [26/Jun/2026:03:01:10 +0800] "GET /main HTTP/1.1" 404 32862 "-" "-"
46.151.182.5 - - [26/Jun/2026:03:01:12 +0800] "GET /testing HTTP/1.1" 404 32862 "-" "-"
46.151.182.5 - - [26/Jun/2026:03:01:13 +0800] "GET /site HTTP/1.1" 404 32862 "-" "-"
46.151.182.5 - - [26/Jun/2026:03:01:14 +0800] "GET /backup HTTP/1.1" 404 32862 "-" "-"
46.151.182.5 - - [26/Jun/2026:03:01:16 +0800] "GET /demo HTTP/1.1" 404 32862 "-" "-"
46.151.182.5 - - [26/Jun/2026:03:01:17 +0800] "GET /home HTTP/1.1" 301 5 "-" "-"
46.151.182.5 - - [26/Jun/2026:03:01:19 +0800] "GET / HTTP/1.1" 200 171937 "-" "-"
46.151.182.5 - - [26/Jun/2026:03:01:20 +0800] "GET /tmp HTTP/1.1" 404 32862 "-" "-"
46.151.182.5 - - [26/Jun/2026:03:01:21 +0800] "GET /dev HTTP/1.1" 404 32862 "-" "-"
46.151.182.5 - - [26/Jun/2026:03:01:23 +0800] "GET /cms HTTP/1.1" 404 32862 "-" "-"
46.151.182.5 - - [26/Jun/2026:03:01:24 +0800] "GET /portal HTTP/1.1" 404 32862 "-" "-"
46.151.182.5 - - [26/Jun/2026:03:01:26 +0800] "GET /web HTTP/1.1" 404 32862 "-" "-"
216.244.66.245 - - [26/Jun/2026:03:07:58 +0800] "GET /company-news/page/2 HTTP/1.1" 200 101168 "-" "Mozilla/5.0 (compatible; DotBot/1.2; +https://opensiteexplorer.org/dotbot; help@moz.com)"
36.133.115.36 - - [26/Jun/2026:03:09:56 +0800] "POST /wp-cron.php?doing_wp_cron=1782414596.1361351013183593750000 HTTP/1.1" 200 31 "-" "WordPress/7.0; http://cqqizhou.com"
36.133.108.119 - - [26/Jun/2026:03:09:56 +0800] "HEAD /wp-content/languages/Secret HTTP/1.1" 404 0 "-" "Mozilla/5.0 (iPad; CPU OS 6_0 like Mac OS X) AppleWebKit/536.26 (KHTML, like Gecko) Version/6.0 Mobile/10A5355d Safari/8536.25"
220.181.108.158 - - [26/Jun/2026:03:10:05 +0800] "GET / HTTP/1.1" 200 41028 "-" "Mozilla/5.0 (compatible; Baiduspider/2.0; +http://www.baidu.com/search/spider.html)"
116.179.32.213 - - [26/Jun/2026:03:10:06 +0800] "GET / HTTP/1.1" 200 35134 "-" "Mozilla/5.0 (Linux;u;Android 4.2.2;zh-cn;) AppleWebKit/534.46 (KHTML,like Gecko) Version/5.1 Mobile Safari/10600.6.3 (compatible; Baiduspider/2.0; +http://www.baidu.com/search/spider.html)"
36.133.115.36 - - [26/Jun/2026:03:10:43 +0800] "POST /wp-cron.php?doing_wp_cron=1782414643.6442298889160156250000 HTTP/1.1" 200 31 "-" "WordPress/7.0; http://cqqizhou.com"
116.179.32.42 - - [26/Jun/2026:03:10:43 +0800] "GET / HTTP/1.1" 301 5 "-" "Mozilla/5.0 (Linux;u;Android 4.2.2;zh-cn;) AppleWebKit/534.46 (KHTML,like Gecko) Version/5.1 Mobile Safari/10600.6.3 (compatible; Baiduspider/2.0; +http://www.baidu.com/search/spider.html)"
116.179.32.211 - - [26/Jun/2026:03:10:44 +0800] "GET / HTTP/1.1" 301 5 "-" "Mozilla/5.0 (compatible; Baiduspider/2.0; +http://www.baidu.com/search/spider.html)"
116.179.32.205 - - [26/Jun/2026:03:10:44 +0800] "GET / HTTP/1.1" 200 41028 "-" "Mozilla/5.0 (compatible; Baiduspider/2.0; +http://www.baidu.com/search/spider.html)"
116.179.32.43 - - [26/Jun/2026:03:10:44 +0800] "GET / HTTP/1.1" 200 35134 "-" "Mozilla/5.0 (Linux;u;Android 4.2.2;zh-cn;) AppleWebKit/534.46 (KHTML,like Gecko) Version/5.1 Mobile Safari/10600.6.3 (compatible; Baiduspider/2.0; +http://www.baidu.com/search/spider.html)"
220.181.51.113 - - [26/Jun/2026:03:10:58 +0800] "GET /robots.txt HTTP/1.1" 301 5 "-" "Mozilla/5.0 (Windows NT 10.0; WOW64) AppleWebKit/537.36 (KHTML, like Gecko) Chrome/48.0.2564.116 Safari/537.36"
220.181.51.118 - - [26/Jun/2026:03:10:59 +0800] "GET /robots.txt HTTP/1.1" 301 5 "-" "Mozilla/5.0 (Windows NT 10.0; WOW64) AppleWebKit/537.36 (KHTML, like Gecko) Chrome/48.0.2564.116 Safari/537.36"
220.181.51.113 - - [26/Jun/2026:03:10:59 +0800] "GET /robots.txt HTTP/1.1" 200 190 "-" "Mozilla/5.0 (Windows NT 10.0; WOW64) AppleWebKit/537.36 (KHTML, like Gecko) Chrome/48.0.2564.116 Safari/537.36"
220.181.51.113 - - [26/Jun/2026:03:10:59 +0800] "GET /robots.txt HTTP/1.1" 200 190 "-" "Mozilla/5.0 (Windows NT 10.0; WOW64) AppleWebKit/537.36 (KHTML, like Gecko) Chrome/48.0.2564.116 Safari/537.36"
36.133.115.36 - - [26/Jun/2026:03:12:48 +0800] "POST /wp-cron.php?doing_wp_cron=1782414768.8392760753631591796875 HTTP/1.1" 200 31 "-" "WordPress/7.0; http://cqqizhou.com"
143.198.58.203 - - [26/Jun/2026:03:12:48 +0800] "GET / HTTP/1.1" 301 5 "-" "Mozilla/5.0 (X11; Linux x86_64) AppleWebKit/537.36 (KHTML, like Gecko) Chrome/142.0.0.0 Safari/537.36"
36.133.115.36 - - [26/Jun/2026:03:13:25 +0800] "POST /wp-cron.php?doing_wp_cron=1782414805.0684559345245361328125 HTTP/1.1" 200 31 "-" "WordPress/7.0; http://cqqizhou.com"
115.159.33.43 - - [26/Jun/2026:03:13:25 +0800] "GET / HTTP/1.1" 301 5 "-" "Mozilla/5.0 (Windows NT 10.0; Win64; x64) AppleWebKit/537.36 (KHTML, like Gecko) Chrome/79.0.3945.117 Safari/537.36"
116.179.32.81 - - [26/Jun/2026:03:13:25 +0800] "GET /wp-content/uploads/2026/06/1782392245-Article_images_W900px.webp HTTP/1.1" 200 62046 "-" "Mozilla/5.0 (compatible; Baiduspider/2.0; +http://www.baidu.com/search/spider.html)"
116.179.32.48 - - [26/Jun/2026:03:13:25 +0800] "GET /wp-content/uploads/2026/06/1782182572-Article_images_W900px.webp HTTP/1.1" 200 24314 "-" "Mozilla/5.0 (compatible; Baiduspider/2.0; +http://www.baidu.com/search/spider.html)"
220.181.108.169 - - [26/Jun/2026:03:13:28 +0800] "GET /news/2603 HTTP/1.1" 200 25065 "-" "Mozilla/5.0 (compatible; Baiduspider/2.0; +http://www.baidu.com/search/spider.html)"
116.179.37.121 - - [26/Jun/2026:03:13:34 +0800] "GET /wp-content/uploads/2026/06/1782392245-Article_images_W900px.webp HTTP/1.1" 200 62046 "http://cqqizhou.com/news/2603" "Mozilla/5.0 (compatible; Baiduspider-render/2.0; +http://www.baidu.com/search/spider.html)"
116.179.37.218 - - [26/Jun/2026:03:13:34 +0800] "GET /wp-content/uploads/2026/06/1782182572-Article_images_W900px.webp HTTP/1.1" 200 24314 "http://cqqizhou.com/news/2603" "Mozilla/5.0 (compatible; Baiduspider-render/2.0; +http://www.baidu.com/search/spider.html)"
36.133.108.119 - - [26/Jun/2026:03:14:06 +0800] "HEAD /contacts/ HTTP/1.1" 301 0 "-" "Mozilla/5.0 (compatible; MSIE 8.0; Windows NT 5.1; Trident/4.0; .NET CLR 1.1.4322; .NET CLR 2.0.50727)"
36.133.115.36 - - [26/Jun/2026:03:16:04 +0800] "POST /wp-cron.php?doing_wp_cron=1782414964.2692821025848388671875 HTTP/1.1" 200 31 "-" "WordPress/7.0; http://cqqizhou.com"
36.133.108.119 - - [26/Jun/2026:03:16:04 +0800] "HEAD /wp-admin/images/thumb HTTP/1.1" 404 0 "-" "Mozilla/5.0 (iPad; CPU OS 6_0 like Mac OS X) AppleWebKit/536.26 (KHTML, like Gecko) Version/6.0 Mobile/10A5355d Safari/8536.25"
36.133.108.119 - - [26/Jun/2026:03:23:30 +0800] "HEAD /cp.php HTTP/1.1" 404 0 "-" "Mozilla/5.0 (compatible; MSIE 8.0; Windows NT 5.1; Trident/4.0; .NET CLR 1.1.4322; .NET CLR 2.0.50727)"
36.133.115.36 - - [26/Jun/2026:03:28:43 +0800] "POST /wp-cron.php?doing_wp_cron=1782415723.4010899066925048828125 HTTP/1.1" 200 31 "-" "WordPress/7.0; http://cqqizhou.com"
36.133.108.119 - - [26/Jun/2026:03:28:43 +0800] "HEAD /wp-content/languages/_include HTTP/1.1" 404 0 "-" "Mozilla/5.0 (Macintosh; U; Intel Mac OS X 10_5_8; zh-cn) AppleWebKit/533.18.1 (KHTML, like Gecko) Version/5.0.2 Safari/533.18.5"
36.133.108.119 - - [26/Jun/2026:03:29:07 +0800] "HEAD /wp-content/fonts/users HTTP/1.1" 404 0 "-" "Mozilla/5.0 (compatible; MSIE 8.0; Windows NT 5.1; Trident/4.0; .NET CLR 1.1.4322; .NET CLR 2.0.50727)"
