36.133.115.36 - - [26/Jun/2026:03:29:17 +0800] "POST /wp-cron.php?doing_wp_cron=1782415757.1416308879852294921875 HTTP/1.1" 200 31 "-" "WordPress/7.0; http://cqqizhou.com"
36.133.108.121 - - [26/Jun/2026:03:29:17 +0800] "HEAD /wp-includes/assets/service.asmx HTTP/1.1" 404 0 "-" "Mozilla/5.0 (iPad; U; CPU OS 3_2 like Mac OS X; en-us) AppleWebKit/531.21.10 (KHTML, like Gecko) Version/4.0.4 Mobile/7B334b Safari/531.21.10"
36.133.115.36 - - [26/Jun/2026:03:31:28 +0800] "POST /wp-cron.php?doing_wp_cron=1782415888.5580270290374755859375 HTTP/1.1" 200 31 "-" "WordPress/7.0; http://cqqizhou.com"
36.133.108.119 - - [26/Jun/2026:03:31:28 +0800] "HEAD /wp-includes/build/html HTTP/1.1" 404 0 "-" "Mozilla/5.0 (Macintosh; Intel Mac OS X 10_8_3) AppleWebKit/537.36 (KHTML, like Gecko) Chrome/27.0.1453.93 Safari/537.36"
36.133.115.36 - - [26/Jun/2026:03:35:58 +0800] "POST /wp-cron.php?doing_wp_cron=1782416158.0080590248107910156250 HTTP/1.1" 200 31 "-" "WordPress/7.0; http://cqqizhou.com"
36.133.108.125 - - [26/Jun/2026:03:35:58 +0800] "HEAD /register.asp HTTP/1.1" 404 0 "-" "Mozilla/5.0 (Macintosh; U; Intel Mac OS X 10_6_6; en-gb) AppleWebKit/533.20.25 (KHTML, like Gecko) Version/5.0.4 Safari/533.20.27"
36.133.115.36 - - [26/Jun/2026:03:36:13 +0800] "POST /wp-cron.php?doing_wp_cron=1782416173.4641170501708984375000 HTTP/1.1" 200 31 "-" "WordPress/7.0; http://cqqizhou.com"
142.44.228.246 - - [26/Jun/2026:03:36:13 +0800] "GET /robots.txt HTTP/1.1" 200 190 "-" "Mozilla/5.0 (compatible; AhrefsBot/7.0; +http://ahrefs.com/robot/)"
51.89.129.210 - - [26/Jun/2026:03:36:16 +0800] "GET /news/2518 HTTP/1.1" 200 24751 "-" "Mozilla/5.0 (compatible; AhrefsBot/7.0; +http://ahrefs.com/robot/)"
36.133.115.36 - - [26/Jun/2026:03:39:35 +0800] "POST /wp-cron.php?doing_wp_cron=1782416375.6977140903472900390625 HTTP/1.1" 200 31 "-" "WordPress/7.0; http://cqqizhou.com"
36.133.108.119 - - [26/Jun/2026:03:39:35 +0800] "HEAD /wp-admin/js/conf HTTP/1.1" 404 0 "-" "Mozilla/5.0 (iPad; CPU OS 6_0 like Mac OS X) AppleWebKit/536.26 (KHTML, like Gecko) Version/6.0 Mobile/10A5355d Safari/8536.25"
36.133.115.36 - - [26/Jun/2026:03:42:30 +0800] "POST /wp-cron.php?doing_wp_cron=1782416550.7933380603790283203125 HTTP/1.1" 200 31 "-" "WordPress/7.0; http://cqqizhou.com"
216.244.66.245 - - [26/Jun/2026:03:42:30 +0800] "GET /robots.txt HTTP/1.1" 200 390 "-" "Mozilla/5.0 (compatible; DotBot/1.2; +https://opensiteexplorer.org/dotbot; help@moz.com)"
36.133.115.36 - - [26/Jun/2026:03:44:25 +0800] "POST /wp-cron.php?doing_wp_cron=1782416665.1176190376281738281250 HTTP/1.1" 200 31 "-" "WordPress/7.0; http://cqqizhou.com"
36.133.108.125 - - [26/Jun/2026:03:44:25 +0800] "HEAD /wp-admin/js/customers.log HTTP/1.1" 404 0 "-" "Mozilla/5.0 (Macintosh; U; Intel Mac OS X 10_6_6; fr-ch) AppleWebKit/533.19.4 (KHTML, like Gecko) Version/5.0.3 Safari/533.19.4"
36.133.115.36 - - [26/Jun/2026:03:45:21 +0800] "POST /wp-cron.php?doing_wp_cron=1782416721.4029910564422607421875 HTTP/1.1" 200 31 "-" "WordPress/7.0; http://cqqizhou.com"
36.133.108.121 - - [26/Jun/2026:03:45:21 +0800] "HEAD /wp-includes/js/Exchange HTTP/1.1" 404 0 "-" "Mozilla/5.0 (compatible; MSIE 8.0; Windows NT 5.2; Trident/4.0; Media Center PC 4.0; SLCC1; .NET CLR 3.0.04320)"
36.133.115.36 - - [26/Jun/2026:03:51:00 +0800] "POST /wp-cron.php?doing_wp_cron=1782417060.4203538894653320312500 HTTP/1.1" 200 31 "-" "WordPress/7.0; http://cqqizhou.com"
205.169.39.38 - - [26/Jun/2026:03:51:00 +0800] "GET / HTTP/1.1" 301 5 "-" "Mozilla/5.0 (Windows NT 10.0; Win64; x64) AppleWebKit/537.36 (KHTML, like Gecko) Chrome/117.0.5938.132 Safari/537.36"
205.169.39.38 - - [26/Jun/2026:03:51:01 +0800] "GET / HTTP/1.1" 200 41028 "-" "Mozilla/5.0 (Windows NT 10.0; Win64; x64) AppleWebKit/537.36 (KHTML, like Gecko) Chrome/117.0.5938.132 Safari/537.36"
205.169.39.38 - - [26/Jun/2026:03:51:02 +0800] "GET /wp-content/uploads/2025/07/1751425283-qizhou.kf_.qq_.com_.webp HTTP/1.1" 200 16864 "http://cqqizhou.com/" "Mozilla/5.0 (Windows NT 10.0; Win64; x64) AppleWebKit/537.36 (KHTML, like Gecko) Chrome/117.0.5938.132 Safari/537.36"
205.169.39.38 - - [26/Jun/2026:03:51:04 +0800] "GET /wp-content/uploads/2025/07/1750174127-Marketing1920x800_3.webp HTTP/1.1" 200 52790 "http://cqqizhou.com/wp-content/uploads/elementor/css/post-1666.css?ver=1778295900" "Mozilla/5.0 (Windows NT 10.0; Win64; x64) AppleWebKit/537.36 (KHTML, like Gecko) Chrome/117.0.5938.132 Safari/537.36"
205.169.39.38 - - [26/Jun/2026:03:51:04 +0800] "GET /wp-content/uploads/2025/07/1753456723-%E5%8F%8C%E7%9B%B8%E9%92%A2roduct_Single600.webp HTTP/1.1" 200 22790 "http://cqqizhou.com/" "Mozilla/5.0 (Windows NT 10.0; Win64; x64) AppleWebKit/537.36 (KHTML, like Gecko) Chrome/117.0.5938.132 Safari/537.36"
205.169.39.38 - - [26/Jun/2026:03:51:04 +0800] "GET /wp-content/uploads/2025/07/1753453096-%E5%8F%8C%E7%9B%B8%E9%92%A2product_Single600%C3%97284.webp HTTP/1.1" 200 14562 "http://cqqizhou.com/" "Mozilla/5.0 (Windows NT 10.0; Win64; x64) AppleWebKit/537.36 (KHTML, like Gecko) Chrome/117.0.5938.132 Safari/537.36"
205.169.39.38 - - [26/Jun/2026:03:51:04 +0800] "GET /wp-content/uploads/2025/07/1753456770-%E7%83%AD%E9%95%80%E9%94%8C%E5%8D%B7product_Single600.webp HTTP/1.1" 200 27502 "http://cqqizhou.com/" "Mozilla/5.0 (Windows NT 10.0; Win64; x64) AppleWebKit/537.36 (KHTML, like Gecko) Chrome/117.0.5938.132 Safari/537.36"
205.169.39.38 - - [26/Jun/2026:03:51:04 +0800] "GET /wp-content/uploads/2025/07/1753453127-%E4%BD%99%E5%8D%B7product_Single600%C3%97284.webp HTTP/1.1" 200 18744 "http://cqqizhou.com/" "Mozilla/5.0 (Windows NT 10.0; Win64; x64) AppleWebKit/537.36 (KHTML, like Gecko) Chrome/117.0.5938.132 Safari/537.36"
205.169.39.38 - - [26/Jun/2026:03:51:06 +0800] "POST /wp-admin/admin-ajax.php HTTP/1.1" 200 100 "http://cqqizhou.com/" "Mozilla/5.0 (Windows NT 10.0; Win64; x64) AppleWebKit/537.36 (KHTML, like Gecko) Chrome/117.0.5938.132 Safari/537.36"
205.169.39.38 - - [26/Jun/2026:03:51:06 +0800] "GET /wp-content/uploads/2025/12/1765268955-qizhou_Slider1_3840%C3%972160_20251210-scaled.webp HTTP/1.1" 200 152162 "http://cqqizhou.com/" "Mozilla/5.0 (Windows NT 10.0; Win64; x64) AppleWebKit/537.36 (KHTML, like Gecko) Chrome/117.0.5938.132 Safari/537.36"
205.169.39.38 - - [26/Jun/2026:03:51:07 +0800] "GET /wp-content/uploads/revslider/slider-1/1750861156-logistics_Slider_3840%C3%972160_20250625191356-scaled-50x100.webp HTTP/1.1" 200 1416 "http://cqqizhou.com/" "Mozilla/5.0 (Windows NT 10.0; Win64; x64) AppleWebKit/537.36 (KHTML, like Gecko) Chrome/117.0.5938.132 Safari/537.36"
205.169.39.38 - - [26/Jun/2026:03:51:07 +0800] "GET /wp-content/uploads/2026/01/1768276119-qizhoujiagong_Slider_3840%C3%972160_20260113-scaled-50x100.webp HTTP/1.1" 200 976 "http://cqqizhou.com/" "Mozilla/5.0 (Windows NT 10.0; Win64; x64) AppleWebKit/537.36 (KHTML, like Gecko) Chrome/117.0.5938.132 Safari/537.36"
205.169.39.38 - - [26/Jun/2026:03:51:07 +0800] "GET /wp-content/uploads/2026/01/1768276119-qizhoujiagong_Slider_3840%C3%972160_20260113-scaled-50x100.webp HTTP/1.1" 200 976 "http://cqqizhou.com/" "Mozilla/5.0 (Windows NT 10.0; Win64; x64) AppleWebKit/537.36 (KHTML, like Gecko) Chrome/117.0.5938.132 Safari/537.36"
205.169.39.38 - - [26/Jun/2026:03:51:07 +0800] "POST /wp-admin/admin-ajax.php HTTP/1.1" 200 398 "http://cqqizhou.com/" "Mozilla/5.0 (Windows NT 10.0; Win64; x64) AppleWebKit/537.36 (KHTML, like Gecko) Chrome/117.0.5938.132 Safari/537.36"
205.169.39.38 - - [26/Jun/2026:03:51:07 +0800] "GET /wp-content/uploads/revslider/slider-1/1750861156-logistics_Slider_3840%C3%972160_20250625191356-scaled-50x100.webp HTTP/1.1" 200 1416 "http://cqqizhou.com/" "Mozilla/5.0 (Windows NT 10.0; Win64; x64) AppleWebKit/537.36 (KHTML, like Gecko) Chrome/117.0.5938.132 Safari/537.36"
36.133.115.36 - - [26/Jun/2026:03:51:08 +0800] "POST /wp-cron.php?doing_wp_cron=1782417068.0872011184692382812500 HTTP/1.1" 200 31 "-" "WordPress/7.0; http://cqqizhou.com"
205.169.39.38 - - [26/Jun/2026:03:51:08 +0800] "GET /wp-json/sliderrevolution/sliders/1?srengine=7&slideid=2 HTTP/1.1" 200 2000 "http://cqqizhou.com/" "Mozilla/5.0 (Windows NT 10.0; Win64; x64) AppleWebKit/537.36 (KHTML, like Gecko) Chrome/117.0.5938.132 Safari/537.36"
205.169.39.38 - - [26/Jun/2026:03:51:08 +0800] "GET /wp-json/sliderrevolution/sliders/1?srengine=7&slideid=4 HTTP/1.1" 200 2580 "http://cqqizhou.com/" "Mozilla/5.0 (Windows NT 10.0; Win64; x64) AppleWebKit/537.36 (KHTML, like Gecko) Chrome/117.0.5938.132 Safari/537.36"
205.169.39.38 - - [26/Jun/2026:03:51:08 +0800] "GET /wp-content/uploads/revslider/slider-1/1750861156-logistics_Slider_3840%C3%972160_20250625191356-scaled.webp HTTP/1.1" 200 197360 "http://cqqizhou.com/" "Mozilla/5.0 (Windows NT 10.0; Win64; x64) AppleWebKit/537.36 (KHTML, like Gecko) Chrome/117.0.5938.132 Safari/537.36"
205.169.39.38 - - [26/Jun/2026:03:51:08 +0800] "GET /wp-content/uploads/2026/01/1768276119-qizhoujiagong_Slider_3840%C3%972160_20260113-scaled.webp HTTP/1.1" 200 131696 "http://cqqizhou.com/" "Mozilla/5.0 (Windows NT 10.0; Win64; x64) AppleWebKit/537.36 (KHTML, like Gecko) Chrome/117.0.5938.132 Safari/537.36"
205.169.39.38 - - [26/Jun/2026:03:51:16 +0800] "GET /wp-content/uploads/2025/12/1765268955-qizhou_Slider1_3840%C3%972160_20251210-scaled-50x100.webp HTTP/1.1" 200 1812 "http://cqqizhou.com/" "Mozilla/5.0 (X11; Linux x86_64) AppleWebKit/537.36 (KHTML, like Gecko) HeadlessChrome/127.0.6533.119 Safari/537.36"
36.133.115.36 - - [26/Jun/2026:03:53:24 +0800] "POST /wp-cron.php?doing_wp_cron=1782417204.3114430904388427734375 HTTP/1.1" 200 31 "-" "WordPress/7.0; http://cqqizhou.com"
36.133.108.125 - - [26/Jun/2026:03:53:24 +0800] "HEAD /wp-includes/members.csv HTTP/1.1" 404 0 "-" "Mozilla/5.0 (compatible; MSIE 9.0; Windows NT 6.1; Trident/5.0; yie8)"
36.133.115.36 - - [26/Jun/2026:03:54:15 +0800] "POST /wp-cron.php?doing_wp_cron=1782417255.0883469581604003906250 HTTP/1.1" 200 31 "-" "WordPress/7.0; http://cqqizhou.com"
36.133.108.119 - - [26/Jun/2026:03:54:15 +0800] "HEAD /wp-content/languages/j HTTP/1.1" 404 0 "-" "Mozilla/5.0 (compatible; MSIE 8.0; Windows NT 5.1; Trident/4.0; .NET CLR 1.1.4322; .NET CLR 2.0.50727)"
216.244.66.245 - - [26/Jun/2026:03:57:46 +0800] "GET /wp-content/uploads/2025/07/1750649207-qizhou1920x1080_9.webp HTTP/1.1" 200 146108 "-" "Mozilla/5.0 (compatible; DotBot/1.2; +https://opensiteexplorer.org/dotbot; help@moz.com)"
101.32.49.171 - - [26/Jun/2026:04:03:58 +0800] "GET /wp-content/plugins/ HTTP/1.1" 200 31 "-" "Mozilla/5.0 (iPhone; CPU iPhone OS 13_2_3 like Mac OS X) AppleWebKit/605.1.15 (KHTML, like Gecko) Version/13.0.3 Mobile/15E148 Safari/604.1"
36.133.115.36 - - [26/Jun/2026:04:06:56 +0800] "POST /wp-cron.php?doing_wp_cron=1782418016.7849979400634765625000 HTTP/1.1" 200 31 "-" "WordPress/7.0; http://cqqizhou.com"
74.222.26.143 - - [26/Jun/2026:04:06:56 +0800] "GET / HTTP/1.1" 301 5 "-" "Mozilla/5.0 (Windows NT 10.0; Win64; x64) AppleWebKit/537.36 (KHTML, like Gecko) Chrome/97.0.4280.67 Safari/537.36 Edg/97.0.664.52"
74.222.26.143 - - [26/Jun/2026:04:06:57 +0800] "GET / HTTP/1.1" 200 41028 "-" "Mozilla/5.0 (Windows NT 10.0; Win64; x64) AppleWebKit/537.36 (KHTML, like Gecko) Chrome/97.0.4280.67 Safari/537.36 Edg/97.0.664.52"
36.133.115.36 - - [26/Jun/2026:04:11:30 +0800] "POST /wp-cron.php?doing_wp_cron=1782418290.6755440235137939453125 HTTP/1.1" 200 31 "-" "WordPress/7.0; http://cqqizhou.com"
36.133.108.121 - - [26/Jun/2026:04:11:30 +0800] "HEAD /wp-content/list HTTP/1.1" 404 0 "-" "Mozilla/5.0 (iPad; U; CPU OS 3_2 like Mac OS X; en-us) AppleWebKit/531.21.10 (KHTML, like Gecko) Version/4.0.4 Mobile/7B334b Safari/531.21.10"
36.133.115.36 - - [26/Jun/2026:04:12:36 +0800] "POST /wp-cron.php?doing_wp_cron=1782418356.7751669883728027343750 HTTP/1.1" 200 31 "-" "WordPress/7.0; http://cqqizhou.com"
112.90.2.189 - - [26/Jun/2026:04:12:36 +0800] "GET /industry/ HTTP/1.1" 301 5 "-" "Mozilla/5.0 (Windows NT 10.0; Win64; x64) AppleWebKit/537.36 (KHTML, like Gecko) Chrome/111.0.0.0 Safari/537.36"
183.56.147.170 - - [26/Jun/2026:04:12:38 +0800] "GET /industry HTTP/1.1" 200 20164 "-" "Mozilla/5.0 (Windows NT 10.0; Win64; x64) AppleWebKit/537.36 (KHTML, like Gecko) Chrome/111.0.0.0 Safari/537.36"
36.133.115.36 - - [26/Jun/2026:04:28:41 +0800] "POST /wp-cron.php?doing_wp_cron=1782419321.8602590560913085937500 HTTP/1.1" 200 31 "-" "WordPress/7.0; http://cqqizhou.com"
216.244.66.245 - - [26/Jun/2026:04:28:41 +0800] "GET /robots.txt HTTP/1.1" 200 390 "-" "Mozilla/5.0 (compatible; DotBot/1.2; +https://opensiteexplorer.org/dotbot; help@moz.com)"
36.133.115.36 - - [26/Jun/2026:04:31:39 +0800] "POST /wp-cron.php?doing_wp_cron=1782419499.9211809635162353515625 HTTP/1.1" 200 31 "-" "WordPress/7.0; http://cqqizhou.com"
43.166.244.66 - - [26/Jun/2026:04:31:39 +0800] "GET /wp-content/uploads/2025/07/1753456770- HTTP/1.1" 404 9498 "-" "Mozilla/5.0 (iPhone; CPU iPhone OS 13_2_3 like Mac OS X) AppleWebKit/605.1.15 (KHTML, like Gecko) Version/13.0.3 Mobile/15E148 Safari/604.1"
36.133.115.36 - - [26/Jun/2026:04:35:47 +0800] "POST /wp-cron.php?doing_wp_cron=1782419747.7511498928070068359375 HTTP/1.1" 200 31 "-" "WordPress/7.0; http://cqqizhou.com"
64.105.88.35 - - [26/Jun/2026:04:35:47 +0800] "GET /sftp-config.json HTTP/1.1" 404 9498 "-" "Mozilla/5.0 (X11; Linux x86_64) AppleWebKit/537.36 (KHTML, like Gecko) Chrome/118.0.0.0 Safari/537.36"
64.105.88.36 - - [26/Jun/2026:04:35:48 +0800] "GET /.vscode/sftp.json HTTP/1.1" 404 9498 "-" "Mozilla/5.0 (X11; Linux x86_64) AppleWebKit/537.36 (KHTML, like Gecko) Chrome/118.0.0.0 Safari/537.36"
36.133.115.36 - - [26/Jun/2026:04:38:51 +0800] "POST /wp-cron.php?doing_wp_cron=1782419931.8712389469146728515625 HTTP/1.1" 200 31 "-" "WordPress/7.0; http://cqqizhou.com"
216.244.66.245 - - [26/Jun/2026:04:38:51 +0800] "GET /2153/ HTTP/1.1" 301 5 "-" "Mozilla/5.0 (compatible; DotBot/1.2; +https://opensiteexplorer.org/dotbot; help@moz.com)"
36.133.115.36 - - [26/Jun/2026:04:45:30 +0800] "POST /wp-cron.php?doing_wp_cron=1782420330.4514319896697998046875 HTTP/1.1" 200 31 "-" "WordPress/7.0; http://cqqizhou.com"
36.133.108.121 - - [26/Jun/2026:04:45:30 +0800] "HEAD /..%25c0%25af..%25c0%25af..%25c0%25af..%25c0%25af..%25c0%25af..%25c0%25af..%25c0%25af..%25c0%25af/etc/passwd HTTP/1.1" 404 0 "-" "Mozilla/5.0 (Macintosh; U; Intel Mac OS X 10_6_7; en-us) AppleWebKit/534.16+ (KHTML, like Gecko) Version/5.0.3 Safari/533.19.4"
36.133.115.36 - - [26/Jun/2026:04:50:19 +0800] "POST /wp-cron.php?doing_wp_cron=1782420619.0635058879852294921875 HTTP/1.1" 200 31 "-" "WordPress/7.0; http://cqqizhou.com"
43.164.1.211 - - [26/Jun/2026:04:50:19 +0800] "GET / HTTP/1.1" 301 5 "-" "Mozilla/5.0 (iPhone; CPU iPhone OS 13_2_3 like Mac OS X) AppleWebKit/605.1.15 (KHTML, like Gecko) Version/13.0.3 Mobile/15E148 Safari/604.1"
43.164.1.211 - - [26/Jun/2026:04:50:20 +0800] "GET / HTTP/1.1" 200 35134 "http://36.133.115.36" "Mozilla/5.0 (iPhone; CPU iPhone OS 13_2_3 like Mac OS X) AppleWebKit/605.1.15 (KHTML, like Gecko) Version/13.0.3 Mobile/15E148 Safari/604.1"
36.133.115.36 - - [26/Jun/2026:04:58:51 +0800] "POST /wp-cron.php?doing_wp_cron=1782421131.2102079391479492187500 HTTP/1.1" 200 31 "-" "WordPress/7.0; http://cqqizhou.com"
36.133.108.121 - - [26/Jun/2026:04:58:51 +0800] "HEAD /english HTTP/1.1" 404 0 "-" "Mozilla/5.0 (Windows NT 6.1; rv:21.0) Gecko/20100101 Firefox/21.0"
36.133.108.119 - - [26/Jun/2026:05:03:50 +0800] "HEAD /wp-content/fonts/ HTTP/1.1" 403 0 "-" "Mozilla/5.0 (compatible; MSIE 8.0; Windows NT 5.1; Trident/4.0; .NET CLR 1.1.4322; .NET CLR 2.0.50727)"
47.82.13.72 - - [26/Jun/2026:05:04:32 +0800] "GET /services HTTP/1.1" 200 26713 "-" "Mozilla/5.0 (Macintosh; Intel Mac OS X 10_15_7) AppleWebKit/537.36 (KHTML, like Gecko) Chrome/144.0.0.0 Safari/537.36"
36.133.115.36 - - [26/Jun/2026:05:05:54 +0800] "POST /wp-cron.php?doing_wp_cron=1782421554.3491950035095214843750 HTTP/1.1" 200 31 "-" "WordPress/7.0; http://cqqizhou.com"
43.153.26.165 - - [26/Jun/2026:05:05:54 +0800] "GET /about HTTP/1.1" 200 24682 "-" "Mozilla/5.0 (iPhone; CPU iPhone OS 13_2_3 like Mac OS X) AppleWebKit/605.1.15 (KHTML, like Gecko) Version/13.0.3 Mobile/15E148 Safari/604.1"
36.133.115.36 - - [26/Jun/2026:05:11:01 +0800] "POST /wp-cron.php?doing_wp_cron=1782421861.7473299503326416015625 HTTP/1.1" 200 31 "-" "WordPress/7.0; http://cqqizhou.com"
112.31.219.22 - - [26/Jun/2026:05:11:01 +0800] "GET /2388 HTTP/1.1" 301 5 "-" "Mozilla/5.0 (Windows NT 10.0; Win64; x64) AppleWebKit/537.36 (KHTML, like Gecko) Chrome/142.0.0.0 Safari/537.36"
112.31.219.22 - - [26/Jun/2026:05:11:03 +0800] "GET /news/2388 HTTP/1.1" 200 25102 "-" "Mozilla/5.0 (Windows NT 10.0; Win64; x64) AppleWebKit/537.36 (KHTML, like Gecko) Chrome/142.0.0.0 Safari/537.36"
112.31.219.22 - - [26/Jun/2026:05:11:04 +0800] "POST /wp-admin/admin-ajax.php HTTP/1.1" 499 0 "http://cqqizhou.com/news/2388" "Mozilla/5.0 (Windows NT 10.0; Win64; x64) AppleWebKit/537.36 (KHTML, like Gecko) Chrome/142.0.0.0 Safari/537.36"
36.133.115.36 - - [26/Jun/2026:05:11:12 +0800] "POST /wp-cron.php?doing_wp_cron=1782421872.0824809074401855468750 HTTP/1.1" 200 31 "-" "WordPress/7.0; http://cqqizhou.com"
112.90.2.187 - - [26/Jun/2026:05:11:12 +0800] "GET /2388 HTTP/1.1" 301 5 "-" "Mozilla/5.0 (Windows NT 10.0; Win64; x64) AppleWebKit/537.36 (KHTML, like Gecko) Chrome/117.0.0.0 Safari/537.36"
112.90.14.42 - - [26/Jun/2026:05:11:13 +0800] "GET /news/2388 HTTP/1.1" 200 25121 "-" "Mozilla/5.0 (Windows NT 10.0; Win64; x64) AppleWebKit/537.36 (KHTML, like Gecko) Chrome/117.0.0.0 Safari/537.36"
36.133.115.36 - - [26/Jun/2026:05:14:37 +0800] "POST /wp-cron.php?doing_wp_cron=1782422077.0542469024658203125000 HTTP/1.1" 200 31 "-" "WordPress/7.0; http://cqqizhou.com"
216.244.66.245 - - [26/Jun/2026:05:14:37 +0800] "GET /robots.txt HTTP/1.1" 200 390 "-" "Mozilla/5.0 (compatible; DotBot/1.2; +https://opensiteexplorer.org/dotbot; help@moz.com)"
61.184.87.135 - - [26/Jun/2026:05:14:39 +0800] "GET / HTTP/1.0" 301 0 "-" "-"
36.133.115.36 - - [26/Jun/2026:05:15:16 +0800] "POST /wp-cron.php?doing_wp_cron=1782422116.4451270103454589843750 HTTP/1.1" 200 31 "-" "WordPress/7.0; http://cqqizhou.com"
36.133.108.125 - - [26/Jun/2026:05:15:16 +0800] "HEAD /wp-admin/includes/! HTTP/1.1" 301 0 "-" "Mozilla/5.0 (Macintosh; U; Intel Mac OS X 10_6_6; fr-ch) AppleWebKit/533.19.4 (KHTML, like Gecko) Version/5.0.3 Safari/533.19.4"
36.133.115.36 - - [26/Jun/2026:05:18:58 +0800] "POST /wp-cron.php?doing_wp_cron=1782422338.2073950767517089843750 HTTP/1.1" 200 31 "-" "WordPress/7.0; http://cqqizhou.com"
36.133.108.125 - - [26/Jun/2026:05:18:58 +0800] "HEAD /wp-includes/build/plupload HTTP/1.1" 404 0 "-" "Mozilla/4.0 (compatible; MSIE 8.0; Windows NT 6.1; WOW64; Trident/4.0; SLCC2; Media Center PC 6.0; InfoPath.2; MS-RTC LM 8"
36.133.115.36 - - [26/Jun/2026:05:20:09 +0800] "POST /wp-cron.php?doing_wp_cron=1782422409.5537960529327392578125 HTTP/1.1" 200 31 "-" "WordPress/7.0; http://cqqizhou.com"
36.133.108.125 - - [26/Jun/2026:05:20:09 +0800] "HEAD /wp-includes/fonts/manager HTTP/1.1" 404 0 "-" "Mozilla/5.0 (Windows NT 6.1) AppleWebKit/537.36 (KHTML, like Gecko) Chrome/41.0.2228.0 Safari/537.36"
216.244.66.245 - - [26/Jun/2026:05:20:17 +0800] "GET /news/2052 HTTP/1.1" 200 89825 "-" "Mozilla/5.0 (compatible; DotBot/1.2; +https://opensiteexplorer.org/dotbot; help@moz.com)"
216.244.66.245 - - [26/Jun/2026:05:21:02 +0800] "GET /wp-content/uploads/2025/07/1750649183-qizhou1920x1080_2.webp HTTP/1.1" 200 267936 "-" "Mozilla/5.0 (compatible; DotBot/1.2; +https://opensiteexplorer.org/dotbot; help@moz.com)"
36.133.115.36 - - [26/Jun/2026:05:23:51 +0800] "POST /wp-cron.php?doing_wp_cron=1782422631.2800040245056152343750 HTTP/1.1" 200 31 "-" "WordPress/7.0; http://cqqizhou.com"
123.190.160.217 - - [26/Jun/2026:05:23:51 +0800] "GET / HTTP/1.1" 301 5 "-" "Mozilla/5.0 (Windows NT 10.0) AppleWebKit/537.36 (KHTML, like Gecko) Chrome/87.0.4280.88"
123.190.160.217 - - [26/Jun/2026:05:23:51 +0800] "GET http://cqqizhou.com/ HTTP/1.1" 200 41028 "-" "Mozilla/5.0 (Windows NT 10.0) AppleWebKit/537.36 (KHTML, like Gecko) Chrome/87.0.4280.88"
111.31.128.94 - - [26/Jun/2026:05:23:59 +0800] "GET / HTTP/1.1" 200 41028 "-" "Mozilla/5.0 (Windows NT 10.0; WOW64) AppleWebKit/537.36 (KHTML, like Gecko) Chrome/81.0.4044.69"
111.18.56.145 - - [26/Jun/2026:05:25:17 +0800] "GET /news/2603 HTTP/1.1" 200 25084 "-" "Mozilla/5.0 (Windows NT 6.2; WOW64) AppleWebKit/537.36 (KHTML, like Gecko) Chrome/77.0.3865.40"
36.133.115.36 - - [26/Jun/2026:05:32:49 +0800] "POST /wp-cron.php?doing_wp_cron=1782423169.7846179008483886718750 HTTP/1.1" 200 31 "-" "WordPress/7.0; http://cqqizhou.com"
101.32.208.70 - - [26/Jun/2026:05:32:49 +0800] "GET / HTTP/1.1" 200 35134 "-" "Mozilla/5.0 (iPhone; CPU iPhone OS 13_2_3 like Mac OS X) AppleWebKit/605.1.15 (KHTML, like Gecko) Version/13.0.3 Mobile/15E148 Safari/604.1"
36.133.115.36 - - [26/Jun/2026:05:35:10 +0800] "POST /wp-cron.php?doing_wp_cron=1782423310.0095319747924804687500 HTTP/1.1" 200 31 "-" "WordPress/7.0; http://cqqizhou.com"
43.156.228.27 - - [26/Jun/2026:05:35:10 +0800] "GET /news/portfolio-category/cold-rolled-coil HTTP/1.1" 200 18281 "-" "Mozilla/5.0 (iPhone; CPU iPhone OS 13_2_3 like Mac OS X) AppleWebKit/605.1.15 (KHTML, like Gecko) Version/13.0.3 Mobile/15E148 Safari/604.1"
121.29.51.109 - - [26/Jun/2026:05:37:02 +0800] "GET / HTTP/1.1" 200 41028 "-" "Mozilla/5.0 (Macintosh; Intel Mac OS X 10_11) AppleWebKit/601.1.27 (KHTML, like Gecko) Chrome/47.0.2526.106 Safari/601.1.27"
36.133.115.36 - - [26/Jun/2026:05:37:02 +0800] "POST /wp-cron.php?doing_wp_cron=1782423422.1013319492340087890625 HTTP/1.1" 200 31 "-" "WordPress/7.0; http://cqqizhou.com"
121.29.51.109 - - [26/Jun/2026:05:37:02 +0800] "GET / HTTP/1.1" 301 5 "-" "Mozilla/5.0 (Macintosh; Intel Mac OS X 10_11) AppleWebKit/601.1.27 (KHTML, like Gecko) Chrome/47.0.2526.106 Safari/601.1.27"
121.29.51.109 - - [26/Jun/2026:05:37:05 +0800] "GET / HTTP/1.1" 200 41028 "-" "Mozilla/5.0 (Macintosh; Intel Mac OS X 10_11) AppleWebKit/601.1.27 (KHTML, like Gecko) Chrome/47.0.2526.106 Safari/601.1.27"
36.133.115.36 - - [26/Jun/2026:05:39:07 +0800] "POST /wp-cron.php?doing_wp_cron=1782423547.0963659286499023437500 HTTP/1.1" 200 31 "-" "WordPress/7.0; http://cqqizhou.com"
36.133.108.125 - - [26/Jun/2026:05:39:07 +0800] "HEAD /wp-includes/ads HTTP/1.1" 404 0 "-" "Mozilla/5.0 (compatible; MSIE 9.0; Windows NT 6.1; Trident/5.0; yie8)"
36.133.115.36 - - [26/Jun/2026:05:42:56 +0800] "POST /wp-cron.php?doing_wp_cron=1782423776.1158440113067626953125 HTTP/1.1" 200 31 "-" "WordPress/7.0; http://cqqizhou.com"
121.29.51.109 - - [26/Jun/2026:05:42:56 +0800] "GET / HTTP/1.1" 301 5 "-" "Dalvik/2.1.0 (Linux; U; Android 9.0; ZTE BA520 Build/MRA58K)"
121.29.51.109 - - [26/Jun/2026:05:43:00 +0800] "GET / HTTP/1.1" 499 0 "-" "Dalvik/2.1.0 (Linux; U; Android 9.0; ZTE BA520 Build/MRA58K)"
47.82.8.86 - - [26/Jun/2026:05:48:07 +0800] "GET /about HTTP/1.1" 200 25029 "-" "Mozilla/5.0 (Macintosh; Intel Mac OS X 10_15_7) AppleWebKit/537.36 (KHTML, like Gecko) Chrome/148.0.0.0 Safari/537.36"
180.153.236.22 - - [26/Jun/2026:05:49:50 +0800] "GET / HTTP/1.1" 200 41028 "http://cqqizhou.com/" "User-Agent:Mozilla/5.0 (Windows NT 10.0; Win64; x64) AppleWebKit/537.36 (KHTML, like Gecko) Chrome/140.0.0.0 Safari/537.36 Edg/140.0.0.0; 360Spider"
36.133.115.36 - - [26/Jun/2026:05:51:20 +0800] "POST /wp-cron.php?doing_wp_cron=1782424280.4165699481964111328125 HTTP/1.1" 200 31 "-" "WordPress/7.0; http://cqqizhou.com"
36.133.108.121 - - [26/Jun/2026:05:51:20 +0800] "HEAD /.dockerignore HTTP/1.1" 404 0 "-" "Mozilla/5.0 (X11; Ubuntu; Linux x86_64; rv:24.0) Gecko/20100101 Firefox/24.0"
36.133.115.36 - - [26/Jun/2026:05:52:50 +0800] "POST /wp-cron.php?doing_wp_cron=1782424369.9839019775390625000000 HTTP/1.1" 200 31 "-" "WordPress/7.0; http://cqqizhou.com"
36.133.108.125 - - [26/Jun/2026:05:52:50 +0800] "HEAD /wp-content/_errors HTTP/1.1" 404 0 "-" "Mozilla/5.0 (Macintosh; U; Intel Mac OS X 10_6_6; en-gb) AppleWebKit/533.20.25 (KHTML, like Gecko) Version/5.0.4 Safari/533.20.27"
36.133.115.36 - - [26/Jun/2026:05:56:00 +0800] "POST /wp-cron.php?doing_wp_cron=1782424560.4506349563598632812500 HTTP/1.1" 200 31 "-" "WordPress/7.0; http://cqqizhou.com"
218.86.67.79 - - [26/Jun/2026:05:56:00 +0800] "GET /portfolio-tag/ansteel-thyssen/ HTTP/1.1" 404 9497 "-" "Mozilla/5.0 (Macintosh; Intel Mac OS X 10_15_7) AppleWebKit/537.36 (KHTML, like Gecko) Chrome/140.0.0.0 Safari/537.36"
36.133.115.36 - - [26/Jun/2026:05:58:08 +0800] "POST /wp-cron.php?doing_wp_cron=1782424688.8530330657958984375000 HTTP/1.1" 200 31 "-" "WordPress/7.0; http://cqqizhou.com"
216.244.66.245 - - [26/Jun/2026:05:58:08 +0800] "GET /robots.txt HTTP/1.1" 200 390 "-" "Mozilla/5.0 (compatible; DotBot/1.2; +https://opensiteexplorer.org/dotbot; help@moz.com)"
216.244.66.245 - - [26/Jun/2026:06:04:30 +0800] "GET /wp-content/uploads/2025/11/1762908489-QZ_Photo-9.webp HTTP/1.1" 200 149094 "-" "Mozilla/5.0 (compatible; DotBot/1.2; +https://opensiteexplorer.org/dotbot; help@moz.com)"
36.133.115.36 - - [26/Jun/2026:06:08:36 +0800] "POST /wp-cron.php?doing_wp_cron=1782425316.1893498897552490234375 HTTP/1.1" 200 31 "-" "WordPress/7.0; http://cqqizhou.com"
129.226.146.146 - - [26/Jun/2026:06:08:36 +0800] "GET /wp-json/oembed/1.0/embed?url=http%3A%2F%2Fcqqizhou.com%2Fmedia HTTP/1.1" 200 1106 "-" "Mozilla/5.0 (iPhone; CPU iPhone OS 13_2_3 like Mac OS X) AppleWebKit/605.1.15 (KHTML, like Gecko) Version/13.0.3 Mobile/15E148 Safari/604.1"
36.133.108.125 - - [26/Jun/2026:06:15:30 +0800] "HEAD /wp-admin/js/ HTTP/1.1" 403 0 "-" "Mozilla/5.0 (Windows NT 6.1; WOW64; rv:31.0) Gecko/20130401 Firefox/31.0"
36.133.115.36 - - [26/Jun/2026:06:16:51 +0800] "POST /wp-cron.php?doing_wp_cron=1782425811.0784540176391601562500 HTTP/1.1" 200 31 "-" "WordPress/7.0; http://cqqizhou.com"
36.133.108.125 - - [26/Jun/2026:06:16:51 +0800] "HEAD /wp-content/36.133.115.36.key HTTP/1.1" 404 0 "-" "Mozilla/5.0 (compatible; MSIE 9.0; Windows NT 6.1; Trident/5.0; yie8)"
36.133.115.36 - - [26/Jun/2026:06:18:43 +0800] "POST /wp-cron.php?doing_wp_cron=1782425923.5724630355834960937500 HTTP/1.1" 200 31 "-" "WordPress/7.0; http://cqqizhou.com"
36.133.108.121 - - [26/Jun/2026:06:18:43 +0800] "HEAD /upload HTTP/1.1" 404 0 "-" "Opera/9.80 (Windows NT 5.1; U; cs) Presto/2.7.62 Version/11.01"
36.133.115.36 - - [26/Jun/2026:06:29:59 +0800] "POST /wp-cron.php?doing_wp_cron=1782426599.9135060310363769531250 HTTP/1.1" 200 31 "-" "WordPress/7.0; http://cqqizhou.com"
36.133.108.125 - - [26/Jun/2026:06:29:59 +0800] "HEAD /wp-admin/images/thumbnail HTTP/1.1" 404 0 "-" "Mozilla/5.0 (Macintosh; U; Intel Mac OS X 10_6_6; en-gb) AppleWebKit/533.20.25 (KHTML, like Gecko) Version/5.0.4 Safari/533.20.27"
36.133.115.36 - - [26/Jun/2026:06:30:10 +0800] "POST /wp-cron.php?doing_wp_cron=1782426610.3295149803161621093750 HTTP/1.1" 200 31 "-" "WordPress/7.0; http://cqqizhou.com"
36.133.108.121 - - [26/Jun/2026:06:30:10 +0800] "HEAD /wp-includes/build/$%7Bdirname%7D.sublime-workspace HTTP/1.1" 404 0 "-" "Mozilla/5.0 (X11; Ubuntu; Linux x86_64; rv:24.0) Gecko/20100101 Firefox/24.0"
36.133.115.36 - - [26/Jun/2026:06:34:07 +0800] "POST /wp-cron.php?doing_wp_cron=1782426847.8837459087371826171875 HTTP/1.1" 200 31 "-" "WordPress/7.0; http://cqqizhou.com"
20.38.37.110 - - [26/Jun/2026:06:34:07 +0800] "GET /hudson HTTP/1.1" 404 9498 "-" "Mozilla/5.0 zgrab/0.x"
166.88.26.4 - - [26/Jun/2026:06:36:51 +0800] "GET /s.php HTTP/1.1" 404 47 "-" "Mozilla/5.0 (Windows NT 10.0; WOW64; rv:48.0) Gecko/20100101 Firefox/48.0"
36.133.115.36 - - [26/Jun/2026:06:40:59 +0800] "POST /wp-cron.php?doing_wp_cron=1782427259.8111340999603271484375 HTTP/1.1" 200 31 "-" "WordPress/7.0; http://cqqizhou.com"
36.133.108.125 - - [26/Jun/2026:06:40:59 +0800] "HEAD /wp-includes/images/%C0%AE/WEB-INF/web.xml%C0%80.jsp HTTP/1.1" 404 0 "-" "Mozilla/5.0 (Windows NT 6.3; rv:36.0) Gecko/20100101 Firefox/36.0"
36.133.115.36 - - [26/Jun/2026:06:41:21 +0800] "POST /wp-cron.php?doing_wp_cron=1782427281.4561059474945068359375 HTTP/1.1" 200 31 "-" "WordPress/7.0; http://cqqizhou.com"
178.16.54.93 - - [26/Jun/2026:06:41:21 +0800] "GET /userLogin.asp HTTP/1.1" 301 5 "http://36.133.115.36:80/" "Mozilla/5.0 (X11; Linux x86_64) AppleWebKit/537.36 (KHTML, like Gecko) Chrome/126.0.0.0 Safari/537.36"
216.244.66.245 - - [26/Jun/2026:06:41:50 +0800] "GET /robots.txt HTTP/1.1" 200 390 "-" "Mozilla/5.0 (compatible; DotBot/1.2; +https://opensiteexplorer.org/dotbot; help@moz.com)"
43.135.36.201 - - [26/Jun/2026:06:44:51 +0800] "GET /wp-content/uploads/media/ HTTP/1.1" 403 146 "-" "Mozilla/5.0 (iPhone; CPU iPhone OS 13_2_3 like Mac OS X) AppleWebKit/605.1.15 (KHTML, like Gecko) Version/13.0.3 Mobile/15E148 Safari/604.1"
36.133.115.36 - - [26/Jun/2026:06:49:13 +0800] "POST /wp-cron.php?doing_wp_cron=1782427753.1647889614105224609375 HTTP/1.1" 200 31 "-" "WordPress/7.0; http://cqqizhou.com"
36.133.108.125 - - [26/Jun/2026:06:49:13 +0800] "HEAD /contacts?%22%3E%3Cscript%3EOkD2(9259)%3C/script%3E HTTP/1.1" 200 0 "-" "Mozilla/5.0 (Windows NT 6.1; WOW64; rv:31.0) Gecko/20130401 Firefox/31.0"
36.133.108.119 - - [26/Jun/2026:06:49:14 +0800] "GET /contacts?%22%3E%3Cscript%3EOkD2(9259)%3C/script%3E HTTP/1.1" 200 19153 "-" "Scrapy/2.8.0 (+https://scrapy.org)"
36.133.115.36 - - [26/Jun/2026:06:50:23 +0800] "POST /wp-cron.php?doing_wp_cron=1782427823.7647740840911865234375 HTTP/1.1" 200 31 "-" "WordPress/7.0; http://cqqizhou.com"
47.94.131.134 - - [26/Jun/2026:06:50:23 +0800] "GET / HTTP/1.0" 301 0 "-" "-"
47.94.131.134 - - [26/Jun/2026:06:50:34 +0800] "GET / HTTP/1.0" 301 0 "-" "-"
47.94.131.134 - - [26/Jun/2026:06:50:34 +0800] "GET /nmaplowercheck1782427824 HTTP/1.1" 404 32862 "-" "Mozilla/5.0 (compatible; Nmap Scripting Engine; https://nmap.org/book/nse.html)"
47.94.131.134 - - [26/Jun/2026:06:50:34 +0800] "POST /sdk HTTP/1.1" 404 32862 "-" "Mozilla/5.0 (compatible; Nmap Scripting Engine; https://nmap.org/book/nse.html)"
47.94.131.134 - - [26/Jun/2026:06:50:36 +0800] "GET /evox/about HTTP/1.1" 404 32862 "-" "Mozilla/5.0 (compatible; Nmap Scripting Engine; https://nmap.org/book/nse.html)"
47.94.131.134 - - [26/Jun/2026:06:50:36 +0800] "GET /HNAP1 HTTP/1.1" 404 32862 "-" "Mozilla/5.0 (compatible; Nmap Scripting Engine; https://nmap.org/book/nse.html)"
47.94.131.134 - - [26/Jun/2026:06:50:54 +0800] "GET / HTTP/1.0" 301 0 "-" "-"
47.94.131.134 - - [26/Jun/2026:06:50:55 +0800] "GET / HTTP/1.1" 301 5 "-" "-"
36.133.115.36 - - [26/Jun/2026:07:00:54 +0800] "POST /wp-cron.php?doing_wp_cron=1782428454.5701758861541748046875 HTTP/1.1" 200 31 "-" "WordPress/7.0; http://cqqizhou.com"
36.133.108.119 - - [26/Jun/2026:07:00:54 +0800] "HEAD /wp-content/access-log HTTP/1.1" 404 0 "-" "Mozilla/5.0 (compatible; MSIE 8.0; Windows NT 5.1; Trident/4.0; SLCC1; .NET CLR 3.0.4506.2152; .NET CLR 3.5.30729; .NET CLR 1.1.4322)"
47.92.53.96 - - [26/Jun/2026:07:17:58 +0800] "GET / HTTP/1.1" 499 0 "-" "curl/7.78.0"
36.133.115.36 - - [26/Jun/2026:07:17:58 +0800] "POST /wp-cron.php?doing_wp_cron=1782429478.7471311092376708984375 HTTP/1.1" 200 31 "-" "WordPress/7.0; http://cqqizhou.com"
36.133.115.36 - - [26/Jun/2026:07:18:09 +0800] "POST /wp-cron.php?doing_wp_cron=1782429489.7122941017150878906250 HTTP/1.1" 200 31 "-" "WordPress/7.0; http://cqqizhou.com"
36.133.108.119 - - [26/Jun/2026:07:18:09 +0800] "HEAD /bugs HTTP/1.1" 404 0 "-" "Mozilla/5.0 (compatible; MSIE 8.0; Windows NT 5.1; Trident/4.0; .NET CLR 1.1.4322; .NET CLR 2.0.50727)"
36.133.115.36 - - [26/Jun/2026:07:19:52 +0800] "POST /wp-cron.php?doing_wp_cron=1782429592.6194961071014404296875 HTTP/1.1" 200 31 "-" "WordPress/7.0; http://cqqizhou.com"
47.92.234.30 - - [26/Jun/2026:07:19:52 +0800] "GET / HTTP/1.1" 301 5 "-" "Mozilla/5.0 (Windows NT 6.1; WOW64) AppleWebKit/534.57.2 (KHTML, like Gecko) Version/5.1.7 Safari/534.57.2"
47.92.234.30 - - [26/Jun/2026:07:19:52 +0800] "GET / HTTP/1.1" 200 41028 "-" "Mozilla/5.0 (Windows NT 6.1; WOW64) AppleWebKit/534.57.2 (KHTML, like Gecko) Version/5.1.7 Safari/534.57.2"
36.133.115.36 - - [26/Jun/2026:07:21:53 +0800] "POST /wp-cron.php?doing_wp_cron=1782429713.7000739574432373046875 HTTP/1.1" 200 31 "-" "WordPress/7.0; http://cqqizhou.com"
36.133.108.121 - - [26/Jun/2026:07:21:53 +0800] "HEAD /wp-content/fonts/webaccess HTTP/1.1" 404 0 "-" "Mozilla/5.0 (X11; Ubuntu; Linux x86_64; rv:24.0) Gecko/20100101 Firefox/24.0"
36.133.115.36 - - [26/Jun/2026:07:23:20 +0800] "POST /wp-cron.php?doing_wp_cron=1782429800.4530189037322998046875 HTTP/1.1" 200 31 "-" "WordPress/7.0; http://cqqizhou.com"
36.133.108.125 - - [26/Jun/2026:07:23:20 +0800] "HEAD /process/..%25c0%25af..%25c0%25af..%25c0%25af..%25c0%25af..%25c0%25af..%25c0%25af..%25c0%25af..%25c0%25af/windows/win.ini HTTP/1.1" 404 0 "-" "Opera/9.80 (Windows NT 5.1; U; cs) Presto/2.7.62 Version/11.01"
36.133.115.36 - - [26/Jun/2026:07:29:57 +0800] "POST /wp-cron.php?doing_wp_cron=1782430197.2601220607757568359375 HTTP/1.1" 200 31 "-" "WordPress/7.0; http://cqqizhou.com"
36.133.108.125 - - [26/Jun/2026:07:29:57 +0800] "HEAD /wp-content/mime HTTP/1.1" 404 0 "-" "Mozilla/5.0 (Macintosh; U; Intel Mac OS X 10_6_6; en-gb) AppleWebKit/533.20.25 (KHTML, like Gecko) Version/5.0.4 Safari/533.20.27"
36.133.115.36 - - [26/Jun/2026:07:30:41 +0800] "POST /wp-cron.php?doing_wp_cron=1782430241.9157350063323974609375 HTTP/1.1" 200 31 "-" "WordPress/7.0; http://cqqizhou.com"
36.133.108.121 - - [26/Jun/2026:07:30:41 +0800] "HEAD /smarty HTTP/1.1" 404 0 "-" "Mozilla/5.0 (Macintosh; U; Intel Mac OS X 10_6_7; en-us) AppleWebKit/534.16+ (KHTML, like Gecko) Version/5.0.3 Safari/533.19.4"
36.133.115.36 - - [26/Jun/2026:07:32:12 +0800] "POST /wp-cron.php?doing_wp_cron=1782430332.2156031131744384765625 HTTP/1.1" 200 31 "-" "WordPress/7.0; http://cqqizhou.com"
36.133.108.121 - - [26/Jun/2026:07:32:12 +0800] "HEAD /wp-admin/includes/dbase HTTP/1.1" 404 0 "-" "Mozilla/5.0 (X11; Ubuntu; Linux x86_64; rv:24.0) Gecko/20100101 Firefox/24.0"
36.133.115.36 - - [26/Jun/2026:07:37:51 +0800] "POST /wp-cron.php?doing_wp_cron=1782430671.0473821163177490234375 HTTP/1.1" 200 31 "-" "WordPress/7.0; http://cqqizhou.com"
36.133.108.119 - - [26/Jun/2026:07:37:51 +0800] "HEAD /wp-admin/js/Downloads HTTP/1.1" 404 0 "-" "Mozilla/5.0 (Macintosh; Intel Mac OS X 10_8_3) AppleWebKit/537.36 (KHTML, like Gecko) Chrome/27.0.1453.93 Safari/537.36"
36.133.115.36 - - [26/Jun/2026:07:38:46 +0800] "POST /wp-cron.php?doing_wp_cron=1782430726.9278349876403808593750 HTTP/1.1" 200 31 "-" "WordPress/7.0; http://cqqizhou.com"
36.133.108.121 - - [26/Jun/2026:07:38:46 +0800] "HEAD /wp-admin/includes/!! HTTP/1.1" 301 0 "-" "Mozilla/5.0 (X11; Ubuntu; Linux x86_64; rv:24.0) Gecko/20100101 Firefox/24.0"
36.133.115.36 - - [26/Jun/2026:07:39:24 +0800] "POST /wp-cron.php?doing_wp_cron=1782430764.2004420757293701171875 HTTP/1.1" 200 31 "-" "WordPress/7.0; http://cqqizhou.com"
36.133.108.125 - - [26/Jun/2026:07:39:24 +0800] "HEAD /wp-includes/banner HTTP/1.1" 404 0 "-" "Mozilla/5.0 (Windows NT 6.1; WOW64; rv:31.0) Gecko/20130401 Firefox/31.0"
36.133.115.36 - - [26/Jun/2026:07:41:01 +0800] "POST /wp-cron.php?doing_wp_cron=1782430861.2278299331665039062500 HTTP/1.1" 200 31 "-" "WordPress/7.0; http://cqqizhou.com"
36.133.108.119 - - [26/Jun/2026:07:41:01 +0800] "HEAD /wp-content/upgrade/devel HTTP/1.1" 404 0 "-" "Mozilla/5.0 (compatible; MSIE 8.0; Windows NT 5.1; Trident/4.0; .NET CLR 1.1.4322; .NET CLR 2.0.50727)"
36.133.108.119 - - [26/Jun/2026:07:41:05 +0800] "HEAD /wp-admin/10 HTTP/1.1" 404 0 "-" "Mozilla/5.0 (Windows NT 6.1) AppleWebKit/537.36 (KHTML, like Gecko) Chrome/27.0.1453.90 Safari/537.36"
36.133.115.36 - - [26/Jun/2026:07:41:34 +0800] "POST /wp-cron.php?doing_wp_cron=1782430894.6311039924621582031250 HTTP/1.1" 200 31 "-" "WordPress/7.0; http://cqqizhou.com"
14.191.14.69 - - [26/Jun/2026:07:41:34 +0800] "GET /portfolio-category/hot-dip-galvanized-coil/ HTTP/1.1" 301 5 "-" "Mozilla/5.0 (Macintosh; Intel Mac OS X 10_15_7) AppleWebKit/537.36 (KHTML, like Gecko) Chrome/146.0.0.0 Safari/537.36"
14.182.103.97 - - [26/Jun/2026:07:41:36 +0800] "GET /news/portfolio/hot-dip-galvanized-coil HTTP/1.1" 200 22940 "-" "Mozilla/5.0 (Macintosh; Intel Mac OS X 10_15_7) AppleWebKit/537.36 (KHTML, like Gecko) Chrome/146.0.0.0 Safari/537.36"
36.133.115.36 - - [26/Jun/2026:07:43:05 +0800] "POST /wp-cron.php?doing_wp_cron=1782430985.1754240989685058593750 HTTP/1.1" 200 31 "-" "WordPress/7.0; http://cqqizhou.com"
36.133.108.119 - - [26/Jun/2026:07:43:05 +0800] "HEAD /wp-includes/assets/%23 HTTP/1.1" 404 0 "-" "Mozilla/5.0 (X11; Linux x86_64) AppleWebKit/537.36 (KHTML, like Gecko) Chrome/41.0.2227.0 Safari/537.36"
36.133.115.36 - - [26/Jun/2026:07:45:19 +0800] "POST /wp-cron.php?doing_wp_cron=1782431119.3723950386047363281250 HTTP/1.1" 200 31 "-" "WordPress/7.0; http://cqqizhou.com"
43.155.129.131 - - [26/Jun/2026:07:45:19 +0800] "GET / HTTP/1.1" 200 35134 "-" "Mozilla/5.0 (iPhone; CPU iPhone OS 13_2_3 like Mac OS X) AppleWebKit/605.1.15 (KHTML, like Gecko) Version/13.0.3 Mobile/15E148 Safari/604.1"
36.133.115.36 - - [26/Jun/2026:07:47:48 +0800] "POST /wp-cron.php?doing_wp_cron=1782431268.4061970710754394531250 HTTP/1.1" 200 31 "-" "WordPress/7.0; http://cqqizhou.com"
36.133.108.121 - - [26/Jun/2026:07:47:48 +0800] "HEAD /wp-content/upgrade/~admin HTTP/1.1" 404 0 "-" "Mozilla/5.0 (Windows NT 6.1; rv:27.3) Gecko/20130101 Firefox/27.3"
36.133.115.36 - - [26/Jun/2026:07:52:03 +0800] "POST /wp-cron.php?doing_wp_cron=1782431523.3864219188690185546875 HTTP/1.1" 200 31 "-" "WordPress/7.0; http://cqqizhou.com"
36.133.108.121 - - [26/Jun/2026:07:52:03 +0800] "HEAD /wp-includes/images/error_log HTTP/1.1" 404 0 "-" "Mozilla/5.0 (iPad; U; CPU OS 3_2 like Mac OS X; en-us) AppleWebKit/531.21.10 (KHTML, like Gecko) Version/4.0.4 Mobile/7B334b Safari/531.21.10"
36.133.115.36 - - [26/Jun/2026:07:52:31 +0800] "POST /wp-cron.php?doing_wp_cron=1782431551.8476419448852539062500 HTTP/1.1" 200 31 "-" "WordPress/7.0; http://cqqizhou.com"
43.143.182.158 - - [26/Jun/2026:07:52:31 +0800] "GET /news/2522 HTTP/1.1" 301 5 "http://cqqizhou.com/" "Mozilla/5.0 (Windows NT 10.0; Win64; x64) AppleWebKit/537.36 (KHTML, like Gecko) Chrome/107.0.0.0 Safari/537.36"
43.143.182.158 - - [26/Jun/2026:07:52:38 +0800] "GET /news/2518/3article_images_w900px HTTP/1.1" 301 5 "http://cqqizhou.com/" "Mozilla/5.0 (Windows NT 10.0; Win64; x64) AppleWebKit/537.36 (KHTML, like Gecko) Chrome/107.0.0.0 Safari/537.36"
36.133.115.36 - - [26/Jun/2026:07:53:42 +0800] "POST /wp-cron.php?doing_wp_cron=1782431622.8325901031494140625000 HTTP/1.1" 200 31 "-" "WordPress/7.0; http://cqqizhou.com"
36.133.108.119 - - [26/Jun/2026:07:53:42 +0800] "HEAD /wp-admin/images/modules HTTP/1.1" 404 0 "-" "Mozilla/5.0 (Windows NT 6.1) AppleWebKit/537.36 (KHTML, like Gecko) Chrome/27.0.1453.90 Safari/537.36"
43.157.43.147 - - [26/Jun/2026:07:53:43 +0800] "GET /wp-content/uploads/2026/06/1782182572-Article_images_W900px.webp HTTP/1.1" 200 24314 "-" "Mozilla/5.0 (iPhone; CPU iPhone OS 13_2_3 like Mac OS X) AppleWebKit/605.1.15 (KHTML, like Gecko) Version/13.0.3 Mobile/15E148 Safari/604.1"
64.89.161.160 - - [26/Jun/2026:07:54:17 +0800] "GET /assets/plugins/elfinder/php/connector.minimal.php HTTP/1.1" 404 27 "-" "ALittle Client"
36.133.115.36 - - [26/Jun/2026:07:58:31 +0800] "POST /wp-cron.php?doing_wp_cron=1782431911.1432380676269531250000 HTTP/1.1" 200 31 "-" "WordPress/7.0; http://cqqizhou.com"
36.133.108.119 - - [26/Jun/2026:07:58:31 +0800] "HEAD /fileupload HTTP/1.1" 404 0 "-" "Mozilla/5.0 (compatible; MSIE 8.0; Windows NT 5.1; Trident/4.0; .NET CLR 1.1.4322; .NET CLR 2.0.50727)"
36.133.108.119 - - [26/Jun/2026:07:58:42 +0800] "HEAD /wp-content/upgrade.7z HTTP/1.1" 404 0 "-" "Mozilla/5.0 (Macintosh; Intel Mac OS X 10_8_3) AppleWebKit/537.36 (KHTML, like Gecko) Chrome/27.0.1453.93 Safari/537.36"
36.133.115.36 - - [26/Jun/2026:07:59:59 +0800] "POST /wp-cron.php?doing_wp_cron=1782431999.9608058929443359375000 HTTP/1.1" 200 31 "-" "WordPress/7.0; http://cqqizhou.com"
36.133.108.121 - - [26/Jun/2026:07:59:59 +0800] "HEAD /wp-includes/intranet HTTP/1.1" 404 0 "-" "Opera/9.80 (X11; Linux i686; U; it) Presto/2.7.62 Version/11.00"
36.133.115.36 - - [26/Jun/2026:08:02:01 +0800] "POST /wp-cron.php?doing_wp_cron=1782432121.9211940765380859375000 HTTP/1.1" 200 31 "-" "WordPress/7.0; http://cqqizhou.com"
36.133.108.121 - - [26/Jun/2026:08:02:01 +0800] "HEAD /wp-includes/js/threads HTTP/1.1" 404 0 "-" "Mozilla/5.0 (Macintosh; Intel Mac OS X 10_7_5) AppleWebKit/537.36 (KHTML, like Gecko) Chrome/27.0.1453.93 Safari/537.36"
20.245.143.36 - - [26/Jun/2026:08:04:39 +0800] "GET / HTTP/1.1" 200 41028 "-" "Mozilla/5.0 (Windows NT 10.0; Win64; x64) AppleWebKit/537.36 (KHTML, like Gecko; compatible; BuiltWith/1.4; rb.gy/xprgqj) Chrome/124.0.0.0 Safari/537.36"
36.133.108.121 - - [26/Jun/2026:08:15:27 +0800] "HEAD /wp-includes/js/ HTTP/1.1" 403 0 "-" "Mozilla/5.0 (Windows NT 6.1; rv:21.0) Gecko/20100101 Firefox/21.0"
36.133.115.36 - - [26/Jun/2026:08:17:26 +0800] "POST /wp-cron.php?doing_wp_cron=1782433046.5073750019073486328125 HTTP/1.1" 200 31 "-" "WordPress/7.0; http://cqqizhou.com"
36.133.108.119 - - [26/Jun/2026:08:17:26 +0800] "HEAD //bxss.me//%2F.. HTTP/1.1" 301 0 "-" "Mozilla/5.0 (Macintosh; Intel Mac OS X 10_8_3) AppleWebKit/537.36 (KHTML, like Gecko) Chrome/27.0.1453.93 Safari/537.36"
36.133.115.36 - - [26/Jun/2026:08:18:19 +0800] "POST /wp-cron.php?doing_wp_cron=1782433099.8532729148864746093750 HTTP/1.1" 200 31 "-" "WordPress/7.0; http://cqqizhou.com"
36.133.108.125 - - [26/Jun/2026:08:18:19 +0800] "HEAD /wp-admin/admin-ajax.php HTTP/1.1" 400 0 "-" "Mozilla/5.0 (Windows; U; Windows NT 6.1; ja-JP) AppleWebKit/533.20.25 (KHTML, like Gecko) Version/5.0.3 Safari/533.19.4"
36.133.115.36 - - [26/Jun/2026:08:27:05 +0800] "POST /wp-cron.php?doing_wp_cron=1782433625.1610639095306396484375 HTTP/1.1" 200 31 "-" "WordPress/7.0; http://cqqizhou.com"
36.133.108.121 - - [26/Jun/2026:08:27:05 +0800] "HEAD /wp-includes/images/%22980271%40 HTTP/1.1" 404 0 "-" "Opera/9.80 (X11; Linux i686; U; it) Presto/2.7.62 Version/11.00"
36.133.108.125 - - [26/Jun/2026:08:27:07 +0800] "HEAD /process/ HTTP/1.1" 404 0 "-" "Mozilla/5.0 (Windows NT 6.3; rv:36.0) Gecko/20100101 Firefox/36.0"
36.133.115.36 - - [26/Jun/2026:08:37:43 +0800] "POST /wp-cron.php?doing_wp_cron=1782434263.6964979171752929687500 HTTP/1.1" 200 31 "-" "WordPress/7.0; http://cqqizhou.com"
36.133.108.121 - - [26/Jun/2026:08:37:43 +0800] "HEAD /wp-admin/images/smarty HTTP/1.1" 404 0 "-" "Mozilla/5.0 (Macintosh; U; Intel Mac OS X 10_6_7; en-us) AppleWebKit/534.16+ (KHTML, like Gecko) Version/5.0.3 Safari/533.19.4"
36.133.108.119 - - [26/Jun/2026:08:37:56 +0800] "HEAD /wp-admin/includes/Download HTTP/1.1" 404 0 "-" "Mozilla/5.0 (Windows NT 6.1) AppleWebKit/537.36 (KHTML, like Gecko) Chrome/27.0.1453.90 Safari/537.36"
36.133.115.36 - - [26/Jun/2026:08:39:59 +0800] "POST /wp-cron.php?doing_wp_cron=1782434399.2483780384063720703125 HTTP/1.1" 200 31 "-" "WordPress/7.0; http://cqqizhou.com"
36.133.108.125 - - [26/Jun/2026:08:39:59 +0800] "HEAD /wp-admin/js/web HTTP/1.1" 404 0 "-" "Mozilla/5.0 (Windows NT 6.3; rv:36.0) Gecko/20100101 Firefox/36.0"
36.133.115.36 - - [26/Jun/2026:08:46:37 +0800] "POST /wp-cron.php?doing_wp_cron=1782434797.8378460407257080078125 HTTP/1.1" 200 31 "-" "WordPress/7.0; http://cqqizhou.com"
36.133.108.125 - - [26/Jun/2026:08:46:37 +0800] "HEAD /wp-content/fonts/wp-includes HTTP/1.1" 404 0 "-" "Mozilla/5.0 (compatible; MSIE 9.0; Windows NT 6.1; Trident/5.0; yie8)"
36.133.115.36 - - [26/Jun/2026:08:54:43 +0800] "POST /wp-cron.php?doing_wp_cron=1782435283.0061099529266357421875 HTTP/1.1" 200 31 "-" "WordPress/7.0; http://cqqizhou.com"
43.136.86.241 - - [26/Jun/2026:08:54:43 +0800] "GET / HTTP/1.1" 200 35134 "-" "Mozilla/5.0 (iPhone; CPU iPhone OS 13_2_3 like Mac OS X) AppleWebKit/605.1.15 (KHTML, like Gecko) Version/13.0.3 Mobile/15E148 Safari/604.1"
36.133.115.36 - - [26/Jun/2026:08:56:39 +0800] "POST /wp-cron.php?doing_wp_cron=1782435399.2750349044799804687500 HTTP/1.1" 200 31 "-" "WordPress/7.0; http://cqqizhou.com"
36.133.108.121 - - [26/Jun/2026:08:56:39 +0800] "HEAD /wp-includes/banners HTTP/1.1" 404 0 "-" "Mozilla/5.0 (X11; Ubuntu; Linux x86_64; rv:24.0) Gecko/20100101 Firefox/24.0"
36.133.108.119 - - [26/Jun/2026:08:56:46 +0800] "HEAD /wp-includes/build/ HTTP/1.1" 403 0 "-" "Mozilla/5.0 (Macintosh; U; Intel Mac OS X 10_5_8; zh-cn) AppleWebKit/533.18.1 (KHTML, like Gecko) Version/5.0.2 Safari/533.18.5"
36.133.115.36 - - [26/Jun/2026:08:58:29 +0800] "POST /wp-cron.php?doing_wp_cron=1782435509.5187790393829345703125 HTTP/1.1" 200 31 "-" "WordPress/7.0; http://cqqizhou.com"
39.128.221.1 - - [26/Jun/2026:08:58:29 +0800] "GET http://cqqizhou.com/wp-content/uploads/2025/12/1766647829-Article_images_202512251.webp%20900w,%20http://cqqizhou.com/wp-content/uploads/2025/12/1766647829-Article_images_202512251-300x109.webp%20300w,%20http://cqqizhou.com/wp-content/uploads/2025/12/1766647829-Article_images_202512251-768x279.webp%20768w HTTP/1.1" 301 5 "http://cqqizhou.com/" "Mozilla/5.0 (Windows NT 10.0; Win64; x64) AppleWebKit/537.36 (KHTML, like Gecko) Chrome/105.0.0.0 Safari/537.3"
114.117.206.12 - - [26/Jun/2026:08:58:31 +0800] "GET /wp-content/uploads/2025/12/1766647829-Article_images_202512251.webp%20900w,%20http://cqqizhou.com/wp-content/uploads/2025/12/1766647829-Article_images_202512251-300x109.webp%20300w,%20http://cqqizhou.com/wp-content/uploads/2025/12/1766647829-Article_images_202512251-768x279.webp%20768w HTTP/1.1" 301 5 "http://cqqizhou.com/" "Mozilla/5.0 (Windows NT 10.0; Win64; x64) AppleWebKit/537.36 (KHTML, like Gecko) Chrome/105.0.0.0 Safari/537.3"
114.117.206.12 - - [26/Jun/2026:08:58:33 +0800] "GET /wp-content/uploads/2025/12/1766647829-Article_images_202512251.webp%20900w,%20http:/cqqizhou.com/wp-content/uploads/2025/12/1766647829-Article_images_202512251-300x109.webp%20300w,%20http:/cqqizhou.com/wp-content/uploads/2025/12/1766647829-Article_images_202512251-768x279.webp%20768w HTTP/1.1" 404 9499 "http://cqqizhou.com/" "Mozilla/5.0 (Windows NT 10.0; Win64; x64) AppleWebKit/537.36 (KHTML, like Gecko) Chrome/105.0.0.0 Safari/537.3"
36.133.108.119 - - [26/Jun/2026:08:59:00 +0800] "HEAD /wp-content/fonts/.travis.yml HTTP/1.1" 404 0 "-" "Mozilla/5.0 (iPad; CPU OS 6_0 like Mac OS X) AppleWebKit/536.26 (KHTML, like Gecko) Version/6.0 Mobile/10A5355d Safari/8536.25"
36.133.115.36 - - [26/Jun/2026:09:02:48 +0800] "POST /wp-cron.php?doing_wp_cron=1782435768.8251221179962158203125 HTTP/1.1" 200 31 "-" "WordPress/7.0; http://cqqizhou.com"
43.166.242.189 - - [26/Jun/2026:09:02:48 +0800] "GET /news/2601 HTTP/1.1" 200 20333 "-" "Mozilla/5.0 (iPhone; CPU iPhone OS 13_2_3 like Mac OS X) AppleWebKit/605.1.15 (KHTML, like Gecko) Version/13.0.3 Mobile/15E148 Safari/604.1"
36.133.115.36 - - [26/Jun/2026:09:10:23 +0800] "POST /wp-cron.php?doing_wp_cron=1782436223.6322801113128662109375 HTTP/1.1" 200 31 "-" "WordPress/7.0; http://cqqizhou.com"
203.154.14.18 - - [26/Jun/2026:09:10:24 +0800] "GET / HTTP/1.1" 200 158011 "-" "-"
36.133.115.36 - - [26/Jun/2026:09:19:25 +0800] "POST /wp-cron.php?doing_wp_cron=1782436765.1513149738311767578125 HTTP/1.1" 200 31 "-" "WordPress/7.0; http://cqqizhou.com"
36.133.108.119 - - [26/Jun/2026:09:19:25 +0800] "HEAD /file_upload HTTP/1.1" 404 0 "-" "Mozilla/5.0 (Macintosh; Intel Mac OS X 10_8_3) AppleWebKit/537.36 (KHTML, like Gecko) Chrome/27.0.1453.93 Safari/537.36"
156.245.205.34 - - [26/Jun/2026:09:25:52 +0800] "GET /e/install/index.php?enews=setdb&f=4 HTTP/1.1" 404 47 "-" "Mozilla/5.0 (Windows NT 10.0; WOW64; rv:48.0) Gecko/20100101 Firefox/48.0"
156.245.205.34 - - [26/Jun/2026:09:25:59 +0800] "GET /1234.php HTTP/1.1" 404 47 "-" "Mozilla/5.0 (Windows NT 10.0; WOW64; rv:48.0) Gecko/20100101 Firefox/48.0"
36.133.115.36 - - [26/Jun/2026:09:31:55 +0800] "POST /wp-cron.php?doing_wp_cron=1782437515.6730151176452636718750 HTTP/1.1" 200 31 "-" "WordPress/7.0; http://cqqizhou.com"
36.133.108.125 - - [26/Jun/2026:09:31:55 +0800] "HEAD /jidwnmwkik?cb179537=1 HTTP/1.1" 404 0 "-" "Mozilla/5.0 (Macintosh; U; Intel Mac OS X 10_6_6; en-gb) AppleWebKit/533.20.25 (KHTML, like Gecko) Version/5.0.4 Safari/533.20.27"
14.108.232.217 - - [26/Jun/2026:09:47:35 +0800] "GET / HTTP/1.1" 200 41028 "https://www.baidu.com/link?url=Itk8-99ZslzWL_ft3leV4N3bA8oaHPpOvsQPfk8xcle&wd=&eqid=ac3c9a45000c9d30000000066a3dda27" "Mozilla/5.0 (Windows NT 10.0; Win64; x64) AppleWebKit/537.36 (KHTML, like Gecko) Chrome/149.0.0.0 Safari/537.36 Edg/149.0.0.0"
14.108.232.217 - - [26/Jun/2026:09:47:35 +0800] "GET /wp-content/uploads/2025/07/1751425283-qizhou.kf_.qq_.com_.webp HTTP/1.1" 304 0 "http://cqqizhou.com/" "Mozilla/5.0 (Windows NT 10.0; Win64; x64) AppleWebKit/537.36 (KHTML, like Gecko) Chrome/149.0.0.0 Safari/537.36 Edg/149.0.0.0"
14.108.232.217 - - [26/Jun/2026:09:47:37 +0800] "GET /wp-content/uploads/2025/12/1765268955-qizhou_Slider1_3840%C3%972160_20251210-scaled.webp HTTP/1.1" 304 0 "http://cqqizhou.com/" "Mozilla/5.0 (Windows NT 10.0; Win64; x64) AppleWebKit/537.36 (KHTML, like Gecko) Chrome/149.0.0.0 Safari/537.36 Edg/149.0.0.0"
14.108.232.217 - - [26/Jun/2026:09:47:37 +0800] "GET /wp-content/uploads/2025/07/1753456723-%E5%8F%8C%E7%9B%B8%E9%92%A2roduct_Single600.webp HTTP/1.1" 304 0 "http://cqqizhou.com/" "Mozilla/5.0 (Windows NT 10.0; Win64; x64) AppleWebKit/537.36 (KHTML, like Gecko) Chrome/149.0.0.0 Safari/537.36 Edg/149.0.0.0"
14.108.232.217 - - [26/Jun/2026:09:47:37 +0800] "GET /wp-content/uploads/2025/07/1753453096-%E5%8F%8C%E7%9B%B8%E9%92%A2product_Single600%C3%97284.webp HTTP/1.1" 304 0 "http://cqqizhou.com/" "Mozilla/5.0 (Windows NT 10.0; Win64; x64) AppleWebKit/537.36 (KHTML, like Gecko) Chrome/149.0.0.0 Safari/537.36 Edg/149.0.0.0"
14.108.232.217 - - [26/Jun/2026:09:47:37 +0800] "GET /wp-content/uploads/2025/07/1753456770-%E7%83%AD%E9%95%80%E9%94%8C%E5%8D%B7product_Single600.webp HTTP/1.1" 304 0 "http://cqqizhou.com/" "Mozilla/5.0 (Windows NT 10.0; Win64; x64) AppleWebKit/537.36 (KHTML, like Gecko) Chrome/149.0.0.0 Safari/537.36 Edg/149.0.0.0"
