14.108.232.217 - - [26/Jun/2026:09:47:37 +0800] "GET /wp-content/uploads/2025/07/1753453127-%E4%BD%99%E5%8D%B7product_Single600%C3%97284.webp HTTP/1.1" 304 0 "http://cqqizhou.com/" "Mozilla/5.0 (Windows NT 10.0; Win64; x64) AppleWebKit/537.36 (KHTML, like Gecko) Chrome/149.0.0.0 Safari/537.36 Edg/149.0.0.0"
14.108.232.217 - - [26/Jun/2026:09:47:37 +0800] "GET /wp-content/uploads/2026/01/1768276119-qizhoujiagong_Slider_3840%C3%972160_20260113-scaled-50x100.webp HTTP/1.1" 304 0 "http://cqqizhou.com/" "Mozilla/5.0 (Windows NT 10.0; Win64; x64) AppleWebKit/537.36 (KHTML, like Gecko) Chrome/149.0.0.0 Safari/537.36 Edg/149.0.0.0"
14.108.232.217 - - [26/Jun/2026:09:47:37 +0800] "GET /wp-content/uploads/revslider/slider-1/1750861156-logistics_Slider_3840%C3%972160_20250625191356-scaled-50x100.webp HTTP/1.1" 304 0 "http://cqqizhou.com/" "Mozilla/5.0 (Windows NT 10.0; Win64; x64) AppleWebKit/537.36 (KHTML, like Gecko) Chrome/149.0.0.0 Safari/537.36 Edg/149.0.0.0"
14.108.232.217 - - [26/Jun/2026:09:47:38 +0800] "GET /wp-json/sliderrevolution/sliders/1?srengine=7&slideid=2 HTTP/1.1" 200 2000 "http://cqqizhou.com/" "Mozilla/5.0 (Windows NT 10.0; Win64; x64) AppleWebKit/537.36 (KHTML, like Gecko) Chrome/149.0.0.0 Safari/537.36 Edg/149.0.0.0"
14.108.232.217 - - [26/Jun/2026:09:47:38 +0800] "GET /wp-content/uploads/revslider/slider-1/1750861156-logistics_Slider_3840%C3%972160_20250625191356-scaled.webp HTTP/1.1" 304 0 "http://cqqizhou.com/" "Mozilla/5.0 (Windows NT 10.0; Win64; x64) AppleWebKit/537.36 (KHTML, like Gecko) Chrome/149.0.0.0 Safari/537.36 Edg/149.0.0.0"
36.133.115.36 - - [26/Jun/2026:09:47:38 +0800] "POST /wp-cron.php?doing_wp_cron=1782438458.0188250541687011718750 HTTP/1.1" 200 31 "-" "WordPress/7.0; http://cqqizhou.com"
14.108.232.217 - - [26/Jun/2026:09:47:38 +0800] "GET /wp-json/sliderrevolution/sliders/1?srengine=7&slideid=4 HTTP/1.1" 200 2580 "http://cqqizhou.com/" "Mozilla/5.0 (Windows NT 10.0; Win64; x64) AppleWebKit/537.36 (KHTML, like Gecko) Chrome/149.0.0.0 Safari/537.36 Edg/149.0.0.0"
14.108.232.217 - - [26/Jun/2026:09:47:38 +0800] "GET /wp-content/uploads/2026/01/1768276119-qizhoujiagong_Slider_3840%C3%972160_20260113-scaled.webp HTTP/1.1" 304 0 "http://cqqizhou.com/" "Mozilla/5.0 (Windows NT 10.0; Win64; x64) AppleWebKit/537.36 (KHTML, like Gecko) Chrome/149.0.0.0 Safari/537.36 Edg/149.0.0.0"
14.108.232.217 - - [26/Jun/2026:09:47:38 +0800] "POST /wp-admin/admin-ajax.php HTTP/1.1" 200 95 "http://cqqizhou.com/" "Mozilla/5.0 (Windows NT 10.0; Win64; x64) AppleWebKit/537.36 (KHTML, like Gecko) Chrome/149.0.0.0 Safari/537.36 Edg/149.0.0.0"
14.108.232.217 - - [26/Jun/2026:09:47:38 +0800] "GET /wp-content/uploads/2025/07/1750174127-Marketing1920x800_3.webp HTTP/1.1" 304 0 "http://cqqizhou.com/wp-content/uploads/elementor/css/post-1666.css?ver=1778295900" "Mozilla/5.0 (Windows NT 10.0; Win64; x64) AppleWebKit/537.36 (KHTML, like Gecko) Chrome/149.0.0.0 Safari/537.36 Edg/149.0.0.0"
14.108.232.217 - - [26/Jun/2026:09:47:42 +0800] "GET /wp-content/uploads/2025/07/1751829454-Smart-warehousing800x500.webp HTTP/1.1" 304 0 "http://cqqizhou.com/wp-content/uploads/elementor/css/post-1666.css?ver=1778295900" "Mozilla/5.0 (Windows NT 10.0; Win64; x64) AppleWebKit/537.36 (KHTML, like Gecko) Chrome/149.0.0.0 Safari/537.36 Edg/149.0.0.0"
14.108.232.217 - - [26/Jun/2026:09:47:42 +0800] "GET /wp-content/uploads/2026/06/1782182572-Article_images_W900px.webp HTTP/1.1" 200 24314 "http://cqqizhou.com/" "Mozilla/5.0 (Windows NT 10.0; Win64; x64) AppleWebKit/537.36 (KHTML, like Gecko) Chrome/149.0.0.0 Safari/537.36 Edg/149.0.0.0"
14.108.232.217 - - [26/Jun/2026:09:47:42 +0800] "GET /wp-content/uploads/2026/06/1782392245-Article_images_W900px.webp HTTP/1.1" 200 62046 "http://cqqizhou.com/" "Mozilla/5.0 (Windows NT 10.0; Win64; x64) AppleWebKit/537.36 (KHTML, like Gecko) Chrome/149.0.0.0 Safari/537.36 Edg/149.0.0.0"
14.108.232.217 - - [26/Jun/2026:09:47:42 +0800] "GET /wp-content/uploads/2026/06/1781880807-Article_images_W900px.webp HTTP/1.1" 200 25354 "http://cqqizhou.com/" "Mozilla/5.0 (Windows NT 10.0; Win64; x64) AppleWebKit/537.36 (KHTML, like Gecko) Chrome/149.0.0.0 Safari/537.36 Edg/149.0.0.0"
14.108.232.217 - - [26/Jun/2026:09:47:42 +0800] "GET /wp-content/uploads/2026/06/1780362799-1Article_images_W900px.webp HTTP/1.1" 200 61690 "http://cqqizhou.com/" "Mozilla/5.0 (Windows NT 10.0; Win64; x64) AppleWebKit/537.36 (KHTML, like Gecko) Chrome/149.0.0.0 Safari/537.36 Edg/149.0.0.0"
14.108.232.217 - - [26/Jun/2026:09:47:42 +0800] "GET /wp-content/uploads/2026/06/1780363378-1Article_images_W900px.webp HTTP/1.1" 200 62100 "http://cqqizhou.com/" "Mozilla/5.0 (Windows NT 10.0; Win64; x64) AppleWebKit/537.36 (KHTML, like Gecko) Chrome/149.0.0.0 Safari/537.36 Edg/149.0.0.0"
14.108.232.217 - - [26/Jun/2026:09:47:43 +0800] "GET /wp-content/uploads/2026/01/1768526063-Services800x500_3.webp HTTP/1.1" 200 31620 "http://cqqizhou.com/wp-content/uploads/elementor/css/post-1666.css?ver=1778295900" "Mozilla/5.0 (Windows NT 10.0; Win64; x64) AppleWebKit/537.36 (KHTML, like Gecko) Chrome/149.0.0.0 Safari/537.36 Edg/149.0.0.0"
14.108.232.217 - - [26/Jun/2026:09:48:03 +0800] "GET /news/2603 HTTP/1.1" 200 25084 "http://cqqizhou.com/" "Mozilla/5.0 (Windows NT 10.0; Win64; x64) AppleWebKit/537.36 (KHTML, like Gecko) Chrome/149.0.0.0 Safari/537.36 Edg/149.0.0.0"
14.108.232.217 - - [26/Jun/2026:09:48:04 +0800] "GET /wp-content/uploads/2025/07/1753410289-News2000%C3%97400_202571.webp HTTP/1.1" 200 17830 "http://cqqizhou.com/news/2603" "Mozilla/5.0 (Windows NT 10.0; Win64; x64) AppleWebKit/537.36 (KHTML, like Gecko) Chrome/149.0.0.0 Safari/537.36 Edg/149.0.0.0"
14.108.232.217 - - [26/Jun/2026:09:48:05 +0800] "POST /wp-admin/admin-ajax.php HTTP/1.1" 200 100 "http://cqqizhou.com/news/2603" "Mozilla/5.0 (Windows NT 10.0; Win64; x64) AppleWebKit/537.36 (KHTML, like Gecko) Chrome/149.0.0.0 Safari/537.36 Edg/149.0.0.0"
14.108.232.217 - - [26/Jun/2026:09:48:06 +0800] "POST /wp-admin/admin-ajax.php HTTP/1.1" 200 518 "http://cqqizhou.com/news/2603" "Mozilla/5.0 (Windows NT 10.0; Win64; x64) AppleWebKit/537.36 (KHTML, like Gecko) Chrome/149.0.0.0 Safari/537.36 Edg/149.0.0.0"
36.133.115.36 - - [26/Jun/2026:09:48:12 +0800] "POST /wp-cron.php?doing_wp_cron=1782438492.0832209587097167968750 HTTP/1.1" 200 31 "-" "WordPress/7.0; http://cqqizhou.com"
27.115.124.6 - - [26/Jun/2026:09:48:12 +0800] "GET /news/2603 HTTP/1.1" 200 21052 "-" "Mozilla/5.0 (Linux; U; Android 8.1.0; zh-cn; MI 8 Build/OPM1.171019.011) AppleWebKit/537.36 (KHTML, like Gecko) Version/4.0 Chrome/57.0.2987.108 Mobile Safari/537.36"
27.115.124.6 - - [26/Jun/2026:09:48:12 +0800] "GET /wp-content/uploads/2026/06/1782182572-Article_images_W900px-768x432.webp HTTP/1.1" 200 27308 "http://cqqizhou.com/news/2603" "Mozilla/5.0 (Linux; U; Android 8.1.0; zh-cn; MI 8 Build/OPM1.171019.011) AppleWebKit/537.36 (KHTML, like Gecko) Version/4.0 Chrome/57.0.2987.108 Mobile Safari/537.36"
36.133.115.36 - - [26/Jun/2026:09:53:42 +0800] "POST /wp-cron.php?doing_wp_cron=1782438821.9965341091156005859375 HTTP/1.1" 200 31 "-" "WordPress/7.0; http://cqqizhou.com"
36.133.108.121 - - [26/Jun/2026:09:53:42 +0800] "HEAD /wp-includes/fonts/messages HTTP/1.1" 404 0 "-" "Mozilla/5.0 (iPad; U; CPU OS 3_2 like Mac OS X; en-us) AppleWebKit/531.21.10 (KHTML, like Gecko) Version/4.0.4 Mobile/7B334b Safari/531.21.10"
36.133.115.36 - - [26/Jun/2026:09:56:56 +0800] "POST /wp-cron.php?doing_wp_cron=1782439016.6444571018218994140625 HTTP/1.1" 200 31 "-" "WordPress/7.0; http://cqqizhou.com"
36.133.108.121 - - [26/Jun/2026:09:56:56 +0800] "HEAD / HTTP/1.1" 301 0 "-" "Mozilla/5.0 (iPad; U; CPU OS 3_2 like Mac OS X; en-us) AppleWebKit/531.21.10 (KHTML, like Gecko) Version/4.0.4 Mobile/7B334b Safari/531.21.10"
36.133.115.36 - - [26/Jun/2026:10:00:38 +0800] "POST /wp-cron.php?doing_wp_cron=1782439238.9547040462493896484375 HTTP/1.1" 200 31 "-" "WordPress/7.0; http://cqqizhou.com"
123.129.133.243 - - [26/Jun/2026:10:00:43 +0800] "GET /boaform/admin/formLogin?username=adminisp&psd=adminisp HTTP/1.0" 404 32849 "-" "-"
36.133.115.36 - - [26/Jun/2026:10:03:52 +0800] "POST /wp-cron.php?doing_wp_cron=1782439432.6806569099426269531250 HTTP/1.1" 200 31 "-" "WordPress/7.0; http://cqqizhou.com"
36.133.108.125 - - [26/Jun/2026:10:03:52 +0800] "HEAD /wp-includes.sql.bz2 HTTP/1.1" 404 0 "-" "Mozilla/5.0 (Windows NT 6.1; WOW64; rv:31.0) Gecko/20130401 Firefox/31.0"
36.133.115.36 - - [26/Jun/2026:10:05:24 +0800] "POST /wp-cron.php?doing_wp_cron=1782439524.6739790439605712890625 HTTP/1.1" 200 31 "-" "WordPress/7.0; http://cqqizhou.com"
36.133.108.121 - - [26/Jun/2026:10:05:24 +0800] "HEAD /wp-includes/js/globals HTTP/1.1" 404 0 "-" "Mozilla/5.0 (iPad; U; CPU OS 3_2 like Mac OS X; en-us) AppleWebKit/531.21.10 (KHTML, like Gecko) Version/4.0.4 Mobile/7B334b Safari/531.21.10"
36.133.108.121 - - [26/Jun/2026:10:05:42 +0800] "HEAD /wp-includes/build/CVS HTTP/1.1" 404 0 "-" "Mozilla/5.0 (Windows NT 6.1; rv:27.3) Gecko/20130101 Firefox/27.3"
36.133.115.36 - - [26/Jun/2026:10:11:39 +0800] "POST /wp-cron.php?doing_wp_cron=1782439899.8477609157562255859375 HTTP/1.1" 200 31 "-" "WordPress/7.0; http://cqqizhou.com"
43.156.36.169 - - [26/Jun/2026:10:11:39 +0800] "GET /bug HTTP/1.1" 200 12205 "-" "Mozilla/5.0 (iPhone; CPU iPhone OS 13_2_3 like Mac OS X) AppleWebKit/605.1.15 (KHTML, like Gecko) Version/13.0.3 Mobile/15E148 Safari/604.1"
36.133.115.36 - - [26/Jun/2026:10:17:23 +0800] "POST /wp-cron.php?doing_wp_cron=1782440243.5073161125183105468750 HTTP/1.1" 200 31 "-" "WordPress/7.0; http://cqqizhou.com"
36.133.108.121 - - [26/Jun/2026:10:17:23 +0800] "HEAD /wp-content/fonts/log.mdb HTTP/1.1" 404 0 "-" "Mozilla/5.0 (Macintosh; U; Intel Mac OS X 10_6_7; en-us) AppleWebKit/534.16+ (KHTML, like Gecko) Version/5.0.3 Safari/533.19.4"
36.133.115.36 - - [26/Jun/2026:10:25:32 +0800] "POST /wp-cron.php?doing_wp_cron=1782440732.1434440612792968750000 HTTP/1.1" 200 31 "-" "WordPress/7.0; http://cqqizhou.com"
43.134.94.96 - - [26/Jun/2026:10:25:32 +0800] "GET /news/portfolio-tag/pangang HTTP/1.1" 200 18274 "-" "Mozilla/5.0 (iPhone; CPU iPhone OS 13_2_3 like Mac OS X) AppleWebKit/605.1.15 (KHTML, like Gecko) Version/13.0.3 Mobile/15E148 Safari/604.1"
43.162.114.69 - - [26/Jun/2026:10:25:47 +0800] "GET /news/2592 HTTP/1.1" 200 20669 "-" "Mozilla/5.0 (iPhone; CPU iPhone OS 13_2_3 like Mac OS X) AppleWebKit/605.1.15 (KHTML, like Gecko) Version/13.0.3 Mobile/15E148 Safari/604.1"
36.133.115.36 - - [26/Jun/2026:10:34:27 +0800] "POST /wp-cron.php?doing_wp_cron=1782441267.0462789535522460937500 HTTP/1.1" 200 31 "-" "WordPress/7.0; http://cqqizhou.com"
36.133.108.125 - - [26/Jun/2026:10:34:27 +0800] "HEAD /wp-content/languages/Images HTTP/1.1" 404 0 "-" "Mozilla/5.0 (Windows NT 6.3; rv:36.0) Gecko/20100101 Firefox/36.0"
36.133.108.119 - - [26/Jun/2026:10:34:59 +0800] "HEAD /wp-includes/build/build.bz2 HTTP/1.1" 404 0 "-" "Mozilla/5.0 (Windows NT 6.1) AppleWebKit/537.36 (KHTML, like Gecko) Chrome/27.0.1453.90 Safari/537.36"
36.133.115.36 - - [26/Jun/2026:10:35:39 +0800] "POST /wp-cron.php?doing_wp_cron=1782441339.8380370140075683593750 HTTP/1.1" 200 31 "-" "WordPress/7.0; http://cqqizhou.com"
36.133.108.119 - - [26/Jun/2026:10:35:39 +0800] "HEAD /wp-admin/images/web.config.bakup HTTP/1.1" 404 0 "-" "Mozilla/5.0 (iPad; CPU OS 6_0 like Mac OS X) AppleWebKit/536.26 (KHTML, like Gecko) Version/6.0 Mobile/10A5355d Safari/8536.25"
36.133.115.36 - - [26/Jun/2026:10:37:01 +0800] "POST /wp-cron.php?doing_wp_cron=1782441421.1479790210723876953125 HTTP/1.1" 200 31 "-" "WordPress/7.0; http://cqqizhou.com"
223.91.30.149 - - [26/Jun/2026:10:37:01 +0800] "GET /news/2418 HTTP/1.1" 200 27885 "-" "Mozilla/5.0 (Windows NT 10.0; Win64; x64) AppleWebKit/537.36 (KHTML, like Gecko) Chrome/129.0.0.0 Safari/537.36"
123.245.200.180 - - [26/Jun/2026:10:37:06 +0800] "GET /news/2418 HTTP/1.1" 200 27904 "-" "Mozilla/5.0 (Windows NT 10.0; Win64; x64) AppleWebKit/537.36 (KHTML, like Gecko) Chrome/129.0.0.0 Safari/537.36"
36.133.108.119 - - [26/Jun/2026:10:37:46 +0800] "HEAD /wp-content/fonts HTTP/1.1" 301 0 "-" "Mozilla/5.0 (iPad; CPU OS 6_0 like Mac OS X) AppleWebKit/536.26 (KHTML, like Gecko) Version/6.0 Mobile/10A5355d Safari/8536.25"
36.133.115.36 - - [26/Jun/2026:10:37:55 +0800] "POST /wp-cron.php?doing_wp_cron=1782441475.4385900497436523437500 HTTP/1.1" 200 31 "-" "WordPress/7.0; http://cqqizhou.com"
36.133.108.125 - - [26/Jun/2026:10:37:55 +0800] "HEAD /wp-content/class HTTP/1.1" 404 0 "-" "Mozilla/5.0 (Windows NT 6.2) AppleWebKit/537.36 (KHTML, like Gecko) Chrome/28.0.1464.0 Safari/537.36"
36.133.115.36 - - [26/Jun/2026:10:38:59 +0800] "POST /wp-cron.php?doing_wp_cron=1782441538.9653010368347167968750 HTTP/1.1" 200 31 "-" "WordPress/7.0; http://cqqizhou.com"
36.133.108.119 - - [26/Jun/2026:10:38:59 +0800] "HEAD /wp-includes/account HTTP/1.1" 404 0 "-" "Mozilla/5.0 (iPad; CPU OS 6_0 like Mac OS X) AppleWebKit/536.26 (KHTML, like Gecko) Version/6.0 Mobile/10A5355d Safari/8536.25"
36.133.115.36 - - [26/Jun/2026:10:40:12 +0800] "POST /wp-cron.php?doing_wp_cron=1782441612.6903460025787353515625 HTTP/1.1" 200 31 "-" "WordPress/7.0; http://cqqizhou.com"
36.133.108.125 - - [26/Jun/2026:10:40:12 +0800] "HEAD /wp-content/fonts/_source HTTP/1.1" 404 0 "-" "Mozilla/5.0 (Macintosh; U; Intel Mac OS X 10_6_6; fr-ch) AppleWebKit/533.19.4 (KHTML, like Gecko) Version/5.0.3 Safari/533.19.4"
36.133.108.121 - - [26/Jun/2026:10:40:57 +0800] "HEAD /wp-content/upgrade/.irb_history HTTP/1.1" 404 0 "-" "Mozilla/5.0 (Windows NT 6.2; WOW64) AppleWebKit/537.36 (KHTML, like Gecko) Chrome/30.0.1599.17 Safari/537.36"
36.133.115.36 - - [26/Jun/2026:10:41:13 +0800] "POST /wp-cron.php?doing_wp_cron=1782441673.6491971015930175781250 HTTP/1.1" 200 31 "-" "WordPress/7.0; http://cqqizhou.com"
36.133.108.121 - - [26/Jun/2026:10:41:13 +0800] "HEAD /wp-includes/build/icon HTTP/1.1" 404 0 "-" "Mozilla/5.0 (iPad; U; CPU OS 3_2 like Mac OS X; en-us) AppleWebKit/531.21.10 (KHTML, like Gecko) Version/4.0.4 Mobile/7B334b Safari/531.21.10"
43.165.125.66 - - [26/Jun/2026:10:41:53 +0800] "GET /wp-json/oembed/1.0/embed?url=http%3A%2F%2Fcqqizhou.com%2Fnews%2Fportfolio%2F%25e5%2586%25b7%25e8%25bd%25a7%25e6%259d%25bf HTTP/1.1" 200 1217 "-" "Mozilla/5.0 (iPhone; CPU iPhone OS 13_2_3 like Mac OS X) AppleWebKit/605.1.15 (KHTML, like Gecko) Version/13.0.3 Mobile/15E148 Safari/604.1"
170.23.9.125 - - [26/Jun/2026:10:43:08 +0800] "GET /news/2418 HTTP/1.1" 200 27904 "-" "Mozilla/5.0 (Macintosh; Intel Mac OS X 10_15_7) AppleWebKit/605.1.15 (KHTML, like Gecko) Version/26.2 Safari/605.1.15"
36.133.115.36 - - [26/Jun/2026:10:51:11 +0800] "POST /wp-cron.php?doing_wp_cron=1782442271.5308070182800292968750 HTTP/1.1" 200 31 "-" "WordPress/7.0; http://cqqizhou.com"
114.119.140.169 - - [26/Jun/2026:10:51:11 +0800] "GET /robots.txt HTTP/1.1" 200 190 "http://cqqizhou.com/robots.txt" "Mozilla/5.0 (Windows NT 10.0; Win64; x64) AppleWebKit/537.36 (KHTML, like Gecko) Chrome/148.0.0.0 Safari/537.36"
103.107.197.166 - - [26/Jun/2026:10:56:20 +0800] "GET /contacts HTTP/1.1" 200 22096 "-" "Mozilla/5.0 (Windows NT 10.0; Win64; x64; rv:114.0) Gecko/20100101 Firefox/114.0"
36.133.115.36 - - [26/Jun/2026:10:56:43 +0800] "POST /wp-cron.php?doing_wp_cron=1782442603.0388579368591308593750 HTTP/1.1" 200 31 "-" "WordPress/7.0; http://cqqizhou.com"
103.107.197.166 - - [26/Jun/2026:10:56:43 +0800] "POST /wp-json/contact-form-7/v1/contact-forms/158/feedback HTTP/1.1" 200 218 "http://cqqizhou.com/contacts" "Mozilla/5.0 (Windows NT 10.0; Win64; x64; rv:114.0) Gecko/20100101 Firefox/114.0"
180.153.236.60 - - [26/Jun/2026:10:58:23 +0800] "GET / HTTP/1.1" 200 41028 "http://cqqizhou.com" "User-Agent:Mozilla/5.0 (Windows NT 10.0; Win64; x64) AppleWebKit/537.36 (KHTML, like Gecko) Chrome/140.0.0.0 Safari/537.36 Edg/140.0.0.0; 360Spider"
36.133.115.36 - - [26/Jun/2026:10:58:59 +0800] "POST /wp-cron.php?doing_wp_cron=1782442739.1768739223480224609375 HTTP/1.1" 200 31 "-" "WordPress/7.0; http://cqqizhou.com"
45.198.224.5 - - [26/Jun/2026:10:58:59 +0800] "GET / HTTP/1.1" 200 158011 "http://36.133.115.36:80/cgi-bin/index2.asp" "Mozilla/5.0 (X11; Linux x86_64) AppleWebKit/537.36 (KHTML, like Gecko) Chrome/126.0.0.0 Safari/537.36"
36.133.115.36 - - [26/Jun/2026:11:01:47 +0800] "POST /wp-cron.php?doing_wp_cron=1782442907.4543299674987792968750 HTTP/1.1" 200 31 "-" "WordPress/7.0; http://cqqizhou.com"
47.128.31.102 - - [26/Jun/2026:11:01:47 +0800] "GET /robots.txt HTTP/1.1" 200 190 "-" "Mozilla/5.0 (Linux; Android 5.0) AppleWebKit/537.36 (KHTML, like Gecko) Mobile Safari/537.36 (compatible; Bytespider; spider-feedback@bytedance.com)"
36.133.115.36 - - [26/Jun/2026:11:05:01 +0800] "POST /wp-cron.php?doing_wp_cron=1782443101.0518829822540283203125 HTTP/1.1" 200 31 "-" "WordPress/7.0; http://cqqizhou.com"
43.164.192.151 - - [26/Jun/2026:11:05:01 +0800] "GET /feed HTTP/1.1" 200 37732 "-" "Mozilla/5.0 (iPhone; CPU iPhone OS 13_2_3 like Mac OS X) AppleWebKit/605.1.15 (KHTML, like Gecko) Version/13.0.3 Mobile/15E148 Safari/604.1"
36.133.115.36 - - [26/Jun/2026:11:12:14 +0800] "POST /wp-cron.php?doing_wp_cron=1782443534.1454749107360839843750 HTTP/1.1" 200 31 "-" "WordPress/7.0; http://cqqizhou.com"
36.133.108.121 - - [26/Jun/2026:11:12:14 +0800] "HEAD /wps/wcm/connect/'+or+'RcxQo'='RcxQo HTTP/1.1" 404 0 "-" "Mozilla/5.0 (iPad; U; CPU OS 3_2 like Mac OS X; en-us) AppleWebKit/531.21.10 (KHTML, like Gecko) Version/4.0.4 Mobile/7B334b Safari/531.21.10"
36.133.115.36 - - [26/Jun/2026:11:13:22 +0800] "POST /wp-cron.php?doing_wp_cron=1782443602.3280119895935058593750 HTTP/1.1" 200 31 "-" "WordPress/7.0; http://cqqizhou.com"
36.133.108.125 - - [26/Jun/2026:11:13:22 +0800] "HEAD /wp-includes/js/fonts HTTP/1.1" 404 0 "-" "Mozilla/5.0 (Windows NT 6.1; WOW64; rv:31.0) Gecko/20130401 Firefox/31.0"
36.133.115.36 - - [26/Jun/2026:11:19:38 +0800] "POST /wp-cron.php?doing_wp_cron=1782443978.2371230125427246093750 HTTP/1.1" 200 31 "-" "WordPress/7.0; http://cqqizhou.com"
36.133.108.125 - - [26/Jun/2026:11:19:38 +0800] "HEAD /wp-admin/includes/fileadmin HTTP/1.1" 404 0 "-" "Mozilla/5.0 (Windows NT 6.1; WOW64; rv:31.0) Gecko/20130401 Firefox/31.0"
180.105.71.246 - - [26/Jun/2026:11:20:26 +0800] "GET /wp-content/uploads/2025/08/1755826456-DSC01841.webp HTTP/1.1" 200 87046 "http://cqqizhou.com/news/page/4" "Mozilla/5.0 (Windows NT 10.0; Win64; x64) AppleWebKit/537.36 (KHTML, like Gecko) Chrome/111.0.0.0 Safari/537.36"
49.89.68.160 - - [26/Jun/2026:11:20:43 +0800] "GET /wp-content/uploads/2025/09/1756868614-20250903104654_74_5.webp HTTP/1.1" 200 42904 "http://cqqizhou.com/news/page/4" "Mozilla/5.0 (Macintosh; Intel Mac OS X 10_15_7) AppleWebKit/537.36 (KHTML, like Gecko) Chrome/132.0.0.0 Safari/537.36"
36.133.115.36 - - [26/Jun/2026:11:20:43 +0800] "POST /wp-cron.php?doing_wp_cron=1782444043.8718760013580322265625 HTTP/1.1" 200 31 "-" "WordPress/7.0; http://cqqizhou.com"
171.41.148.203 - - [26/Jun/2026:11:20:43 +0800] "GET /robots.txt HTTP/1.1" 200 190 "-" "Mozilla/5.0 (Macintosh; Intel Mac OS X 10_13_5) AppleWebKit/537.36 (KHTML, like Gecko) Chrome/69.0.3497.100 Safari/537.36"
36.133.115.36 - - [26/Jun/2026:11:22:23 +0800] "POST /wp-cron.php?doing_wp_cron=1782444143.1509549617767333984375 HTTP/1.1" 200 31 "-" "WordPress/7.0; http://cqqizhou.com"
112.90.14.93 - - [26/Jun/2026:11:22:23 +0800] "GET /news/2483 HTTP/1.1" 200 24737 "-" "Mozilla/5.0 (Windows NT 10.0; Win64; x64) AppleWebKit/537.36 (KHTML, like Gecko) Chrome/107.0.0.0 Safari/537.36"
36.133.115.36 - - [26/Jun/2026:11:26:00 +0800] "POST /wp-cron.php?doing_wp_cron=1782444360.4222009181976318359375 HTTP/1.1" 200 31 "-" "WordPress/7.0; http://cqqizhou.com"
36.133.108.121 - - [26/Jun/2026:11:26:00 +0800] "HEAD /wp-admin/js.7z HTTP/1.1" 404 0 "-" "Mozilla/5.0 (Macintosh; U; Intel Mac OS X 10_6_7; en-us) AppleWebKit/534.16+ (KHTML, like Gecko) Version/5.0.3 Safari/533.19.4"
36.133.115.36 - - [26/Jun/2026:11:26:31 +0800] "POST /wp-cron.php?doing_wp_cron=1782444390.9912149906158447265625 HTTP/1.1" 200 31 "-" "WordPress/7.0; http://cqqizhou.com"
36.133.108.121 - - [26/Jun/2026:11:26:31 +0800] "HEAD /wp-admin/js/_layouts HTTP/1.1" 404 0 "-" "Mozilla/5.0 (X11; Ubuntu; Linux x86_64; rv:24.0) Gecko/20100101 Firefox/24.0"
36.133.108.119 - - [26/Jun/2026:11:26:55 +0800] "HEAD /wp-includes/build/phpMyAdmin1 HTTP/1.1" 404 0 "-" "Mozilla/5.0 (iPad; CPU OS 6_0 like Mac OS X) AppleWebKit/536.26 (KHTML, like Gecko) Version/6.0 Mobile/10A5355d Safari/8536.25"
36.133.115.36 - - [26/Jun/2026:11:36:49 +0800] "POST /wp-cron.php?doing_wp_cron=1782445008.9806239604949951171875 HTTP/1.1" 200 31 "-" "WordPress/7.0; http://cqqizhou.com"
36.133.108.119 - - [26/Jun/2026:11:36:49 +0800] "HEAD /default HTTP/1.1" 404 0 "-" "Mozilla/5.0 (Windows NT 6.2; WOW64) AppleWebKit/537.14 (KHTML, like Gecko) Chrome/24.0.1292.0 Safari/537.14"
36.133.115.36 - - [26/Jun/2026:11:38:00 +0800] "POST /wp-cron.php?doing_wp_cron=1782445080.4333360195159912109375 HTTP/1.1" 200 31 "-" "WordPress/7.0; http://cqqizhou.com"
43.153.58.28 - - [26/Jun/2026:11:38:00 +0800] "GET /about HTTP/1.1" 200 24682 "-" "Mozilla/5.0 (iPhone; CPU iPhone OS 13_2_3 like Mac OS X) AppleWebKit/605.1.15 (KHTML, like Gecko) Version/13.0.3 Mobile/15E148 Safari/604.1"
36.133.115.36 - - [26/Jun/2026:11:45:45 +0800] "POST /wp-cron.php?doing_wp_cron=1782445545.1556379795074462890625 HTTP/1.1" 200 31 "-" "WordPress/7.0; http://cqqizhou.com"
203.154.14.18 - - [26/Jun/2026:11:45:45 +0800] "GET / HTTP/1.1" 200 158011 "-" "-"
36.133.115.36 - - [26/Jun/2026:11:56:53 +0800] "POST /wp-cron.php?doing_wp_cron=1782446213.0315310955047607421875 HTTP/1.1" 200 31 "-" "WordPress/7.0; http://cqqizhou.com"
36.133.108.119 - - [26/Jun/2026:11:56:53 +0800] "HEAD /wp-includes/images/web.config.bak HTTP/1.1" 404 0 "-" "Mozilla/5.0 (Macintosh; Intel Mac OS X 10_8_3) AppleWebKit/537.36 (KHTML, like Gecko) Chrome/27.0.1453.93 Safari/537.36"
36.133.108.125 - - [26/Jun/2026:11:57:03 +0800] "HEAD /wp-includes/fonts/log.html HTTP/1.1" 404 0 "-" "Mozilla/5.0 (compatible; MSIE 9.0; Windows NT 6.1; Trident/5.0; yie8)"
36.133.115.36 - - [26/Jun/2026:11:58:28 +0800] "POST /wp-cron.php?doing_wp_cron=1782446308.2041890621185302734375 HTTP/1.1" 200 31 "-" "WordPress/7.0; http://cqqizhou.com"
43.153.123.3 - - [26/Jun/2026:11:58:28 +0800] "GET /club/ HTTP/1.1" 301 5 "-" "Mozilla/5.0 (iPhone; CPU iPhone OS 13_2_3 like Mac OS X) AppleWebKit/605.1.15 (KHTML, like Gecko) Version/13.0.3 Mobile/15E148 Safari/604.1"
43.153.123.3 - - [26/Jun/2026:11:58:32 +0800] "GET /club HTTP/1.1" 200 12418 "http://cqqizhou.com/club/" "Mozilla/5.0 (iPhone; CPU iPhone OS 13_2_3 like Mac OS X) AppleWebKit/605.1.15 (KHTML, like Gecko) Version/13.0.3 Mobile/15E148 Safari/604.1"
36.133.115.36 - - [26/Jun/2026:12:02:38 +0800] "POST /wp-cron.php?doing_wp_cron=1782446558.9311978816986083984375 HTTP/1.1" 200 31 "-" "WordPress/7.0; http://cqqizhou.com"
36.133.108.125 - - [26/Jun/2026:12:02:38 +0800] "HEAD /home.aspx HTTP/1.1" 404 0 "-" "Mozilla/5.0 (Windows NT 6.1; WOW64; rv:31.0) Gecko/20130401 Firefox/31.0"
36.133.115.36 - - [26/Jun/2026:12:04:55 +0800] "POST /wp-cron.php?doing_wp_cron=1782446695.4990980625152587890625 HTTP/1.1" 200 31 "-" "WordPress/7.0; http://cqqizhou.com"
36.133.108.125 - - [26/Jun/2026:12:04:55 +0800] "HEAD /wp-admin/images/oauth HTTP/1.1" 404 0 "-" "Mozilla/5.0 (Windows NT 6.1) AppleWebKit/537.36 (KHTML, like Gecko) Chrome/41.0.2228.0 Safari/537.36"
36.133.115.36 - - [26/Jun/2026:12:05:45 +0800] "POST /wp-cron.php?doing_wp_cron=1782446745.3883419036865234375000 HTTP/1.1" 200 31 "-" "WordPress/7.0; http://cqqizhou.com"
36.133.108.121 - - [26/Jun/2026:12:05:45 +0800] "HEAD /wp-admin/images/example HTTP/1.1" 404 0 "-" "Mozilla/5.0 (iPad; U; CPU OS 3_2 like Mac OS X; en-us) AppleWebKit/531.21.10 (KHTML, like Gecko) Version/4.0.4 Mobile/7B334b Safari/531.21.10"
36.133.115.36 - - [26/Jun/2026:12:07:38 +0800] "POST /wp-cron.php?doing_wp_cron=1782446858.3582499027252197265625 HTTP/1.1" 200 31 "-" "WordPress/7.0; http://cqqizhou.com"
36.133.108.121 - - [26/Jun/2026:12:07:38 +0800] "HEAD /wp-admin/js/Download HTTP/1.1" 404 0 "-" "Mozilla/5.0 (X11; Ubuntu; Linux x86_64; rv:24.0) Gecko/20100101 Firefox/24.0"
49.51.253.83 - - [26/Jun/2026:12:08:31 +0800] "GET /wp-content/uploads/2025/07/1750649803-qizhou800x500_2.webp HTTP/1.1" 200 63616 "-" "Mozilla/5.0 (iPhone; CPU iPhone OS 13_2_3 like Mac OS X) AppleWebKit/605.1.15 (KHTML, like Gecko) Version/13.0.3 Mobile/15E148 Safari/604.1"
36.133.115.36 - - [26/Jun/2026:12:08:45 +0800] "POST /wp-cron.php?doing_wp_cron=1782446925.3085598945617675781250 HTTP/1.1" 200 31 "-" "WordPress/7.0; http://cqqizhou.com"
151.241.122.71 - - [26/Jun/2026:12:08:45 +0800] "GET /ueditor/net/controller.ashx?action=catchimage&encode=utf-8 HTTP/1.1" 404 9499 "-" "Mozilla/5.0 (Windows NT 10.0; WOW64) AppleWebKit/537.36 (KHTML, like Gecko) Chrome/59.0.1718.125 Safari/537.36"
36.133.115.36 - - [26/Jun/2026:12:09:30 +0800] "POST /wp-cron.php?doing_wp_cron=1782446970.4763839244842529296875 HTTP/1.1" 200 31 "-" "WordPress/7.0; http://cqqizhou.com"
180.184.69.233 - - [26/Jun/2026:12:09:30 +0800] "GET /robots.txt HTTP/1.1" 200 190 "-" "Mozilla/5.0 (Linux; Android 10; V1950A; wv) AppleWebKit/537.36 (KHTML, like Gecko) Chrome/62.0.3202.84 Mobile Safari/537.36 VivoBrowser/20.2.3.0"
66.249.79.8 - - [26/Jun/2026:12:09:32 +0800] "GET /robots.txt HTTP/1.1" 200 190 "-" "Mozilla/5.0 (compatible; Googlebot/2.1; +http://www.google.com/bot.html)"
66.249.79.8 - - [26/Jun/2026:12:09:33 +0800] "GET /news/2388 HTTP/1.1" 200 21091 "-" "Mozilla/5.0 (Linux; Android 6.0.1; Nexus 5X Build/MMB29P) AppleWebKit/537.36 (KHTML, like Gecko) Chrome/148.0.7778.96 Mobile Safari/537.36 (compatible; Googlebot/2.1; +http://www.google.com/bot.html)"
43.154.250.181 - - [26/Jun/2026:12:10:06 +0800] "GET /bug HTTP/1.1" 200 12205 "-" "Mozilla/5.0 (iPhone; CPU iPhone OS 13_2_3 like Mac OS X) AppleWebKit/605.1.15 (KHTML, like Gecko) Version/13.0.3 Mobile/15E148 Safari/604.1"
36.133.115.36 - - [26/Jun/2026:12:10:42 +0800] "POST /wp-cron.php?doing_wp_cron=1782447042.5078039169311523437500 HTTP/1.1" 200 31 "-" "WordPress/7.0; http://cqqizhou.com"
92.222.108.121 - - [26/Jun/2026:12:10:42 +0800] "GET /robots.txt HTTP/1.1" 200 190 "-" "Mozilla/5.0 (compatible; AhrefsBot/7.0; +http://ahrefs.com/robot/)"
54.38.147.34 - - [26/Jun/2026:12:10:49 +0800] "GET /news/2588 HTTP/1.1" 200 25087 "-" "Mozilla/5.0 (compatible; AhrefsBot/7.0; +http://ahrefs.com/robot/)"
36.133.115.36 - - [26/Jun/2026:12:16:58 +0800] "POST /wp-cron.php?doing_wp_cron=1782447418.5051140785217285156250 HTTP/1.1" 200 31 "-" "WordPress/7.0; http://cqqizhou.com"
176.65.139.66 - - [26/Jun/2026:12:16:58 +0800] "GET / HTTP/1.0" 301 0 "-" "Shodan-Pull/1.0"
36.133.115.36 - - [26/Jun/2026:12:17:23 +0800] "POST /wp-cron.php?doing_wp_cron=1782447443.4611680507659912109375 HTTP/1.1" 200 31 "-" "WordPress/7.0; http://cqqizhou.com"
129.227.235.100 - - [26/Jun/2026:12:17:23 +0800] "GET /api/v1/public/products HTTP/1.1" 404 9499 "-" "Mozilla/5.0 (Windows NT 10.0; Win64; x64) AppleWebKit/537.36"
129.227.235.100 - - [26/Jun/2026:12:17:24 +0800] "GET /api/v1/public/product/list HTTP/1.1" 404 9499 "-" "Mozilla/5.0 (Windows NT 10.0; Win64; x64) AppleWebKit/537.36"
129.227.235.100 - - [26/Jun/2026:12:17:26 +0800] "GET /api/v1/public/shop/products HTTP/1.1" 404 9499 "-" "Mozilla/5.0 (Windows NT 10.0; Win64; x64) AppleWebKit/537.36"
129.227.235.100 - - [26/Jun/2026:12:17:27 +0800] "GET / HTTP/1.1" 301 5 "-" "Mozilla/5.0 (Windows NT 10.0; Win64; x64) AppleWebKit/537.36"
129.227.235.100 - - [26/Jun/2026:12:17:28 +0800] "GET / HTTP/1.1" 200 41028 "-" "Mozilla/5.0 (Windows NT 10.0; Win64; x64) AppleWebKit/537.36"
36.133.115.36 - - [26/Jun/2026:12:20:17 +0800] "POST /wp-cron.php?doing_wp_cron=1782447617.2365310192108154296875 HTTP/1.1" 200 31 "-" "WordPress/7.0; http://cqqizhou.com"
161.97.148.236 - - [26/Jun/2026:12:20:17 +0800] "GET / HTTP/1.1" 301 5 "-" "Mozilla/5.0 (Windows NT 10.0; Win64; x64) AppleWebKit/537.36 (KHTML, like Gecko) Chrome/135.0.0.0 Safari/537.36"
161.97.148.236 - - [26/Jun/2026:12:20:18 +0800] "GET /_profiler/phpinfo HTTP/1.1" 404 32862 "-" "Mozilla/5.0 (Windows NT 10.0; Win64; x64) AppleWebKit/537.36 (KHTML, like Gecko) Chrome/135.0.0.0 Safari/537.36"
161.97.148.236 - - [26/Jun/2026:12:20:20 +0800] "GET /_profiler/latest HTTP/1.1" 404 32862 "-" "Mozilla/5.0 (Windows NT 10.0; Win64; x64) AppleWebKit/537.36 (KHTML, like Gecko) Chrome/135.0.0.0 Safari/537.36"
161.97.148.236 - - [26/Jun/2026:12:20:24 +0800] "GET /_profiler/empty/search/results?limit=10 HTTP/1.1" 404 32862 "-" "Mozilla/5.0 (Windows NT 10.0; Win64; x64) AppleWebKit/537.36 (KHTML, like Gecko) Chrome/135.0.0.0 Safari/537.36"
161.97.148.236 - - [26/Jun/2026:12:20:26 +0800] "GET /_profiler HTTP/1.1" 404 32862 "-" "Mozilla/5.0 (Windows NT 10.0; Win64; x64) AppleWebKit/537.36 (KHTML, like Gecko) Chrome/135.0.0.0 Safari/537.36"
161.97.148.236 - - [26/Jun/2026:12:20:27 +0800] "GET /_profiler/ HTTP/1.1" 499 0 "-" "Mozilla/5.0 (Windows NT 10.0; Win64; x64) AppleWebKit/537.36 (KHTML, like Gecko) Chrome/135.0.0.0 Safari/537.36"
36.133.108.119 - - [26/Jun/2026:12:20:28 +0800] "HEAD /wp-content/mt-check.cgi HTTP/1.1" 404 0 "-" "Mozilla/5.0 (compatible; MSIE 8.0; Windows NT 5.1; Trident/4.0; .NET CLR 1.1.4322; .NET CLR 2.0.50727)"
36.133.115.36 - - [26/Jun/2026:12:24:13 +0800] "POST /wp-cron.php?doing_wp_cron=1782447853.1074440479278564453125 HTTP/1.1" 200 31 "-" "WordPress/7.0; http://cqqizhou.com"
36.133.108.121 - - [26/Jun/2026:12:24:13 +0800] "HEAD /wp-admin/includes/htdocs HTTP/1.1" 404 0 "-" "Mozilla/5.0 (X11; Ubuntu; Linux x86_64; rv:24.0) Gecko/20100101 Firefox/24.0"
36.133.115.36 - - [26/Jun/2026:12:26:06 +0800] "POST /wp-cron.php?doing_wp_cron=1782447966.4173269271850585937500 HTTP/1.1" 200 31 "-" "WordPress/7.0; http://cqqizhou.com"
36.133.108.119 - - [26/Jun/2026:12:26:06 +0800] "HEAD /eZServerMonitor/ HTTP/1.1" 404 0 "-" "Mozilla/5.0 (compatible; MSIE 8.0; Windows NT 5.1; Trident/4.0; SLCC1; .NET CLR 3.0.4506.2152; .NET CLR 3.5.30729; .NET CLR 1.1.4322)"
36.133.115.36 - - [26/Jun/2026:12:29:16 +0800] "POST /wp-cron.php?doing_wp_cron=1782448156.4868609905242919921875 HTTP/1.1" 200 31 "-" "WordPress/7.0; http://cqqizhou.com"
36.133.108.121 - - [26/Jun/2026:12:29:16 +0800] "HEAD /wp-includes/images/audio HTTP/1.1" 404 0 "-" "Mozilla/5.0 (Macintosh; Intel Mac OS X 10_7_5) AppleWebKit/537.36 (KHTML, like Gecko) Chrome/27.0.1453.93 Safari/537.36"
36.133.108.121 - - [26/Jun/2026:12:29:35 +0800] "HEAD /wp-admin/includes/settings.php HTTP/1.1" 404 0 "-" "Mozilla/5.0 (X11; Ubuntu; Linux x86_64; rv:24.0) Gecko/20100101 Firefox/24.0"
36.133.115.36 - - [26/Jun/2026:12:31:44 +0800] "POST /wp-cron.php?doing_wp_cron=1782448304.9250988960266113281250 HTTP/1.1" 200 31 "-" "WordPress/7.0; http://cqqizhou.com"
36.133.108.125 - - [26/Jun/2026:12:31:44 +0800] "HEAD /wp-includes/images/logs.sqlite HTTP/1.1" 404 0 "-" "Mozilla/5.0 (Macintosh; U; Intel Mac OS X 10_6_6; fr-ch) AppleWebKit/533.19.4 (KHTML, like Gecko) Version/5.0.3 Safari/533.19.4"
198.244.226.34 - - [26/Jun/2026:12:39:56 +0800] "GET /news HTTP/1.1" 200 26031 "-" "Mozilla/5.0 (compatible; AhrefsBot/7.0; +http://ahrefs.com/robot/)"
36.133.115.36 - - [26/Jun/2026:12:40:22 +0800] "POST /wp-cron.php?doing_wp_cron=1782448822.1910779476165771484375 HTTP/1.1" 200 31 "-" "WordPress/7.0; http://cqqizhou.com"
124.222.53.140 - - [26/Jun/2026:12:40:22 +0800] "GET / HTTP/1.1" 301 5 "-" "curl/8.5.0"
20.29.23.70 - - [26/Jun/2026:12:41:00 +0800] "GET / HTTP/1.1" 301 5 "-" "Mozilla/5.0 zgrab/0.x"
36.133.115.36 - - [26/Jun/2026:12:41:27 +0800] "POST /wp-cron.php?doing_wp_cron=1782448887.4290459156036376953125 HTTP/1.1" 200 31 "-" "WordPress/7.0; http://cqqizhou.com"
110.249.201.48 - - [26/Jun/2026:12:41:27 +0800] "GET /robots.txt HTTP/1.1" 200 190 "-" "Mozilla/5.0 (Linux; Android 5.0) AppleWebKit/537.36 (KHTML, like Gecko) Mobile Safari/537.36 (compatible; Bytespider; https://zhanzhang.toutiao.com/)"
36.133.115.36 - - [26/Jun/2026:12:44:52 +0800] "POST /wp-cron.php?doing_wp_cron=1782449092.0506350994110107421875 HTTP/1.1" 200 31 "-" "WordPress/7.0; http://cqqizhou.com"
43.159.35.188 - - [26/Jun/2026:12:44:52 +0800] "GET /news/tag/%e5%ae%89%e5%85%a8%e7%94%9f%e4%ba%a7%e6%9c%88 HTTP/1.1" 200 18563 "-" "Mozilla/5.0 (iPhone; CPU iPhone OS 13_2_3 like Mac OS X) AppleWebKit/605.1.15 (KHTML, like Gecko) Version/13.0.3 Mobile/15E148 Safari/604.1"
36.133.115.36 - - [26/Jun/2026:12:45:47 +0800] "POST /wp-cron.php?doing_wp_cron=1782449147.7466559410095214843750 HTTP/1.1" 200 31 "-" "WordPress/7.0; http://cqqizhou.com"
36.133.108.121 - - [26/Jun/2026:12:45:47 +0800] "HEAD /2388/%C0%AE%C0%AE/%C0%AE%C0%AE/%C0%AE%C0%AE/%C0%AE%C0%AE/%C0%AE%C0%AE/%C0%AE%C0%AE/%C0%AE%C0%AE/%C0%AE%C0%AE/%C0%AE%C0%AE/%C0%AE%C0%AE/etc/passwd HTTP/1.1" 404 0 "-" "Mozilla/5.0 (X11; Linux x86_64) AppleWebKit/537.36 (KHTML, like Gecko) Chrome/34.0.1847.137 Safari/4E423F"
36.133.115.36 - - [26/Jun/2026:12:51:04 +0800] "POST /wp-cron.php?doing_wp_cron=1782449464.7265009880065917968750 HTTP/1.1" 200 31 "-" "WordPress/7.0; http://cqqizhou.com"
43.157.149.188 - - [26/Jun/2026:12:51:04 +0800] "GET /news/2592 HTTP/1.1" 200 20658 "-" "Mozilla/5.0 (iPhone; CPU iPhone OS 13_2_3 like Mac OS X) AppleWebKit/605.1.15 (KHTML, like Gecko) Version/13.0.3 Mobile/15E148 Safari/604.1"
43.157.150.69 - - [26/Jun/2026:12:53:19 +0800] "GET /wp-content/uploads/2026/06/1781880807-Article_images_W900px-768x432.webp HTTP/1.1" 200 26292 "-" "Mozilla/5.0 (iPhone; CPU iPhone OS 13_2_3 like Mac OS X) AppleWebKit/605.1.15 (KHTML, like Gecko) Version/13.0.3 Mobile/15E148 Safari/604.1"
36.133.115.36 - - [26/Jun/2026:12:53:27 +0800] "POST /wp-cron.php?doing_wp_cron=1782449607.1094219684600830078125 HTTP/1.1" 200 31 "-" "WordPress/7.0; http://cqqizhou.com"
36.133.108.119 - - [26/Jun/2026:12:53:27 +0800] "HEAD /wp-admin/includes/modules HTTP/1.1" 404 0 "-" "Mozilla/5.0 (Macintosh; Intel Mac OS X 10_8_3) AppleWebKit/537.36 (KHTML, like Gecko) Chrome/27.0.1453.93 Safari/537.36"
36.133.115.36 - - [26/Jun/2026:12:55:02 +0800] "POST /wp-cron.php?doing_wp_cron=1782449702.0010979175567626953125 HTTP/1.1" 200 31 "-" "WordPress/7.0; http://cqqizhou.com"
66.132.224.224 - - [26/Jun/2026:12:55:02 +0800] "GET / HTTP/1.1" 301 5 "-" "Mozilla/5.0 (compatible; CensysInspect/1.1; +https://about.censys.io/)"
36.133.115.36 - - [26/Jun/2026:12:57:16 +0800] "POST /wp-cron.php?doing_wp_cron=1782449836.0553419589996337890625 HTTP/1.1" 200 31 "-" "WordPress/7.0; http://cqqizhou.com"
36.133.108.121 - - [26/Jun/2026:12:57:16 +0800] "HEAD /wp-admin/images/member HTTP/1.1" 404 0 "-" "Mozilla/5.0 (X11; Ubuntu; Linux x86_64; rv:24.0) Gecko/20100101 Firefox/24.0"
36.133.108.121 - - [26/Jun/2026:12:57:42 +0800] "HEAD /wp-includes/build/k HTTP/1.1" 404 0 "-" "Mozilla/5.0 (X11; Ubuntu; Linux x86_64; rv:24.0) Gecko/20100101 Firefox/24.0"
36.133.115.36 - - [26/Jun/2026:13:03:38 +0800] "POST /wp-cron.php?doing_wp_cron=1782450218.0934979915618896484375 HTTP/1.1" 200 31 "-" "WordPress/7.0; http://cqqizhou.com"
36.133.108.119 - - [26/Jun/2026:13:03:38 +0800] "HEAD /wp-admin/images/json HTTP/1.1" 404 0 "-" "Mozilla/5.0 (compatible; MSIE 8.0; Windows NT 5.1; Trident/4.0; .NET CLR 1.1.4322; .NET CLR 2.0.50727)"
36.133.108.121 - - [26/Jun/2026:13:03:52 +0800] "HEAD /wp-content/languages/msql HTTP/1.1" 404 0 "-" "Mozilla/5.0 (X11; Linux x86_64) AppleWebKit/537.36 (KHTML, like Gecko) Chrome/34.0.1847.137 Safari/4E423F"
36.133.115.36 - - [26/Jun/2026:13:06:00 +0800] "POST /wp-cron.php?doing_wp_cron=1782450360.7647550106048583984375 HTTP/1.1" 200 31 "-" "WordPress/7.0; http://cqqizhou.com"
170.106.193.108 - - [26/Jun/2026:13:06:00 +0800] "GET /wp-json/oembed/1.0/embed?url=http%3A%2F%2Fcqqizhou.com%2Fbug HTTP/1.1" 200 1101 "-" "Mozilla/5.0 (iPhone; CPU iPhone OS 13_2_3 like Mac OS X) AppleWebKit/605.1.15 (KHTML, like Gecko) Version/13.0.3 Mobile/15E148 Safari/604.1"
36.133.115.36 - - [26/Jun/2026:13:07:20 +0800] "POST /wp-cron.php?doing_wp_cron=1782450440.8409121036529541015625 HTTP/1.1" 200 31 "-" "WordPress/7.0; http://cqqizhou.com"
176.65.139.66 - - [26/Jun/2026:13:07:20 +0800] "GET / HTTP/1.0" 301 0 "-" "Shodan-Pull/1.0"
36.133.115.36 - - [26/Jun/2026:13:12:53 +0800] "POST /wp-cron.php?doing_wp_cron=1782450773.3976728916168212890625 HTTP/1.1" 200 31 "-" "WordPress/7.0; http://cqqizhou.com"
36.133.108.121 - - [26/Jun/2026:13:12:53 +0800] "HEAD /wp-includes/assets/templates HTTP/1.1" 404 0 "-" "Mozilla/5.0 (iPad; U; CPU OS 3_2 like Mac OS X; en-us) AppleWebKit/531.21.10 (KHTML, like Gecko) Version/4.0.4 Mobile/7B334b Safari/531.21.10"
36.133.115.36 - - [26/Jun/2026:13:14:34 +0800] "POST /wp-cron.php?doing_wp_cron=1782450874.0013918876647949218750 HTTP/1.1" 200 31 "-" "WordPress/7.0; http://cqqizhou.com"
36.133.108.121 - - [26/Jun/2026:13:14:34 +0800] "HEAD /index1.bak HTTP/1.1" 404 0 "-" "Opera/9.80 (Windows NT 6.1; U; zh-tw) Presto/2.7.62 Version/11.01"
36.133.115.36 - - [26/Jun/2026:13:19:34 +0800] "POST /wp-cron.php?doing_wp_cron=1782451174.6396589279174804687500 HTTP/1.1" 200 31 "-" "WordPress/7.0; http://cqqizhou.com"
36.133.108.125 - - [26/Jun/2026:13:19:34 +0800] "HEAD /wp-content/languages/cmd HTTP/1.1" 404 0 "-" "Mozilla/5.0 (Windows; U; Windows NT 6.1; ja-JP) AppleWebKit/533.20.25 (KHTML, like Gecko) Version/5.0.3 Safari/533.19.4"
36.133.115.36 - - [26/Jun/2026:13:28:21 +0800] "POST /wp-cron.php?doing_wp_cron=1782451701.6514000892639160156250 HTTP/1.1" 200 31 "-" "WordPress/7.0; http://cqqizhou.com"
43.134.78.217 - - [26/Jun/2026:13:28:21 +0800] "GET /wp-json/oembed/1.0/embed?url=http%3A%2F%2Fcqqizhou.com%2Fnews%2F2592 HTTP/1.1" 200 1292 "-" "Mozilla/5.0 (iPhone; CPU iPhone OS 13_2_3 like Mac OS X) AppleWebKit/605.1.15 (KHTML, like Gecko) Version/13.0.3 Mobile/15E148 Safari/604.1"
36.133.115.36 - - [26/Jun/2026:13:33:42 +0800] "POST /wp-cron.php?doing_wp_cron=1782452022.4879119396209716796875 HTTP/1.1" 200 31 "-" "WordPress/7.0; http://cqqizhou.com"
112.90.14.81 - - [26/Jun/2026:13:33:42 +0800] "GET /wp-json/oembed/1.0/embed?url=http%3A%2F%2Fcqqizhou.com%2Fnews%2F2572 HTTP/1.1" 200 1242 "-" "Mozilla/5.0 (Windows NT 10.0; Win64; x64) AppleWebKit/537.36 (KHTML, like Gecko) Chrome/131.0.0.0 Safari/537.36"
36.133.115.36 - - [26/Jun/2026:13:37:43 +0800] "POST /wp-cron.php?doing_wp_cron=1782452263.2314300537109375000000 HTTP/1.1" 200 31 "-" "WordPress/7.0; http://cqqizhou.com"
36.133.108.125 - - [26/Jun/2026:13:37:43 +0800] "HEAD /wp-content/o HTTP/1.1" 404 0 "-" "Mozilla/5.0 (Windows NT 6.1; WOW64; rv:31.0) Gecko/20130401 Firefox/31.0"
36.133.115.36 - - [26/Jun/2026:13:50:11 +0800] "POST /wp-cron.php?doing_wp_cron=1782453011.5917301177978515625000 HTTP/1.1" 200 31 "-" "WordPress/7.0; http://cqqizhou.com"
34.156.32.68 - - [26/Jun/2026:13:50:11 +0800] "GET / HTTP/1.1" 200 35133 "-" "Mozilla/5.0 (Windows NT 10.0; Win64; x64) AppleWebKit/537.36 (KHTML, like Gecko) Chrome/127.0.0.0 Safari/537.36"
36.133.115.36 - - [26/Jun/2026:13:51:30 +0800] "POST /wp-cron.php?doing_wp_cron=1782453090.7789919376373291015625 HTTP/1.1" 200 31 "-" "WordPress/7.0; http://cqqizhou.com"
36.133.108.125 - - [26/Jun/2026:13:51:30 +0800] "HEAD /wp-includes/fonts/audio HTTP/1.1" 404 0 "-" "Opera/9.80 (Windows NT 5.1; U; cs) Presto/2.7.62 Version/11.01"
36.133.108.119 - - [26/Jun/2026:13:52:02 +0800] "HEAD /wp-content/fonts/iishelp HTTP/1.1" 404 0 "-" "Mozilla/5.0 (Windows NT 6.1) AppleWebKit/537.36 (KHTML, like Gecko) Chrome/27.0.1453.90 Safari/537.36"
36.133.115.36 - - [26/Jun/2026:13:52:59 +0800] "POST /wp-cron.php?doing_wp_cron=1782453179.7657229900360107421875 HTTP/1.1" 200 31 "-" "WordPress/7.0; http://cqqizhou.com"
43.166.136.24 - - [26/Jun/2026:13:52:59 +0800] "GET /?p=2582 HTTP/1.1" 301 5 "-" "Mozilla/5.0 (iPhone; CPU iPhone OS 13_2_3 like Mac OS X) AppleWebKit/605.1.15 (KHTML, like Gecko) Version/13.0.3 Mobile/15E148 Safari/604.1"
43.166.136.24 - - [26/Jun/2026:13:53:05 +0800] "GET /news/2582 HTTP/1.1" 200 20171 "http://cqqizhou.com/?p=2582" "Mozilla/5.0 (iPhone; CPU iPhone OS 13_2_3 like Mac OS X) AppleWebKit/605.1.15 (KHTML, like Gecko) Version/13.0.3 Mobile/15E148 Safari/604.1"
36.133.115.36 - - [26/Jun/2026:13:55:12 +0800] "POST /wp-cron.php?doing_wp_cron=1782453312.1909968852996826171875 HTTP/1.1" 200 31 "-" "WordPress/7.0; http://cqqizhou.com"
192.71.2.119 - - [26/Jun/2026:13:55:12 +0800] "GET / HTTP/1.1" 200 35133 "-" "Mozilla/5.0 (iPhone; CPU iPhone OS 17_3_1 like Mac OS X) AppleWebKit/605.1.15 (KHTML, like Gecko) Version/17.3.1 Mobile/15E148 Safari/604"
192.71.12.10 - - [26/Jun/2026:13:55:14 +0800] "GET /news/portfolio-category/hot-dip-galvanized-coil HTTP/1.1" 200 18266 "-" "Mozilla/5.0 (iPhone; CPU iPhone OS 17_3_1 like Mac OS X) AppleWebKit/605.1.15 (KHTML, like Gecko) Version/17.3.1 Mobile/15E148 Safari/604"
192.71.12.10 - - [26/Jun/2026:13:55:15 +0800] "GET /news/portfolio/%e5%86%b7%e8%bd%a7%e6%9d%bf HTTP/1.1" 200 19346 "-" "Mozilla/5.0 (iPhone; CPU iPhone OS 17_3_1 like Mac OS X) AppleWebKit/605.1.15 (KHTML, like Gecko) Version/17.3.1 Mobile/15E148 Safari/604"
194.103.212.184 - - [26/Jun/2026:13:55:17 +0800] "GET /news/portfolio-category/dual-phase-steel HTTP/1.1" 200 18260 "-" "Mozilla/5.0 (iPhone; CPU iPhone OS 17_3_1 like Mac OS X) AppleWebKit/605.1.15 (KHTML, like Gecko) Version/17.3.1 Mobile/15E148 Safari/604"
170.106.147.63 - - [26/Jun/2026:13:56:03 +0800] "GET /wp-content/uploads/2025/07/1750649803-qizhou800x500_2.webp HTTP/1.1" 200 63616 "-" "Mozilla/5.0 (iPhone; CPU iPhone OS 13_2_3 like Mac OS X) AppleWebKit/605.1.15 (KHTML, like Gecko) Version/13.0.3 Mobile/15E148 Safari/604.1"
36.133.115.36 - - [26/Jun/2026:13:57:02 +0800] "POST /wp-cron.php?doing_wp_cron=1782453422.5173940658569335937500 HTTP/1.1" 200 31 "-" "WordPress/7.0; http://cqqizhou.com"
36.133.108.121 - - [26/Jun/2026:13:57:02 +0800] "HEAD /cgi-bin/jarrewrite.sh HTTP/1.1" 404 0 "-" "Mozilla/5.0 (compatible; MSIE 8.0; Windows NT 5.2; Trident/4.0; Media Center PC 4.0; SLCC1; .NET CLR 3.0.04320)"
36.133.115.36 - - [26/Jun/2026:13:57:26 +0800] "POST /wp-cron.php?doing_wp_cron=1782453446.9516758918762207031250 HTTP/1.1" 200 31 "-" "WordPress/7.0; http://cqqizhou.com"
43.135.144.81 - - [26/Jun/2026:13:57:26 +0800] "GET /wp-json/oembed/1.0/embed?url=http%3A%2F%2Fcqqizhou.com%2Fclub HTTP/1.1" 200 1107 "-" "Mozilla/5.0 (iPhone; CPU iPhone OS 13_2_3 like Mac OS X) AppleWebKit/605.1.15 (KHTML, like Gecko) Version/13.0.3 Mobile/15E148 Safari/604.1"
36.133.115.36 - - [26/Jun/2026:13:59:10 +0800] "POST /wp-cron.php?doing_wp_cron=1782453550.6540861129760742187500 HTTP/1.1" 200 31 "-" "WordPress/7.0; http://cqqizhou.com"
36.133.108.121 - - [26/Jun/2026:13:59:10 +0800] "HEAD /auth HTTP/1.1" 404 0 "-" "Mozilla/5.0 (Windows NT 6.1; rv:21.0) Gecko/20100101 Firefox/21.0"
36.133.115.36 - - [26/Jun/2026:14:07:27 +0800] "POST /wp-cron.php?doing_wp_cron=1782454047.6055181026458740234375 HTTP/1.1" 200 31 "-" "WordPress/7.0; http://cqqizhou.com"
170.106.72.93 - - [26/Jun/2026:14:07:27 +0800] "GET /wp-json/oembed/1.0/embed?url=http%3A%2F%2Fcqqizhou.com%2Fbug HTTP/1.1" 200 1101 "-" "Mozilla/5.0 (iPhone; CPU iPhone OS 13_2_3 like Mac OS X) AppleWebKit/605.1.15 (KHTML, like Gecko) Version/13.0.3 Mobile/15E148 Safari/604.1"
36.133.115.36 - - [26/Jun/2026:14:13:46 +0800] "POST /wp-cron.php?doing_wp_cron=1782454426.0360078811645507812500 HTTP/1.1" 200 31 "-" "WordPress/7.0; http://cqqizhou.com"
36.133.108.121 - - [26/Jun/2026:14:13:46 +0800] "HEAD /wp-admin/js/config HTTP/1.1" 404 0 "-" "Mozilla/5.0 (iPad; U; CPU OS 3_2 like Mac OS X; en-us) AppleWebKit/531.21.10 (KHTML, like Gecko) Version/4.0.4 Mobile/7B334b Safari/531.21.10"
43.159.144.16 - - [26/Jun/2026:14:13:54 +0800] "GET /wp-content/uploads/2026/06/1782182572-Article_images_W900px-768x432.webp HTTP/1.1" 200 27308 "-" "Mozilla/5.0 (iPhone; CPU iPhone OS 13_2_3 like Mac OS X) AppleWebKit/605.1.15 (KHTML, like Gecko) Version/13.0.3 Mobile/15E148 Safari/604.1"
36.133.115.36 - - [26/Jun/2026:14:15:28 +0800] "POST /wp-cron.php?doing_wp_cron=1782454528.8500909805297851562500 HTTP/1.1" 200 31 "-" "WordPress/7.0; http://cqqizhou.com"
36.133.108.121 - - [26/Jun/2026:14:15:28 +0800] "HEAD /wp-content/fonts/web HTTP/1.1" 404 0 "-" "Mozilla/5.0 (X11; Linux x86_64) AppleWebKit/537.36 (KHTML, like Gecko) Chrome/34.0.1847.137 Safari/4E423F"
36.133.115.36 - - [26/Jun/2026:14:17:16 +0800] "POST /wp-cron.php?doing_wp_cron=1782454636.6955530643463134765625 HTTP/1.1" 200 31 "-" "WordPress/7.0; http://cqqizhou.com"
36.133.108.121 - - [26/Jun/2026:14:17:16 +0800] "HEAD /wp-includes/js/admin HTTP/1.1" 404 0 "-" "Mozilla/5.0 (Windows NT 6.2; WOW64) AppleWebKit/537.36 (KHTML, like Gecko) Chrome/30.0.1599.17 Safari/537.36"
198.244.168.88 - - [26/Jun/2026:14:17:48 +0800] "GET /about HTTP/1.1" 304 0 "-" "Mozilla/5.0 (compatible; AhrefsBot/7.0; +http://ahrefs.com/robot/)"
43.157.158.178 - - [26/Jun/2026:14:29:56 +0800] "GET /wp-content/uploads/2026/06/1782392245-Article_images_W900px-300x169.webp HTTP/1.1" 200 13736 "-" "Mozilla/5.0 (iPhone; CPU iPhone OS 13_2_3 like Mac OS X) AppleWebKit/605.1.15 (KHTML, like Gecko) Version/13.0.3 Mobile/15E148 Safari/604.1"
36.133.115.36 - - [26/Jun/2026:14:33:22 +0800] "POST /wp-cron.php?doing_wp_cron=1782455602.4659800529479980468750 HTTP/1.1" 200 31 "-" "WordPress/7.0; http://cqqizhou.com"
36.133.108.121 - - [26/Jun/2026:14:33:22 +0800] "HEAD /wp-content/error-log HTTP/1.1" 404 0 "-" "Mozilla/5.0 (Macintosh; U; Intel Mac OS X 10_6_7; en-us) AppleWebKit/534.16+ (KHTML, like Gecko) Version/5.0.3 Safari/533.19.4"
36.133.115.36 - - [26/Jun/2026:14:35:11 +0800] "POST /wp-cron.php?doing_wp_cron=1782455711.0871949195861816406250 HTTP/1.1" 200 31 "-" "WordPress/7.0; http://cqqizhou.com"
119.84.246.117 - - [26/Jun/2026:14:35:11 +0800] "GET / HTTP/1.1" 301 5 "-" "Mozilla/5.0 (Windows NT 6.1; WOW64) AppleWebKit/536.11 (KHTML, like Gecko) Chrome/20.0.1132.57 Safari/536.11"
119.84.246.117 - - [26/Jun/2026:14:35:11 +0800] "GET / HTTP/1.1" 200 171937 "-" "Mozilla/5.0 (Windows NT 6.1; WOW64) AppleWebKit/536.11 (KHTML, like Gecko) Chrome/20.0.1132.57 Safari/536.11"
119.84.246.117 - - [26/Jun/2026:14:35:12 +0800] "GET / HTTP/1.1" 301 5 "-" "Mozilla/5.0 (Windows; U; Windows NT 5.2) AppleWebKit/525.13 (KHTML, like Gecko) Chrome/0.2.149.27 Safari/525.13"
119.84.246.117 - - [26/Jun/2026:14:35:12 +0800] "GET / HTTP/1.1" 200 171937 "-" "Mozilla/5.0 (Windows; U; Windows NT 5.2) AppleWebKit/525.13 (KHTML, like Gecko) Chrome/0.2.149.27 Safari/525.13"
119.84.246.117 - - [26/Jun/2026:14:35:13 +0800] "GET / HTTP/1.1" 301 5 "-" "Mozilla/5.0 (Windows NT 6.1) AppleWebKit/535.11 (KHTML, like Gecko) Chrome/17.0.963.84 Safari/535.11 LBBROWSER"
119.84.246.117 - - [26/Jun/2026:14:35:13 +0800] "GET / HTTP/1.1" 200 171937 "-" "Mozilla/5.0 (Windows NT 6.1) AppleWebKit/535.11 (KHTML, like Gecko) Chrome/17.0.963.84 Safari/535.11 LBBROWSER"
43.130.71.237 - - [26/Jun/2026:14:35:23 +0800] "GET /news/2588 HTTP/1.1" 200 21084 "-" "Mozilla/5.0 (iPhone; CPU iPhone OS 13_2_3 like Mac OS X) AppleWebKit/605.1.15 (KHTML, like Gecko) Version/13.0.3 Mobile/15E148 Safari/604.1"
36.133.115.36 - - [26/Jun/2026:14:39:29 +0800] "POST /wp-cron.php?doing_wp_cron=1782455969.4393870830535888671875 HTTP/1.1" 200 31 "-" "WordPress/7.0; http://cqqizhou.com"
36.133.108.121 - - [26/Jun/2026:14:39:29 +0800] "HEAD /wp-admin/includes/settings.inc HTTP/1.1" 404 0 "-" "Opera/9.80 (X11; Linux i686; U; it) Presto/2.7.62 Version/11.00"
198.244.226.43 - - [26/Jun/2026:14:39:47 +0800] "GET /services HTTP/1.1" 304 0 "-" "Mozilla/5.0 (compatible; AhrefsBot/7.0; +http://ahrefs.com/robot/)"
36.133.115.36 - - [26/Jun/2026:14:40:19 +0800] "POST /wp-cron.php?doing_wp_cron=1782456019.4918529987335205078125 HTTP/1.1" 200 31 "-" "WordPress/7.0; http://cqqizhou.com"
74.222.26.143 - - [26/Jun/2026:14:40:19 +0800] "GET / HTTP/1.1" 301 5 "-" "Mozilla/5.0 (Windows NT 10.0; Win64; x64) AppleWebKit/537.36 (KHTML, like Gecko) Chrome/97.0.4280.67 Safari/537.36 Edg/97.0.664.52"
74.222.26.143 - - [26/Jun/2026:14:40:20 +0800] "GET / HTTP/1.1" 200 41028 "-" "Mozilla/5.0 (Windows NT 10.0; Win64; x64) AppleWebKit/537.36 (KHTML, like Gecko) Chrome/97.0.4280.67 Safari/537.36 Edg/97.0.664.52"
36.133.115.36 - - [26/Jun/2026:14:44:20 +0800] "POST /wp-cron.php?doing_wp_cron=1782456260.2237401008605957031250 HTTP/1.1" 200 31 "-" "WordPress/7.0; http://cqqizhou.com"
36.133.108.125 - - [26/Jun/2026:14:44:20 +0800] "HEAD /wp-admin/install.php HTTP/1.1" 200 0 "-" "Mozilla/5.0 (Windows NT 6.2) AppleWebKit/537.36 (KHTML, like Gecko) Chrome/28.0.1464.0 Safari/537.36"
43.163.80.48 - - [26/Jun/2026:14:49:37 +0800] "GET /wp-content/uploads/2026/06/1782392245-Article_images_W900px-768x432.webp HTTP/1.1" 200 59838 "-" "Mozilla/5.0 (iPhone; CPU iPhone OS 13_2_3 like Mac OS X) AppleWebKit/605.1.15 (KHTML, like Gecko) Version/13.0.3 Mobile/15E148 Safari/604.1"
36.133.108.121 - - [26/Jun/2026:14:49:49 +0800] "HEAD /loader-wizard.php?page=phpinfo HTTP/1.1" 404 0 "-" "Mozilla/5.0 (X11; Linux x86_64) AppleWebKit/537.36 (KHTML, like Gecko) Chrome/34.0.1847.137 Safari/4E423F"
36.133.115.36 - - [26/Jun/2026:14:52:56 +0800] "POST /wp-cron.php?doing_wp_cron=1782456776.4456660747528076171875 HTTP/1.1" 200 31 "-" "WordPress/7.0; http://cqqizhou.com"
36.133.108.119 - - [26/Jun/2026:14:52:56 +0800] "HEAD /wp-admin/images/trace.axd HTTP/1.1" 404 0 "-" "Mozilla/5.0 (Macintosh; U; Intel Mac OS X 10_5_8; zh-cn) AppleWebKit/533.18.1 (KHTML, like Gecko) Version/5.0.2 Safari/533.18.5"
36.133.115.36 - - [26/Jun/2026:14:55:56 +0800] "POST /wp-cron.php?doing_wp_cron=1782456956.3274788856506347656250 HTTP/1.1" 200 31 "-" "WordPress/7.0; http://cqqizhou.com"
43.134.15.174 - - [26/Jun/2026:14:55:56 +0800] "GET / HTTP/1.1" 200 35134 "-" "Mozilla/5.0 (iPhone; CPU iPhone OS 13_2_3 like Mac OS X) AppleWebKit/605.1.15 (KHTML, like Gecko) Version/13.0.3 Mobile/15E148 Safari/604.1"
43.153.10.13 - - [26/Jun/2026:15:00:33 +0800] "GET /wp-content/uploads/2026/06/1780362799-1Article_images_W900px.webp HTTP/1.1" 200 61690 "-" "Mozilla/5.0 (iPhone; CPU iPhone OS 13_2_3 like Mac OS X) AppleWebKit/605.1.15 (KHTML, like Gecko) Version/13.0.3 Mobile/15E148 Safari/604.1"
36.133.115.36 - - [26/Jun/2026:15:01:07 +0800] "POST /wp-cron.php?doing_wp_cron=1782457267.8799829483032226562500 HTTP/1.1" 200 31 "-" "WordPress/7.0; http://cqqizhou.com"
