39.130.58.159 - - [25/Jun/2026:20:57:19 +0800] "GET /wp-content/uploads/2026/04/1775195056-2Article_images_W900px-300x221.webp HTTP/1.1" 200 9872 "http://cqqizhou.com/wp-admin/post.php?post=2603&action=edit" "Mozilla/5.0 (Windows NT 10.0; Win64; x64) AppleWebKit/537.36 (KHTML, like Gecko) Chrome/149.0.0.0 Safari/537.36 Edg/149.0.0.0"
39.130.58.159 - - [25/Jun/2026:20:57:19 +0800] "GET /wp-content/uploads/2026/05/1779059684-2Article_images_W900px-300x225.webp HTTP/1.1" 200 24690 "http://cqqizhou.com/wp-admin/post.php?post=2603&action=edit" "Mozilla/5.0 (Windows NT 10.0; Win64; x64) AppleWebKit/537.36 (KHTML, like Gecko) Chrome/149.0.0.0 Safari/537.36 Edg/149.0.0.0"
39.130.58.159 - - [25/Jun/2026:20:57:19 +0800] "GET /wp-content/uploads/2026/05/1779925245-Article_images_W900px-300x169.webp HTTP/1.1" 200 11964 "http://cqqizhou.com/wp-admin/post.php?post=2603&action=edit" "Mozilla/5.0 (Windows NT 10.0; Win64; x64) AppleWebKit/537.36 (KHTML, like Gecko) Chrome/149.0.0.0 Safari/537.36 Edg/149.0.0.0"
39.130.58.159 - - [25/Jun/2026:20:57:19 +0800] "GET /wp-content/uploads/2026/05/1779328460-2Article_images_W900px-300x225.webp HTTP/1.1" 200 7754 "http://cqqizhou.com/wp-admin/post.php?post=2603&action=edit" "Mozilla/5.0 (Windows NT 10.0; Win64; x64) AppleWebKit/537.36 (KHTML, like Gecko) Chrome/149.0.0.0 Safari/537.36 Edg/149.0.0.0"
39.130.58.159 - - [25/Jun/2026:20:57:20 +0800] "GET /wp-content/uploads/2026/03/1772790791-%E5%B0%81%E9%9D%A2%E5%A4%B4%E5%9B%BEArticle_images_W900%C3%97500px2026-300x167.webp HTTP/1.1" 200 14144 "http://cqqizhou.com/wp-admin/post.php?post=2603&action=edit" "Mozilla/5.0 (Windows NT 10.0; Win64; x64) AppleWebKit/537.36 (KHTML, like Gecko) Chrome/149.0.0.0 Safari/537.36 Edg/149.0.0.0"
39.130.58.159 - - [25/Jun/2026:20:57:20 +0800] "GET /wp-content/uploads/2026/03/1772790943-5Article_images_W900px-300x243.webp HTTP/1.1" 200 18044 "http://cqqizhou.com/wp-admin/post.php?post=2603&action=edit" "Mozilla/5.0 (Windows NT 10.0; Win64; x64) AppleWebKit/537.36 (KHTML, like Gecko) Chrome/149.0.0.0 Safari/537.36 Edg/149.0.0.0"
39.130.58.159 - - [25/Jun/2026:20:57:20 +0800] "GET /wp-content/uploads/2026/03/1773722871-3Article_images_W900px-300x169.webp HTTP/1.1" 200 14072 "http://cqqizhou.com/wp-admin/post.php?post=2603&action=edit" "Mozilla/5.0 (Windows NT 10.0; Win64; x64) AppleWebKit/537.36 (KHTML, like Gecko) Chrome/149.0.0.0 Safari/537.36 Edg/149.0.0.0"
39.130.58.159 - - [25/Jun/2026:20:57:20 +0800] "GET /wp-content/uploads/2026/03/1772713922-Article_images_W900px-300x167.webp HTTP/1.1" 200 10326 "http://cqqizhou.com/wp-admin/post.php?post=2603&action=edit" "Mozilla/5.0 (Windows NT 10.0; Win64; x64) AppleWebKit/537.36 (KHTML, like Gecko) Chrome/149.0.0.0 Safari/537.36 Edg/149.0.0.0"
39.130.58.159 - - [25/Jun/2026:20:57:20 +0800] "GET /wp-content/uploads/2026/02/1772086673-20262262Article_images_W900px-300x138.webp HTTP/1.1" 200 11820 "http://cqqizhou.com/wp-admin/post.php?post=2603&action=edit" "Mozilla/5.0 (Windows NT 10.0; Win64; x64) AppleWebKit/537.36 (KHTML, like Gecko) Chrome/149.0.0.0 Safari/537.36 Edg/149.0.0.0"
39.130.58.159 - - [25/Jun/2026:20:57:20 +0800] "GET /wp-content/uploads/2026/04/1777513411-2Article_images_W900px-300x225.webp HTTP/1.1" 200 15612 "http://cqqizhou.com/wp-admin/post.php?post=2603&action=edit" "Mozilla/5.0 (Windows NT 10.0; Win64; x64) AppleWebKit/537.36 (KHTML, like Gecko) Chrome/149.0.0.0 Safari/537.36 Edg/149.0.0.0"
39.130.58.159 - - [25/Jun/2026:20:57:20 +0800] "GET /wp-content/uploads/2026/05/1779328736-3Article_images_W900px-300x155.webp HTTP/1.1" 200 6540 "http://cqqizhou.com/wp-admin/post.php?post=2603&action=edit" "Mozilla/5.0 (Windows NT 10.0; Win64; x64) AppleWebKit/537.36 (KHTML, like Gecko) Chrome/149.0.0.0 Safari/537.36 Edg/149.0.0.0"
39.130.58.159 - - [25/Jun/2026:20:57:20 +0800] "GET /wp-content/uploads/2026/05/1779925244-2Article_images_W900px-300x225.webp HTTP/1.1" 200 3328 "http://cqqizhou.com/wp-admin/post.php?post=2603&action=edit" "Mozilla/5.0 (Windows NT 10.0; Win64; x64) AppleWebKit/537.36 (KHTML, like Gecko) Chrome/149.0.0.0 Safari/537.36 Edg/149.0.0.0"
39.130.58.159 - - [25/Jun/2026:20:57:20 +0800] "GET /wp-content/uploads/2026/04/1777513410-1Article_images_W900px-300x169.webp HTTP/1.1" 200 9202 "http://cqqizhou.com/wp-admin/post.php?post=2603&action=edit" "Mozilla/5.0 (Windows NT 10.0; Win64; x64) AppleWebKit/537.36 (KHTML, like Gecko) Chrome/149.0.0.0 Safari/537.36 Edg/149.0.0.0"
39.130.58.159 - - [25/Jun/2026:20:57:20 +0800] "GET /wp-content/uploads/2026/04/1775698330-3Article_images_W900px-300x225.webp HTTP/1.1" 200 11440 "http://cqqizhou.com/wp-admin/post.php?post=2603&action=edit" "Mozilla/5.0 (Windows NT 10.0; Win64; x64) AppleWebKit/537.36 (KHTML, like Gecko) Chrome/149.0.0.0 Safari/537.36 Edg/149.0.0.0"
39.130.58.159 - - [25/Jun/2026:20:57:20 +0800] "GET /wp-content/uploads/2026/05/1779328461-1Article_images_W900px-300x169.webp HTTP/1.1" 200 10480 "http://cqqizhou.com/wp-admin/post.php?post=2603&action=edit" "Mozilla/5.0 (Windows NT 10.0; Win64; x64) AppleWebKit/537.36 (KHTML, like Gecko) Chrome/149.0.0.0 Safari/537.36 Edg/149.0.0.0"
39.130.58.159 - - [25/Jun/2026:20:57:20 +0800] "GET /wp-content/uploads/2026/05/1779059685-1Article_images_W900px-300x169.webp HTTP/1.1" 200 13520 "http://cqqizhou.com/wp-admin/post.php?post=2603&action=edit" "Mozilla/5.0 (Windows NT 10.0; Win64; x64) AppleWebKit/537.36 (KHTML, like Gecko) Chrome/149.0.0.0 Safari/537.36 Edg/149.0.0.0"
39.130.58.159 - - [25/Jun/2026:20:57:20 +0800] "GET /wp-content/uploads/2026/04/1775698329-2Article_images_W900px-300x205.webp HTTP/1.1" 200 11266 "http://cqqizhou.com/wp-admin/post.php?post=2603&action=edit" "Mozilla/5.0 (Windows NT 10.0; Win64; x64) AppleWebKit/537.36 (KHTML, like Gecko) Chrome/149.0.0.0 Safari/537.36 Edg/149.0.0.0"
39.130.58.159 - - [25/Jun/2026:20:57:20 +0800] "GET /wp-content/uploads/2026/03/1773722870-2Article_images_W900px-300x169.webp HTTP/1.1" 200 14682 "http://cqqizhou.com/wp-admin/post.php?post=2603&action=edit" "Mozilla/5.0 (Windows NT 10.0; Win64; x64) AppleWebKit/537.36 (KHTML, like Gecko) Chrome/149.0.0.0 Safari/537.36 Edg/149.0.0.0"
39.130.58.159 - - [25/Jun/2026:20:57:20 +0800] "GET /wp-content/uploads/2026/05/1779957409-2Article_images_W900px-300x225.webp HTTP/1.1" 200 13172 "http://cqqizhou.com/wp-admin/post.php?post=2603&action=edit" "Mozilla/5.0 (Windows NT 10.0; Win64; x64) AppleWebKit/537.36 (KHTML, like Gecko) Chrome/149.0.0.0 Safari/537.36 Edg/149.0.0.0"
39.130.58.159 - - [25/Jun/2026:20:57:20 +0800] "GET /wp-content/uploads/2026/02/1772086673-20262261Article_images_W900px-300x138.webp HTTP/1.1" 200 12474 "http://cqqizhou.com/wp-admin/post.php?post=2603&action=edit" "Mozilla/5.0 (Windows NT 10.0; Win64; x64) AppleWebKit/537.36 (KHTML, like Gecko) Chrome/149.0.0.0 Safari/537.36 Edg/149.0.0.0"
39.130.58.159 - - [25/Jun/2026:20:57:20 +0800] "GET /wp-content/uploads/2026/03/1772790943-6Article_images_W900px-300x234.webp HTTP/1.1" 200 16786 "http://cqqizhou.com/wp-admin/post.php?post=2603&action=edit" "Mozilla/5.0 (Windows NT 10.0; Win64; x64) AppleWebKit/537.36 (KHTML, like Gecko) Chrome/149.0.0.0 Safari/537.36 Edg/149.0.0.0"
39.130.58.159 - - [25/Jun/2026:20:57:20 +0800] "GET /wp-content/uploads/2026/02/1772086671-20262263Article_images_W900px-300x126.webp HTTP/1.1" 200 12820 "http://cqqizhou.com/wp-admin/post.php?post=2603&action=edit" "Mozilla/5.0 (Windows NT 10.0; Win64; x64) AppleWebKit/537.36 (KHTML, like Gecko) Chrome/149.0.0.0 Safari/537.36 Edg/149.0.0.0"
39.130.58.159 - - [25/Jun/2026:20:57:20 +0800] "GET /wp-content/uploads/2026/02/1770617977-Article_images_W900px-300x225.webp HTTP/1.1" 200 13296 "http://cqqizhou.com/wp-admin/post.php?post=2603&action=edit" "Mozilla/5.0 (Windows NT 10.0; Win64; x64) AppleWebKit/537.36 (KHTML, like Gecko) Chrome/149.0.0.0 Safari/537.36 Edg/149.0.0.0"
39.130.58.159 - - [25/Jun/2026:20:57:20 +0800] "GET /wp-content/uploads/2026/02/1770341655-Article_images_W900px-300x225.webp HTTP/1.1" 200 18232 "http://cqqizhou.com/wp-admin/post.php?post=2603&action=edit" "Mozilla/5.0 (Windows NT 10.0; Win64; x64) AppleWebKit/537.36 (KHTML, like Gecko) Chrome/149.0.0.0 Safari/537.36 Edg/149.0.0.0"
39.130.58.159 - - [25/Jun/2026:20:57:20 +0800] "GET /wp-content/uploads/2026/02/1770617354-Article_images_W900px-300x187.webp HTTP/1.1" 200 5306 "http://cqqizhou.com/wp-admin/post.php?post=2603&action=edit" "Mozilla/5.0 (Windows NT 10.0; Win64; x64) AppleWebKit/537.36 (KHTML, like Gecko) Chrome/149.0.0.0 Safari/537.36 Edg/149.0.0.0"
39.130.58.159 - - [25/Jun/2026:20:57:20 +0800] "GET /wp-content/uploads/2026/02/1770617948-Article_images_W900%C3%97500px-300x169.webp HTTP/1.1" 200 12198 "http://cqqizhou.com/wp-admin/post.php?post=2603&action=edit" "Mozilla/5.0 (Windows NT 10.0; Win64; x64) AppleWebKit/537.36 (KHTML, like Gecko) Chrome/149.0.0.0 Safari/537.36 Edg/149.0.0.0"
39.130.58.159 - - [25/Jun/2026:20:57:20 +0800] "GET /wp-content/uploads/2026/01/1770349139-202624Article_images_W900%C3%97500px20260--300x167.webp HTTP/1.1" 200 14928 "http://cqqizhou.com/wp-admin/post.php?post=2603&action=edit" "Mozilla/5.0 (Windows NT 10.0; Win64; x64) AppleWebKit/537.36 (KHTML, like Gecko) Chrome/149.0.0.0 Safari/537.36 Edg/149.0.0.0"
39.130.58.159 - - [25/Jun/2026:20:57:20 +0800] "GET /wp-content/uploads/2026/02/1770341654-2026253Article_images_W900px-300x169.webp HTTP/1.1" 200 17160 "http://cqqizhou.com/wp-admin/post.php?post=2603&action=edit" "Mozilla/5.0 (Windows NT 10.0; Win64; x64) AppleWebKit/537.36 (KHTML, like Gecko) Chrome/149.0.0.0 Safari/537.36 Edg/149.0.0.0"
39.130.58.159 - - [25/Jun/2026:20:57:20 +0800] "GET /wp-content/uploads/2026/02/1770341652-2026251Article_images_W900%C3%97500px-300x167.webp HTTP/1.1" 200 11374 "http://cqqizhou.com/wp-admin/post.php?post=2603&action=edit" "Mozilla/5.0 (Windows NT 10.0; Win64; x64) AppleWebKit/537.36 (KHTML, like Gecko) Chrome/149.0.0.0 Safari/537.36 Edg/149.0.0.0"
39.130.58.159 - - [25/Jun/2026:20:57:20 +0800] "GET /wp-content/uploads/2026/02/1770341653-2026252Article_images_W900px-300x169.webp HTTP/1.1" 200 19370 "http://cqqizhou.com/wp-admin/post.php?post=2603&action=edit" "Mozilla/5.0 (Windows NT 10.0; Win64; x64) AppleWebKit/537.36 (KHTML, like Gecko) Chrome/149.0.0.0 Safari/537.36 Edg/149.0.0.0"
39.130.58.159 - - [25/Jun/2026:20:57:20 +0800] "GET /wp-content/uploads/2026/02/1769999335-17.5%E7%B1%B3%E5%B9%B3%E6%9D%BF%E8%B4%A7%E8%BD%A6-300x200.webp HTTP/1.1" 200 14410 "http://cqqizhou.com/wp-admin/post.php?post=2603&action=edit" "Mozilla/5.0 (Windows NT 10.0; Win64; x64) AppleWebKit/537.36 (KHTML, like Gecko) Chrome/149.0.0.0 Safari/537.36 Edg/149.0.0.0"
39.130.58.159 - - [25/Jun/2026:20:57:20 +0800] "GET /wp-content/uploads/2026/02/1770009968-9.6%E7%B1%B3%E4%BD%8E%E6%A0%8F%E5%B9%B3%E6%9D%BF%E8%B4%A7%E8%BD%A6-300x200.webp HTTP/1.1" 200 15558 "http://cqqizhou.com/wp-admin/post.php?post=2603&action=edit" "Mozilla/5.0 (Windows NT 10.0; Win64; x64) AppleWebKit/537.36 (KHTML, like Gecko) Chrome/149.0.0.0 Safari/537.36 Edg/149.0.0.0"
39.130.58.159 - - [25/Jun/2026:20:57:20 +0800] "GET /wp-content/uploads/2026/01/1769513871-Article_images_W900%C3%97500px202601273-300x225.webp HTTP/1.1" 200 18570 "http://cqqizhou.com/wp-admin/post.php?post=2603&action=edit" "Mozilla/5.0 (Windows NT 10.0; Win64; x64) AppleWebKit/537.36 (KHTML, like Gecko) Chrome/149.0.0.0 Safari/537.36 Edg/149.0.0.0"
39.130.58.159 - - [25/Jun/2026:20:57:20 +0800] "GET /wp-content/uploads/2026/02/1769999241-4.2%E7%B1%B3%E9%AB%98%E6%A0%8F%E8%B4%A7%E8%BD%A6-300x169.webp HTTP/1.1" 200 12930 "http://cqqizhou.com/wp-admin/post.php?post=2603&action=edit" "Mozilla/5.0 (Windows NT 10.0; Win64; x64) AppleWebKit/537.36 (KHTML, like Gecko) Chrome/149.0.0.0 Safari/537.36 Edg/149.0.0.0"
39.130.58.159 - - [25/Jun/2026:20:57:20 +0800] "GET /wp-content/uploads/2026/01/1769511379-Article_images_W900%C3%97500px202601271-300x225.webp HTTP/1.1" 200 17756 "http://cqqizhou.com/wp-admin/post.php?post=2603&action=edit" "Mozilla/5.0 (Windows NT 10.0; Win64; x64) AppleWebKit/537.36 (KHTML, like Gecko) Chrome/149.0.0.0 Safari/537.36 Edg/149.0.0.0"
39.130.58.159 - - [25/Jun/2026:20:57:20 +0800] "GET /wp-content/uploads/2026/01/1768527486-Article_images_W900%C3%97500px202601165-300x167.webp HTTP/1.1" 200 7480 "http://cqqizhou.com/wp-admin/post.php?post=2603&action=edit" "Mozilla/5.0 (Windows NT 10.0; Win64; x64) AppleWebKit/537.36 (KHTML, like Gecko) Chrome/149.0.0.0 Safari/537.36 Edg/149.0.0.0"
39.130.58.159 - - [25/Jun/2026:20:57:20 +0800] "GET /wp-content/uploads/2026/01/1768527485-Article_images_W900%C3%97500px202601164-300x167.webp HTTP/1.1" 200 12032 "http://cqqizhou.com/wp-admin/post.php?post=2603&action=edit" "Mozilla/5.0 (Windows NT 10.0; Win64; x64) AppleWebKit/537.36 (KHTML, like Gecko) Chrome/149.0.0.0 Safari/537.36 Edg/149.0.0.0"
39.130.58.159 - - [25/Jun/2026:20:57:20 +0800] "GET /wp-content/uploads/2026/01/1768527484-Article_images_W900%C3%97500px202601163-300x167.webp HTTP/1.1" 200 17578 "http://cqqizhou.com/wp-admin/post.php?post=2603&action=edit" "Mozilla/5.0 (Windows NT 10.0; Win64; x64) AppleWebKit/537.36 (KHTML, like Gecko) Chrome/149.0.0.0 Safari/537.36 Edg/149.0.0.0"
39.130.58.159 - - [25/Jun/2026:20:57:20 +0800] "GET /wp-content/uploads/2026/01/1768527484-Article_images_W900%C3%97500px202601162-300x167.webp HTTP/1.1" 200 5900 "http://cqqizhou.com/wp-admin/post.php?post=2603&action=edit" "Mozilla/5.0 (Windows NT 10.0; Win64; x64) AppleWebKit/537.36 (KHTML, like Gecko) Chrome/149.0.0.0 Safari/537.36 Edg/149.0.0.0"
39.130.58.159 - - [25/Jun/2026:20:57:20 +0800] "GET /wp-content/uploads/2026/01/1768527483-Article_images_W900%C3%97500px202601161-300x167.webp HTTP/1.1" 200 9276 "http://cqqizhou.com/wp-admin/post.php?post=2603&action=edit" "Mozilla/5.0 (Windows NT 10.0; Win64; x64) AppleWebKit/537.36 (KHTML, like Gecko) Chrome/149.0.0.0 Safari/537.36 Edg/149.0.0.0"
39.130.58.159 - - [25/Jun/2026:20:57:20 +0800] "GET /wp-content/uploads/2026/01/1768526063-Services800x500_3-300x188.webp HTTP/1.1" 200 12730 "http://cqqizhou.com/wp-admin/post.php?post=2603&action=edit" "Mozilla/5.0 (Windows NT 10.0; Win64; x64) AppleWebKit/537.36 (KHTML, like Gecko) Chrome/149.0.0.0 Safari/537.36 Edg/149.0.0.0"
39.130.58.159 - - [25/Jun/2026:20:57:20 +0800] "GET /wp-content/uploads/2026/01/1768280270-anquan_Slider_3840%C3%972160_20260114-300x169.webp HTTP/1.1" 200 10992 "http://cqqizhou.com/wp-admin/post.php?post=2603&action=edit" "Mozilla/5.0 (Windows NT 10.0; Win64; x64) AppleWebKit/537.36 (KHTML, like Gecko) Chrome/149.0.0.0 Safari/537.36 Edg/149.0.0.0"
39.130.58.159 - - [25/Jun/2026:20:57:20 +0800] "GET /wp-content/uploads/2026/01/1768276119-qizhoujiagong_Slider_3840%C3%972160_20260113-300x169.webp HTTP/1.1" 200 7072 "http://cqqizhou.com/wp-admin/post.php?post=2603&action=edit" "Mozilla/5.0 (Windows NT 10.0; Win64; x64) AppleWebKit/537.36 (KHTML, like Gecko) Chrome/149.0.0.0 Safari/537.36 Edg/149.0.0.0"
39.130.58.159 - - [25/Jun/2026:20:57:20 +0800] "GET /wp-content/uploads/2026/01/1767696142-aojiaqiao20260104-300x188.webp HTTP/1.1" 200 11340 "http://cqqizhou.com/wp-admin/post.php?post=2603&action=edit" "Mozilla/5.0 (Windows NT 10.0; Win64; x64) AppleWebKit/537.36 (KHTML, like Gecko) Chrome/149.0.0.0 Safari/537.36 Edg/149.0.0.0"
39.130.58.159 - - [25/Jun/2026:20:57:20 +0800] "GET /wp-content/uploads/2026/01/1767696162-qizhoutruck3-300x67.webp HTTP/1.1" 200 7208 "http://cqqizhou.com/wp-admin/post.php?post=2603&action=edit" "Mozilla/5.0 (Windows NT 10.0; Win64; x64) AppleWebKit/537.36 (KHTML, like Gecko) Chrome/149.0.0.0 Safari/537.36 Edg/149.0.0.0"
39.130.58.159 - - [25/Jun/2026:20:57:20 +0800] "GET /wp-content/uploads/2026/01/1767691467-Article_images_W900%C3%97500px202601062-300x167.webp HTTP/1.1" 200 12914 "http://cqqizhou.com/wp-admin/post.php?post=2603&action=edit" "Mozilla/5.0 (Windows NT 10.0; Win64; x64) AppleWebKit/537.36 (KHTML, like Gecko) Chrome/149.0.0.0 Safari/537.36 Edg/149.0.0.0"
39.130.58.159 - - [25/Jun/2026:20:57:20 +0800] "GET /wp-content/uploads/2026/01/1767691466-Article_images_W900%C3%97500px202601061-300x167.webp HTTP/1.1" 200 13164 "http://cqqizhou.com/wp-admin/post.php?post=2603&action=edit" "Mozilla/5.0 (Windows NT 10.0; Win64; x64) AppleWebKit/537.36 (KHTML, like Gecko) Chrome/149.0.0.0 Safari/537.36 Edg/149.0.0.0"
39.130.58.159 - - [25/Jun/2026:20:57:20 +0800] "GET /wp-content/uploads/2026/01/1767618076-Logistics_BG2508-300x200.webp HTTP/1.1" 200 8510 "http://cqqizhou.com/wp-admin/post.php?post=2603&action=edit" "Mozilla/5.0 (Windows NT 10.0; Win64; x64) AppleWebKit/537.36 (KHTML, like Gecko) Chrome/149.0.0.0 Safari/537.36 Edg/149.0.0.0"
39.130.58.159 - - [25/Jun/2026:20:57:20 +0800] "GET /wp-content/uploads/2026/01/1767618072-Logistics_BG1920_3-300x200.webp HTTP/1.1" 200 7334 "http://cqqizhou.com/wp-admin/post.php?post=2603&action=edit" "Mozilla/5.0 (Windows NT 10.0; Win64; x64) AppleWebKit/537.36 (KHTML, like Gecko) Chrome/149.0.0.0 Safari/537.36 Edg/149.0.0.0"
39.130.58.159 - - [25/Jun/2026:20:57:20 +0800] "GET /wp-content/uploads/2026/01/1767530151-qizhoutruck2-300x77.webp HTTP/1.1" 200 8890 "http://cqqizhou.com/wp-admin/post.php?post=2603&action=edit" "Mozilla/5.0 (Windows NT 10.0; Win64; x64) AppleWebKit/537.36 (KHTML, like Gecko) Chrome/149.0.0.0 Safari/537.36 Edg/149.0.0.0"
39.130.58.159 - - [25/Jun/2026:20:57:20 +0800] "GET /wp-content/uploads/2026/01/1767530133-aojiaqiao20260102-300x187.webp HTTP/1.1" 200 8126 "http://cqqizhou.com/wp-admin/post.php?post=2603&action=edit" "Mozilla/5.0 (Windows NT 10.0; Win64; x64) AppleWebKit/537.36 (KHTML, like Gecko) Chrome/149.0.0.0 Safari/537.36 Edg/149.0.0.0"
39.130.58.159 - - [25/Jun/2026:20:57:20 +0800] "GET /wp-content/uploads/2025/12/1766647832-Article_images_W900%C3%97500px20251225-300x167.webp HTTP/1.1" 200 14578 "http://cqqizhou.com/wp-admin/post.php?post=2603&action=edit" "Mozilla/5.0 (Windows NT 10.0; Win64; x64) AppleWebKit/537.36 (KHTML, like Gecko) Chrome/149.0.0.0 Safari/537.36 Edg/149.0.0.0"
39.130.58.159 - - [25/Jun/2026:20:57:20 +0800] "GET /wp-content/uploads/2025/12/1766647831-Article_images_202512254-300x169.webp HTTP/1.1" 200 14354 "http://cqqizhou.com/wp-admin/post.php?post=2603&action=edit" "Mozilla/5.0 (Windows NT 10.0; Win64; x64) AppleWebKit/537.36 (KHTML, like Gecko) Chrome/149.0.0.0 Safari/537.36 Edg/149.0.0.0"
39.130.58.159 - - [25/Jun/2026:20:57:20 +0800] "GET /wp-content/uploads/2025/12/1766647831-Article_images_202512253-300x169.webp HTTP/1.1" 200 23540 "http://cqqizhou.com/wp-admin/post.php?post=2603&action=edit" "Mozilla/5.0 (Windows NT 10.0; Win64; x64) AppleWebKit/537.36 (KHTML, like Gecko) Chrome/149.0.0.0 Safari/537.36 Edg/149.0.0.0"
39.130.58.159 - - [25/Jun/2026:20:57:20 +0800] "GET /wp-content/uploads/2025/12/1766647829-Article_images_202512251-300x109.webp HTTP/1.1" 200 12016 "http://cqqizhou.com/wp-admin/post.php?post=2603&action=edit" "Mozilla/5.0 (Windows NT 10.0; Win64; x64) AppleWebKit/537.36 (KHTML, like Gecko) Chrome/149.0.0.0 Safari/537.36 Edg/149.0.0.0"
39.130.58.159 - - [25/Jun/2026:20:57:20 +0800] "GET /wp-content/uploads/2025/12/1766388813-Article_images_2025072411-300x135.webp HTTP/1.1" 200 11006 "http://cqqizhou.com/wp-admin/post.php?post=2603&action=edit" "Mozilla/5.0 (Windows NT 10.0; Win64; x64) AppleWebKit/537.36 (KHTML, like Gecko) Chrome/149.0.0.0 Safari/537.36 Edg/149.0.0.0"
39.130.58.159 - - [25/Jun/2026:20:57:20 +0800] "GET /wp-content/uploads/2025/12/1766647830-Article_images_202512252-300x169.webp HTTP/1.1" 200 19054 "http://cqqizhou.com/wp-admin/post.php?post=2603&action=edit" "Mozilla/5.0 (Windows NT 10.0; Win64; x64) AppleWebKit/537.36 (KHTML, like Gecko) Chrome/149.0.0.0 Safari/537.36 Edg/149.0.0.0"
39.130.58.159 - - [25/Jun/2026:20:57:20 +0800] "GET /wp-content/uploads/2025/12/1766388812-Article_images_2025072410-300x135.webp HTTP/1.1" 200 12784 "http://cqqizhou.com/wp-admin/post.php?post=2603&action=edit" "Mozilla/5.0 (Windows NT 10.0; Win64; x64) AppleWebKit/537.36 (KHTML, like Gecko) Chrome/149.0.0.0 Safari/537.36 Edg/149.0.0.0"
39.130.58.159 - - [25/Jun/2026:20:57:20 +0800] "GET /wp-content/uploads/2025/12/1766388811-Article_images_202507249-300x135.webp HTTP/1.1" 200 12426 "http://cqqizhou.com/wp-admin/post.php?post=2603&action=edit" "Mozilla/5.0 (Windows NT 10.0; Win64; x64) AppleWebKit/537.36 (KHTML, like Gecko) Chrome/149.0.0.0 Safari/537.36 Edg/149.0.0.0"
39.130.58.159 - - [25/Jun/2026:20:57:20 +0800] "GET /wp-content/uploads/2025/12/1766388810-Article_images_202507248-300x169.webp HTTP/1.1" 200 15020 "http://cqqizhou.com/wp-admin/post.php?post=2603&action=edit" "Mozilla/5.0 (Windows NT 10.0; Win64; x64) AppleWebKit/537.36 (KHTML, like Gecko) Chrome/149.0.0.0 Safari/537.36 Edg/149.0.0.0"
39.130.58.159 - - [25/Jun/2026:20:57:20 +0800] "GET /wp-content/uploads/2025/12/1766388809-Article_images_202507247-300x169.webp HTTP/1.1" 200 15036 "http://cqqizhou.com/wp-admin/post.php?post=2603&action=edit" "Mozilla/5.0 (Windows NT 10.0; Win64; x64) AppleWebKit/537.36 (KHTML, like Gecko) Chrome/149.0.0.0 Safari/537.36 Edg/149.0.0.0"
39.130.58.159 - - [25/Jun/2026:20:57:20 +0800] "GET /wp-content/uploads/2025/12/1766388808-Article_images_202507246-300x169.webp HTTP/1.1" 200 19970 "http://cqqizhou.com/wp-admin/post.php?post=2603&action=edit" "Mozilla/5.0 (Windows NT 10.0; Win64; x64) AppleWebKit/537.36 (KHTML, like Gecko) Chrome/149.0.0.0 Safari/537.36 Edg/149.0.0.0"
39.130.58.159 - - [25/Jun/2026:20:57:24 +0800] "POST /wp-admin/admin-ajax.php HTTP/1.1" 200 112 "http://cqqizhou.com/wp-admin/post.php?post=2603&action=edit" "Mozilla/5.0 (Windows NT 10.0; Win64; x64) AppleWebKit/537.36 (KHTML, like Gecko) Chrome/149.0.0.0 Safari/537.36 Edg/149.0.0.0"
39.130.58.159 - - [25/Jun/2026:20:57:25 +0800] "POST /wp-admin/async-upload.php HTTP/1.1" 200 720 "http://cqqizhou.com/wp-admin/post.php?post=2603&action=edit" "Mozilla/5.0 (Windows NT 10.0; Win64; x64) AppleWebKit/537.36 (KHTML, like Gecko) Chrome/149.0.0.0 Safari/537.36 Edg/149.0.0.0"
39.130.58.159 - - [25/Jun/2026:20:57:25 +0800] "GET /wp-content/uploads/2026/06/1782392245-Article_images_W900px-300x169.webp HTTP/1.1" 200 13736 "http://cqqizhou.com/wp-admin/post.php?post=2603&action=edit" "Mozilla/5.0 (Windows NT 10.0; Win64; x64) AppleWebKit/537.36 (KHTML, like Gecko) Chrome/149.0.0.0 Safari/537.36 Edg/149.0.0.0"
39.130.58.159 - - [25/Jun/2026:20:57:28 +0800] "GET /wp-json/wp/v2/media/2604?context=view&_locale=user HTTP/1.1" 200 1069 "http://cqqizhou.com/wp-admin/post.php?post=2603&action=edit" "Mozilla/5.0 (Windows NT 10.0; Win64; x64) AppleWebKit/537.36 (KHTML, like Gecko) Chrome/149.0.0.0 Safari/537.36 Edg/149.0.0.0"
39.130.58.159 - - [25/Jun/2026:20:57:28 +0800] "GET /wp-content/uploads/2026/06/1782392245-Article_images_W900px-150x150.webp HTTP/1.1" 200 6200 "http://cqqizhou.com/wp-admin/post.php?post=2603&action=edit" "Mozilla/5.0 (Windows NT 10.0; Win64; x64) AppleWebKit/537.36 (KHTML, like Gecko) Chrome/149.0.0.0 Safari/537.36 Edg/149.0.0.0"
39.130.58.159 - - [25/Jun/2026:20:57:34 +0800] "POST /wp-admin/admin-ajax.php HTTP/1.1" 200 112 "http://cqqizhou.com/wp-admin/post.php?post=2603&action=edit" "Mozilla/5.0 (Windows NT 10.0; Win64; x64) AppleWebKit/537.36 (KHTML, like Gecko) Chrome/149.0.0.0 Safari/537.36 Edg/149.0.0.0"
39.130.58.159 - - [25/Jun/2026:20:57:44 +0800] "POST /wp-admin/admin-ajax.php HTTP/1.1" 200 112 "http://cqqizhou.com/wp-admin/post.php?post=2603&action=edit" "Mozilla/5.0 (Windows NT 10.0; Win64; x64) AppleWebKit/537.36 (KHTML, like Gecko) Chrome/149.0.0.0 Safari/537.36 Edg/149.0.0.0"
36.133.108.119 - - [25/Jun/2026:20:57:51 +0800] "HEAD /contacts/..%252f..%252f..%252f..%252f..%252f..%252f..%252f..%252fboot.ini HTTP/1.1" 404 0 "-" "Mozilla/5.0 (compatible; MSIE 8.0; Windows NT 5.1; Trident/4.0; .NET CLR 1.1.4322; .NET CLR 2.0.50727)"
39.130.58.159 - - [25/Jun/2026:20:57:54 +0800] "POST /wp-admin/admin-ajax.php HTTP/1.1" 200 112 "http://cqqizhou.com/wp-admin/post.php?post=2603&action=edit" "Mozilla/5.0 (Windows NT 10.0; Win64; x64) AppleWebKit/537.36 (KHTML, like Gecko) Chrome/149.0.0.0 Safari/537.36 Edg/149.0.0.0"
39.130.58.159 - - [25/Jun/2026:20:57:59 +0800] "GET /wp-json/wp/v2/tags?context=view&per_page=100&_fields=id%2Cname&include=37&_locale=user HTTP/1.1" 200 68 "http://cqqizhou.com/wp-admin/post.php?post=2603&action=edit" "Mozilla/5.0 (Windows NT 10.0; Win64; x64) AppleWebKit/537.36 (KHTML, like Gecko) Chrome/149.0.0.0 Safari/537.36 Edg/149.0.0.0"
39.130.58.159 - - [25/Jun/2026:20:58:01 +0800] "GET /wp-json/wp/v2/tags?context=view&per_page=100&_fields=id%2Cname&include=37%2C44&_locale=user HTTP/1.1" 200 103 "http://cqqizhou.com/wp-admin/post.php?post=2603&action=edit" "Mozilla/5.0 (Windows NT 10.0; Win64; x64) AppleWebKit/537.36 (KHTML, like Gecko) Chrome/149.0.0.0 Safari/537.36 Edg/149.0.0.0"
39.130.58.159 - - [25/Jun/2026:20:58:02 +0800] "GET /wp-json/wp/v2/tags?context=view&per_page=100&_fields=id%2Cname&include=37%2C44%2C38&_locale=user HTTP/1.1" 200 116 "http://cqqizhou.com/wp-admin/post.php?post=2603&action=edit" "Mozilla/5.0 (Windows NT 10.0; Win64; x64) AppleWebKit/537.36 (KHTML, like Gecko) Chrome/149.0.0.0 Safari/537.36 Edg/149.0.0.0"
39.130.58.159 - - [25/Jun/2026:20:58:02 +0800] "POST /wp-json/wp/v2/posts/2603/autosaves?_locale=user HTTP/1.1" 200 2450 "http://cqqizhou.com/wp-admin/post.php?post=2603&action=edit" "Mozilla/5.0 (Windows NT 10.0; Win64; x64) AppleWebKit/537.36 (KHTML, like Gecko) Chrome/149.0.0.0 Safari/537.36 Edg/149.0.0.0"
39.130.58.159 - - [25/Jun/2026:20:58:04 +0800] "POST /wp-admin/admin-ajax.php HTTP/1.1" 200 112 "http://cqqizhou.com/wp-admin/post.php?post=2603&action=edit" "Mozilla/5.0 (Windows NT 10.0; Win64; x64) AppleWebKit/537.36 (KHTML, like Gecko) Chrome/149.0.0.0 Safari/537.36 Edg/149.0.0.0"
39.130.58.159 - - [25/Jun/2026:20:58:07 +0800] "GET /wp-json/wp/v2/tags?context=edit&per_page=1&_locale=user HTTP/1.1" 200 320 "http://cqqizhou.com/wp-admin/post.php?post=2603&action=edit" "Mozilla/5.0 (Windows NT 10.0; Win64; x64) AppleWebKit/537.36 (KHTML, like Gecko) Chrome/149.0.0.0 Safari/537.36 Edg/149.0.0.0"
39.130.58.159 - - [25/Jun/2026:20:58:07 +0800] "GET /wp-json/wp/v2/categories/1?context=edit&_locale=user HTTP/1.1" 200 331 "http://cqqizhou.com/wp-admin/post.php?post=2603&action=edit" "Mozilla/5.0 (Windows NT 10.0; Win64; x64) AppleWebKit/537.36 (KHTML, like Gecko) Chrome/149.0.0.0 Safari/537.36 Edg/149.0.0.0"
39.130.58.159 - - [25/Jun/2026:20:58:07 +0800] "GET /wp-json/wp/v2/categories?context=edit&exclude%5B0%5D=1&per_page=1&_locale=user HTTP/1.1" 200 347 "http://cqqizhou.com/wp-admin/post.php?post=2603&action=edit" "Mozilla/5.0 (Windows NT 10.0; Win64; x64) AppleWebKit/537.36 (KHTML, like Gecko) Chrome/149.0.0.0 Safari/537.36 Edg/149.0.0.0"
36.133.115.36 - - [25/Jun/2026:20:58:08 +0800] "POST /wp-cron.php?doing_wp_cron=1782392288.9072101116180419921875 HTTP/1.1" 200 31 "-" "WordPress/7.0; http://cqqizhou.com"
39.130.58.159 - - [25/Jun/2026:20:58:08 +0800] "POST /wp-json/wp/v2/posts/2603?_locale=user HTTP/1.1" 200 3097 "http://cqqizhou.com/wp-admin/post.php?post=2603&action=edit" "Mozilla/5.0 (Windows NT 10.0; Win64; x64) AppleWebKit/537.36 (KHTML, like Gecko) Chrome/149.0.0.0 Safari/537.36 Edg/149.0.0.0"
39.130.58.159 - - [25/Jun/2026:20:58:09 +0800] "POST /wp-admin/post.php?post=2603&action=edit&meta-box-loader=1&meta-box-loader-nonce=35eabaab0e&_locale=user HTTP/1.1" 302 5 "http://cqqizhou.com/wp-admin/post.php?post=2603&action=edit" "Mozilla/5.0 (Windows NT 10.0; Win64; x64) AppleWebKit/537.36 (KHTML, like Gecko) Chrome/149.0.0.0 Safari/537.36 Edg/149.0.0.0"
39.130.58.159 - - [25/Jun/2026:20:58:11 +0800] "GET /wp-admin/post.php?post=2603&action=edit&message=4 HTTP/1.1" 200 225262 "http://cqqizhou.com/wp-admin/post.php?post=2603&action=edit" "Mozilla/5.0 (Windows NT 10.0; Win64; x64) AppleWebKit/537.36 (KHTML, like Gecko) Chrome/149.0.0.0 Safari/537.36 Edg/149.0.0.0"
39.130.58.159 - - [25/Jun/2026:20:58:14 +0800] "POST /wp-admin/admin-ajax.php HTTP/1.1" 200 112 "http://cqqizhou.com/wp-admin/post.php?post=2603&action=edit" "Mozilla/5.0 (Windows NT 10.0; Win64; x64) AppleWebKit/537.36 (KHTML, like Gecko) Chrome/149.0.0.0 Safari/537.36 Edg/149.0.0.0"
39.130.58.159 - - [25/Jun/2026:20:58:15 +0800] "GET /news/2603 HTTP/1.1" 200 29491 "http://cqqizhou.com/wp-admin/post.php?post=2603&action=edit" "Mozilla/5.0 (Windows NT 10.0; Win64; x64) AppleWebKit/537.36 (KHTML, like Gecko) Chrome/149.0.0.0 Safari/537.36 Edg/149.0.0.0"
39.130.58.159 - - [25/Jun/2026:20:58:16 +0800] "GET /wp-content/uploads/2026/06/1782182572-Article_images_W900px.webp HTTP/1.1" 200 24314 "http://cqqizhou.com/news/2603" "Mozilla/5.0 (Windows NT 10.0; Win64; x64) AppleWebKit/537.36 (KHTML, like Gecko) Chrome/149.0.0.0 Safari/537.36 Edg/149.0.0.0"
39.130.58.159 - - [25/Jun/2026:20:58:16 +0800] "GET /wp-content/uploads/2026/06/1781880807-Article_images_W900px.webp HTTP/1.1" 200 25354 "http://cqqizhou.com/news/2603" "Mozilla/5.0 (Windows NT 10.0; Win64; x64) AppleWebKit/537.36 (KHTML, like Gecko) Chrome/149.0.0.0 Safari/537.36 Edg/149.0.0.0"
39.130.58.159 - - [25/Jun/2026:20:58:16 +0800] "GET /wp-content/uploads/2026/06/1782392245-Article_images_W900px.webp HTTP/1.1" 200 62046 "http://cqqizhou.com/news/2603" "Mozilla/5.0 (Windows NT 10.0; Win64; x64) AppleWebKit/537.36 (KHTML, like Gecko) Chrome/149.0.0.0 Safari/537.36 Edg/149.0.0.0"
39.130.58.159 - - [25/Jun/2026:20:58:16 +0800] "GET /wp-content/uploads/2025/07/1751425283-qizhou.kf_.qq_.com_.webp HTTP/1.1" 200 16864 "http://cqqizhou.com/news/2603" "Mozilla/5.0 (Windows NT 10.0; Win64; x64) AppleWebKit/537.36 (KHTML, like Gecko) Chrome/149.0.0.0 Safari/537.36 Edg/149.0.0.0"
39.130.58.159 - - [25/Jun/2026:20:58:16 +0800] "GET /wp-content/uploads/2025/07/1753410289-News2000%C3%97400_202571.webp HTTP/1.1" 200 17830 "http://cqqizhou.com/news/2603" "Mozilla/5.0 (Windows NT 10.0; Win64; x64) AppleWebKit/537.36 (KHTML, like Gecko) Chrome/149.0.0.0 Safari/537.36 Edg/149.0.0.0"
39.130.58.159 - - [25/Jun/2026:20:58:22 +0800] "GET /media HTTP/1.1" 200 34950 "http://cqqizhou.com/news/2603" "Mozilla/5.0 (Windows NT 10.0; Win64; x64) AppleWebKit/537.36 (KHTML, like Gecko) Chrome/149.0.0.0 Safari/537.36 Edg/149.0.0.0"
39.130.58.159 - - [25/Jun/2026:20:58:22 +0800] "GET /wp-content/uploads/2026/06/1781880807-Article_images_W900px-768x432.webp HTTP/1.1" 200 26292 "http://cqqizhou.com/media" "Mozilla/5.0 (Windows NT 10.0; Win64; x64) AppleWebKit/537.36 (KHTML, like Gecko) Chrome/149.0.0.0 Safari/537.36 Edg/149.0.0.0"
39.130.58.159 - - [25/Jun/2026:20:58:22 +0800] "GET /wp-content/uploads/2026/06/1782182572-Article_images_W900px-768x432.webp HTTP/1.1" 200 27308 "http://cqqizhou.com/media" "Mozilla/5.0 (Windows NT 10.0; Win64; x64) AppleWebKit/537.36 (KHTML, like Gecko) Chrome/149.0.0.0 Safari/537.36 Edg/149.0.0.0"
39.130.58.159 - - [25/Jun/2026:20:58:22 +0800] "GET /wp-content/uploads/2026/06/1782392245-Article_images_W900px.webp HTTP/1.1" 304 0 "http://cqqizhou.com/media" "Mozilla/5.0 (Windows NT 10.0; Win64; x64) AppleWebKit/537.36 (KHTML, like Gecko) Chrome/149.0.0.0 Safari/537.36 Edg/149.0.0.0"
39.130.58.159 - - [25/Jun/2026:20:58:22 +0800] "GET /wp-content/uploads/2026/06/1782392245-Article_images_W900px-768x432.webp HTTP/1.1" 200 59838 "http://cqqizhou.com/media" "Mozilla/5.0 (Windows NT 10.0; Win64; x64) AppleWebKit/537.36 (KHTML, like Gecko) Chrome/149.0.0.0 Safari/537.36 Edg/149.0.0.0"
39.130.58.159 - - [25/Jun/2026:20:58:22 +0800] "GET /wp-content/uploads/media/qizhou_Brochure.webp HTTP/1.1" 200 26142 "http://cqqizhou.com/media" "Mozilla/5.0 (Windows NT 10.0; Win64; x64) AppleWebKit/537.36 (KHTML, like Gecko) Chrome/149.0.0.0 Safari/537.36 Edg/149.0.0.0"
39.130.58.159 - - [25/Jun/2026:20:58:22 +0800] "GET /wp-content/uploads/2025/12/1765268955-qizhou_Slider1_3840%C3%972160_20251210-scaled.webp HTTP/1.1" 200 152162 "http://cqqizhou.com/media" "Mozilla/5.0 (Windows NT 10.0; Win64; x64) AppleWebKit/537.36 (KHTML, like Gecko) Chrome/149.0.0.0 Safari/537.36 Edg/149.0.0.0"
39.130.58.159 - - [25/Jun/2026:20:58:48 +0800] "GET /news/2603 HTTP/1.1" 200 29490 "http://cqqizhou.com/media" "Mozilla/5.0 (Windows NT 10.0; Win64; x64) AppleWebKit/537.36 (KHTML, like Gecko) Chrome/149.0.0.0 Safari/537.36 Edg/149.0.0.0"
39.130.58.159 - - [25/Jun/2026:20:58:48 +0800] "GET /wp-content/uploads/2026/06/1782392245-Article_images_W900px.webp HTTP/1.1" 304 0 "http://cqqizhou.com/news/2603" "Mozilla/5.0 (Windows NT 10.0; Win64; x64) AppleWebKit/537.36 (KHTML, like Gecko) Chrome/149.0.0.0 Safari/537.36 Edg/149.0.0.0"
39.130.58.159 - - [25/Jun/2026:20:59:00 +0800] "POST /wp-admin/admin-ajax.php HTTP/1.1" 200 112 "http://cqqizhou.com/wp-admin/post.php?post=2603&action=edit" "Mozilla/5.0 (Windows NT 10.0; Win64; x64) AppleWebKit/537.36 (KHTML, like Gecko) Chrome/149.0.0.0 Safari/537.36 Edg/149.0.0.0"
39.130.58.159 - - [25/Jun/2026:20:59:05 +0800] "POST /wp-admin/admin-ajax.php HTTP/1.1" 200 32 "http://cqqizhou.com/wp-admin/post.php?post=2603&action=edit" "Mozilla/5.0 (Windows NT 10.0; Win64; x64) AppleWebKit/537.36 (KHTML, like Gecko) Chrome/149.0.0.0 Safari/537.36 Edg/149.0.0.0"
36.133.115.36 - - [25/Jun/2026:21:00:38 +0800] "POST /wp-cron.php?doing_wp_cron=1782392438.8747839927673339843750 HTTP/1.1" 200 31 "-" "WordPress/7.0; http://cqqizhou.com"
27.200.52.80 - - [25/Jun/2026:21:00:38 +0800] "GET / HTTP/1.1" 200 35137 "https://m.baidu.com/" "Mozilla/5.0 (Linux; Android 12; PFGM00 Build/SP1A.210812.016; wv) AppleWebKit/537.36 (KHTML, like Gecko) Version/4.0 Chrome/97.0.4692.98 Mobile Safari/537.36 T7/15.52 SP-engine/3.56.0 bd_dvt/0 baiduboxapp/15.52.0.10 (Baidu; P1 12) NABar/1.0"
36.133.115.36 - - [25/Jun/2026:21:03:04 +0800] "POST /wp-cron.php?doing_wp_cron=1782392584.0667319297790527343750 HTTP/1.1" 200 31 "-" "WordPress/7.0; http://cqqizhou.com"
170.106.147.63 - - [25/Jun/2026:21:03:04 +0800] "GET / HTTP/1.1" 301 5 "-" "Mozilla/5.0 (iPhone; CPU iPhone OS 13_2_3 like Mac OS X) AppleWebKit/605.1.15 (KHTML, like Gecko) Version/13.0.3 Mobile/15E148 Safari/604.1"
170.106.147.63 - - [25/Jun/2026:21:03:07 +0800] "GET / HTTP/1.1" 200 35134 "http://www.cqqizhou.com" "Mozilla/5.0 (iPhone; CPU iPhone OS 13_2_3 like Mac OS X) AppleWebKit/605.1.15 (KHTML, like Gecko) Version/13.0.3 Mobile/15E148 Safari/604.1"
36.133.115.36 - - [25/Jun/2026:21:12:35 +0800] "POST /wp-cron.php?doing_wp_cron=1782393155.3474149703979492187500 HTTP/1.1" 200 31 "-" "WordPress/7.0; http://cqqizhou.com"
36.133.108.121 - - [25/Jun/2026:21:12:35 +0800] "HEAD /contacts/?%22%3E%3Cscript%3EOkD2%289259%29%3C%2Fscript%3E HTTP/1.1" 301 0 "-" "Mozilla/5.0 (iPad; U; CPU OS 3_2 like Mac OS X; en-us) AppleWebKit/531.21.10 (KHTML, like Gecko) Version/4.0.4 Mobile/7B334b Safari/531.21.10"
36.133.108.119 - - [25/Jun/2026:21:13:06 +0800] "HEAD /wp-includes/js/tst HTTP/1.1" 404 0 "-" "Mozilla/5.0 (Windows NT 6.1) AppleWebKit/537.36 (KHTML, like Gecko) Chrome/27.0.1453.90 Safari/537.36"
36.133.115.36 - - [25/Jun/2026:21:13:53 +0800] "POST /wp-cron.php?doing_wp_cron=1782393233.6403839588165283203125 HTTP/1.1" 200 31 "-" "WordPress/7.0; http://cqqizhou.com"
36.133.108.121 - - [25/Jun/2026:21:13:53 +0800] "HEAD /wp-content/fonts/db.inc HTTP/1.1" 404 0 "-" "Mozilla/5.0 (Macintosh; U; Intel Mac OS X 10_6_7; en-us) AppleWebKit/534.16+ (KHTML, like Gecko) Version/5.0.3 Safari/533.19.4"
36.133.115.36 - - [25/Jun/2026:21:20:42 +0800] "POST /wp-cron.php?doing_wp_cron=1782393642.5433030128479003906250 HTTP/1.1" 200 31 "-" "WordPress/7.0; http://cqqizhou.com"
36.133.108.125 - - [25/Jun/2026:21:20:42 +0800] "HEAD /wp-admin/images/icon HTTP/1.1" 404 0 "-" "Mozilla/5.0 (Macintosh; U; Intel Mac OS X 10_6_6; en-gb) AppleWebKit/533.20.25 (KHTML, like Gecko) Version/5.0.4 Safari/533.20.27"
36.133.115.36 - - [25/Jun/2026:21:23:41 +0800] "POST /wp-cron.php?doing_wp_cron=1782393821.4382390975952148437500 HTTP/1.1" 200 31 "-" "WordPress/7.0; http://cqqizhou.com"
36.133.108.119 - - [25/Jun/2026:21:23:41 +0800] "HEAD /wp-content/languages/includes HTTP/1.1" 404 0 "-" "Mozilla/5.0 (compatible; MSIE 8.0; Windows NT 5.1; Trident/4.0; .NET CLR 1.1.4322; .NET CLR 2.0.50727)"
36.133.115.36 - - [25/Jun/2026:21:27:40 +0800] "POST /wp-cron.php?doing_wp_cron=1782394060.7350521087646484375000 HTTP/1.1" 200 31 "-" "WordPress/7.0; http://cqqizhou.com"
36.133.108.125 - - [25/Jun/2026:21:27:40 +0800] "HEAD /wp-includes/errors HTTP/1.1" 404 0 "-" "Mozilla/5.0 (Macintosh; U; Intel Mac OS X 10_6_6; en-gb) AppleWebKit/533.20.25 (KHTML, like Gecko) Version/5.0.4 Safari/533.20.27"
36.133.115.36 - - [25/Jun/2026:21:33:59 +0800] "POST /wp-cron.php?doing_wp_cron=1782394439.4576330184936523437500 HTTP/1.1" 200 31 "-" "WordPress/7.0; http://cqqizhou.com"
203.154.14.18 - - [25/Jun/2026:21:34:00 +0800] "GET / HTTP/1.1" 200 158011 "-" "-"
36.133.108.121 - - [25/Jun/2026:21:36:55 +0800] "HEAD /.snyk HTTP/1.1" 499 0 "-" "Mozilla/5.0 (Macintosh; Intel Mac OS X 10_7_5) AppleWebKit/537.36 (KHTML, like Gecko) Chrome/27.0.1453.93 Safari/537.36"
36.133.115.36 - - [25/Jun/2026:21:36:55 +0800] "POST /wp-cron.php?doing_wp_cron=1782394615.5284149646759033203125 HTTP/1.1" 200 31 "-" "WordPress/7.0; http://cqqizhou.com"
36.133.115.36 - - [25/Jun/2026:21:39:51 +0800] "POST /wp-cron.php?doing_wp_cron=1782394790.9961440563201904296875 HTTP/1.1" 200 31 "-" "WordPress/7.0; http://cqqizhou.com"
110.249.202.166 - - [25/Jun/2026:21:39:51 +0800] "GET /robots.txt HTTP/1.1" 200 190 "-" "Mozilla/5.0 (Linux; Android 5.0) AppleWebKit/537.36 (KHTML, like Gecko) Mobile Safari/537.36 (compatible; Bytespider; https://zhanzhang.toutiao.com/)"
36.133.115.36 - - [25/Jun/2026:21:41:34 +0800] "POST /wp-cron.php?doing_wp_cron=1782394894.2804729938507080078125 HTTP/1.1" 200 31 "-" "WordPress/7.0; http://cqqizhou.com"
36.133.108.121 - - [25/Jun/2026:21:41:34 +0800] "HEAD /stats HTTP/1.1" 404 0 "-" "Opera/9.80 (X11; Linux i686; U; it) Presto/2.7.62 Version/11.00"
36.133.115.36 - - [25/Jun/2026:21:42:53 +0800] "POST /wp-cron.php?doing_wp_cron=1782394973.4686450958251953125000 HTTP/1.1" 200 31 "-" "WordPress/7.0; http://cqqizhou.com"
119.84.246.117 - - [25/Jun/2026:21:42:53 +0800] "GET / HTTP/1.1" 301 5 "-" "-"
119.84.246.117 - - [25/Jun/2026:21:42:54 +0800] "GET / HTTP/1.1" 200 171910 "-" "-"
119.84.246.117 - - [25/Jun/2026:21:42:56 +0800] "GET / HTTP/1.1" 301 5 "-" "Mozilla/5.0 (Windows NT 6.1; WOW64) AppleWebKit/535.11 (KHTML, like Gecko) Chrome/17.0.963.84 Safari/535.11 SE 2.X MetaSr 1.0"
119.84.246.117 - - [25/Jun/2026:21:42:56 +0800] "GET / HTTP/1.1" 200 41028 "-" "Mozilla/5.0 (Windows NT 6.1; WOW64) AppleWebKit/535.11 (KHTML, like Gecko) Chrome/17.0.963.84 Safari/535.11 SE 2.X MetaSr 1.0"
119.84.246.117 - - [25/Jun/2026:21:42:57 +0800] "GET /wp-content/uploads/2025/07/1751425283-qizhou.kf_.qq_.com_.webp HTTP/1.1" 200 16864 "http://cqqizhou.com/" "Mozilla/5.0 (Windows NT 6.1; WOW64) AppleWebKit/535.11 (KHTML, like Gecko) Chrome/17.0.963.84 Safari/535.11 SE 2.X MetaSr 1.0"
119.84.246.117 - - [25/Jun/2026:21:42:57 +0800] "GET /wp-content/uploads/2025/07/1753456723-%E5%8F%8C%E7%9B%B8%E9%92%A2roduct_Single600.webp HTTP/1.1" 200 22790 "http://cqqizhou.com/" "Mozilla/5.0 (Windows NT 6.1; WOW64) AppleWebKit/535.11 (KHTML, like Gecko) Chrome/17.0.963.84 Safari/535.11 SE 2.X MetaSr 1.0"
119.84.246.117 - - [25/Jun/2026:21:42:57 +0800] "GET /wp-content/uploads/2025/07/1753453096-%E5%8F%8C%E7%9B%B8%E9%92%A2product_Single600%C3%97284.webp HTTP/1.1" 200 14562 "http://cqqizhou.com/" "Mozilla/5.0 (Windows NT 6.1; WOW64) AppleWebKit/535.11 (KHTML, like Gecko) Chrome/17.0.963.84 Safari/535.11 SE 2.X MetaSr 1.0"
119.84.246.117 - - [25/Jun/2026:21:42:57 +0800] "GET /wp-content/uploads/2025/07/1753456770-%E7%83%AD%E9%95%80%E9%94%8C%E5%8D%B7product_Single600.webp HTTP/1.1" 200 27502 "http://cqqizhou.com/" "Mozilla/5.0 (Windows NT 6.1; WOW64) AppleWebKit/535.11 (KHTML, like Gecko) Chrome/17.0.963.84 Safari/535.11 SE 2.X MetaSr 1.0"
119.84.246.117 - - [25/Jun/2026:21:42:57 +0800] "GET /wp-content/uploads/2026/06/1782392245-Article_images_W900px.webp HTTP/1.1" 200 62046 "http://cqqizhou.com/" "Mozilla/5.0 (Windows NT 6.1; WOW64) AppleWebKit/535.11 (KHTML, like Gecko) Chrome/17.0.963.84 Safari/535.11 SE 2.X MetaSr 1.0"
119.84.246.117 - - [25/Jun/2026:21:42:57 +0800] "GET /wp-content/uploads/2025/07/1753453127-%E4%BD%99%E5%8D%B7product_Single600%C3%97284.webp HTTP/1.1" 200 18744 "http://cqqizhou.com/" "Mozilla/5.0 (Windows NT 6.1; WOW64) AppleWebKit/535.11 (KHTML, like Gecko) Chrome/17.0.963.84 Safari/535.11 SE 2.X MetaSr 1.0"
119.84.246.117 - - [25/Jun/2026:21:42:57 +0800] "GET /wp-content/uploads/2026/06/1782182572-Article_images_W900px.webp HTTP/1.1" 200 24314 "http://cqqizhou.com/" "Mozilla/5.0 (Windows NT 6.1; WOW64) AppleWebKit/535.11 (KHTML, like Gecko) Chrome/17.0.963.84 Safari/535.11 SE 2.X MetaSr 1.0"
119.84.246.117 - - [25/Jun/2026:21:42:57 +0800] "GET /wp-content/uploads/2026/06/1781880807-Article_images_W900px.webp HTTP/1.1" 200 25354 "http://cqqizhou.com/" "Mozilla/5.0 (Windows NT 6.1; WOW64) AppleWebKit/535.11 (KHTML, like Gecko) Chrome/17.0.963.84 Safari/535.11 SE 2.X MetaSr 1.0"
119.84.246.117 - - [25/Jun/2026:21:42:57 +0800] "GET /wp-content/uploads/2026/06/1780363378-1Article_images_W900px.webp HTTP/1.1" 200 62100 "http://cqqizhou.com/" "Mozilla/5.0 (Windows NT 6.1; WOW64) AppleWebKit/535.11 (KHTML, like Gecko) Chrome/17.0.963.84 Safari/535.11 SE 2.X MetaSr 1.0"
119.84.246.117 - - [25/Jun/2026:21:42:57 +0800] "GET /wp-content/uploads/2026/06/1780362799-1Article_images_W900px.webp HTTP/1.1" 200 61690 "http://cqqizhou.com/" "Mozilla/5.0 (Windows NT 6.1; WOW64) AppleWebKit/535.11 (KHTML, like Gecko) Chrome/17.0.963.84 Safari/535.11 SE 2.X MetaSr 1.0"
36.133.115.36 - - [25/Jun/2026:21:51:21 +0800] "POST /wp-cron.php?doing_wp_cron=1782395481.6862099170684814453125 HTTP/1.1" 200 31 "-" "WordPress/7.0; http://cqqizhou.com"
36.133.108.121 - - [25/Jun/2026:21:51:21 +0800] "HEAD /shell HTTP/1.1" 404 0 "-" "Mozilla/5.0 (Windows NT 6.1; WOW64; rv:29.0) Gecko/20120101 Firefox/29.0"
36.133.115.36 - - [25/Jun/2026:21:56:41 +0800] "POST /wp-cron.php?doing_wp_cron=1782395801.4625670909881591796875 HTTP/1.1" 200 31 "-" "WordPress/7.0; http://cqqizhou.com"
36.133.108.125 - - [25/Jun/2026:21:56:41 +0800] "HEAD /signup.asp HTTP/1.1" 404 0 "-" "Mozilla/5.0 (Windows NT 6.2) AppleWebKit/537.36 (KHTML, like Gecko) Chrome/28.0.1464.0 Safari/537.36"
36.133.115.36 - - [25/Jun/2026:22:09:07 +0800] "POST /wp-cron.php?doing_wp_cron=1782396547.0187730789184570312500 HTTP/1.1" 200 31 "-" "WordPress/7.0; http://cqqizhou.com"
36.133.108.121 - - [25/Jun/2026:22:09:07 +0800] "HEAD /wp-content/global.asax.old HTTP/1.1" 404 0 "-" "Mozilla/5.0 (Windows NT 6.1; WOW64; rv:29.0) Gecko/20120101 Firefox/29.0"
36.133.115.36 - - [25/Jun/2026:22:09:46 +0800] "POST /wp-cron.php?doing_wp_cron=1782396586.7834329605102539062500 HTTP/1.1" 200 31 "-" "WordPress/7.0; http://cqqizhou.com"
36.133.108.121 - - [25/Jun/2026:22:09:46 +0800] "HEAD /wp-includes/plupload HTTP/1.1" 404 0 "-" "Mozilla/5.0 (Macintosh; Intel Mac OS X 10_7_5) AppleWebKit/537.36 (KHTML, like Gecko) Chrome/27.0.1453.93 Safari/537.36"
36.133.115.36 - - [25/Jun/2026:22:22:56 +0800] "POST /wp-cron.php?doing_wp_cron=1782397376.6232969760894775390625 HTTP/1.1" 200 31 "-" "WordPress/7.0; http://cqqizhou.com"
36.133.108.119 - - [25/Jun/2026:22:22:56 +0800] "HEAD /contacts/AAAAAAAAAAAAAAAAAAAAAAAAAAAAAAAAAAAAAAAAAAAAAAAAAAAAAAAAAAAAAAAAAAAAAAAAAAAAAAAAAAAAAAAAAAAAAAAAAAAAAAAAAAAAAAAAAAAAAAAAAAAAAAAAAAAAAAAAAAAAAAAAAAAAAAAAAAAAAAAAAAAAAAAAAAAAAAAAAAAAAAAAAAAAAAAAAAAAAAAAAAAAAAAAAAAAAAAAAAAAAAAAAAAAAAAAAAAAAAAAAAAAAAAAAAAAAAAAAAAAAAAAAAAAAAAAAAAAAAAAAAAAAAAAAAAAAAAAAAAAAAAAAAAAAAAAAAAAAAAAAAAAAAAAAAAAAAAAAAAAAAAAAAAAAAAAAAAAAAAAAAAAAAAAAAAAAAAAAAAAAAAAAAAAAAAAAAAAAAAAAAAAAAAAAAAAAAAAAAAAAAAAAAAAAAAAAAAAAAAAAAAAAAAAAAAAAAAAAAAAAAAAAAAAAAAAAAAAAAAAA HTTP/1.1" 404 0 "-" "Mozilla/5.0 (Macintosh; Intel Mac OS X 10_8_3) AppleWebKit/537.36 (KHTML, like Gecko) Chrome/27.0.1453.93 Safari/537.36"
36.133.115.36 - - [25/Jun/2026:22:24:52 +0800] "POST /wp-cron.php?doing_wp_cron=1782397492.4452800750732421875000 HTTP/1.1" 200 31 "-" "WordPress/7.0; http://cqqizhou.com"
36.133.108.125 - - [25/Jun/2026:22:24:52 +0800] "HEAD /wp-includes/assets/global.asax.orig HTTP/1.1" 404 0 "-" "Mozilla/5.0 (Windows NT 6.2) AppleWebKit/537.36 (KHTML, like Gecko) Chrome/28.0.1464.0 Safari/537.36"
36.133.115.36 - - [25/Jun/2026:22:48:18 +0800] "POST /wp-cron.php?doing_wp_cron=1782398898.5316600799560546875000 HTTP/1.1" 200 31 "-" "WordPress/7.0; http://cqqizhou.com"
36.133.108.125 - - [25/Jun/2026:22:48:18 +0800] "HEAD /wp-admin/js/sql HTTP/1.1" 404 0 "-" "Mozilla/5.0 (Macintosh; U; Intel Mac OS X 10_6_6; fr-ch) AppleWebKit/533.19.4 (KHTML, like Gecko) Version/5.0.3 Safari/533.19.4"
36.133.115.36 - - [25/Jun/2026:22:49:16 +0800] "POST /wp-cron.php?doing_wp_cron=1782398956.1642930507659912109375 HTTP/1.1" 200 31 "-" "WordPress/7.0; http://cqqizhou.com"
36.133.108.119 - - [25/Jun/2026:22:49:16 +0800] "HEAD /wp-includes/fonts/.htaccess HTTP/1.1" 404 0 "-" "Mozilla/5.0 (Macintosh; U; Intel Mac OS X 10_5_8; zh-cn) AppleWebKit/533.18.1 (KHTML, like Gecko) Version/5.0.2 Safari/533.18.5"
36.133.115.36 - - [25/Jun/2026:22:51:42 +0800] "POST /wp-cron.php?doing_wp_cron=1782399102.0495278835296630859375 HTTP/1.1" 200 31 "-" "WordPress/7.0; http://cqqizhou.com"
103.254.78.168 - - [25/Jun/2026:22:51:42 +0800] "GET /news/2601 HTTP/1.1" 200 24366 "-" "Mozilla/5.0 (Windows NT 10.0; Win64; x64) AppleWebKit/537.36 (KHTML, like Gecko) Chrome/142.0.0.0 Safari/537.36"
103.254.78.168 - - [25/Jun/2026:22:51:44 +0800] "POST /wp-admin/admin-ajax.php HTTP/1.1" 200 534 "http://cqqizhou.com/news/2601" "Mozilla/5.0 (Windows NT 10.0; Win64; x64) AppleWebKit/537.36 (KHTML, like Gecko) Chrome/142.0.0.0 Safari/537.36"
117.189.233.229 - - [25/Jun/2026:22:52:22 +0800] "GET http://cqqizhou.com/wp-content/uploads/2026/06/1782182572-Article_images_W900px.webp HTTP/1.1" 200 24314 "http://cqqizhou.com/" "Mozilla/5.0 (Windows NT 10.0; Win64; x64) AppleWebKit/537.36 (KHTML, like Gecko) Chrome/131.0.0.0 Safari/537.36"
58.87.96.73 - - [25/Jun/2026:22:52:23 +0800] "GET /wp-content/uploads/2026/06/1782182572-Article_images_W900px.webp HTTP/1.1" 200 24314 "http://cqqizhou.com/" "Mozilla/5.0 (Windows NT 10.0; Win64; x64) AppleWebKit/537.36 (KHTML, like Gecko) Chrome/131.0.0.0 Safari/537.36"
36.133.115.36 - - [25/Jun/2026:22:54:22 +0800] "POST /wp-cron.php?doing_wp_cron=1782399262.8244988918304443359375 HTTP/1.1" 200 31 "-" "WordPress/7.0; http://cqqizhou.com"
34.90.95.137 - - [25/Jun/2026:22:54:22 +0800] "GET /wp-json/gravitysmtp/v1/settings HTTP/1.1" 404 154 "-" "Mozilla/5.0 (compatible; MSIE 9.0; Windows NT 6.2; WOW64; Trident/5.0)"
34.90.95.137 - - [25/Jun/2026:22:54:22 +0800] "GET /wp-json/gravitysmtp/v1/tests/mock-data?page=gravitysmtp-settings HTTP/1.1" 404 154 "-" "Mozilla/5.0 (X11; U; Linux x86_64; en-US) AppleWebKit/532.9 (KHTML, like Gecko) Chrome/5.0.309.0 Safari/532.9"
34.90.95.137 - - [25/Jun/2026:22:54:23 +0800] "GET /wp-json/gravitysmtp/v1/tests/mock-data HTTP/1.1" 404 154 "-" "Mozilla/5.0 (X11; Linux x86_64) AppleWebKit/537.36 (KHTML, like Gecko) Chrome/76.0.3809.100 Safari/537.36"
34.90.95.137 - - [25/Jun/2026:22:54:23 +0800] "GET /wp-json/wp/v2/settings HTTP/1.1" 401 131 "-" "Mozilla/5.0 (Windows NT 6.1; rv:12.0) Gecko/20120403211507 Firefox/12.0"
34.90.95.137 - - [25/Jun/2026:22:54:23 +0800] "GET /wp-json/gravitysmtp/v1/config HTTP/1.1" 404 154 "-" "Mozilla/5.0 (Windows NT 6.3; Win64; x64) AppleWebKit/537.36 (KHTML, like Gecko) Chrome/65.0.3325.162 Safari/537.36"
36.133.115.36 - - [25/Jun/2026:23:00:31 +0800] "POST /wp-cron.php?doing_wp_cron=1782399631.3250520229339599609375 HTTP/1.1" 200 31 "-" "WordPress/7.0; http://cqqizhou.com"
36.133.108.121 - - [25/Jun/2026:23:00:31 +0800] "HEAD /info HTTP/1.1" 404 0 "-" "Mozilla/5.0 (X11; Ubuntu; Linux x86_64; rv:24.0) Gecko/20100101 Firefox/24.0"
36.133.115.36 - - [25/Jun/2026:23:01:38 +0800] "POST /wp-cron.php?doing_wp_cron=1782399698.8228859901428222656250 HTTP/1.1" 200 31 "-" "WordPress/7.0; http://cqqizhou.com"
20.65.216.44 - - [25/Jun/2026:23:01:38 +0800] "GET /developmentserver/metadatauploader HTTP/1.1" 404 9498 "-" "Mozilla/5.0 zgrab/0.x"
180.153.236.177 - - [25/Jun/2026:23:12:58 +0800] "GET / HTTP/1.1" 200 41028 "http://cqqizhou.com/" "User-Agent:Mozilla/5.0 (Windows NT 10.0; Win64; x64) AppleWebKit/537.36 (KHTML, like Gecko) Chrome/140.0.0.0 Safari/537.36 Edg/140.0.0.0; 360Spider"
113.121.40.240 - - [25/Jun/2026:23:14:59 +0800] "GET / HTTP/1.1" 200 41028 "-" "Mozilla/5.0 (Windows NT 10.0; Win64; x64) AppleWebKit/537.36 (KHTML, like Gecko) Chrome/91.0.4472.124 Safari/537.36"
113.121.40.240 - - [25/Jun/2026:23:14:59 +0800] "GET http://cqqizhou.com/ HTTP/1.1" 200 41028 "-" "Mozilla/5.0 (Windows NT 10.0; Win64; x64) AppleWebKit/537.36 (KHTML, like Gecko) Chrome/91.0.4472.124 Safari/537.36"
113.121.40.240 - - [25/Jun/2026:23:14:59 +0800] "GET http://cqqizhou.com/ HTTP/1.1" 200 41028 "-" "Mozilla/5.0 (Windows NT 10.0; Win64; x64) AppleWebKit/537.36 (KHTML, like Gecko) Chrome/91.0.4472.124 Safari/537.36"
113.121.40.240 - - [25/Jun/2026:23:14:59 +0800] "GET http://cqqizhou.com/ HTTP/1.1" 200 41028 "-" "Mozilla/5.0 (Windows NT 10.0; Win64; x64) AppleWebKit/537.36 (KHTML, like Gecko) Chrome/91.0.4472.124 Safari/537.36"
36.133.115.36 - - [25/Jun/2026:23:15:01 +0800] "POST /wp-cron.php?doing_wp_cron=1782400501.5177729129791259765625 HTTP/1.1" 200 31 "-" "WordPress/7.0; http://cqqizhou.com"
113.121.40.240 - - [25/Jun/2026:23:15:01 +0800] "GET http://guizhoubbs.com.cn/ HTTP/1.1" 301 5 "-" "Mozilla/5.0 (Windows NT 10.0; Win64; x64) AppleWebKit/537.36 (KHTML, like Gecko) Chrome/91.0.4472.124 Safari/537.36"
113.121.40.240 - - [25/Jun/2026:23:15:01 +0800] "GET http://cqqizhou.com/ HTTP/1.1" 200 41028 "-" "Mozilla/5.0 (Windows NT 10.0; Win64; x64) AppleWebKit/537.36 (KHTML, like Gecko) Chrome/91.0.4472.124 Safari/537.36"
113.121.40.240 - - [25/Jun/2026:23:15:02 +0800] "GET http://guizhoubbs.com.cn/ HTTP/1.1" 301 5 "-" "Mozilla/5.0 (Windows NT 10.0; Win64; x64) AppleWebKit/537.36 (KHTML, like Gecko) Chrome/91.0.4472.124 Safari/537.36"
