36.133.115.36 - - [25/Jun/2026:14:14:38 +0800] "POST /wp-cron.php?doing_wp_cron=1782368078.8726649284362792968750 HTTP/1.1" 200 31 "-" "WordPress/7.0; http://cqqizhou.com"
36.133.108.125 - - [25/Jun/2026:14:14:38 +0800] "HEAD /wp-includes/js/global.asax.old HTTP/1.1" 404 0 "-" "Mozilla/5.0 (Windows; U; Windows NT 6.1; ja-JP) AppleWebKit/533.20.25 (KHTML, like Gecko) Version/5.0.3 Safari/533.19.4"
36.133.115.36 - - [25/Jun/2026:14:18:08 +0800] "POST /wp-cron.php?doing_wp_cron=1782368288.1216750144958496093750 HTTP/1.1" 200 31 "-" "WordPress/7.0; http://cqqizhou.com"
36.133.108.125 - - [25/Jun/2026:14:18:08 +0800] "HEAD /wp-includes/assets/upload HTTP/1.1" 404 0 "-" "Mozilla/5.0 (Macintosh; U; Intel Mac OS X 10_6_6; en-gb) AppleWebKit/533.20.25 (KHTML, like Gecko) Version/5.0.4 Safari/533.20.27"
36.133.115.36 - - [25/Jun/2026:14:19:20 +0800] "POST /wp-cron.php?doing_wp_cron=1782368360.4401791095733642578125 HTTP/1.1" 200 31 "-" "WordPress/7.0; http://cqqizhou.com"
36.133.108.121 - - [25/Jun/2026:14:19:20 +0800] "HEAD /wp-includes/build/test HTTP/1.1" 404 0 "-" "Mozilla/5.0 (compatible; MSIE 9.0; Windows NT 6.1; Win64; x64; Trident/5.0"
36.133.115.36 - - [25/Jun/2026:14:23:20 +0800] "POST /wp-cron.php?doing_wp_cron=1782368600.5589010715484619140625 HTTP/1.1" 200 31 "-" "WordPress/7.0; http://cqqizhou.com"
183.53.159.191 - - [25/Jun/2026:14:23:20 +0800] "GET http://cqqizhou.com/wp-content/uploads/2026/01/1768527484-Article_images_W900%C3%97500px202601163.webp%20900w,%20http://cqqizhou.com/wp-content/uploads/2026/01/1768527484-Article_images_W900%C3%97500px202601163-300x167.webp%20300w,%20http://cqqizhou.com/wp-content/uploads/2026/01/1768527484-Article_images_W900%C3%97500px202601163-768x427.webp%20768w HTTP/1.1" 301 5 "http://cqqizhou.com/" "Mozilla/5.0 (Windows NT 10.0; Win64; x64) AppleWebKit/537.36 (KHTML, like Gecko) Chrome/112.0.0.0 Safari/537.36"
183.53.159.191 - - [25/Jun/2026:14:23:22 +0800] "GET http://cqqizhou.com/wp-content/uploads/2026/01/1768527484-Article_images_W900%C3%97500px202601163.webp%20900w,%20http:/cqqizhou.com/wp-content/uploads/2026/01/1768527484-Article_images_W900%C3%97500px202601163-300x167.webp%20300w,%20http:/cqqizhou.com/wp-content/uploads/2026/01/1768527484-Article_images_W900%C3%97500px202601163-768x427.webp%20768w HTTP/1.1" 404 9500 "http://cqqizhou.com/" "Mozilla/5.0 (Windows NT 10.0; Win64; x64) AppleWebKit/537.36 (KHTML, like Gecko) Chrome/112.0.0.0 Safari/537.36"
1.13.4.15 - - [25/Jun/2026:14:23:24 +0800] "GET /wp-content/uploads/2026/01/1768527484-Article_images_W900%C3%97500px202601163.webp%20900w,%20http://cqqizhou.com/wp-content/uploads/2026/01/1768527484-Article_images_W900%C3%97500px202601163-300x167.webp%20300w,%20http://cqqizhou.com/wp-content/uploads/2026/01/1768527484-Article_images_W900%C3%97500px202601163-768x427.webp%20768w HTTP/1.1" 301 5 "http://cqqizhou.com/" "Mozilla/5.0 (Windows NT 10.0; Win64; x64) AppleWebKit/537.36 (KHTML, like Gecko) Chrome/112.0.0.0 Safari/537.36"
1.13.4.15 - - [25/Jun/2026:14:23:25 +0800] "GET /wp-content/uploads/2026/01/1768527484-Article_images_W900%C3%97500px202601163.webp%20900w,%20http:/cqqizhou.com/wp-content/uploads/2026/01/1768527484-Article_images_W900%C3%97500px202601163-300x167.webp%20300w,%20http:/cqqizhou.com/wp-content/uploads/2026/01/1768527484-Article_images_W900%C3%97500px202601163-768x427.webp%20768w HTTP/1.1" 404 9499 "http://cqqizhou.com/" "Mozilla/5.0 (Windows NT 10.0; Win64; x64) AppleWebKit/537.36 (KHTML, like Gecko) Chrome/112.0.0.0 Safari/537.36"
121.229.156.53 - - [25/Jun/2026:14:35:10 +0800] "GET / HTTP/1.1" 200 41074 "-" "Sogou web spider/4.0(+http://www.sogou.com/docs/help/webmasters.htm#07)"
36.133.115.36 - - [25/Jun/2026:14:45:33 +0800] "POST /wp-cron.php?doing_wp_cron=1782369933.8805160522460937500000 HTTP/1.1" 200 31 "-" "WordPress/7.0; http://cqqizhou.com"
36.133.108.119 - - [25/Jun/2026:14:45:33 +0800] "HEAD /wp-admin/includes/help HTTP/1.1" 404 0 "-" "Mozilla/5.0 (compatible; MSIE 8.0; Windows NT 5.1; Trident/4.0; SLCC1; .NET CLR 3.0.4506.2152; .NET CLR 3.5.30729; .NET CLR 1.1.4322)"
220.181.108.111 - - [25/Jun/2026:14:47:00 +0800] "GET /logistics HTTP/1.1" 200 26175 "-" "Mozilla/5.0 (compatible; Baiduspider/2.0; +http://www.baidu.com/search/spider.html)"
116.179.37.45 - - [25/Jun/2026:14:47:01 +0800] "GET /wp-content/uploads/2026/01/1767696142-aojiaqiao20260104.webp HTTP/1.1" 200 184988 "http://cqqizhou.com/logistics" "Mozilla/5.0 (compatible; Baiduspider-render/2.0; +http://www.baidu.com/search/spider.html)"
36.133.115.36 - - [25/Jun/2026:14:50:32 +0800] "POST /wp-cron.php?doing_wp_cron=1782370231.9761650562286376953125 HTTP/1.1" 200 31 "-" "WordPress/7.0; http://cqqizhou.com"
36.133.108.121 - - [25/Jun/2026:14:50:32 +0800] "HEAD /wp-admin/js/errorlog HTTP/1.1" 404 0 "-" "Opera/9.80 (Windows NT 6.1; U; zh-tw) Presto/2.7.62 Version/11.01"
36.133.115.36 - - [25/Jun/2026:14:53:30 +0800] "POST /wp-cron.php?doing_wp_cron=1782370410.8874430656433105468750 HTTP/1.1" 200 31 "-" "WordPress/7.0; http://cqqizhou.com"
176.65.139.66 - - [25/Jun/2026:14:53:30 +0800] "GET / HTTP/1.0" 301 0 "-" "Shodan-Pull/1.0"
36.133.115.36 - - [25/Jun/2026:14:58:20 +0800] "POST /wp-cron.php?doing_wp_cron=1782370700.6004569530487060546875 HTTP/1.1" 200 31 "-" "WordPress/7.0; http://cqqizhou.com"
36.133.108.119 - - [25/Jun/2026:14:58:20 +0800] "HEAD /wp-admin/js/url HTTP/1.1" 404 0 "-" "Mozilla/5.0 (compatible; MSIE 8.0; Windows NT 5.1; Trident/4.0; SLCC1; .NET CLR 3.0.4506.2152; .NET CLR 3.5.30729; .NET CLR 1.1.4322)"
36.133.108.125 - - [25/Jun/2026:14:58:45 +0800] "HEAD /openapi.yaml HTTP/1.1" 404 0 "-" "Mozilla/5.0 (Windows NT 6.1; WOW64; rv:31.0) Gecko/20130401 Firefox/31.0"
36.133.108.121 - - [25/Jun/2026:14:58:46 +0800] "HEAD /wp-admin/js/spool HTTP/1.1" 404 0 "-" "Mozilla/5.0 (compatible; MSIE 8.0; Windows NT 5.2; Trident/4.0; Media Center PC 4.0; SLCC1; .NET CLR 3.0.04320)"
36.133.115.36 - - [25/Jun/2026:15:00:39 +0800] "POST /wp-cron.php?doing_wp_cron=1782370839.8807749748229980468750 HTTP/1.1" 200 31 "-" "WordPress/7.0; http://cqqizhou.com"
36.133.108.119 - - [25/Jun/2026:15:00:39 +0800] "HEAD /wp-admin/upgrade.php HTTP/1.1" 200 0 "-" "Mozilla/5.0 (Macintosh; U; Intel Mac OS X 10_5_8; zh-cn) AppleWebKit/533.18.1 (KHTML, like Gecko) Version/5.0.2 Safari/533.18.5"
36.133.115.36 - - [25/Jun/2026:15:06:28 +0800] "POST /wp-cron.php?doing_wp_cron=1782371188.8309490680694580078125 HTTP/1.1" 200 31 "-" "WordPress/7.0; http://cqqizhou.com"
36.133.108.119 - - [25/Jun/2026:15:06:28 +0800] "HEAD /wp-admin/images/storage HTTP/1.1" 404 0 "-" "Mozilla/5.0 (compatible; MSIE 8.0; Windows NT 5.1; Trident/4.0; .NET CLR 1.1.4322; .NET CLR 2.0.50727)"
36.133.115.36 - - [25/Jun/2026:15:09:54 +0800] "POST /wp-cron.php?doing_wp_cron=1782371394.7262139320373535156250 HTTP/1.1" 200 31 "-" "WordPress/7.0; http://cqqizhou.com"
36.133.108.119 - - [25/Jun/2026:15:09:54 +0800] "HEAD /wp-includes/fonts. HTTP/1.1" 301 0 "-" "Mozilla/5.0 (compatible; MSIE 8.0; Windows NT 5.1; Trident/4.0; SLCC1; .NET CLR 3.0.4506.2152; .NET CLR 3.5.30729; .NET CLR 1.1.4322)"
36.133.108.119 - - [25/Jun/2026:15:09:56 +0800] "HEAD /header HTTP/1.1" 404 0 "-" "Mozilla/5.0 (Macintosh; Intel Mac OS X 10_8_3) AppleWebKit/537.36 (KHTML, like Gecko) Chrome/27.0.1453.93 Safari/537.36"
36.133.115.36 - - [25/Jun/2026:15:17:24 +0800] "POST /wp-cron.php?doing_wp_cron=1782371844.2796120643615722656250 HTTP/1.1" 200 31 "-" "WordPress/7.0; http://cqqizhou.com"
36.133.108.125 - - [25/Jun/2026:15:17:24 +0800] "HEAD /wp-content/upgrade/xml HTTP/1.1" 404 0 "-" "Mozilla/5.0 (Macintosh; Intel Mac OS X 10.8; rv:21.0) Gecko/20100101 Firefox/21.0"
36.133.115.36 - - [25/Jun/2026:15:18:32 +0800] "POST /wp-cron.php?doing_wp_cron=1782371912.9295260906219482421875 HTTP/1.1" 200 31 "-" "WordPress/7.0; http://cqqizhou.com"
43.130.3.120 - - [25/Jun/2026:15:18:32 +0800] "GET / HTTP/1.1" 301 5 "-" "Mozilla/5.0 (iPhone; CPU iPhone OS 13_2_3 like Mac OS X) AppleWebKit/605.1.15 (KHTML, like Gecko) Version/13.0.3 Mobile/15E148 Safari/604.1"
43.130.3.120 - - [25/Jun/2026:15:18:35 +0800] "GET / HTTP/1.1" 200 35183 "http://36.133.115.36" "Mozilla/5.0 (iPhone; CPU iPhone OS 13_2_3 like Mac OS X) AppleWebKit/605.1.15 (KHTML, like Gecko) Version/13.0.3 Mobile/15E148 Safari/604.1"
36.133.115.36 - - [25/Jun/2026:15:25:55 +0800] "POST /wp-cron.php?doing_wp_cron=1782372355.2275888919830322265625 HTTP/1.1" 200 31 "-" "WordPress/7.0; http://cqqizhou.com"
36.133.108.119 - - [25/Jun/2026:15:25:55 +0800] "HEAD /wp-content/group HTTP/1.1" 404 0 "-" "Mozilla/5.0 (Macintosh; Intel Mac OS X 10_8_3) AppleWebKit/537.36 (KHTML, like Gecko) Chrome/27.0.1453.93 Safari/537.36"
113.204.3.195 - - [25/Jun/2026:15:31:45 +0800] "GET / HTTP/1.1" 200 41074 "-" "Mozilla/5.0 (Windows NT 10.0; Win64; x64) AppleWebKit/537.36 (KHTML, like Gecko) Chrome/149.0.0.0 Safari/537.36"
113.204.3.195 - - [25/Jun/2026:15:31:45 +0800] "GET /wp-content/uploads/2025/07/1751425283-qizhou.kf_.qq_.com_.webp HTTP/1.1" 200 16864 "http://cqqizhou.com/" "Mozilla/5.0 (Windows NT 10.0; Win64; x64) AppleWebKit/537.36 (KHTML, like Gecko) Chrome/149.0.0.0 Safari/537.36"
113.204.3.195 - - [25/Jun/2026:15:31:47 +0800] "GET /wp-content/uploads/2025/12/1765268955-qizhou_Slider1_3840%C3%972160_20251210-scaled.webp HTTP/1.1" 200 152162 "http://cqqizhou.com/" "Mozilla/5.0 (Windows NT 10.0; Win64; x64) AppleWebKit/537.36 (KHTML, like Gecko) Chrome/149.0.0.0 Safari/537.36"
113.204.3.195 - - [25/Jun/2026:15:31:47 +0800] "GET /wp-content/uploads/revslider/slider-1/1750861156-logistics_Slider_3840%C3%972160_20250625191356-scaled-50x100.webp HTTP/1.1" 200 1416 "http://cqqizhou.com/" "Mozilla/5.0 (Windows NT 10.0; Win64; x64) AppleWebKit/537.36 (KHTML, like Gecko) Chrome/149.0.0.0 Safari/537.36"
113.204.3.195 - - [25/Jun/2026:15:31:47 +0800] "GET /wp-content/uploads/2026/01/1768276119-qizhoujiagong_Slider_3840%C3%972160_20260113-scaled-50x100.webp HTTP/1.1" 200 976 "http://cqqizhou.com/" "Mozilla/5.0 (Windows NT 10.0; Win64; x64) AppleWebKit/537.36 (KHTML, like Gecko) Chrome/149.0.0.0 Safari/537.36"
113.204.3.195 - - [25/Jun/2026:15:31:47 +0800] "GET /wp-content/uploads/2025/07/1753456723-%E5%8F%8C%E7%9B%B8%E9%92%A2roduct_Single600.webp HTTP/1.1" 200 22790 "http://cqqizhou.com/" "Mozilla/5.0 (Windows NT 10.0; Win64; x64) AppleWebKit/537.36 (KHTML, like Gecko) Chrome/149.0.0.0 Safari/537.36"
113.204.3.195 - - [25/Jun/2026:15:31:47 +0800] "GET /wp-content/uploads/2025/07/1753456770-%E7%83%AD%E9%95%80%E9%94%8C%E5%8D%B7product_Single600.webp HTTP/1.1" 200 27502 "http://cqqizhou.com/" "Mozilla/5.0 (Windows NT 10.0; Win64; x64) AppleWebKit/537.36 (KHTML, like Gecko) Chrome/149.0.0.0 Safari/537.36"
113.204.3.195 - - [25/Jun/2026:15:31:47 +0800] "GET /wp-content/uploads/2025/07/1753453096-%E5%8F%8C%E7%9B%B8%E9%92%A2product_Single600%C3%97284.webp HTTP/1.1" 200 14562 "http://cqqizhou.com/" "Mozilla/5.0 (Windows NT 10.0; Win64; x64) AppleWebKit/537.36 (KHTML, like Gecko) Chrome/149.0.0.0 Safari/537.36"
113.204.3.195 - - [25/Jun/2026:15:31:47 +0800] "GET /wp-content/uploads/2025/07/1753453127-%E4%BD%99%E5%8D%B7product_Single600%C3%97284.webp HTTP/1.1" 200 18744 "http://cqqizhou.com/" "Mozilla/5.0 (Windows NT 10.0; Win64; x64) AppleWebKit/537.36 (KHTML, like Gecko) Chrome/149.0.0.0 Safari/537.36"
113.204.3.195 - - [25/Jun/2026:15:31:48 +0800] "GET /wp-json/sliderrevolution/sliders/1?srengine=7&slideid=2 HTTP/1.1" 200 2000 "http://cqqizhou.com/" "Mozilla/5.0 (Windows NT 10.0; Win64; x64) AppleWebKit/537.36 (KHTML, like Gecko) Chrome/149.0.0.0 Safari/537.36"
36.133.115.36 - - [25/Jun/2026:15:31:48 +0800] "POST /wp-cron.php?doing_wp_cron=1782372708.2399880886077880859375 HTTP/1.1" 200 31 "-" "WordPress/7.0; http://cqqizhou.com"
113.204.3.195 - - [25/Jun/2026:15:31:48 +0800] "GET /wp-json/sliderrevolution/sliders/1?srengine=7&slideid=4 HTTP/1.1" 200 2580 "http://cqqizhou.com/" "Mozilla/5.0 (Windows NT 10.0; Win64; x64) AppleWebKit/537.36 (KHTML, like Gecko) Chrome/149.0.0.0 Safari/537.36"
113.204.3.195 - - [25/Jun/2026:15:31:48 +0800] "GET /wp-content/uploads/revslider/slider-1/1750861156-logistics_Slider_3840%C3%972160_20250625191356-scaled.webp HTTP/1.1" 200 197360 "http://cqqizhou.com/" "Mozilla/5.0 (Windows NT 10.0; Win64; x64) AppleWebKit/537.36 (KHTML, like Gecko) Chrome/149.0.0.0 Safari/537.36"
113.204.3.195 - - [25/Jun/2026:15:31:48 +0800] "GET /wp-content/uploads/2026/01/1768276119-qizhoujiagong_Slider_3840%C3%972160_20260113-scaled.webp HTTP/1.1" 200 131696 "http://cqqizhou.com/" "Mozilla/5.0 (Windows NT 10.0; Win64; x64) AppleWebKit/537.36 (KHTML, like Gecko) Chrome/149.0.0.0 Safari/537.36"
113.204.3.195 - - [25/Jun/2026:15:31:50 +0800] "GET /logistics HTTP/1.1" 200 26175 "http://cqqizhou.com/" "Mozilla/5.0 (Windows NT 10.0; Win64; x64) AppleWebKit/537.36 (KHTML, like Gecko) Chrome/149.0.0.0 Safari/537.36"
113.204.3.195 - - [25/Jun/2026:15:31:50 +0800] "GET /wp-content/uploads/2026/01/1767696142-aojiaqiao20260104.webp HTTP/1.1" 200 184988 "http://cqqizhou.com/logistics" "Mozilla/5.0 (Windows NT 10.0; Win64; x64) AppleWebKit/537.36 (KHTML, like Gecko) Chrome/149.0.0.0 Safari/537.36"
113.204.3.195 - - [25/Jun/2026:15:31:50 +0800] "GET /wp-content/uploads/2026/01/1767696162-qizhoutruck3.webp HTTP/1.1" 200 19026 "http://cqqizhou.com/logistics" "Mozilla/5.0 (Windows NT 10.0; Win64; x64) AppleWebKit/537.36 (KHTML, like Gecko) Chrome/149.0.0.0 Safari/537.36"
113.204.3.195 - - [25/Jun/2026:15:31:50 +0800] "GET /wp-content/uploads/2025/12/1765862012-DSC20251216131140.webp HTTP/1.1" 200 78744 "http://cqqizhou.com/logistics" "Mozilla/5.0 (Windows NT 10.0; Win64; x64) AppleWebKit/537.36 (KHTML, like Gecko) Chrome/149.0.0.0 Safari/537.36"
113.204.3.195 - - [25/Jun/2026:15:31:50 +0800] "GET /wp-content/uploads/2025/11/1762864381-QZ_Photo-7.webp HTTP/1.1" 200 129922 "http://cqqizhou.com/logistics" "Mozilla/5.0 (Windows NT 10.0; Win64; x64) AppleWebKit/537.36 (KHTML, like Gecko) Chrome/149.0.0.0 Safari/537.36"
113.204.3.195 - - [25/Jun/2026:15:31:50 +0800] "GET /wp-content/uploads/logistics/Conatiner-5.webp HTTP/1.1" 200 63396 "http://cqqizhou.com/logistics" "Mozilla/5.0 (Windows NT 10.0; Win64; x64) AppleWebKit/537.36 (KHTML, like Gecko) Chrome/149.0.0.0 Safari/537.36"
113.204.3.195 - - [25/Jun/2026:15:31:51 +0800] "GET /wp-json/contact-form-7/v1/contact-forms/1444/feedback/schema HTTP/1.1" 200 270 "http://cqqizhou.com/logistics" "Mozilla/5.0 (Windows NT 10.0; Win64; x64) AppleWebKit/537.36 (KHTML, like Gecko) Chrome/149.0.0.0 Safari/537.36"
113.204.3.195 - - [25/Jun/2026:15:31:51 +0800] "GET /wp-json/contact-form-7/v1/contact-forms/1444/refill HTTP/1.1" 200 33 "http://cqqizhou.com/logistics" "Mozilla/5.0 (Windows NT 10.0; Win64; x64) AppleWebKit/537.36 (KHTML, like Gecko) Chrome/149.0.0.0 Safari/537.36"
113.204.3.195 - - [25/Jun/2026:15:32:01 +0800] "GET /wp-content/uploads/2026/02/1769999241-4.2%E7%B1%B3%E9%AB%98%E6%A0%8F%E8%B4%A7%E8%BD%A6.webp HTTP/1.1" 200 54794 "http://cqqizhou.com/logistics" "Mozilla/5.0 (Windows NT 10.0; Win64; x64) AppleWebKit/537.36 (KHTML, like Gecko) Chrome/149.0.0.0 Safari/537.36"
113.204.3.195 - - [25/Jun/2026:15:32:01 +0800] "GET /wp-content/uploads/2026/02/1770009968-9.6%E7%B1%B3%E4%BD%8E%E6%A0%8F%E5%B9%B3%E6%9D%BF%E8%B4%A7%E8%BD%A6.webp HTTP/1.1" 200 56690 "http://cqqizhou.com/logistics" "Mozilla/5.0 (Windows NT 10.0; Win64; x64) AppleWebKit/537.36 (KHTML, like Gecko) Chrome/149.0.0.0 Safari/537.36"
113.204.3.195 - - [25/Jun/2026:15:32:01 +0800] "GET /wp-content/uploads/2026/02/1769999335-17.5%E7%B1%B3%E5%B9%B3%E6%9D%BF%E8%B4%A7%E8%BD%A6.webp HTTP/1.1" 200 56978 "http://cqqizhou.com/logistics" "Mozilla/5.0 (Windows NT 10.0; Win64; x64) AppleWebKit/537.36 (KHTML, like Gecko) Chrome/149.0.0.0 Safari/537.36"
113.204.3.195 - - [25/Jun/2026:15:32:02 +0800] "GET /wp-content/uploads/2026/01/1767618076-Logistics_BG2508.webp HTTP/1.1" 200 94788 "http://cqqizhou.com/wp-content/uploads/elementor/css/post-1959.css?ver=1778302799" "Mozilla/5.0 (Windows NT 10.0; Win64; x64) AppleWebKit/537.36 (KHTML, like Gecko) Chrome/149.0.0.0 Safari/537.36"
36.133.115.36 - - [25/Jun/2026:15:37:28 +0800] "POST /wp-cron.php?doing_wp_cron=1782373048.6839179992675781250000 HTTP/1.1" 200 31 "-" "WordPress/7.0; http://cqqizhou.com"
36.133.108.121 - - [25/Jun/2026:15:37:28 +0800] "HEAD //bxss.me/..;/css HTTP/1.1" 301 0 "-" "Mozilla/5.0 (compatible; MSIE 8.0; Windows NT 5.2; Trident/4.0; Media Center PC 4.0; SLCC1; .NET CLR 3.0.04320)"
36.133.108.121 - - [25/Jun/2026:15:38:49 +0800] "HEAD /signup.php HTTP/1.1" 404 0 "-" "Opera/9.80 (Windows NT 5.1; U; cs) Presto/2.7.62 Version/11.01"
36.133.115.36 - - [25/Jun/2026:15:41:48 +0800] "POST /wp-cron.php?doing_wp_cron=1782373308.1944251060485839843750 HTTP/1.1" 200 31 "-" "WordPress/7.0; http://cqqizhou.com"
36.133.108.121 - - [25/Jun/2026:15:41:48 +0800] "HEAD /webstat/ HTTP/1.1" 404 0 "-" "Opera/9.80 (Windows NT 5.1; U; cs) Presto/2.7.62 Version/11.01"
110.249.202.45 - - [25/Jun/2026:15:42:03 +0800] "GET /news/2440 HTTP/1.1" 200 22178 "-" "Mozilla/5.0 (Linux; Android 5.0) AppleWebKit/537.36 (KHTML, like Gecko) Mobile Safari/537.36 (compatible; Bytespider; https://zhanzhang.toutiao.com/)"
110.249.202.45 - - [25/Jun/2026:15:42:04 +0800] "GET /wp-content/uploads/2026/01/1768527483-Article_images_W900%C3%97500px202601161-768x427.webp HTTP/1.1" 206 500 "http://cqqizhou.com/news/2440" "Mozilla/5.0 (Linux; Android 5.0) AppleWebKit/537.36 (KHTML, like Gecko) Mobile Safari/537.36 (compatible; Bytespider; https://zhanzhang.toutiao.com/)"
110.249.202.51 - - [25/Jun/2026:15:42:04 +0800] "GET /wp-content/uploads/2026/01/1768527484-Article_images_W900%C3%97500px202601163-768x427.webp HTTP/1.1" 206 500 "http://cqqizhou.com/news/2440" "Mozilla/5.0 (Linux; Android 5.0) AppleWebKit/537.36 (KHTML, like Gecko) Mobile Safari/537.36 (compatible; Bytespider; https://zhanzhang.toutiao.com/)"
110.249.202.38 - - [25/Jun/2026:15:42:04 +0800] "GET /wp-content/uploads/2026/06/1780362799-1Article_images_W900px-768x432.webp HTTP/1.1" 206 500 "http://cqqizhou.com/news/2440" "Mozilla/5.0 (Linux; Android 5.0) AppleWebKit/537.36 (KHTML, like Gecko) Mobile Safari/537.36 (compatible; Bytespider; https://zhanzhang.toutiao.com/)"
110.249.202.24 - - [25/Jun/2026:15:42:04 +0800] "GET /wp-content/uploads/2026/01/1768527484-Article_images_W900%C3%97500px202601162-768x427.webp HTTP/1.1" 206 500 "http://cqqizhou.com/news/2440" "Mozilla/5.0 (Linux; Android 5.0) AppleWebKit/537.36 (KHTML, like Gecko) Mobile Safari/537.36 (compatible; Bytespider; https://zhanzhang.toutiao.com/)"
110.249.202.100 - - [25/Jun/2026:15:42:04 +0800] "GET /wp-content/uploads/2026/05/1779957408-1Article_images_W900px-768x432.webp HTTP/1.1" 206 500 "http://cqqizhou.com/news/2440" "Mozilla/5.0 (Linux; Android 5.0) AppleWebKit/537.36 (KHTML, like Gecko) Mobile Safari/537.36 (compatible; Bytespider; https://zhanzhang.toutiao.com/)"
110.249.202.61 - - [25/Jun/2026:15:42:04 +0800] "GET /wp-content/uploads/2025/07/1751425283-qizhou.kf_.qq_.com_.webp HTTP/1.1" 206 500 "http://cqqizhou.com/news/2440" "Mozilla/5.0 (Linux; Android 5.0) AppleWebKit/537.36 (KHTML, like Gecko) Mobile Safari/537.36 (compatible; Bytespider; https://zhanzhang.toutiao.com/)"
110.249.202.51 - - [25/Jun/2026:15:42:04 +0800] "GET /wp-content/uploads/2026/01/1768527485-Article_images_W900%C3%97500px202601164-768x427.webp HTTP/1.1" 206 500 "http://cqqizhou.com/news/2440" "Mozilla/5.0 (Linux; Android 5.0) AppleWebKit/537.36 (KHTML, like Gecko) Mobile Safari/537.36 (compatible; Bytespider; https://zhanzhang.toutiao.com/)"
110.249.202.100 - - [25/Jun/2026:15:42:04 +0800] "GET /wp-content/uploads/2025/07/1753410289-News2000%C3%97400_202571.webp HTTP/1.1" 206 500 "http://cqqizhou.com/news/2440" "Mozilla/5.0 (Linux; Android 5.0) AppleWebKit/537.36 (KHTML, like Gecko) Mobile Safari/537.36 (compatible; Bytespider; https://zhanzhang.toutiao.com/)"
110.249.202.24 - - [25/Jun/2026:15:42:04 +0800] "GET /wp-content/uploads/2026/01/1768527486-Article_images_W900%C3%97500px202601165-768x427.webp HTTP/1.1" 206 500 "http://cqqizhou.com/news/2440" "Mozilla/5.0 (Linux; Android 5.0) AppleWebKit/537.36 (KHTML, like Gecko) Mobile Safari/537.36 (compatible; Bytespider; https://zhanzhang.toutiao.com/)"
36.133.115.36 - - [25/Jun/2026:15:45:25 +0800] "POST /wp-cron.php?doing_wp_cron=1782373525.0849769115447998046875 HTTP/1.1" 200 31 "-" "WordPress/7.0; http://cqqizhou.com"
36.133.108.125 - - [25/Jun/2026:15:45:25 +0800] "HEAD /wp-content/upgrade/CMS HTTP/1.1" 404 0 "-" "Mozilla/5.0 (Macintosh; U; Intel Mac OS X 10_6_7; da-dk) AppleWebKit/533.21.1 (KHTML, like Gecko) Version/5.0.5 Safari/533.21.1"
20.100.172.253 - - [25/Jun/2026:15:48:31 +0800] "GET /wp-content/plugins/hellopress/wp_filemanager.php HTTP/1.1" 404 27 "-" "-"
20.100.172.253 - - [25/Jun/2026:15:48:31 +0800] "GET /this_is_a_new_hello_world.php HTTP/1.1" 404 27 "-" "-"
20.100.172.253 - - [25/Jun/2026:15:48:31 +0800] "GET /jj.php HTTP/1.1" 404 27 "-" "-"
20.100.172.253 - - [25/Jun/2026:15:48:32 +0800] "GET /click.php HTTP/1.1" 404 27 "-" "-"
20.100.172.253 - - [25/Jun/2026:15:48:32 +0800] "GET /222.php HTTP/1.1" 404 27 "-" "-"
20.100.172.253 - - [25/Jun/2026:15:48:32 +0800] "GET /z60.php HTTP/1.1" 404 27 "-" "-"
20.100.172.253 - - [25/Jun/2026:15:48:32 +0800] "GET /xml.php HTTP/1.1" 404 27 "-" "-"
20.100.172.253 - - [25/Jun/2026:15:48:33 +0800] "GET /acp.php HTTP/1.1" 404 27 "-" "-"
20.100.172.253 - - [25/Jun/2026:15:48:33 +0800] "GET /wp-home.php HTTP/1.1" 404 27 "-" "-"
20.100.172.253 - - [25/Jun/2026:15:48:33 +0800] "GET /t.php HTTP/1.1" 404 27 "-" "-"
20.100.172.253 - - [25/Jun/2026:15:48:33 +0800] "GET /BDKR28WP.php HTTP/1.1" 404 27 "-" "-"
20.100.172.253 - - [25/Jun/2026:15:48:34 +0800] "GET /41.php HTTP/1.1" 404 27 "-" "-"
20.100.172.253 - - [25/Jun/2026:15:48:34 +0800] "GET /crgio.php HTTP/1.1" 404 27 "-" "-"
20.100.172.253 - - [25/Jun/2026:15:48:34 +0800] "GET /gm.php HTTP/1.1" 404 27 "-" "-"
20.100.172.253 - - [25/Jun/2026:15:48:34 +0800] "GET /pn.php HTTP/1.1" 404 27 "-" "-"
20.100.172.253 - - [25/Jun/2026:15:48:35 +0800] "GET /gg.php HTTP/1.1" 404 27 "-" "-"
20.100.172.253 - - [25/Jun/2026:15:48:35 +0800] "GET /co.php HTTP/1.1" 404 27 "-" "-"
20.100.172.253 - - [25/Jun/2026:15:48:35 +0800] "GET /bolt.php HTTP/1.1" 404 27 "-" "-"
20.100.172.253 - - [25/Jun/2026:15:48:35 +0800] "GET /fvvff.php HTTP/1.1" 404 27 "-" "-"
20.100.172.253 - - [25/Jun/2026:15:48:36 +0800] "GET /info2.php HTTP/1.1" 404 27 "-" "-"
20.100.172.253 - - [25/Jun/2026:15:48:36 +0800] "GET /x.php HTTP/1.1" 404 27 "-" "-"
20.100.172.253 - - [25/Jun/2026:15:48:36 +0800] "GET /wp-ac.php HTTP/1.1" 404 27 "-" "-"
20.100.172.253 - - [25/Jun/2026:15:48:37 +0800] "GET /consultantx/wp-config.php HTTP/1.1" 404 27 "-" "-"
20.100.172.253 - - [25/Jun/2026:15:48:37 +0800] "GET /chosen.php HTTP/1.1" 404 27 "-" "-"
20.100.172.253 - - [25/Jun/2026:15:48:37 +0800] "GET /mg.php HTTP/1.1" 404 27 "-" "-"
20.100.172.253 - - [25/Jun/2026:15:48:38 +0800] "GET /domains.php HTTP/1.1" 404 27 "-" "-"
20.100.172.253 - - [25/Jun/2026:15:48:38 +0800] "GET /abc.php HTTP/1.1" 404 27 "-" "-"
20.100.172.253 - - [25/Jun/2026:15:48:38 +0800] "GET /2026w.php HTTP/1.1" 404 27 "-" "-"
20.100.172.253 - - [25/Jun/2026:15:48:38 +0800] "GET /epinyins.php HTTP/1.1" 404 27 "-" "-"
20.100.172.253 - - [25/Jun/2026:15:48:39 +0800] "GET /app.php HTTP/1.1" 404 27 "-" "-"
20.100.172.253 - - [25/Jun/2026:15:48:39 +0800] "GET /jp.php HTTP/1.1" 404 27 "-" "-"
20.100.172.253 - - [25/Jun/2026:15:48:39 +0800] "GET /jga.php HTTP/1.1" 404 27 "-" "-"
20.100.172.253 - - [25/Jun/2026:15:48:40 +0800] "GET /wp-access.php HTTP/1.1" 404 27 "-" "-"
20.100.172.253 - - [25/Jun/2026:15:48:40 +0800] "GET /file5.php HTTP/1.1" 404 27 "-" "-"
20.100.172.253 - - [25/Jun/2026:15:48:40 +0800] "GET /aaf.php HTTP/1.1" 404 27 "-" "-"
20.100.172.253 - - [25/Jun/2026:15:48:40 +0800] "GET /inputs.php HTTP/1.1" 404 27 "-" "-"
20.100.172.253 - - [25/Jun/2026:15:48:41 +0800] "GET /tool.php HTTP/1.1" 404 27 "-" "-"
20.100.172.253 - - [25/Jun/2026:15:48:41 +0800] "GET /file.php HTTP/1.1" 404 27 "-" "-"
20.100.172.253 - - [25/Jun/2026:15:48:41 +0800] "GET /classwithtostring.php HTTP/1.1" 404 27 "-" "-"
20.100.172.253 - - [25/Jun/2026:15:48:41 +0800] "GET /ms-edit.php HTTP/1.1" 404 27 "-" "-"
20.100.172.253 - - [25/Jun/2026:15:48:42 +0800] "GET /lib.php HTTP/1.1" 404 27 "-" "-"
20.100.172.253 - - [25/Jun/2026:15:48:42 +0800] "GET /about.php HTTP/1.1" 404 27 "-" "-"
20.100.172.253 - - [25/Jun/2026:15:48:42 +0800] "GET /wp-blog.php HTTP/1.1" 404 27 "-" "-"
20.100.172.253 - - [25/Jun/2026:15:48:42 +0800] "GET /mh.php HTTP/1.1" 404 27 "-" "-"
20.100.172.253 - - [25/Jun/2026:15:48:43 +0800] "GET /155.php HTTP/1.1" 404 27 "-" "-"
20.100.172.253 - - [25/Jun/2026:15:48:43 +0800] "GET /gifclass.php HTTP/1.1" 404 27 "-" "-"
20.100.172.253 - - [25/Jun/2026:15:48:43 +0800] "GET /amp.php HTTP/1.1" 404 27 "-" "-"
20.100.172.253 - - [25/Jun/2026:15:48:43 +0800] "GET /edit.php HTTP/1.1" 404 27 "-" "-"
20.100.172.253 - - [25/Jun/2026:15:48:44 +0800] "GET /hoeig.php HTTP/1.1" 404 27 "-" "-"
20.100.172.253 - - [25/Jun/2026:15:48:44 +0800] "GET /ioxi-o.php HTTP/1.1" 404 27 "-" "-"
20.100.172.253 - - [25/Jun/2026:15:48:44 +0800] "GET /public/vx.php HTTP/1.1" 404 27 "-" "-"
20.100.172.253 - - [25/Jun/2026:15:48:44 +0800] "GET /motu.php HTTP/1.1" 404 27 "-" "-"
20.100.172.253 - - [25/Jun/2026:15:48:45 +0800] "GET /wp-p2r3q9c8k4.php HTTP/1.1" 404 27 "-" "-"
20.100.172.253 - - [25/Jun/2026:15:48:45 +0800] "GET /fs.php HTTP/1.1" 404 27 "-" "-"
20.100.172.253 - - [25/Jun/2026:15:48:45 +0800] "GET /dass.php HTTP/1.1" 404 27 "-" "-"
20.100.172.253 - - [25/Jun/2026:15:48:45 +0800] "GET /lala.php HTTP/1.1" 404 27 "-" "-"
20.100.172.253 - - [25/Jun/2026:15:48:46 +0800] "GET /wp-the.php HTTP/1.1" 404 27 "-" "-"
20.100.172.253 - - [25/Jun/2026:15:48:46 +0800] "GET /a4.php HTTP/1.1" 404 27 "-" "-"
20.100.172.253 - - [25/Jun/2026:15:48:46 +0800] "GET /wen.php HTTP/1.1" 404 27 "-" "-"
20.100.172.253 - - [25/Jun/2026:15:48:47 +0800] "GET /asd.php HTTP/1.1" 404 27 "-" "-"
20.100.172.253 - - [25/Jun/2026:15:48:47 +0800] "GET /a5.php HTTP/1.1" 404 27 "-" "-"
20.100.172.253 - - [25/Jun/2026:15:48:47 +0800] "GET /wp-blogs.php HTTP/1.1" 404 27 "-" "-"
20.100.172.253 - - [25/Jun/2026:15:48:48 +0800] "GET /666.php HTTP/1.1" 404 27 "-" "-"
20.100.172.253 - - [25/Jun/2026:15:48:48 +0800] "GET /gettest.php HTTP/1.1" 404 27 "-" "-"
20.100.172.253 - - [25/Jun/2026:15:48:48 +0800] "GET /bgymj.php HTTP/1.1" 404 27 "-" "-"
36.133.115.36 - - [25/Jun/2026:15:48:50 +0800] "POST /wp-cron.php?doing_wp_cron=1782373730.3096129894256591796875 HTTP/1.1" 200 31 "-" "WordPress/7.0; http://cqqizhou.com"
20.100.172.253 - - [25/Jun/2026:15:48:50 +0800] "GET /wp-blog-header.php HTTP/1.1" 404 5 "-" "-"
20.100.172.253 - - [25/Jun/2026:15:48:50 +0800] "GET /ajax.php HTTP/1.1" 404 27 "-" "-"
20.100.172.253 - - [25/Jun/2026:15:48:50 +0800] "GET /uuu.php HTTP/1.1" 404 27 "-" "-"
20.100.172.253 - - [25/Jun/2026:15:48:51 +0800] "GET /l.php HTTP/1.1" 404 27 "-" "-"
20.100.172.253 - - [25/Jun/2026:15:48:51 +0800] "GET /wp-png.php HTTP/1.1" 404 27 "-" "-"
20.100.172.253 - - [25/Jun/2026:15:48:51 +0800] "GET /Cap.php HTTP/1.1" 404 27 "-" "-"
20.100.172.253 - - [25/Jun/2026:15:48:51 +0800] "GET /8573.php HTTP/1.1" 404 27 "-" "-"
20.100.172.253 - - [25/Jun/2026:15:48:52 +0800] "GET /levi.php HTTP/1.1" 404 27 "-" "-"
20.100.172.253 - - [25/Jun/2026:15:48:52 +0800] "GET /asasx.php HTTP/1.1" 404 27 "-" "-"
20.100.172.253 - - [25/Jun/2026:15:48:52 +0800] "GET /SrHD3odefault.php HTTP/1.1" 404 27 "-" "-"
20.100.172.253 - - [25/Jun/2026:15:48:52 +0800] "GET /tfm.php HTTP/1.1" 404 27 "-" "-"
20.100.172.253 - - [25/Jun/2026:15:48:53 +0800] "GET /144.php HTTP/1.1" 404 27 "-" "-"
20.100.172.253 - - [25/Jun/2026:15:48:53 +0800] "GET /ppp.php HTTP/1.1" 404 27 "-" "-"
20.100.172.253 - - [25/Jun/2026:15:48:53 +0800] "GET /hehe.php HTTP/1.1" 404 27 "-" "-"
20.100.172.253 - - [25/Jun/2026:15:48:54 +0800] "GET /166.php HTTP/1.1" 404 27 "-" "-"
20.100.172.253 - - [25/Jun/2026:15:48:54 +0800] "GET /ws77.php HTTP/1.1" 404 27 "-" "-"
20.100.172.253 - - [25/Jun/2026:15:48:55 +0800] "GET /333.php HTTP/1.1" 404 27 "-" "-"
20.100.172.253 - - [25/Jun/2026:15:48:55 +0800] "GET /bootstrap.php HTTP/1.1" 404 27 "-" "-"
20.100.172.253 - - [25/Jun/2026:15:48:55 +0800] "GET /amax.php HTTP/1.1" 404 27 "-" "-"
20.100.172.253 - - [25/Jun/2026:15:48:55 +0800] "GET /wp-content/radio.php HTTP/1.1" 404 27 "-" "-"
20.100.172.253 - - [25/Jun/2026:15:48:56 +0800] "GET /wp-good.php HTTP/1.1" 404 27 "-" "-"
20.100.172.253 - - [25/Jun/2026:15:48:56 +0800] "GET /wp-act.php HTTP/1.1" 404 27 "-" "-"
20.100.172.253 - - [25/Jun/2026:15:48:56 +0800] "GET /kj.php HTTP/1.1" 404 27 "-" "-"
20.100.172.253 - - [25/Jun/2026:15:48:57 +0800] "GET /albin.php HTTP/1.1" 404 27 "-" "-"
20.100.172.253 - - [25/Jun/2026:15:48:57 +0800] "GET /csv.php HTTP/1.1" 404 27 "-" "-"
20.100.172.253 - - [25/Jun/2026:15:48:58 +0800] "GET /sg.php HTTP/1.1" 404 27 "-" "-"
20.100.172.253 - - [25/Jun/2026:15:48:58 +0800] "GET /d12.php HTTP/1.1" 404 27 "-" "-"
20.100.172.253 - - [25/Jun/2026:15:48:58 +0800] "GET /tx78.php HTTP/1.1" 404 27 "-" "-"
20.100.172.253 - - [25/Jun/2026:15:48:58 +0800] "GET /8.php HTTP/1.1" 404 27 "-" "-"
20.100.172.253 - - [25/Jun/2026:15:48:59 +0800] "GET /hplfuns.php HTTP/1.1" 404 27 "-" "-"
20.100.172.253 - - [25/Jun/2026:15:48:59 +0800] "GET /rithin.php HTTP/1.1" 404 27 "-" "-"
20.100.172.253 - - [25/Jun/2026:15:48:59 +0800] "GET /bnm.php HTTP/1.1" 404 27 "-" "-"
20.100.172.253 - - [25/Jun/2026:15:48:59 +0800] "GET /sid3.php HTTP/1.1" 404 27 "-" "-"
36.133.115.36 - - [25/Jun/2026:15:50:25 +0800] "POST /wp-cron.php?doing_wp_cron=1782373825.0003631114959716796875 HTTP/1.1" 200 31 "-" "WordPress/7.0; http://cqqizhou.com"
36.133.108.125 - - [25/Jun/2026:15:50:25 +0800] "HEAD /wp-includes/images/release HTTP/1.1" 404 0 "-" "Mozilla/5.0 (Windows; U; Windows NT 6.1; ja-JP) AppleWebKit/533.20.25 (KHTML, like Gecko) Version/5.0.3 Safari/533.19.4"
36.133.115.36 - - [25/Jun/2026:15:52:17 +0800] "POST /wp-cron.php?doing_wp_cron=1782373937.2210640907287597656250 HTTP/1.1" 200 31 "-" "WordPress/7.0; http://cqqizhou.com"
36.133.108.125 - - [25/Jun/2026:15:52:17 +0800] "HEAD /wp-content/fonts/s HTTP/1.1" 404 0 "-" "Mozilla/5.0 (Macintosh; U; Intel Mac OS X 10_6_6; fr-ch) AppleWebKit/533.19.4 (KHTML, like Gecko) Version/5.0.3 Safari/533.19.4"
176.65.139.66 - - [25/Jun/2026:15:52:49 +0800] "GET / HTTP/1.0" 301 0 "-" "Shodan-Pull/1.0"
36.133.115.36 - - [25/Jun/2026:15:56:08 +0800] "POST /wp-cron.php?doing_wp_cron=1782374168.3149878978729248046875 HTTP/1.1" 200 31 "-" "WordPress/7.0; http://cqqizhou.com"
120.241.209.191 - - [25/Jun/2026:15:56:08 +0800] "GET /wp-json/oembed/1.0/embed?url=http%3A%2F%2Fcqqizhou.com%2Fnews%2F2496 HTTP/1.1" 200 1246 "-" "Mozilla/5.0 (Windows NT 10.0; Win64; x64) AppleWebKit/537.36 (KHTML, like Gecko) Chrome/110.0.0.0 Safari/537.36"
36.133.115.36 - - [25/Jun/2026:15:59:46 +0800] "POST /wp-cron.php?doing_wp_cron=1782374386.6719739437103271484375 HTTP/1.1" 200 31 "-" "WordPress/7.0; http://cqqizhou.com"
36.133.108.121 - - [25/Jun/2026:15:59:46 +0800] "HEAD /?id=JJJ0QQQ&action=JJJ1QQQ&page=JJJ2QQQ&name=JJJ3QQQ&f=JJJ4QQQ&url=JJJ5QQQ&email=JJJ6QQQ&type=JJJ7QQQ&file=JJJ8QQQ&title=JJJ9QQQ&code=JJJ10QQQ&q=JJJ11QQQ&user=JJJ12QQQ&token=JJJ13QQQ&t=JJJ14QQQ&c=JJJ15QQQ&data=JJJ16QQQ&mode=JJJ17QQQ&order=JJJ18QQQ&lang=JJJ19QQQ&p=JJJ20QQQ&key=JJJ21QQQ&status=JJJ22QQQ&start=JJJ23QQQ&charset=JJJ24QQQ&s=JJJ25QQQ&post=JJJ26QQQ&login=JJJ27QQQ&search=JJJ28QQQ&content=JJJ29QQQ&comment=JJJ30QQQ&step=JJJ31QQQ&ajax=JJJ32QQQ&debug=JJJ33QQQ&state=JJJ34QQQ&query=JJ HTTP/1.1" 404 0 "-" "Mozilla/5.0 (Macintosh; U; Intel Mac OS X 10_6_7; en-us) AppleWebKit/534.16+ (KHTML, like Gecko) Version/5.0.3 Safari/533.19.4"
36.133.108.125 - - [25/Jun/2026:16:02:38 +0800] "HEAD /wp-content/ HTTP/1.1" 200 0 "-" "Mozilla/5.0 (Macintosh; Intel Mac OS X 10.8; rv:21.0) Gecko/20100101 Firefox/21.0"
36.133.108.119 - - [25/Jun/2026:16:02:38 +0800] "GET /wp-content/ HTTP/1.1" 200 31 "-" "Scrapy/2.8.0 (+https://scrapy.org)"
36.133.108.119 - - [25/Jun/2026:16:03:11 +0800] "HEAD /wp-content/ukhpsg0hpfjh.php HTTP/1.1" 404 0 "-" "Mozilla/5.0 (Windows NT 6.2; WOW64) AppleWebKit/537.14 (KHTML, like Gecko) Chrome/24.0.1292.0 Safari/537.14"
36.133.115.36 - - [25/Jun/2026:16:08:59 +0800] "POST /wp-cron.php?doing_wp_cron=1782374939.1841070652008056640625 HTTP/1.1" 200 31 "-" "WordPress/7.0; http://cqqizhou.com"
36.133.108.121 - - [25/Jun/2026:16:08:59 +0800] "HEAD /wp-admin/js/utf8 HTTP/1.1" 404 0 "-" "Mozilla/5.0 (Windows NT 6.2; WOW64) AppleWebKit/537.36 (KHTML, like Gecko) Chrome/30.0.1599.17 Safari/537.36"
27.99.131.245 - - [25/Jun/2026:16:10:46 +0800] "GET /news/2534 HTTP/1.1" 200 24784 "-" "Mozilla/5.0 (Windows NT 10.0; Win64; x64) AppleWebKit/537.36 (KHTML, like Gecko) Chrome/149.0.0.0 Safari/537.36 Edg/149.0.0.0"
36.133.115.36 - - [25/Jun/2026:16:10:56 +0800] "POST /wp-cron.php?doing_wp_cron=1782375056.8034219741821289062500 HTTP/1.1" 200 31 "-" "WordPress/7.0; http://cqqizhou.com"
72.167.44.205 - - [25/Jun/2026:16:10:56 +0800] "HEAD /invoker/EJBInvokerServlet HTTP/1.1" 404 0 "-" "Mozilla/5.0 (compatible; MSIE 6.0; Windows NT 5.1)"
72.167.44.205 - - [25/Jun/2026:16:10:59 +0800] "HEAD /jmx-console/HtmlAdaptor?action=inspectMBean&name=jboss.system:type=ServerInfo HTTP/1.1" 404 0 "-" "Mozilla/5.0 (compatible; MSIE 6.0; Windows NT 5.1)"
72.167.44.205 - - [25/Jun/2026:16:11:04 +0800] "HEAD /invoker/JMXInvokerServlet HTTP/1.1" 404 0 "-" "Mozilla/5.0 (compatible; MSIE 6.0; Windows NT 5.1)"
36.133.115.36 - - [25/Jun/2026:16:11:10 +0800] "POST /wp-cron.php?doing_wp_cron=1782375070.2616660594940185546875 HTTP/1.1" 200 31 "-" "WordPress/7.0; http://cqqizhou.com"
72.167.44.205 - - [25/Jun/2026:16:11:10 +0800] "HEAD /web-console/ServerInfo.jsp HTTP/1.1" 404 0 "-" "Mozilla/5.0 (compatible; MSIE 6.0; Windows NT 5.1)"
36.133.108.121 - - [25/Jun/2026:16:11:24 +0800] "HEAD /wp-content/languages/scripts HTTP/1.1" 404 0 "-" "Mozilla/5.0 (Macintosh; U; Intel Mac OS X 10_6_6; sv-se) AppleWebKit/533.20.25 (KHTML, like Gecko) Version/5.0.4 Safari/533.20.27"
36.133.115.36 - - [25/Jun/2026:16:12:31 +0800] "POST /wp-cron.php?doing_wp_cron=1782375151.1374940872192382812500 HTTP/1.1" 200 31 "-" "WordPress/7.0; http://cqqizhou.com"
36.133.108.119 - - [25/Jun/2026:16:12:31 +0800] "HEAD /wp-admin/includes/index_files HTTP/1.1" 404 0 "-" "Mozilla/5.0 (compatible; MSIE 8.0; Windows NT 5.1; Trident/4.0; .NET CLR 1.1.4322; .NET CLR 2.0.50727)"
36.133.115.36 - - [25/Jun/2026:16:18:12 +0800] "POST /wp-cron.php?doing_wp_cron=1782375492.8118169307708740234375 HTTP/1.1" 200 31 "-" "WordPress/7.0; http://cqqizhou.com"
36.133.108.119 - - [25/Jun/2026:16:18:12 +0800] "HEAD /wp-admin/images/misc HTTP/1.1" 404 0 "-" "Mozilla/5.0 (X11; Linux x86_64) AppleWebKit/537.36 (KHTML, like Gecko) Chrome/41.0.2227.0 Safari/537.36"
36.133.115.36 - - [25/Jun/2026:16:20:43 +0800] "POST /wp-cron.php?doing_wp_cron=1782375643.9247670173645019531250 HTTP/1.1" 200 31 "-" "WordPress/7.0; http://cqqizhou.com"
51.195.244.197 - - [25/Jun/2026:16:20:43 +0800] "GET /portfolio-category/cold-rolled-coil/ HTTP/1.1" 404 9500 "-" "Mozilla/5.0 (compatible; AhrefsBot/7.0; +http://ahrefs.com/robot/)"
182.124.69.114 - - [25/Jun/2026:16:21:09 +0800] "GET / HTTP/1.1" 200 41074 "-" "Mozilla/5.0 (Macintosh; Intel Mac OS X 10_15_7) AppleWebKit/537.36 (KHTML, like Gecko) Chrome/106.0.0.0 Safari/537.36"
36.133.115.36 - - [25/Jun/2026:16:24:44 +0800] "POST /wp-cron.php?doing_wp_cron=1782375884.3273949623107910156250 HTTP/1.1" 200 31 "-" "WordPress/7.0; http://cqqizhou.com"
36.133.108.125 - - [25/Jun/2026:16:24:44 +0800] "HEAD /pagespeed_global_admin/ HTTP/1.1" 404 0 "-" "Mozilla/5.0 (Windows NT 6.2) AppleWebKit/537.36 (KHTML, like Gecko) Chrome/28.0.1464.0 Safari/537.36"
36.133.108.121 - - [25/Jun/2026:16:25:03 +0800] "HEAD /wp-content/ukhpsg0hpfjh.jsp HTTP/1.1" 404 0 "-" "Mozilla/5.0 (Macintosh; Intel Mac OS X 10_7_5) AppleWebKit/537.36 (KHTML, like Gecko) Chrome/27.0.1453.93 Safari/537.36"
36.133.115.36 - - [25/Jun/2026:16:34:18 +0800] "POST /wp-cron.php?doing_wp_cron=1782376458.6288769245147705078125 HTTP/1.1" 200 31 "-" "WordPress/7.0; http://cqqizhou.com"
212.100.169.223 - - [25/Jun/2026:16:34:18 +0800] "GET / HTTP/1.1" 301 5 "-" "Mozilla/5.0 (Windows NT 10.0; Win64; x64) AppleWebKit/537.36 (KHTML, like Gecko) Chrome/97.0.4280.67 Safari/537.36 Edg/97.0.664.52"
212.100.169.223 - - [25/Jun/2026:16:34:21 +0800] "GET / HTTP/1.1" 200 41074 "-" "Mozilla/5.0 (Windows NT 10.0; Win64; x64) AppleWebKit/537.36 (KHTML, like Gecko) Chrome/97.0.4280.67 Safari/537.36 Edg/97.0.664.52"
119.84.246.117 - - [25/Jun/2026:16:34:58 +0800] "GET / HTTP/1.1" 301 5 "-" "Mozilla/5.0 (Windows NT 6.1; WOW64) AppleWebKit/537.1 (KHTML, like Gecko) Chrome/21.0.1180.89 Safari/537.1"
119.84.246.117 - - [25/Jun/2026:16:34:59 +0800] "GET / HTTP/1.1" 200 171975 "-" "Mozilla/5.0 (Windows NT 6.1; WOW64) AppleWebKit/537.1 (KHTML, like Gecko) Chrome/21.0.1180.89 Safari/537.1"
119.84.246.117 - - [25/Jun/2026:16:35:00 +0800] "GET / HTTP/1.1" 301 5 "-" "Mozilla/5.0 (Windows NT 6.1; WOW64) AppleWebKit/535.19 (KHTML, like Gecko) Chrome/18.0.1025.168 Safari/535.19 QIHU 360EE"
119.84.246.117 - - [25/Jun/2026:16:35:01 +0800] "GET / HTTP/1.1" 200 171975 "-" "Mozilla/5.0 (Windows NT 6.1; WOW64) AppleWebKit/535.19 (KHTML, like Gecko) Chrome/18.0.1025.168 Safari/535.19 QIHU 360EE"
119.84.246.117 - - [25/Jun/2026:16:35:01 +0800] "GET / HTTP/1.1" 301 5 "-" "Mozilla/5.0 (Windows; U; Windows NT 6.1; zh_CN) AppleWebKit/534.7 (KHTML, like Gecko) Chrome/18.0 BIDUBrowser/2.6 Safari/534.7"
119.84.246.117 - - [25/Jun/2026:16:35:01 +0800] "GET / HTTP/1.1" 200 171975 "-" "Mozilla/5.0 (Windows; U; Windows NT 6.1; zh_CN) AppleWebKit/534.7 (KHTML, like Gecko) Chrome/18.0 BIDUBrowser/2.6 Safari/534.7"
36.133.115.36 - - [25/Jun/2026:16:38:21 +0800] "POST /wp-cron.php?doing_wp_cron=1782376701.8835959434509277343750 HTTP/1.1" 200 31 "-" "WordPress/7.0; http://cqqizhou.com"
36.133.108.119 - - [25/Jun/2026:16:38:21 +0800] "HEAD /wp-content/languages/customers.csv HTTP/1.1" 404 0 "-" "Mozilla/5.0 (Windows NT 6.2; WOW64) AppleWebKit/537.14 (KHTML, like Gecko) Chrome/24.0.1292.0 Safari/537.14"
36.133.115.36 - - [25/Jun/2026:16:41:17 +0800] "POST /wp-cron.php?doing_wp_cron=1782376877.9440429210662841796875 HTTP/1.1" 200 31 "-" "WordPress/7.0; http://cqqizhou.com"
36.133.108.121 - - [25/Jun/2026:16:41:17 +0800] "HEAD /wp-admin/js/profile HTTP/1.1" 404 0 "-" "Mozilla/5.0 (X11; Linux x86_64) AppleWebKit/537.36 (KHTML, like Gecko) Chrome/34.0.1847.137 Safari/4E423F"
36.133.115.36 - - [25/Jun/2026:16:42:33 +0800] "POST /wp-cron.php?doing_wp_cron=1782376953.1464860439300537109375 HTTP/1.1" 200 31 "-" "WordPress/7.0; http://cqqizhou.com"
36.133.108.119 - - [25/Jun/2026:16:42:33 +0800] "HEAD /wp-content/languages/profile HTTP/1.1" 404 0 "-" "Mozilla/5.0 (compatible; MSIE 8.0; Windows NT 5.1; Trident/4.0; .NET CLR 1.1.4322; .NET CLR 2.0.50727)"
36.133.115.36 - - [25/Jun/2026:16:47:32 +0800] "POST /wp-cron.php?doing_wp_cron=1782377252.4460558891296386718750 HTTP/1.1" 200 31 "-" "WordPress/7.0; http://cqqizhou.com"
36.133.108.121 - - [25/Jun/2026:16:47:32 +0800] "HEAD /wp-admin/includes/archives HTTP/1.1" 404 0 "-" "Mozilla/5.0 (X11; Ubuntu; Linux x86_64; rv:24.0) Gecko/20100101 Firefox/24.0"
36.133.115.36 - - [25/Jun/2026:16:50:21 +0800] "POST /wp-cron.php?doing_wp_cron=1782377421.6660940647125244140625 HTTP/1.1" 200 31 "-" "WordPress/7.0; http://cqqizhou.com"
36.133.108.125 - - [25/Jun/2026:16:50:21 +0800] "HEAD /wp-admin/includes/.listing HTTP/1.1" 404 0 "-" "Mozilla/5.0 (Macintosh; U; Intel Mac OS X 10_6_6; en-gb) AppleWebKit/533.20.25 (KHTML, like Gecko) Version/5.0.4 Safari/533.20.27"
36.133.115.36 - - [25/Jun/2026:16:53:56 +0800] "POST /wp-cron.php?doing_wp_cron=1782377636.5664079189300537109375 HTTP/1.1" 200 31 "-" "WordPress/7.0; http://cqqizhou.com"
120.228.222.153 - - [25/Jun/2026:16:53:56 +0800] "GET /wp-content/plugins/updraftplus/readme.txt HTTP/1.1" 301 5 "http://www.cqqizhou.com/wp-content/plugins/updraftplus/readme.txt" "Mozilla/5.0 (Windows NT 6.1; WOW64) AppleWebKit/537.11 (KHTML, like Gecko) Chrome/23.0.1271.97 Safari/537.11"
120.228.238.164 - - [25/Jun/2026:16:53:58 +0800] "GET /wp-content/plugins/updraftplus/readme.txt HTTP/1.1" 404 9500 "http://www.cqqizhou.com/wp-content/plugins/updraftplus/readme.txt" "Mozilla/5.0 (Windows NT 6.1; WOW64) AppleWebKit/537.11 (KHTML, like Gecko) Chrome/23.0.1271.97 Safari/537.11"
36.133.115.36 - - [25/Jun/2026:16:54:17 +0800] "POST /wp-cron.php?doing_wp_cron=1782377657.1276659965515136718750 HTTP/1.1" 200 31 "-" "WordPress/7.0; http://cqqizhou.com"
36.133.108.121 - - [25/Jun/2026:16:54:17 +0800] "HEAD /wp-includes/fonts/passwords.mdb HTTP/1.1" 404 0 "-" "Opera/9.80 (Windows NT 5.1; U; cs) Presto/2.7.62 Version/11.01"
36.133.108.121 - - [25/Jun/2026:16:54:49 +0800] "HEAD /wp-includes/build/wc.db HTTP/1.1" 404 0 "-" "Mozilla/5.0 (compatible; MSIE 9.0; Windows NT 6.1; Win64; x64; Trident/5.0"
36.133.115.36 - - [25/Jun/2026:16:57:04 +0800] "POST /wp-cron.php?doing_wp_cron=1782377824.0323100090026855468750 HTTP/1.1" 200 31 "-" "WordPress/7.0; http://cqqizhou.com"
112.3.27.45 - - [25/Jun/2026:16:57:04 +0800] "GET / HTTP/1.1" 301 5 "-" "Mozilla/5.0 (Windows NT 10.0; Win64; x64) AppleWebKit/537.36 (KHTML, like Gecko) Chrome/142.0.0.0 Safari/537.36"
112.3.27.45 - - [25/Jun/2026:16:57:04 +0800] "GET / HTTP/1.1" 200 41074 "-" "Mozilla/5.0 (Windows NT 10.0; Win64; x64) AppleWebKit/537.36 (KHTML, like Gecko) Chrome/142.0.0.0 Safari/537.36"
112.3.27.45 - - [25/Jun/2026:16:57:11 +0800] "GET /wp-json/sliderrevolution/sliders/1?srengine=7&slideid=4 HTTP/1.1" 200 2580 "http://cqqizhou.com/" "Mozilla/5.0 (Windows NT 10.0; Win64; x64) AppleWebKit/537.36 (KHTML, like Gecko) Chrome/142.0.0.0 Safari/537.36"
36.133.115.36 - - [25/Jun/2026:16:57:11 +0800] "POST /wp-cron.php?doing_wp_cron=1782377831.5665729045867919921875 HTTP/1.1" 200 31 "-" "WordPress/7.0; http://cqqizhou.com"
112.3.27.45 - - [25/Jun/2026:16:57:11 +0800] "GET /wp-json/sliderrevolution/sliders/1?srengine=7&slideid=2 HTTP/1.1" 200 2000 "http://cqqizhou.com/" "Mozilla/5.0 (Windows NT 10.0; Win64; x64) AppleWebKit/537.36 (KHTML, like Gecko) Chrome/142.0.0.0 Safari/537.36"
112.3.27.45 - - [25/Jun/2026:16:57:11 +0800] "GET /wp-content/uploads/2026/01/1768276119-qizhoujiagong_Slider_3840%C3%972160_20260113-scaled.webp HTTP/1.1" 200 77380 "http://cqqizhou.com/" "Mozilla/5.0 (Windows NT 10.0; Win64; x64) AppleWebKit/537.36 (KHTML, like Gecko) Chrome/142.0.0.0 Safari/537.36"
112.3.27.45 - - [25/Jun/2026:16:57:11 +0800] "POST /wp-admin/admin-ajax.php HTTP/1.1" 499 0 "http://cqqizhou.com/" "Mozilla/5.0 (Windows NT 10.0; Win64; x64) AppleWebKit/537.36 (KHTML, like Gecko) Chrome/142.0.0.0 Safari/537.36"
112.3.27.45 - - [25/Jun/2026:16:57:11 +0800] "GET /wp-content/uploads/revslider/slider-1/1750861156-logistics_Slider_3840%C3%972160_20250625191356-scaled.webp HTTP/1.1" 200 77380 "http://cqqizhou.com/" "Mozilla/5.0 (Windows NT 10.0; Win64; x64) AppleWebKit/537.36 (KHTML, like Gecko) Chrome/142.0.0.0 Safari/537.36"
36.133.115.36 - - [25/Jun/2026:16:57:13 +0800] "POST /wp-cron.php?doing_wp_cron=1782377833.7258160114288330078125 HTTP/1.1" 200 31 "-" "WordPress/7.0; http://cqqizhou.com"
36.133.115.36 - - [25/Jun/2026:16:59:03 +0800] "POST /wp-cron.php?doing_wp_cron=1782377943.1400640010833740234375 HTTP/1.1" 200 31 "-" "WordPress/7.0; http://cqqizhou.com"
43.135.145.117 - - [25/Jun/2026:16:59:03 +0800] "GET / HTTP/1.1" 301 5 "-" "Mozilla/5.0 (iPhone; CPU iPhone OS 13_2_3 like Mac OS X) AppleWebKit/605.1.15 (KHTML, like Gecko) Version/13.0.3 Mobile/15E148 Safari/604.1"
43.135.145.117 - - [25/Jun/2026:16:59:05 +0800] "GET / HTTP/1.1" 200 35183 "http://www.cqqizhou.com" "Mozilla/5.0 (iPhone; CPU iPhone OS 13_2_3 like Mac OS X) AppleWebKit/605.1.15 (KHTML, like Gecko) Version/13.0.3 Mobile/15E148 Safari/604.1"
36.133.115.36 - - [25/Jun/2026:17:01:35 +0800] "POST /wp-cron.php?doing_wp_cron=1782378095.4231429100036621093750 HTTP/1.1" 200 31 "-" "WordPress/7.0; http://cqqizhou.com"
36.133.108.121 - - [25/Jun/2026:17:01:35 +0800] "HEAD /common HTTP/1.1" 404 0 "-" "Mozilla/5.0 (Macintosh; U; Intel Mac OS X 10_6_6; sv-se) AppleWebKit/533.20.25 (KHTML, like Gecko) Version/5.0.4 Safari/533.20.27"
36.133.115.36 - - [25/Jun/2026:17:04:54 +0800] "POST /wp-cron.php?doing_wp_cron=1782378294.3572199344635009765625 HTTP/1.1" 200 31 "-" "WordPress/7.0; http://cqqizhou.com"
120.228.239.163 - - [25/Jun/2026:17:04:54 +0800] "GET /wp-content/plugins/updraftplus/readme.txt HTTP/1.1" 404 9499 "http://cqqizhou.com/wp-content/plugins/updraftplus/readme.txt" "Mozilla/5.0 (Windows NT 6.1; WOW64) AppleWebKit/537.11 (KHTML, like Gecko) Chrome/23.0.1271.97 Safari/537.11"
36.133.115.36 - - [25/Jun/2026:17:08:09 +0800] "POST /wp-cron.php?doing_wp_cron=1782378489.1883399486541748046875 HTTP/1.1" 200 31 "-" "WordPress/7.0; http://cqqizhou.com"
36.133.108.119 - - [25/Jun/2026:17:08:09 +0800] "HEAD /wp-includes/images/cache_html HTTP/1.1" 404 0 "-" "Mozilla/5.0 (Macintosh; U; Intel Mac OS X 10_5_8; zh-cn) AppleWebKit/533.18.1 (KHTML, like Gecko) Version/5.0.2 Safari/533.18.5"
36.133.115.36 - - [25/Jun/2026:17:14:11 +0800] "POST /wp-cron.php?doing_wp_cron=1782378851.1183209419250488281250 HTTP/1.1" 200 31 "-" "WordPress/7.0; http://cqqizhou.com"
36.133.108.121 - - [25/Jun/2026:17:14:11 +0800] "HEAD /swagger-json HTTP/1.1" 404 0 "-" "Mozilla/5.0 (iPad; U; CPU OS 3_2 like Mac OS X; en-us) AppleWebKit/531.21.10 (KHTML, like Gecko) Version/4.0.4 Mobile/7B334b Safari/531.21.10"
36.133.115.36 - - [25/Jun/2026:17:15:59 +0800] "POST /wp-cron.php?doing_wp_cron=1782378959.4466059207916259765625 HTTP/1.1" 200 31 "-" "WordPress/7.0; http://cqqizhou.com"
85.208.96.194 - - [25/Jun/2026:17:15:59 +0800] "GET /robots.txt HTTP/1.1" 200 190 "-" "Mozilla/5.0 (compatible; SemrushBot/7~bl; +http://www.semrush.com/bot.html)"
36.133.115.36 - - [25/Jun/2026:17:28:38 +0800] "POST /wp-cron.php?doing_wp_cron=1782379718.5364220142364501953125 HTTP/1.1" 200 31 "-" "WordPress/7.0; http://cqqizhou.com"
34.79.93.108 - - [25/Jun/2026:17:28:38 +0800] "GET / HTTP/1.1" 301 5 "-" "python-requests/2.32.5"
36.133.115.36 - - [25/Jun/2026:17:30:12 +0800] "POST /wp-cron.php?doing_wp_cron=1782379812.5587880611419677734375 HTTP/1.1" 200 31 "-" "WordPress/7.0; http://cqqizhou.com"
36.133.108.121 - - [25/Jun/2026:17:30:12 +0800] "HEAD /wp-admin/images/personal.mdb HTTP/1.1" 404 0 "-" "Mozilla/5.0 (iPad; U; CPU OS 3_2 like Mac OS X; en-us) AppleWebKit/531.21.10 (KHTML, like Gecko) Version/4.0.4 Mobile/7B334b Safari/531.21.10"
36.133.108.125 - - [25/Jun/2026:17:30:17 +0800] "HEAD /wp-admin/includes/phpsysinfo HTTP/1.1" 404 0 "-" "Mozilla/5.0 (Macintosh; U; Intel Mac OS X 10_6_6; en-gb) AppleWebKit/533.20.25 (KHTML, like Gecko) Version/5.0.4 Safari/533.20.27"
36.133.108.119 - - [25/Jun/2026:17:30:23 +0800] "HEAD /wp-includes/user_guide HTTP/1.1" 404 0 "-" "Mozilla/5.0 (Windows NT 6.1; WOW64) AppleWebKit/537.17 (KHTML, like Gecko) Chrome/24.0.1312.60 Safari/537.17"
36.133.108.119 - - [25/Jun/2026:17:34:20 +0800] "HEAD /drupal/install.php?profile=default HTTP/1.1" 404 0 "-" "Mozilla/5.0 (compatible; MSIE 8.0; Windows NT 5.1; Trident/4.0; .NET CLR 1.1.4322; .NET CLR 2.0.50727)"
36.133.115.36 - - [25/Jun/2026:17:37:25 +0800] "POST /wp-cron.php?doing_wp_cron=1782380245.3333849906921386718750 HTTP/1.1" 200 31 "-" "WordPress/7.0; http://cqqizhou.com"
36.133.108.125 - - [25/Jun/2026:17:37:25 +0800] "HEAD /wp-admin/js/debug.inc HTTP/1.1" 404 0 "-" "Mozilla/5.0 (compatible; MSIE 9.0; Windows NT 6.1; Trident/5.0; yie8)"
36.133.108.121 - - [25/Jun/2026:17:42:39 +0800] "HEAD /users HTTP/1.1" 499 0 "-" "Mozilla/5.0 (iPad; U; CPU OS 3_2 like Mac OS X; en-us) AppleWebKit/531.21.10 (KHTML, like Gecko) Version/4.0.4 Mobile/7B334b Safari/531.21.10"
36.133.115.36 - - [25/Jun/2026:17:42:41 +0800] "POST /wp-cron.php?doing_wp_cron=1782380561.0920460224151611328125 HTTP/1.1" 200 31 "-" "WordPress/7.0; http://cqqizhou.com"
36.133.115.36 - - [25/Jun/2026:17:44:52 +0800] "POST /wp-cron.php?doing_wp_cron=1782380692.0470380783081054687500 HTTP/1.1" 200 31 "-" "WordPress/7.0; http://cqqizhou.com"
110.249.202.231 - - [25/Jun/2026:17:44:52 +0800] "GET /news/2361 HTTP/1.1" 200 21485 "-" "Mozilla/5.0 (Linux; Android 5.0) AppleWebKit/537.36 (KHTML, like Gecko) Mobile Safari/537.36 (compatible; Bytespider; https://zhanzhang.toutiao.com/)"
110.249.202.231 - - [25/Jun/2026:17:44:52 +0800] "GET /wp-content/uploads/2025/12/1766064629-Article_images_20251218212623-768x427.webp HTTP/1.1" 206 500 "http://cqqizhou.com/news/2361" "Mozilla/5.0 (Linux; Android 5.0) AppleWebKit/537.36 (KHTML, like Gecko) Mobile Safari/537.36 (compatible; Bytespider; https://zhanzhang.toutiao.com/)"
110.249.202.49 - - [25/Jun/2026:17:44:52 +0800] "GET /wp-content/uploads/2026/06/1782182572-Article_images_W900px-768x432.webp HTTP/1.1" 206 500 "http://cqqizhou.com/news/2361" "Mozilla/5.0 (Linux; Android 5.0) AppleWebKit/537.36 (KHTML, like Gecko) Mobile Safari/537.36 (compatible; Bytespider; https://zhanzhang.toutiao.com/)"
110.249.202.110 - - [25/Jun/2026:17:44:52 +0800] "GET /wp-content/uploads/2026/06/1781880807-Article_images_W900px-768x432.webp HTTP/1.1" 206 500 "http://cqqizhou.com/news/2361" "Mozilla/5.0 (Linux; Android 5.0) AppleWebKit/537.36 (KHTML, like Gecko) Mobile Safari/537.36 (compatible; Bytespider; https://zhanzhang.toutiao.com/)"
110.249.202.152 - - [25/Jun/2026:17:44:52 +0800] "GET /wp-content/uploads/2025/12/1766064723-Article_images_20251218212625-768x576.webp HTTP/1.1" 206 500 "http://cqqizhou.com/news/2361" "Mozilla/5.0 (Linux; Android 5.0) AppleWebKit/537.36 (KHTML, like Gecko) Mobile Safari/537.36 (compatible; Bytespider; https://zhanzhang.toutiao.com/)"
110.249.202.21 - - [25/Jun/2026:17:44:52 +0800] "GET /wp-content/uploads/2025/12/1766064671-Article_images_20251218212624-768x576.webp HTTP/1.1" 206 500 "http://cqqizhou.com/news/2361" "Mozilla/5.0 (Linux; Android 5.0) AppleWebKit/537.36 (KHTML, like Gecko) Mobile Safari/537.36 (compatible; Bytespider; https://zhanzhang.toutiao.com/)"
