110.249.202.49 - - [25/Jun/2026:17:44:52 +0800] "GET /wp-content/uploads/2025/07/1751425283-qizhou.kf_.qq_.com_.webp HTTP/1.1" 206 500 "http://cqqizhou.com/news/2361" "Mozilla/5.0 (Linux; Android 5.0) AppleWebKit/537.36 (KHTML, like Gecko) Mobile Safari/537.36 (compatible; Bytespider; https://zhanzhang.toutiao.com/)"
110.249.202.21 - - [25/Jun/2026:17:44:52 +0800] "GET /wp-content/uploads/2025/12/1766373833-Article_images_20251219-768x576.webp HTTP/1.1" 206 500 "http://cqqizhou.com/news/2361" "Mozilla/5.0 (Linux; Android 5.0) AppleWebKit/537.36 (KHTML, like Gecko) Mobile Safari/537.36 (compatible; Bytespider; https://zhanzhang.toutiao.com/)"
110.249.202.231 - - [25/Jun/2026:17:44:52 +0800] "GET /wp-content/uploads/2025/12/1766373840-Article_images_20251220-768x576.webp HTTP/1.1" 206 500 "http://cqqizhou.com/news/2361" "Mozilla/5.0 (Linux; Android 5.0) AppleWebKit/537.36 (KHTML, like Gecko) Mobile Safari/537.36 (compatible; Bytespider; https://zhanzhang.toutiao.com/)"
36.133.115.36 - - [25/Jun/2026:17:46:07 +0800] "POST /wp-cron.php?doing_wp_cron=1782380767.4644229412078857421875 HTTP/1.1" 200 31 "-" "WordPress/7.0; http://cqqizhou.com"
36.133.108.125 - - [25/Jun/2026:17:46:07 +0800] "HEAD /api/swagger-json HTTP/1.1" 404 0 "-" "Mozilla/4.0 (compatible; MSIE 8.0; Windows NT 6.1; WOW64; Trident/4.0; SLCC2; Media Center PC 6.0; InfoPath.2; MS-RTC LM 8"
36.133.115.36 - - [25/Jun/2026:17:47:34 +0800] "POST /wp-cron.php?doing_wp_cron=1782380854.5063660144805908203125 HTTP/1.1" 200 31 "-" "WordPress/7.0; http://cqqizhou.com"
36.133.108.119 - - [25/Jun/2026:17:47:34 +0800] "HEAD /Gemfile HTTP/1.1" 404 0 "-" "Mozilla/5.0 (Windows NT 6.1; WOW64) AppleWebKit/537.17 (KHTML, like Gecko) Chrome/24.0.1312.60 Safari/537.17"
36.133.108.121 - - [25/Jun/2026:17:47:48 +0800] "HEAD /admin/backup.tar HTTP/1.1" 404 0 "-" "Mozilla/5.0 (iPad; U; CPU OS 3_2 like Mac OS X; en-us) AppleWebKit/531.21.10 (KHTML, like Gecko) Version/4.0.4 Mobile/7B334b Safari/531.21.10"
36.133.115.36 - - [25/Jun/2026:17:48:10 +0800] "POST /wp-cron.php?doing_wp_cron=1782380890.0744669437408447265625 HTTP/1.1" 200 31 "-" "WordPress/7.0; http://cqqizhou.com"
36.133.108.119 - - [25/Jun/2026:17:48:10 +0800] "HEAD /web.config HTTP/1.1" 404 0 "-" "Mozilla/5.0 (iPad; CPU OS 6_0 like Mac OS X) AppleWebKit/536.26 (KHTML, like Gecko) Version/6.0 Mobile/10A5355d Safari/8536.25"
36.133.108.119 - - [25/Jun/2026:17:48:23 +0800] "HEAD /wp-content/_install HTTP/1.1" 404 0 "-" "Mozilla/5.0 (Macintosh; U; Intel Mac OS X 10_5_8; zh-cn) AppleWebKit/533.18.1 (KHTML, like Gecko) Version/5.0.2 Safari/533.18.5"
36.133.115.36 - - [25/Jun/2026:17:53:39 +0800] "POST /wp-cron.php?doing_wp_cron=1782381219.5793349742889404296875 HTTP/1.1" 200 31 "-" "WordPress/7.0; http://cqqizhou.com"
43.165.167.69 - - [25/Jun/2026:17:53:39 +0800] "GET / HTTP/1.1" 200 35184 "-" "Mozilla/5.0 (iPhone; CPU iPhone OS 13_2_3 like Mac OS X) AppleWebKit/605.1.15 (KHTML, like Gecko) Version/13.0.3 Mobile/15E148 Safari/604.1"
36.133.115.36 - - [25/Jun/2026:17:55:05 +0800] "POST /wp-cron.php?doing_wp_cron=1782381305.0143139362335205078125 HTTP/1.1" 200 31 "-" "WordPress/7.0; http://cqqizhou.com"
51.89.129.115 - - [25/Jun/2026:17:55:05 +0800] "GET /robots.txt HTTP/1.1" 200 190 "-" "Mozilla/5.0 (compatible; AhrefsBot/7.0; +http://ahrefs.com/robot/)"
198.244.240.54 - - [25/Jun/2026:17:55:07 +0800] "GET /portfolio-category/cold-rolled-coil/ HTTP/1.1" 404 9500 "-" "Mozilla/5.0 (compatible; AhrefsBot/7.0; +http://ahrefs.com/robot/)"
36.133.115.36 - - [25/Jun/2026:17:55:53 +0800] "POST /wp-cron.php?doing_wp_cron=1782381353.6078050136566162109375 HTTP/1.1" 200 31 "-" "WordPress/7.0; http://cqqizhou.com"
36.133.108.121 - - [25/Jun/2026:17:55:53 +0800] "HEAD /actuator/ HTTP/1.1" 404 0 "-" "Mozilla/5.0 (X11; Ubuntu; Linux x86_64; rv:24.0) Gecko/20100101 Firefox/24.0"
36.133.115.36 - - [25/Jun/2026:17:56:43 +0800] "POST /wp-cron.php?doing_wp_cron=1782381403.7090959548950195312500 HTTP/1.1" 200 31 "-" "WordPress/7.0; http://cqqizhou.com"
36.133.108.119 - - [25/Jun/2026:17:56:43 +0800] "HEAD /cgi-sys/entropysearch.cgi HTTP/1.1" 404 0 "-" "Mozilla/5.0 (iPad; CPU OS 6_0 like Mac OS X) AppleWebKit/536.26 (KHTML, like Gecko) Version/6.0 Mobile/10A5355d Safari/8536.25"
36.133.108.119 - - [25/Jun/2026:17:56:47 +0800] "HEAD /index.html HTTP/1.1" 200 0 "-" "Mozilla/5.0 (Windows NT 6.1) AppleWebKit/537.36 (KHTML, like Gecko) Chrome/27.0.1453.90 Safari/537.36"
111.199.87.199 - - [25/Jun/2026:17:57:24 +0800] "GET /news/portfolio/%E5%86%B7%E8%BD%A7%E6%9D%BF HTTP/1.1" 200 22740 "-" "Mozilla/5.0 (Macintosh; Intel Mac OS X 10_15_7) AppleWebKit/537.36 (KHTML, like Gecko) Chrome/134.0.0.0 Safari/537.36"
36.133.115.36 - - [25/Jun/2026:17:59:51 +0800] "POST /wp-cron.php?doing_wp_cron=1782381590.9698770046234130859375 HTTP/1.1" 200 31 "-" "WordPress/7.0; http://cqqizhou.com"
36.133.108.125 - - [25/Jun/2026:17:59:51 +0800] "HEAD /index.php HTTP/1.1" 200 0 "-" "Mozilla/4.0 (compatible; MSIE 8.0; Windows NT 6.1; WOW64; Trident/4.0; SLCC2; Media Center PC 6.0; InfoPath.2; MS-RTC LM 8"
36.133.108.125 - - [25/Jun/2026:18:00:04 +0800] "HEAD /packages.config HTTP/1.1" 404 0 "-" "Mozilla/5.0 (Macintosh; U; Intel Mac OS X 10_6_6; fr-ch) AppleWebKit/533.19.4 (KHTML, like Gecko) Version/5.0.3 Safari/533.19.4"
36.133.115.36 - - [25/Jun/2026:18:08:13 +0800] "POST /wp-cron.php?doing_wp_cron=1782382092.9821429252624511718750 HTTP/1.1" 200 31 "-" "WordPress/7.0; http://cqqizhou.com"
36.133.108.119 - - [25/Jun/2026:18:08:13 +0800] "HEAD /wp-admin/includes/id_dsa HTTP/1.1" 404 0 "-" "Mozilla/5.0 (Macintosh; Intel Mac OS X 10_8_3) AppleWebKit/537.36 (KHTML, like Gecko) Chrome/27.0.1453.93 Safari/537.36"
36.133.115.36 - - [25/Jun/2026:18:19:02 +0800] "POST /wp-cron.php?doing_wp_cron=1782382742.4835529327392578125000 HTTP/1.1" 200 31 "-" "WordPress/7.0; http://cqqizhou.com"
36.133.108.119 - - [25/Jun/2026:18:19:02 +0800] "HEAD /footer HTTP/1.1" 404 0 "-" "Mozilla/5.0 (compatible; MSIE 8.0; Windows NT 5.1; Trident/4.0; SLCC1; .NET CLR 3.0.4506.2152; .NET CLR 3.5.30729; .NET CLR 1.1.4322)"
36.133.115.36 - - [25/Jun/2026:18:27:12 +0800] "POST /wp-cron.php?doing_wp_cron=1782383232.3867690563201904296875 HTTP/1.1" 200 31 "-" "WordPress/7.0; http://cqqizhou.com"
85.208.96.200 - - [25/Jun/2026:18:27:12 +0800] "GET /robots.txt HTTP/1.1" 200 190 "-" "Mozilla/5.0 (compatible; SemrushBot/7~bl; +http://www.semrush.com/bot.html)"
36.133.115.36 - - [25/Jun/2026:18:33:41 +0800] "POST /wp-cron.php?doing_wp_cron=1782383621.2680420875549316406250 HTTP/1.1" 200 31 "-" "WordPress/7.0; http://cqqizhou.com"
129.211.229.121 - - [25/Jun/2026:18:33:41 +0800] "GET / HTTP/1.1" 200 35183 "-" "Mozilla/5.0 (iPhone; CPU iPhone OS 13_2_3 like Mac OS X) AppleWebKit/605.1.15 (KHTML, like Gecko) Version/13.0.3 Mobile/15E148 Safari/604.1"
36.133.115.36 - - [25/Jun/2026:18:34:58 +0800] "POST /wp-cron.php?doing_wp_cron=1782383698.3902339935302734375000 HTTP/1.1" 200 31 "-" "WordPress/7.0; http://cqqizhou.com"
36.133.108.125 - - [25/Jun/2026:18:34:58 +0800] "HEAD /wp-content/upgrade/.history HTTP/1.1" 404 0 "-" "Mozilla/5.0 (Macintosh; U; Intel Mac OS X 10_6_6; en-gb) AppleWebKit/533.20.25 (KHTML, like Gecko) Version/5.0.4 Safari/533.20.27"
36.133.115.36 - - [25/Jun/2026:18:36:05 +0800] "POST /wp-cron.php?doing_wp_cron=1782383765.3741719722747802734375 HTTP/1.1" 200 31 "-" "WordPress/7.0; http://cqqizhou.com"
36.133.108.121 - - [25/Jun/2026:18:36:05 +0800] "HEAD /wp-includes/build/phppgadmin HTTP/1.1" 404 0 "-" "Mozilla/5.0 (Macintosh; U; Intel Mac OS X 10_6_7; en-us) AppleWebKit/534.16+ (KHTML, like Gecko) Version/5.0.3 Safari/533.19.4"
36.133.115.36 - - [25/Jun/2026:18:40:56 +0800] "POST /wp-cron.php?doing_wp_cron=1782384056.0204529762268066406250 HTTP/1.1" 200 31 "-" "WordPress/7.0; http://cqqizhou.com"
36.133.108.119 - - [25/Jun/2026:18:40:56 +0800] "HEAD /wp-content/global.asax.bak HTTP/1.1" 404 0 "-" "Mozilla/5.0 (Windows; U; Windows NT 6.1; en-US) AppleWebKit/533.20.25 (KHTML, like Gecko) Version/5.0.4 Safari/533.20.27"
36.133.108.125 - - [25/Jun/2026:18:41:09 +0800] "HEAD /wp-content/languages HTTP/1.1" 301 0 "-" "Mozilla/5.0 (Windows NT 6.2) AppleWebKit/537.36 (KHTML, like Gecko) Chrome/28.0.1464.0 Safari/537.36"
36.133.115.36 - - [25/Jun/2026:18:41:12 +0800] "POST /wp-cron.php?doing_wp_cron=1782384072.3393249511718750000000 HTTP/1.1" 200 31 "-" "WordPress/7.0; http://cqqizhou.com"
36.133.108.121 - - [25/Jun/2026:18:41:12 +0800] "HEAD /updates HTTP/1.1" 404 0 "-" "Opera/9.80 (Windows NT 5.1; U; cs) Presto/2.7.62 Version/11.01"
36.133.115.36 - - [25/Jun/2026:18:48:41 +0800] "POST /wp-cron.php?doing_wp_cron=1782384521.3689680099487304687500 HTTP/1.1" 200 31 "-" "WordPress/7.0; http://cqqizhou.com"
36.133.108.119 - - [25/Jun/2026:18:48:41 +0800] "HEAD /wp-content/upgrade/access.log HTTP/1.1" 404 0 "-" "Mozilla/5.0 (Windows NT 6.1) AppleWebKit/537.36 (KHTML, like Gecko) Chrome/27.0.1453.90 Safari/537.36"
36.133.108.125 - - [25/Jun/2026:18:57:10 +0800] "HEAD /wp-includes/js/plupload/ HTTP/1.1" 403 0 "-" "Mozilla/5.0 (Macintosh; U; Intel Mac OS X 10_6_6; fr-ch) AppleWebKit/533.19.4 (KHTML, like Gecko) Version/5.0.3 Safari/533.19.4"
36.133.108.119 - - [25/Jun/2026:18:57:17 +0800] "HEAD /wp-includes/images/media/ HTTP/1.1" 403 0 "-" "Mozilla/5.0 (Windows; U; Windows NT 6.1; en-US) AppleWebKit/533.20.25 (KHTML, like Gecko) Version/5.0.4 Safari/533.20.27"
36.133.115.36 - - [25/Jun/2026:18:57:24 +0800] "POST /wp-cron.php?doing_wp_cron=1782385043.9985549449920654296875 HTTP/1.1" 200 31 "-" "WordPress/7.0; http://cqqizhou.com"
36.133.108.121 - - [25/Jun/2026:18:57:24 +0800] "HEAD /wp-admin/user/ HTTP/1.1" 302 0 "-" "Mozilla/5.0 (Windows NT 6.1; rv:21.0) Gecko/20100101 Firefox/21.0"
36.133.108.119 - - [25/Jun/2026:18:57:37 +0800] "HEAD /wp-content/cache/ HTTP/1.1" 403 0 "-" "Mozilla/5.0 (Windows NT 6.1) AppleWebKit/537.36 (KHTML, like Gecko) Chrome/27.0.1453.90 Safari/537.36"
194.187.178.254 - - [25/Jun/2026:18:57:48 +0800] "GET / HTTP/1.1" 301 5 "-" "Mozilla/5.0 (Windows NT 10.0; Win64; x64; rv:65.0) Gecko/20100101 Firefox/65.0"
194.187.178.133 - - [25/Jun/2026:18:57:49 +0800] "GET / HTTP/1.1" 200 41074 "http://36.133.115.36:80/" "Mozilla/5.0 (Windows NT 10.0; Win64; x64; rv:65.0) Gecko/20100101 Firefox/65.0"
36.133.115.36 - - [25/Jun/2026:18:58:16 +0800] "POST /wp-cron.php?doing_wp_cron=1782385096.0988879203796386718750 HTTP/1.1" 200 31 "-" "WordPress/7.0; http://cqqizhou.com"
62.210.142.164 - - [25/Jun/2026:18:58:16 +0800] "GET / HTTP/1.0" 301 0 "-" "Mozilla/5.0 (compatible; GenomeCrawlerd/1.0; +https://www.nokia.com/genomecrawler)"
36.133.115.36 - - [25/Jun/2026:18:59:22 +0800] "POST /wp-cron.php?doing_wp_cron=1782385162.1227030754089355468750 HTTP/1.1" 200 31 "-" "WordPress/7.0; http://cqqizhou.com"
62.210.142.164 - - [25/Jun/2026:18:59:22 +0800] "GET / HTTP/1.0" 301 0 "-" "Mozilla/5.0 (compatible; GenomeCrawlerd/1.0; +https://www.nokia.com/genomecrawler)"
62.210.142.164 - - [25/Jun/2026:18:59:41 +0800] "GET / HTTP/1.1" 301 5 "-" "Mozilla/5.0 (compatible; GenomeCrawlerd/1.0; +https://www.nokia.com/genomecrawler)"
62.210.142.164 - - [25/Jun/2026:18:59:44 +0800] "GET / HTTP/1.1" 200 35184 "http://36.133.115.36/" "Mozilla/5.0 (compatible; GenomeCrawlerd/1.0; +https://www.nokia.com/genomecrawler)"
36.133.115.36 - - [25/Jun/2026:19:07:14 +0800] "POST /wp-cron.php?doing_wp_cron=1782385634.3586859703063964843750 HTTP/1.1" 200 31 "-" "WordPress/7.0; http://cqqizhou.com"
36.133.108.121 - - [25/Jun/2026:19:07:14 +0800] "HEAD /wp-includes/js/mt-check.cgi HTTP/1.1" 404 0 "-" "Mozilla/5.0 (X11; Ubuntu; Linux x86_64; rv:24.0) Gecko/20100101 Firefox/24.0"
36.133.108.121 - - [25/Jun/2026:19:07:39 +0800] "HEAD /wp-includes/build/user_guide HTTP/1.1" 404 0 "-" "Mozilla/5.0 (iPad; U; CPU OS 3_2 like Mac OS X; en-us) AppleWebKit/531.21.10 (KHTML, like Gecko) Version/4.0.4 Mobile/7B334b Safari/531.21.10"
36.133.115.36 - - [25/Jun/2026:19:08:09 +0800] "POST /wp-cron.php?doing_wp_cron=1782385689.7282919883728027343750 HTTP/1.1" 200 31 "-" "WordPress/7.0; http://cqqizhou.com"
36.133.108.119 - - [25/Jun/2026:19:08:09 +0800] "HEAD /wp-content/fonts/intranet HTTP/1.1" 404 0 "-" "Mozilla/5.0 (Windows NT 6.1) AppleWebKit/537.36 (KHTML, like Gecko) Chrome/27.0.1453.90 Safari/537.36"
36.133.115.36 - - [25/Jun/2026:19:12:27 +0800] "POST /wp-cron.php?doing_wp_cron=1782385947.8883869647979736328125 HTTP/1.1" 200 31 "-" "WordPress/7.0; http://cqqizhou.com"
51.195.183.76 - - [25/Jun/2026:19:12:27 +0800] "GET /portfolio-category/cold-rolled-coil/ HTTP/1.1" 404 9500 "-" "Mozilla/5.0 (compatible; AhrefsBot/7.0; +http://ahrefs.com/robot/)"
43.98.181.219 - - [25/Jun/2026:19:15:25 +0800] "GET / HTTP/1.1" 499 0 "-" "curl/7.78.0"
36.133.115.36 - - [25/Jun/2026:19:15:25 +0800] "POST /wp-cron.php?doing_wp_cron=1782386125.2197740077972412109375 HTTP/1.1" 200 31 "-" "WordPress/7.0; http://cqqizhou.com"
36.133.115.36 - - [25/Jun/2026:19:19:32 +0800] "POST /wp-cron.php?doing_wp_cron=1782386372.3762359619140625000000 HTTP/1.1" 200 31 "-" "WordPress/7.0; http://cqqizhou.com"
36.133.108.125 - - [25/Jun/2026:19:19:32 +0800] "HEAD /wp-content/english HTTP/1.1" 404 0 "-" "Mozilla/5.0 (compatible; MSIE 9.0; Windows NT 6.1; Trident/5.0; yie8)"
36.133.115.36 - - [25/Jun/2026:19:28:12 +0800] "POST /wp-cron.php?doing_wp_cron=1782386892.4422519207000732421875 HTTP/1.1" 200 31 "-" "WordPress/7.0; http://cqqizhou.com"
36.133.108.125 - - [25/Jun/2026:19:28:12 +0800] "HEAD /wp-includes/fonts/admin-console HTTP/1.1" 404 0 "-" "Mozilla/5.0 (compatible; MSIE 9.0; Windows NT 6.1; Trident/5.0; yie8)"
36.133.108.125 - - [25/Jun/2026:19:28:33 +0800] "HEAD /wp-includes/fonts%20Ib74V/ HTTP/1.1" 404 0 "-" "Mozilla/4.0 (compatible; MSIE 8.0; Windows NT 6.1; WOW64; Trident/4.0; SLCC2; Media Center PC 6.0; InfoPath.2; MS-RTC LM 8"
36.133.115.36 - - [25/Jun/2026:19:31:13 +0800] "POST /wp-cron.php?doing_wp_cron=1782387073.7156260013580322265625 HTTP/1.1" 200 31 "-" "WordPress/7.0; http://cqqizhou.com"
43.164.0.96 - - [25/Jun/2026:19:31:13 +0800] "GET / HTTP/1.1" 301 5 "-" "Mozilla/5.0 (iPhone; CPU iPhone OS 13_2_3 like Mac OS X) AppleWebKit/605.1.15 (KHTML, like Gecko) Version/13.0.3 Mobile/15E148 Safari/604.1"
43.164.0.96 - - [25/Jun/2026:19:31:16 +0800] "GET / HTTP/1.1" 200 35184 "http://36.133.115.36" "Mozilla/5.0 (iPhone; CPU iPhone OS 13_2_3 like Mac OS X) AppleWebKit/605.1.15 (KHTML, like Gecko) Version/13.0.3 Mobile/15E148 Safari/604.1"
36.133.115.36 - - [25/Jun/2026:19:32:34 +0800] "POST /wp-cron.php?doing_wp_cron=1782387154.8317511081695556640625 HTTP/1.1" 200 31 "-" "WordPress/7.0; http://cqqizhou.com"
36.133.108.119 - - [25/Jun/2026:19:32:34 +0800] "HEAD /wp-includes/js/aspnet HTTP/1.1" 404 0 "-" "Mozilla/5.0 (X11; Linux x86_64) AppleWebKit/537.36 (KHTML, like Gecko) Chrome/41.0.2227.0 Safari/537.36"
36.133.115.36 - - [25/Jun/2026:19:37:56 +0800] "POST /wp-cron.php?doing_wp_cron=1782387476.6853370666503906250000 HTTP/1.1" 200 31 "-" "WordPress/7.0; http://cqqizhou.com"
36.133.108.119 - - [25/Jun/2026:19:37:56 +0800] "HEAD /wp-content/fonts/userfiles HTTP/1.1" 404 0 "-" "Mozilla/5.0 (Windows; U; Windows NT 6.1; en-US) AppleWebKit/533.20.25 (KHTML, like Gecko) Version/5.0.4 Safari/533.20.27"
216.244.66.245 - - [25/Jun/2026:19:38:01 +0800] "GET /robots.txt HTTP/1.1" 200 390 "-" "Mozilla/5.0 (compatible; DotBot/1.2; +https://opensiteexplorer.org/dotbot; help@moz.com)"
198.244.240.2 - - [25/Jun/2026:19:41:01 +0800] "GET /news/2502 HTTP/1.1" 200 25207 "-" "Mozilla/5.0 (compatible; AhrefsBot/7.0; +http://ahrefs.com/robot/)"
216.244.66.245 - - [25/Jun/2026:19:43:01 +0800] "GET /news/2601 HTTP/1.1" 200 85386 "-" "Mozilla/5.0 (compatible; DotBot/1.2; +https://opensiteexplorer.org/dotbot; help@moz.com)"
51.89.129.184 - - [25/Jun/2026:19:43:38 +0800] "GET /wp-content/uploads/2025/07/1750656103-Visionr2000x800_20250623131702.webp HTTP/1.1" 200 57650 "-" "Mozilla/5.0 (compatible; AhrefsBot/7.0; +http://ahrefs.com/robot/)"
36.133.115.36 - - [25/Jun/2026:19:51:00 +0800] "POST /wp-cron.php?doing_wp_cron=1782388260.3556799888610839843750 HTTP/1.1" 200 31 "-" "WordPress/7.0; http://cqqizhou.com"
43.98.201.248 - - [25/Jun/2026:19:51:00 +0800] "GET / HTTP/1.1" 301 5 "-" "Mozilla/5.0 (Windows NT 6.1; WOW64) AppleWebKit/534.57.2 (KHTML, like Gecko) Version/5.1.7 Safari/534.57.2"
43.98.201.248 - - [25/Jun/2026:19:51:01 +0800] "GET / HTTP/1.1" 200 41074 "-" "Mozilla/5.0 (Windows NT 6.1; WOW64) AppleWebKit/534.57.2 (KHTML, like Gecko) Version/5.1.7 Safari/534.57.2"
36.133.115.36 - - [25/Jun/2026:19:56:54 +0800] "POST /wp-cron.php?doing_wp_cron=1782388614.4947319030761718750000 HTTP/1.1" 200 31 "-" "WordPress/7.0; http://cqqizhou.com"
47.94.100.7 - - [25/Jun/2026:19:56:54 +0800] "GET / HTTP/1.0" 301 0 "-" "-"
47.94.100.7 - - [25/Jun/2026:19:57:05 +0800] "GET / HTTP/1.0" 301 0 "-" "-"
47.94.100.7 - - [25/Jun/2026:19:57:05 +0800] "GET /nmaplowercheck1782388615 HTTP/1.1" 404 32862 "-" "Mozilla/5.0 (compatible; Nmap Scripting Engine; https://nmap.org/book/nse.html)"
47.94.100.7 - - [25/Jun/2026:19:57:05 +0800] "POST /sdk HTTP/1.1" 404 32862 "-" "Mozilla/5.0 (compatible; Nmap Scripting Engine; https://nmap.org/book/nse.html)"
47.94.100.7 - - [25/Jun/2026:19:57:06 +0800] "GET /HNAP1 HTTP/1.1" 404 32862 "-" "Mozilla/5.0 (compatible; Nmap Scripting Engine; https://nmap.org/book/nse.html)"
47.94.100.7 - - [25/Jun/2026:19:57:06 +0800] "GET /evox/about HTTP/1.1" 404 32862 "-" "Mozilla/5.0 (compatible; Nmap Scripting Engine; https://nmap.org/book/nse.html)"
36.133.115.36 - - [25/Jun/2026:19:57:25 +0800] "POST /wp-cron.php?doing_wp_cron=1782388645.6314830780029296875000 HTTP/1.1" 200 31 "-" "WordPress/7.0; http://cqqizhou.com"
47.94.100.7 - - [25/Jun/2026:19:57:25 +0800] "GET / HTTP/1.0" 301 0 "-" "-"
47.94.100.7 - - [25/Jun/2026:19:57:26 +0800] "GET / HTTP/1.1" 301 5 "-" "-"
95.217.33.120 - - [25/Jun/2026:19:59:59 +0800] "GET / HTTP/1.0" 200 171953 "-" "Mozilla/5.0 (Macintosh; Intel Mac OS X 14.7; rv:133.0) Gecko/20100101 Firefox/133.0"
36.133.115.36 - - [25/Jun/2026:20:01:07 +0800] "POST /wp-cron.php?doing_wp_cron=1782388867.8901069164276123046875 HTTP/1.1" 200 31 "-" "WordPress/7.0; http://cqqizhou.com"
36.133.108.121 - - [25/Jun/2026:20:01:07 +0800] "HEAD /wp-includes/assets/~www HTTP/1.1" 404 0 "-" "Mozilla/5.0 (Macintosh; U; Intel Mac OS X 10_6_6; sv-se) AppleWebKit/533.20.25 (KHTML, like Gecko) Version/5.0.4 Safari/533.20.27"
36.133.108.125 - - [25/Jun/2026:20:01:29 +0800] "HEAD /wp-content/err HTTP/1.1" 404 0 "-" "Mozilla/5.0 (Windows NT 6.3; rv:36.0) Gecko/20100101 Firefox/36.0"
36.133.108.121 - - [25/Jun/2026:20:01:56 +0800] "HEAD /wp-admin/includes/backup HTTP/1.1" 404 0 "-" "Mozilla/5.0 (compatible; MSIE 9.0; Windows NT 6.1; Win64; x64; Trident/5.0"
36.133.108.121 - - [25/Jun/2026:20:02:18 +0800] "HEAD /install.php HTTP/1.1" 404 0 "-" "Opera/9.80 (Windows NT 6.1; U; zh-tw) Presto/2.7.62 Version/11.01"
36.133.115.36 - - [25/Jun/2026:20:09:44 +0800] "POST /wp-cron.php?doing_wp_cron=1782389384.7744140625000000000000 HTTP/1.1" 200 31 "-" "WordPress/7.0; http://cqqizhou.com"
43.159.144.16 - - [25/Jun/2026:20:09:44 +0800] "GET / HTTP/1.1" 200 35183 "-" "Mozilla/5.0 (iPhone; CPU iPhone OS 13_2_3 like Mac OS X) AppleWebKit/605.1.15 (KHTML, like Gecko) Version/13.0.3 Mobile/15E148 Safari/604.1"
36.133.115.36 - - [25/Jun/2026:20:10:18 +0800] "POST /wp-cron.php?doing_wp_cron=1782389418.8803169727325439453125 HTTP/1.1" 200 31 "-" "WordPress/7.0; http://cqqizhou.com"
36.133.108.121 - - [25/Jun/2026:20:10:18 +0800] "HEAD /wp-content/install_ HTTP/1.1" 404 0 "-" "Mozilla/5.0 (Macintosh; U; Intel Mac OS X 10_6_7; en-us) AppleWebKit/534.16+ (KHTML, like Gecko) Version/5.0.3 Safari/533.19.4"
36.133.115.36 - - [25/Jun/2026:20:20:07 +0800] "POST /wp-cron.php?doing_wp_cron=1782390007.2957971096038818359375 HTTP/1.1" 200 31 "-" "WordPress/7.0; http://cqqizhou.com"
143.198.195.140 - - [25/Jun/2026:20:20:07 +0800] "GET / HTTP/1.1" 301 5 "-" "Mozilla/5.0 (Windows NT 10.0; Win64; x64) AppleWebKit/537.36 (KHTML, like Gecko) Chrome/140.0.0.0 Safari/537.36"
143.198.195.140 - - [25/Jun/2026:20:20:08 +0800] "GET /robots.txt HTTP/1.1" 200 190 "-" "Mozilla/5.0 (Windows NT 10.0; Win64; x64) AppleWebKit/537.36 (KHTML, like Gecko) Chrome/140.0.0.0 Safari/537.36"
143.198.195.140 - - [25/Jun/2026:20:20:09 +0800] "GET /.well-known/security.txt HTTP/1.1" 404 9498 "-" "Mozilla/5.0 (Windows NT 10.0; Win64; x64) AppleWebKit/537.36 (KHTML, like Gecko) Chrome/140.0.0.0 Safari/537.36"
143.198.195.140 - - [25/Jun/2026:20:20:09 +0800] "GET /favicon HTTP/1.1" 404 9498 "-" "Mozilla/5.0 (Windows NT 10.0; Win64; x64) AppleWebKit/537.36 (KHTML, like Gecko) Chrome/140.0.0.0 Safari/537.36"
143.198.195.140 - - [25/Jun/2026:20:20:10 +0800] "GET /security.txt HTTP/1.1" 200 20121 "-" "Mozilla/5.0 (Windows NT 10.0; Win64; x64) AppleWebKit/537.36 (KHTML, like Gecko) Chrome/140.0.0.0 Safari/537.36"
143.198.195.140 - - [25/Jun/2026:20:20:11 +0800] "GET /mcp HTTP/1.1" 404 9497 "-" "Mozilla/5.0 (Windows NT 10.0; Win64; x64) AppleWebKit/537.36 (KHTML, like Gecko) Chrome/140.0.0.0 Safari/537.36"
36.133.115.36 - - [25/Jun/2026:20:22:48 +0800] "POST /wp-cron.php?doing_wp_cron=1782390167.9702448844909667968750 HTTP/1.1" 200 31 "-" "WordPress/7.0; http://cqqizhou.com"
36.133.108.125 - - [25/Jun/2026:20:22:48 +0800] "HEAD /wp-admin/js/backup HTTP/1.1" 404 0 "-" "Mozilla/5.0 (Windows NT 6.3; rv:36.0) Gecko/20100101 Firefox/36.0"
36.133.115.36 - - [25/Jun/2026:20:27:17 +0800] "POST /wp-cron.php?doing_wp_cron=1782390437.1938850879669189453125 HTTP/1.1" 200 31 "-" "WordPress/7.0; http://cqqizhou.com"
36.133.108.121 - - [25/Jun/2026:20:27:17 +0800] "HEAD /docker-compose.yaml HTTP/1.1" 404 0 "-" "Opera/9.80 (X11; Linux i686; U; it) Presto/2.7.62 Version/11.00"
36.133.115.36 - - [25/Jun/2026:20:28:10 +0800] "POST /wp-cron.php?doing_wp_cron=1782390490.3569929599761962890625 HTTP/1.1" 200 31 "-" "WordPress/7.0; http://cqqizhou.com"
36.133.108.125 - - [25/Jun/2026:20:28:10 +0800] "HEAD /wp-includes/access.log HTTP/1.1" 404 0 "-" "Mozilla/5.0 (Macintosh; U; Intel Mac OS X 10_6_6; en-gb) AppleWebKit/533.20.25 (KHTML, like Gecko) Version/5.0.4 Safari/533.20.27"
36.133.115.36 - - [25/Jun/2026:20:36:44 +0800] "POST /wp-cron.php?doing_wp_cron=1782391004.8702609539031982421875 HTTP/1.1" 200 31 "-" "WordPress/7.0; http://cqqizhou.com"
36.133.108.119 - - [25/Jun/2026:20:36:44 +0800] "HEAD /wp-admin/images/restricted HTTP/1.1" 404 0 "-" "Mozilla/5.0 (Windows NT 6.1; WOW64) AppleWebKit/537.17 (KHTML, like Gecko) Chrome/24.0.1312.60 Safari/537.17"
36.133.115.36 - - [25/Jun/2026:20:40:38 +0800] "POST /wp-cron.php?doing_wp_cron=1782391237.9710230827331542968750 HTTP/1.1" 200 31 "-" "WordPress/7.0; http://cqqizhou.com"
210.16.164.132 - - [25/Jun/2026:20:40:38 +0800] "GET / HTTP/1.1" 301 5 "-" "Mozilla/5.0"
210.16.164.132 - - [25/Jun/2026:20:40:39 +0800] "GET / HTTP/1.1" 200 41074 "http://36.133.115.36/" "Mozilla/5.0"
36.133.108.119 - - [25/Jun/2026:20:40:54 +0800] "HEAD /wp-includes/build/%09Copy%20of%20build HTTP/1.1" 404 0 "-" "Mozilla/5.0 (iPad; CPU OS 6_0 like Mac OS X) AppleWebKit/536.26 (KHTML, like Gecko) Version/6.0 Mobile/10A5355d Safari/8536.25"
36.133.115.36 - - [25/Jun/2026:20:41:16 +0800] "POST /wp-cron.php?doing_wp_cron=1782391276.9070520401000976562500 HTTP/1.1" 200 31 "-" "WordPress/7.0; http://cqqizhou.com"
36.133.108.119 - - [25/Jun/2026:20:41:16 +0800] "HEAD /wp-includes/images/latest HTTP/1.1" 404 0 "-" "Mozilla/5.0 (Windows; U; Windows NT 6.1; en-US) AppleWebKit/533.20.25 (KHTML, like Gecko) Version/5.0.4 Safari/533.20.27"
36.133.108.121 - - [25/Jun/2026:20:43:04 +0800] "HEAD /wp-admin/images/ HTTP/1.1" 403 0 "-" "Mozilla/5.0 (X11; Ubuntu; Linux x86_64; rv:24.0) Gecko/20100101 Firefox/24.0"
36.133.115.36 - - [25/Jun/2026:20:43:10 +0800] "POST /wp-cron.php?doing_wp_cron=1782391390.2551469802856445312500 HTTP/1.1" 200 31 "-" "WordPress/7.0; http://cqqizhou.com"
36.133.108.119 - - [25/Jun/2026:20:43:10 +0800] "HEAD /wp-admin/includes/documents HTTP/1.1" 404 0 "-" "Mozilla/5.0 (Macintosh; U; Intel Mac OS X 10_5_8; zh-cn) AppleWebKit/533.18.1 (KHTML, like Gecko) Version/5.0.2 Safari/533.18.5"
36.133.108.125 - - [25/Jun/2026:20:43:11 +0800] "HEAD /wp-admin/js/Profile HTTP/1.1" 404 0 "-" "Mozilla/5.0 (Macintosh; U; Intel Mac OS X 10_6_6; fr-ch) AppleWebKit/533.19.4 (KHTML, like Gecko) Version/5.0.3 Safari/533.19.4"
36.133.115.36 - - [25/Jun/2026:20:55:21 +0800] "POST /wp-cron.php?doing_wp_cron=1782392121.3519608974456787109375 HTTP/1.1" 200 31 "-" "WordPress/7.0; http://cqqizhou.com"
39.130.58.159 - - [25/Jun/2026:20:55:21 +0800] "GET /wp-admin/ HTTP/1.1" 302 5 "-" "Mozilla/5.0 (Windows NT 10.0; Win64; x64) AppleWebKit/537.36 (KHTML, like Gecko) Chrome/149.0.0.0 Safari/537.36 Edg/149.0.0.0"
39.130.58.159 - - [25/Jun/2026:20:55:22 +0800] "GET /wp-login.php?redirect_to=http%3A%2F%2Fcqqizhou.com%2Fwp-admin%2F&reauth=1 HTTP/1.1" 200 2820 "-" "Mozilla/5.0 (Windows NT 10.0; Win64; x64) AppleWebKit/537.36 (KHTML, like Gecko) Chrome/149.0.0.0 Safari/537.36 Edg/149.0.0.0"
39.130.58.159 - - [25/Jun/2026:20:55:25 +0800] "POST /wp-login.php HTTP/1.1" 302 5 "http://cqqizhou.com/wp-login.php?redirect_to=http%3A%2F%2Fcqqizhou.com%2Fwp-admin%2F&reauth=1" "Mozilla/5.0 (Windows NT 10.0; Win64; x64) AppleWebKit/537.36 (KHTML, like Gecko) Chrome/149.0.0.0 Safari/537.36 Edg/149.0.0.0"
39.130.58.159 - - [25/Jun/2026:20:55:33 +0800] "GET /wp-admin/ HTTP/1.1" 200 87784 "http://cqqizhou.com/wp-login.php?redirect_to=http%3A%2F%2Fcqqizhou.com%2Fwp-admin%2F&reauth=1" "Mozilla/5.0 (Windows NT 10.0; Win64; x64) AppleWebKit/537.36 (KHTML, like Gecko) Chrome/149.0.0.0 Safari/537.36 Edg/149.0.0.0"
39.130.58.159 - - [25/Jun/2026:20:55:34 +0800] "GET /wp-admin/load-styles.php?c=0&dir=ltr&load%5Bchunk_0%5D=dashicons,admin-bar,site-health,common,forms,admin-menu,dashboard,list-tables,edit,revisions,media,themes,about,nav-menus,wp-poi&load%5Bchunk_1%5D=nter,widgets,site-icon,l10n,wp-base-styles,buttons,media-views,wp-color-picker,editor-buttons,wp-auth-check,wp-components,wp-com&load%5Bchunk_2%5D=mands&ver=7.0 HTTP/1.1" 200 132452 "http://cqqizhou.com/wp-admin/" "Mozilla/5.0 (Windows NT 10.0; Win64; x64) AppleWebKit/537.36 (KHTML, like Gecko) Chrome/149.0.0.0 Safari/537.36 Edg/149.0.0.0"
39.130.58.159 - - [25/Jun/2026:20:55:34 +0800] "GET /wp-admin/load-scripts.php?c=0&load%5Bchunk_0%5D=jquery-core,jquery-migrate,utils,wp-dom-ready,wp-hooks&ver=7.0 HTTP/1.1" 200 36950 "http://cqqizhou.com/wp-admin/" "Mozilla/5.0 (Windows NT 10.0; Win64; x64) AppleWebKit/537.36 (KHTML, like Gecko) Chrome/149.0.0.0 Safari/537.36 Edg/149.0.0.0"
39.130.58.159 - - [25/Jun/2026:20:55:35 +0800] "GET /wp-admin/load-scripts.php?c=0&load%5Bchunk_0%5D=hoverIntent&ver=7.0 HTTP/1.1" 200 719 "http://cqqizhou.com/wp-admin/" "Mozilla/5.0 (Windows NT 10.0; Win64; x64) AppleWebKit/537.36 (KHTML, like Gecko) Chrome/149.0.0.0 Safari/537.36 Edg/149.0.0.0"
39.130.58.159 - - [25/Jun/2026:20:55:44 +0800] "GET /wp-admin/edit.php HTTP/1.1" 200 89879 "http://cqqizhou.com/wp-admin/" "Mozilla/5.0 (Windows NT 10.0; Win64; x64) AppleWebKit/537.36 (KHTML, like Gecko) Chrome/149.0.0.0 Safari/537.36 Edg/149.0.0.0"
39.130.58.159 - - [25/Jun/2026:20:55:44 +0800] "GET /wp-admin/load-styles.php?c=0&dir=ltr&load%5Bchunk_0%5D=dashicons,admin-bar,common,forms,admin-menu,dashboard,list-tables,edit,revisions,media,themes,about,nav-menus,wp-pointer,widgets&load%5Bchunk_1%5D=,site-icon,l10n,wp-base-styles,buttons,media-views,wp-color-picker,editor-buttons,wp-auth-check,wp-components,wp-commands&ver=7.0 HTTP/1.1" 200 131318 "http://cqqizhou.com/wp-admin/edit.php" "Mozilla/5.0 (Windows NT 10.0; Win64; x64) AppleWebKit/537.36 (KHTML, like Gecko) Chrome/149.0.0.0 Safari/537.36 Edg/149.0.0.0"
39.130.58.159 - - [25/Jun/2026:20:55:44 +0800] "GET /wp-content/uploads/2026/06/1782182572-Article_images_W900px-150x150.webp HTTP/1.1" 200 4958 "http://cqqizhou.com/wp-admin/edit.php" "Mozilla/5.0 (Windows NT 10.0; Win64; x64) AppleWebKit/537.36 (KHTML, like Gecko) Chrome/149.0.0.0 Safari/537.36 Edg/149.0.0.0"
39.130.58.159 - - [25/Jun/2026:20:55:45 +0800] "GET /wp-content/uploads/2026/06/1781880807-Article_images_W900px-150x150.webp HTTP/1.1" 200 4796 "http://cqqizhou.com/wp-admin/edit.php" "Mozilla/5.0 (Windows NT 10.0; Win64; x64) AppleWebKit/537.36 (KHTML, like Gecko) Chrome/149.0.0.0 Safari/537.36 Edg/149.0.0.0"
39.130.58.159 - - [25/Jun/2026:20:55:45 +0800] "GET /wp-content/uploads/2026/06/1780363378-1Article_images_W900px-150x150.webp HTTP/1.1" 200 7184 "http://cqqizhou.com/wp-admin/edit.php" "Mozilla/5.0 (Windows NT 10.0; Win64; x64) AppleWebKit/537.36 (KHTML, like Gecko) Chrome/149.0.0.0 Safari/537.36 Edg/149.0.0.0"
39.130.58.159 - - [25/Jun/2026:20:55:45 +0800] "GET /wp-content/uploads/2026/06/1780362799-1Article_images_W900px-150x150.webp HTTP/1.1" 200 6958 "http://cqqizhou.com/wp-admin/edit.php" "Mozilla/5.0 (Windows NT 10.0; Win64; x64) AppleWebKit/537.36 (KHTML, like Gecko) Chrome/149.0.0.0 Safari/537.36 Edg/149.0.0.0"
39.130.58.159 - - [25/Jun/2026:20:55:45 +0800] "GET /wp-content/uploads/2026/05/1779957408-1Article_images_W900px-150x150.webp HTTP/1.1" 200 5926 "http://cqqizhou.com/wp-admin/edit.php" "Mozilla/5.0 (Windows NT 10.0; Win64; x64) AppleWebKit/537.36 (KHTML, like Gecko) Chrome/149.0.0.0 Safari/537.36 Edg/149.0.0.0"
39.130.58.159 - - [25/Jun/2026:20:55:45 +0800] "GET /wp-content/uploads/2026/05/1779328461-1Article_images_W900px-150x150.webp HTTP/1.1" 200 5566 "http://cqqizhou.com/wp-admin/edit.php" "Mozilla/5.0 (Windows NT 10.0; Win64; x64) AppleWebKit/537.36 (KHTML, like Gecko) Chrome/149.0.0.0 Safari/537.36 Edg/149.0.0.0"
39.130.58.159 - - [25/Jun/2026:20:55:45 +0800] "GET /wp-content/uploads/2026/05/1779925245-Article_images_W900px-150x150.webp HTTP/1.1" 200 6926 "http://cqqizhou.com/wp-admin/edit.php" "Mozilla/5.0 (Windows NT 10.0; Win64; x64) AppleWebKit/537.36 (KHTML, like Gecko) Chrome/149.0.0.0 Safari/537.36 Edg/149.0.0.0"
39.130.58.159 - - [25/Jun/2026:20:55:45 +0800] "GET /wp-content/uploads/2026/05/1779059685-1Article_images_W900px-150x150.webp HTTP/1.1" 200 7270 "http://cqqizhou.com/wp-admin/edit.php" "Mozilla/5.0 (Windows NT 10.0; Win64; x64) AppleWebKit/537.36 (KHTML, like Gecko) Chrome/149.0.0.0 Safari/537.36 Edg/149.0.0.0"
39.130.58.159 - - [25/Jun/2026:20:55:45 +0800] "GET /wp-content/uploads/2026/04/1775865780-1Article_images_W900px-150x150.webp HTTP/1.1" 200 5512 "http://cqqizhou.com/wp-admin/edit.php" "Mozilla/5.0 (Windows NT 10.0; Win64; x64) AppleWebKit/537.36 (KHTML, like Gecko) Chrome/149.0.0.0 Safari/537.36 Edg/149.0.0.0"
39.130.58.159 - - [25/Jun/2026:20:55:45 +0800] "GET /wp-content/uploads/2026/04/1777513410-1Article_images_W900px-150x150.webp HTTP/1.1" 200 4422 "http://cqqizhou.com/wp-admin/edit.php" "Mozilla/5.0 (Windows NT 10.0; Win64; x64) AppleWebKit/537.36 (KHTML, like Gecko) Chrome/149.0.0.0 Safari/537.36 Edg/149.0.0.0"
39.130.58.159 - - [25/Jun/2026:20:55:45 +0800] "GET /wp-content/uploads/2026/04/1775698332-Article_images_W900px-150x150.webp HTTP/1.1" 200 6518 "http://cqqizhou.com/wp-admin/edit.php" "Mozilla/5.0 (Windows NT 10.0; Win64; x64) AppleWebKit/537.36 (KHTML, like Gecko) Chrome/149.0.0.0 Safari/537.36 Edg/149.0.0.0"
39.130.58.159 - - [25/Jun/2026:20:55:45 +0800] "GET /wp-content/uploads/2026/02/1769999241-4.2%E7%B1%B3%E9%AB%98%E6%A0%8F%E8%B4%A7%E8%BD%A6-150x150.webp HTTP/1.1" 200 6742 "http://cqqizhou.com/wp-admin/edit.php" "Mozilla/5.0 (Windows NT 10.0; Win64; x64) AppleWebKit/537.36 (KHTML, like Gecko) Chrome/149.0.0.0 Safari/537.36 Edg/149.0.0.0"
39.130.58.159 - - [25/Jun/2026:20:55:45 +0800] "GET /wp-content/uploads/2025/07/1751864664-Logistics800x500_1-150x150.webp HTTP/1.1" 200 9214 "http://cqqizhou.com/wp-admin/edit.php" "Mozilla/5.0 (Windows NT 10.0; Win64; x64) AppleWebKit/537.36 (KHTML, like Gecko) Chrome/149.0.0.0 Safari/537.36 Edg/149.0.0.0"
39.130.58.159 - - [25/Jun/2026:20:55:45 +0800] "GET /wp-content/uploads/2026/04/1775195054-1Article_images_W900px-150x150.webp HTTP/1.1" 200 4786 "http://cqqizhou.com/wp-admin/edit.php" "Mozilla/5.0 (Windows NT 10.0; Win64; x64) AppleWebKit/537.36 (KHTML, like Gecko) Chrome/149.0.0.0 Safari/537.36 Edg/149.0.0.0"
39.130.58.159 - - [25/Jun/2026:20:55:45 +0800] "GET /wp-content/uploads/2026/03/1773722869-1Article_images_W900px-150x150.webp HTTP/1.1" 200 5684 "http://cqqizhou.com/wp-admin/edit.php" "Mozilla/5.0 (Windows NT 10.0; Win64; x64) AppleWebKit/537.36 (KHTML, like Gecko) Chrome/149.0.0.0 Safari/537.36 Edg/149.0.0.0"
39.130.58.159 - - [25/Jun/2026:20:55:45 +0800] "GET /wp-content/uploads/2026/03/1772790791-%E5%B0%81%E9%9D%A2%E5%A4%B4%E5%9B%BEArticle_images_W900%C3%97500px2026-150x150.webp HTTP/1.1" 200 7266 "http://cqqizhou.com/wp-admin/edit.php" "Mozilla/5.0 (Windows NT 10.0; Win64; x64) AppleWebKit/537.36 (KHTML, like Gecko) Chrome/149.0.0.0 Safari/537.36 Edg/149.0.0.0"
39.130.58.159 - - [25/Jun/2026:20:55:45 +0800] "GET /wp-content/uploads/2026/03/1772713922-Article_images_W900px-150x150.webp HTTP/1.1" 200 4910 "http://cqqizhou.com/wp-admin/edit.php" "Mozilla/5.0 (Windows NT 10.0; Win64; x64) AppleWebKit/537.36 (KHTML, like Gecko) Chrome/149.0.0.0 Safari/537.36 Edg/149.0.0.0"
39.130.58.159 - - [25/Jun/2026:20:55:45 +0800] "GET /wp-content/uploads/2026/02/1770617354-Article_images_W900px-150x150.webp HTTP/1.1" 200 3002 "http://cqqizhou.com/wp-admin/edit.php" "Mozilla/5.0 (Windows NT 10.0; Win64; x64) AppleWebKit/537.36 (KHTML, like Gecko) Chrome/149.0.0.0 Safari/537.36 Edg/149.0.0.0"
39.130.58.159 - - [25/Jun/2026:20:55:45 +0800] "GET /wp-content/uploads/2026/02/1772086672-%E5%BC%80%E5%B7%A5%E5%A4%A7%E5%90%89%E5%B0%81%E9%9D%A2%E5%A4%B4%E5%9B%BEArticle_images_W900%C3%97500px-150x150.webp HTTP/1.1" 200 10130 "http://cqqizhou.com/wp-admin/edit.php" "Mozilla/5.0 (Windows NT 10.0; Win64; x64) AppleWebKit/537.36 (KHTML, like Gecko) Chrome/149.0.0.0 Safari/537.36 Edg/149.0.0.0"
39.130.58.159 - - [25/Jun/2026:20:55:45 +0800] "GET /wp-content/uploads/2025/07/1753454299-Article_images_W900px-150x150.webp HTTP/1.1" 200 7416 "http://cqqizhou.com/wp-admin/edit.php" "Mozilla/5.0 (Windows NT 10.0; Win64; x64) AppleWebKit/537.36 (KHTML, like Gecko) Chrome/149.0.0.0 Safari/537.36 Edg/149.0.0.0"
39.130.58.159 - - [25/Jun/2026:20:55:46 +0800] "POST /wp-admin/admin-ajax.php HTTP/1.1" 200 78 "http://cqqizhou.com/wp-admin/edit.php" "Mozilla/5.0 (Windows NT 10.0; Win64; x64) AppleWebKit/537.36 (KHTML, like Gecko) Chrome/149.0.0.0 Safari/537.36 Edg/149.0.0.0"
39.130.58.159 - - [25/Jun/2026:20:55:56 +0800] "POST /wp-admin/admin-ajax.php HTTP/1.1" 200 78 "http://cqqizhou.com/wp-admin/edit.php" "Mozilla/5.0 (Windows NT 10.0; Win64; x64) AppleWebKit/537.36 (KHTML, like Gecko) Chrome/149.0.0.0 Safari/537.36 Edg/149.0.0.0"
39.130.58.159 - - [25/Jun/2026:20:55:59 +0800] "GET /wp-admin/post-new.php HTTP/1.1" 200 223049 "http://cqqizhou.com/wp-admin/edit.php" "Mozilla/5.0 (Windows NT 10.0; Win64; x64) AppleWebKit/537.36 (KHTML, like Gecko) Chrome/149.0.0.0 Safari/537.36 Edg/149.0.0.0"
39.130.58.159 - - [25/Jun/2026:20:55:59 +0800] "GET /wp-admin/load-styles.php?c=0&dir=ltr&load%5Bchunk_0%5D=dashicons,admin-bar,buttons,media-views,editor-buttons,wp-components,wp-preferences,wp-block-editor,wp-reusable-blocks,wp-patter&load%5Bchunk_1%5D=ns,wp-editor,wp-base-styles,common,forms,wp-reset-editor-styles,wp-block-library,wp-block-editor-content,wp-editor-classic-layou&load%5Bchunk_2%5D=t-styles,wp-edit-blocks,wp-commands,wp-edit-post,wp-block-directory,wp-format-library,admin-menu,dashboard,list-tables,edit,revi&load%5Bchunk_3%5D=sions,media,themes,about,nav-menus,wp-pointer,widgets,site-icon,l10n,wp-color-picker,wp-auth-check,classic-theme-styles,wp-jquer&load%5Bchunk_4%5D=y-ui-dialog&ver=7.0 HTTP/1.1" 200 201420 "http://cqqizhou.com/wp-admin/post-new.php" "Mozilla/5.0 (Windows NT 10.0; Win64; x64) AppleWebKit/537.36 (KHTML, like Gecko) Chrome/149.0.0.0 Safari/537.36 Edg/149.0.0.0"
39.130.58.159 - - [25/Jun/2026:20:56:00 +0800] "GET /?action=kirki-styles&editor=1&ver=4.0 HTTP/1.1" 200 210 "http://cqqizhou.com/wp-admin/post-new.php" "Mozilla/5.0 (Windows NT 10.0; Win64; x64) AppleWebKit/537.36 (KHTML, like Gecko) Chrome/149.0.0.0 Safari/537.36 Edg/149.0.0.0"
39.130.58.159 - - [25/Jun/2026:20:56:01 +0800] "GET /wp-admin/load-scripts.php?c=0&load%5Bchunk_0%5D=wp-polyfill&ver=7.0 HTTP/1.1" 200 11912 "-" "Mozilla/5.0 (Windows NT 10.0; Win64; x64) AppleWebKit/537.36 (KHTML, like Gecko) Chrome/149.0.0.0 Safari/537.36 Edg/149.0.0.0"
39.130.58.159 - - [25/Jun/2026:20:56:02 +0800] "GET /wp-json/wp/v2/comments?context=edit&post=2603&type=note&status=all&per_page=100&_locale=user HTTP/1.1" 200 33 "http://cqqizhou.com/wp-admin/post-new.php" "Mozilla/5.0 (Windows NT 10.0; Win64; x64) AppleWebKit/537.36 (KHTML, like Gecko) Chrome/149.0.0.0 Safari/537.36 Edg/149.0.0.0"
39.130.58.159 - - [25/Jun/2026:20:56:02 +0800] "GET /wp-json/wp/v2/blocks?context=edit&per_page=100&page=1&_locale=user HTTP/1.1" 200 33 "http://cqqizhou.com/wp-admin/post-new.php" "Mozilla/5.0 (Windows NT 10.0; Win64; x64) AppleWebKit/537.36 (KHTML, like Gecko) Chrome/149.0.0.0 Safari/537.36 Edg/149.0.0.0"
39.130.58.159 - - [25/Jun/2026:20:56:02 +0800] "OPTIONS /wp-json/wp/v2/settings?_locale=user HTTP/1.1" 200 1301 "http://cqqizhou.com/wp-admin/post-new.php" "Mozilla/5.0 (Windows NT 10.0; Win64; x64) AppleWebKit/537.36 (KHTML, like Gecko) Chrome/149.0.0.0 Safari/537.36 Edg/149.0.0.0"
39.130.58.159 - - [25/Jun/2026:20:56:02 +0800] "GET /wp-json/wp/v2/users/1?context=view&_fields=id%2Cname&_locale=user HTTP/1.1" 200 54 "http://cqqizhou.com/wp-admin/post-new.php" "Mozilla/5.0 (Windows NT 10.0; Win64; x64) AppleWebKit/537.36 (KHTML, like Gecko) Chrome/149.0.0.0 Safari/537.36 Edg/149.0.0.0"
39.130.58.159 - - [25/Jun/2026:20:56:02 +0800] "GET /wp-json/wp/v2/taxonomies?context=edit&per_page=100&_locale=user HTTP/1.1" 200 1742 "http://cqqizhou.com/wp-admin/post-new.php" "Mozilla/5.0 (Windows NT 10.0; Win64; x64) AppleWebKit/537.36 (KHTML, like Gecko) Chrome/149.0.0.0 Safari/537.36 Edg/149.0.0.0"
39.130.58.159 - - [25/Jun/2026:20:56:03 +0800] "GET /?action=kirki-styles&editor=1&ver=4.0 HTTP/1.1" 200 210 "-" "Mozilla/5.0 (Windows NT 10.0; Win64; x64) AppleWebKit/537.36 (KHTML, like Gecko) Chrome/149.0.0.0 Safari/537.36 Edg/149.0.0.0"
39.130.58.159 - - [25/Jun/2026:20:56:03 +0800] "OPTIONS /wp-json/wp/v2/posts?_locale=user HTTP/1.1" 200 2962 "http://cqqizhou.com/wp-admin/post-new.php" "Mozilla/5.0 (Windows NT 10.0; Win64; x64) AppleWebKit/537.36 (KHTML, like Gecko) Chrome/149.0.0.0 Safari/537.36 Edg/149.0.0.0"
39.130.58.159 - - [25/Jun/2026:20:56:03 +0800] "GET /wp-json/wp/v2/templates/lookup?slug=single-post-2603&_locale=user HTTP/1.1" 200 33 "http://cqqizhou.com/wp-admin/post-new.php" "Mozilla/5.0 (Windows NT 10.0; Win64; x64) AppleWebKit/537.36 (KHTML, like Gecko) Chrome/149.0.0.0 Safari/537.36 Edg/149.0.0.0"
39.130.58.159 - - [25/Jun/2026:20:56:03 +0800] "GET /wp-json/wp/v2/wp_pattern_category?context=view&per_page=100&_fields=id%2Cname%2Cdescription%2Cslug&_locale=user HTTP/1.1" 200 33 "http://cqqizhou.com/wp-admin/post-new.php" "Mozilla/5.0 (Windows NT 10.0; Win64; x64) AppleWebKit/537.36 (KHTML, like Gecko) Chrome/149.0.0.0 Safari/537.36 Edg/149.0.0.0"
39.130.58.159 - - [25/Jun/2026:20:56:03 +0800] "GET /wp-json/wp/v2/pages/1665?context=edit&_locale=user HTTP/1.1" 200 764 "http://cqqizhou.com/wp-admin/post-new.php" "Mozilla/5.0 (Windows NT 10.0; Win64; x64) AppleWebKit/537.36 (KHTML, like Gecko) Chrome/149.0.0.0 Safari/537.36 Edg/149.0.0.0"
39.130.58.159 - - [25/Jun/2026:20:56:04 +0800] "GET /wp-json/wp/v2/categories?context=view&per_page=100&orderby=name&order=asc&_fields=id%2Cname%2Cparent&page=1&_locale=user HTTP/1.1" 200 144 "http://cqqizhou.com/wp-admin/post-new.php" "Mozilla/5.0 (Windows NT 10.0; Win64; x64) AppleWebKit/537.36 (KHTML, like Gecko) Chrome/149.0.0.0 Safari/537.36 Edg/149.0.0.0"
39.130.58.159 - - [25/Jun/2026:20:56:04 +0800] "GET /wp-json/wp/v2/tags?context=view&per_page=10&orderby=count&order=desc&hide_empty=true&_fields=id%2Cname%2Ccount&_locale=user HTTP/1.1" 200 209 "http://cqqizhou.com/wp-admin/post-new.php" "Mozilla/5.0 (Windows NT 10.0; Win64; x64) AppleWebKit/537.36 (KHTML, like Gecko) Chrome/149.0.0.0 Safari/537.36 Edg/149.0.0.0"
39.130.58.159 - - [25/Jun/2026:20:56:07 +0800] "OPTIONS /wp-json/wp/v2/posts/?context=edit&_locale=user HTTP/1.1" 200 2962 "http://cqqizhou.com/wp-admin/post-new.php" "Mozilla/5.0 (Windows NT 10.0; Win64; x64) AppleWebKit/537.36 (KHTML, like Gecko) Chrome/149.0.0.0 Safari/537.36 Edg/149.0.0.0"
112.90.14.49 - - [25/Jun/2026:20:56:07 +0800] "GET /wp-json/oembed/1.0/embed?url=http%3A%2F%2Fcqqizhou.com%2Fnews%2F2052 HTTP/1.1" 200 1228 "-" "Mozilla/5.0 (Windows NT 10.0; Win64; x64) AppleWebKit/537.36 (KHTML, like Gecko) Chrome/117.0.0.0 Safari/537.36"
36.133.115.36 - - [25/Jun/2026:20:56:08 +0800] "POST /wp-cron.php?doing_wp_cron=1782392168.0477850437164306640625 HTTP/1.1" 200 31 "-" "WordPress/7.0; http://cqqizhou.com"
39.130.58.159 - - [25/Jun/2026:20:56:08 +0800] "GET /wp-json/wp/v2/block-patterns/patterns?_locale=user HTTP/1.1" 200 20999 "http://cqqizhou.com/wp-admin/post-new.php" "Mozilla/5.0 (Windows NT 10.0; Win64; x64) AppleWebKit/537.36 (KHTML, like Gecko) Chrome/149.0.0.0 Safari/537.36 Edg/149.0.0.0"
39.130.58.159 - - [25/Jun/2026:20:56:13 +0800] "POST /wp-admin/admin-ajax.php HTTP/1.1" 200 112 "http://cqqizhou.com/wp-admin/post-new.php" "Mozilla/5.0 (Windows NT 10.0; Win64; x64) AppleWebKit/537.36 (KHTML, like Gecko) Chrome/149.0.0.0 Safari/537.36 Edg/149.0.0.0"
39.130.58.159 - - [25/Jun/2026:20:56:24 +0800] "POST /wp-admin/admin-ajax.php HTTP/1.1" 200 112 "http://cqqizhou.com/wp-admin/post-new.php" "Mozilla/5.0 (Windows NT 10.0; Win64; x64) AppleWebKit/537.36 (KHTML, like Gecko) Chrome/149.0.0.0 Safari/537.36 Edg/149.0.0.0"
39.130.58.159 - - [25/Jun/2026:20:56:34 +0800] "POST /wp-admin/admin-ajax.php HTTP/1.1" 200 112 "http://cqqizhou.com/wp-admin/post-new.php" "Mozilla/5.0 (Windows NT 10.0; Win64; x64) AppleWebKit/537.36 (KHTML, like Gecko) Chrome/149.0.0.0 Safari/537.36 Edg/149.0.0.0"
39.130.58.159 - - [25/Jun/2026:20:56:44 +0800] "POST /wp-admin/admin-ajax.php HTTP/1.1" 200 112 "http://cqqizhou.com/wp-admin/post-new.php" "Mozilla/5.0 (Windows NT 10.0; Win64; x64) AppleWebKit/537.36 (KHTML, like Gecko) Chrome/149.0.0.0 Safari/537.36 Edg/149.0.0.0"
39.130.58.159 - - [25/Jun/2026:20:56:54 +0800] "POST /wp-admin/admin-ajax.php HTTP/1.1" 200 112 "http://cqqizhou.com/wp-admin/post-new.php" "Mozilla/5.0 (Windows NT 10.0; Win64; x64) AppleWebKit/537.36 (KHTML, like Gecko) Chrome/149.0.0.0 Safari/537.36 Edg/149.0.0.0"
39.130.58.159 - - [25/Jun/2026:20:57:02 +0800] "POST /wp-json/wp/v2/posts/2603/autosaves?_locale=user HTTP/1.1" 200 2505 "http://cqqizhou.com/wp-admin/post-new.php" "Mozilla/5.0 (Windows NT 10.0; Win64; x64) AppleWebKit/537.36 (KHTML, like Gecko) Chrome/149.0.0.0 Safari/537.36 Edg/149.0.0.0"
39.130.58.159 - - [25/Jun/2026:20:57:04 +0800] "POST /wp-admin/admin-ajax.php HTTP/1.1" 200 112 "http://cqqizhou.com/wp-admin/post.php?post=2603&action=edit" "Mozilla/5.0 (Windows NT 10.0; Win64; x64) AppleWebKit/537.36 (KHTML, like Gecko) Chrome/149.0.0.0 Safari/537.36 Edg/149.0.0.0"
36.133.115.36 - - [25/Jun/2026:20:57:14 +0800] "POST /wp-cron.php?doing_wp_cron=1782392234.2891719341278076171875 HTTP/1.1" 200 31 "-" "WordPress/7.0; http://cqqizhou.com"
39.130.58.159 - - [25/Jun/2026:20:57:14 +0800] "POST /wp-admin/admin-ajax.php HTTP/1.1" 200 112 "http://cqqizhou.com/wp-admin/post.php?post=2603&action=edit" "Mozilla/5.0 (Windows NT 10.0; Win64; x64) AppleWebKit/537.36 (KHTML, like Gecko) Chrome/149.0.0.0 Safari/537.36 Edg/149.0.0.0"
39.130.58.159 - - [25/Jun/2026:20:57:19 +0800] "POST /wp-admin/admin-ajax.php HTTP/1.1" 200 11206 "http://cqqizhou.com/wp-admin/post.php?post=2603&action=edit" "Mozilla/5.0 (Windows NT 10.0; Win64; x64) AppleWebKit/537.36 (KHTML, like Gecko) Chrome/149.0.0.0 Safari/537.36 Edg/149.0.0.0"
39.130.58.159 - - [25/Jun/2026:20:57:19 +0800] "GET /wp-content/uploads/2026/06/1782182572-Article_images_W900px-300x169.webp HTTP/1.1" 200 9224 "http://cqqizhou.com/wp-admin/post.php?post=2603&action=edit" "Mozilla/5.0 (Windows NT 10.0; Win64; x64) AppleWebKit/537.36 (KHTML, like Gecko) Chrome/149.0.0.0 Safari/537.36 Edg/149.0.0.0"
39.130.58.159 - - [25/Jun/2026:20:57:19 +0800] "GET /wp-content/uploads/2026/06/1781880807-Article_images_W900px-300x169.webp HTTP/1.1" 200 7478 "http://cqqizhou.com/wp-admin/post.php?post=2603&action=edit" "Mozilla/5.0 (Windows NT 10.0; Win64; x64) AppleWebKit/537.36 (KHTML, like Gecko) Chrome/149.0.0.0 Safari/537.36 Edg/149.0.0.0"
39.130.58.159 - - [25/Jun/2026:20:57:19 +0800] "GET /wp-content/uploads/2026/06/1780363378-1Article_images_W900px-300x169.webp HTTP/1.1" 200 15744 "http://cqqizhou.com/wp-admin/post.php?post=2603&action=edit" "Mozilla/5.0 (Windows NT 10.0; Win64; x64) AppleWebKit/537.36 (KHTML, like Gecko) Chrome/149.0.0.0 Safari/537.36 Edg/149.0.0.0"
39.130.58.159 - - [25/Jun/2026:20:57:19 +0800] "GET /wp-content/uploads/2026/06/1780363377-2Article_images_W900px-300x202.webp HTTP/1.1" 200 15426 "http://cqqizhou.com/wp-admin/post.php?post=2603&action=edit" "Mozilla/5.0 (Windows NT 10.0; Win64; x64) AppleWebKit/537.36 (KHTML, like Gecko) Chrome/149.0.0.0 Safari/537.36 Edg/149.0.0.0"
39.130.58.159 - - [25/Jun/2026:20:57:19 +0800] "GET /wp-content/uploads/2026/03/1772790943-2Article_images_W900px-300x169.webp HTTP/1.1" 200 12116 "http://cqqizhou.com/wp-admin/post.php?post=2603&action=edit" "Mozilla/5.0 (Windows NT 10.0; Win64; x64) AppleWebKit/537.36 (KHTML, like Gecko) Chrome/149.0.0.0 Safari/537.36 Edg/149.0.0.0"
39.130.58.159 - - [25/Jun/2026:20:57:19 +0800] "GET /wp-content/uploads/2026/06/1780362799-1Article_images_W900px-300x169.webp HTTP/1.1" 200 13330 "http://cqqizhou.com/wp-admin/post.php?post=2603&action=edit" "Mozilla/5.0 (Windows NT 10.0; Win64; x64) AppleWebKit/537.36 (KHTML, like Gecko) Chrome/149.0.0.0 Safari/537.36 Edg/149.0.0.0"
39.130.58.159 - - [25/Jun/2026:20:57:19 +0800] "GET /wp-content/uploads/2026/06/1780363375-3Article_images_W900px-300x225.webp HTTP/1.1" 200 14236 "http://cqqizhou.com/wp-admin/post.php?post=2603&action=edit" "Mozilla/5.0 (Windows NT 10.0; Win64; x64) AppleWebKit/537.36 (KHTML, like Gecko) Chrome/149.0.0.0 Safari/537.36 Edg/149.0.0.0"
39.130.58.159 - - [25/Jun/2026:20:57:19 +0800] "GET /wp-content/uploads/2026/04/1775195054-1Article_images_W900px-300x169.webp HTTP/1.1" 200 8472 "http://cqqizhou.com/wp-admin/post.php?post=2603&action=edit" "Mozilla/5.0 (Windows NT 10.0; Win64; x64) AppleWebKit/537.36 (KHTML, like Gecko) Chrome/149.0.0.0 Safari/537.36 Edg/149.0.0.0"
39.130.58.159 - - [25/Jun/2026:20:57:19 +0800] "GET /wp-content/uploads/2026/04/1775865780-1Article_images_W900px-300x169.webp HTTP/1.1" 200 10634 "http://cqqizhou.com/wp-admin/post.php?post=2603&action=edit" "Mozilla/5.0 (Windows NT 10.0; Win64; x64) AppleWebKit/537.36 (KHTML, like Gecko) Chrome/149.0.0.0 Safari/537.36 Edg/149.0.0.0"
39.130.58.159 - - [25/Jun/2026:20:57:19 +0800] "GET /wp-content/uploads/2026/04/1775865995-3Article_images_W900px-300x203.webp HTTP/1.1" 200 19778 "http://cqqizhou.com/wp-admin/post.php?post=2603&action=edit" "Mozilla/5.0 (Windows NT 10.0; Win64; x64) AppleWebKit/537.36 (KHTML, like Gecko) Chrome/149.0.0.0 Safari/537.36 Edg/149.0.0.0"
39.130.58.159 - - [25/Jun/2026:20:57:19 +0800] "GET /wp-content/uploads/2026/03/1772790943-1Article_images_W900px-300x169.webp HTTP/1.1" 200 8720 "http://cqqizhou.com/wp-admin/post.php?post=2603&action=edit" "Mozilla/5.0 (Windows NT 10.0; Win64; x64) AppleWebKit/537.36 (KHTML, like Gecko) Chrome/149.0.0.0 Safari/537.36 Edg/149.0.0.0"
39.130.58.159 - - [25/Jun/2026:20:57:19 +0800] "GET /wp-content/uploads/2026/03/1772790943-3Article_images_W900px-300x169.webp HTTP/1.1" 200 10216 "http://cqqizhou.com/wp-admin/post.php?post=2603&action=edit" "Mozilla/5.0 (Windows NT 10.0; Win64; x64) AppleWebKit/537.36 (KHTML, like Gecko) Chrome/149.0.0.0 Safari/537.36 Edg/149.0.0.0"
39.130.58.159 - - [25/Jun/2026:20:57:19 +0800] "GET /wp-content/uploads/2026/06/1780362797-2Article_images_W900px-300x171.webp HTTP/1.1" 200 14068 "http://cqqizhou.com/wp-admin/post.php?post=2603&action=edit" "Mozilla/5.0 (Windows NT 10.0; Win64; x64) AppleWebKit/537.36 (KHTML, like Gecko) Chrome/149.0.0.0 Safari/537.36 Edg/149.0.0.0"
39.130.58.159 - - [25/Jun/2026:20:57:19 +0800] "GET /wp-content/uploads/2026/02/1772086672-%E5%BC%80%E5%B7%A5%E5%A4%A7%E5%90%89%E5%B0%81%E9%9D%A2%E5%A4%B4%E5%9B%BEArticle_images_W900%C3%97500px-300x167.webp HTTP/1.1" 200 21246 "http://cqqizhou.com/wp-admin/post.php?post=2603&action=edit" "Mozilla/5.0 (Windows NT 10.0; Win64; x64) AppleWebKit/537.36 (KHTML, like Gecko) Chrome/149.0.0.0 Safari/537.36 Edg/149.0.0.0"
39.130.58.159 - - [25/Jun/2026:20:57:19 +0800] "GET /wp-content/uploads/2026/05/1779957408-1Article_images_W900px-300x169.webp HTTP/1.1" 200 11432 "http://cqqizhou.com/wp-admin/post.php?post=2603&action=edit" "Mozilla/5.0 (Windows NT 10.0; Win64; x64) AppleWebKit/537.36 (KHTML, like Gecko) Chrome/149.0.0.0 Safari/537.36 Edg/149.0.0.0"
39.130.58.159 - - [25/Jun/2026:20:57:19 +0800] "GET /wp-content/uploads/2026/04/1775865981-2Article_images_W900px-300x292.webp HTTP/1.1" 200 14944 "http://cqqizhou.com/wp-admin/post.php?post=2603&action=edit" "Mozilla/5.0 (Windows NT 10.0; Win64; x64) AppleWebKit/537.36 (KHTML, like Gecko) Chrome/149.0.0.0 Safari/537.36 Edg/149.0.0.0"
39.130.58.159 - - [25/Jun/2026:20:57:19 +0800] "GET /wp-content/uploads/2026/04/1775698332-Article_images_W900px-300x169.webp HTTP/1.1" 200 12710 "http://cqqizhou.com/wp-admin/post.php?post=2603&action=edit" "Mozilla/5.0 (Windows NT 10.0; Win64; x64) AppleWebKit/537.36 (KHTML, like Gecko) Chrome/149.0.0.0 Safari/537.36 Edg/149.0.0.0"
39.130.58.159 - - [25/Jun/2026:20:57:19 +0800] "GET /wp-content/uploads/2026/03/1773722869-1Article_images_W900px-300x169.webp HTTP/1.1" 200 8634 "http://cqqizhou.com/wp-admin/post.php?post=2603&action=edit" "Mozilla/5.0 (Windows NT 10.0; Win64; x64) AppleWebKit/537.36 (KHTML, like Gecko) Chrome/149.0.0.0 Safari/537.36 Edg/149.0.0.0"
