File: //home/logs/cqqizhou_access_2026-06-25.log
36.133.115.36 - - [25/Jun/2026:00:12:26 +0800] "POST /wp-cron.php?doing_wp_cron=1782317546.7151679992675781250000 HTTP/1.1" 200 31 "-" "WordPress/7.0; http://cqqizhou.com"
199.45.155.108 - - [25/Jun/2026:00:12:26 +0800] "GET / HTTP/1.1" 301 5 "-" "Mozilla/5.0 (compatible; CensysInspect/1.1; +https://about.censys.io/)"
199.45.155.108 - - [25/Jun/2026:00:12:31 +0800] "GET /wiki HTTP/1.1" 404 9499 "-" "Mozilla/5.0 (compatible; CensysInspect/1.1; +https://about.censys.io/)"
36.133.115.36 - - [25/Jun/2026:00:16:24 +0800] "POST /wp-cron.php?doing_wp_cron=1782317784.0865490436553955078125 HTTP/1.1" 200 31 "-" "WordPress/7.0; http://cqqizhou.com"
36.133.108.119 - - [25/Jun/2026:00:16:24 +0800] "HEAD /2388. HTTP/1.1" 404 0 "-" "Mozilla/5.0 (Windows NT 6.1) AppleWebKit/537.36 (KHTML, like Gecko) Chrome/27.0.1453.90 Safari/537.36"
130.12.182.66 - - [25/Jun/2026:00:34:15 +0800] "GET / HTTP/1.1" 200 41074 "-" "Mozilla/5.0"
36.133.115.36 - - [25/Jun/2026:00:36:42 +0800] "POST /wp-cron.php?doing_wp_cron=1782319002.8946330547332763671875 HTTP/1.1" 200 31 "-" "WordPress/7.0; http://cqqizhou.com"
110.249.201.182 - - [25/Jun/2026:00:36:42 +0800] "GET /robots.txt HTTP/1.1" 200 190 "-" "Mozilla/5.0 (Linux; Android 5.0) AppleWebKit/537.36 (KHTML, like Gecko) Mobile Safari/537.36 (compatible; Bytespider; https://zhanzhang.toutiao.com/)"
36.133.115.36 - - [25/Jun/2026:00:39:01 +0800] "POST /wp-cron.php?doing_wp_cron=1782319141.1726570129394531250000 HTTP/1.1" 200 31 "-" "WordPress/7.0; http://cqqizhou.com"
36.133.108.121 - - [25/Jun/2026:00:39:01 +0800] "HEAD /solr4 HTTP/1.1" 404 0 "-" "Mozilla/5.0 (Windows NT 6.1; rv:27.3) Gecko/20130101 Firefox/27.3"
36.133.115.36 - - [25/Jun/2026:01:03:48 +0800] "POST /wp-cron.php?doing_wp_cron=1782320628.7902040481567382812500 HTTP/1.1" 200 31 "-" "WordPress/7.0; http://cqqizhou.com"
183.207.45.95 - - [25/Jun/2026:01:03:48 +0800] "GET / HTTP/1.1" 301 5 "-" "Mozilla/5.0 (Windows NT 10.0; Win64; x64) AppleWebKit/537.36 (KHTML, like Gecko) Chrome/59.0.3071.104 Safari/537.36"
183.207.45.95 - - [25/Jun/2026:01:03:49 +0800] "GET / HTTP/1.1" 200 171975 "-" "Mozilla/5.0 (Windows NT 10.0; Win64; x64) AppleWebKit/537.36 (KHTML, like Gecko) Chrome/59.0.3071.104 Safari/537.36"
20.48.26.146 - - [25/Jun/2026:01:07:02 +0800] "GET /wp-content/plugins/hellopress/wp_filemanager.php HTTP/1.1" 404 27 "-" "-"
20.48.26.146 - - [25/Jun/2026:01:07:02 +0800] "GET /this_is_a_new_hello_world.php HTTP/1.1" 404 27 "-" "-"
20.48.26.146 - - [25/Jun/2026:01:07:02 +0800] "GET /get.php HTTP/1.1" 404 27 "-" "-"
20.48.26.146 - - [25/Jun/2026:01:07:02 +0800] "GET /wp-admin/maint/admin.php HTTP/1.1" 404 27 "-" "-"
20.48.26.146 - - [25/Jun/2026:01:07:02 +0800] "GET /mosty.php HTTP/1.1" 404 27 "-" "-"
20.48.26.146 - - [25/Jun/2026:01:07:02 +0800] "GET /mac.php HTTP/1.1" 404 27 "-" "-"
20.48.26.146 - - [25/Jun/2026:01:07:02 +0800] "GET /k.php HTTP/1.1" 404 27 "-" "-"
20.48.26.146 - - [25/Jun/2026:01:07:02 +0800] "GET /file.php HTTP/1.1" 404 27 "-" "-"
20.48.26.146 - - [25/Jun/2026:01:07:03 +0800] "GET /ws.php HTTP/1.1" 404 27 "-" "-"
20.48.26.146 - - [25/Jun/2026:01:07:03 +0800] "GET /error_log.php HTTP/1.1" 404 27 "-" "-"
20.48.26.146 - - [25/Jun/2026:01:07:03 +0800] "GET /minify.php HTTP/1.1" 404 27 "-" "-"
20.48.26.146 - - [25/Jun/2026:01:07:03 +0800] "GET /wp-blog.php HTTP/1.1" 404 27 "-" "-"
20.48.26.146 - - [25/Jun/2026:01:07:03 +0800] "GET /file5.php HTTP/1.1" 404 27 "-" "-"
20.48.26.146 - - [25/Jun/2026:01:07:03 +0800] "GET /222.php HTTP/1.1" 404 27 "-" "-"
20.48.26.146 - - [25/Jun/2026:01:07:03 +0800] "GET /gmo.php HTTP/1.1" 404 27 "-" "-"
20.48.26.146 - - [25/Jun/2026:01:07:03 +0800] "GET /wp-lamburg.php HTTP/1.1" 404 27 "-" "-"
20.48.26.146 - - [25/Jun/2026:01:07:03 +0800] "GET /anisogamete.php?p= HTTP/1.1" 404 27 "-" "-"
20.48.26.146 - - [25/Jun/2026:01:07:04 +0800] "GET /ty.php?p= HTTP/1.1" 404 27 "-" "-"
20.48.26.146 - - [25/Jun/2026:01:07:04 +0800] "GET /aq.php HTTP/1.1" 404 27 "-" "-"
20.48.26.146 - - [25/Jun/2026:01:07:04 +0800] "GET /z60.php?p= HTTP/1.1" 404 27 "-" "-"
20.48.26.146 - - [25/Jun/2026:01:07:04 +0800] "GET /filemanger2.php HTTP/1.1" 404 27 "-" "-"
20.48.26.146 - - [25/Jun/2026:01:07:04 +0800] "GET /manager.php HTTP/1.1" 404 27 "-" "-"
20.48.26.146 - - [25/Jun/2026:01:07:04 +0800] "GET /classwithtostring.php HTTP/1.1" 404 27 "-" "-"
20.48.26.146 - - [25/Jun/2026:01:07:04 +0800] "GET /xa.php HTTP/1.1" 404 27 "-" "-"
20.48.26.146 - - [25/Jun/2026:01:07:05 +0800] "GET /.well-known/index.php HTTP/1.1" 404 27 "-" "-"
20.48.26.146 - - [25/Jun/2026:01:07:05 +0800] "GET /file18.php HTTP/1.1" 404 27 "-" "-"
20.48.26.146 - - [25/Jun/2026:01:07:05 +0800] "GET /chosen.php?p= HTTP/1.1" 404 27 "-" "-"
20.48.26.146 - - [25/Jun/2026:01:07:05 +0800] "GET /admin.php HTTP/1.1" 404 27 "-" "-"
20.48.26.146 - - [25/Jun/2026:01:07:05 +0800] "GET /simple.php HTTP/1.1" 404 27 "-" "-"
36.133.115.36 - - [25/Jun/2026:01:12:43 +0800] "POST /wp-cron.php?doing_wp_cron=1782321163.9142479896545410156250 HTTP/1.1" 200 31 "-" "WordPress/7.0; http://cqqizhou.com"
66.249.66.67 - - [25/Jun/2026:01:12:43 +0800] "GET /robots.txt HTTP/1.1" 301 5 "-" "Mozilla/5.0 (compatible; Googlebot/2.1; +http://www.google.com/bot.html)"
85.209.217.176 - - [25/Jun/2026:01:17:44 +0800] "GET /news/2597 HTTP/1.1" 200 24628 "-" "Mozilla/5.0 (Windows NT 10.0; Win64; x64) AppleWebKit/537.36 (KHTML, like Gecko) Chrome/149.0.0.0 Safari/537.36 Edg/149.0.0.0"
36.133.108.125 - - [25/Jun/2026:01:24:01 +0800] "HEAD /wp-includes/build/ HTTP/1.1" 403 0 "-" "Mozilla/5.0 (Windows NT 6.2) AppleWebKit/537.36 (KHTML, like Gecko) Chrome/28.0.1464.0 Safari/537.36"
36.133.115.36 - - [25/Jun/2026:01:33:15 +0800] "POST /wp-cron.php?doing_wp_cron=1782322395.6725640296936035156250 HTTP/1.1" 200 31 "-" "WordPress/7.0; http://cqqizhou.com"
115.159.33.43 - - [25/Jun/2026:01:33:15 +0800] "GET / HTTP/1.1" 301 5 "-" "Mozilla/5.0 (Windows NT 10.0; Win64; x64) AppleWebKit/537.36 (KHTML, like Gecko) Chrome/79.0.3945.117 Safari/537.36"
36.133.115.36 - - [25/Jun/2026:01:41:43 +0800] "POST /wp-cron.php?doing_wp_cron=1782322903.4779939651489257812500 HTTP/1.1" 200 31 "-" "WordPress/7.0; http://cqqizhou.com"
36.133.108.119 - - [25/Jun/2026:01:41:43 +0800] "HEAD /wp-content/upgrade/xls HTTP/1.1" 404 0 "-" "Mozilla/5.0 (compatible; MSIE 8.0; Windows NT 5.1; Trident/4.0; .NET CLR 1.1.4322; .NET CLR 2.0.50727)"
36.133.115.36 - - [25/Jun/2026:01:55:00 +0800] "POST /wp-cron.php?doing_wp_cron=1782323700.7910270690917968750000 HTTP/1.1" 200 31 "-" "WordPress/7.0; http://cqqizhou.com"
36.133.108.125 - - [25/Jun/2026:01:55:00 +0800] "HEAD /wp-content/upgrade/sql.inc HTTP/1.1" 404 0 "-" "Mozilla/5.0 (Macintosh; U; Intel Mac OS X 10_6_6; fr-ch) AppleWebKit/533.19.4 (KHTML, like Gecko) Version/5.0.3 Safari/533.19.4"
36.133.115.36 - - [25/Jun/2026:02:02:02 +0800] "POST /wp-cron.php?doing_wp_cron=1782324122.0289719104766845703125 HTTP/1.1" 200 31 "-" "WordPress/7.0; http://cqqizhou.com"
36.133.108.121 - - [25/Jun/2026:02:02:02 +0800] "HEAD /wp-includes/images/fileadmin HTTP/1.1" 404 0 "-" "Mozilla/5.0 (Windows NT 6.1; rv:27.3) Gecko/20130101 Firefox/27.3"
36.133.115.36 - - [25/Jun/2026:02:08:38 +0800] "POST /wp-cron.php?doing_wp_cron=1782324517.9946129322052001953125 HTTP/1.1" 200 31 "-" "WordPress/7.0; http://cqqizhou.com"
176.65.139.66 - - [25/Jun/2026:02:08:38 +0800] "GET / HTTP/1.0" 301 0 "-" "Shodan-Pull/1.0"
158.173.75.126 - - [25/Jun/2026:02:11:13 +0800] "GET /contacts HTTP/1.0" 200 78602 "http://cqqizhou.com/contacts" "Mozilla/5.0 (Windows NT 10.0; Win64; x64) AppleWebKit/537.36 (KHTML, like Gecko) Chrome/103.0.0.0 Safari/537.36"
36.133.115.36 - - [25/Jun/2026:02:11:15 +0800] "POST /wp-cron.php?doing_wp_cron=1782324675.8247249126434326171875 HTTP/1.1" 200 31 "-" "WordPress/7.0; http://cqqizhou.com"
158.173.75.209 - - [25/Jun/2026:02:11:16 +0800] "POST /contacts HTTP/1.0" 200 70475 "http://cqqizhou.com/contacts" "Mozilla/5.0 (Windows NT 10.0; Win64; x64) AppleWebKit/537.36 (KHTML, like Gecko) Chrome/103.0.0.0 Safari/537.36"
36.133.115.36 - - [25/Jun/2026:02:20:46 +0800] "POST /wp-cron.php?doing_wp_cron=1782325246.5463860034942626953125 HTTP/1.1" 200 31 "-" "WordPress/7.0; http://cqqizhou.com"
36.133.108.121 - - [25/Jun/2026:02:20:46 +0800] "HEAD /wp-admin/storage HTTP/1.1" 404 0 "-" "Mozilla/5.0 (compatible; MSIE 8.0; Windows NT 5.2; Trident/4.0; Media Center PC 4.0; SLCC1; .NET CLR 3.0.04320)"
36.133.115.36 - - [25/Jun/2026:02:23:55 +0800] "POST /wp-cron.php?doing_wp_cron=1782325435.5271689891815185546875 HTTP/1.1" 200 31 "-" "WordPress/7.0; http://cqqizhou.com"
36.133.108.121 - - [25/Jun/2026:02:23:55 +0800] "HEAD /wp-includes/build/frontend HTTP/1.1" 404 0 "-" "Mozilla/5.0 (iPad; U; CPU OS 3_2 like Mac OS X; en-us) AppleWebKit/531.21.10 (KHTML, like Gecko) Version/4.0.4 Mobile/7B334b Safari/531.21.10"
36.133.115.36 - - [25/Jun/2026:02:25:58 +0800] "POST /wp-cron.php?doing_wp_cron=1782325558.5548110008239746093750 HTTP/1.1" 200 31 "-" "WordPress/7.0; http://cqqizhou.com"
36.133.108.125 - - [25/Jun/2026:02:25:58 +0800] "HEAD /process/echo%20crhehq$()%5C%20puxsmz%5Cnz%5Exyu%7C%7Ca%20%23'%20&echo%20crhehq$()%5C%20puxsmz%5Cnz%5Exyu%7C%7Ca%20%23%7C%22%20&echo%20crhehq$()%5C%20puxsmz%5Cnz%5Exyu%7C%7Ca%20%23 HTTP/1.1" 404 0 "-" "Mozilla/5.0 (compatible; MSIE 9.0; Windows NT 6.1; Trident/5.0; yie8)"
36.133.115.36 - - [25/Jun/2026:02:26:13 +0800] "POST /wp-cron.php?doing_wp_cron=1782325573.6591930389404296875000 HTTP/1.1" 200 31 "-" "WordPress/7.0; http://cqqizhou.com"
36.133.108.125 - - [25/Jun/2026:02:26:13 +0800] "HEAD /graphql HTTP/1.1" 404 0 "-" "Mozilla/4.0 (compatible; MSIE 8.0; Windows NT 6.1; WOW64; Trident/4.0; SLCC2; Media Center PC 6.0; InfoPath.2; MS-RTC LM 8"
212.100.169.223 - - [25/Jun/2026:02:26:53 +0800] "GET / HTTP/1.1" 301 5 "-" "Mozilla/5.0 (Windows NT 10.0; Win64; x64) AppleWebKit/537.36 (KHTML, like Gecko) Chrome/97.0.4280.67 Safari/537.36 Edg/97.0.664.52"
212.100.169.223 - - [25/Jun/2026:02:26:57 +0800] "GET / HTTP/1.1" 200 41074 "-" "Mozilla/5.0 (Windows NT 10.0; Win64; x64) AppleWebKit/537.36 (KHTML, like Gecko) Chrome/97.0.4280.67 Safari/537.36 Edg/97.0.664.52"
36.133.115.36 - - [25/Jun/2026:02:34:02 +0800] "POST /wp-cron.php?doing_wp_cron=1782326042.1889190673828125000000 HTTP/1.1" 200 31 "-" "WordPress/7.0; http://cqqizhou.com"
221.232.8.183 - - [25/Jun/2026:02:34:02 +0800] "GET / HTTP/1.1" 301 5 "-" "Mozilla/5.0 (Linux; Android 11; Pixel 5) AppleWebKit/537.36 (KHTML, like Gecko) Chrome/113.0.5672.53 Mobile Safari/537.36"
221.232.8.183 - - [25/Jun/2026:02:34:03 +0800] "GET / HTTP/1.1" 200 35183 "-" "Mozilla/5.0 (Linux; Android 11; Pixel 5) AppleWebKit/537.36 (KHTML, like Gecko) Chrome/113.0.5672.53 Mobile Safari/537.36"
221.235.68.75 - - [25/Jun/2026:02:34:03 +0800] "GET /wp-content/uploads/2025/07/1751425283-qizhou.kf_.qq_.com_.webp HTTP/1.1" 200 16864 "http://cqqizhou.com/" "Mozilla/5.0 (Linux; Android 11; Pixel 5) AppleWebKit/537.36 (KHTML, like Gecko) Chrome/113.0.5672.53 Mobile Safari/537.36"
221.232.8.183 - - [25/Jun/2026:02:34:07 +0800] "GET /wp-content/uploads/2025/12/1765268955-qizhou_Slider1_3840%C3%972160_20251210-scaled.webp HTTP/1.1" 200 152162 "http://cqqizhou.com/" "Mozilla/5.0 (Linux; Android 11; Pixel 5) AppleWebKit/537.36 (KHTML, like Gecko) Chrome/113.0.5672.53 Mobile Safari/537.36"
221.235.68.75 - - [25/Jun/2026:02:34:07 +0800] "GET /wp-content/uploads/revslider/slider-1/1750861156-logistics_Slider_3840%C3%972160_20250625191356-scaled-50x100.webp HTTP/1.1" 200 1416 "http://cqqizhou.com/" "Mozilla/5.0 (Linux; Android 11; Pixel 5) AppleWebKit/537.36 (KHTML, like Gecko) Chrome/113.0.5672.53 Mobile Safari/537.36"
221.232.8.183 - - [25/Jun/2026:02:34:07 +0800] "GET /wp-content/uploads/2026/01/1768276119-qizhoujiagong_Slider_3840%C3%972160_20260113-scaled-50x100.webp HTTP/1.1" 200 976 "http://cqqizhou.com/" "Mozilla/5.0 (Linux; Android 11; Pixel 5) AppleWebKit/537.36 (KHTML, like Gecko) Chrome/113.0.5672.53 Mobile Safari/537.36"
36.133.115.36 - - [25/Jun/2026:02:34:08 +0800] "POST /wp-cron.php?doing_wp_cron=1782326048.3471438884735107421875 HTTP/1.1" 200 31 "-" "WordPress/7.0; http://cqqizhou.com"
221.235.68.75 - - [25/Jun/2026:02:34:08 +0800] "GET /wp-json/sliderrevolution/sliders/1?srengine=7&slideid=2 HTTP/1.1" 200 2000 "http://cqqizhou.com/" "Mozilla/5.0 (Linux; Android 11; Pixel 5) AppleWebKit/537.36 (KHTML, like Gecko) Chrome/113.0.5672.53 Mobile Safari/537.36"
221.232.8.183 - - [25/Jun/2026:02:34:08 +0800] "GET /wp-json/sliderrevolution/sliders/1?srengine=7&slideid=4 HTTP/1.1" 200 2580 "http://cqqizhou.com/" "Mozilla/5.0 (Linux; Android 11; Pixel 5) AppleWebKit/537.36 (KHTML, like Gecko) Chrome/113.0.5672.53 Mobile Safari/537.36"
221.235.68.75 - - [25/Jun/2026:02:34:08 +0800] "GET /wp-content/uploads/revslider/slider-1/1750861156-logistics_Slider_3840%C3%972160_20250625191356-scaled.webp HTTP/1.1" 200 197360 "http://cqqizhou.com/" "Mozilla/5.0 (Linux; Android 11; Pixel 5) AppleWebKit/537.36 (KHTML, like Gecko) Chrome/113.0.5672.53 Mobile Safari/537.36"
221.232.8.183 - - [25/Jun/2026:02:34:08 +0800] "GET /wp-content/uploads/2026/01/1768276119-qizhoujiagong_Slider_3840%C3%972160_20260113-scaled.webp HTTP/1.1" 200 131696 "http://cqqizhou.com/" "Mozilla/5.0 (Linux; Android 11; Pixel 5) AppleWebKit/537.36 (KHTML, like Gecko) Chrome/113.0.5672.53 Mobile Safari/537.36"
221.232.8.183 - - [25/Jun/2026:02:34:17 +0800] "GET /wp-content/uploads/2025/12/1765268955-qizhou_Slider1_3840%C3%972160_20251210-scaled-50x100.webp HTTP/1.1" 200 1812 "http://cqqizhou.com/" "Mozilla/5.0 (Linux; Android 11; Pixel 5) AppleWebKit/537.36 (KHTML, like Gecko) Chrome/113.0.5672.53 Mobile Safari/537.36"
36.133.115.36 - - [25/Jun/2026:02:38:49 +0800] "POST /wp-cron.php?doing_wp_cron=1782326329.1934919357299804687500 HTTP/1.1" 200 31 "-" "WordPress/7.0; http://cqqizhou.com"
129.226.146.146 - - [25/Jun/2026:02:38:49 +0800] "GET / HTTP/1.1" 301 5 "-" "Mozilla/5.0 (iPhone; CPU iPhone OS 13_2_3 like Mac OS X) AppleWebKit/605.1.15 (KHTML, like Gecko) Version/13.0.3 Mobile/15E148 Safari/604.1"
129.226.146.146 - - [25/Jun/2026:02:38:51 +0800] "GET / HTTP/1.1" 200 35183 "http://36.133.115.36" "Mozilla/5.0 (iPhone; CPU iPhone OS 13_2_3 like Mac OS X) AppleWebKit/605.1.15 (KHTML, like Gecko) Version/13.0.3 Mobile/15E148 Safari/604.1"
36.133.115.36 - - [25/Jun/2026:02:39:35 +0800] "POST /wp-cron.php?doing_wp_cron=1782326375.5797920227050781250000 HTTP/1.1" 200 31 "-" "WordPress/7.0; http://cqqizhou.com"
36.133.108.119 - - [25/Jun/2026:02:39:35 +0800] "HEAD /graphiql HTTP/1.1" 404 0 "-" "Mozilla/5.0 (X11; Linux x86_64) AppleWebKit/537.36 (KHTML, like Gecko) Chrome/41.0.2227.0 Safari/537.36"
36.133.115.36 - - [25/Jun/2026:02:56:18 +0800] "POST /wp-cron.php?doing_wp_cron=1782327378.0402030944824218750000 HTTP/1.1" 200 31 "-" "WordPress/7.0; http://cqqizhou.com"
36.133.108.121 - - [25/Jun/2026:02:56:18 +0800] "HEAD /wp-content/fonts/.mysql_history HTTP/1.1" 404 0 "-" "Mozilla/5.0 (iPad; U; CPU OS 3_2 like Mac OS X; en-us) AppleWebKit/531.21.10 (KHTML, like Gecko) Version/4.0.4 Mobile/7B334b Safari/531.21.10"
36.133.108.121 - - [25/Jun/2026:02:56:37 +0800] "HEAD /wp-includes/js/log.htm HTTP/1.1" 404 0 "-" "Mozilla/5.0 (iPad; U; CPU OS 3_2 like Mac OS X; en-us) AppleWebKit/531.21.10 (KHTML, like Gecko) Version/4.0.4 Mobile/7B334b Safari/531.21.10"
104.253.218.70 - - [25/Jun/2026:02:59:08 +0800] "GET /wp-content/uploads/2026/05/1779957408-1Article_images_W900px-768x432.webp HTTP/1.1" 200 37090 "-" "Mozilla/5.0 (compatible; crawler)"
36.133.115.36 - - [25/Jun/2026:03:03:43 +0800] "POST /wp-cron.php?doing_wp_cron=1782327823.1795220375061035156250 HTTP/1.1" 200 31 "-" "WordPress/7.0; http://cqqizhou.com"
170.106.11.6 - - [25/Jun/2026:03:03:43 +0800] "GET / HTTP/1.1" 200 35182 "-" "Mozilla/5.0 (iPhone; CPU iPhone OS 13_2_3 like Mac OS X) AppleWebKit/605.1.15 (KHTML, like Gecko) Version/13.0.3 Mobile/15E148 Safari/604.1"
36.133.115.36 - - [25/Jun/2026:03:23:42 +0800] "POST /wp-cron.php?doing_wp_cron=1782329022.2050840854644775390625 HTTP/1.1" 200 31 "-" "WordPress/7.0; http://cqqizhou.com"
116.172.216.109 - - [25/Jun/2026:03:23:42 +0800] "GET /media/3 HTTP/1.1" 200 26625 "-" "Mozilla/5.0 (Macintosh; Intel Mac OS X 10_15_7) AppleWebKit/537.36 (KHTML, like Gecko) Chrome/134.0.0.0 Safari/537.36"
36.133.115.36 - - [25/Jun/2026:03:25:44 +0800] "POST /wp-cron.php?doing_wp_cron=1782329144.7617580890655517578125 HTTP/1.1" 200 31 "-" "WordPress/7.0; http://cqqizhou.com"
124.49.149.43 - - [25/Jun/2026:03:25:44 +0800] "GET / HTTP/1.0" 301 0 "-" "-"
36.133.115.36 - - [25/Jun/2026:03:28:16 +0800] "POST /wp-cron.php?doing_wp_cron=1782329296.6412279605865478515625 HTTP/1.1" 200 31 "-" "WordPress/7.0; http://cqqizhou.com"
36.133.108.125 - - [25/Jun/2026:03:28:16 +0800] "HEAD /manual HTTP/1.1" 404 0 "-" "Mozilla/5.0 (Windows NT 6.1; WOW64; rv:31.0) Gecko/20130401 Firefox/31.0"
36.133.115.36 - - [25/Jun/2026:03:29:50 +0800] "POST /wp-cron.php?doing_wp_cron=1782329390.7130019664764404296875 HTTP/1.1" 200 31 "-" "WordPress/7.0; http://cqqizhou.com"
36.133.108.125 - - [25/Jun/2026:03:29:50 +0800] "HEAD /wp-content/upgrade/uploads HTTP/1.1" 404 0 "-" "Mozilla/5.0 (Macintosh; U; Intel Mac OS X 10_6_6; en-gb) AppleWebKit/533.20.25 (KHTML, like Gecko) Version/5.0.4 Safari/533.20.27"
117.29.240.34 - - [25/Jun/2026:03:54:12 +0800] "GET /company-news HTTP/1.1" 200 26293 "-" "Mozilla/5.0 (X11; Linux x86_64) AppleWebKit/537.36 (KHTML, like Gecko) Chrome/147.0.0.0 Safari/537.36"
36.133.115.36 - - [25/Jun/2026:03:58:13 +0800] "POST /wp-cron.php?doing_wp_cron=1782331093.1475560665130615234375 HTTP/1.1" 200 31 "-" "WordPress/7.0; http://cqqizhou.com"
43.135.144.126 - - [25/Jun/2026:03:58:13 +0800] "GET / HTTP/1.1" 301 5 "-" "Mozilla/5.0 (iPhone; CPU iPhone OS 13_2_3 like Mac OS X) AppleWebKit/605.1.15 (KHTML, like Gecko) Version/13.0.3 Mobile/15E148 Safari/604.1"
43.135.144.126 - - [25/Jun/2026:03:58:15 +0800] "GET / HTTP/1.1" 200 35183 "http://www.cqqizhou.com" "Mozilla/5.0 (iPhone; CPU iPhone OS 13_2_3 like Mac OS X) AppleWebKit/605.1.15 (KHTML, like Gecko) Version/13.0.3 Mobile/15E148 Safari/604.1"
36.133.115.36 - - [25/Jun/2026:03:59:48 +0800] "POST /wp-cron.php?doing_wp_cron=1782331188.3363289833068847656250 HTTP/1.1" 200 31 "-" "WordPress/7.0; http://cqqizhou.com"
35.241.250.209 - - [25/Jun/2026:03:59:48 +0800] "GET / HTTP/1.1" 200 35182 "-" "Mozilla/5.0 (Windows NT 10.0; Win64; x64) AppleWebKit/537.36 (KHTML, like Gecko) Chrome/127.0.0.0 Safari/537.36"
34.76.128.115 - - [25/Jun/2026:03:59:57 +0800] "GET / HTTP/1.1" 301 5 "-" "Mozilla/5.0 (compatible; nmap-http-info)"
36.133.115.36 - - [25/Jun/2026:04:04:23 +0800] "POST /wp-cron.php?doing_wp_cron=1782331463.5586569309234619140625 HTTP/1.1" 200 31 "-" "WordPress/7.0; http://cqqizhou.com"
36.133.108.119 - - [25/Jun/2026:04:04:23 +0800] "HEAD /contacts?919502%40 HTTP/1.1" 200 0 "-" "Mozilla/5.0 (Macintosh; U; Intel Mac OS X 10_5_8; zh-cn) AppleWebKit/533.18.1 (KHTML, like Gecko) Version/5.0.2 Safari/533.18.5"
36.133.108.119 - - [25/Jun/2026:04:04:24 +0800] "GET /contacts?919502%40 HTTP/1.1" 200 19148 "-" "Scrapy/2.8.0 (+https://scrapy.org)"
36.133.115.36 - - [25/Jun/2026:04:12:26 +0800] "POST /wp-cron.php?doing_wp_cron=1782331946.6734108924865722656250 HTTP/1.1" 200 31 "-" "WordPress/7.0; http://cqqizhou.com"
36.133.108.121 - - [25/Jun/2026:04:12:26 +0800] "HEAD /README.md HTTP/1.1" 404 0 "-" "Mozilla/5.0 (Macintosh; U; Intel Mac OS X 10_6_7; en-us) AppleWebKit/534.16+ (KHTML, like Gecko) Version/5.0.3 Safari/533.19.4"
143.110.208.33 - - [25/Jun/2026:04:13:32 +0800] "GET / HTTP/1.1" 200 41074 "-" "Mozilla/5.0 (X11; Linux x86_64) AppleWebKit/537.36 (KHTML, like Gecko) Chrome/142.0.0.0 Safari/537.36"
36.133.115.36 - - [25/Jun/2026:04:19:18 +0800] "POST /wp-cron.php?doing_wp_cron=1782332358.8259429931640625000000 HTTP/1.1" 200 31 "-" "WordPress/7.0; http://cqqizhou.com"
5.61.209.92 - - [25/Jun/2026:04:19:18 +0800] "GET / HTTP/1.1" 200 35184 "-" "Mozilla/5.0 (Windows NT 10.0; Win64; x64) AppleWebKit/537.36 (KHTML, like Gecko) Chrome/90.0.4430.85 Safari/537.36 Edg/90.0.818.46"
36.133.115.36 - - [25/Jun/2026:04:20:39 +0800] "POST /wp-cron.php?doing_wp_cron=1782332439.0929839611053466796875 HTTP/1.1" 200 31 "-" "WordPress/7.0; http://cqqizhou.com"
39.99.34.28 - - [25/Jun/2026:04:20:39 +0800] "GET / HTTP/1.0" 301 0 "-" "-"
39.99.34.28 - - [25/Jun/2026:04:20:50 +0800] "GET / HTTP/1.0" 301 0 "-" "-"
39.99.34.28 - - [25/Jun/2026:04:20:50 +0800] "GET /nmaplowercheck1782332440 HTTP/1.1" 404 32862 "-" "Mozilla/5.0 (compatible; Nmap Scripting Engine; https://nmap.org/book/nse.html)"
39.99.34.28 - - [25/Jun/2026:04:20:50 +0800] "POST /sdk HTTP/1.1" 404 32862 "-" "Mozilla/5.0 (compatible; Nmap Scripting Engine; https://nmap.org/book/nse.html)"
39.99.34.28 - - [25/Jun/2026:04:20:51 +0800] "GET /HNAP1 HTTP/1.1" 404 32862 "-" "Mozilla/5.0 (compatible; Nmap Scripting Engine; https://nmap.org/book/nse.html)"
39.99.34.28 - - [25/Jun/2026:04:20:51 +0800] "GET /evox/about HTTP/1.1" 404 32862 "-" "Mozilla/5.0 (compatible; Nmap Scripting Engine; https://nmap.org/book/nse.html)"
36.133.115.36 - - [25/Jun/2026:04:21:10 +0800] "POST /wp-cron.php?doing_wp_cron=1782332470.7475419044494628906250 HTTP/1.1" 200 31 "-" "WordPress/7.0; http://cqqizhou.com"
39.99.34.28 - - [25/Jun/2026:04:21:10 +0800] "GET / HTTP/1.0" 301 0 "-" "-"
39.99.34.28 - - [25/Jun/2026:04:21:11 +0800] "GET / HTTP/1.1" 301 5 "-" "-"
36.133.115.36 - - [25/Jun/2026:04:27:50 +0800] "POST /wp-cron.php?doing_wp_cron=1782332870.3382439613342285156250 HTTP/1.1" 200 31 "-" "WordPress/7.0; http://cqqizhou.com"
36.133.108.121 - - [25/Jun/2026:04:27:50 +0800] "HEAD /wp-includes/build/temp HTTP/1.1" 404 0 "-" "Mozilla/5.0 (X11; Ubuntu; Linux x86_64; rv:24.0) Gecko/20100101 Firefox/24.0"
36.133.115.36 - - [25/Jun/2026:04:28:10 +0800] "POST /wp-cron.php?doing_wp_cron=1782332890.0493750572204589843750 HTTP/1.1" 200 31 "-" "WordPress/7.0; http://cqqizhou.com"
58.17.136.12 - - [25/Jun/2026:04:28:10 +0800] "HEAD / HTTP/1.1" 301 0 "-" "Mozilla/5.0 (Windows NT 10.0; Win64; x64) AppleWebKit/537.36 (KHTML, like Gecko) Chrome/145.0.0.0 Safari/537.36"
58.17.136.12 - - [25/Jun/2026:04:28:10 +0800] "HEAD / HTTP/1.1" 200 0 "http://www.cqqizhou.com:80" "Mozilla/5.0 (Windows NT 10.0; Win64; x64) AppleWebKit/537.36 (KHTML, like Gecko) Chrome/145.0.0.0 Safari/537.36"
58.17.136.12 - - [25/Jun/2026:04:28:10 +0800] "GET / HTTP/1.1" 301 5 "-" "Mozilla/5.0 (Windows NT 10.0; Win64; x64) AppleWebKit/537.36 (KHTML, like Gecko) Chrome/145.0.0.0 Safari/537.36"
58.17.136.12 - - [25/Jun/2026:04:28:10 +0800] "GET / HTTP/1.1" 200 41074 "http://www.cqqizhou.com:80" "Mozilla/5.0 (Windows NT 10.0; Win64; x64) AppleWebKit/537.36 (KHTML, like Gecko) Chrome/145.0.0.0 Safari/537.36"
58.17.136.12 - - [25/Jun/2026:04:28:12 +0800] "GET / HTTP/1.1" 301 5 "-" "Mozilla/5.0 (Macintosh; Intel Mac OS X 10_15_7) AppleWebKit/537.36 (KHTML, like Gecko) Chrome/114.0.0.0 Safari/537.36"
58.17.136.12 - - [25/Jun/2026:04:28:12 +0800] "GET / HTTP/1.1" 200 41074 "-" "Mozilla/5.0 (Macintosh; Intel Mac OS X 10_15_7) AppleWebKit/537.36 (KHTML, like Gecko) Chrome/114.0.0.0 Safari/537.36"
58.17.136.12 - - [25/Jun/2026:04:28:13 +0800] "GET /wp-content/uploads/2025/07/1751425283-qizhou.kf_.qq_.com_.webp HTTP/1.1" 200 16864 "http://cqqizhou.com/" "Mozilla/5.0 (Macintosh; Intel Mac OS X 10_15_7) AppleWebKit/537.36 (KHTML, like Gecko) Chrome/114.0.0.0 Safari/537.36"
58.17.136.12 - - [25/Jun/2026:04:28:15 +0800] "GET /wp-content/uploads/2025/07/1753456723-%E5%8F%8C%E7%9B%B8%E9%92%A2roduct_Single600.webp HTTP/1.1" 200 22790 "http://cqqizhou.com/" "Mozilla/5.0 (Macintosh; Intel Mac OS X 10_15_7) AppleWebKit/537.36 (KHTML, like Gecko) Chrome/114.0.0.0 Safari/537.36"
58.17.136.12 - - [25/Jun/2026:04:28:15 +0800] "GET /wp-content/uploads/2025/07/1753453127-%E4%BD%99%E5%8D%B7product_Single600%C3%97284.webp HTTP/1.1" 200 18744 "http://cqqizhou.com/" "Mozilla/5.0 (Macintosh; Intel Mac OS X 10_15_7) AppleWebKit/537.36 (KHTML, like Gecko) Chrome/114.0.0.0 Safari/537.36"
58.17.136.12 - - [25/Jun/2026:04:28:15 +0800] "GET /wp-content/uploads/2025/07/1753456770-%E7%83%AD%E9%95%80%E9%94%8C%E5%8D%B7product_Single600.webp HTTP/1.1" 200 27502 "http://cqqizhou.com/" "Mozilla/5.0 (Macintosh; Intel Mac OS X 10_15_7) AppleWebKit/537.36 (KHTML, like Gecko) Chrome/114.0.0.0 Safari/537.36"
58.17.136.12 - - [25/Jun/2026:04:28:15 +0800] "GET /wp-content/uploads/2025/07/1753453096-%E5%8F%8C%E7%9B%B8%E9%92%A2product_Single600%C3%97284.webp HTTP/1.1" 200 14562 "http://cqqizhou.com/" "Mozilla/5.0 (Macintosh; Intel Mac OS X 10_15_7) AppleWebKit/537.36 (KHTML, like Gecko) Chrome/114.0.0.0 Safari/537.36"
58.17.136.12 - - [25/Jun/2026:04:28:17 +0800] "GET /wp-content/uploads/2025/12/1765268955-qizhou_Slider1_3840%C3%972160_20251210-scaled.webp HTTP/1.1" 200 152162 "http://cqqizhou.com/" "Mozilla/5.0 (Macintosh; Intel Mac OS X 10_15_7) AppleWebKit/537.36 (KHTML, like Gecko) Chrome/114.0.0.0 Safari/537.36"
58.17.136.12 - - [25/Jun/2026:04:28:17 +0800] "GET /wp-content/uploads/2026/01/1768276119-qizhoujiagong_Slider_3840%C3%972160_20260113-scaled-50x100.webp HTTP/1.1" 200 976 "http://cqqizhou.com/" "Mozilla/5.0 (Macintosh; Intel Mac OS X 10_15_7) AppleWebKit/537.36 (KHTML, like Gecko) Chrome/114.0.0.0 Safari/537.36"
58.17.136.12 - - [25/Jun/2026:04:28:17 +0800] "GET /wp-content/uploads/revslider/slider-1/1750861156-logistics_Slider_3840%C3%972160_20250625191356-scaled-50x100.webp HTTP/1.1" 200 1416 "http://cqqizhou.com/" "Mozilla/5.0 (Macintosh; Intel Mac OS X 10_15_7) AppleWebKit/537.36 (KHTML, like Gecko) Chrome/114.0.0.0 Safari/537.36"
58.17.136.12 - - [25/Jun/2026:04:28:18 +0800] "GET /wp-json/sliderrevolution/sliders/1?srengine=7&slideid=4 HTTP/1.1" 200 2580 "http://cqqizhou.com/" "Mozilla/5.0 (Macintosh; Intel Mac OS X 10_15_7) AppleWebKit/537.36 (KHTML, like Gecko) Chrome/114.0.0.0 Safari/537.36"
58.17.136.12 - - [25/Jun/2026:04:28:18 +0800] "GET /wp-json/sliderrevolution/sliders/1?srengine=7&slideid=2 HTTP/1.1" 200 2000 "http://cqqizhou.com/" "Mozilla/5.0 (Macintosh; Intel Mac OS X 10_15_7) AppleWebKit/537.36 (KHTML, like Gecko) Chrome/114.0.0.0 Safari/537.36"
58.17.136.12 - - [25/Jun/2026:04:28:18 +0800] "GET /wp-content/uploads/2026/01/1768276119-qizhoujiagong_Slider_3840%C3%972160_20260113-scaled.webp HTTP/1.1" 200 131696 "http://cqqizhou.com/" "Mozilla/5.0 (Macintosh; Intel Mac OS X 10_15_7) AppleWebKit/537.36 (KHTML, like Gecko) Chrome/114.0.0.0 Safari/537.36"
58.17.136.12 - - [25/Jun/2026:04:28:18 +0800] "GET /wp-content/uploads/revslider/slider-1/1750861156-logistics_Slider_3840%C3%972160_20250625191356-scaled.webp HTTP/1.1" 200 197360 "http://cqqizhou.com/" "Mozilla/5.0 (Macintosh; Intel Mac OS X 10_15_7) AppleWebKit/537.36 (KHTML, like Gecko) Chrome/114.0.0.0 Safari/537.36"
36.133.115.36 - - [25/Jun/2026:04:29:25 +0800] "POST /wp-cron.php?doing_wp_cron=1782332965.5499639511108398437500 HTTP/1.1" 200 31 "-" "WordPress/7.0; http://cqqizhou.com"
36.133.108.119 - - [25/Jun/2026:04:29:25 +0800] "HEAD /wp-includes/assets/assets.dump HTTP/1.1" 404 0 "-" "Mozilla/5.0 (iPad; CPU OS 6_0 like Mac OS X) AppleWebKit/536.26 (KHTML, like Gecko) Version/6.0 Mobile/10A5355d Safari/8536.25"
220.181.51.90 - - [25/Jun/2026:04:30:41 +0800] "GET /wp-content/uploads/2025/07/1753456723-%CB%AB%CF%E0%B8%D6roduct_Single600.webp HTTP/1.1" 404 32862 "http://cqqizhou.com/" "Mozilla/5.0 (Windows NT 10.0; WOW64) AppleWebKit/537.36 (KHTML, like Gecko) Chrome/48.0.2564.116 Safari/537.36"
36.133.115.36 - - [25/Jun/2026:04:30:41 +0800] "POST /wp-cron.php?doing_wp_cron=1782333041.0462579727172851562500 HTTP/1.1" 200 31 "-" "WordPress/7.0; http://cqqizhou.com"
220.181.51.113 - - [25/Jun/2026:04:30:41 +0800] "GET /wp-content/uploads/2025/07/1753456770-%C8%C8%B6%C6%D0%BF%BE%EDproduct_Single600.webp HTTP/1.1" 404 32862 "http://cqqizhou.com/" "Mozilla/5.0 (Windows NT 10.0; WOW64) AppleWebKit/537.36 (KHTML, like Gecko) Chrome/48.0.2564.116 Safari/537.36"
36.133.115.36 - - [25/Jun/2026:04:31:56 +0800] "POST /wp-cron.php?doing_wp_cron=1782333116.4431810379028320312500 HTTP/1.1" 200 31 "-" "WordPress/7.0; http://cqqizhou.com"
119.91.20.139 - - [25/Jun/2026:04:31:56 +0800] "GET / HTTP/1.1" 200 35183 "-" "Mozilla/5.0 (iPhone; CPU iPhone OS 13_2_3 like Mac OS X) AppleWebKit/605.1.15 (KHTML, like Gecko) Version/13.0.3 Mobile/15E148 Safari/604.1"
36.133.115.36 - - [25/Jun/2026:04:36:17 +0800] "POST /wp-cron.php?doing_wp_cron=1782333377.0883030891418457031250 HTTP/1.1" 200 31 "-" "WordPress/7.0; http://cqqizhou.com"
36.133.108.119 - - [25/Jun/2026:04:36:17 +0800] "HEAD /wp-includes/sample HTTP/1.1" 404 0 "-" "Mozilla/5.0 (iPad; CPU OS 6_0 like Mac OS X) AppleWebKit/536.26 (KHTML, like Gecko) Version/6.0 Mobile/10A5355d Safari/8536.25"
36.133.115.36 - - [25/Jun/2026:04:41:07 +0800] "POST /wp-cron.php?doing_wp_cron=1782333667.5985169410705566406250 HTTP/1.1" 200 31 "-" "WordPress/7.0; http://cqqizhou.com"
36.133.108.125 - - [25/Jun/2026:04:41:07 +0800] "HEAD /wp-content/upgrade/Guardfile HTTP/1.1" 404 0 "-" "Mozilla/5.0 (Windows NT 6.1; WOW64; rv:31.0) Gecko/20130401 Firefox/31.0"
36.133.115.36 - - [25/Jun/2026:04:43:23 +0800] "POST /wp-cron.php?doing_wp_cron=1782333803.8175230026245117187500 HTTP/1.1" 200 31 "-" "WordPress/7.0; http://cqqizhou.com"
36.133.108.121 - - [25/Jun/2026:04:43:23 +0800] "HEAD /wp-includes/build/dbase HTTP/1.1" 404 0 "-" "Mozilla/5.0 (Windows; U; Windows NT 6.1; en-US; rv:1.9.2.13) Gecko/20101213"
36.133.115.36 - - [25/Jun/2026:04:45:46 +0800] "POST /wp-cron.php?doing_wp_cron=1782333946.8593029975891113281250 HTTP/1.1" 200 31 "-" "WordPress/7.0; http://cqqizhou.com"
36.133.108.121 - - [25/Jun/2026:04:45:46 +0800] "HEAD /wp-includes/fonts/console HTTP/1.1" 404 0 "-" "Mozilla/5.0 (Windows NT 6.1; rv:21.0) Gecko/20100101 Firefox/21.0"
36.133.108.125 - - [25/Jun/2026:04:53:56 +0800] "HEAD /cidgg4sz1ed0.php HTTP/1.1" 404 0 "-" "Mozilla/5.0 (Windows NT 6.3; rv:36.0) Gecko/20100101 Firefox/36.0"
36.133.115.36 - - [25/Jun/2026:05:00:15 +0800] "POST /wp-cron.php?doing_wp_cron=1782334815.4866809844970703125000 HTTP/1.1" 200 31 "-" "WordPress/7.0; http://cqqizhou.com"
36.133.108.119 - - [25/Jun/2026:05:00:15 +0800] "HEAD /cidgg4sz1ed0.jsp HTTP/1.1" 404 0 "-" "Mozilla/5.0 (Windows; U; Windows NT 6.1; en-US) AppleWebKit/533.20.25 (KHTML, like Gecko) Version/5.0.4 Safari/533.20.27"
36.133.115.36 - - [25/Jun/2026:05:10:58 +0800] "POST /wp-cron.php?doing_wp_cron=1782335458.7072679996490478515625 HTTP/1.1" 200 31 "-" "WordPress/7.0; http://cqqizhou.com"
36.133.108.125 - - [25/Jun/2026:05:10:58 +0800] "HEAD /wp-admin/includes/accesslog HTTP/1.1" 404 0 "-" "Mozilla/5.0 (Macintosh; U; Intel Mac OS X 10_6_6; fr-ch) AppleWebKit/533.19.4 (KHTML, like Gecko) Version/5.0.3 Safari/533.19.4"
36.133.115.36 - - [25/Jun/2026:05:14:29 +0800] "POST /wp-cron.php?doing_wp_cron=1782335669.2384181022644042968750 HTTP/1.1" 200 31 "-" "WordPress/7.0; http://cqqizhou.com"
43.135.133.194 - - [25/Jun/2026:05:14:29 +0800] "GET / HTTP/1.1" 200 35183 "-" "Mozilla/5.0 (iPhone; CPU iPhone OS 13_2_3 like Mac OS X) AppleWebKit/605.1.15 (KHTML, like Gecko) Version/13.0.3 Mobile/15E148 Safari/604.1"
36.133.115.36 - - [25/Jun/2026:05:19:32 +0800] "POST /wp-cron.php?doing_wp_cron=1782335972.7844901084899902343750 HTTP/1.1" 200 31 "-" "WordPress/7.0; http://cqqizhou.com"
36.133.108.121 - - [25/Jun/2026:05:19:32 +0800] "HEAD /wp-content/fonts/save HTTP/1.1" 404 0 "-" "Mozilla/5.0 (X11; Ubuntu; Linux x86_64; rv:24.0) Gecko/20100101 Firefox/24.0"
36.133.115.36 - - [25/Jun/2026:05:20:18 +0800] "POST /wp-cron.php?doing_wp_cron=1782336017.9716279506683349609375 HTTP/1.1" 200 31 "-" "WordPress/7.0; http://cqqizhou.com"
36.133.108.121 - - [25/Jun/2026:05:20:18 +0800] "HEAD /nacos/ HTTP/1.1" 404 0 "-" "Mozilla/5.0 (compatible; MSIE 8.0; Windows NT 5.2; Trident/4.0; Media Center PC 4.0; SLCC1; .NET CLR 3.0.04320)"
180.153.236.88 - - [25/Jun/2026:05:25:28 +0800] "GET / HTTP/1.1" 200 41074 "http://cqqizhou.com" "User-Agent:Mozilla/5.0 (Windows NT 10.0; Win64; x64) AppleWebKit/537.36 (KHTML, like Gecko) Chrome/140.0.0.0 Safari/537.36 Edg/140.0.0.0; 360Spider"
36.133.108.125 - - [25/Jun/2026:05:37:47 +0800] "HEAD /zabbix/ HTTP/1.1" 499 0 "-" "Mozilla/5.0 (Windows NT 6.3; rv:36.0) Gecko/20100101 Firefox/36.0"
36.133.115.36 - - [25/Jun/2026:05:37:49 +0800] "POST /wp-cron.php?doing_wp_cron=1782337069.1961870193481445312500 HTTP/1.1" 200 31 "-" "WordPress/7.0; http://cqqizhou.com"
154.193.9.106 - - [25/Jun/2026:05:38:04 +0800] "GET http://cqqizhou.com/wp-content/uploads/2026/06/1782182572-Article_images_W900px.webp HTTP/1.1" 200 24314 "-" "Mozilla/5.0 (compatible; crawler)"
36.133.115.36 - - [25/Jun/2026:05:39:31 +0800] "POST /wp-cron.php?doing_wp_cron=1782337171.0831720829010009765625 HTTP/1.1" 200 31 "-" "WordPress/7.0; http://cqqizhou.com"
36.133.108.121 - - [25/Jun/2026:05:39:31 +0800] "HEAD /wp-includes/fonts/fonts.old HTTP/1.1" 404 0 "-" "Mozilla/5.0 (Macintosh; U; Intel Mac OS X 10_6_7; en-us) AppleWebKit/534.16+ (KHTML, like Gecko) Version/5.0.3 Safari/533.19.4"
36.133.115.36 - - [25/Jun/2026:05:42:27 +0800] "POST /wp-cron.php?doing_wp_cron=1782337347.7626509666442871093750 HTTP/1.1" 200 31 "-" "WordPress/7.0; http://cqqizhou.com"
38.76.165.207 - - [25/Jun/2026:05:42:27 +0800] "HEAD /invoker/EJBInvokerServlet HTTP/1.1" 404 0 "-" "Opera/9.80 (Windows NT 6.2; Win64; x64) Presto/2.12.388 Version/12.17"
38.76.165.207 - - [25/Jun/2026:05:42:31 +0800] "HEAD /jmx-console/HtmlAdaptor?action=inspectMBean&name=jboss.system:type=ServerInfo HTTP/1.1" 404 0 "-" "Opera/9.80 (Windows NT 6.2; Win64; x64) Presto/2.12.388 Version/12.17"
38.76.165.207 - - [25/Jun/2026:05:42:34 +0800] "HEAD /invoker/JMXInvokerServlet HTTP/1.1" 404 0 "-" "Opera/9.80 (Windows NT 6.2; Win64; x64) Presto/2.12.388 Version/12.17"
38.76.165.207 - - [25/Jun/2026:05:42:38 +0800] "HEAD /web-console/ServerInfo.jsp HTTP/1.1" 404 0 "-" "Opera/9.80 (Windows NT 6.2; Win64; x64) Presto/2.12.388 Version/12.17"
36.133.115.36 - - [25/Jun/2026:05:45:33 +0800] "POST /wp-cron.php?doing_wp_cron=1782337532.9749441146850585937500 HTTP/1.1" 200 31 "-" "WordPress/7.0; http://cqqizhou.com"
47.82.54.255 - - [25/Jun/2026:05:45:33 +0800] "GET /2354/ HTTP/1.1" 301 5 "-" "Mozilla/5.0 (Windows NT 10.0; Win64; x64) AppleWebKit/537.36 (KHTML, like Gecko) Chrome/144.0.0.0 Safari/537.36"
47.82.54.255 - - [25/Jun/2026:05:45:34 +0800] "GET /news/2354 HTTP/1.1" 200 24931 "http://cqqizhou.com/2354/" "Mozilla/5.0 (Windows NT 10.0; Win64; x64) AppleWebKit/537.36 (KHTML, like Gecko) Chrome/144.0.0.0 Safari/537.36"
36.133.115.36 - - [25/Jun/2026:05:46:11 +0800] "POST /wp-cron.php?doing_wp_cron=1782337571.2669239044189453125000 HTTP/1.1" 200 31 "-" "WordPress/7.0; http://cqqizhou.com"
36.133.108.121 - - [25/Jun/2026:05:46:11 +0800] "HEAD /wp-content/upgrade/portal HTTP/1.1" 404 0 "-" "Mozilla/5.0 (X11; Ubuntu; Linux x86_64; rv:24.0) Gecko/20100101 Firefox/24.0"
36.133.108.119 - - [25/Jun/2026:05:46:59 +0800] "HEAD /lc/system/console HTTP/1.1" 404 0 "-" "Mozilla/5.0 (Macintosh; Intel Mac OS X 10_8_3) AppleWebKit/537.36 (KHTML, like Gecko) Chrome/27.0.1453.93 Safari/537.36"
156.245.205.34 - - [25/Jun/2026:05:49:02 +0800] "GET /s.php HTTP/1.1" 404 47 "-" "Mozilla/5.0 (Windows NT 10.0; WOW64; rv:48.0) Gecko/20100101 Firefox/48.0"
36.133.115.36 - - [25/Jun/2026:05:49:10 +0800] "POST /wp-cron.php?doing_wp_cron=1782337750.4151771068572998046875 HTTP/1.1" 200 31 "-" "WordPress/7.0; http://cqqizhou.com"
156.245.205.34 - - [25/Jun/2026:05:49:10 +0800] "GET /baker.php/ HTTP/1.1" 404 9499 "-" "Mozilla/5.0 (Windows NT 10.0; WOW64; rv:48.0) Gecko/20100101 Firefox/48.0"
36.133.115.36 - - [25/Jun/2026:05:52:17 +0800] "POST /wp-cron.php?doing_wp_cron=1782337937.2308170795440673828125 HTTP/1.1" 200 31 "-" "WordPress/7.0; http://cqqizhou.com"
223.83.146.226 - - [25/Jun/2026:05:52:17 +0800] "GET /wp-json/oembed/1.0/embed?url=http%3A%2F%2Fcqqizhou.com%2Fnews%2F2597 HTTP/1.1" 200 1308 "-" "Mozilla/5.0 (Windows NT 10.0; Win64; x64) AppleWebKit/537.36 (KHTML, like Gecko) Chrome/142.0.0.0 Safari/537.36"
36.133.115.36 - - [25/Jun/2026:06:03:30 +0800] "POST /wp-cron.php?doing_wp_cron=1782338610.2992529869079589843750 HTTP/1.1" 200 31 "-" "WordPress/7.0; http://cqqizhou.com"
46.36.65.18 - - [25/Jun/2026:06:03:30 +0800] "GET / HTTP/1.1" 301 5 "-" "Mozilla/5.0 (Windows NT 6.1; Win64; x64; rv:77.0) Gecko/20100101 Firefox/77.0"
182.19.92.93 - - [25/Jun/2026:06:03:32 +0800] "GET / HTTP/1.1" 301 5 "-" "Mozilla/5.0 (Windows NT 6.1; Win64; x64; rv:77.0) Gecko/20100101 Firefox/77.0"
182.19.92.93 - - [25/Jun/2026:06:03:35 +0800] "GET / HTTP/1.1" 301 5 "-" "Mozilla/5.0 (Windows NT 6.1; Win64; x64; rv:77.0) Gecko/20100101 Firefox/77.0"
36.133.115.36 - - [25/Jun/2026:06:06:38 +0800] "POST /wp-cron.php?doing_wp_cron=1782338798.4111819267272949218750 HTTP/1.1" 200 31 "-" "WordPress/7.0; http://cqqizhou.com"
120.241.117.225 - - [25/Jun/2026:06:06:38 +0800] "GET /robots.txt HTTP/1.1" 200 190 "-" "Mozilla/5.0 (Windows NT 10.0; WOW64) AppleWebKit/537.36 (KHTML, like Gecko) Chrome/83.0.4225.77 Safari/537.36 LBBROWSER"
114.218.164.184 - - [25/Jun/2026:06:18:36 +0800] "GET /news/2160 HTTP/1.1" 200 30306 "-" "Mozilla/5.0 (Macintosh; Intel Mac OS X 10_13_5) AppleWebKit/537.36 (KHTML, like Gecko) Chrome/69.0.3497.100 Safari/537.36"
36.133.115.36 - - [25/Jun/2026:06:18:57 +0800] "POST /wp-cron.php?doing_wp_cron=1782339537.4735178947448730468750 HTTP/1.1" 200 31 "-" "WordPress/7.0; http://cqqizhou.com"
115.52.71.243 - - [25/Jun/2026:06:19:02 +0800] "GET /boaform/admin/formLogin?username=admin&psd=admin HTTP/1.0" 404 32849 "-" "-"
40.77.167.72 - - [25/Jun/2026:06:20:04 +0800] "GET /news/2601 HTTP/1.1" 200 24396 "-" "Mozilla/5.0 AppleWebKit/537.36 (KHTML, like Gecko; compatible; bingbot/2.0; +http://www.bing.com/bingbot.htm) Chrome/116.0.1938.76 Safari/537.36"
36.133.115.36 - - [25/Jun/2026:06:20:29 +0800] "POST /wp-cron.php?doing_wp_cron=1782339629.5701889991760253906250 HTTP/1.1" 200 31 "-" "WordPress/7.0; http://cqqizhou.com"
45.198.224.5 - - [25/Jun/2026:06:20:29 +0800] "POST /goform/formJsonAjaxReq HTTP/1.1" 404 9500 "http://36.133.115.36:80/login.asp" "Mozilla/5.0 (X11; Linux x86_64; rv:128.0) Gecko/20100101 Firefox/128.0"
36.133.115.36 - - [25/Jun/2026:06:24:47 +0800] "POST /wp-cron.php?doing_wp_cron=1782339887.1487860679626464843750 HTTP/1.1" 200 31 "-" "WordPress/7.0; http://cqqizhou.com"
36.133.108.121 - - [25/Jun/2026:06:24:47 +0800] "HEAD /wp-content/upgrade/err HTTP/1.1" 404 0 "-" "Mozilla/5.0 (Macintosh; Intel Mac OS X 10_7_5) AppleWebKit/537.36 (KHTML, like Gecko) Chrome/27.0.1453.93 Safari/537.36"
36.133.115.36 - - [25/Jun/2026:06:25:24 +0800] "POST /wp-cron.php?doing_wp_cron=1782339924.7152230739593505859375 HTTP/1.1" 200 31 "-" "WordPress/7.0; http://cqqizhou.com"
176.65.139.66 - - [25/Jun/2026:06:25:24 +0800] "GET / HTTP/1.0" 301 0 "-" "Shodan-Pull/1.0"
36.133.115.36 - - [25/Jun/2026:06:28:50 +0800] "POST /wp-cron.php?doing_wp_cron=1782340130.4962298870086669921875 HTTP/1.1" 200 31 "-" "WordPress/7.0; http://cqqizhou.com"
36.133.108.121 - - [25/Jun/2026:06:28:50 +0800] "HEAD /wp-content/fonts/admin.html HTTP/1.1" 404 0 "-" "Mozilla/5.0 (X11; Ubuntu; Linux x86_64; rv:24.0) Gecko/20100101 Firefox/24.0"
121.237.36.31 - - [25/Jun/2026:06:31:46 +0800] "GET / HTTP/1.1" 200 20498 "-" "Dalvik/2.1.0 (Linux; U; Android 9.0; ZTE BA520 Build/MRA58K)"
36.133.115.36 - - [25/Jun/2026:06:31:46 +0800] "POST /wp-cron.php?doing_wp_cron=1782340306.6481258869171142578125 HTTP/1.1" 200 31 "-" "WordPress/7.0; http://cqqizhou.com"
36.133.115.36 - - [25/Jun/2026:06:34:22 +0800] "POST /wp-cron.php?doing_wp_cron=1782340462.9191648960113525390625 HTTP/1.1" 200 31 "-" "WordPress/7.0; http://cqqizhou.com"
36.133.108.119 - - [25/Jun/2026:06:34:22 +0800] "HEAD /wp-content/fonts/$%7Bdirname%7D.sublime-workspace HTTP/1.1" 404 0 "-" "Mozilla/5.0 (iPad; CPU OS 6_0 like Mac OS X) AppleWebKit/536.26 (KHTML, like Gecko) Version/6.0 Mobile/10A5355d Safari/8536.25"
36.133.115.36 - - [25/Jun/2026:06:39:51 +0800] "POST /wp-cron.php?doing_wp_cron=1782340791.2264900207519531250000 HTTP/1.1" 200 31 "-" "WordPress/7.0; http://cqqizhou.com"
36.133.108.119 - - [25/Jun/2026:06:39:51 +0800] "HEAD /wp-content/upgrade/global.asax.bak HTTP/1.1" 404 0 "-" "Mozilla/5.0 (Windows NT 6.1; WOW64) AppleWebKit/537.17 (KHTML, like Gecko) Chrome/24.0.1312.60 Safari/537.17"
36.133.115.36 - - [25/Jun/2026:06:52:33 +0800] "POST /wp-cron.php?doing_wp_cron=1782341553.9453079700469970703125 HTTP/1.1" 200 31 "-" "WordPress/7.0; http://cqqizhou.com"
43.130.72.40 - - [25/Jun/2026:06:52:33 +0800] "GET / HTTP/1.1" 301 5 "-" "Mozilla/5.0 (iPhone; CPU iPhone OS 13_2_3 like Mac OS X) AppleWebKit/605.1.15 (KHTML, like Gecko) Version/13.0.3 Mobile/15E148 Safari/604.1"
43.130.72.40 - - [25/Jun/2026:06:52:36 +0800] "GET / HTTP/1.1" 200 35183 "http://36.133.115.36" "Mozilla/5.0 (iPhone; CPU iPhone OS 13_2_3 like Mac OS X) AppleWebKit/605.1.15 (KHTML, like Gecko) Version/13.0.3 Mobile/15E148 Safari/604.1"
3.129.187.38 - - [25/Jun/2026:06:52:47 +0800] "GET / HTTP/1.1" 301 5 "-" "visionheight.com/scan Mozilla/5.0 (Macintosh; Intel Mac OS X 10_15_7) Chrome/126.0.0.0 Safari/537.36"
3.129.187.38 - - [25/Jun/2026:06:52:51 +0800] "GET / HTTP/1.1" 200 41074 "http://36.133.115.36/" "visionheight.com/scan Mozilla/5.0 (Macintosh; Intel Mac OS X 10_15_7) Chrome/126.0.0.0 Safari/537.36"
36.133.115.36 - - [25/Jun/2026:06:54:46 +0800] "POST /wp-cron.php?doing_wp_cron=1782341686.3347890377044677734375 HTTP/1.1" 200 31 "-" "WordPress/7.0; http://cqqizhou.com"
3.129.187.38 - - [25/Jun/2026:06:54:46 +0800] "GET / HTTP/1.1" 301 5 "-" "visionheight.com/scan Mozilla/5.0 (Macintosh; Intel Mac OS X 10_15_7) Chrome/126.0.0.0 Safari/537.36"
36.133.115.36 - - [25/Jun/2026:07:09:35 +0800] "POST /wp-cron.php?doing_wp_cron=1782342575.2048790454864501953125 HTTP/1.1" 200 31 "-" "WordPress/7.0; http://cqqizhou.com"
36.133.108.121 - - [25/Jun/2026:07:09:35 +0800] "HEAD /2388/actuator/ HTTP/1.1" 404 0 "-" "Mozilla/5.0 (Macintosh; U; Intel Mac OS X 10_6_7; en-us) AppleWebKit/534.16+ (KHTML, like Gecko) Version/5.0.3 Safari/533.19.4"
36.133.115.36 - - [25/Jun/2026:07:11:20 +0800] "POST /wp-cron.php?doing_wp_cron=1782342680.2203459739685058593750 HTTP/1.1" 200 31 "-" "WordPress/7.0; http://cqqizhou.com"
36.133.108.121 - - [25/Jun/2026:07:11:20 +0800] "HEAD /wp-admin/images/developer HTTP/1.1" 404 0 "-" "Mozilla/5.0 (compatible; MSIE 9.0; Windows NT 6.1; Win64; x64; Trident/5.0"
36.133.115.36 - - [25/Jun/2026:07:13:57 +0800] "POST /wp-cron.php?doing_wp_cron=1782342837.3959589004516601562500 HTTP/1.1" 200 31 "-" "WordPress/7.0; http://cqqizhou.com"
36.133.108.125 - - [25/Jun/2026:07:13:57 +0800] "HEAD /wp-content/uploads/database.sqlite HTTP/1.1" 404 0 "-" "Mozilla/5.0 (compatible; MSIE 9.0; Windows NT 6.1; Trident/5.0; yie8)"
36.133.115.36 - - [25/Jun/2026:07:15:53 +0800] "POST /wp-cron.php?doing_wp_cron=1782342953.9442629814147949218750 HTTP/1.1" 200 31 "-" "WordPress/7.0; http://cqqizhou.com"
176.65.139.66 - - [25/Jun/2026:07:15:53 +0800] "GET / HTTP/1.0" 301 0 "-" "Shodan-Pull/1.0"
36.133.115.36 - - [25/Jun/2026:07:17:53 +0800] "POST /wp-cron.php?doing_wp_cron=1782343073.6033089160919189453125 HTTP/1.1" 200 31 "-" "WordPress/7.0; http://cqqizhou.com"
43.153.123.3 - - [25/Jun/2026:07:17:53 +0800] "GET / HTTP/1.1" 200 35184 "-" "Mozilla/5.0 (iPhone; CPU iPhone OS 13_2_3 like Mac OS X) AppleWebKit/605.1.15 (KHTML, like Gecko) Version/13.0.3 Mobile/15E148 Safari/604.1"
36.133.115.36 - - [25/Jun/2026:07:23:44 +0800] "POST /wp-cron.php?doing_wp_cron=1782343424.9541549682617187500000 HTTP/1.1" 200 31 "-" "WordPress/7.0; http://cqqizhou.com"
36.133.108.119 - - [25/Jun/2026:07:23:44 +0800] "HEAD /api/v1/swagger-json HTTP/1.1" 404 0 "-" "Mozilla/5.0 (Windows; U; Windows NT 6.1; en-US) AppleWebKit/533.20.25 (KHTML, like Gecko) Version/5.0.4 Safari/533.20.27"
154.196.141.154 - - [25/Jun/2026:07:38:10 +0800] "GET http://cqqizhou.com/wp-content/uploads/2026/04/1775865780-1Article_images_W900px-768x432.webp HTTP/1.1" 200 41178 "-" "Mozilla/5.0 (compatible; crawler)"
36.133.115.36 - - [25/Jun/2026:07:39:22 +0800] "POST /wp-cron.php?doing_wp_cron=1782344362.8059070110321044921875 HTTP/1.1" 200 31 "-" "WordPress/7.0; http://cqqizhou.com"
122.195.93.154 - - [25/Jun/2026:07:39:22 +0800] "GET /news/portfolio/%E5%86%B7%E8%BD%A7%E6%9D%BF HTTP/1.1" 200 22721 "-" "Mozilla/5.0 (Macintosh; Intel Mac OS X 10_15_7) AppleWebKit/537.36 (KHTML, like Gecko) Chrome/134.0.0.0 Safari/537.36"
23.27.234.235 - - [25/Jun/2026:07:40:47 +0800] "GET /wp-content/uploads/2026/04/1777513410-1Article_images_W900px-768x432.webp HTTP/1.1" 200 31364 "-" "Mozilla/5.0 (compatible; crawler)"
84.37.194.61 - - [25/Jun/2026:07:41:33 +0800] "GET /wp-content/uploads/2026/05/1779059685-1Article_images_W900px-768x432.webp HTTP/1.1" 200 50862 "-" "Mozilla/5.0 (compatible; crawler)"
36.133.115.36 - - [25/Jun/2026:07:45:03 +0800] "POST /wp-cron.php?doing_wp_cron=1782344703.6435070037841796875000 HTTP/1.1" 200 31 "-" "WordPress/7.0; http://cqqizhou.com"
36.133.108.125 - - [25/Jun/2026:07:45:03 +0800] "HEAD /wp-admin/authorized_keys HTTP/1.1" 404 0 "-" "Mozilla/5.0 (Macintosh; U; Intel Mac OS X 10_6_6; en-gb) AppleWebKit/533.20.25 (KHTML, like Gecko) Version/5.0.4 Safari/533.20.27"
36.133.115.36 - - [25/Jun/2026:07:46:26 +0800] "POST /wp-cron.php?doing_wp_cron=1782344786.3608069419860839843750 HTTP/1.1" 200 31 "-" "WordPress/7.0; http://cqqizhou.com"
36.133.108.119 - - [25/Jun/2026:07:46:26 +0800] "HEAD /api/v2.0/swagger.yaml HTTP/1.1" 404 0 "-" "Mozilla/5.0 (Windows NT 6.1; WOW64) AppleWebKit/537.17 (KHTML, like Gecko) Chrome/24.0.1312.60 Safari/537.17"
36.133.115.36 - - [25/Jun/2026:07:55:50 +0800] "POST /wp-cron.php?doing_wp_cron=1782345350.0157780647277832031250 HTTP/1.1" 200 31 "-" "WordPress/7.0; http://cqqizhou.com"
36.133.108.121 - - [25/Jun/2026:07:55:50 +0800] "HEAD /wp-admin/zips HTTP/1.1" 404 0 "-" "Mozilla/5.0 (compatible; MSIE 8.0; Windows NT 5.2; Trident/4.0; Media Center PC 4.0; SLCC1; .NET CLR 3.0.04320)"
36.133.115.36 - - [25/Jun/2026:08:01:03 +0800] "POST /wp-cron.php?doing_wp_cron=1782345663.8284409046173095703125 HTTP/1.1" 200 31 "-" "WordPress/7.0; http://cqqizhou.com"
36.133.108.119 - - [25/Jun/2026:08:01:03 +0800] "HEAD /wp-admin/js/cerberusweb HTTP/1.1" 404 0 "-" "Mozilla/5.0 (Windows NT 6.1) AppleWebKit/537.36 (KHTML, like Gecko) Chrome/27.0.1453.90 Safari/537.36"
36.133.115.36 - - [25/Jun/2026:08:06:13 +0800] "POST /wp-cron.php?doing_wp_cron=1782345973.8238739967346191406250 HTTP/1.1" 200 31 "-" "WordPress/7.0; http://cqqizhou.com"
36.133.108.125 - - [25/Jun/2026:08:06:13 +0800] "HEAD /wp-admin/images/folder HTTP/1.1" 404 0 "-" "Mozilla/5.0 (Macintosh; U; Intel Mac OS X 10_6_6; fr-ch) AppleWebKit/533.19.4 (KHTML, like Gecko) Version/5.0.3 Safari/533.19.4"
36.133.115.36 - - [25/Jun/2026:08:08:21 +0800] "POST /wp-cron.php?doing_wp_cron=1782346101.3863821029663085937500 HTTP/1.1" 200 31 "-" "WordPress/7.0; http://cqqizhou.com"
36.133.108.121 - - [25/Jun/2026:08:08:21 +0800] "HEAD /wp-admin/133.115.36.key HTTP/1.1" 404 0 "-" "Mozilla/5.0 (Macintosh; U; Intel Mac OS X 10_6_7; en-us) AppleWebKit/534.16+ (KHTML, like Gecko) Version/5.0.3 Safari/533.19.4"
36.133.115.36 - - [25/Jun/2026:08:10:40 +0800] "POST /wp-cron.php?doing_wp_cron=1782346239.9919340610504150390625 HTTP/1.1" 200 31 "-" "WordPress/7.0; http://cqqizhou.com"
36.133.108.119 - - [25/Jun/2026:08:10:40 +0800] "HEAD /api-docs/swagger.yaml HTTP/1.1" 404 0 "-" "Mozilla/5.0 (iPad; CPU OS 6_0 like Mac OS X) AppleWebKit/536.26 (KHTML, like Gecko) Version/6.0 Mobile/10A5355d Safari/8536.25"
36.133.115.36 - - [25/Jun/2026:08:12:08 +0800] "POST /wp-cron.php?doing_wp_cron=1782346328.4122331142425537109375 HTTP/1.1" 200 31 "-" "WordPress/7.0; http://cqqizhou.com"
36.133.108.119 - - [25/Jun/2026:08:12:08 +0800] "HEAD /logistics HTTP/1.1" 200 0 "-" "Mozilla/5.0 (Macintosh; Intel Mac OS X 10_8_3) AppleWebKit/537.36 (KHTML, like Gecko) Chrome/27.0.1453.93 Safari/537.36"
36.133.108.119 - - [25/Jun/2026:08:12:09 +0800] "GET /logistics HTTP/1.1" 200 25856 "-" "Scrapy/2.8.0 (+https://scrapy.org)"
112.57.65.45 - - [25/Jun/2026:08:12:56 +0800] "GET /wp-content/uploads/media/qizhou_Brochure.webp HTTP/1.1" 200 26142 "http://cqqizhou.com" "Mozilla/5.0 (Windows NT 10.0; Win64; x64) AppleWebKit/537.36 (KHTML, like Gecko) Chrome/120.0.0.0 Safari/537.36"
112.57.65.45 - - [25/Jun/2026:08:12:56 +0800] "GET /wp-content/uploads/2025/12/1765268955-qizhou_Slider1_3840%C3%972160_20251210-scaled.webp HTTP/1.1" 200 152162 "http://cqqizhou.com" "Mozilla/5.0 (Windows NT 10.0; Win64; x64) AppleWebKit/537.36 (KHTML, like Gecko) Chrome/120.0.0.0 Safari/537.36"
36.133.115.36 - - [25/Jun/2026:08:17:31 +0800] "POST /wp-cron.php?doing_wp_cron=1782346651.1274340152740478515625 HTTP/1.1" 200 31 "-" "WordPress/7.0; http://cqqizhou.com"
36.133.108.125 - - [25/Jun/2026:08:17:31 +0800] "HEAD /wp-content/languages/orders.log HTTP/1.1" 404 0 "-" "Mozilla/5.0 (Macintosh; U; Intel Mac OS X 10_6_6; en-gb) AppleWebKit/533.20.25 (KHTML, like Gecko) Version/5.0.4 Safari/533.20.27"
36.133.115.36 - - [25/Jun/2026:08:20:28 +0800] "POST /wp-cron.php?doing_wp_cron=1782346828.6999189853668212890625 HTTP/1.1" 200 31 "-" "WordPress/7.0; http://cqqizhou.com"
216.244.66.245 - - [25/Jun/2026:08:20:28 +0800] "GET /robots.txt HTTP/1.1" 200 390 "-" "Mozilla/5.0 (compatible; DotBot/1.2; +https://opensiteexplorer.org/dotbot; help@moz.com)"
36.133.115.36 - - [25/Jun/2026:08:28:01 +0800] "POST /wp-cron.php?doing_wp_cron=1782347281.0104100704193115234375 HTTP/1.1" 200 31 "-" "WordPress/7.0; http://cqqizhou.com"
216.244.66.245 - - [25/Jun/2026:08:28:01 +0800] "GET /news/tag/%E9%92%A2%E6%9D%90%E9%87%87%E8%B4%AD HTTP/1.1" 200 69373 "-" "Mozilla/5.0 (compatible; DotBot/1.2; +https://opensiteexplorer.org/dotbot; help@moz.com)"
36.133.115.36 - - [25/Jun/2026:08:30:13 +0800] "POST /wp-cron.php?doing_wp_cron=1782347413.8663630485534667968750 HTTP/1.1" 200 31 "-" "WordPress/7.0; http://cqqizhou.com"
36.133.108.125 - - [25/Jun/2026:08:30:13 +0800] "HEAD /wp-includes/js/clients HTTP/1.1" 404 0 "-" "Mozilla/5.0 (Windows; U; Windows NT 6.1; ja-JP) AppleWebKit/533.20.25 (KHTML, like Gecko) Version/5.0.3 Safari/533.19.4"
