36.133.115.36 - - [24/Jun/2026:17:14:16 +0800] "POST /wp-cron.php?doing_wp_cron=1782292456.4155859947204589843750 HTTP/1.1" 200 31 "-" "WordPress/7.0; http://cqqizhou.com"
103.204.76.210 - - [24/Jun/2026:17:14:16 +0800] "GET /wp-login.php HTTP/1.1" 200 2821 "http://36.133.115.36" "Mozilla/5.0 (Windows NT 10.0; WOW64) AppleWebKit/537.36 (KHTML, like Gecko) Chrome/38.0.2125.122 Safari/537.36 SE 2.X MetaSr 1.0"
103.204.76.210 - - [24/Jun/2026:17:14:19 +0800] "POST /wp-login.php HTTP/1.1" 200 2979 "http://36.133.115.36" "Mozilla/5.0 (Windows NT 10.0; WOW64) AppleWebKit/537.36 (KHTML, like Gecko) Chrome/38.0.2125.122 Safari/537.36 SE 2.X MetaSr 1.0"
103.204.76.210 - - [24/Jun/2026:17:14:31 +0800] "GET /wp-login.php HTTP/1.1" 200 2821 "http://36.133.115.36" "Mozilla/5.0 (Windows NT 10.0; WOW64) AppleWebKit/537.36 (KHTML, like Gecko) Chrome/44.0.2403.130 Safari/537.36"
103.204.76.210 - - [24/Jun/2026:17:14:33 +0800] "POST /wp-login.php HTTP/1.1" 200 2979 "http://36.133.115.36" "Mozilla/5.0 (Windows NT 10.0; WOW64) AppleWebKit/537.36 (KHTML, like Gecko) Chrome/44.0.2403.130 Safari/537.36"
103.204.76.210 - - [24/Jun/2026:17:14:50 +0800] "GET /wp-login.php HTTP/1.1" 200 2821 "http://36.133.115.36" "Mozilla/5.0 (Windows NT 10.0; WOW64) AppleWebKit/537.36 (KHTML, like Gecko) Chrome/43.0.2357.134 Safari/537.36"
103.204.76.210 - - [24/Jun/2026:17:14:52 +0800] "POST /wp-login.php HTTP/1.1" 200 2979 "http://36.133.115.36" "Mozilla/5.0 (Windows NT 10.0; WOW64) AppleWebKit/537.36 (KHTML, like Gecko) Chrome/43.0.2357.134 Safari/537.36"
36.133.115.36 - - [24/Jun/2026:17:15:12 +0800] "POST /wp-cron.php?doing_wp_cron=1782292512.3845028877258300781250 HTTP/1.1" 200 31 "-" "WordPress/7.0; http://cqqizhou.com"
103.204.76.210 - - [24/Jun/2026:17:15:12 +0800] "GET /wp-login.php HTTP/1.1" 200 2821 "http://36.133.115.36" "Mozilla/5.0 (Windows NT 10.0; WOW64) AppleWebKit/537.36 (KHTML, like Gecko) Chrome/43.0.2357.134 Safari/537.36"
103.204.76.210 - - [24/Jun/2026:17:15:14 +0800] "POST /wp-login.php HTTP/1.1" 200 2979 "http://36.133.115.36" "Mozilla/5.0 (Windows NT 10.0; WOW64) AppleWebKit/537.36 (KHTML, like Gecko) Chrome/43.0.2357.134 Safari/537.36"
103.204.76.210 - - [24/Jun/2026:17:15:33 +0800] "GET /wp-login.php HTTP/1.1" 200 2821 "http://36.133.115.36" "Mozilla/5.0 (Windows NT 10.0; WOW64) AppleWebKit/537.36 (KHTML, like Gecko) Chrome/43.0.2357.130 Safari/537.36"
103.204.76.210 - - [24/Jun/2026:17:15:35 +0800] "POST /wp-login.php HTTP/1.1" 200 2979 "http://36.133.115.36" "Mozilla/5.0 (Windows NT 10.0; WOW64) AppleWebKit/537.36 (KHTML, like Gecko) Chrome/43.0.2357.130 Safari/537.36"
103.204.76.210 - - [24/Jun/2026:17:15:49 +0800] "GET /wp-login.php HTTP/1.1" 200 2821 "http://36.133.115.36" "Mozilla/5.0 (Windows NT 10.0) AppleWebKit/537.36 (KHTML, like Gecko) Chrome/44.0.2403.157 Safari/537.36"
103.204.76.210 - - [24/Jun/2026:17:15:50 +0800] "POST /wp-login.php HTTP/1.1" 200 2979 "http://36.133.115.36" "Mozilla/5.0 (Windows NT 10.0) AppleWebKit/537.36 (KHTML, like Gecko) Chrome/44.0.2403.157 Safari/537.36"
36.133.115.36 - - [24/Jun/2026:17:16:08 +0800] "POST /wp-cron.php?doing_wp_cron=1782292568.9540750980377197265625 HTTP/1.1" 200 31 "-" "WordPress/7.0; http://cqqizhou.com"
103.204.76.210 - - [24/Jun/2026:17:16:08 +0800] "GET /wp-login.php HTTP/1.1" 200 2821 "http://36.133.115.36" "Mozilla/5.0 (Windows NT 10.0; Win64; x64) AppleWebKit/537.36 (KHTML, like Gecko) Chrome/47.0.2503.0 Safari/537.36"
103.204.76.210 - - [24/Jun/2026:17:16:11 +0800] "POST /wp-login.php HTTP/1.1" 200 2979 "http://36.133.115.36" "Mozilla/5.0 (Windows NT 10.0; Win64; x64) AppleWebKit/537.36 (KHTML, like Gecko) Chrome/47.0.2503.0 Safari/537.36"
103.204.76.210 - - [24/Jun/2026:17:16:30 +0800] "GET /wp-login.php HTTP/1.1" 200 2821 "http://36.133.115.36" "Mozilla/5.0 (Windows NT 10.0; WOW64) AppleWebKit/537.36 (KHTML, like Gecko) Chrome/44.0.2403.125 Safari/537.36"
103.204.76.210 - - [24/Jun/2026:17:16:33 +0800] "POST /wp-login.php HTTP/1.1" 200 2979 "http://36.133.115.36" "Mozilla/5.0 (Windows NT 10.0; WOW64) AppleWebKit/537.36 (KHTML, like Gecko) Chrome/44.0.2403.125 Safari/537.36"
103.204.76.210 - - [24/Jun/2026:17:16:50 +0800] "GET /wp-login.php HTTP/1.1" 200 2821 "http://36.133.115.36" "Mozilla/5.0 (Windows NT 10.0; WOW64) AppleWebKit/537.36 (KHTML, like Gecko) Chrome/43.0.2357.132 Safari/537.36"
103.204.76.210 - - [24/Jun/2026:17:16:54 +0800] "POST /wp-login.php HTTP/1.1" 200 2979 "http://36.133.115.36" "Mozilla/5.0 (Windows NT 10.0; WOW64) AppleWebKit/537.36 (KHTML, like Gecko) Chrome/43.0.2357.132 Safari/537.36"
36.133.108.125 - - [24/Jun/2026:17:16:55 +0800] "HEAD /wp-admin/folder HTTP/1.1" 404 0 "-" "Mozilla/5.0 (Macintosh; U; Intel Mac OS X 10_6_6; en-gb) AppleWebKit/533.20.25 (KHTML, like Gecko) Version/5.0.4 Safari/533.20.27"
36.133.115.36 - - [24/Jun/2026:17:17:11 +0800] "POST /wp-cron.php?doing_wp_cron=1782292631.1124520301818847656250 HTTP/1.1" 200 31 "-" "WordPress/7.0; http://cqqizhou.com"
103.204.76.210 - - [24/Jun/2026:17:17:11 +0800] "GET /wp-login.php HTTP/1.1" 200 2821 "http://36.133.115.36" "Mozilla/5.0 (Windows NT 10.0; WOW64) AppleWebKit/537.36 (KHTML, like Gecko) Chrome/42.0.0.9895 Safari/537.36"
103.204.76.210 - - [24/Jun/2026:17:17:13 +0800] "POST /wp-login.php HTTP/1.1" 200 2979 "http://36.133.115.36" "Mozilla/5.0 (Windows NT 10.0; WOW64) AppleWebKit/537.36 (KHTML, like Gecko) Chrome/42.0.0.9895 Safari/537.36"
36.133.108.125 - - [24/Jun/2026:17:17:14 +0800] "HEAD /wp-includes/js/edit HTTP/1.1" 404 0 "-" "Mozilla/5.0 (Windows NT 6.1) AppleWebKit/537.36 (KHTML, like Gecko) Chrome/41.0.2228.0 Safari/537.36"
103.204.76.210 - - [24/Jun/2026:17:17:29 +0800] "GET /wp-login.php HTTP/1.1" 200 2821 "http://36.133.115.36" "Mozilla/5.0 (Windows NT 10.0; Win64; x64) AppleWebKit/537.36 (KHTML, like Gecko) Chrome/45.0.2454.85 Safari/537.36"
103.204.76.210 - - [24/Jun/2026:17:17:32 +0800] "POST /wp-login.php HTTP/1.1" 200 2979 "http://36.133.115.36" "Mozilla/5.0 (Windows NT 10.0; Win64; x64) AppleWebKit/537.36 (KHTML, like Gecko) Chrome/45.0.2454.85 Safari/537.36"
103.204.76.210 - - [24/Jun/2026:17:17:50 +0800] "GET /wp-login.php HTTP/1.1" 200 2821 "http://36.133.115.36" "Mozilla/5.0 (Windows NT 10.0) AppleWebKit/537.36 (KHTML, like Gecko) Chrome/44.0.2403.157 Safari/537.36"
103.204.76.210 - - [24/Jun/2026:17:17:52 +0800] "POST /wp-login.php HTTP/1.1" 200 2979 "http://36.133.115.36" "Mozilla/5.0 (Windows NT 10.0) AppleWebKit/537.36 (KHTML, like Gecko) Chrome/44.0.2403.157 Safari/537.36"
36.133.115.36 - - [24/Jun/2026:17:18:10 +0800] "POST /wp-cron.php?doing_wp_cron=1782292690.5131199359893798828125 HTTP/1.1" 200 31 "-" "WordPress/7.0; http://cqqizhou.com"
103.204.76.210 - - [24/Jun/2026:17:18:10 +0800] "GET /wp-login.php HTTP/1.1" 200 2821 "http://36.133.115.36" "Mozilla/5.0 (Windows NT 10.0; Win64; x64) AppleWebKit/537.36 (KHTML, like Gecko) Chrome/47.0.2503.0 Safari/537.36"
103.204.76.210 - - [24/Jun/2026:17:18:14 +0800] "POST /wp-login.php HTTP/1.1" 200 2979 "http://36.133.115.36" "Mozilla/5.0 (Windows NT 10.0; Win64; x64) AppleWebKit/537.36 (KHTML, like Gecko) Chrome/47.0.2503.0 Safari/537.36"
103.204.76.210 - - [24/Jun/2026:17:18:31 +0800] "GET /wp-login.php HTTP/1.1" 200 2821 "http://36.133.115.36" "Mozilla/5.0 (Windows NT 10.0; WOW64) AppleWebKit/537.36 (KHTML, like Gecko) Chrome/43.0.2357.124 Safari/537.36"
103.204.76.210 - - [24/Jun/2026:17:18:34 +0800] "POST /wp-login.php HTTP/1.1" 200 2979 "http://36.133.115.36" "Mozilla/5.0 (Windows NT 10.0; WOW64) AppleWebKit/537.36 (KHTML, like Gecko) Chrome/43.0.2357.124 Safari/537.36"
103.204.76.210 - - [24/Jun/2026:17:18:50 +0800] "GET /wp-login.php HTTP/1.1" 200 2821 "http://36.133.115.36" "Mozilla/5.0 (Windows NT 10.0; WOW64) AppleWebKit/537.36 (KHTML, like Gecko) Chrome/43.0.2357.134 Safari/537.36"
103.204.76.210 - - [24/Jun/2026:17:18:52 +0800] "POST /wp-login.php HTTP/1.1" 200 2979 "http://36.133.115.36" "Mozilla/5.0 (Windows NT 10.0; WOW64) AppleWebKit/537.36 (KHTML, like Gecko) Chrome/43.0.2357.134 Safari/537.36"
36.133.115.36 - - [24/Jun/2026:17:19:08 +0800] "POST /wp-cron.php?doing_wp_cron=1782292748.8454849720001220703125 HTTP/1.1" 200 31 "-" "WordPress/7.0; http://cqqizhou.com"
103.204.76.210 - - [24/Jun/2026:17:19:08 +0800] "GET /wp-login.php HTTP/1.1" 200 2821 "http://36.133.115.36" "Mozilla/5.0 (Windows NT 10.0; Win64; x64) AppleWebKit/537.36 (KHTML, like Gecko) Chrome/47.0.2505.0 Safari/537.36"
103.204.76.210 - - [24/Jun/2026:17:19:12 +0800] "POST /wp-login.php HTTP/1.1" 200 2979 "http://36.133.115.36" "Mozilla/5.0 (Windows NT 10.0; Win64; x64) AppleWebKit/537.36 (KHTML, like Gecko) Chrome/47.0.2505.0 Safari/537.36"
103.204.76.210 - - [24/Jun/2026:17:19:28 +0800] "GET /wp-login.php HTTP/1.1" 200 2821 "http://36.133.115.36" "Mozilla/5.0 (Windows NT 10.0; Win64; x64) AppleWebKit/537.36 (KHTML, like Gecko) Chrome/47.0.2505.0 Safari/537.36"
103.204.76.210 - - [24/Jun/2026:17:19:30 +0800] "POST /wp-login.php HTTP/1.1" 200 2979 "http://36.133.115.36" "Mozilla/5.0 (Windows NT 10.0; Win64; x64) AppleWebKit/537.36 (KHTML, like Gecko) Chrome/47.0.2505.0 Safari/537.36"
103.204.76.210 - - [24/Jun/2026:17:19:46 +0800] "GET /wp-login.php HTTP/1.1" 200 2821 "http://36.133.115.36" "Mozilla/5.0 (Windows NT 10.0; WOW64) AppleWebKit/537.36 (KHTML, like Gecko) Chrome/44.0.2403.157 Safari/537.36"
103.204.76.210 - - [24/Jun/2026:17:19:48 +0800] "POST /wp-login.php HTTP/1.1" 200 2979 "http://36.133.115.36" "Mozilla/5.0 (Windows NT 10.0; WOW64) AppleWebKit/537.36 (KHTML, like Gecko) Chrome/44.0.2403.157 Safari/537.36"
103.204.76.210 - - [24/Jun/2026:17:20:04 +0800] "GET /wp-login.php HTTP/1.1" 200 2821 "http://36.133.115.36" "Mozilla/5.0 (Windows NT 10.0; WOW64) AppleWebKit/537.36 (KHTML, like Gecko) Chrome/44.0.2403.130 Safari/537.36"
103.204.76.210 - - [24/Jun/2026:17:20:06 +0800] "POST /wp-login.php HTTP/1.1" 200 2979 "http://36.133.115.36" "Mozilla/5.0 (Windows NT 10.0; WOW64) AppleWebKit/537.36 (KHTML, like Gecko) Chrome/44.0.2403.130 Safari/537.36"
36.133.115.36 - - [24/Jun/2026:17:20:26 +0800] "POST /wp-cron.php?doing_wp_cron=1782292826.4063999652862548828125 HTTP/1.1" 200 31 "-" "WordPress/7.0; http://cqqizhou.com"
103.204.76.210 - - [24/Jun/2026:17:20:26 +0800] "GET /wp-login.php HTTP/1.1" 200 2821 "http://36.133.115.36" "Mozilla/5.0 (Windows NT 10.0; Win64; x64) AppleWebKit/537.36 (KHTML, like Gecko) Chrome/42.0.2311.135 Safari/537.36 Edge/12.10532"
103.204.76.210 - - [24/Jun/2026:17:20:29 +0800] "POST /wp-login.php HTTP/1.1" 200 2979 "http://36.133.115.36" "Mozilla/5.0 (Windows NT 10.0; Win64; x64) AppleWebKit/537.36 (KHTML, like Gecko) Chrome/42.0.2311.135 Safari/537.36 Edge/12.10532"
103.204.76.210 - - [24/Jun/2026:17:20:44 +0800] "GET /wp-login.php HTTP/1.1" 200 2821 "http://36.133.115.36" "Mozilla/5.0 (Windows NT 10.0; Win64; x64) AppleWebKit/537.36 (KHTML, like Gecko) Chrome/42.0.2311.135 Safari/537.36 Edge/12.10532"
103.204.76.210 - - [24/Jun/2026:17:20:45 +0800] "POST /wp-login.php HTTP/1.1" 200 2979 "http://36.133.115.36" "Mozilla/5.0 (Windows NT 10.0; Win64; x64) AppleWebKit/537.36 (KHTML, like Gecko) Chrome/42.0.2311.135 Safari/537.36 Edge/12.10532"
103.204.76.210 - - [24/Jun/2026:17:21:06 +0800] "GET /wp-login.php HTTP/1.1" 200 2821 "http://36.133.115.36" "Mozilla/5.0 (Windows NT 10.0; Win64; x64) AppleWebKit/537.36 (KHTML, like Gecko) Chrome/45.0.2454.85 Safari/537.36"
36.133.115.36 - - [24/Jun/2026:17:21:08 +0800] "POST /wp-cron.php?doing_wp_cron=1782292868.3738980293273925781250 HTTP/1.1" 200 31 "-" "WordPress/7.0; http://cqqizhou.com"
103.204.76.210 - - [24/Jun/2026:17:21:08 +0800] "POST /wp-login.php HTTP/1.1" 200 2979 "http://36.133.115.36" "Mozilla/5.0 (Windows NT 10.0; Win64; x64) AppleWebKit/537.36 (KHTML, like Gecko) Chrome/45.0.2454.85 Safari/537.36"
103.204.76.210 - - [24/Jun/2026:17:21:22 +0800] "GET /wp-login.php HTTP/1.1" 200 2821 "http://36.133.115.36" "Mozilla/5.0 (Windows NT 10.0; WOW64) AppleWebKit/537.36 (KHTML, like Gecko) Chrome/44.0.2403.130 Safari/537.36"
103.204.76.210 - - [24/Jun/2026:17:21:23 +0800] "POST /wp-login.php HTTP/1.1" 200 2979 "http://36.133.115.36" "Mozilla/5.0 (Windows NT 10.0; WOW64) AppleWebKit/537.36 (KHTML, like Gecko) Chrome/44.0.2403.130 Safari/537.36"
157.148.43.163 - - [24/Jun/2026:17:21:30 +0800] "GET /news/2418 HTTP/1.1" 200 27920 "-" "Mozilla/5.0 (Windows NT 10.0; Win64; x64) AppleWebKit/537.36 (KHTML, like Gecko) Chrome/111.0.0.0 Safari/537.36"
103.204.76.210 - - [24/Jun/2026:17:21:44 +0800] "GET /wp-login.php HTTP/1.1" 200 2821 "http://36.133.115.36" "Mozilla/5.0 (Windows NT 10.0; Win64; x64) AppleWebKit/537.36 (KHTML, like Gecko) Chrome/45.0.2454.85 Safari/537.36"
103.204.76.210 - - [24/Jun/2026:17:21:46 +0800] "POST /wp-login.php HTTP/1.1" 200 2979 "http://36.133.115.36" "Mozilla/5.0 (Windows NT 10.0; Win64; x64) AppleWebKit/537.36 (KHTML, like Gecko) Chrome/45.0.2454.85 Safari/537.36"
103.204.76.210 - - [24/Jun/2026:17:22:01 +0800] "GET /wp-login.php HTTP/1.1" 200 2821 "http://36.133.115.36" "Mozilla/5.0 (Windows NT 10.0; WOW64) AppleWebKit/537.36 (KHTML, like Gecko) Chrome/43.0.2357.124 Safari/537.36"
103.204.76.210 - - [24/Jun/2026:17:22:03 +0800] "POST /wp-login.php HTTP/1.1" 200 2979 "http://36.133.115.36" "Mozilla/5.0 (Windows NT 10.0; WOW64) AppleWebKit/537.36 (KHTML, like Gecko) Chrome/43.0.2357.124 Safari/537.36"
36.133.115.36 - - [24/Jun/2026:17:22:25 +0800] "POST /wp-cron.php?doing_wp_cron=1782292945.1124010086059570312500 HTTP/1.1" 200 31 "-" "WordPress/7.0; http://cqqizhou.com"
103.204.76.210 - - [24/Jun/2026:17:22:25 +0800] "GET /wp-login.php HTTP/1.1" 200 2821 "http://36.133.115.36" "Mozilla/5.0 (Windows NT 10.0; WOW64) AppleWebKit/537.36 (KHTML, like Gecko) Chrome/44.0.2403.125 Safari/537.36"
103.204.76.210 - - [24/Jun/2026:17:22:28 +0800] "POST /wp-login.php HTTP/1.1" 200 2979 "http://36.133.115.36" "Mozilla/5.0 (Windows NT 10.0; WOW64) AppleWebKit/537.36 (KHTML, like Gecko) Chrome/44.0.2403.125 Safari/537.36"
103.204.76.210 - - [24/Jun/2026:17:22:44 +0800] "GET /wp-login.php HTTP/1.1" 200 2821 "http://36.133.115.36" "Mozilla/5.0 (Windows NT 10.0; WOW64) AppleWebKit/537.36 (KHTML, like Gecko) Chrome/41.0.2272.104 AOL/9.8 AOLBuild/4346.13.US Safari/537.36"
103.204.76.210 - - [24/Jun/2026:17:22:46 +0800] "POST /wp-login.php HTTP/1.1" 200 2979 "http://36.133.115.36" "Mozilla/5.0 (Windows NT 10.0; WOW64) AppleWebKit/537.36 (KHTML, like Gecko) Chrome/41.0.2272.104 AOL/9.8 AOLBuild/4346.13.US Safari/537.36"
103.204.76.210 - - [24/Jun/2026:17:22:59 +0800] "GET /wp-login.php HTTP/1.1" 200 2821 "http://36.133.115.36" "Mozilla/5.0 (Windows NT 10.0; WOW64) AppleWebKit/537.36 (KHTML, like Gecko) Chrome/42.0.0.9895 Safari/537.36"
103.204.76.210 - - [24/Jun/2026:17:23:01 +0800] "POST /wp-login.php HTTP/1.1" 200 2979 "http://36.133.115.36" "Mozilla/5.0 (Windows NT 10.0; WOW64) AppleWebKit/537.36 (KHTML, like Gecko) Chrome/42.0.0.9895 Safari/537.36"
36.133.115.36 - - [24/Jun/2026:17:23:19 +0800] "POST /wp-cron.php?doing_wp_cron=1782292999.2253720760345458984375 HTTP/1.1" 200 31 "-" "WordPress/7.0; http://cqqizhou.com"
103.204.76.210 - - [24/Jun/2026:17:23:19 +0800] "GET /wp-login.php HTTP/1.1" 200 2821 "http://36.133.115.36" "Mozilla/5.0 (Windows NT 10.0; WOW64) AppleWebKit/537.36 (KHTML, like Gecko) Chrome/44.0.2403.130 Safari/537.36"
103.204.76.210 - - [24/Jun/2026:17:23:21 +0800] "POST /wp-login.php HTTP/1.1" 200 2979 "http://36.133.115.36" "Mozilla/5.0 (Windows NT 10.0; WOW64) AppleWebKit/537.36 (KHTML, like Gecko) Chrome/44.0.2403.130 Safari/537.36"
103.204.76.210 - - [24/Jun/2026:17:23:44 +0800] "GET /wp-login.php HTTP/1.1" 200 2821 "http://36.133.115.36" "Mozilla/5.0 (Windows NT 10.0; WOW64) AppleWebKit/537.36 (KHTML, like Gecko) Chrome/44.0.2403.155 Safari/537.36"
103.204.76.210 - - [24/Jun/2026:17:23:47 +0800] "POST /wp-login.php HTTP/1.1" 200 2979 "http://36.133.115.36" "Mozilla/5.0 (Windows NT 10.0; WOW64) AppleWebKit/537.36 (KHTML, like Gecko) Chrome/44.0.2403.155 Safari/537.36"
103.204.76.210 - - [24/Jun/2026:17:23:57 +0800] "GET /wp-login.php HTTP/1.1" 200 2821 "http://36.133.115.36" "Mozilla/5.0 (Windows NT 10.0; WOW64) AppleWebKit/537.36 (KHTML, like Gecko) Chrome/43.0.2357.124 Safari/537.36"
103.204.76.210 - - [24/Jun/2026:17:23:59 +0800] "POST /wp-login.php HTTP/1.1" 200 2979 "http://36.133.115.36" "Mozilla/5.0 (Windows NT 10.0; WOW64) AppleWebKit/537.36 (KHTML, like Gecko) Chrome/43.0.2357.124 Safari/537.36"
36.133.115.36 - - [24/Jun/2026:17:24:17 +0800] "POST /wp-cron.php?doing_wp_cron=1782293057.4199481010437011718750 HTTP/1.1" 200 31 "-" "WordPress/7.0; http://cqqizhou.com"
103.204.76.210 - - [24/Jun/2026:17:24:17 +0800] "GET /wp-login.php HTTP/1.1" 200 2821 "http://36.133.115.36" "Mozilla/5.0 (Windows NT 10.0) AppleWebKit/537.36 (KHTML, like Gecko) Chrome/44.0.2403.157 Safari/537.36"
103.204.76.210 - - [24/Jun/2026:17:24:20 +0800] "POST /wp-login.php HTTP/1.1" 200 2979 "http://36.133.115.36" "Mozilla/5.0 (Windows NT 10.0) AppleWebKit/537.36 (KHTML, like Gecko) Chrome/44.0.2403.157 Safari/537.36"
103.204.76.210 - - [24/Jun/2026:17:24:37 +0800] "GET /wp-login.php HTTP/1.1" 200 2821 "http://36.133.115.36" "Mozilla/5.0 (Windows NT 10.0; Win64; x64) AppleWebKit/537.36 (KHTML, like Gecko) Chrome/45.0.2454.85 Safari/537.36"
103.204.76.210 - - [24/Jun/2026:17:24:40 +0800] "POST /wp-login.php HTTP/1.1" 200 2979 "http://36.133.115.36" "Mozilla/5.0 (Windows NT 10.0; Win64; x64) AppleWebKit/537.36 (KHTML, like Gecko) Chrome/45.0.2454.85 Safari/537.36"
103.204.76.210 - - [24/Jun/2026:17:25:01 +0800] "GET /wp-login.php HTTP/1.1" 200 2821 "http://36.133.115.36" "Mozilla/5.0 (Windows NT 10.0) AppleWebKit/537.36 (KHTML, like Gecko) Chrome/44.0.2403.157 Safari/537.36"
103.204.76.210 - - [24/Jun/2026:17:25:04 +0800] "POST /wp-login.php HTTP/1.1" 200 2979 "http://36.133.115.36" "Mozilla/5.0 (Windows NT 10.0) AppleWebKit/537.36 (KHTML, like Gecko) Chrome/44.0.2403.157 Safari/537.36"
36.133.115.36 - - [24/Jun/2026:17:25:13 +0800] "POST /wp-cron.php?doing_wp_cron=1782293113.0204861164093017578125 HTTP/1.1" 200 31 "-" "WordPress/7.0; http://cqqizhou.com"
103.204.76.210 - - [24/Jun/2026:17:25:13 +0800] "GET /wp-login.php HTTP/1.1" 200 2821 "http://36.133.115.36" "Mozilla/5.0 (Windows NT 10.0; WOW64) AppleWebKit/537.36 (KHTML, like Gecko) Chrome/42.0.0.9895 Safari/537.36"
103.204.76.210 - - [24/Jun/2026:17:25:15 +0800] "POST /wp-login.php HTTP/1.1" 200 2979 "http://36.133.115.36" "Mozilla/5.0 (Windows NT 10.0; WOW64) AppleWebKit/537.36 (KHTML, like Gecko) Chrome/42.0.0.9895 Safari/537.36"
103.204.76.210 - - [24/Jun/2026:17:25:30 +0800] "GET /wp-login.php HTTP/1.1" 200 2821 "http://36.133.115.36" "Mozilla/5.0 (Windows NT 10.0; Win64; x64) AppleWebKit/537.36 (KHTML, like Gecko) Chrome/46.0.2490.22 Safari/537.36"
103.204.76.210 - - [24/Jun/2026:17:25:31 +0800] "POST /wp-login.php HTTP/1.1" 200 2979 "http://36.133.115.36" "Mozilla/5.0 (Windows NT 10.0; Win64; x64) AppleWebKit/537.36 (KHTML, like Gecko) Chrome/46.0.2490.22 Safari/537.36"
103.204.76.210 - - [24/Jun/2026:17:25:39 +0800] "GET /wp-login.php HTTP/1.1" 200 2821 "http://36.133.115.36" "Mozilla/5.0 (Windows NT 10.0; WOW64) AppleWebKit/537.36 (KHTML, like Gecko) Chrome/43.0.2357.124 Safari/537.36"
103.204.76.210 - - [24/Jun/2026:17:25:42 +0800] "POST /wp-login.php HTTP/1.1" 200 2979 "http://36.133.115.36" "Mozilla/5.0 (Windows NT 10.0; WOW64) AppleWebKit/537.36 (KHTML, like Gecko) Chrome/43.0.2357.124 Safari/537.36"
103.204.76.210 - - [24/Jun/2026:17:25:52 +0800] "GET /wp-login.php HTTP/1.1" 200 2821 "http://36.133.115.36" "Mozilla/5.0 (Windows NT 10.0; WOW64) AppleWebKit/537.36 (KHTML, like Gecko) Chrome/42.0.2311.152 Safari/537.36"
103.204.76.210 - - [24/Jun/2026:17:25:55 +0800] "POST /wp-login.php HTTP/1.1" 200 2979 "http://36.133.115.36" "Mozilla/5.0 (Windows NT 10.0; WOW64) AppleWebKit/537.36 (KHTML, like Gecko) Chrome/42.0.2311.152 Safari/537.36"
36.133.115.36 - - [24/Jun/2026:17:26:08 +0800] "POST /wp-cron.php?doing_wp_cron=1782293168.6415920257568359375000 HTTP/1.1" 200 31 "-" "WordPress/7.0; http://cqqizhou.com"
103.204.76.210 - - [24/Jun/2026:17:26:08 +0800] "GET /wp-login.php HTTP/1.1" 200 2821 "http://36.133.115.36" "Mozilla/5.0 (Windows NT 10.0; WOW64) AppleWebKit/537.36 (KHTML, like Gecko) Chrome/43.0.2357.124 Safari/537.36"
103.204.76.210 - - [24/Jun/2026:17:26:10 +0800] "POST /wp-login.php HTTP/1.1" 200 2979 "http://36.133.115.36" "Mozilla/5.0 (Windows NT 10.0; WOW64) AppleWebKit/537.36 (KHTML, like Gecko) Chrome/43.0.2357.124 Safari/537.36"
103.204.76.210 - - [24/Jun/2026:17:26:25 +0800] "GET /wp-login.php HTTP/1.1" 200 2821 "http://36.133.115.36" "Mozilla/5.0 (Windows NT 10.0) AppleWebKit/537.36 (KHTML, like Gecko) Chrome/42.0.2311.135 Safari/537.36 Edge/12.10240"
103.204.76.210 - - [24/Jun/2026:17:26:26 +0800] "POST /wp-login.php HTTP/1.1" 200 2979 "http://36.133.115.36" "Mozilla/5.0 (Windows NT 10.0) AppleWebKit/537.36 (KHTML, like Gecko) Chrome/42.0.2311.135 Safari/537.36 Edge/12.10240"
103.204.76.210 - - [24/Jun/2026:17:26:37 +0800] "GET /wp-login.php HTTP/1.1" 200 2821 "http://36.133.115.36" "Mozilla/5.0 (Windows NT 10.0; WOW64) AppleWebKit/537.36 (KHTML, like Gecko) Chrome/44.0.2403.157 Safari/537.36"
103.204.76.210 - - [24/Jun/2026:17:26:38 +0800] "POST /wp-login.php HTTP/1.1" 200 2979 "http://36.133.115.36" "Mozilla/5.0 (Windows NT 10.0; WOW64) AppleWebKit/537.36 (KHTML, like Gecko) Chrome/44.0.2403.157 Safari/537.36"
103.204.76.210 - - [24/Jun/2026:17:26:47 +0800] "GET /wp-login.php HTTP/1.1" 200 2821 "http://36.133.115.36" "Mozilla/5.0 (Windows NT 10.0; WOW64) AppleWebKit/537.36 (KHTML, like Gecko) Chrome/43.0.2357.124 Safari/537.36"
103.204.76.210 - - [24/Jun/2026:17:26:49 +0800] "POST /wp-login.php HTTP/1.1" 200 2979 "http://36.133.115.36" "Mozilla/5.0 (Windows NT 10.0; WOW64) AppleWebKit/537.36 (KHTML, like Gecko) Chrome/43.0.2357.124 Safari/537.36"
103.204.76.210 - - [24/Jun/2026:17:26:58 +0800] "GET /wp-login.php HTTP/1.1" 200 2821 "http://36.133.115.36" "Mozilla/5.0 (Windows NT 10.0; Win64; x64) AppleWebKit/537.36 (KHTML, like Gecko) Chrome/42.0.2311.135 Safari/537.36 Edge/12.10532"
103.204.76.210 - - [24/Jun/2026:17:27:00 +0800] "POST /wp-login.php HTTP/1.1" 200 2979 "http://36.133.115.36" "Mozilla/5.0 (Windows NT 10.0; Win64; x64) AppleWebKit/537.36 (KHTML, like Gecko) Chrome/42.0.2311.135 Safari/537.36 Edge/12.10532"
36.133.115.36 - - [24/Jun/2026:17:27:09 +0800] "POST /wp-cron.php?doing_wp_cron=1782293229.1972339153289794921875 HTTP/1.1" 200 31 "-" "WordPress/7.0; http://cqqizhou.com"
103.204.76.210 - - [24/Jun/2026:17:27:09 +0800] "GET /wp-login.php HTTP/1.1" 200 2821 "http://36.133.115.36" "Mozilla/5.0 (Windows NT 10.0; Win64; x64) AppleWebKit/537.36 (KHTML, like Gecko) Chrome/45.0.2454.85 Safari/537.36"
103.204.76.210 - - [24/Jun/2026:17:27:12 +0800] "POST /wp-login.php HTTP/1.1" 200 2979 "http://36.133.115.36" "Mozilla/5.0 (Windows NT 10.0; Win64; x64) AppleWebKit/537.36 (KHTML, like Gecko) Chrome/45.0.2454.85 Safari/537.36"
103.204.76.210 - - [24/Jun/2026:17:27:21 +0800] "GET /wp-login.php HTTP/1.1" 200 2821 "http://36.133.115.36" "Mozilla/5.0 (Windows NT 10.0; Win64; x64) AppleWebKit/537.36 (KHTML, like Gecko) Chrome/47.0.2505.0 Safari/537.36"
103.204.76.210 - - [24/Jun/2026:17:27:23 +0800] "POST /wp-login.php HTTP/1.1" 200 2979 "http://36.133.115.36" "Mozilla/5.0 (Windows NT 10.0; Win64; x64) AppleWebKit/537.36 (KHTML, like Gecko) Chrome/47.0.2505.0 Safari/537.36"
103.204.76.210 - - [24/Jun/2026:17:27:36 +0800] "GET /wp-login.php HTTP/1.1" 200 2821 "http://36.133.115.36" "Mozilla/5.0 (Windows NT 10.0; Win64; x64) AppleWebKit/537.36 (KHTML, like Gecko) Chrome/47.0.2505.0 Safari/537.36"
103.204.76.210 - - [24/Jun/2026:17:27:41 +0800] "POST /wp-login.php HTTP/1.1" 200 2979 "http://36.133.115.36" "Mozilla/5.0 (Windows NT 10.0; Win64; x64) AppleWebKit/537.36 (KHTML, like Gecko) Chrome/47.0.2505.0 Safari/537.36"
103.204.76.210 - - [24/Jun/2026:17:27:51 +0800] "GET /wp-login.php HTTP/1.1" 200 2821 "http://36.133.115.36" "Mozilla/5.0 (Windows NT 10.0; WOW64) AppleWebKit/537.36 (KHTML, like Gecko) Chrome/44.0.2403.155 Safari/537.36 OPR/31.0.1889.174"
103.204.76.210 - - [24/Jun/2026:17:27:55 +0800] "POST /wp-login.php HTTP/1.1" 200 2979 "http://36.133.115.36" "Mozilla/5.0 (Windows NT 10.0; WOW64) AppleWebKit/537.36 (KHTML, like Gecko) Chrome/44.0.2403.155 Safari/537.36 OPR/31.0.1889.174"
103.204.76.210 - - [24/Jun/2026:17:28:04 +0800] "GET /wp-login.php HTTP/1.1" 200 2821 "http://36.133.115.36" "Mozilla/5.0 (Windows NT 10.0; WOW64) AppleWebKit/537.36 (KHTML, like Gecko) Chrome/43.0.2357.130 Safari/537.36"
103.204.76.210 - - [24/Jun/2026:17:28:05 +0800] "POST /wp-login.php HTTP/1.1" 200 2979 "http://36.133.115.36" "Mozilla/5.0 (Windows NT 10.0; WOW64) AppleWebKit/537.36 (KHTML, like Gecko) Chrome/43.0.2357.130 Safari/537.36"
36.133.115.36 - - [24/Jun/2026:17:28:15 +0800] "POST /wp-cron.php?doing_wp_cron=1782293295.6582539081573486328125 HTTP/1.1" 200 31 "-" "WordPress/7.0; http://cqqizhou.com"
103.204.76.210 - - [24/Jun/2026:17:28:15 +0800] "GET /wp-login.php HTTP/1.1" 200 2821 "http://36.133.115.36" "Mozilla/5.0 (Windows NT 10.0; WOW64) AppleWebKit/537.36 (KHTML, like Gecko) Chrome/43.0.2357.132 Safari/537.36"
103.204.76.210 - - [24/Jun/2026:17:28:16 +0800] "POST /wp-login.php HTTP/1.1" 200 2979 "http://36.133.115.36" "Mozilla/5.0 (Windows NT 10.0; WOW64) AppleWebKit/537.36 (KHTML, like Gecko) Chrome/43.0.2357.132 Safari/537.36"
103.204.76.210 - - [24/Jun/2026:17:28:24 +0800] "GET /wp-login.php HTTP/1.1" 200 2821 "http://36.133.115.36" "Mozilla/5.0 (Windows NT 10.0; Win64; x64) AppleWebKit/537.36 (KHTML, like Gecko) Chrome/45.0.2454.85 Safari/537.36"
103.204.76.210 - - [24/Jun/2026:17:28:27 +0800] "POST /wp-login.php HTTP/1.1" 200 2979 "http://36.133.115.36" "Mozilla/5.0 (Windows NT 10.0; Win64; x64) AppleWebKit/537.36 (KHTML, like Gecko) Chrome/45.0.2454.85 Safari/537.36"
103.204.76.210 - - [24/Jun/2026:17:28:36 +0800] "GET /wp-login.php HTTP/1.1" 200 2821 "http://36.133.115.36" "Mozilla/5.0 (Windows NT 10.0; WOW64) AppleWebKit/537.36 (KHTML, like Gecko) Chrome/44.0.2403.155 Safari/537.36"
103.204.76.210 - - [24/Jun/2026:17:28:39 +0800] "POST /wp-login.php HTTP/1.1" 200 2979 "http://36.133.115.36" "Mozilla/5.0 (Windows NT 10.0; WOW64) AppleWebKit/537.36 (KHTML, like Gecko) Chrome/44.0.2403.155 Safari/537.36"
103.204.76.210 - - [24/Jun/2026:17:28:50 +0800] "GET /wp-login.php HTTP/1.1" 200 2821 "http://36.133.115.36" "Mozilla/5.0 (Windows NT 10.0; WOW64) AppleWebKit/537.36 (KHTML, like Gecko) Chrome/44.0.2403.155 Safari/537.36"
103.204.76.210 - - [24/Jun/2026:17:28:53 +0800] "POST /wp-login.php HTTP/1.1" 200 2979 "http://36.133.115.36" "Mozilla/5.0 (Windows NT 10.0; WOW64) AppleWebKit/537.36 (KHTML, like Gecko) Chrome/44.0.2403.155 Safari/537.36"
103.204.76.210 - - [24/Jun/2026:17:29:04 +0800] "GET /wp-login.php HTTP/1.1" 200 2821 "http://36.133.115.36" "Mozilla/5.0 (Windows NT 10.0; WOW64) AppleWebKit/537.36 (KHTML, like Gecko) Chrome/45.0.2454.85 Safari/537.36"
103.204.76.210 - - [24/Jun/2026:17:29:06 +0800] "POST /wp-login.php HTTP/1.1" 200 2979 "http://36.133.115.36" "Mozilla/5.0 (Windows NT 10.0; WOW64) AppleWebKit/537.36 (KHTML, like Gecko) Chrome/45.0.2454.85 Safari/537.36"
36.133.115.36 - - [24/Jun/2026:17:29:18 +0800] "POST /wp-cron.php?doing_wp_cron=1782293358.2559111118316650390625 HTTP/1.1" 200 31 "-" "WordPress/7.0; http://cqqizhou.com"
103.204.76.210 - - [24/Jun/2026:17:29:18 +0800] "GET /wp-login.php HTTP/1.1" 200 2821 "http://36.133.115.36" "Mozilla/5.0 (Windows NT 10.0; WOW64) AppleWebKit/537.36 (KHTML, like Gecko) Chrome/43.0.2357.132 Safari/537.36"
103.204.76.210 - - [24/Jun/2026:17:29:20 +0800] "POST /wp-login.php HTTP/1.1" 200 2979 "http://36.133.115.36" "Mozilla/5.0 (Windows NT 10.0; WOW64) AppleWebKit/537.36 (KHTML, like Gecko) Chrome/43.0.2357.132 Safari/537.36"
103.204.76.210 - - [24/Jun/2026:17:29:35 +0800] "GET /wp-login.php HTTP/1.1" 200 2821 "http://36.133.115.36" "Mozilla/5.0 (Windows NT 10.0; WOW64) AppleWebKit/537.36 (KHTML, like Gecko) Chrome/44.0.2403.157 Safari/537.36"
103.204.76.210 - - [24/Jun/2026:17:29:38 +0800] "POST /wp-login.php HTTP/1.1" 200 2979 "http://36.133.115.36" "Mozilla/5.0 (Windows NT 10.0; WOW64) AppleWebKit/537.36 (KHTML, like Gecko) Chrome/44.0.2403.157 Safari/537.36"
103.204.76.210 - - [24/Jun/2026:17:29:46 +0800] "GET /wp-login.php HTTP/1.1" 200 2821 "http://36.133.115.36" "Mozilla/5.0 (Windows NT 10.0; Win64; x64) AppleWebKit/537.36 (KHTML, like Gecko) Chrome/46.0.2490.13 Safari/537.36"
103.204.76.210 - - [24/Jun/2026:17:29:49 +0800] "POST /wp-login.php HTTP/1.1" 200 2979 "http://36.133.115.36" "Mozilla/5.0 (Windows NT 10.0; Win64; x64) AppleWebKit/537.36 (KHTML, like Gecko) Chrome/46.0.2490.13 Safari/537.36"
103.204.76.210 - - [24/Jun/2026:17:30:01 +0800] "GET /wp-login.php HTTP/1.1" 200 2821 "http://36.133.115.36" "Mozilla/5.0 (Windows NT 10.0; Win64; x64) AppleWebKit/537.36 (KHTML, like Gecko) Chrome/42.0.2311.135 Safari/537.36 Edge/12.10532"
103.204.76.210 - - [24/Jun/2026:17:30:05 +0800] "POST /wp-login.php HTTP/1.1" 200 2979 "http://36.133.115.36" "Mozilla/5.0 (Windows NT 10.0; Win64; x64) AppleWebKit/537.36 (KHTML, like Gecko) Chrome/42.0.2311.135 Safari/537.36 Edge/12.10532"
36.133.115.36 - - [24/Jun/2026:17:30:15 +0800] "POST /wp-cron.php?doing_wp_cron=1782293415.8535981178283691406250 HTTP/1.1" 200 31 "-" "WordPress/7.0; http://cqqizhou.com"
103.204.76.210 - - [24/Jun/2026:17:30:15 +0800] "GET /wp-login.php HTTP/1.1" 200 2821 "http://36.133.115.36" "Mozilla/5.0 (Windows NT 10.0; Win64; x64) AppleWebKit/537.36 (KHTML, like Gecko) Chrome/42.0.2311.135 Safari/537.36 Edge/12.10240"
103.204.76.210 - - [24/Jun/2026:17:30:19 +0800] "POST /wp-login.php HTTP/1.1" 200 2979 "http://36.133.115.36" "Mozilla/5.0 (Windows NT 10.0; Win64; x64) AppleWebKit/537.36 (KHTML, like Gecko) Chrome/42.0.2311.135 Safari/537.36 Edge/12.10240"
103.204.76.210 - - [24/Jun/2026:17:30:28 +0800] "GET /wp-login.php HTTP/1.1" 200 2821 "http://36.133.115.36" "Mozilla/5.0 (Windows NT 10.0; WOW64) AppleWebKit/537.36 (KHTML, like Gecko) Chrome/45.0.2454.85 Safari/537.36"
103.204.76.210 - - [24/Jun/2026:17:30:29 +0800] "POST /wp-login.php HTTP/1.1" 200 2979 "http://36.133.115.36" "Mozilla/5.0 (Windows NT 10.0; WOW64) AppleWebKit/537.36 (KHTML, like Gecko) Chrome/45.0.2454.85 Safari/537.36"
103.204.76.210 - - [24/Jun/2026:17:30:39 +0800] "GET /wp-login.php HTTP/1.1" 200 2821 "http://36.133.115.36" "Mozilla/5.0 (Windows NT 10.0; WOW64) AppleWebKit/537.36 (KHTML, like Gecko) Chrome/44.0.2403.157 Safari/537.36"
103.204.76.210 - - [24/Jun/2026:17:30:41 +0800] "POST /wp-login.php HTTP/1.1" 200 2979 "http://36.133.115.36" "Mozilla/5.0 (Windows NT 10.0; WOW64) AppleWebKit/537.36 (KHTML, like Gecko) Chrome/44.0.2403.157 Safari/537.36"
103.204.76.210 - - [24/Jun/2026:17:30:46 +0800] "GET /wp-login.php HTTP/1.1" 200 2821 "http://36.133.115.36" "Mozilla/5.0 (Windows NT 10.0; WOW64) AppleWebKit/537.36 (KHTML, like Gecko) Chrome/41.0.2272.104 AOL/9.8 AOLBuild/4346.13.US Safari/537.36"
103.204.76.210 - - [24/Jun/2026:17:30:48 +0800] "POST /wp-login.php HTTP/1.1" 200 2979 "http://36.133.115.36" "Mozilla/5.0 (Windows NT 10.0; WOW64) AppleWebKit/537.36 (KHTML, like Gecko) Chrome/41.0.2272.104 AOL/9.8 AOLBuild/4346.13.US Safari/537.36"
103.204.76.210 - - [24/Jun/2026:17:30:59 +0800] "GET /wp-login.php HTTP/1.1" 200 2821 "http://36.133.115.36" "Mozilla/5.0 (Windows NT 10.0; Win64; x64) AppleWebKit/537.36 (KHTML, like Gecko) Chrome/46.0.2490.13 Safari/537.36"
103.204.76.210 - - [24/Jun/2026:17:31:04 +0800] "POST /wp-login.php HTTP/1.1" 200 2979 "http://36.133.115.36" "Mozilla/5.0 (Windows NT 10.0; Win64; x64) AppleWebKit/537.36 (KHTML, like Gecko) Chrome/46.0.2490.13 Safari/537.36"
36.133.115.36 - - [24/Jun/2026:17:31:16 +0800] "POST /wp-cron.php?doing_wp_cron=1782293476.4772140979766845703125 HTTP/1.1" 200 31 "-" "WordPress/7.0; http://cqqizhou.com"
103.204.76.210 - - [24/Jun/2026:17:31:16 +0800] "GET /wp-login.php HTTP/1.1" 200 2821 "http://36.133.115.36" "Mozilla/5.0 (Windows NT 10.0; WOW64) AppleWebKit/537.36 (KHTML, like Gecko) Chrome/45.0.2454.85 Safari/537.36"
103.204.76.210 - - [24/Jun/2026:17:31:18 +0800] "POST /wp-login.php HTTP/1.1" 200 2979 "http://36.133.115.36" "Mozilla/5.0 (Windows NT 10.0; WOW64) AppleWebKit/537.36 (KHTML, like Gecko) Chrome/45.0.2454.85 Safari/537.36"
103.204.76.210 - - [24/Jun/2026:17:31:28 +0800] "GET /wp-login.php HTTP/1.1" 200 2821 "http://36.133.115.36" "Mozilla/5.0 (Windows NT 10.0; WOW64) AppleWebKit/537.36 (KHTML, like Gecko) Chrome/43.0.2357.130 Safari/537.36"
103.204.76.210 - - [24/Jun/2026:17:31:30 +0800] "POST /wp-login.php HTTP/1.1" 200 2979 "http://36.133.115.36" "Mozilla/5.0 (Windows NT 10.0; WOW64) AppleWebKit/537.36 (KHTML, like Gecko) Chrome/43.0.2357.130 Safari/537.36"
103.204.76.210 - - [24/Jun/2026:17:31:37 +0800] "GET /wp-login.php HTTP/1.1" 200 2821 "http://36.133.115.36" "Mozilla/5.0 (Windows NT 10.0; WOW64) AppleWebKit/537.36 (KHTML, like Gecko) Chrome/44.0.2403.130 Safari/537.36"
103.204.76.210 - - [24/Jun/2026:17:31:39 +0800] "POST /wp-login.php HTTP/1.1" 200 2979 "http://36.133.115.36" "Mozilla/5.0 (Windows NT 10.0; WOW64) AppleWebKit/537.36 (KHTML, like Gecko) Chrome/44.0.2403.130 Safari/537.36"
103.204.76.210 - - [24/Jun/2026:17:31:45 +0800] "GET /wp-login.php HTTP/1.1" 200 2821 "http://36.133.115.36" "Mozilla/5.0 (Windows NT 10.0) AppleWebKit/537.36 (KHTML, like Gecko) Chrome/44.0.2403.157 Safari/537.36"
103.204.76.210 - - [24/Jun/2026:17:31:48 +0800] "POST /wp-login.php HTTP/1.1" 200 2979 "http://36.133.115.36" "Mozilla/5.0 (Windows NT 10.0) AppleWebKit/537.36 (KHTML, like Gecko) Chrome/44.0.2403.157 Safari/537.36"
156.245.205.34 - - [24/Jun/2026:17:31:58 +0800] "GET /e/install/index.php?enews=setdb&f=4 HTTP/1.1" 404 47 "-" "Mozilla/5.0 (Windows NT 10.0; WOW64; rv:48.0) Gecko/20100101 Firefox/48.0"
156.245.205.34 - - [24/Jun/2026:17:31:59 +0800] "GET /1234.php HTTP/1.1" 404 47 "-" "Mozilla/5.0 (Windows NT 10.0; WOW64; rv:48.0) Gecko/20100101 Firefox/48.0"
103.204.76.210 - - [24/Jun/2026:17:32:00 +0800] "GET /wp-login.php HTTP/1.1" 200 2821 "http://36.133.115.36" "Mozilla/5.0 (Windows NT 10.0; WOW64) AppleWebKit/537.36 (KHTML, like Gecko) Chrome/42.0.2311.152 Safari/537.36"
103.204.76.210 - - [24/Jun/2026:17:32:03 +0800] "POST /wp-login.php HTTP/1.1" 200 2979 "http://36.133.115.36" "Mozilla/5.0 (Windows NT 10.0; WOW64) AppleWebKit/537.36 (KHTML, like Gecko) Chrome/42.0.2311.152 Safari/537.36"
36.133.115.36 - - [24/Jun/2026:17:32:15 +0800] "POST /wp-cron.php?doing_wp_cron=1782293534.9811570644378662109375 HTTP/1.1" 200 31 "-" "WordPress/7.0; http://cqqizhou.com"
103.204.76.210 - - [24/Jun/2026:17:32:15 +0800] "GET /wp-login.php HTTP/1.1" 200 2821 "http://36.133.115.36" "Mozilla/5.0 (Windows NT 10.0; WOW64) AppleWebKit/537.36 (KHTML, like Gecko) Chrome/42.0.0.9895 Safari/537.36"
103.204.76.210 - - [24/Jun/2026:17:32:17 +0800] "POST /wp-login.php HTTP/1.1" 200 2979 "http://36.133.115.36" "Mozilla/5.0 (Windows NT 10.0; WOW64) AppleWebKit/537.36 (KHTML, like Gecko) Chrome/42.0.0.9895 Safari/537.36"
103.204.76.210 - - [24/Jun/2026:17:32:27 +0800] "GET /wp-login.php HTTP/1.1" 200 2821 "http://36.133.115.36" "Mozilla/5.0 (Windows NT 10.0; WOW64) AppleWebKit/537.36 (KHTML, like Gecko) Chrome/44.0.2403.125 Safari/537.36"
103.204.76.210 - - [24/Jun/2026:17:32:30 +0800] "POST /wp-login.php HTTP/1.1" 200 2979 "http://36.133.115.36" "Mozilla/5.0 (Windows NT 10.0; WOW64) AppleWebKit/537.36 (KHTML, like Gecko) Chrome/44.0.2403.125 Safari/537.36"
103.204.76.210 - - [24/Jun/2026:17:32:39 +0800] "GET /wp-login.php HTTP/1.1" 200 2821 "http://36.133.115.36" "Mozilla/5.0 (Windows NT 10.0; WOW64) AppleWebKit/537.36 (KHTML, like Gecko) Chrome/44.0.2403.155 Safari/537.36"
103.204.76.210 - - [24/Jun/2026:17:32:40 +0800] "POST /wp-login.php HTTP/1.1" 200 2979 "http://36.133.115.36" "Mozilla/5.0 (Windows NT 10.0; WOW64) AppleWebKit/537.36 (KHTML, like Gecko) Chrome/44.0.2403.155 Safari/537.36"
103.204.76.210 - - [24/Jun/2026:17:32:47 +0800] "GET /wp-login.php HTTP/1.1" 200 2821 "http://36.133.115.36" "Mozilla/5.0 (Windows NT 10.0; WOW64) AppleWebKit/537.36 (KHTML, like Gecko) Chrome/44.0.2403.125 Safari/537.36"
103.204.76.210 - - [24/Jun/2026:17:32:50 +0800] "POST /wp-login.php HTTP/1.1" 200 2979 "http://36.133.115.36" "Mozilla/5.0 (Windows NT 10.0; WOW64) AppleWebKit/537.36 (KHTML, like Gecko) Chrome/44.0.2403.125 Safari/537.36"
103.204.76.210 - - [24/Jun/2026:17:32:57 +0800] "GET /wp-login.php HTTP/1.1" 200 2821 "http://36.133.115.36" "Mozilla/5.0 (Windows NT 10.0; Win64; x64) AppleWebKit/537.36 (KHTML, like Gecko) Chrome/42.0.2311.135 Safari/537.36 Edge/12.10240"
103.204.76.210 - - [24/Jun/2026:17:33:00 +0800] "POST /wp-login.php HTTP/1.1" 200 2979 "http://36.133.115.36" "Mozilla/5.0 (Windows NT 10.0; Win64; x64) AppleWebKit/537.36 (KHTML, like Gecko) Chrome/42.0.2311.135 Safari/537.36 Edge/12.10240"
36.133.115.36 - - [24/Jun/2026:17:33:09 +0800] "POST /wp-cron.php?doing_wp_cron=1782293589.4933509826660156250000 HTTP/1.1" 200 31 "-" "WordPress/7.0; http://cqqizhou.com"
103.204.76.210 - - [24/Jun/2026:17:33:09 +0800] "GET /wp-login.php HTTP/1.1" 200 2821 "http://36.133.115.36" "Mozilla/5.0 (Windows NT 10.0; Win64; x64) AppleWebKit/537.36 (KHTML, like Gecko) Chrome/47.0.2503.0 Safari/537.36"
103.204.76.210 - - [24/Jun/2026:17:33:12 +0800] "POST /wp-login.php HTTP/1.1" 200 2979 "http://36.133.115.36" "Mozilla/5.0 (Windows NT 10.0; Win64; x64) AppleWebKit/537.36 (KHTML, like Gecko) Chrome/47.0.2503.0 Safari/537.36"
103.204.76.210 - - [24/Jun/2026:17:33:25 +0800] "GET /wp-login.php HTTP/1.1" 200 2821 "http://36.133.115.36" "Mozilla/5.0 (Windows NT 10.0; Win64; x64) AppleWebKit/537.36 (KHTML, like Gecko) Chrome/47.0.2505.0 Safari/537.36"
103.204.76.210 - - [24/Jun/2026:17:33:29 +0800] "POST /wp-login.php HTTP/1.1" 200 2979 "http://36.133.115.36" "Mozilla/5.0 (Windows NT 10.0; Win64; x64) AppleWebKit/537.36 (KHTML, like Gecko) Chrome/47.0.2505.0 Safari/537.36"
103.204.76.210 - - [24/Jun/2026:17:33:38 +0800] "GET /wp-login.php HTTP/1.1" 200 2821 "http://36.133.115.36" "Mozilla/5.0 (Windows NT 10.0; Win64; x64) AppleWebKit/537.36 (KHTML, like Gecko) Chrome/42.0.2311.135 Safari/537.36 Edge/12.10240"
103.204.76.210 - - [24/Jun/2026:17:33:41 +0800] "POST /wp-login.php HTTP/1.1" 200 2979 "http://36.133.115.36" "Mozilla/5.0 (Windows NT 10.0; Win64; x64) AppleWebKit/537.36 (KHTML, like Gecko) Chrome/42.0.2311.135 Safari/537.36 Edge/12.10240"
36.133.115.36 - - [24/Jun/2026:18:03:10 +0800] "POST /wp-cron.php?doing_wp_cron=1782295390.7426040172576904296875 HTTP/1.1" 200 31 "-" "WordPress/7.0; http://cqqizhou.com"
36.133.108.121 - - [24/Jun/2026:18:03:10 +0800] "HEAD /hudson HTTP/1.1" 404 0 "-" "Mozilla/5.0 (Windows NT 6.2; WOW64) AppleWebKit/537.36 (KHTML, like Gecko) Chrome/30.0.1599.17 Safari/537.36"
36.133.115.36 - - [24/Jun/2026:18:07:09 +0800] "POST /wp-cron.php?doing_wp_cron=1782295628.9577560424804687500000 HTTP/1.1" 200 31 "-" "WordPress/7.0; http://cqqizhou.com"
176.65.139.66 - - [24/Jun/2026:18:07:09 +0800] "GET / HTTP/1.0" 301 0 "-" "Shodan-Pull/1.0"
36.133.115.36 - - [24/Jun/2026:18:32:04 +0800] "POST /wp-cron.php?doing_wp_cron=1782297124.3535470962524414062500 HTTP/1.1" 200 31 "-" "WordPress/7.0; http://cqqizhou.com"
110.249.201.106 - - [24/Jun/2026:18:32:04 +0800] "GET /robots.txt HTTP/1.1" 200 190 "-" "Mozilla/5.0 (Linux; Android 5.0) AppleWebKit/537.36 (KHTML, like Gecko) Mobile Safari/537.36 (compatible; Bytespider; https://zhanzhang.toutiao.com/)"
36.133.115.36 - - [24/Jun/2026:18:33:45 +0800] "POST /wp-cron.php?doing_wp_cron=1782297225.9177041053771972656250 HTTP/1.1" 200 31 "-" "WordPress/7.0; http://cqqizhou.com"
223.106.161.192 - - [24/Jun/2026:18:33:45 +0800] "GET / HTTP/1.1" 200 35181 "https://m.baidu.com/" "Mozilla/5.0 (Linux; Android 16; MAA-AN10 Build/HONORMAA-AN10; wv) AppleWebKit/537.36 (KHTML, like Gecko) Version/4.0 Chrome/97.0.4692.98 Mobile Safari/537.36 T7/13.40 SP-engine/3.59.0 bd_dvt/0 baiduboxapp/15.64.0.10 (Baidu; P1 16) NABar/1.0"
36.133.115.36 - - [24/Jun/2026:18:34:47 +0800] "POST /wp-cron.php?doing_wp_cron=1782297287.7913210391998291015625 HTTP/1.1" 200 31 "-" "WordPress/7.0; http://cqqizhou.com"
119.84.246.117 - - [24/Jun/2026:18:34:47 +0800] "GET / HTTP/1.1" 301 5 "-" "Mozilla/5.0 (Windows NT 6.1; WOW64) AppleWebKit/535.11 (KHTML, like Gecko) Chrome/17.0.963.84 Safari/535.11 SE 2.X MetaSr 1.0"
119.84.246.117 - - [24/Jun/2026:18:34:47 +0800] "GET / HTTP/1.1" 200 171975 "-" "Mozilla/5.0 (Windows NT 6.1; WOW64) AppleWebKit/535.11 (KHTML, like Gecko) Chrome/17.0.963.84 Safari/535.11 SE 2.X MetaSr 1.0"
119.84.246.117 - - [24/Jun/2026:18:34:49 +0800] "GET / HTTP/1.1" 301 5 "-" "Mozilla/5.0 (Windows NT 6.1; WOW64) AppleWebKit/537.1 (KHTML, like Gecko) Chrome/21.0.1180.89 Safari/537.1"
119.84.246.117 - - [24/Jun/2026:18:34:49 +0800] "GET / HTTP/1.1" 200 171975 "-" "Mozilla/5.0 (Windows NT 6.1; WOW64) AppleWebKit/537.1 (KHTML, like Gecko) Chrome/21.0.1180.89 Safari/537.1"
119.84.246.117 - - [24/Jun/2026:18:34:49 +0800] "GET / HTTP/1.1" 301 5 "-" "Mozilla/5.0 (Windows NT 6.1; WOW64; rv:12.0) Gecko/20100101 Firefox/12.0"
119.84.246.117 - - [24/Jun/2026:18:34:49 +0800] "GET / HTTP/1.1" 200 171975 "-" "Mozilla/5.0 (Windows NT 6.1; WOW64; rv:12.0) Gecko/20100101 Firefox/12.0"
36.133.115.36 - - [24/Jun/2026:18:36:59 +0800] "POST /wp-cron.php?doing_wp_cron=1782297419.8161060810089111328125 HTTP/1.1" 200 31 "-" "WordPress/7.0; http://cqqizhou.com"
162.62.132.25 - - [24/Jun/2026:18:36:59 +0800] "GET / HTTP/1.1" 301 5 "-" "Mozilla/5.0 (iPhone; CPU iPhone OS 13_2_3 like Mac OS X) AppleWebKit/605.1.15 (KHTML, like Gecko) Version/13.0.3 Mobile/15E148 Safari/604.1"
162.62.132.25 - - [24/Jun/2026:18:37:02 +0800] "GET / HTTP/1.1" 200 35183 "http://36.133.115.36" "Mozilla/5.0 (iPhone; CPU iPhone OS 13_2_3 like Mac OS X) AppleWebKit/605.1.15 (KHTML, like Gecko) Version/13.0.3 Mobile/15E148 Safari/604.1"
36.133.115.36 - - [24/Jun/2026:18:42:01 +0800] "POST /wp-cron.php?doing_wp_cron=1782297721.5943830013275146484375 HTTP/1.1" 200 31 "-" "WordPress/7.0; http://cqqizhou.com"
14.29.109.85 - - [24/Jun/2026:18:42:01 +0800] "GET /wp-json/oembed/1.0/embed?url=http%3A%2F%2Fcqqizhou.com%2Fnews%2F2361 HTTP/1.1" 200 1265 "-" "Mozilla/5.0 (Windows NT 10.0; Win64; x64) AppleWebKit/537.36 (KHTML, like Gecko) Chrome/107.0.0.0 Safari/537.36"
36.133.115.36 - - [24/Jun/2026:18:54:07 +0800] "POST /wp-cron.php?doing_wp_cron=1782298447.5604410171508789062500 HTTP/1.1" 200 31 "-" "WordPress/7.0; http://cqqizhou.com"
36.150.60.24 - - [24/Jun/2026:18:54:07 +0800] "GET / HTTP/1.1" 200 35183 "-" "Dalvik/2.1.0 (Linux; U; Android 9.0; ZTE BA520 Build/MRA58K)"
36.133.115.36 - - [24/Jun/2026:18:56:01 +0800] "POST /wp-cron.php?doing_wp_cron=1782298561.2750511169433593750000 HTTP/1.1" 200 31 "-" "WordPress/7.0; http://cqqizhou.com"
54.223.45.134 - - [24/Jun/2026:18:56:01 +0800] "GET /2418/ HTTP/1.1" 301 5 "-" "Mozilla/5.0 (Linux; Android 10; HD1900 Build/QKQ1.190716.003; wv) AppleWebKit/537.36 (KHTML, like Gecko) Version/4.0 Chrome/75.0.3770.156 Mobile Safari/537.36  aweme_230400 JsSdk/1.0 NetType/WIFI  AppName/aweme app_version/23.4.0 ByteLocale/zh-CN Region/CN AppSkin/white AppTheme/light BytedanceWebview/d8a21c6 WebView/075113004008"
54.223.45.134 - - [24/Jun/2026:18:56:02 +0800] "GET /news/2418 HTTP/1.1" 200 23895 "-" "Mozilla/5.0 (Linux; Android 10; HD1900 Build/QKQ1.190716.003; wv) AppleWebKit/537.36 (KHTML, like Gecko) Version/4.0 Chrome/75.0.3770.156 Mobile Safari/537.36  aweme_230400 JsSdk/1.0 NetType/WIFI  AppName/aweme app_version/23.4.0 ByteLocale/zh-CN Region/CN AppSkin/white AppTheme/light BytedanceWebview/d8a21c6 WebView/075113004008"
54.223.45.134 - - [24/Jun/2026:18:56:02 +0800] "GET /wp-content/uploads/revslider/slider-1/1750861156-logistics_Slider_3840%C3%972160_20250625191356-scaled-768x432.webp HTTP/1.1" 200 31912 "http://cqqizhou.com/news/2418" "Mozilla/5.0 (Linux; Android 10; HD1900 Build/QKQ1.190716.003; wv) AppleWebKit/537.36 (KHTML, like Gecko) Version/4.0 Chrome/75.0.3770.156 Mobile Safari/537.36  aweme_230400 JsSdk/1.0 NetType/WIFI  AppName/aweme app_version/23.4.0 ByteLocale/zh-CN Region/CN AppSkin/white AppTheme/light BytedanceWebview/d8a21c6 WebView/075113004008"
54.223.45.134 - - [24/Jun/2026:18:56:02 +0800] "GET /wp-content/uploads/2026/06/1781880807-Article_images_W900px-768x432.webp HTTP/1.1" 200 26292 "http://cqqizhou.com/news/2418" "Mozilla/5.0 (Linux; Android 10; HD1900 Build/QKQ1.190716.003; wv) AppleWebKit/537.36 (KHTML, like Gecko) Version/4.0 Chrome/75.0.3770.156 Mobile Safari/537.36  aweme_230400 JsSdk/1.0 NetType/WIFI  AppName/aweme app_version/23.4.0 ByteLocale/zh-CN Region/CN AppSkin/white AppTheme/light BytedanceWebview/d8a21c6 WebView/075113004008"
54.223.45.134 - - [24/Jun/2026:18:56:02 +0800] "GET /wp-content/uploads/2026/06/1782182572-Article_images_W900px-768x432.webp HTTP/1.1" 200 27308 "http://cqqizhou.com/news/2418" "Mozilla/5.0 (Linux; Android 10; HD1900 Build/QKQ1.190716.003; wv) AppleWebKit/537.36 (KHTML, like Gecko) Version/4.0 Chrome/75.0.3770.156 Mobile Safari/537.36  aweme_230400 JsSdk/1.0 NetType/WIFI  AppName/aweme app_version/23.4.0 ByteLocale/zh-CN Region/CN AppSkin/white AppTheme/light BytedanceWebview/d8a21c6 WebView/075113004008"
54.223.45.134 - - [24/Jun/2026:18:56:02 +0800] "GET /wp-content/uploads/2025/07/1751425283-qizhou.kf_.qq_.com_.webp HTTP/1.1" 200 16864 "http://cqqizhou.com/news/2418" "Mozilla/5.0 (Linux; Android 10; HD1900 Build/QKQ1.190716.003; wv) AppleWebKit/537.36 (KHTML, like Gecko) Version/4.0 Chrome/75.0.3770.156 Mobile Safari/537.36  aweme_230400 JsSdk/1.0 NetType/WIFI  AppName/aweme app_version/23.4.0 ByteLocale/zh-CN Region/CN AppSkin/white AppTheme/light BytedanceWebview/d8a21c6 WebView/075113004008"
54.223.45.134 - - [24/Jun/2026:18:56:02 +0800] "GET /wp-content/uploads/2025/07/1753410289-News2000%C3%97400_202571.webp HTTP/1.1" 200 17830 "http://cqqizhou.com/news/2418" "Mozilla/5.0 (Linux; Android 10; HD1900 Build/QKQ1.190716.003; wv) AppleWebKit/537.36 (KHTML, like Gecko) Version/4.0 Chrome/75.0.3770.156 Mobile Safari/537.36  aweme_230400 JsSdk/1.0 NetType/WIFI  AppName/aweme app_version/23.4.0 ByteLocale/zh-CN Region/CN AppSkin/white AppTheme/light BytedanceWebview/d8a21c6 WebView/075113004008"
36.133.115.36 - - [24/Jun/2026:18:59:15 +0800] "POST /wp-cron.php?doing_wp_cron=1782298755.2214379310607910156250 HTTP/1.1" 200 31 "-" "WordPress/7.0; http://cqqizhou.com"
43.160.219.138 - - [24/Jun/2026:18:59:15 +0800] "GET / HTTP/1.1" 200 35181 "-" "Mozilla/5.0 (iPhone; CPU iPhone OS 13_2_3 like Mac OS X) AppleWebKit/605.1.15 (KHTML, like Gecko) Version/13.0.3 Mobile/15E148 Safari/604.1"
36.133.115.36 - - [24/Jun/2026:19:02:58 +0800] "POST /wp-cron.php?doing_wp_cron=1782298978.5367479324340820312500 HTTP/1.1" 200 31 "-" "WordPress/7.0; http://cqqizhou.com"
112.90.2.148 - - [24/Jun/2026:19:02:58 +0800] "GET /2162/ HTTP/1.1" 301 5 "-" "Mozilla/5.0 (Windows NT 10.0; Win64; x64) AppleWebKit/537.36 (KHTML, like Gecko) Chrome/110.0.0.0 Safari/537.36"
120.241.208.111 - - [24/Jun/2026:19:03:00 +0800] "GET /news/2162 HTTP/1.1" 200 25881 "-" "Mozilla/5.0 (Windows NT 10.0; Win64; x64) AppleWebKit/537.36 (KHTML, like Gecko) Chrome/110.0.0.0 Safari/537.36"
36.133.115.36 - - [24/Jun/2026:19:05:42 +0800] "POST /wp-cron.php?doing_wp_cron=1782299142.0341539382934570312500 HTTP/1.1" 200 31 "-" "WordPress/7.0; http://cqqizhou.com"
36.133.108.125 - - [24/Jun/2026:19:05:42 +0800] "HEAD /ezPublish HTTP/1.1" 404 0 "-" "Mozilla/5.0 (Windows NT 6.1; WOW64; rv:31.0) Gecko/20130401 Firefox/31.0"
36.133.108.121 - - [24/Jun/2026:19:29:08 +0800] "HEAD /wp-content/upgrade/configuration.php HTTP/1.1" 404 0 "-" "Mozilla/5.0 (iPad; U; CPU OS 3_2 like Mac OS X; en-us) AppleWebKit/531.21.10 (KHTML, like Gecko) Version/4.0.4 Mobile/7B334b Safari/531.21.10"
36.133.115.36 - - [24/Jun/2026:19:35:58 +0800] "POST /wp-cron.php?doing_wp_cron=1782300958.6670811176300048828125 HTTP/1.1" 200 31 "-" "WordPress/7.0; http://cqqizhou.com"
203.154.14.18 - - [24/Jun/2026:19:35:59 +0800] "GET / HTTP/1.1" 200 158049 "-" "-"
36.133.115.36 - - [24/Jun/2026:19:38:24 +0800] "POST /wp-cron.php?doing_wp_cron=1782301104.2262349128723144531250 HTTP/1.1" 200 31 "-" "WordPress/7.0; http://cqqizhou.com"
36.133.108.121 - - [24/Jun/2026:19:38:24 +0800] "HEAD /wp-includes/fonts/chat HTTP/1.1" 404 0 "-" "Mozilla/5.0 (Macintosh; U; Intel Mac OS X 10_6_7; en-us) AppleWebKit/534.16+ (KHTML, like Gecko) Version/5.0.3 Safari/533.19.4"
36.133.115.36 - - [24/Jun/2026:19:39:12 +0800] "POST /wp-cron.php?doing_wp_cron=1782301152.3244400024414062500000 HTTP/1.1" 200 31 "-" "WordPress/7.0; http://cqqizhou.com"
36.133.108.121 - - [24/Jun/2026:19:39:12 +0800] "HEAD /wp-admin/includes/oracle HTTP/1.1" 404 0 "-" "Opera/9.80 (X11; Linux i686; U; it) Presto/2.7.62 Version/11.00"
36.133.115.36 - - [24/Jun/2026:19:41:08 +0800] "POST /wp-cron.php?doing_wp_cron=1782301268.7215790748596191406250 HTTP/1.1" 200 31 "-" "WordPress/7.0; http://cqqizhou.com"
152.32.207.134 - - [24/Jun/2026:19:41:09 +0800] "GET / HTTP/1.1" 200 158049 "-" "Mozilla/5.0 (Windows NT 10.0; Win64; x64) AppleWebKit/537.36 (KHTML, like Gecko) Chrome/125.0.0.0 Safari/537.36"
36.133.108.121 - - [24/Jun/2026:19:43:29 +0800] "HEAD /wp-content/languages/docs HTTP/1.1" 499 0 "-" "Mozilla/5.0 (iPad; U; CPU OS 3_2 like Mac OS X; en-us) AppleWebKit/531.21.10 (KHTML, like Gecko) Version/4.0.4 Mobile/7B334b Safari/531.21.10"
36.133.115.36 - - [24/Jun/2026:19:43:29 +0800] "POST /wp-cron.php?doing_wp_cron=1782301409.1090309619903564453125 HTTP/1.1" 200 31 "-" "WordPress/7.0; http://cqqizhou.com"
36.133.115.36 - - [24/Jun/2026:19:44:12 +0800] "POST /wp-cron.php?doing_wp_cron=1782301452.3477139472961425781250 HTTP/1.1" 200 31 "-" "WordPress/7.0; http://cqqizhou.com"
36.133.108.119 - - [24/Jun/2026:19:44:12 +0800] "HEAD /index.php.tar.7z HTTP/1.1" 404 0 "-" "Mozilla/5.0 (Windows NT 6.1) AppleWebKit/537.36 (KHTML, like Gecko) Chrome/27.0.1453.90 Safari/537.36"
176.65.139.66 - - [24/Jun/2026:19:44:20 +0800] "GET / HTTP/1.0" 301 0 "-" "Shodan-Pull/1.0"
