HEX
Server: nginx/1.16.1
System: Linux ecs-04358622 4.19.90-2107.6.0.0100.oe1.bclinux.x86_64 #1 SMP Wed Dec 1 19:59:44 CST 2021 x86_64
User: nginx (994)
PHP: 8.0.0
Disabled: NONE
Upload Files
File: //home/logs/cqqizhou_access_2026-06-24.log
36.133.115.36 - - [24/Jun/2026:00:01:35 +0800] "POST /wp-cron.php?doing_wp_cron=1782230495.3156130313873291015625 HTTP/1.1" 200 31 "-" "WordPress/7.0; http://cqqizhou.com"
36.133.108.119 - - [24/Jun/2026:00:01:35 +0800] "HEAD /ReportServer HTTP/1.1" 404 0 "-" "Mozilla/5.0 (Macintosh; Intel Mac OS X 10_8_3) AppleWebKit/537.36 (KHTML, like Gecko) Chrome/27.0.1453.93 Safari/537.36"
36.133.115.36 - - [24/Jun/2026:00:11:01 +0800] "POST /wp-cron.php?doing_wp_cron=1782231061.4225780963897705078125 HTTP/1.1" 200 31 "-" "WordPress/7.0; http://cqqizhou.com"
36.133.108.119 - - [24/Jun/2026:00:11:01 +0800] "HEAD /wp-content/upgrade/upgrade.sql.bz2 HTTP/1.1" 404 0 "-" "Mozilla/5.0 (Windows NT 6.1) AppleWebKit/537.36 (KHTML, like Gecko) Chrome/27.0.1453.90 Safari/537.36"
36.133.115.36 - - [24/Jun/2026:00:11:15 +0800] "POST /wp-cron.php?doing_wp_cron=1782231075.4282760620117187500000 HTTP/1.1" 200 31 "-" "WordPress/7.0; http://cqqizhou.com"
36.133.108.119 - - [24/Jun/2026:00:11:15 +0800] "HEAD /wp-admin/images/test.html HTTP/1.1" 404 0 "-" "Mozilla/5.0 (Windows NT 6.2; WOW64) AppleWebKit/537.14 (KHTML, like Gecko) Chrome/24.0.1292.0 Safari/537.14"
36.133.115.36 - - [24/Jun/2026:00:21:58 +0800] "POST /wp-cron.php?doing_wp_cron=1782231718.0606319904327392578125 HTTP/1.1" 200 31 "-" "WordPress/7.0; http://cqqizhou.com"
110.249.201.210 - - [24/Jun/2026:00:21:58 +0800] "GET /news/2502 HTTP/1.1" 200 21208 "-" "Mozilla/5.0 (Linux; Android 5.0) AppleWebKit/537.36 (KHTML, like Gecko) Mobile Safari/537.36 (compatible; Bytespider; https://zhanzhang.toutiao.com/)"
110.249.201.210 - - [24/Jun/2026:00:21:58 +0800] "GET /wp-content/uploads/2025/07/1750656103-Visionr2000x800_20250623131702.webp HTTP/1.1" 206 500 "http://cqqizhou.com/news/2502" "Mozilla/5.0 (Linux; Android 5.0) AppleWebKit/537.36 (KHTML, like Gecko) Mobile Safari/537.36 (compatible; Bytespider; https://zhanzhang.toutiao.com/)"
110.249.201.221 - - [24/Jun/2026:00:21:58 +0800] "GET /wp-content/uploads/2025/07/1753454299-Article_images_W900px-768x432.webp HTTP/1.1" 206 500 "http://cqqizhou.com/news/2502" "Mozilla/5.0 (Linux; Android 5.0) AppleWebKit/537.36 (KHTML, like Gecko) Mobile Safari/537.36 (compatible; Bytespider; https://zhanzhang.toutiao.com/)"
110.249.201.186 - - [24/Jun/2026:00:21:58 +0800] "GET /wp-content/uploads/2026/05/1779957408-1Article_images_W900px-768x432.webp HTTP/1.1" 206 500 "http://cqqizhou.com/news/2502" "Mozilla/5.0 (Linux; Android 5.0) AppleWebKit/537.36 (KHTML, like Gecko) Mobile Safari/537.36 (compatible; Bytespider; https://zhanzhang.toutiao.com/)"
110.249.201.186 - - [24/Jun/2026:00:21:59 +0800] "GET /wp-content/uploads/2025/07/1753410289-News2000%C3%97400_202571.webp HTTP/1.1" 206 500 "http://cqqizhou.com/news/2502" "Mozilla/5.0 (Linux; Android 5.0) AppleWebKit/537.36 (KHTML, like Gecko) Mobile Safari/537.36 (compatible; Bytespider; https://zhanzhang.toutiao.com/)"
36.133.115.36 - - [24/Jun/2026:00:42:53 +0800] "POST /wp-cron.php?doing_wp_cron=1782232973.9062550067901611328125 HTTP/1.1" 200 31 "-" "WordPress/7.0; http://cqqizhou.com"
183.226.59.188 - - [24/Jun/2026:00:42:53 +0800] "GET /company-news?webview_progress_bar=1&push_animated=1&show_loading=0&theme=light HTTP/1.1" 200 20542 "-" "Mozilla/5.0 (iPhone; CPU iPhone OS 18_7 like Mac OS X) AppleWebKit/605.1.15 (KHTML, like Gecko) Mobile/15E148 doubao_13.8.0 JsSdk/2.0 NetType/MOBILE Channel/App Store Rifle_13.8.0 WKWebView/1 Bullet/1 doubao/13.8.0 BulletTag/E5F564EB-3853-48B3-B865-0A704916D0A6 BytedanceWebview/d8a21c6 aid/482431 argus_biz/anniex FalconTag/8EA02941-EFB4-4292-8A13-C7668D91570F"
183.226.59.188 - - [24/Jun/2026:00:42:54 +0800] "GET /wp-content/uploads/2026/06/1780362799-1Article_images_W900px.webp HTTP/1.1" 200 61690 "http://cqqizhou.com/company-news?webview_progress_bar=1&push_animated=1&show_loading=0&theme=light" "Mozilla/5.0 (iPhone; CPU iPhone OS 18_7 like Mac OS X) AppleWebKit/605.1.15 (KHTML, like Gecko) Mobile/15E148 doubao_13.8.0 JsSdk/2.0 NetType/MOBILE Channel/App Store Rifle_13.8.0 WKWebView/1 Bullet/1 doubao/13.8.0 BulletTag/E5F564EB-3853-48B3-B865-0A704916D0A6 BytedanceWebview/d8a21c6 aid/482431 argus_biz/anniex FalconTag/8EA02941-EFB4-4292-8A13-C7668D91570F"
183.226.59.188 - - [24/Jun/2026:00:42:54 +0800] "GET /wp-content/uploads/2026/05/1779957408-1Article_images_W900px.webp HTTP/1.1" 200 36526 "http://cqqizhou.com/company-news?webview_progress_bar=1&push_animated=1&show_loading=0&theme=light" "Mozilla/5.0 (iPhone; CPU iPhone OS 18_7 like Mac OS X) AppleWebKit/605.1.15 (KHTML, like Gecko) Mobile/15E148 doubao_13.8.0 JsSdk/2.0 NetType/MOBILE Channel/App Store Rifle_13.8.0 WKWebView/1 Bullet/1 doubao/13.8.0 BulletTag/E5F564EB-3853-48B3-B865-0A704916D0A6 BytedanceWebview/d8a21c6 aid/482431 argus_biz/anniex FalconTag/8EA02941-EFB4-4292-8A13-C7668D91570F"
183.226.59.188 - - [24/Jun/2026:00:42:54 +0800] "GET /wp-content/uploads/2026/05/1779925245-Article_images_W900px.webp HTTP/1.1" 200 27996 "http://cqqizhou.com/company-news?webview_progress_bar=1&push_animated=1&show_loading=0&theme=light" "Mozilla/5.0 (iPhone; CPU iPhone OS 18_7 like Mac OS X) AppleWebKit/605.1.15 (KHTML, like Gecko) Mobile/15E148 doubao_13.8.0 JsSdk/2.0 NetType/MOBILE Channel/App Store Rifle_13.8.0 WKWebView/1 Bullet/1 doubao/13.8.0 BulletTag/E5F564EB-3853-48B3-B865-0A704916D0A6 BytedanceWebview/d8a21c6 aid/482431 argus_biz/anniex FalconTag/8EA02941-EFB4-4292-8A13-C7668D91570F"
183.226.59.188 - - [24/Jun/2026:00:42:54 +0800] "GET /wp-content/uploads/2026/05/1779059685-1Article_images_W900px.webp HTTP/1.1" 200 50738 "http://cqqizhou.com/company-news?webview_progress_bar=1&push_animated=1&show_loading=0&theme=light" "Mozilla/5.0 (iPhone; CPU iPhone OS 18_7 like Mac OS X) AppleWebKit/605.1.15 (KHTML, like Gecko) Mobile/15E148 doubao_13.8.0 JsSdk/2.0 NetType/MOBILE Channel/App Store Rifle_13.8.0 WKWebView/1 Bullet/1 doubao/13.8.0 BulletTag/E5F564EB-3853-48B3-B865-0A704916D0A6 BytedanceWebview/d8a21c6 aid/482431 argus_biz/anniex FalconTag/8EA02941-EFB4-4292-8A13-C7668D91570F"
183.226.59.188 - - [24/Jun/2026:00:42:54 +0800] "GET /wp-content/uploads/2026/04/1777513410-1Article_images_W900px.webp HTTP/1.1" 200 30786 "http://cqqizhou.com/company-news?webview_progress_bar=1&push_animated=1&show_loading=0&theme=light" "Mozilla/5.0 (iPhone; CPU iPhone OS 18_7 like Mac OS X) AppleWebKit/605.1.15 (KHTML, like Gecko) Mobile/15E148 doubao_13.8.0 JsSdk/2.0 NetType/MOBILE Channel/App Store Rifle_13.8.0 WKWebView/1 Bullet/1 doubao/13.8.0 BulletTag/E5F564EB-3853-48B3-B865-0A704916D0A6 BytedanceWebview/d8a21c6 aid/482431 argus_biz/anniex FalconTag/8EA02941-EFB4-4292-8A13-C7668D91570F"
183.226.59.188 - - [24/Jun/2026:00:42:54 +0800] "GET /wp-content/uploads/2025/07/1753410289-News2000%C3%97400_202571.webp HTTP/1.1" 200 17830 "http://cqqizhou.com/company-news?webview_progress_bar=1&push_animated=1&show_loading=0&theme=light" "Mozilla/5.0 (iPhone; CPU iPhone OS 18_7 like Mac OS X) AppleWebKit/605.1.15 (KHTML, like Gecko) Mobile/15E148 doubao_13.8.0 JsSdk/2.0 NetType/MOBILE Channel/App Store Rifle_13.8.0 WKWebView/1 Bullet/1 doubao/13.8.0 BulletTag/E5F564EB-3853-48B3-B865-0A704916D0A6 BytedanceWebview/d8a21c6 aid/482431 argus_biz/anniex FalconTag/8EA02941-EFB4-4292-8A13-C7668D91570F"
183.226.59.188 - - [24/Jun/2026:00:42:54 +0800] "GET /wp-content/uploads/2026/04/1775865780-1Article_images_W900px.webp HTTP/1.1" 200 41840 "http://cqqizhou.com/company-news?webview_progress_bar=1&push_animated=1&show_loading=0&theme=light" "Mozilla/5.0 (iPhone; CPU iPhone OS 18_7 like Mac OS X) AppleWebKit/605.1.15 (KHTML, like Gecko) Mobile/15E148 doubao_13.8.0 JsSdk/2.0 NetType/MOBILE Channel/App Store Rifle_13.8.0 WKWebView/1 Bullet/1 doubao/13.8.0 BulletTag/E5F564EB-3853-48B3-B865-0A704916D0A6 BytedanceWebview/d8a21c6 aid/482431 argus_biz/anniex FalconTag/8EA02941-EFB4-4292-8A13-C7668D91570F"
183.226.59.188 - - [24/Jun/2026:00:42:54 +0800] "GET /wp-content/uploads/2025/07/1751864664-Logistics800x500_1.webp HTTP/1.1" 200 76914 "http://cqqizhou.com/company-news?webview_progress_bar=1&push_animated=1&show_loading=0&theme=light" "Mozilla/5.0 (iPhone; CPU iPhone OS 18_7 like Mac OS X) AppleWebKit/605.1.15 (KHTML, like Gecko) Mobile/15E148 doubao_13.8.0 JsSdk/2.0 NetType/MOBILE Channel/App Store Rifle_13.8.0 WKWebView/1 Bullet/1 doubao/13.8.0 BulletTag/E5F564EB-3853-48B3-B865-0A704916D0A6 BytedanceWebview/d8a21c6 aid/482431 argus_biz/anniex FalconTag/8EA02941-EFB4-4292-8A13-C7668D91570F"
183.226.59.188 - - [24/Jun/2026:00:42:54 +0800] "GET /wp-content/uploads/2026/03/1773722869-1Article_images_W900px.webp HTTP/1.1" 200 28566 "http://cqqizhou.com/company-news?webview_progress_bar=1&push_animated=1&show_loading=0&theme=light" "Mozilla/5.0 (iPhone; CPU iPhone OS 18_7 like Mac OS X) AppleWebKit/605.1.15 (KHTML, like Gecko) Mobile/15E148 doubao_13.8.0 JsSdk/2.0 NetType/MOBILE Channel/App Store Rifle_13.8.0 WKWebView/1 Bullet/1 doubao/13.8.0 BulletTag/E5F564EB-3853-48B3-B865-0A704916D0A6 BytedanceWebview/d8a21c6 aid/482431 argus_biz/anniex FalconTag/8EA02941-EFB4-4292-8A13-C7668D91570F"
183.226.59.188 - - [24/Jun/2026:00:42:54 +0800] "GET /wp-content/uploads/2026/03/1772790791-%E5%B0%81%E9%9D%A2%E5%A4%B4%E5%9B%BEArticle_images_W900%C3%97500px2026.webp HTTP/1.1" 200 52968 "http://cqqizhou.com/company-news?webview_progress_bar=1&push_animated=1&show_loading=0&theme=light" "Mozilla/5.0 (iPhone; CPU iPhone OS 18_7 like Mac OS X) AppleWebKit/605.1.15 (KHTML, like Gecko) Mobile/15E148 doubao_13.8.0 JsSdk/2.0 NetType/MOBILE Channel/App Store Rifle_13.8.0 WKWebView/1 Bullet/1 doubao/13.8.0 BulletTag/E5F564EB-3853-48B3-B865-0A704916D0A6 BytedanceWebview/d8a21c6 aid/482431 argus_biz/anniex FalconTag/8EA02941-EFB4-4292-8A13-C7668D91570F"
183.226.59.188 - - [24/Jun/2026:00:42:54 +0800] "GET /wp-content/uploads/2025/07/1751425283-qizhou.kf_.qq_.com_.webp HTTP/1.1" 200 16864 "http://cqqizhou.com/company-news?webview_progress_bar=1&push_animated=1&show_loading=0&theme=light" "Mozilla/5.0 (iPhone; CPU iPhone OS 18_7 like Mac OS X) AppleWebKit/605.1.15 (KHTML, like Gecko) Mobile/15E148 doubao_13.8.0 JsSdk/2.0 NetType/MOBILE Channel/App Store Rifle_13.8.0 WKWebView/1 Bullet/1 doubao/13.8.0 BulletTag/E5F564EB-3853-48B3-B865-0A704916D0A6 BytedanceWebview/d8a21c6 aid/482431 argus_biz/anniex FalconTag/8EA02941-EFB4-4292-8A13-C7668D91570F"
183.226.59.188 - - [24/Jun/2026:00:42:54 +0800] "GET /wp-content/uploads/2026/03/1772713922-Article_images_W900px.webp HTTP/1.1" 200 41304 "http://cqqizhou.com/company-news?webview_progress_bar=1&push_animated=1&show_loading=0&theme=light" "Mozilla/5.0 (iPhone; CPU iPhone OS 18_7 like Mac OS X) AppleWebKit/605.1.15 (KHTML, like Gecko) Mobile/15E148 doubao_13.8.0 JsSdk/2.0 NetType/MOBILE Channel/App Store Rifle_13.8.0 WKWebView/1 Bullet/1 doubao/13.8.0 BulletTag/E5F564EB-3853-48B3-B865-0A704916D0A6 BytedanceWebview/d8a21c6 aid/482431 argus_biz/anniex FalconTag/8EA02941-EFB4-4292-8A13-C7668D91570F"
183.226.59.188 - - [24/Jun/2026:00:43:34 +0800] "GET /news/2588 HTTP/1.1" 499 0 "http://cqqizhou.com/company-news?webview_progress_bar=1&push_animated=1&show_loading=0&theme=light" "Mozilla/5.0 (iPhone; CPU iPhone OS 18_7 like Mac OS X) AppleWebKit/605.1.15 (KHTML, like Gecko) Mobile/15E148 doubao_13.8.0 JsSdk/2.0 NetType/MOBILE Channel/App Store Rifle_13.8.0 WKWebView/1 Bullet/1 doubao/13.8.0 BulletTag/E5F564EB-3853-48B3-B865-0A704916D0A6 BytedanceWebview/d8a21c6 aid/482431 argus_biz/anniex FalconTag/8EA02941-EFB4-4292-8A13-C7668D91570F"
183.226.59.188 - - [24/Jun/2026:00:43:35 +0800] "GET /news/2588 HTTP/1.1" 499 0 "http://cqqizhou.com/company-news?webview_progress_bar=1&push_animated=1&show_loading=0&theme=light" "Mozilla/5.0 (iPhone; CPU iPhone OS 18_7 like Mac OS X) AppleWebKit/605.1.15 (KHTML, like Gecko) Mobile/15E148 doubao_13.8.0 JsSdk/2.0 NetType/MOBILE Channel/App Store Rifle_13.8.0 WKWebView/1 Bullet/1 doubao/13.8.0 BulletTag/E5F564EB-3853-48B3-B865-0A704916D0A6 BytedanceWebview/d8a21c6 aid/482431 argus_biz/anniex FalconTag/8EA02941-EFB4-4292-8A13-C7668D91570F"
36.133.115.36 - - [24/Jun/2026:00:43:35 +0800] "POST /wp-cron.php?doing_wp_cron=1782233015.8136610984802246093750 HTTP/1.1" 200 31 "-" "WordPress/7.0; http://cqqizhou.com"
52.80.102.53 - - [24/Jun/2026:00:43:35 +0800] "GET /news/2588 HTTP/1.1" 200 21050 "-" "Mozilla/5.0 (Linux; Android 10; HD1900 Build/QKQ1.190716.003; wv) AppleWebKit/537.36 (KHTML, like Gecko) Version/4.0 Chrome/75.0.3770.156 Mobile Safari/537.36  aweme_230400 JsSdk/1.0 NetType/WIFI  AppName/aweme app_version/23.4.0 ByteLocale/zh-CN Region/CN AppSkin/white AppTheme/light BytedanceWebview/d8a21c6 WebView/075113004008"
52.80.102.53 - - [24/Jun/2026:00:43:36 +0800] "GET /wp-content/uploads/2026/06/1780362799-1Article_images_W900px-768x432.webp HTTP/1.1" 200 59518 "http://cqqizhou.com/news/2588" "Mozilla/5.0 (Linux; Android 10; HD1900 Build/QKQ1.190716.003; wv) AppleWebKit/537.36 (KHTML, like Gecko) Version/4.0 Chrome/75.0.3770.156 Mobile Safari/537.36  aweme_230400 JsSdk/1.0 NetType/WIFI  AppName/aweme app_version/23.4.0 ByteLocale/zh-CN Region/CN AppSkin/white AppTheme/light BytedanceWebview/d8a21c6 WebView/075113004008"
52.80.102.53 - - [24/Jun/2026:00:43:36 +0800] "GET /wp-content/uploads/2026/05/1779957408-1Article_images_W900px-768x432.webp HTTP/1.1" 200 37090 "http://cqqizhou.com/news/2588" "Mozilla/5.0 (Linux; Android 10; HD1900 Build/QKQ1.190716.003; wv) AppleWebKit/537.36 (KHTML, like Gecko) Version/4.0 Chrome/75.0.3770.156 Mobile Safari/537.36  aweme_230400 JsSdk/1.0 NetType/WIFI  AppName/aweme app_version/23.4.0 ByteLocale/zh-CN Region/CN AppSkin/white AppTheme/light BytedanceWebview/d8a21c6 WebView/075113004008"
52.80.102.53 - - [24/Jun/2026:00:43:36 +0800] "GET /wp-content/uploads/2026/06/1780362797-2Article_images_W900px-768x439.webp HTTP/1.1" 200 47122 "http://cqqizhou.com/news/2588" "Mozilla/5.0 (Linux; Android 10; HD1900 Build/QKQ1.190716.003; wv) AppleWebKit/537.36 (KHTML, like Gecko) Version/4.0 Chrome/75.0.3770.156 Mobile Safari/537.36  aweme_230400 JsSdk/1.0 NetType/WIFI  AppName/aweme app_version/23.4.0 ByteLocale/zh-CN Region/CN AppSkin/white AppTheme/light BytedanceWebview/d8a21c6 WebView/075113004008"
52.80.102.53 - - [24/Jun/2026:00:43:36 +0800] "GET /wp-content/uploads/2026/05/1779925245-Article_images_W900px-768x432.webp HTTP/1.1" 200 33354 "http://cqqizhou.com/news/2588" "Mozilla/5.0 (Linux; Android 10; HD1900 Build/QKQ1.190716.003; wv) AppleWebKit/537.36 (KHTML, like Gecko) Version/4.0 Chrome/75.0.3770.156 Mobile Safari/537.36  aweme_230400 JsSdk/1.0 NetType/WIFI  AppName/aweme app_version/23.4.0 ByteLocale/zh-CN Region/CN AppSkin/white AppTheme/light BytedanceWebview/d8a21c6 WebView/075113004008"
52.80.102.53 - - [24/Jun/2026:00:43:36 +0800] "GET /wp-content/uploads/2025/07/1751425283-qizhou.kf_.qq_.com_.webp HTTP/1.1" 200 16864 "http://cqqizhou.com/news/2588" "Mozilla/5.0 (Linux; Android 10; HD1900 Build/QKQ1.190716.003; wv) AppleWebKit/537.36 (KHTML, like Gecko) Version/4.0 Chrome/75.0.3770.156 Mobile Safari/537.36  aweme_230400 JsSdk/1.0 NetType/WIFI  AppName/aweme app_version/23.4.0 ByteLocale/zh-CN Region/CN AppSkin/white AppTheme/light BytedanceWebview/d8a21c6 WebView/075113004008"
52.80.102.53 - - [24/Jun/2026:00:43:36 +0800] "GET /wp-content/uploads/2025/07/1753410289-News2000%C3%97400_202571.webp HTTP/1.1" 200 17830 "http://cqqizhou.com/news/2588" "Mozilla/5.0 (Linux; Android 10; HD1900 Build/QKQ1.190716.003; wv) AppleWebKit/537.36 (KHTML, like Gecko) Version/4.0 Chrome/75.0.3770.156 Mobile Safari/537.36  aweme_230400 JsSdk/1.0 NetType/WIFI  AppName/aweme app_version/23.4.0 ByteLocale/zh-CN Region/CN AppSkin/white AppTheme/light BytedanceWebview/d8a21c6 WebView/075113004008"
183.226.59.188 - - [24/Jun/2026:00:43:36 +0800] "GET /news/2588 HTTP/1.1" 200 21050 "http://cqqizhou.com/company-news?webview_progress_bar=1&push_animated=1&show_loading=0&theme=light" "Mozilla/5.0 (iPhone; CPU iPhone OS 18_7 like Mac OS X) AppleWebKit/605.1.15 (KHTML, like Gecko) Mobile/15E148 doubao_13.8.0 JsSdk/2.0 NetType/MOBILE Channel/App Store Rifle_13.8.0 WKWebView/1 Bullet/1 doubao/13.8.0 BulletTag/E5F564EB-3853-48B3-B865-0A704916D0A6 BytedanceWebview/d8a21c6 aid/482431 argus_biz/anniex FalconTag/8EA02941-EFB4-4292-8A13-C7668D91570F"
183.226.59.188 - - [24/Jun/2026:00:43:36 +0800] "GET /wp-content/uploads/2026/06/1780362797-2Article_images_W900px.webp HTTP/1.1" 200 40028 "http://cqqizhou.com/news/2588" "Mozilla/5.0 (iPhone; CPU iPhone OS 18_7 like Mac OS X) AppleWebKit/605.1.15 (KHTML, like Gecko) Mobile/15E148 doubao_13.8.0 JsSdk/2.0 NetType/MOBILE Channel/App Store Rifle_13.8.0 WKWebView/1 Bullet/1 doubao/13.8.0 BulletTag/E5F564EB-3853-48B3-B865-0A704916D0A6 BytedanceWebview/d8a21c6 aid/482431 argus_biz/anniex FalconTag/8EA02941-EFB4-4292-8A13-C7668D91570F"
183.226.59.188 - - [24/Jun/2026:00:44:06 +0800] "GET /news/2585 HTTP/1.1" 200 20628 "http://cqqizhou.com/company-news?webview_progress_bar=1&push_animated=1&show_loading=0&theme=light" "Mozilla/5.0 (iPhone; CPU iPhone OS 18_7 like Mac OS X) AppleWebKit/605.1.15 (KHTML, like Gecko) Mobile/15E148 doubao_13.8.0 JsSdk/2.0 NetType/MOBILE Channel/App Store Rifle_13.8.0 WKWebView/1 Bullet/1 doubao/13.8.0 BulletTag/E5F564EB-3853-48B3-B865-0A704916D0A6 BytedanceWebview/d8a21c6 aid/482431 argus_biz/anniex FalconTag/8EA02941-EFB4-4292-8A13-C7668D91570F"
183.226.59.188 - - [24/Jun/2026:00:44:06 +0800] "GET /wp-content/uploads/2026/05/1779957409-2Article_images_W900px.webp HTTP/1.1" 200 38214 "http://cqqizhou.com/news/2585" "Mozilla/5.0 (iPhone; CPU iPhone OS 18_7 like Mac OS X) AppleWebKit/605.1.15 (KHTML, like Gecko) Mobile/15E148 doubao_13.8.0 JsSdk/2.0 NetType/MOBILE Channel/App Store Rifle_13.8.0 WKWebView/1 Bullet/1 doubao/13.8.0 BulletTag/E5F564EB-3853-48B3-B865-0A704916D0A6 BytedanceWebview/d8a21c6 aid/482431 argus_biz/anniex FalconTag/8EA02941-EFB4-4292-8A13-C7668D91570F"
54.223.45.134 - - [24/Jun/2026:00:44:07 +0800] "GET /news/2585 HTTP/1.1" 200 20629 "-" "Mozilla/5.0 (Linux; Android 10; HD1900 Build/QKQ1.190716.003; wv) AppleWebKit/537.36 (KHTML, like Gecko) Version/4.0 Chrome/75.0.3770.156 Mobile Safari/537.36  aweme_230400 JsSdk/1.0 NetType/WIFI  AppName/aweme app_version/23.4.0 ByteLocale/zh-CN Region/CN AppSkin/white AppTheme/light BytedanceWebview/d8a21c6 WebView/075113004008"
54.223.45.134 - - [24/Jun/2026:00:44:07 +0800] "GET /wp-content/uploads/2026/05/1779957408-1Article_images_W900px-768x432.webp HTTP/1.1" 200 37090 "http://cqqizhou.com/news/2585" "Mozilla/5.0 (Linux; Android 10; HD1900 Build/QKQ1.190716.003; wv) AppleWebKit/537.36 (KHTML, like Gecko) Version/4.0 Chrome/75.0.3770.156 Mobile Safari/537.36  aweme_230400 JsSdk/1.0 NetType/WIFI  AppName/aweme app_version/23.4.0 ByteLocale/zh-CN Region/CN AppSkin/white AppTheme/light BytedanceWebview/d8a21c6 WebView/075113004008"
54.223.45.134 - - [24/Jun/2026:00:44:07 +0800] "GET /wp-content/uploads/2026/06/1780362799-1Article_images_W900px-768x432.webp HTTP/1.1" 200 59518 "http://cqqizhou.com/news/2585" "Mozilla/5.0 (Linux; Android 10; HD1900 Build/QKQ1.190716.003; wv) AppleWebKit/537.36 (KHTML, like Gecko) Version/4.0 Chrome/75.0.3770.156 Mobile Safari/537.36  aweme_230400 JsSdk/1.0 NetType/WIFI  AppName/aweme app_version/23.4.0 ByteLocale/zh-CN Region/CN AppSkin/white AppTheme/light BytedanceWebview/d8a21c6 WebView/075113004008"
54.223.45.134 - - [24/Jun/2026:00:44:07 +0800] "GET /wp-content/uploads/2026/05/1779957409-2Article_images_W900px-768x576.webp HTTP/1.1" 200 40824 "http://cqqizhou.com/news/2585" "Mozilla/5.0 (Linux; Android 10; HD1900 Build/QKQ1.190716.003; wv) AppleWebKit/537.36 (KHTML, like Gecko) Version/4.0 Chrome/75.0.3770.156 Mobile Safari/537.36  aweme_230400 JsSdk/1.0 NetType/WIFI  AppName/aweme app_version/23.4.0 ByteLocale/zh-CN Region/CN AppSkin/white AppTheme/light BytedanceWebview/d8a21c6 WebView/075113004008"
54.223.45.134 - - [24/Jun/2026:00:44:07 +0800] "GET /wp-content/uploads/2025/07/1751425283-qizhou.kf_.qq_.com_.webp HTTP/1.1" 200 16864 "http://cqqizhou.com/news/2585" "Mozilla/5.0 (Linux; Android 10; HD1900 Build/QKQ1.190716.003; wv) AppleWebKit/537.36 (KHTML, like Gecko) Version/4.0 Chrome/75.0.3770.156 Mobile Safari/537.36  aweme_230400 JsSdk/1.0 NetType/WIFI  AppName/aweme app_version/23.4.0 ByteLocale/zh-CN Region/CN AppSkin/white AppTheme/light BytedanceWebview/d8a21c6 WebView/075113004008"
54.223.45.134 - - [24/Jun/2026:00:44:07 +0800] "GET /wp-content/uploads/2026/05/1779925245-Article_images_W900px-768x432.webp HTTP/1.1" 200 33354 "http://cqqizhou.com/news/2585" "Mozilla/5.0 (Linux; Android 10; HD1900 Build/QKQ1.190716.003; wv) AppleWebKit/537.36 (KHTML, like Gecko) Version/4.0 Chrome/75.0.3770.156 Mobile Safari/537.36  aweme_230400 JsSdk/1.0 NetType/WIFI  AppName/aweme app_version/23.4.0 ByteLocale/zh-CN Region/CN AppSkin/white AppTheme/light BytedanceWebview/d8a21c6 WebView/075113004008"
54.223.45.134 - - [24/Jun/2026:00:44:07 +0800] "GET /wp-content/uploads/2025/07/1753410289-News2000%C3%97400_202571.webp HTTP/1.1" 200 17830 "http://cqqizhou.com/news/2585" "Mozilla/5.0 (Linux; Android 10; HD1900 Build/QKQ1.190716.003; wv) AppleWebKit/537.36 (KHTML, like Gecko) Version/4.0 Chrome/75.0.3770.156 Mobile Safari/537.36  aweme_230400 JsSdk/1.0 NetType/WIFI  AppName/aweme app_version/23.4.0 ByteLocale/zh-CN Region/CN AppSkin/white AppTheme/light BytedanceWebview/d8a21c6 WebView/075113004008"
36.133.115.36 - - [24/Jun/2026:00:44:27 +0800] "POST /wp-cron.php?doing_wp_cron=1782233067.7530429363250732421875 HTTP/1.1" 200 31 "-" "WordPress/7.0; http://cqqizhou.com"
183.226.59.188 - - [24/Jun/2026:00:44:27 +0800] "GET /news/2582 HTTP/1.1" 200 20134 "http://cqqizhou.com/company-news?webview_progress_bar=1&push_animated=1&show_loading=0&theme=light" "Mozilla/5.0 (iPhone; CPU iPhone OS 18_7 like Mac OS X) AppleWebKit/605.1.15 (KHTML, like Gecko) Mobile/15E148 doubao_13.8.0 JsSdk/2.0 NetType/MOBILE Channel/App Store Rifle_13.8.0 WKWebView/1 Bullet/1 doubao/13.8.0 BulletTag/E5F564EB-3853-48B3-B865-0A704916D0A6 BytedanceWebview/d8a21c6 aid/482431 argus_biz/anniex FalconTag/8EA02941-EFB4-4292-8A13-C7668D91570F"
183.226.59.188 - - [24/Jun/2026:00:44:27 +0800] "GET /wp-content/uploads/2026/05/1779925244-2Article_images_W900px.webp HTTP/1.1" 200 8960 "http://cqqizhou.com/news/2582" "Mozilla/5.0 (iPhone; CPU iPhone OS 18_7 like Mac OS X) AppleWebKit/605.1.15 (KHTML, like Gecko) Mobile/15E148 doubao_13.8.0 JsSdk/2.0 NetType/MOBILE Channel/App Store Rifle_13.8.0 WKWebView/1 Bullet/1 doubao/13.8.0 BulletTag/E5F564EB-3853-48B3-B865-0A704916D0A6 BytedanceWebview/d8a21c6 aid/482431 argus_biz/anniex FalconTag/8EA02941-EFB4-4292-8A13-C7668D91570F"
54.223.45.134 - - [24/Jun/2026:00:44:28 +0800] "GET /news/2582 HTTP/1.1" 200 20134 "-" "Mozilla/5.0 (Linux; Android 10; HD1900 Build/QKQ1.190716.003; wv) AppleWebKit/537.36 (KHTML, like Gecko) Version/4.0 Chrome/75.0.3770.156 Mobile Safari/537.36  aweme_230400 JsSdk/1.0 NetType/WIFI  AppName/aweme app_version/23.4.0 ByteLocale/zh-CN Region/CN AppSkin/white AppTheme/light BytedanceWebview/d8a21c6 WebView/075113004008"
54.223.45.134 - - [24/Jun/2026:00:44:28 +0800] "GET /wp-content/uploads/2026/05/1779925245-Article_images_W900px-768x432.webp HTTP/1.1" 200 33354 "http://cqqizhou.com/news/2582" "Mozilla/5.0 (Linux; Android 10; HD1900 Build/QKQ1.190716.003; wv) AppleWebKit/537.36 (KHTML, like Gecko) Version/4.0 Chrome/75.0.3770.156 Mobile Safari/537.36  aweme_230400 JsSdk/1.0 NetType/WIFI  AppName/aweme app_version/23.4.0 ByteLocale/zh-CN Region/CN AppSkin/white AppTheme/light BytedanceWebview/d8a21c6 WebView/075113004008"
54.223.45.134 - - [24/Jun/2026:00:44:28 +0800] "GET /wp-content/uploads/2026/05/1779925244-2Article_images_W900px-768x575.webp HTTP/1.1" 200 10258 "http://cqqizhou.com/news/2582" "Mozilla/5.0 (Linux; Android 10; HD1900 Build/QKQ1.190716.003; wv) AppleWebKit/537.36 (KHTML, like Gecko) Version/4.0 Chrome/75.0.3770.156 Mobile Safari/537.36  aweme_230400 JsSdk/1.0 NetType/WIFI  AppName/aweme app_version/23.4.0 ByteLocale/zh-CN Region/CN AppSkin/white AppTheme/light BytedanceWebview/d8a21c6 WebView/075113004008"
54.223.45.134 - - [24/Jun/2026:00:44:28 +0800] "GET /wp-content/uploads/2026/06/1780362799-1Article_images_W900px-768x432.webp HTTP/1.1" 200 59518 "http://cqqizhou.com/news/2582" "Mozilla/5.0 (Linux; Android 10; HD1900 Build/QKQ1.190716.003; wv) AppleWebKit/537.36 (KHTML, like Gecko) Version/4.0 Chrome/75.0.3770.156 Mobile Safari/537.36  aweme_230400 JsSdk/1.0 NetType/WIFI  AppName/aweme app_version/23.4.0 ByteLocale/zh-CN Region/CN AppSkin/white AppTheme/light BytedanceWebview/d8a21c6 WebView/075113004008"
54.223.45.134 - - [24/Jun/2026:00:44:28 +0800] "GET /wp-content/uploads/2026/05/1779957408-1Article_images_W900px-768x432.webp HTTP/1.1" 200 37090 "http://cqqizhou.com/news/2582" "Mozilla/5.0 (Linux; Android 10; HD1900 Build/QKQ1.190716.003; wv) AppleWebKit/537.36 (KHTML, like Gecko) Version/4.0 Chrome/75.0.3770.156 Mobile Safari/537.36  aweme_230400 JsSdk/1.0 NetType/WIFI  AppName/aweme app_version/23.4.0 ByteLocale/zh-CN Region/CN AppSkin/white AppTheme/light BytedanceWebview/d8a21c6 WebView/075113004008"
54.223.45.134 - - [24/Jun/2026:00:44:28 +0800] "GET /wp-content/uploads/2025/07/1751425283-qizhou.kf_.qq_.com_.webp HTTP/1.1" 200 16864 "http://cqqizhou.com/news/2582" "Mozilla/5.0 (Linux; Android 10; HD1900 Build/QKQ1.190716.003; wv) AppleWebKit/537.36 (KHTML, like Gecko) Version/4.0 Chrome/75.0.3770.156 Mobile Safari/537.36  aweme_230400 JsSdk/1.0 NetType/WIFI  AppName/aweme app_version/23.4.0 ByteLocale/zh-CN Region/CN AppSkin/white AppTheme/light BytedanceWebview/d8a21c6 WebView/075113004008"
54.223.45.134 - - [24/Jun/2026:00:44:28 +0800] "GET /wp-content/uploads/2025/07/1753410289-News2000%C3%97400_202571.webp HTTP/1.1" 200 17830 "http://cqqizhou.com/news/2582" "Mozilla/5.0 (Linux; Android 10; HD1900 Build/QKQ1.190716.003; wv) AppleWebKit/537.36 (KHTML, like Gecko) Version/4.0 Chrome/75.0.3770.156 Mobile Safari/537.36  aweme_230400 JsSdk/1.0 NetType/WIFI  AppName/aweme app_version/23.4.0 ByteLocale/zh-CN Region/CN AppSkin/white AppTheme/light BytedanceWebview/d8a21c6 WebView/075113004008"
36.133.115.36 - - [24/Jun/2026:00:47:54 +0800] "POST /wp-cron.php?doing_wp_cron=1782233274.0720179080963134765625 HTTP/1.1" 200 31 "-" "WordPress/7.0; http://cqqizhou.com"
176.65.139.66 - - [24/Jun/2026:00:47:54 +0800] "GET / HTTP/1.0" 301 0 "-" "Shodan-Pull/1.0"
36.133.115.36 - - [24/Jun/2026:00:52:16 +0800] "POST /wp-cron.php?doing_wp_cron=1782233536.8786261081695556640625 HTTP/1.1" 200 31 "-" "WordPress/7.0; http://cqqizhou.com"
36.133.108.119 - - [24/Jun/2026:00:52:16 +0800] "HEAD /wp-admin/js/bin HTTP/1.1" 404 0 "-" "Mozilla/5.0 (Windows NT 6.2; WOW64) AppleWebKit/537.14 (KHTML, like Gecko) Chrome/24.0.1292.0 Safari/537.14"
36.133.108.125 - - [24/Jun/2026:00:52:39 +0800] "HEAD /wp-admin/js/ HTTP/1.1" 403 0 "-" "Mozilla/5.0 (Macintosh; U; Intel Mac OS X 10_6_6; fr-ch) AppleWebKit/533.19.4 (KHTML, like Gecko) Version/5.0.3 Safari/533.19.4"
36.133.108.121 - - [24/Jun/2026:00:52:49 +0800] "HEAD /wp-includes/images/frontend HTTP/1.1" 404 0 "-" "Mozilla/5.0 (compatible; MSIE 8.0; Windows NT 5.2; Trident/4.0; Media Center PC 4.0; SLCC1; .NET CLR 3.0.04320)"
36.133.115.36 - - [24/Jun/2026:01:02:08 +0800] "POST /wp-cron.php?doing_wp_cron=1782234128.4878199100494384765625 HTTP/1.1" 200 31 "-" "WordPress/7.0; http://cqqizhou.com"
49.233.45.47 - - [24/Jun/2026:01:02:08 +0800] "GET / HTTP/1.1" 200 35183 "-" "Mozilla/5.0 (iPhone; CPU iPhone OS 13_2_3 like Mac OS X) AppleWebKit/605.1.15 (KHTML, like Gecko) Version/13.0.3 Mobile/15E148 Safari/604.1"
36.133.115.36 - - [24/Jun/2026:01:09:04 +0800] "POST /wp-cron.php?doing_wp_cron=1782234544.1105720996856689453125 HTTP/1.1" 200 31 "-" "WordPress/7.0; http://cqqizhou.com"
74.222.26.143 - - [24/Jun/2026:01:09:04 +0800] "GET / HTTP/1.1" 301 5 "-" "Mozilla/5.0 (Windows NT 10.0; Win64; x64) AppleWebKit/537.36 (KHTML, like Gecko) Chrome/97.0.4280.67 Safari/537.36 Edg/97.0.664.52"
74.222.26.143 - - [24/Jun/2026:01:09:05 +0800] "GET / HTTP/1.1" 200 41074 "-" "Mozilla/5.0 (Windows NT 10.0; Win64; x64) AppleWebKit/537.36 (KHTML, like Gecko) Chrome/97.0.4280.67 Safari/537.36 Edg/97.0.664.52"
36.133.115.36 - - [24/Jun/2026:01:17:49 +0800] "POST /wp-cron.php?doing_wp_cron=1782235069.7167689800262451171875 HTTP/1.1" 200 31 "-" "WordPress/7.0; http://cqqizhou.com"
36.133.108.119 - - [24/Jun/2026:01:17:49 +0800] "HEAD /wp-includes/build/mp3 HTTP/1.1" 404 0 "-" "Mozilla/5.0 (Macintosh; Intel Mac OS X 10_8_3) AppleWebKit/537.36 (KHTML, like Gecko) Chrome/27.0.1453.93 Safari/537.36"
36.133.115.36 - - [24/Jun/2026:01:29:14 +0800] "POST /wp-cron.php?doing_wp_cron=1782235754.5839309692382812500000 HTTP/1.1" 200 31 "-" "WordPress/7.0; http://cqqizhou.com"
115.159.33.43 - - [24/Jun/2026:01:29:14 +0800] "GET / HTTP/1.1" 301 5 "-" "Mozilla/5.0 (Windows NT 10.0; Win64; x64) AppleWebKit/537.36 (KHTML, like Gecko) Chrome/79.0.3945.117 Safari/537.36"
36.133.115.36 - - [24/Jun/2026:01:38:23 +0800] "POST /wp-cron.php?doing_wp_cron=1782236303.2362260818481445312500 HTTP/1.1" 200 31 "-" "WordPress/7.0; http://cqqizhou.com"
36.133.108.119 - - [24/Jun/2026:01:38:23 +0800] "HEAD /wp-admin/images/clients.sqlite HTTP/1.1" 404 0 "-" "Mozilla/5.0 (iPad; CPU OS 6_0 like Mac OS X) AppleWebKit/536.26 (KHTML, like Gecko) Version/6.0 Mobile/10A5355d Safari/8536.25"
36.133.115.36 - - [24/Jun/2026:01:42:13 +0800] "POST /wp-cron.php?doing_wp_cron=1782236533.0270030498504638671875 HTTP/1.1" 200 31 "-" "WordPress/7.0; http://cqqizhou.com"
119.84.246.117 - - [24/Jun/2026:01:42:13 +0800] "GET / HTTP/1.1" 301 5 "-" "-"
119.84.246.117 - - [24/Jun/2026:01:42:13 +0800] "GET / HTTP/1.1" 200 171975 "-" "-"
119.84.246.117 - - [24/Jun/2026:01:42:15 +0800] "GET / HTTP/1.1" 301 5 "-" "Mozilla/5.0 (Windows NT 6.1) AppleWebKit/535.12 (KHTML, like Gecko) Maxthon/3.4.2.3000 Chrome/18.0.966.0 Safari/535.12"
119.84.246.117 - - [24/Jun/2026:01:42:15 +0800] "GET / HTTP/1.1" 200 41074 "-" "Mozilla/5.0 (Windows NT 6.1) AppleWebKit/535.12 (KHTML, like Gecko) Maxthon/3.4.2.3000 Chrome/18.0.966.0 Safari/535.12"
119.84.246.117 - - [24/Jun/2026:01:42:15 +0800] "GET /wp-content/uploads/2025/07/1751425283-qizhou.kf_.qq_.com_.webp HTTP/1.1" 200 16864 "http://cqqizhou.com/" "Mozilla/5.0 (Windows NT 6.1) AppleWebKit/535.12 (KHTML, like Gecko) Maxthon/3.4.2.3000 Chrome/18.0.966.0 Safari/535.12"
119.84.246.117 - - [24/Jun/2026:01:42:15 +0800] "GET /wp-content/uploads/2025/07/1753453096-%E5%8F%8C%E7%9B%B8%E9%92%A2product_Single600%C3%97284.webp HTTP/1.1" 200 14562 "http://cqqizhou.com/" "Mozilla/5.0 (Windows NT 6.1) AppleWebKit/535.12 (KHTML, like Gecko) Maxthon/3.4.2.3000 Chrome/18.0.966.0 Safari/535.12"
119.84.246.117 - - [24/Jun/2026:01:42:15 +0800] "GET /wp-content/uploads/2025/07/1753456723-%E5%8F%8C%E7%9B%B8%E9%92%A2roduct_Single600.webp HTTP/1.1" 200 22790 "http://cqqizhou.com/" "Mozilla/5.0 (Windows NT 6.1) AppleWebKit/535.12 (KHTML, like Gecko) Maxthon/3.4.2.3000 Chrome/18.0.966.0 Safari/535.12"
119.84.246.117 - - [24/Jun/2026:01:42:15 +0800] "GET /wp-content/uploads/2025/07/1753456770-%E7%83%AD%E9%95%80%E9%94%8C%E5%8D%B7product_Single600.webp HTTP/1.1" 200 27502 "http://cqqizhou.com/" "Mozilla/5.0 (Windows NT 6.1) AppleWebKit/535.12 (KHTML, like Gecko) Maxthon/3.4.2.3000 Chrome/18.0.966.0 Safari/535.12"
119.84.246.117 - - [24/Jun/2026:01:42:15 +0800] "GET /wp-content/uploads/2026/06/1781880807-Article_images_W900px.webp HTTP/1.1" 200 25354 "http://cqqizhou.com/" "Mozilla/5.0 (Windows NT 6.1) AppleWebKit/535.12 (KHTML, like Gecko) Maxthon/3.4.2.3000 Chrome/18.0.966.0 Safari/535.12"
119.84.246.117 - - [24/Jun/2026:01:42:15 +0800] "GET /wp-content/uploads/2025/07/1753453127-%E4%BD%99%E5%8D%B7product_Single600%C3%97284.webp HTTP/1.1" 200 18744 "http://cqqizhou.com/" "Mozilla/5.0 (Windows NT 6.1) AppleWebKit/535.12 (KHTML, like Gecko) Maxthon/3.4.2.3000 Chrome/18.0.966.0 Safari/535.12"
119.84.246.117 - - [24/Jun/2026:01:42:15 +0800] "GET /wp-content/uploads/2026/06/1782182572-Article_images_W900px.webp HTTP/1.1" 200 24314 "http://cqqizhou.com/" "Mozilla/5.0 (Windows NT 6.1) AppleWebKit/535.12 (KHTML, like Gecko) Maxthon/3.4.2.3000 Chrome/18.0.966.0 Safari/535.12"
119.84.246.117 - - [24/Jun/2026:01:42:15 +0800] "GET /wp-content/uploads/2026/06/1780363378-1Article_images_W900px.webp HTTP/1.1" 200 62100 "http://cqqizhou.com/" "Mozilla/5.0 (Windows NT 6.1) AppleWebKit/535.12 (KHTML, like Gecko) Maxthon/3.4.2.3000 Chrome/18.0.966.0 Safari/535.12"
119.84.246.117 - - [24/Jun/2026:01:42:15 +0800] "GET /wp-content/uploads/2026/06/1780362799-1Article_images_W900px.webp HTTP/1.1" 200 61690 "http://cqqizhou.com/" "Mozilla/5.0 (Windows NT 6.1) AppleWebKit/535.12 (KHTML, like Gecko) Maxthon/3.4.2.3000 Chrome/18.0.966.0 Safari/535.12"
119.84.246.117 - - [24/Jun/2026:01:42:15 +0800] "GET /wp-content/uploads/2026/05/1779957408-1Article_images_W900px.webp HTTP/1.1" 200 36526 "http://cqqizhou.com/" "Mozilla/5.0 (Windows NT 6.1) AppleWebKit/535.12 (KHTML, like Gecko) Maxthon/3.4.2.3000 Chrome/18.0.966.0 Safari/535.12"
36.133.115.36 - - [24/Jun/2026:01:43:40 +0800] "POST /wp-cron.php?doing_wp_cron=1782236620.0116031169891357421875 HTTP/1.1" 200 31 "-" "WordPress/7.0; http://cqqizhou.com"
34.76.204.170 - - [24/Jun/2026:01:43:40 +0800] "GET / HTTP/1.1" 200 35183 "-" "Mozilla/5.0 (Windows NT 10.0; Win64; x64) AppleWebKit/537.36 (KHTML, like Gecko) Chrome/127.0.0.0 Safari/537.36"
36.133.115.36 - - [24/Jun/2026:01:45:21 +0800] "POST /wp-cron.php?doing_wp_cron=1782236721.7239840030670166015625 HTTP/1.1" 200 31 "-" "WordPress/7.0; http://cqqizhou.com"
34.174.156.59 - - [24/Jun/2026:01:45:21 +0800] "HEAD /blog/ HTTP/1.1" 404 0 "-" "Mozilla/5.0 (Linux; Android 12; Redmi Note 11) AppleWebKit/537.36 (KHTML, like Gecko) Chrome/123.0.6312.112 Mobile Safari/537.36"
34.174.156.59 - - [24/Jun/2026:01:45:22 +0800] "HEAD /wordpress/ HTTP/1.1" 404 0 "-" "Mozilla/5.0 (Windows NT 10.0; Win64; x64) AppleWebKit/537.36 (KHTML, like Gecko) Chrome/127.0.6534.42 Safari/537.36"
34.174.156.59 - - [24/Jun/2026:01:45:23 +0800] "HEAD /backup/ HTTP/1.1" 404 0 "-" "Mozilla/5.0 (Windows NT 10.0; Win64; x64; rv:127.0) Gecko/20100101 Firefox/127.0"
34.174.156.59 - - [24/Jun/2026:01:45:24 +0800] "HEAD /wp/ HTTP/1.1" 404 0 "-" "Mozilla/5.0 (Macintosh; Intel Mac OS X 14_5) AppleWebKit/605.1.15 (KHTML, like Gecko) Version/17.5 Safari/605.1.15"
34.174.156.59 - - [24/Jun/2026:01:45:25 +0800] "HEAD /old/ HTTP/1.1" 404 0 "-" "Mozilla/5.0 (X11; Linux x86_64; rv:127.0) Gecko/20100101 Firefox/127.0"
34.174.156.59 - - [24/Jun/2026:01:45:26 +0800] "HEAD /new/ HTTP/1.1" 301 0 "-" "Mozilla/5.0 (Windows NT 10.0; Win64; x64) AppleWebKit/537.36 (KHTML, like Gecko) Chrome/125.0.6422.112 Safari/537.36 Brave/1.63.120"
34.174.156.59 - - [24/Jun/2026:01:45:27 +0800] "HEAD /news HTTP/1.1" 200 0 "http://cqqizhou.com/new/" "Mozilla/5.0 (Windows NT 10.0; Win64; x64) AppleWebKit/537.36 (KHTML, like Gecko) Chrome/125.0.6422.112 Safari/537.36 Brave/1.63.120"
34.174.156.59 - - [24/Jun/2026:01:45:27 +0800] "HEAD / HTTP/1.1" 200 0 "-" "Mozilla/5.0 (Windows NT 10.0; Win64; x64) AppleWebKit/537.36 (KHTML, like Gecko) Chrome/127.0.6534.42 Safari/537.36"
36.133.115.36 - - [24/Jun/2026:01:53:25 +0800] "POST /wp-cron.php?doing_wp_cron=1782237205.8806750774383544921875 HTTP/1.1" 200 31 "-" "WordPress/7.0; http://cqqizhou.com"
14.29.109.125 - - [24/Jun/2026:01:53:25 +0800] "GET /news/2163 HTTP/1.1" 200 24542 "-" "Mozilla/5.0 (Windows NT 10.0; Win64; x64) AppleWebKit/537.36 (KHTML, like Gecko) Chrome/133.0.0.0 Safari/537.36"
36.133.115.36 - - [24/Jun/2026:02:00:42 +0800] "POST /wp-cron.php?doing_wp_cron=1782237642.8820509910583496093750 HTTP/1.1" 200 31 "-" "WordPress/7.0; http://cqqizhou.com"
116.179.32.32 - - [24/Jun/2026:02:00:42 +0800] "GET /news/2582 HTTP/1.1" 200 20399 "-" "Mozilla/5.0 (compatible; Baiduspider/2.0; +http://www.baidu.com/search/spider.html)"
116.179.37.42 - - [24/Jun/2026:02:00:43 +0800] "GET /wp-content/uploads/2026/05/1779925244-2Article_images_W900px.webp HTTP/1.1" 200 8960 "http://cqqizhou.com/news/2582" "Mozilla/5.0 (compatible; Baiduspider-render/2.0; +http://www.baidu.com/search/spider.html)"
116.179.37.43 - - [24/Jun/2026:02:00:43 +0800] "GET /wp-content/uploads/2026/05/1779925245-Article_images_W900px.webp HTTP/1.1" 200 27996 "http://cqqizhou.com/news/2582" "Mozilla/5.0 (compatible; Baiduspider-render/2.0; +http://www.baidu.com/search/spider.html)"
36.133.115.36 - - [24/Jun/2026:02:07:47 +0800] "POST /wp-cron.php?doing_wp_cron=1782238067.5732450485229492187500 HTTP/1.1" 200 31 "-" "WordPress/7.0; http://cqqizhou.com"
204.76.203.36 - - [24/Jun/2026:02:07:47 +0800] "GET / HTTP/1.1" 200 35184 "-" "Mozilla/5.0 (Windows NT 10.0; Win64; x64) AppleWebKit/537.36 (KHTML, like Gecko) Chrome/90.0.4430.85 Safari/537.36 Edg/90.0.818.46"
204.76.203.36 - - [24/Jun/2026:02:07:57 +0800] "GET /SDK/webLanguage HTTP/1.1" 301 5 "-" "Mozilla/5.0 (Windows NT 10.0; Win64; x64) AppleWebKit/537.36 (KHTML, like Gecko) Chrome/90.0.4430.85 Safari/537.36 Edg/90.0.818.46"
36.133.115.36 - - [24/Jun/2026:02:14:43 +0800] "POST /wp-cron.php?doing_wp_cron=1782238483.1569640636444091796875 HTTP/1.1" 200 31 "-" "WordPress/7.0; http://cqqizhou.com"
220.181.51.113 - - [24/Jun/2026:02:14:43 +0800] "GET /wp-content/uploads/2025/07/1753453127-%D3%E0%BE%EDproduct_Single600%A1%C1284.webp HTTP/1.1" 404 32862 "http://www.cqqizhou.com/" "Mozilla/5.0 (Windows NT 10.0; WOW64) AppleWebKit/537.36 (KHTML, like Gecko) Chrome/48.0.2564.116 Safari/537.36"
36.133.115.36 - - [24/Jun/2026:02:23:07 +0800] "POST /wp-cron.php?doing_wp_cron=1782238986.9891529083251953125000 HTTP/1.1" 200 31 "-" "WordPress/7.0; http://cqqizhou.com"
36.133.108.121 - - [24/Jun/2026:02:23:07 +0800] "HEAD /wp-admin/js/dat HTTP/1.1" 404 0 "-" "Mozilla/5.0 (Windows NT 6.2; WOW64) AppleWebKit/537.36 (KHTML, like Gecko) Chrome/30.0.1599.17 Safari/537.36"
36.133.115.36 - - [24/Jun/2026:02:28:08 +0800] "POST /wp-cron.php?doing_wp_cron=1782239288.9475259780883789062500 HTTP/1.1" 200 31 "-" "WordPress/7.0; http://cqqizhou.com"
36.133.108.121 - - [24/Jun/2026:02:28:08 +0800] "HEAD /wp-admin/images/www HTTP/1.1" 404 0 "-" "Mozilla/5.0 (iPad; U; CPU OS 3_2 like Mac OS X; en-us) AppleWebKit/531.21.10 (KHTML, like Gecko) Version/4.0.4 Mobile/7B334b Safari/531.21.10"
36.133.115.36 - - [24/Jun/2026:02:34:49 +0800] "POST /wp-cron.php?doing_wp_cron=1782239689.7253139019012451171875 HTTP/1.1" 200 31 "-" "WordPress/7.0; http://cqqizhou.com"
183.141.136.119 - - [24/Jun/2026:02:34:49 +0800] "GET / HTTP/1.1" 301 5 "-" "Mozilla/5.0 (Windows NT 10.0; Win64; x64) AppleWebKit/537.36 (KHTML, like Gecko) Chrome/95.0.4638.54 Safari/537.36"
180.153.236.108 - - [24/Jun/2026:02:44:54 +0800] "GET / HTTP/1.1" 200 41074 "http://cqqizhou.com" "User-Agent:Mozilla/5.0 (Windows NT 10.0; Win64; x64) AppleWebKit/537.36 (KHTML, like Gecko) Chrome/140.0.0.0 Safari/537.36 Edg/140.0.0.0; 360Spider"
36.133.115.36 - - [24/Jun/2026:02:46:17 +0800] "POST /wp-cron.php?doing_wp_cron=1782240377.0253939628601074218750 HTTP/1.1" 200 31 "-" "WordPress/7.0; http://cqqizhou.com"
47.243.12.222 - - [24/Jun/2026:02:46:17 +0800] "GET / HTTP/1.1" 301 5 "-" "Mozilla/5.0 (Windows; U; Windows NT 6.1; en-US) AppleWebKit/534.16 (KHTML, like Gecko) Chrome/10.0.648.133 Safari/534.16"
47.243.12.222 - - [24/Jun/2026:02:46:17 +0800] "GET / HTTP/1.1" 200 41074 "-" "Mozilla/5.0 (Windows; U; Windows NT 6.1; en-US) AppleWebKit/534.16 (KHTML, like Gecko) Chrome/10.0.648.133 Safari/534.16"
36.133.115.36 - - [24/Jun/2026:02:55:00 +0800] "POST /wp-cron.php?doing_wp_cron=1782240900.2043941020965576171875 HTTP/1.1" 200 31 "-" "WordPress/7.0; http://cqqizhou.com"
36.133.108.121 - - [24/Jun/2026:02:55:00 +0800] "HEAD /process/%22985563%40 HTTP/1.1" 404 0 "-" "Mozilla/5.0 (Windows NT 6.1; rv:21.0) Gecko/20100101 Firefox/21.0"
36.133.115.36 - - [24/Jun/2026:02:59:06 +0800] "POST /wp-cron.php?doing_wp_cron=1782241146.2847430706024169921875 HTTP/1.1" 200 31 "-" "WordPress/7.0; http://cqqizhou.com"
212.100.169.223 - - [24/Jun/2026:02:59:06 +0800] "GET / HTTP/1.1" 301 5 "-" "Mozilla/5.0 (Windows NT 10.0; Win64; x64) AppleWebKit/537.36 (KHTML, like Gecko) Chrome/97.0.4280.67 Safari/537.36 Edg/97.0.664.52"
212.100.169.223 - - [24/Jun/2026:02:59:12 +0800] "GET / HTTP/1.1" 200 41074 "-" "Mozilla/5.0 (Windows NT 10.0; Win64; x64) AppleWebKit/537.36 (KHTML, like Gecko) Chrome/97.0.4280.67 Safari/537.36 Edg/97.0.664.52"
36.133.115.36 - - [24/Jun/2026:03:04:11 +0800] "POST /wp-cron.php?doing_wp_cron=1782241451.6882750988006591796875 HTTP/1.1" 200 31 "-" "WordPress/7.0; http://cqqizhou.com"
36.133.108.121 - - [24/Jun/2026:03:04:11 +0800] "HEAD /wp-admin/mt-check.cgi HTTP/1.1" 404 0 "-" "Mozilla/5.0 (iPad; U; CPU OS 3_2 like Mac OS X; en-us) AppleWebKit/531.21.10 (KHTML, like Gecko) Version/4.0.4 Mobile/7B334b Safari/531.21.10"
36.133.108.125 - - [24/Jun/2026:03:04:40 +0800] "HEAD /wp-includes/build/zeroclipboard HTTP/1.1" 404 0 "-" "Mozilla/5.0 (compatible; MSIE 9.0; Windows NT 6.1; Trident/5.0; yie8)"
36.133.115.36 - - [24/Jun/2026:03:07:45 +0800] "POST /wp-cron.php?doing_wp_cron=1782241665.3683099746704101562500 HTTP/1.1" 200 31 "-" "WordPress/7.0; http://cqqizhou.com"
44.220.185.143 - - [24/Jun/2026:03:07:45 +0800] "GET / HTTP/1.1" 301 5 "-" "Mozilla/5.0 (Windows NT 6.2;en-US) AppleWebKit/537.32.36 (KHTML, live Gecko) Chrome/51.0.3064.103 Safari/537.32"
44.220.185.143 - - [24/Jun/2026:03:07:46 +0800] "GET / HTTP/1.1" 200 41074 "-" "Mozilla/5.0 (Windows NT 6.2;en-US) AppleWebKit/537.32.36 (KHTML, live Gecko) Chrome/51.0.3064.103 Safari/537.32"
44.220.185.143 - - [24/Jun/2026:03:07:49 +0800] "GET /feed/ HTTP/1.1" 301 5 "-" "Mozilla/5.0 (Macintosh; Intel Mac OS X 10_15_7) AppleWebKit/537.36 (KHTML, like Gecko) Chrome/124.0.0.0 Safari/537.36"
36.133.115.36 - - [24/Jun/2026:03:15:56 +0800] "POST /wp-cron.php?doing_wp_cron=1782242156.3137710094451904296875 HTTP/1.1" 200 31 "-" "WordPress/7.0; http://cqqizhou.com"
216.244.66.245 - - [24/Jun/2026:03:15:56 +0800] "GET /robots.txt HTTP/1.1" 200 390 "-" "Mozilla/5.0 (compatible; DotBot/1.2; +https://opensiteexplorer.org/dotbot; help@moz.com)"
36.133.115.36 - - [24/Jun/2026:03:17:58 +0800] "POST /wp-cron.php?doing_wp_cron=1782242278.2701749801635742187500 HTTP/1.1" 200 31 "-" "WordPress/7.0; http://cqqizhou.com"
180.165.1.113 - - [24/Jun/2026:03:17:58 +0800] "GET /wp-json/oembed/1.0/embed?url=http%3A%2F%2Fcqqizhou.com%2Fnews%2F2214 HTTP/1.1" 200 1240 "-" "Mozilla/5.0 (Windows NT 10.0; Win64; x64) AppleWebKit/537.36 (KHTML, like Gecko) Chrome/142.0.0.0 Safari/537.36"
36.133.115.36 - - [24/Jun/2026:03:18:31 +0800] "POST /wp-cron.php?doing_wp_cron=1782242311.6828010082244873046875 HTTP/1.1" 200 31 "-" "WordPress/7.0; http://cqqizhou.com"
36.133.108.119 - - [24/Jun/2026:03:18:31 +0800] "HEAD /?http://36.133.115.36&url=http://36.133.115.36&next=http://36.133.115.36&to=http://36.133.115.36&view=http://36.133.115.36&forward=http://36.133.115.36&dest=http://36.133.115.36&destination=http://36.133.115.36&redirect=http://36.133.115.36&uri=http://36.133.115.36&path=http://36.133.115.36&continue=http://36.133.115.36&window=http://36.133.115.36&out=http://36.133.115.36&navigation=http://36.133.115.36&domain=http://36.133.115.36&return=http://36.133.115.36&redirection_url=http://36.1 HTTP/1.1" 200 0 "-" "Mozilla/5.0 (Windows NT 6.1) AppleWebKit/537.36 (KHTML, like Gecko) Chrome/27.0.1453.90 Safari/537.36"
36.133.115.36 - - [24/Jun/2026:03:20:12 +0800] "POST /wp-cron.php?doing_wp_cron=1782242412.2653090953826904296875 HTTP/1.1" 200 31 "-" "WordPress/7.0; http://cqqizhou.com"
36.133.108.119 - - [24/Jun/2026:03:20:12 +0800] "HEAD /wp-content/fonts/log.html HTTP/1.1" 404 0 "-" "Mozilla/5.0 (Windows NT 6.1; WOW64) AppleWebKit/537.17 (KHTML, like Gecko) Chrome/24.0.1312.60 Safari/537.17"
36.133.115.36 - - [24/Jun/2026:03:21:26 +0800] "POST /wp-cron.php?doing_wp_cron=1782242486.0665590763092041015625 HTTP/1.1" 200 31 "-" "WordPress/7.0; http://cqqizhou.com"
216.244.66.245 - - [24/Jun/2026:03:21:26 +0800] "GET /portfolio-category/pickled-coil/ HTTP/1.1" 301 5 "-" "Mozilla/5.0 (compatible; DotBot/1.2; +https://opensiteexplorer.org/dotbot; help@moz.com)"
36.133.115.36 - - [24/Jun/2026:03:23:09 +0800] "POST /wp-cron.php?doing_wp_cron=1782242589.9175980091094970703125 HTTP/1.1" 200 31 "-" "WordPress/7.0; http://cqqizhou.com"
36.133.108.121 - - [24/Jun/2026:03:23:09 +0800] "HEAD /wp-admin/includes/files HTTP/1.1" 404 0 "-" "Mozilla/5.0 (compatible; MSIE 9.0; Windows NT 6.1; Win64; x64; Trident/5.0"
36.133.115.36 - - [24/Jun/2026:03:29:22 +0800] "POST /wp-cron.php?doing_wp_cron=1782242962.5427730083465576171875 HTTP/1.1" 200 31 "-" "WordPress/7.0; http://cqqizhou.com"
43.135.133.194 - - [24/Jun/2026:03:29:22 +0800] "GET / HTTP/1.1" 200 35183 "-" "Mozilla/5.0 (iPhone; CPU iPhone OS 13_2_3 like Mac OS X) AppleWebKit/605.1.15 (KHTML, like Gecko) Version/13.0.3 Mobile/15E148 Safari/604.1"
221.207.78.234 - - [24/Jun/2026:03:29:58 +0800] "GET / HTTP/1.1" 200 41074 "-" "Mozilla/5.0 (Macintosh; Intel Mac OS X 10_15_7) AppleWebKit/537.36 (KHTML, like Gecko) Chrome/109.0.0.0 Safari/537.36"
183.218.240.37 - - [24/Jun/2026:03:30:04 +0800] "GET /about/ HTTP/1.1" 301 5 "-" "Mozilla/5.0 (Macintosh; Intel Mac OS X 10_15_7) AppleWebKit/537.36 (KHTML, like Gecko) Chrome/109.0.0.0 Safari/537.36"
183.218.240.37 - - [24/Jun/2026:03:30:04 +0800] "GET http://cqqizhou.com/about HTTP/1.1" 200 25029 "http://cqqizhou.com/about/" "Mozilla/5.0 (Macintosh; Intel Mac OS X 10_15_7) AppleWebKit/537.36 (KHTML, like Gecko) Chrome/109.0.0.0 Safari/537.36"
36.133.115.36 - - [24/Jun/2026:03:31:35 +0800] "POST /wp-cron.php?doing_wp_cron=1782243095.6242189407348632812500 HTTP/1.1" 200 31 "-" "WordPress/7.0; http://cqqizhou.com"
36.133.108.121 - - [24/Jun/2026:03:31:35 +0800] "HEAD /wp-content/upgrade/install HTTP/1.1" 404 0 "-" "Mozilla/5.0 (Macintosh; U; Intel Mac OS X 10_6_6; sv-se) AppleWebKit/533.20.25 (KHTML, like Gecko) Version/5.0.4 Safari/533.20.27"
36.133.115.36 - - [24/Jun/2026:03:32:19 +0800] "POST /wp-cron.php?doing_wp_cron=1782243139.3162569999694824218750 HTTP/1.1" 200 31 "-" "WordPress/7.0; http://cqqizhou.com"
114.119.129.50 - - [24/Jun/2026:03:32:19 +0800] "GET /wp-sitemap.xml HTTP/1.1" 501 253 "-" "Mozilla/5.0 (Linux; Android 7.0;) AppleWebKit/537.36 (KHTML, like Gecko) Mobile Safari/537.36 (compatible; PetalBot;+https://webmaster.petalsearch.com/site/petalbot)"
36.133.115.36 - - [24/Jun/2026:03:48:32 +0800] "POST /wp-cron.php?doing_wp_cron=1782244112.7466049194335937500000 HTTP/1.1" 200 31 "-" "WordPress/7.0; http://cqqizhou.com"
36.133.108.121 - - [24/Jun/2026:03:48:32 +0800] "HEAD /wp-admin/js/data HTTP/1.1" 404 0 "-" "Mozilla/5.0 (Windows NT 6.1; rv:21.0) Gecko/20100101 Firefox/21.0"
36.133.115.36 - - [24/Jun/2026:03:49:53 +0800] "POST /wp-cron.php?doing_wp_cron=1782244193.8431079387664794921875 HTTP/1.1" 200 31 "-" "WordPress/7.0; http://cqqizhou.com"
36.133.108.125 - - [24/Jun/2026:03:49:53 +0800] "HEAD /wp-includes/assets/userfiles HTTP/1.1" 404 0 "-" "Mozilla/5.0 (Macintosh; U; Intel Mac OS X 10_6_6; en-gb) AppleWebKit/533.20.25 (KHTML, like Gecko) Version/5.0.4 Safari/533.20.27"
36.133.115.36 - - [24/Jun/2026:03:52:43 +0800] "POST /wp-cron.php?doing_wp_cron=1782244363.8593299388885498046875 HTTP/1.1" 200 31 "-" "WordPress/7.0; http://cqqizhou.com"
36.133.108.121 - - [24/Jun/2026:03:52:43 +0800] "HEAD /%22911147%40 HTTP/1.1" 404 0 "-" "Mozilla/5.0 (X11; Ubuntu; Linux x86_64; rv:24.0) Gecko/20100101 Firefox/24.0"
36.133.115.36 - - [24/Jun/2026:03:53:15 +0800] "POST /wp-cron.php?doing_wp_cron=1782244394.9920969009399414062500 HTTP/1.1" 200 31 "-" "WordPress/7.0; http://cqqizhou.com"
167.235.33.169 - - [24/Jun/2026:03:53:15 +0800] "GET / HTTP/1.1" 301 5 "-" "Go-http-client/1.1"
167.235.33.169 - - [24/Jun/2026:03:53:15 +0800] "GET / HTTP/1.1" 200 41074 "http://36.133.115.36" "Go-http-client/1.1"
36.133.115.36 - - [24/Jun/2026:03:59:46 +0800] "POST /wp-cron.php?doing_wp_cron=1782244786.5002648830413818359375 HTTP/1.1" 200 31 "-" "WordPress/7.0; http://cqqizhou.com"
216.244.66.245 - - [24/Jun/2026:03:59:46 +0800] "GET /robots.txt HTTP/1.1" 200 390 "-" "Mozilla/5.0 (compatible; DotBot/1.2; +https://opensiteexplorer.org/dotbot; help@moz.com)"
157.148.43.28 - - [24/Jun/2026:04:03:08 +0800] "GET /media HTTP/1.1" 200 32370 "-" "Mozilla/5.0 (Windows NT 10.0; Win64; x64) AppleWebKit/537.36 (KHTML, like Gecko) Chrome/110.0.0.0 Safari/537.36"
36.133.115.36 - - [24/Jun/2026:04:05:12 +0800] "POST /wp-cron.php?doing_wp_cron=1782245112.7447938919067382812500 HTTP/1.1" 200 31 "-" "WordPress/7.0; http://cqqizhou.com"
216.244.66.245 - - [24/Jun/2026:04:05:12 +0800] "GET /news/2535 HTTP/1.1" 200 84969 "-" "Mozilla/5.0 (compatible; DotBot/1.2; +https://opensiteexplorer.org/dotbot; help@moz.com)"
36.133.115.36 - - [24/Jun/2026:04:06:51 +0800] "POST /wp-cron.php?doing_wp_cron=1782245211.0124409198760986328125 HTTP/1.1" 200 31 "-" "WordPress/7.0; http://cqqizhou.com"
36.133.108.119 - - [24/Jun/2026:04:06:51 +0800] "HEAD /wp-content/fonts/inc HTTP/1.1" 404 0 "-" "Mozilla/5.0 (Windows NT 6.1) AppleWebKit/537.36 (KHTML, like Gecko) Chrome/27.0.1453.90 Safari/537.36"
36.133.115.36 - - [24/Jun/2026:04:16:45 +0800] "POST /wp-cron.php?doing_wp_cron=1782245805.3332269191741943359375 HTTP/1.1" 200 31 "-" "WordPress/7.0; http://cqqizhou.com"
203.154.14.18 - - [24/Jun/2026:04:16:45 +0800] "GET / HTTP/1.1" 200 158049 "-" "-"
36.133.115.36 - - [24/Jun/2026:04:23:36 +0800] "POST /wp-cron.php?doing_wp_cron=1782246215.9971048831939697265625 HTTP/1.1" 200 31 "-" "WordPress/7.0; http://cqqizhou.com"
36.133.108.121 - - [24/Jun/2026:04:23:36 +0800] "HEAD /signup HTTP/1.1" 404 0 "-" "Mozilla/5.0 (Macintosh; Intel Mac OS X 10_7_5) AppleWebKit/537.36 (KHTML, like Gecko) Chrome/27.0.1453.93 Safari/537.36"
36.133.115.36 - - [24/Jun/2026:04:31:17 +0800] "POST /wp-cron.php?doing_wp_cron=1782246677.2615790367126464843750 HTTP/1.1" 200 31 "-" "WordPress/7.0; http://cqqizhou.com"
