103.204.76.210 - - [24/Jun/2026:14:45:20 +0800] "POST /wp-login.php HTTP/1.1" 200 2979 "http://36.133.115.36" "Mozilla/5.0 (Windows NT 10.0; Win64; x64) AppleWebKit/537.36 (KHTML, like Gecko) Chrome/46.0.2490.22 Safari/537.36"
103.204.76.210 - - [24/Jun/2026:14:45:48 +0800] "GET /wp-login.php HTTP/1.1" 200 2821 "http://36.133.115.36" "Mozilla/5.0 (Windows NT 10.0) AppleWebKit/537.36 (KHTML, like Gecko) Chrome/45.0.2454.85 Safari/537.36"
103.204.76.210 - - [24/Jun/2026:14:45:52 +0800] "POST /wp-login.php HTTP/1.1" 200 2979 "http://36.133.115.36" "Mozilla/5.0 (Windows NT 10.0) AppleWebKit/537.36 (KHTML, like Gecko) Chrome/45.0.2454.85 Safari/537.36"
36.133.115.36 - - [24/Jun/2026:14:46:14 +0800] "POST /wp-cron.php?doing_wp_cron=1782283574.0798070430755615234375 HTTP/1.1" 200 31 "-" "WordPress/7.0; http://cqqizhou.com"
103.204.76.210 - - [24/Jun/2026:14:46:14 +0800] "GET /wp-login.php HTTP/1.1" 200 2821 "http://36.133.115.36" "Mozilla/5.0 (Windows NT 10.0; WOW64) AppleWebKit/537.36 (KHTML, like Gecko) Chrome/44.0.2403.155 Safari/537.36 OPR/31.0.1889.174"
103.204.76.210 - - [24/Jun/2026:14:46:15 +0800] "POST /wp-login.php HTTP/1.1" 200 2979 "http://36.133.115.36" "Mozilla/5.0 (Windows NT 10.0; WOW64) AppleWebKit/537.36 (KHTML, like Gecko) Chrome/44.0.2403.155 Safari/537.36 OPR/31.0.1889.174"
103.204.76.210 - - [24/Jun/2026:14:46:45 +0800] "GET /wp-login.php HTTP/1.1" 200 2821 "http://36.133.115.36" "Mozilla/5.0 (Windows NT 10.0; WOW64) AppleWebKit/537.36 (KHTML, like Gecko) Chrome/45.0.2454.85 Safari/537.36"
103.204.76.210 - - [24/Jun/2026:14:46:48 +0800] "POST /wp-login.php HTTP/1.1" 200 2979 "http://36.133.115.36" "Mozilla/5.0 (Windows NT 10.0; WOW64) AppleWebKit/537.36 (KHTML, like Gecko) Chrome/45.0.2454.85 Safari/537.36"
36.133.115.36 - - [24/Jun/2026:14:47:14 +0800] "POST /wp-cron.php?doing_wp_cron=1782283634.7048358917236328125000 HTTP/1.1" 200 31 "-" "WordPress/7.0; http://cqqizhou.com"
103.204.76.210 - - [24/Jun/2026:14:47:14 +0800] "GET /wp-login.php HTTP/1.1" 200 2821 "http://36.133.115.36" "Mozilla/5.0 (Windows NT 10.0; Win64; x64) AppleWebKit/537.36 (KHTML, like Gecko) Chrome/46.0.2490.13 Safari/537.36"
103.204.76.210 - - [24/Jun/2026:14:47:16 +0800] "POST /wp-login.php HTTP/1.1" 200 2979 "http://36.133.115.36" "Mozilla/5.0 (Windows NT 10.0; Win64; x64) AppleWebKit/537.36 (KHTML, like Gecko) Chrome/46.0.2490.13 Safari/537.36"
103.204.76.210 - - [24/Jun/2026:14:47:41 +0800] "GET /wp-login.php HTTP/1.1" 200 2821 "http://36.133.115.36" "Mozilla/5.0 (Windows NT 10.0; WOW64) AppleWebKit/537.36 (KHTML, like Gecko) Chrome/44.0.2403.155 Safari/537.36"
103.204.76.210 - - [24/Jun/2026:14:47:43 +0800] "POST /wp-login.php HTTP/1.1" 200 2979 "http://36.133.115.36" "Mozilla/5.0 (Windows NT 10.0; WOW64) AppleWebKit/537.36 (KHTML, like Gecko) Chrome/44.0.2403.155 Safari/537.36"
36.133.115.36 - - [24/Jun/2026:14:48:09 +0800] "POST /wp-cron.php?doing_wp_cron=1782283689.5819959640502929687500 HTTP/1.1" 200 31 "-" "WordPress/7.0; http://cqqizhou.com"
103.204.76.210 - - [24/Jun/2026:14:48:09 +0800] "GET /wp-login.php HTTP/1.1" 200 2821 "http://36.133.115.36" "Mozilla/5.0 (Windows NT 10.0; WOW64) AppleWebKit/537.36 (KHTML, like Gecko) Chrome/38.0.2125.122 Safari/537.36 SE 2.X MetaSr 1.0"
103.204.76.210 - - [24/Jun/2026:14:48:11 +0800] "POST /wp-login.php HTTP/1.1" 200 2979 "http://36.133.115.36" "Mozilla/5.0 (Windows NT 10.0; WOW64) AppleWebKit/537.36 (KHTML, like Gecko) Chrome/38.0.2125.122 Safari/537.36 SE 2.X MetaSr 1.0"
103.204.76.210 - - [24/Jun/2026:14:48:39 +0800] "GET /wp-login.php HTTP/1.1" 200 2821 "http://36.133.115.36" "Mozilla/5.0 (Windows NT 10.0; WOW64) AppleWebKit/537.36 (KHTML, like Gecko) Chrome/45.0.2454.85 Safari/537.36"
103.204.76.210 - - [24/Jun/2026:14:48:41 +0800] "POST /wp-login.php HTTP/1.1" 200 2979 "http://36.133.115.36" "Mozilla/5.0 (Windows NT 10.0; WOW64) AppleWebKit/537.36 (KHTML, like Gecko) Chrome/45.0.2454.85 Safari/537.36"
36.133.115.36 - - [24/Jun/2026:14:49:09 +0800] "POST /wp-cron.php?doing_wp_cron=1782283749.4214899539947509765625 HTTP/1.1" 200 31 "-" "WordPress/7.0; http://cqqizhou.com"
103.204.76.210 - - [24/Jun/2026:14:49:09 +0800] "GET /wp-login.php HTTP/1.1" 200 2821 "http://36.133.115.36" "Mozilla/5.0 (Windows NT 10.0; WOW64) AppleWebKit/537.36 (KHTML, like Gecko) Chrome/43.0.2357.130 Safari/537.36"
103.204.76.210 - - [24/Jun/2026:14:49:12 +0800] "POST /wp-login.php HTTP/1.1" 200 2979 "http://36.133.115.36" "Mozilla/5.0 (Windows NT 10.0; WOW64) AppleWebKit/537.36 (KHTML, like Gecko) Chrome/43.0.2357.130 Safari/537.36"
103.204.76.210 - - [24/Jun/2026:14:49:35 +0800] "GET /wp-login.php HTTP/1.1" 200 2821 "http://36.133.115.36" "Mozilla/5.0 (Windows NT 10.0; Win64; x64) AppleWebKit/537.36 (KHTML, like Gecko) Chrome/42.0.2311.135 Safari/537.36 Edge/12.10532"
103.204.76.210 - - [24/Jun/2026:14:49:37 +0800] "POST /wp-login.php HTTP/1.1" 200 2979 "http://36.133.115.36" "Mozilla/5.0 (Windows NT 10.0; Win64; x64) AppleWebKit/537.36 (KHTML, like Gecko) Chrome/42.0.2311.135 Safari/537.36 Edge/12.10532"
103.204.76.210 - - [24/Jun/2026:14:50:07 +0800] "GET /wp-login.php HTTP/1.1" 200 2821 "http://36.133.115.36" "Mozilla/5.0 (Windows NT 10.0; WOW64) AppleWebKit/537.36 (KHTML, like Gecko) Chrome/43.0.2357.130 Safari/537.36"
36.133.115.36 - - [24/Jun/2026:14:50:11 +0800] "POST /wp-cron.php?doing_wp_cron=1782283811.8883819580078125000000 HTTP/1.1" 200 31 "-" "WordPress/7.0; http://cqqizhou.com"
103.204.76.210 - - [24/Jun/2026:14:50:11 +0800] "POST /wp-login.php HTTP/1.1" 200 2979 "http://36.133.115.36" "Mozilla/5.0 (Windows NT 10.0; WOW64) AppleWebKit/537.36 (KHTML, like Gecko) Chrome/43.0.2357.130 Safari/537.36"
103.204.76.210 - - [24/Jun/2026:14:50:34 +0800] "GET /wp-login.php HTTP/1.1" 200 2821 "http://36.133.115.36" "Mozilla/5.0 (Windows NT 10.0; WOW64) AppleWebKit/537.36 (KHTML, like Gecko) Chrome/43.0.2357.130 Safari/537.36"
103.204.76.210 - - [24/Jun/2026:14:50:36 +0800] "POST /wp-login.php HTTP/1.1" 200 2979 "http://36.133.115.36" "Mozilla/5.0 (Windows NT 10.0; WOW64) AppleWebKit/537.36 (KHTML, like Gecko) Chrome/43.0.2357.130 Safari/537.36"
103.204.76.210 - - [24/Jun/2026:14:51:05 +0800] "GET /wp-login.php HTTP/1.1" 200 2821 "http://36.133.115.36" "Mozilla/5.0 (Windows NT 10.0; WOW64) AppleWebKit/537.36 (KHTML, like Gecko) Chrome/45.0.2454.85 Safari/537.36"
103.204.76.210 - - [24/Jun/2026:14:51:07 +0800] "POST /wp-login.php HTTP/1.1" 200 2979 "http://36.133.115.36" "Mozilla/5.0 (Windows NT 10.0; WOW64) AppleWebKit/537.36 (KHTML, like Gecko) Chrome/45.0.2454.85 Safari/537.36"
36.133.115.36 - - [24/Jun/2026:14:51:33 +0800] "POST /wp-cron.php?doing_wp_cron=1782283893.9310948848724365234375 HTTP/1.1" 200 31 "-" "WordPress/7.0; http://cqqizhou.com"
103.204.76.210 - - [24/Jun/2026:14:51:33 +0800] "GET /wp-login.php HTTP/1.1" 200 2821 "http://36.133.115.36" "Mozilla/5.0 (Windows NT 10.0; Win64; x64) AppleWebKit/537.36 (KHTML, like Gecko) Chrome/45.0.2454.85 Safari/537.36"
103.204.76.210 - - [24/Jun/2026:14:51:36 +0800] "POST /wp-login.php HTTP/1.1" 200 2979 "http://36.133.115.36" "Mozilla/5.0 (Windows NT 10.0; Win64; x64) AppleWebKit/537.36 (KHTML, like Gecko) Chrome/45.0.2454.85 Safari/537.36"
103.204.76.210 - - [24/Jun/2026:14:52:02 +0800] "GET /wp-login.php HTTP/1.1" 200 2821 "http://36.133.115.36" "Mozilla/5.0 (Windows NT 10.0; WOW64) AppleWebKit/537.36 (KHTML, like Gecko) Chrome/43.0.2357.124 Safari/537.36"
103.204.76.210 - - [24/Jun/2026:14:52:05 +0800] "POST /wp-login.php HTTP/1.1" 200 2979 "http://36.133.115.36" "Mozilla/5.0 (Windows NT 10.0; WOW64) AppleWebKit/537.36 (KHTML, like Gecko) Chrome/43.0.2357.124 Safari/537.36"
36.133.115.36 - - [24/Jun/2026:14:52:30 +0800] "POST /wp-cron.php?doing_wp_cron=1782283950.3921949863433837890625 HTTP/1.1" 200 31 "-" "WordPress/7.0; http://cqqizhou.com"
103.204.76.210 - - [24/Jun/2026:14:52:30 +0800] "GET /wp-login.php HTTP/1.1" 200 2821 "http://36.133.115.36" "Mozilla/5.0 (Windows NT 10.0) AppleWebKit/537.36 (KHTML, like Gecko) Chrome/45.0.2454.85 Safari/537.36"
103.204.76.210 - - [24/Jun/2026:14:52:32 +0800] "POST /wp-login.php HTTP/1.1" 200 2979 "http://36.133.115.36" "Mozilla/5.0 (Windows NT 10.0) AppleWebKit/537.36 (KHTML, like Gecko) Chrome/45.0.2454.85 Safari/537.36"
103.204.76.210 - - [24/Jun/2026:14:52:56 +0800] "GET /wp-login.php HTTP/1.1" 200 2821 "http://36.133.115.36" "Mozilla/5.0 (Windows NT 10.0; WOW64) AppleWebKit/537.36 (KHTML, like Gecko) Chrome/45.0.2454.85 Safari/537.36"
103.204.76.210 - - [24/Jun/2026:14:52:58 +0800] "POST /wp-login.php HTTP/1.1" 200 2979 "http://36.133.115.36" "Mozilla/5.0 (Windows NT 10.0; WOW64) AppleWebKit/537.36 (KHTML, like Gecko) Chrome/45.0.2454.85 Safari/537.36"
36.133.115.36 - - [24/Jun/2026:14:53:24 +0800] "POST /wp-cron.php?doing_wp_cron=1782284004.6220130920410156250000 HTTP/1.1" 200 31 "-" "WordPress/7.0; http://cqqizhou.com"
103.204.76.210 - - [24/Jun/2026:14:53:24 +0800] "GET /wp-login.php HTTP/1.1" 200 2821 "http://36.133.115.36" "Mozilla/5.0 (Windows NT 10.0; WOW64) AppleWebKit/537.36 (KHTML, like Gecko) Chrome/43.0.2357.124 Safari/537.36"
103.204.76.210 - - [24/Jun/2026:14:53:26 +0800] "POST /wp-login.php HTTP/1.1" 200 2979 "http://36.133.115.36" "Mozilla/5.0 (Windows NT 10.0; WOW64) AppleWebKit/537.36 (KHTML, like Gecko) Chrome/43.0.2357.124 Safari/537.36"
103.204.76.210 - - [24/Jun/2026:14:53:55 +0800] "GET /wp-login.php HTTP/1.1" 200 2821 "http://36.133.115.36" "Mozilla/5.0 (Windows NT 10.0; Win64; x64) AppleWebKit/537.36 (KHTML, like Gecko) Chrome/46.0.2490.13 Safari/537.36"
103.204.76.210 - - [24/Jun/2026:14:53:58 +0800] "POST /wp-login.php HTTP/1.1" 200 2979 "http://36.133.115.36" "Mozilla/5.0 (Windows NT 10.0; Win64; x64) AppleWebKit/537.36 (KHTML, like Gecko) Chrome/46.0.2490.13 Safari/537.36"
36.133.115.36 - - [24/Jun/2026:14:54:24 +0800] "POST /wp-cron.php?doing_wp_cron=1782284064.6772189140319824218750 HTTP/1.1" 200 31 "-" "WordPress/7.0; http://cqqizhou.com"
103.204.76.210 - - [24/Jun/2026:14:54:24 +0800] "GET /wp-login.php HTTP/1.1" 200 2821 "http://36.133.115.36" "Mozilla/5.0 (Windows NT 10.0; Win64; x64) AppleWebKit/537.36 (KHTML, like Gecko) Chrome/46.0.2490.13 Safari/537.36"
103.204.76.210 - - [24/Jun/2026:14:54:27 +0800] "POST /wp-login.php HTTP/1.1" 200 2979 "http://36.133.115.36" "Mozilla/5.0 (Windows NT 10.0; Win64; x64) AppleWebKit/537.36 (KHTML, like Gecko) Chrome/46.0.2490.13 Safari/537.36"
103.204.76.210 - - [24/Jun/2026:14:54:51 +0800] "GET /wp-login.php HTTP/1.1" 200 2821 "http://36.133.115.36" "Mozilla/5.0 (Windows NT 10.0; WOW64) AppleWebKit/537.36 (KHTML, like Gecko) Chrome/43.0.2357.124 Safari/537.36"
103.204.76.210 - - [24/Jun/2026:14:54:55 +0800] "POST /wp-login.php HTTP/1.1" 200 2979 "http://36.133.115.36" "Mozilla/5.0 (Windows NT 10.0; WOW64) AppleWebKit/537.36 (KHTML, like Gecko) Chrome/43.0.2357.124 Safari/537.36"
36.133.115.36 - - [24/Jun/2026:14:55:23 +0800] "POST /wp-cron.php?doing_wp_cron=1782284123.1443350315093994140625 HTTP/1.1" 200 31 "-" "WordPress/7.0; http://cqqizhou.com"
103.204.76.210 - - [24/Jun/2026:14:55:23 +0800] "GET /wp-login.php HTTP/1.1" 200 2821 "http://36.133.115.36" "Mozilla/5.0 (Windows NT 10.0; WOW64) AppleWebKit/537.36 (KHTML, like Gecko) Chrome/42.0.2311.152 Safari/537.36"
103.204.76.210 - - [24/Jun/2026:14:55:26 +0800] "POST /wp-login.php HTTP/1.1" 200 2979 "http://36.133.115.36" "Mozilla/5.0 (Windows NT 10.0; WOW64) AppleWebKit/537.36 (KHTML, like Gecko) Chrome/42.0.2311.152 Safari/537.36"
103.204.76.210 - - [24/Jun/2026:14:55:54 +0800] "GET /wp-login.php HTTP/1.1" 200 2821 "http://36.133.115.36" "Mozilla/5.0 (Windows NT 10.0; WOW64) AppleWebKit/537.36 (KHTML, like Gecko) Chrome/44.0.2403.155 Safari/537.36"
103.204.76.210 - - [24/Jun/2026:14:55:56 +0800] "POST /wp-login.php HTTP/1.1" 200 2979 "http://36.133.115.36" "Mozilla/5.0 (Windows NT 10.0; WOW64) AppleWebKit/537.36 (KHTML, like Gecko) Chrome/44.0.2403.155 Safari/537.36"
36.133.115.36 - - [24/Jun/2026:14:56:22 +0800] "POST /wp-cron.php?doing_wp_cron=1782284182.2692370414733886718750 HTTP/1.1" 200 31 "-" "WordPress/7.0; http://cqqizhou.com"
103.204.76.210 - - [24/Jun/2026:14:56:22 +0800] "GET /wp-login.php HTTP/1.1" 200 2821 "http://36.133.115.36" "Mozilla/5.0 (Windows NT 10.0; WOW64) AppleWebKit/537.36 (KHTML, like Gecko) Chrome/42.0.2311.152 Safari/537.36"
103.204.76.210 - - [24/Jun/2026:14:56:24 +0800] "POST /wp-login.php HTTP/1.1" 200 2979 "http://36.133.115.36" "Mozilla/5.0 (Windows NT 10.0; WOW64) AppleWebKit/537.36 (KHTML, like Gecko) Chrome/42.0.2311.152 Safari/537.36"
103.204.76.210 - - [24/Jun/2026:14:56:50 +0800] "GET /wp-login.php HTTP/1.1" 200 2821 "http://36.133.115.36" "Mozilla/5.0 (Windows NT 10.0; Win64; x64) AppleWebKit/537.36 (KHTML, like Gecko) Chrome/46.0.2490.22 Safari/537.36"
103.204.76.210 - - [24/Jun/2026:14:56:53 +0800] "POST /wp-login.php HTTP/1.1" 200 2979 "http://36.133.115.36" "Mozilla/5.0 (Windows NT 10.0; Win64; x64) AppleWebKit/537.36 (KHTML, like Gecko) Chrome/46.0.2490.22 Safari/537.36"
36.133.115.36 - - [24/Jun/2026:14:57:16 +0800] "POST /wp-cron.php?doing_wp_cron=1782284236.2115399837493896484375 HTTP/1.1" 200 31 "-" "WordPress/7.0; http://cqqizhou.com"
103.204.76.210 - - [24/Jun/2026:14:57:16 +0800] "GET /wp-login.php HTTP/1.1" 200 2821 "http://36.133.115.36" "Mozilla/5.0 (Windows NT 10.0; WOW64) AppleWebKit/537.36 (KHTML, like Gecko) Chrome/43.0.2357.130 Safari/537.36"
103.204.76.210 - - [24/Jun/2026:14:57:19 +0800] "POST /wp-login.php HTTP/1.1" 200 2979 "http://36.133.115.36" "Mozilla/5.0 (Windows NT 10.0; WOW64) AppleWebKit/537.36 (KHTML, like Gecko) Chrome/43.0.2357.130 Safari/537.36"
103.204.76.210 - - [24/Jun/2026:14:57:42 +0800] "GET /wp-login.php HTTP/1.1" 200 2821 "http://36.133.115.36" "Mozilla/5.0 (Windows NT 10.0; Win64; x64) AppleWebKit/537.36 (KHTML, like Gecko) Chrome/42.0.2311.135 Safari/537.36 Edge/12.10532"
103.204.76.210 - - [24/Jun/2026:14:57:45 +0800] "POST /wp-login.php HTTP/1.1" 200 2979 "http://36.133.115.36" "Mozilla/5.0 (Windows NT 10.0; Win64; x64) AppleWebKit/537.36 (KHTML, like Gecko) Chrome/42.0.2311.135 Safari/537.36 Edge/12.10532"
36.133.115.36 - - [24/Jun/2026:14:58:08 +0800] "POST /wp-cron.php?doing_wp_cron=1782284288.9044539928436279296875 HTTP/1.1" 200 31 "-" "WordPress/7.0; http://cqqizhou.com"
103.204.76.210 - - [24/Jun/2026:14:58:08 +0800] "GET /wp-login.php HTTP/1.1" 200 2821 "http://36.133.115.36" "Mozilla/5.0 (Windows NT 10.0; WOW64) AppleWebKit/537.36 (KHTML, like Gecko) Chrome/42.0.0.9895 Safari/537.36"
103.204.76.210 - - [24/Jun/2026:14:58:11 +0800] "POST /wp-login.php HTTP/1.1" 200 2979 "http://36.133.115.36" "Mozilla/5.0 (Windows NT 10.0; WOW64) AppleWebKit/537.36 (KHTML, like Gecko) Chrome/42.0.0.9895 Safari/537.36"
103.204.76.210 - - [24/Jun/2026:14:58:41 +0800] "GET /wp-login.php HTTP/1.1" 200 2821 "http://36.133.115.36" "Mozilla/5.0 (Windows NT 10.0; WOW64) AppleWebKit/537.36 (KHTML, like Gecko) Chrome/44.0.2403.130 Safari/537.36"
103.204.76.210 - - [24/Jun/2026:14:58:48 +0800] "POST /wp-login.php HTTP/1.1" 200 2979 "http://36.133.115.36" "Mozilla/5.0 (Windows NT 10.0; WOW64) AppleWebKit/537.36 (KHTML, like Gecko) Chrome/44.0.2403.130 Safari/537.36"
36.133.115.36 - - [24/Jun/2026:14:59:09 +0800] "POST /wp-cron.php?doing_wp_cron=1782284349.1867320537567138671875 HTTP/1.1" 200 31 "-" "WordPress/7.0; http://cqqizhou.com"
103.204.76.210 - - [24/Jun/2026:14:59:09 +0800] "GET /wp-login.php HTTP/1.1" 200 2821 "http://36.133.115.36" "Mozilla/5.0 (Windows NT 10.0; WOW64) AppleWebKit/537.36 (KHTML, like Gecko) Chrome/43.0.2357.132 Safari/537.36"
103.204.76.210 - - [24/Jun/2026:14:59:11 +0800] "POST /wp-login.php HTTP/1.1" 200 2979 "http://36.133.115.36" "Mozilla/5.0 (Windows NT 10.0; WOW64) AppleWebKit/537.36 (KHTML, like Gecko) Chrome/43.0.2357.132 Safari/537.36"
103.204.76.210 - - [24/Jun/2026:14:59:38 +0800] "GET /wp-login.php HTTP/1.1" 200 2821 "http://36.133.115.36" "Mozilla/5.0 (Windows NT 10.0; WOW64) AppleWebKit/537.36 (KHTML, like Gecko) Chrome/43.0.2357.130 Safari/537.36"
103.204.76.210 - - [24/Jun/2026:14:59:40 +0800] "POST /wp-login.php HTTP/1.1" 200 2979 "http://36.133.115.36" "Mozilla/5.0 (Windows NT 10.0; WOW64) AppleWebKit/537.36 (KHTML, like Gecko) Chrome/43.0.2357.130 Safari/537.36"
36.133.108.121 - - [24/Jun/2026:14:59:53 +0800] "HEAD /wp-admin/images/sql HTTP/1.1" 404 0 "-" "Mozilla/5.0 (Macintosh; U; Intel Mac OS X 10_6_6; sv-se) AppleWebKit/533.20.25 (KHTML, like Gecko) Version/5.0.4 Safari/533.20.27"
103.204.76.210 - - [24/Jun/2026:15:00:02 +0800] "GET /wp-login.php HTTP/1.1" 200 2821 "http://36.133.115.36" "Mozilla/5.0 (Windows NT 10.0; WOW64) AppleWebKit/537.36 (KHTML, like Gecko) Chrome/43.0.2357.130 Safari/537.36"
103.204.76.210 - - [24/Jun/2026:15:00:04 +0800] "POST /wp-login.php HTTP/1.1" 200 2979 "http://36.133.115.36" "Mozilla/5.0 (Windows NT 10.0; WOW64) AppleWebKit/537.36 (KHTML, like Gecko) Chrome/43.0.2357.130 Safari/537.36"
36.133.115.36 - - [24/Jun/2026:15:00:30 +0800] "POST /wp-cron.php?doing_wp_cron=1782284430.1013050079345703125000 HTTP/1.1" 200 31 "-" "WordPress/7.0; http://cqqizhou.com"
103.204.76.210 - - [24/Jun/2026:15:00:30 +0800] "GET /wp-login.php HTTP/1.1" 200 2821 "http://36.133.115.36" "Mozilla/5.0 (Windows NT 10.0; Win64; x64) AppleWebKit/537.36 (KHTML, like Gecko) Chrome/42.0.2311.135 Safari/537.36 Edge/12.10532"
103.204.76.210 - - [24/Jun/2026:15:00:32 +0800] "POST /wp-login.php HTTP/1.1" 200 2979 "http://36.133.115.36" "Mozilla/5.0 (Windows NT 10.0; Win64; x64) AppleWebKit/537.36 (KHTML, like Gecko) Chrome/42.0.2311.135 Safari/537.36 Edge/12.10532"
36.136.105.84 - - [24/Jun/2026:15:00:52 +0800] "GET /wp-json/oembed/1.0/embed?url=http%3A%2F%2Fcqqizhou.com%2Fabout HTTP/1.1" 200 1100 "-" "Mozilla/5.0 (Windows NT 10.0; Win64; x64) AppleWebKit/537.36 (KHTML, like Gecko) Chrome/142.0.0.0 Safari/537.36"
103.204.76.210 - - [24/Jun/2026:15:00:58 +0800] "GET /wp-login.php HTTP/1.1" 200 2821 "http://36.133.115.36" "Mozilla/5.0 (Windows NT 10.0; WOW64) AppleWebKit/537.36 (KHTML, like Gecko) Chrome/44.0.2403.155 Safari/537.36"
103.204.76.210 - - [24/Jun/2026:15:01:00 +0800] "POST /wp-login.php HTTP/1.1" 200 2979 "http://36.133.115.36" "Mozilla/5.0 (Windows NT 10.0; WOW64) AppleWebKit/537.36 (KHTML, like Gecko) Chrome/44.0.2403.155 Safari/537.36"
36.133.115.36 - - [24/Jun/2026:15:01:29 +0800] "POST /wp-cron.php?doing_wp_cron=1782284489.8954188823699951171875 HTTP/1.1" 200 31 "-" "WordPress/7.0; http://cqqizhou.com"
103.204.76.210 - - [24/Jun/2026:15:01:29 +0800] "GET /wp-login.php HTTP/1.1" 200 2821 "http://36.133.115.36" "Mozilla/5.0 (Windows NT 10.0; Win64; x64) AppleWebKit/537.36 (KHTML, like Gecko) Chrome/47.0.2505.0 Safari/537.36"
103.204.76.210 - - [24/Jun/2026:15:01:31 +0800] "POST /wp-login.php HTTP/1.1" 200 2979 "http://36.133.115.36" "Mozilla/5.0 (Windows NT 10.0; Win64; x64) AppleWebKit/537.36 (KHTML, like Gecko) Chrome/47.0.2505.0 Safari/537.36"
121.199.174.168 - - [24/Jun/2026:15:01:37 +0800] "GET / HTTP/1.0" 301 0 "-" "-"
121.199.174.168 - - [24/Jun/2026:15:01:48 +0800] "GET /nmaplowercheck1782284498 HTTP/1.1" 404 32862 "-" "Mozilla/5.0 (compatible; Nmap Scripting Engine; https://nmap.org/book/nse.html)"
121.199.174.168 - - [24/Jun/2026:15:01:48 +0800] "POST /sdk HTTP/1.1" 404 32862 "-" "Mozilla/5.0 (compatible; Nmap Scripting Engine; https://nmap.org/book/nse.html)"
121.199.174.168 - - [24/Jun/2026:15:01:50 +0800] "GET /HNAP1 HTTP/1.1" 404 32862 "-" "Mozilla/5.0 (compatible; Nmap Scripting Engine; https://nmap.org/book/nse.html)"
103.204.76.210 - - [24/Jun/2026:15:01:56 +0800] "GET /wp-login.php HTTP/1.1" 200 2821 "http://36.133.115.36" "Mozilla/5.0 (Windows NT 10.0; WOW64) AppleWebKit/537.36 (KHTML, like Gecko) Chrome/44.0.2403.157 Safari/537.36"
103.204.76.210 - - [24/Jun/2026:15:01:59 +0800] "POST /wp-login.php HTTP/1.1" 200 2979 "http://36.133.115.36" "Mozilla/5.0 (Windows NT 10.0; WOW64) AppleWebKit/537.36 (KHTML, like Gecko) Chrome/44.0.2403.157 Safari/537.36"
36.133.115.36 - - [24/Jun/2026:15:02:09 +0800] "POST /wp-cron.php?doing_wp_cron=1782284529.4083349704742431640625 HTTP/1.1" 200 31 "-" "WordPress/7.0; http://cqqizhou.com"
121.199.174.168 - - [24/Jun/2026:15:02:09 +0800] "GET / HTTP/1.0" 301 0 "-" "-"
121.199.174.168 - - [24/Jun/2026:15:02:10 +0800] "GET / HTTP/1.1" 301 5 "-" "-"
103.204.76.210 - - [24/Jun/2026:15:02:25 +0800] "GET /wp-login.php HTTP/1.1" 200 2821 "http://36.133.115.36" "Mozilla/5.0 (Windows NT 10.0; WOW64) AppleWebKit/537.36 (KHTML, like Gecko) Chrome/42.0.2311.152 Safari/537.36"
103.204.76.210 - - [24/Jun/2026:15:02:27 +0800] "POST /wp-login.php HTTP/1.1" 200 2979 "http://36.133.115.36" "Mozilla/5.0 (Windows NT 10.0; WOW64) AppleWebKit/537.36 (KHTML, like Gecko) Chrome/42.0.2311.152 Safari/537.36"
103.204.76.210 - - [24/Jun/2026:15:02:56 +0800] "GET /wp-login.php HTTP/1.1" 200 2821 "http://36.133.115.36" "Mozilla/5.0 (Windows NT 10.0; Win64; x64) AppleWebKit/537.36 (KHTML, like Gecko) Chrome/45.0.2454.85 Safari/537.36"
103.204.76.210 - - [24/Jun/2026:15:02:59 +0800] "POST /wp-login.php HTTP/1.1" 200 2979 "http://36.133.115.36" "Mozilla/5.0 (Windows NT 10.0; Win64; x64) AppleWebKit/537.36 (KHTML, like Gecko) Chrome/45.0.2454.85 Safari/537.36"
36.133.115.36 - - [24/Jun/2026:15:03:22 +0800] "POST /wp-cron.php?doing_wp_cron=1782284602.9284598827362060546875 HTTP/1.1" 200 31 "-" "WordPress/7.0; http://cqqizhou.com"
103.204.76.210 - - [24/Jun/2026:15:03:22 +0800] "GET /wp-login.php HTTP/1.1" 200 2821 "http://36.133.115.36" "Mozilla/5.0 (Windows NT 10.0; Win64; x64) AppleWebKit/537.36 (KHTML, like Gecko) Chrome/47.0.2503.0 Safari/537.36"
103.204.76.210 - - [24/Jun/2026:15:03:24 +0800] "POST /wp-login.php HTTP/1.1" 200 2979 "http://36.133.115.36" "Mozilla/5.0 (Windows NT 10.0; Win64; x64) AppleWebKit/537.36 (KHTML, like Gecko) Chrome/47.0.2503.0 Safari/537.36"
103.204.76.210 - - [24/Jun/2026:15:03:50 +0800] "GET /wp-login.php HTTP/1.1" 200 2821 "http://36.133.115.36" "Mozilla/5.0 (Windows NT 10.0) AppleWebKit/537.36 (KHTML, like Gecko) Chrome/45.0.2454.85 Safari/537.36"
103.204.76.210 - - [24/Jun/2026:15:03:52 +0800] "POST /wp-login.php HTTP/1.1" 200 2979 "http://36.133.115.36" "Mozilla/5.0 (Windows NT 10.0) AppleWebKit/537.36 (KHTML, like Gecko) Chrome/45.0.2454.85 Safari/537.36"
36.133.115.36 - - [24/Jun/2026:15:04:19 +0800] "POST /wp-cron.php?doing_wp_cron=1782284659.2748179435729980468750 HTTP/1.1" 200 31 "-" "WordPress/7.0; http://cqqizhou.com"
103.204.76.210 - - [24/Jun/2026:15:04:19 +0800] "GET /wp-login.php HTTP/1.1" 200 2821 "http://36.133.115.36" "Mozilla/5.0 (Windows NT 10.0; WOW64) AppleWebKit/537.36 (KHTML, like Gecko) Chrome/45.0.2454.85 Safari/537.36"
103.204.76.210 - - [24/Jun/2026:15:04:21 +0800] "POST /wp-login.php HTTP/1.1" 200 2979 "http://36.133.115.36" "Mozilla/5.0 (Windows NT 10.0; WOW64) AppleWebKit/537.36 (KHTML, like Gecko) Chrome/45.0.2454.85 Safari/537.36"
103.204.76.210 - - [24/Jun/2026:15:04:46 +0800] "GET /wp-login.php HTTP/1.1" 200 2821 "http://36.133.115.36" "Mozilla/5.0 (Windows NT 10.0; WOW64) AppleWebKit/537.36 (KHTML, like Gecko) Chrome/44.0.2403.157 Safari/537.36"
103.204.76.210 - - [24/Jun/2026:15:04:48 +0800] "POST /wp-login.php HTTP/1.1" 200 2979 "http://36.133.115.36" "Mozilla/5.0 (Windows NT 10.0; WOW64) AppleWebKit/537.36 (KHTML, like Gecko) Chrome/44.0.2403.157 Safari/537.36"
36.133.115.36 - - [24/Jun/2026:15:05:15 +0800] "POST /wp-cron.php?doing_wp_cron=1782284715.8724870681762695312500 HTTP/1.1" 200 31 "-" "WordPress/7.0; http://cqqizhou.com"
103.204.76.210 - - [24/Jun/2026:15:05:15 +0800] "GET /wp-login.php HTTP/1.1" 200 2821 "http://36.133.115.36" "Mozilla/5.0 (Windows NT 10.0; WOW64) AppleWebKit/537.36 (KHTML, like Gecko) Chrome/44.0.2403.130 Safari/537.36"
103.204.76.210 - - [24/Jun/2026:15:05:20 +0800] "POST /wp-login.php HTTP/1.1" 200 2979 "http://36.133.115.36" "Mozilla/5.0 (Windows NT 10.0; WOW64) AppleWebKit/537.36 (KHTML, like Gecko) Chrome/44.0.2403.130 Safari/537.36"
103.204.76.210 - - [24/Jun/2026:15:05:41 +0800] "GET /wp-login.php HTTP/1.1" 200 2821 "http://36.133.115.36" "Mozilla/5.0 (Windows NT 10.0; WOW64) AppleWebKit/537.36 (KHTML, like Gecko) Chrome/41.0.2272.104 AOL/9.8 AOLBuild/4346.13.US Safari/537.36"
103.204.76.210 - - [24/Jun/2026:15:05:43 +0800] "POST /wp-login.php HTTP/1.1" 200 2979 "http://36.133.115.36" "Mozilla/5.0 (Windows NT 10.0; WOW64) AppleWebKit/537.36 (KHTML, like Gecko) Chrome/41.0.2272.104 AOL/9.8 AOLBuild/4346.13.US Safari/537.36"
36.133.115.36 - - [24/Jun/2026:15:06:13 +0800] "POST /wp-cron.php?doing_wp_cron=1782284773.1935880184173583984375 HTTP/1.1" 200 31 "-" "WordPress/7.0; http://cqqizhou.com"
103.204.76.210 - - [24/Jun/2026:15:06:13 +0800] "GET /wp-login.php HTTP/1.1" 200 2821 "http://36.133.115.36" "Mozilla/5.0 (Windows NT 10.0) AppleWebKit/537.36 (KHTML, like Gecko) Chrome/45.0.2454.85 Safari/537.36"
103.204.76.210 - - [24/Jun/2026:15:06:15 +0800] "POST /wp-login.php HTTP/1.1" 200 2979 "http://36.133.115.36" "Mozilla/5.0 (Windows NT 10.0) AppleWebKit/537.36 (KHTML, like Gecko) Chrome/45.0.2454.85 Safari/537.36"
103.204.76.210 - - [24/Jun/2026:15:06:36 +0800] "GET /wp-login.php HTTP/1.1" 200 2821 "http://36.133.115.36" "Mozilla/5.0 (Windows NT 10.0) AppleWebKit/537.36 (KHTML, like Gecko) Chrome/42.0.2311.135 Safari/537.36 Edge/12.10240"
103.204.76.210 - - [24/Jun/2026:15:06:38 +0800] "POST /wp-login.php HTTP/1.1" 200 2979 "http://36.133.115.36" "Mozilla/5.0 (Windows NT 10.0) AppleWebKit/537.36 (KHTML, like Gecko) Chrome/42.0.2311.135 Safari/537.36 Edge/12.10240"
103.204.76.210 - - [24/Jun/2026:15:07:03 +0800] "GET /wp-login.php HTTP/1.1" 200 2821 "http://36.133.115.36" "Mozilla/5.0 (Windows NT 10.0; WOW64) AppleWebKit/537.36 (KHTML, like Gecko) Chrome/43.0.2357.132 Safari/537.36"
103.204.76.210 - - [24/Jun/2026:15:07:05 +0800] "POST /wp-login.php HTTP/1.1" 200 2979 "http://36.133.115.36" "Mozilla/5.0 (Windows NT 10.0; WOW64) AppleWebKit/537.36 (KHTML, like Gecko) Chrome/43.0.2357.132 Safari/537.36"
36.133.115.36 - - [24/Jun/2026:15:07:36 +0800] "POST /wp-cron.php?doing_wp_cron=1782284856.8913650512695312500000 HTTP/1.1" 200 31 "-" "WordPress/7.0; http://cqqizhou.com"
103.204.76.210 - - [24/Jun/2026:15:07:36 +0800] "GET /wp-login.php HTTP/1.1" 200 2821 "http://36.133.115.36" "Mozilla/5.0 (Windows NT 10.0; Win64; x64) AppleWebKit/537.36 (KHTML, like Gecko) Chrome/42.0.2311.135 Safari/537.36 Edge/12.10532"
103.204.76.210 - - [24/Jun/2026:15:07:39 +0800] "POST /wp-login.php HTTP/1.1" 200 2979 "http://36.133.115.36" "Mozilla/5.0 (Windows NT 10.0; Win64; x64) AppleWebKit/537.36 (KHTML, like Gecko) Chrome/42.0.2311.135 Safari/537.36 Edge/12.10532"
103.204.76.210 - - [24/Jun/2026:15:07:57 +0800] "GET /wp-login.php HTTP/1.1" 200 2821 "http://36.133.115.36" "Mozilla/5.0 (Windows NT 10.0; WOW64) AppleWebKit/537.36 (KHTML, like Gecko) Chrome/42.0.0.9895 Safari/537.36"
103.204.76.210 - - [24/Jun/2026:15:07:59 +0800] "POST /wp-login.php HTTP/1.1" 200 2979 "http://36.133.115.36" "Mozilla/5.0 (Windows NT 10.0; WOW64) AppleWebKit/537.36 (KHTML, like Gecko) Chrome/42.0.0.9895 Safari/537.36"
36.133.115.36 - - [24/Jun/2026:15:08:23 +0800] "POST /wp-cron.php?doing_wp_cron=1782284903.7582540512084960937500 HTTP/1.1" 200 31 "-" "WordPress/7.0; http://cqqizhou.com"
103.204.76.210 - - [24/Jun/2026:15:08:23 +0800] "GET /wp-login.php HTTP/1.1" 200 2821 "http://36.133.115.36" "Mozilla/5.0 (Windows NT 10.0; Win64; x64) AppleWebKit/537.36 (KHTML, like Gecko) Chrome/45.0.2454.85 Safari/537.36"
103.204.76.210 - - [24/Jun/2026:15:08:25 +0800] "POST /wp-login.php HTTP/1.1" 200 2979 "http://36.133.115.36" "Mozilla/5.0 (Windows NT 10.0; Win64; x64) AppleWebKit/537.36 (KHTML, like Gecko) Chrome/45.0.2454.85 Safari/537.36"
103.204.76.210 - - [24/Jun/2026:15:08:58 +0800] "GET /wp-login.php HTTP/1.1" 200 2821 "http://36.133.115.36" "Mozilla/5.0 (Windows NT 10.0; Win64; x64) AppleWebKit/537.36 (KHTML, like Gecko) Chrome/47.0.2503.0 Safari/537.36"
103.204.76.210 - - [24/Jun/2026:15:09:01 +0800] "POST /wp-login.php HTTP/1.1" 200 2979 "http://36.133.115.36" "Mozilla/5.0 (Windows NT 10.0; Win64; x64) AppleWebKit/537.36 (KHTML, like Gecko) Chrome/47.0.2503.0 Safari/537.36"
36.133.115.36 - - [24/Jun/2026:15:09:23 +0800] "POST /wp-cron.php?doing_wp_cron=1782284963.7420830726623535156250 HTTP/1.1" 200 31 "-" "WordPress/7.0; http://cqqizhou.com"
103.204.76.210 - - [24/Jun/2026:15:09:23 +0800] "GET /wp-login.php HTTP/1.1" 200 2821 "http://36.133.115.36" "Mozilla/5.0 (Windows NT 10.0; WOW64) AppleWebKit/537.36 (KHTML, like Gecko) Chrome/42.0.0.9895 Safari/537.36"
103.204.76.210 - - [24/Jun/2026:15:09:25 +0800] "POST /wp-login.php HTTP/1.1" 200 2979 "http://36.133.115.36" "Mozilla/5.0 (Windows NT 10.0; WOW64) AppleWebKit/537.36 (KHTML, like Gecko) Chrome/42.0.0.9895 Safari/537.36"
103.204.76.210 - - [24/Jun/2026:15:09:45 +0800] "GET /wp-login.php HTTP/1.1" 200 2821 "http://36.133.115.36" "Mozilla/5.0 (Windows NT 10.0; WOW64) AppleWebKit/537.36 (KHTML, like Gecko) Chrome/43.0.2357.124 Safari/537.36"
103.204.76.210 - - [24/Jun/2026:15:09:47 +0800] "POST /wp-login.php HTTP/1.1" 200 2979 "http://36.133.115.36" "Mozilla/5.0 (Windows NT 10.0; WOW64) AppleWebKit/537.36 (KHTML, like Gecko) Chrome/43.0.2357.124 Safari/537.36"
36.133.115.36 - - [24/Jun/2026:15:10:13 +0800] "POST /wp-cron.php?doing_wp_cron=1782285013.6634440422058105468750 HTTP/1.1" 200 31 "-" "WordPress/7.0; http://cqqizhou.com"
103.204.76.210 - - [24/Jun/2026:15:10:13 +0800] "GET /wp-login.php HTTP/1.1" 200 2821 "http://36.133.115.36" "Mozilla/5.0 (Windows NT 10.0; WOW64) AppleWebKit/537.36 (KHTML, like Gecko) Chrome/42.0.0.9895 Safari/537.36"
103.204.76.210 - - [24/Jun/2026:15:10:16 +0800] "POST /wp-login.php HTTP/1.1" 200 2979 "http://36.133.115.36" "Mozilla/5.0 (Windows NT 10.0; WOW64) AppleWebKit/537.36 (KHTML, like Gecko) Chrome/42.0.0.9895 Safari/537.36"
103.204.76.210 - - [24/Jun/2026:15:10:39 +0800] "GET /wp-login.php HTTP/1.1" 200 2821 "http://36.133.115.36" "Mozilla/5.0 (Windows NT 10.0; Win64; x64) AppleWebKit/537.36 (KHTML, like Gecko) Chrome/45.0.2454.85 Safari/537.36"
103.204.76.210 - - [24/Jun/2026:15:10:41 +0800] "POST /wp-login.php HTTP/1.1" 200 2979 "http://36.133.115.36" "Mozilla/5.0 (Windows NT 10.0; Win64; x64) AppleWebKit/537.36 (KHTML, like Gecko) Chrome/45.0.2454.85 Safari/537.36"
103.204.76.210 - - [24/Jun/2026:15:11:06 +0800] "GET /wp-login.php HTTP/1.1" 200 2821 "http://36.133.115.36" "Mozilla/5.0 (Windows NT 10.0; WOW64) AppleWebKit/537.36 (KHTML, like Gecko) Chrome/42.0.2311.152 Safari/537.36"
36.133.115.36 - - [24/Jun/2026:15:11:08 +0800] "POST /wp-cron.php?doing_wp_cron=1782285068.8614969253540039062500 HTTP/1.1" 200 31 "-" "WordPress/7.0; http://cqqizhou.com"
103.204.76.210 - - [24/Jun/2026:15:11:08 +0800] "POST /wp-login.php HTTP/1.1" 200 2979 "http://36.133.115.36" "Mozilla/5.0 (Windows NT 10.0; WOW64) AppleWebKit/537.36 (KHTML, like Gecko) Chrome/42.0.2311.152 Safari/537.36"
216.244.66.245 - - [24/Jun/2026:15:11:29 +0800] "GET /robots.txt HTTP/1.1" 200 390 "-" "Mozilla/5.0 (compatible; DotBot/1.2; +https://opensiteexplorer.org/dotbot; help@moz.com)"
103.204.76.210 - - [24/Jun/2026:15:11:31 +0800] "GET /wp-login.php HTTP/1.1" 200 2821 "http://36.133.115.36" "Mozilla/5.0 (Windows NT 10.0; WOW64) AppleWebKit/537.36 (KHTML, like Gecko) Chrome/45.0.2454.85 Safari/537.36"
103.204.76.210 - - [24/Jun/2026:15:11:36 +0800] "POST /wp-login.php HTTP/1.1" 200 2979 "http://36.133.115.36" "Mozilla/5.0 (Windows NT 10.0; WOW64) AppleWebKit/537.36 (KHTML, like Gecko) Chrome/45.0.2454.85 Safari/537.36"
103.204.76.210 - - [24/Jun/2026:15:11:54 +0800] "GET /wp-login.php HTTP/1.1" 200 2821 "http://36.133.115.36" "Mozilla/5.0 (Windows NT 10.0; Win64; x64) AppleWebKit/537.36 (KHTML, like Gecko) Chrome/44.0.2403.157 Safari/537.36"
103.204.76.210 - - [24/Jun/2026:15:11:55 +0800] "POST /wp-login.php HTTP/1.1" 200 2979 "http://36.133.115.36" "Mozilla/5.0 (Windows NT 10.0; Win64; x64) AppleWebKit/537.36 (KHTML, like Gecko) Chrome/44.0.2403.157 Safari/537.36"
36.133.115.36 - - [24/Jun/2026:15:12:21 +0800] "POST /wp-cron.php?doing_wp_cron=1782285141.8000459671020507812500 HTTP/1.1" 200 31 "-" "WordPress/7.0; http://cqqizhou.com"
103.204.76.210 - - [24/Jun/2026:15:12:21 +0800] "GET /wp-login.php HTTP/1.1" 200 2821 "http://36.133.115.36" "Mozilla/5.0 (Windows NT 10.0) AppleWebKit/537.36 (KHTML, like Gecko) Chrome/42.0.2311.135 Safari/537.36 Edge/12.10240"
103.204.76.210 - - [24/Jun/2026:15:12:25 +0800] "POST /wp-login.php HTTP/1.1" 200 2979 "http://36.133.115.36" "Mozilla/5.0 (Windows NT 10.0) AppleWebKit/537.36 (KHTML, like Gecko) Chrome/42.0.2311.135 Safari/537.36 Edge/12.10240"
103.204.76.210 - - [24/Jun/2026:15:12:53 +0800] "GET /wp-login.php HTTP/1.1" 200 2821 "http://36.133.115.36" "Mozilla/5.0 (Windows NT 10.0) AppleWebKit/537.36 (KHTML, like Gecko) Chrome/45.0.2454.85 Safari/537.36"
103.204.76.210 - - [24/Jun/2026:15:12:56 +0800] "POST /wp-login.php HTTP/1.1" 200 2979 "http://36.133.115.36" "Mozilla/5.0 (Windows NT 10.0) AppleWebKit/537.36 (KHTML, like Gecko) Chrome/45.0.2454.85 Safari/537.36"
36.133.115.36 - - [24/Jun/2026:15:13:12 +0800] "POST /wp-cron.php?doing_wp_cron=1782285192.3968100547790527343750 HTTP/1.1" 200 31 "-" "WordPress/7.0; http://cqqizhou.com"
103.204.76.210 - - [24/Jun/2026:15:13:12 +0800] "GET /wp-login.php HTTP/1.1" 200 2821 "http://36.133.115.36" "Mozilla/5.0 (Windows NT 10.0; Win64; x64) AppleWebKit/537.36 (KHTML, like Gecko) Chrome/46.0.2490.22 Safari/537.36"
103.204.76.210 - - [24/Jun/2026:15:13:14 +0800] "POST /wp-login.php HTTP/1.1" 200 2979 "http://36.133.115.36" "Mozilla/5.0 (Windows NT 10.0; Win64; x64) AppleWebKit/537.36 (KHTML, like Gecko) Chrome/46.0.2490.22 Safari/537.36"
103.204.76.210 - - [24/Jun/2026:15:13:38 +0800] "GET /wp-login.php HTTP/1.1" 200 2821 "http://36.133.115.36" "Mozilla/5.0 (Windows NT 10.0; WOW64) AppleWebKit/537.36 (KHTML, like Gecko) Chrome/44.0.2403.155 Safari/537.36 OPR/31.0.1889.174"
103.204.76.210 - - [24/Jun/2026:15:13:40 +0800] "POST /wp-login.php HTTP/1.1" 200 2979 "http://36.133.115.36" "Mozilla/5.0 (Windows NT 10.0; WOW64) AppleWebKit/537.36 (KHTML, like Gecko) Chrome/44.0.2403.155 Safari/537.36 OPR/31.0.1889.174"
103.204.76.210 - - [24/Jun/2026:15:14:05 +0800] "GET /wp-login.php HTTP/1.1" 200 2821 "http://36.133.115.36" "Mozilla/5.0 (Windows NT 10.0; WOW64) AppleWebKit/537.36 (KHTML, like Gecko) Chrome/42.0.0.9895 Safari/537.36"
103.204.76.210 - - [24/Jun/2026:15:14:07 +0800] "POST /wp-login.php HTTP/1.1" 200 2979 "http://36.133.115.36" "Mozilla/5.0 (Windows NT 10.0; WOW64) AppleWebKit/537.36 (KHTML, like Gecko) Chrome/42.0.0.9895 Safari/537.36"
36.133.115.36 - - [24/Jun/2026:15:14:36 +0800] "POST /wp-cron.php?doing_wp_cron=1782285276.3874380588531494140625 HTTP/1.1" 200 31 "-" "WordPress/7.0; http://cqqizhou.com"
103.204.76.210 - - [24/Jun/2026:15:14:36 +0800] "GET /wp-login.php HTTP/1.1" 200 2821 "http://36.133.115.36" "Mozilla/5.0 (Windows NT 10.0; WOW64) AppleWebKit/537.36 (KHTML, like Gecko) Chrome/44.0.2403.155 Safari/537.36 OPR/31.0.1889.174"
103.204.76.210 - - [24/Jun/2026:15:14:39 +0800] "POST /wp-login.php HTTP/1.1" 200 2979 "http://36.133.115.36" "Mozilla/5.0 (Windows NT 10.0; WOW64) AppleWebKit/537.36 (KHTML, like Gecko) Chrome/44.0.2403.155 Safari/537.36 OPR/31.0.1889.174"
103.204.76.210 - - [24/Jun/2026:15:15:03 +0800] "GET /wp-login.php HTTP/1.1" 200 2821 "http://36.133.115.36" "Mozilla/5.0 (Windows NT 10.0) AppleWebKit/537.36 (KHTML, like Gecko) Chrome/44.0.2403.157 Safari/537.36"
103.204.76.210 - - [24/Jun/2026:15:15:06 +0800] "POST /wp-login.php HTTP/1.1" 200 2979 "http://36.133.115.36" "Mozilla/5.0 (Windows NT 10.0) AppleWebKit/537.36 (KHTML, like Gecko) Chrome/44.0.2403.157 Safari/537.36"
36.133.115.36 - - [24/Jun/2026:15:15:28 +0800] "POST /wp-cron.php?doing_wp_cron=1782285328.4990930557250976562500 HTTP/1.1" 200 31 "-" "WordPress/7.0; http://cqqizhou.com"
103.204.76.210 - - [24/Jun/2026:15:15:28 +0800] "GET /wp-login.php HTTP/1.1" 200 2821 "http://36.133.115.36" "Mozilla/5.0 (Windows NT 10.0; Win64; x64) AppleWebKit/537.36 (KHTML, like Gecko) Chrome/42.0.2311.135 Safari/537.36 Edge/12.10532"
103.204.76.210 - - [24/Jun/2026:15:15:30 +0800] "POST /wp-login.php HTTP/1.1" 200 2979 "http://36.133.115.36" "Mozilla/5.0 (Windows NT 10.0; Win64; x64) AppleWebKit/537.36 (KHTML, like Gecko) Chrome/42.0.2311.135 Safari/537.36 Edge/12.10532"
103.204.76.210 - - [24/Jun/2026:15:15:48 +0800] "GET /wp-login.php HTTP/1.1" 200 2821 "http://36.133.115.36" "Mozilla/5.0 (Windows NT 10.0; Win64; x64) AppleWebKit/537.36 (KHTML, like Gecko) Chrome/47.0.2503.0 Safari/537.36"
103.204.76.210 - - [24/Jun/2026:15:15:50 +0800] "POST /wp-login.php HTTP/1.1" 200 2979 "http://36.133.115.36" "Mozilla/5.0 (Windows NT 10.0; Win64; x64) AppleWebKit/537.36 (KHTML, like Gecko) Chrome/47.0.2503.0 Safari/537.36"
36.133.115.36 - - [24/Jun/2026:15:16:21 +0800] "POST /wp-cron.php?doing_wp_cron=1782285381.6199049949645996093750 HTTP/1.1" 200 31 "-" "WordPress/7.0; http://cqqizhou.com"
103.204.76.210 - - [24/Jun/2026:15:16:21 +0800] "GET /wp-login.php HTTP/1.1" 200 2821 "http://36.133.115.36" "Mozilla/5.0 (Windows NT 10.0; Win64; x64) AppleWebKit/537.36 (KHTML, like Gecko) Chrome/45.0.2454.85 Safari/537.36"
103.204.76.210 - - [24/Jun/2026:15:16:25 +0800] "POST /wp-login.php HTTP/1.1" 200 2979 "http://36.133.115.36" "Mozilla/5.0 (Windows NT 10.0; Win64; x64) AppleWebKit/537.36 (KHTML, like Gecko) Chrome/45.0.2454.85 Safari/537.36"
103.204.76.210 - - [24/Jun/2026:15:16:47 +0800] "GET /wp-login.php HTTP/1.1" 200 2821 "http://36.133.115.36" "Mozilla/5.0 (Windows NT 10.0; WOW64) AppleWebKit/537.36 (KHTML, like Gecko) Chrome/44.0.2403.130 Safari/537.36"
103.204.76.210 - - [24/Jun/2026:15:16:49 +0800] "POST /wp-login.php HTTP/1.1" 200 2979 "http://36.133.115.36" "Mozilla/5.0 (Windows NT 10.0; WOW64) AppleWebKit/537.36 (KHTML, like Gecko) Chrome/44.0.2403.130 Safari/537.36"
36.133.115.36 - - [24/Jun/2026:15:17:17 +0800] "POST /wp-cron.php?doing_wp_cron=1782285437.3588008880615234375000 HTTP/1.1" 200 31 "-" "WordPress/7.0; http://cqqizhou.com"
103.204.76.210 - - [24/Jun/2026:15:17:17 +0800] "GET /wp-login.php HTTP/1.1" 200 2821 "http://36.133.115.36" "Mozilla/5.0 (Windows NT 10.0; WOW64) AppleWebKit/537.36 (KHTML, like Gecko) Chrome/44.0.2403.155 Safari/537.36 OPR/31.0.1889.174"
103.204.76.210 - - [24/Jun/2026:15:17:21 +0800] "POST /wp-login.php HTTP/1.1" 200 2979 "http://36.133.115.36" "Mozilla/5.0 (Windows NT 10.0; WOW64) AppleWebKit/537.36 (KHTML, like Gecko) Chrome/44.0.2403.155 Safari/537.36 OPR/31.0.1889.174"
103.204.76.210 - - [24/Jun/2026:15:17:38 +0800] "GET /wp-login.php HTTP/1.1" 200 2821 "http://36.133.115.36" "Mozilla/5.0 (Windows NT 10.0; WOW64) AppleWebKit/537.36 (KHTML, like Gecko) Chrome/44.0.2403.125 Safari/537.36"
103.204.76.210 - - [24/Jun/2026:15:17:41 +0800] "POST /wp-login.php HTTP/1.1" 200 2979 "http://36.133.115.36" "Mozilla/5.0 (Windows NT 10.0; WOW64) AppleWebKit/537.36 (KHTML, like Gecko) Chrome/44.0.2403.125 Safari/537.36"
103.204.76.210 - - [24/Jun/2026:15:18:03 +0800] "GET /wp-login.php HTTP/1.1" 200 2821 "http://36.133.115.36" "Mozilla/5.0 (Windows NT 10.0; WOW64) AppleWebKit/537.36 (KHTML, like Gecko) Chrome/44.0.2403.130 Safari/537.36"
103.204.76.210 - - [24/Jun/2026:15:18:06 +0800] "POST /wp-login.php HTTP/1.1" 200 2979 "http://36.133.115.36" "Mozilla/5.0 (Windows NT 10.0; WOW64) AppleWebKit/537.36 (KHTML, like Gecko) Chrome/44.0.2403.130 Safari/537.36"
36.133.115.36 - - [24/Jun/2026:15:18:24 +0800] "POST /wp-cron.php?doing_wp_cron=1782285504.3459439277648925781250 HTTP/1.1" 200 31 "-" "WordPress/7.0; http://cqqizhou.com"
103.204.76.210 - - [24/Jun/2026:15:18:24 +0800] "GET /wp-login.php HTTP/1.1" 200 2821 "http://36.133.115.36" "Mozilla/5.0 (Windows NT 10.0; Win64; x64) AppleWebKit/537.36 (KHTML, like Gecko) Chrome/47.0.2505.0 Safari/537.36"
103.204.76.210 - - [24/Jun/2026:15:18:26 +0800] "POST /wp-login.php HTTP/1.1" 200 2979 "http://36.133.115.36" "Mozilla/5.0 (Windows NT 10.0; Win64; x64) AppleWebKit/537.36 (KHTML, like Gecko) Chrome/47.0.2505.0 Safari/537.36"
216.244.66.245 - - [24/Jun/2026:15:18:40 +0800] "GET /news/2597 HTTP/1.1" 200 85597 "-" "Mozilla/5.0 (compatible; DotBot/1.2; +https://opensiteexplorer.org/dotbot; help@moz.com)"
103.204.76.210 - - [24/Jun/2026:15:18:53 +0800] "GET /wp-login.php HTTP/1.1" 200 2821 "http://36.133.115.36" "Mozilla/5.0 (Windows NT 10.0; WOW64) AppleWebKit/537.36 (KHTML, like Gecko) Chrome/44.0.2403.155 Safari/537.36 OPR/31.0.1889.174"
103.204.76.210 - - [24/Jun/2026:15:18:55 +0800] "POST /wp-login.php HTTP/1.1" 200 2979 "http://36.133.115.36" "Mozilla/5.0 (Windows NT 10.0; WOW64) AppleWebKit/537.36 (KHTML, like Gecko) Chrome/44.0.2403.155 Safari/537.36 OPR/31.0.1889.174"
36.133.115.36 - - [24/Jun/2026:15:19:18 +0800] "POST /wp-cron.php?doing_wp_cron=1782285558.9385890960693359375000 HTTP/1.1" 200 31 "-" "WordPress/7.0; http://cqqizhou.com"
103.204.76.210 - - [24/Jun/2026:15:19:18 +0800] "GET /wp-login.php HTTP/1.1" 200 2821 "http://36.133.115.36" "Mozilla/5.0 (Windows NT 10.0; WOW64) AppleWebKit/537.36 (KHTML, like Gecko) Chrome/44.0.2403.130 Safari/537.36"
103.204.76.210 - - [24/Jun/2026:15:19:21 +0800] "POST /wp-login.php HTTP/1.1" 200 2979 "http://36.133.115.36" "Mozilla/5.0 (Windows NT 10.0; WOW64) AppleWebKit/537.36 (KHTML, like Gecko) Chrome/44.0.2403.130 Safari/537.36"
103.204.76.210 - - [24/Jun/2026:15:19:43 +0800] "GET /wp-login.php HTTP/1.1" 200 2821 "http://36.133.115.36" "Mozilla/5.0 (Windows NT 10.0; WOW64) AppleWebKit/537.36 (KHTML, like Gecko) Chrome/43.0.2357.134 Safari/537.36"
103.204.76.210 - - [24/Jun/2026:15:19:45 +0800] "POST /wp-login.php HTTP/1.1" 200 2979 "http://36.133.115.36" "Mozilla/5.0 (Windows NT 10.0; WOW64) AppleWebKit/537.36 (KHTML, like Gecko) Chrome/43.0.2357.134 Safari/537.36"
36.133.115.36 - - [24/Jun/2026:15:20:16 +0800] "POST /wp-cron.php?doing_wp_cron=1782285616.6859059333801269531250 HTTP/1.1" 200 31 "-" "WordPress/7.0; http://cqqizhou.com"
103.204.76.210 - - [24/Jun/2026:15:20:16 +0800] "GET /wp-login.php HTTP/1.1" 200 2821 "http://36.133.115.36" "Mozilla/5.0 (Windows NT 10.0; WOW64) AppleWebKit/537.36 (KHTML, like Gecko) Chrome/44.0.2403.130 Safari/537.36"
103.204.76.210 - - [24/Jun/2026:15:20:20 +0800] "POST /wp-login.php HTTP/1.1" 200 2979 "http://36.133.115.36" "Mozilla/5.0 (Windows NT 10.0; WOW64) AppleWebKit/537.36 (KHTML, like Gecko) Chrome/44.0.2403.130 Safari/537.36"
103.204.76.210 - - [24/Jun/2026:15:20:44 +0800] "GET /wp-login.php HTTP/1.1" 200 2821 "http://36.133.115.36" "Mozilla/5.0 (Windows NT 10.0; Win64; x64) AppleWebKit/537.36 (KHTML, like Gecko) Chrome/44.0.2403.157 Safari/537.36"
103.204.76.210 - - [24/Jun/2026:15:20:46 +0800] "POST /wp-login.php HTTP/1.1" 200 2979 "http://36.133.115.36" "Mozilla/5.0 (Windows NT 10.0; Win64; x64) AppleWebKit/537.36 (KHTML, like Gecko) Chrome/44.0.2403.157 Safari/537.36"
36.133.115.36 - - [24/Jun/2026:15:21:09 +0800] "POST /wp-cron.php?doing_wp_cron=1782285669.3000190258026123046875 HTTP/1.1" 200 31 "-" "WordPress/7.0; http://cqqizhou.com"
103.204.76.210 - - [24/Jun/2026:15:21:09 +0800] "GET /wp-login.php HTTP/1.1" 200 2821 "http://36.133.115.36" "Mozilla/5.0 (Windows NT 10.0; WOW64) AppleWebKit/537.36 (KHTML, like Gecko) Chrome/44.0.2403.155 Safari/537.36"
103.204.76.210 - - [24/Jun/2026:15:21:12 +0800] "POST /wp-login.php HTTP/1.1" 200 2979 "http://36.133.115.36" "Mozilla/5.0 (Windows NT 10.0; WOW64) AppleWebKit/537.36 (KHTML, like Gecko) Chrome/44.0.2403.155 Safari/537.36"
103.204.76.210 - - [24/Jun/2026:15:21:31 +0800] "GET /wp-login.php HTTP/1.1" 200 2821 "http://36.133.115.36" "Mozilla/5.0 (Windows NT 10.0; Win64; x64) AppleWebKit/537.36 (KHTML, like Gecko) Chrome/42.0.2311.135 Safari/537.36 Edge/12.10240"
103.204.76.210 - - [24/Jun/2026:15:21:33 +0800] "POST /wp-login.php HTTP/1.1" 200 2979 "http://36.133.115.36" "Mozilla/5.0 (Windows NT 10.0; Win64; x64) AppleWebKit/537.36 (KHTML, like Gecko) Chrome/42.0.2311.135 Safari/537.36 Edge/12.10240"
103.204.76.210 - - [24/Jun/2026:15:21:57 +0800] "GET /wp-login.php HTTP/1.1" 200 2821 "http://36.133.115.36" "Mozilla/5.0 (Windows NT 10.0; Win64; x64) AppleWebKit/537.36 (KHTML, like Gecko) Chrome/47.0.2505.0 Safari/537.36"
103.204.76.210 - - [24/Jun/2026:15:21:59 +0800] "POST /wp-login.php HTTP/1.1" 200 2979 "http://36.133.115.36" "Mozilla/5.0 (Windows NT 10.0; Win64; x64) AppleWebKit/537.36 (KHTML, like Gecko) Chrome/47.0.2505.0 Safari/537.36"
104.199.11.242 - - [24/Jun/2026:15:22:07 +0800] "GET / HTTP/1.1" 200 35184 "-" "Mozilla/5.0 (Windows NT 10.0; Win64; x64) AppleWebKit/537.36 (KHTML, like Gecko) Chrome/127.0.0.0 Safari/537.36"
36.133.115.36 - - [24/Jun/2026:15:22:24 +0800] "POST /wp-cron.php?doing_wp_cron=1782285744.7996320724487304687500 HTTP/1.1" 200 31 "-" "WordPress/7.0; http://cqqizhou.com"
103.204.76.210 - - [24/Jun/2026:15:22:24 +0800] "GET /wp-login.php HTTP/1.1" 200 2821 "http://36.133.115.36" "Mozilla/5.0 (Windows NT 10.0; WOW64) AppleWebKit/537.36 (KHTML, like Gecko) Chrome/41.0.2272.104 AOL/9.8 AOLBuild/4346.13.US Safari/537.36"
103.204.76.210 - - [24/Jun/2026:15:22:26 +0800] "POST /wp-login.php HTTP/1.1" 200 2979 "http://36.133.115.36" "Mozilla/5.0 (Windows NT 10.0; WOW64) AppleWebKit/537.36 (KHTML, like Gecko) Chrome/41.0.2272.104 AOL/9.8 AOLBuild/4346.13.US Safari/537.36"
35.205.12.253 - - [24/Jun/2026:15:22:29 +0800] "OPTIONS / HTTP/1.1" 405 150 "-" "Mozilla/5.0 (compatible)"
35.205.12.253 - - [24/Jun/2026:15:22:30 +0800] "ELAP / HTTP/1.1" 405 150 "-" "Mozilla/5.0 (compatible)"
35.205.12.253 - - [24/Jun/2026:15:22:30 +0800] "GET / HTTP/1.1" 301 5 "-" "Mozilla/5.0 (compatible; nmap-http-info)"
35.205.12.253 - - [24/Jun/2026:15:22:31 +0800] "GET / HTTP/1.1" 301 5 "-" "Mozilla/5.0 (compatible)"
35.205.12.253 - - [24/Jun/2026:15:22:33 +0800] "HEAD / HTTP/1.1" 301 0 "-" "Mozilla/5.0 (compatible)"
35.205.12.253 - - [24/Jun/2026:15:22:35 +0800] "POST / HTTP/1.1" 200 158049 "-" "Mozilla/5.0 (compatible)"
35.205.12.253 - - [24/Jun/2026:15:22:36 +0800] "OPTIONS / HTTP/1.1" 405 150 "-" "Mozilla/5.0 (compatible)"
103.204.76.210 - - [24/Jun/2026:15:22:49 +0800] "GET /wp-login.php HTTP/1.1" 200 2821 "http://36.133.115.36" "Mozilla/5.0 (Windows NT 10.0; WOW64) AppleWebKit/537.36 (KHTML, like Gecko) Chrome/42.0.2311.152 Safari/537.36"
103.204.76.210 - - [24/Jun/2026:15:22:53 +0800] "POST /wp-login.php HTTP/1.1" 200 2979 "http://36.133.115.36" "Mozilla/5.0 (Windows NT 10.0; WOW64) AppleWebKit/537.36 (KHTML, like Gecko) Chrome/42.0.2311.152 Safari/537.36"
36.133.115.36 - - [24/Jun/2026:15:23:14 +0800] "POST /wp-cron.php?doing_wp_cron=1782285794.1690869331359863281250 HTTP/1.1" 200 31 "-" "WordPress/7.0; http://cqqizhou.com"
103.204.76.210 - - [24/Jun/2026:15:23:14 +0800] "GET /wp-login.php HTTP/1.1" 200 2821 "http://36.133.115.36" "Mozilla/5.0 (Windows NT 10.0; WOW64) AppleWebKit/537.36 (KHTML, like Gecko) Chrome/45.0.2454.85 Safari/537.36"
103.204.76.210 - - [24/Jun/2026:15:23:15 +0800] "POST /wp-login.php HTTP/1.1" 200 2979 "http://36.133.115.36" "Mozilla/5.0 (Windows NT 10.0; WOW64) AppleWebKit/537.36 (KHTML, like Gecko) Chrome/45.0.2454.85 Safari/537.36"
103.204.76.210 - - [24/Jun/2026:15:23:40 +0800] "GET /wp-login.php HTTP/1.1" 200 2821 "http://36.133.115.36" "Mozilla/5.0 (Windows NT 10.0; WOW64) AppleWebKit/537.36 (KHTML, like Gecko) Chrome/44.0.2403.155 Safari/537.36 OPR/31.0.1889.174"
103.204.76.210 - - [24/Jun/2026:15:23:42 +0800] "POST /wp-login.php HTTP/1.1" 200 2979 "http://36.133.115.36" "Mozilla/5.0 (Windows NT 10.0; WOW64) AppleWebKit/537.36 (KHTML, like Gecko) Chrome/44.0.2403.155 Safari/537.36 OPR/31.0.1889.174"
103.204.76.210 - - [24/Jun/2026:15:24:07 +0800] "GET /wp-login.php HTTP/1.1" 200 2821 "http://36.133.115.36" "Mozilla/5.0 (Windows NT 10.0; WOW64) AppleWebKit/537.36 (KHTML, like Gecko) Chrome/43.0.2357.130 Safari/537.36"
36.133.115.36 - - [24/Jun/2026:15:24:09 +0800] "POST /wp-cron.php?doing_wp_cron=1782285849.1774439811706542968750 HTTP/1.1" 200 31 "-" "WordPress/7.0; http://cqqizhou.com"
103.204.76.210 - - [24/Jun/2026:15:24:09 +0800] "POST /wp-login.php HTTP/1.1" 200 2979 "http://36.133.115.36" "Mozilla/5.0 (Windows NT 10.0; WOW64) AppleWebKit/537.36 (KHTML, like Gecko) Chrome/43.0.2357.130 Safari/537.36"
103.204.76.210 - - [24/Jun/2026:15:24:33 +0800] "GET /wp-login.php HTTP/1.1" 200 2821 "http://36.133.115.36" "Mozilla/5.0 (Windows NT 10.0; WOW64) AppleWebKit/537.36 (KHTML, like Gecko) Chrome/43.0.2357.130 Safari/537.36"
103.204.76.210 - - [24/Jun/2026:15:24:36 +0800] "POST /wp-login.php HTTP/1.1" 200 2979 "http://36.133.115.36" "Mozilla/5.0 (Windows NT 10.0; WOW64) AppleWebKit/537.36 (KHTML, like Gecko) Chrome/43.0.2357.130 Safari/537.36"
103.204.76.210 - - [24/Jun/2026:15:25:07 +0800] "GET /wp-login.php HTTP/1.1" 200 2821 "http://36.133.115.36" "Mozilla/5.0 (Windows NT 10.0; WOW64) AppleWebKit/537.36 (KHTML, like Gecko) Chrome/43.0.2357.124 Safari/537.36"
36.133.115.36 - - [24/Jun/2026:15:25:10 +0800] "POST /wp-cron.php?doing_wp_cron=1782285910.5701749324798583984375 HTTP/1.1" 200 31 "-" "WordPress/7.0; http://cqqizhou.com"
103.204.76.210 - - [24/Jun/2026:15:25:10 +0800] "POST /wp-login.php HTTP/1.1" 200 2979 "http://36.133.115.36" "Mozilla/5.0 (Windows NT 10.0; WOW64) AppleWebKit/537.36 (KHTML, like Gecko) Chrome/43.0.2357.124 Safari/537.36"
103.204.76.210 - - [24/Jun/2026:15:25:26 +0800] "GET /wp-login.php HTTP/1.1" 200 2821 "http://36.133.115.36" "Mozilla/5.0 (Windows NT 10.0; WOW64) AppleWebKit/537.36 (KHTML, like Gecko) Chrome/43.0.2357.134 Safari/537.36"
103.204.76.210 - - [24/Jun/2026:15:25:28 +0800] "POST /wp-login.php HTTP/1.1" 200 2979 "http://36.133.115.36" "Mozilla/5.0 (Windows NT 10.0; WOW64) AppleWebKit/537.36 (KHTML, like Gecko) Chrome/43.0.2357.134 Safari/537.36"
103.204.76.210 - - [24/Jun/2026:15:25:52 +0800] "GET /wp-login.php HTTP/1.1" 200 2821 "http://36.133.115.36" "Mozilla/5.0 (Windows NT 10.0; WOW64) AppleWebKit/537.36 (KHTML, like Gecko) Chrome/43.0.2357.130 Safari/537.36"
103.204.76.210 - - [24/Jun/2026:15:25:55 +0800] "POST /wp-login.php HTTP/1.1" 200 2979 "http://36.133.115.36" "Mozilla/5.0 (Windows NT 10.0; WOW64) AppleWebKit/537.36 (KHTML, like Gecko) Chrome/43.0.2357.130 Safari/537.36"
