36.133.115.36 - - [24/Jun/2026:19:49:15 +0800] "POST /wp-cron.php?doing_wp_cron=1782301755.5126590728759765625000 HTTP/1.1" 200 31 "-" "WordPress/7.0; http://cqqizhou.com"
36.133.108.125 - - [24/Jun/2026:19:49:15 +0800] "HEAD /wp-includes/js/statistics HTTP/1.1" 404 0 "-" "Mozilla/5.0 (Macintosh; U; Intel Mac OS X 10_6_6; en-gb) AppleWebKit/533.20.25 (KHTML, like Gecko) Version/5.0.4 Safari/533.20.27"
36.133.115.36 - - [24/Jun/2026:19:51:50 +0800] "POST /wp-cron.php?doing_wp_cron=1782301910.2144010066986083984375 HTTP/1.1" 200 31 "-" "WordPress/7.0; http://cqqizhou.com"
43.135.172.89 - - [24/Jun/2026:19:51:50 +0800] "GET / HTTP/1.1" 301 5 "-" "Mozilla/5.0 (iPhone; CPU iPhone OS 13_2_3 like Mac OS X) AppleWebKit/605.1.15 (KHTML, like Gecko) Version/13.0.3 Mobile/15E148 Safari/604.1"
43.135.172.89 - - [24/Jun/2026:19:51:52 +0800] "GET / HTTP/1.1" 200 35183 "http://www.cqqizhou.com" "Mozilla/5.0 (iPhone; CPU iPhone OS 13_2_3 like Mac OS X) AppleWebKit/605.1.15 (KHTML, like Gecko) Version/13.0.3 Mobile/15E148 Safari/604.1"
36.133.115.36 - - [24/Jun/2026:20:09:42 +0800] "POST /wp-cron.php?doing_wp_cron=1782302982.4369349479675292968750 HTTP/1.1" 200 31 "-" "WordPress/7.0; http://cqqizhou.com"
36.133.108.121 - - [24/Jun/2026:20:09:42 +0800] "HEAD /2013 HTTP/1.1" 404 0 "-" "Mozilla/5.0 (compatible; MSIE 8.0; Windows NT 5.2; Trident/4.0; Media Center PC 4.0; SLCC1; .NET CLR 3.0.04320)"
36.133.115.36 - - [24/Jun/2026:20:18:03 +0800] "POST /wp-cron.php?doing_wp_cron=1782303483.4880750179290771484375 HTTP/1.1" 200 31 "-" "WordPress/7.0; http://cqqizhou.com"
36.133.108.121 - - [24/Jun/2026:20:18:03 +0800] "HEAD /wp-content/languages/c HTTP/1.1" 404 0 "-" "Mozilla/5.0 (iPad; U; CPU OS 3_2 like Mac OS X; en-us) AppleWebKit/531.21.10 (KHTML, like Gecko) Version/4.0.4 Mobile/7B334b Safari/531.21.10"
36.133.108.121 - - [24/Jun/2026:20:19:34 +0800] "HEAD /wp-content/upgrade/settings.php HTTP/1.1" 404 0 "-" "Mozilla/5.0 (Windows NT 6.2; WOW64) AppleWebKit/537.36 (KHTML, like Gecko) Chrome/30.0.1599.17 Safari/537.36"
36.133.115.36 - - [24/Jun/2026:20:27:26 +0800] "POST /wp-cron.php?doing_wp_cron=1782304046.0762579441070556640625 HTTP/1.1" 200 31 "-" "WordPress/7.0; http://cqqizhou.com"
36.133.108.119 - - [24/Jun/2026:20:27:26 +0800] "HEAD /wp-includes/build/dav HTTP/1.1" 404 0 "-" "Mozilla/5.0 (compatible; MSIE 8.0; Windows NT 5.1; Trident/4.0; .NET CLR 1.1.4322; .NET CLR 2.0.50727)"
36.133.115.36 - - [24/Jun/2026:20:30:51 +0800] "POST /wp-cron.php?doing_wp_cron=1782304251.2876350879669189453125 HTTP/1.1" 200 31 "-" "WordPress/7.0; http://cqqizhou.com"
36.133.108.125 - - [24/Jun/2026:20:30:51 +0800] "HEAD /wp-content/fonts/customers.mdb HTTP/1.1" 404 0 "-" "Mozilla/5.0 (Macintosh; U; Intel Mac OS X 10_6_6; fr-ch) AppleWebKit/533.19.4 (KHTML, like Gecko) Version/5.0.3 Safari/533.19.4"
36.133.115.36 - - [24/Jun/2026:20:34:00 +0800] "POST /wp-cron.php?doing_wp_cron=1782304440.8658490180969238281250 HTTP/1.1" 200 31 "-" "WordPress/7.0; http://cqqizhou.com"
177.235.154.31 - - [24/Jun/2026:20:34:00 +0800] "GET /.env HTTP/1.1" 404 9499 "-" "Mozilla/5.0 (Linux; U; Android 4.4.2; en-US; HM NOTE 1W Build/KOT49H) AppleWebKit/534.30 (KHTML, like Gecko) Version/4.0 UCBrowser/11.0.5.850 U3/0.8.0 Mobile Safari/534.30"
36.133.115.36 - - [24/Jun/2026:20:38:13 +0800] "POST /wp-cron.php?doing_wp_cron=1782304693.0900468826293945312500 HTTP/1.1" 200 31 "-" "WordPress/7.0; http://cqqizhou.com"
216.244.66.245 - - [24/Jun/2026:20:38:13 +0800] "GET /robots.txt HTTP/1.1" 200 390 "-" "Mozilla/5.0 (compatible; DotBot/1.2; +https://opensiteexplorer.org/dotbot; help@moz.com)"
36.133.115.36 - - [24/Jun/2026:20:46:36 +0800] "POST /wp-cron.php?doing_wp_cron=1782305196.5237760543823242187500 HTTP/1.1" 200 31 "-" "WordPress/7.0; http://cqqizhou.com"
216.244.66.245 - - [24/Jun/2026:20:46:36 +0800] "GET /2155/ HTTP/1.1" 301 5 "-" "Mozilla/5.0 (compatible; DotBot/1.2; +https://opensiteexplorer.org/dotbot; help@moz.com)"
216.244.66.245 - - [24/Jun/2026:20:46:43 +0800] "GET /news/2163 HTTP/1.1" 200 85125 "-" "Mozilla/5.0 (compatible; DotBot/1.2; +https://opensiteexplorer.org/dotbot; help@moz.com)"
36.133.115.36 - - [24/Jun/2026:20:50:51 +0800] "POST /wp-cron.php?doing_wp_cron=1782305451.5464870929718017578125 HTTP/1.1" 200 31 "-" "WordPress/7.0; http://cqqizhou.com"
36.133.108.119 - - [24/Jun/2026:20:50:51 +0800] "HEAD /wp-admin/images/SQL HTTP/1.1" 404 0 "-" "Mozilla/5.0 (compatible; MSIE 8.0; Windows NT 5.1; Trident/4.0; SLCC1; .NET CLR 3.0.4506.2152; .NET CLR 3.5.30729; .NET CLR 1.1.4322)"
36.133.115.36 - - [24/Jun/2026:21:00:17 +0800] "POST /wp-cron.php?doing_wp_cron=1782306017.7749550342559814453125 HTTP/1.1" 200 31 "-" "WordPress/7.0; http://cqqizhou.com"
36.133.108.119 - - [24/Jun/2026:21:00:17 +0800] "HEAD /wp-content/upgrade/connect.inc HTTP/1.1" 404 0 "-" "Mozilla/5.0 (compatible; MSIE 8.0; Windows NT 5.1; Trident/4.0; SLCC1; .NET CLR 3.0.4506.2152; .NET CLR 3.5.30729; .NET CLR 1.1.4322)"
120.241.208.9 - - [24/Jun/2026:21:00:28 +0800] "GET /2163/ HTTP/1.1" 301 5 "-" "Mozilla/5.0 (Windows NT 10.0; Win64; x64) AppleWebKit/537.36 (KHTML, like Gecko) Chrome/133.0.0.0 Safari/537.36"
120.241.208.9 - - [24/Jun/2026:21:00:28 +0800] "GET /news/2163 HTTP/1.1" 200 24562 "http://cqqizhou.com/2163/" "Mozilla/5.0 (Windows NT 10.0; Win64; x64) AppleWebKit/537.36 (KHTML, like Gecko) Chrome/133.0.0.0 Safari/537.36"
36.133.115.36 - - [24/Jun/2026:21:01:52 +0800] "POST /wp-cron.php?doing_wp_cron=1782306112.3388509750366210937500 HTTP/1.1" 200 31 "-" "WordPress/7.0; http://cqqizhou.com"
43.165.170.119 - - [24/Jun/2026:21:01:52 +0800] "GET / HTTP/1.1" 200 35183 "-" "Mozilla/5.0 (iPhone; CPU iPhone OS 13_2_3 like Mac OS X) AppleWebKit/605.1.15 (KHTML, like Gecko) Version/13.0.3 Mobile/15E148 Safari/604.1"
36.133.108.121 - - [24/Jun/2026:21:02:03 +0800] "HEAD /wp-content/languages/_sqladm HTTP/1.1" 404 0 "-" "Mozilla/5.0 (Windows NT 6.2; WOW64) AppleWebKit/537.36 (KHTML, like Gecko) Chrome/30.0.1599.17 Safari/537.36"
36.133.115.36 - - [24/Jun/2026:21:07:11 +0800] "POST /wp-cron.php?doing_wp_cron=1782306431.6580090522766113281250 HTTP/1.1" 200 31 "-" "WordPress/7.0; http://cqqizhou.com"
36.133.108.121 - - [24/Jun/2026:21:07:11 +0800] "HEAD /wp-includes/fonts/dead.letter HTTP/1.1" 404 0 "-" "Mozilla/5.0 (Macintosh; Intel Mac OS X 10_7_5) AppleWebKit/537.36 (KHTML, like Gecko) Chrome/27.0.1453.93 Safari/537.36"
36.133.115.36 - - [24/Jun/2026:21:20:57 +0800] "POST /wp-cron.php?doing_wp_cron=1782307257.6964929103851318359375 HTTP/1.1" 200 31 "-" "WordPress/7.0; http://cqqizhou.com"
36.133.108.125 - - [24/Jun/2026:21:20:57 +0800] "HEAD /process/processing?id=952298%2540 HTTP/1.1" 404 0 "-" "Mozilla/5.0 (Windows NT 6.1; WOW64; rv:31.0) Gecko/20130401 Firefox/31.0"
36.133.115.36 - - [24/Jun/2026:21:29:59 +0800] "POST /wp-cron.php?doing_wp_cron=1782307799.8319780826568603515625 HTTP/1.1" 200 31 "-" "WordPress/7.0; http://cqqizhou.com"
1.15.52.154 - - [24/Jun/2026:21:29:59 +0800] "GET / HTTP/1.1" 301 5 "-" "Mozilla/5.0 (iPhone; CPU iPhone OS 13_2_3 like Mac OS X) AppleWebKit/605.1.15 (KHTML, like Gecko) Version/13.0.3 Mobile/15E148 Safari/604.1"
1.15.52.154 - - [24/Jun/2026:21:30:04 +0800] "GET / HTTP/1.1" 200 35184 "http://www.cqqizhou.com" "Mozilla/5.0 (iPhone; CPU iPhone OS 13_2_3 like Mac OS X) AppleWebKit/605.1.15 (KHTML, like Gecko) Version/13.0.3 Mobile/15E148 Safari/604.1"
36.133.115.36 - - [24/Jun/2026:22:06:34 +0800] "POST /wp-cron.php?doing_wp_cron=1782309994.4419879913330078125000 HTTP/1.1" 200 31 "-" "WordPress/7.0; http://cqqizhou.com"
36.133.108.121 - - [24/Jun/2026:22:06:34 +0800] "HEAD /wp-content/fonts%20XjGuP/ HTTP/1.1" 404 0 "-" "Mozilla/5.0 (Windows NT 6.1; rv:27.3) Gecko/20130101 Firefox/27.3"
36.133.115.36 - - [24/Jun/2026:22:11:56 +0800] "POST /wp-cron.php?doing_wp_cron=1782310316.7014050483703613281250 HTTP/1.1" 200 31 "-" "WordPress/7.0; http://cqqizhou.com"
216.244.66.245 - - [24/Jun/2026:22:11:56 +0800] "GET /robots.txt HTTP/1.1" 200 390 "-" "Mozilla/5.0 (compatible; DotBot/1.2; +https://opensiteexplorer.org/dotbot; help@moz.com)"
216.244.66.245 - - [24/Jun/2026:22:20:02 +0800] "GET /news/2527 HTTP/1.1" 200 88403 "-" "Mozilla/5.0 (compatible; DotBot/1.2; +https://opensiteexplorer.org/dotbot; help@moz.com)"
62.60.130.223 - - [24/Jun/2026:22:35:02 +0800] "GET /images/images/cache.php HTTP/1.1" 404 47 "www.google.com" "Mozlila/5.0 (Linux; Android 7.0; SM-G892A Bulid/NRD90M; wv) AppleWebKit/537.36 (KHTML, like Gecko) Version/4.0 Chrome/60.0.3112.107 Moblie Safari/537.36"
36.133.115.36 - - [24/Jun/2026:22:41:36 +0800] "POST /wp-cron.php?doing_wp_cron=1782312096.3879539966583251953125 HTTP/1.1" 200 31 "-" "WordPress/7.0; http://cqqizhou.com"
115.209.250.165 - - [24/Jun/2026:22:41:36 +0800] "GET /services/qzgyl@cq-qizhou.com HTTP/1.1" 404 9500 "-" "Mozilla/5.0 (Macintosh; Intel Mac OS X 10_15_7) AppleWebKit/537.36 (KHTML, like Gecko) Chrome/140.0.0.0 Safari/537.36"
36.133.115.36 - - [24/Jun/2026:22:52:10 +0800] "POST /wp-cron.php?doing_wp_cron=1782312730.2172410488128662109375 HTTP/1.1" 200 31 "-" "WordPress/7.0; http://cqqizhou.com"
148.113.130.190 - - [24/Jun/2026:22:52:10 +0800] "GET /robots.txt HTTP/1.1" 200 190 "-" "Mozilla/5.0 (compatible; AhrefsBot/7.0; +http://ahrefs.com/robot/)"
51.195.215.197 - - [24/Jun/2026:22:52:12 +0800] "GET /news/portfolio/%E5%86%B7%E8%BD%A7%E5%8D%B7 HTTP/1.1" 200 22728 "-" "Mozilla/5.0 (compatible; AhrefsBot/7.0; +http://ahrefs.com/robot/)"
36.133.115.36 - - [24/Jun/2026:22:53:31 +0800] "POST /wp-cron.php?doing_wp_cron=1782312811.4551479816436767578125 HTTP/1.1" 200 31 "-" "WordPress/7.0; http://cqqizhou.com"
36.133.108.119 - - [24/Jun/2026:22:53:31 +0800] "HEAD /wp-admin/servlet HTTP/1.1" 404 0 "-" "Mozilla/5.0 (compatible; MSIE 8.0; Windows NT 5.1; Trident/4.0; .NET CLR 1.1.4322; .NET CLR 2.0.50727)"
36.133.115.36 - - [24/Jun/2026:22:57:54 +0800] "POST /wp-cron.php?doing_wp_cron=1782313074.9184539318084716796875 HTTP/1.1" 200 31 "-" "WordPress/7.0; http://cqqizhou.com"
47.84.55.150 - - [24/Jun/2026:22:57:54 +0800] "GET / HTTP/1.1" 301 5 "-" "curl/7.78.0"
36.133.115.36 - - [24/Jun/2026:22:58:20 +0800] "POST /wp-cron.php?doing_wp_cron=1782313100.2737450599670410156250 HTTP/1.1" 200 31 "-" "WordPress/7.0; http://cqqizhou.com"
216.244.66.245 - - [24/Jun/2026:22:58:20 +0800] "GET /robots.txt HTTP/1.1" 200 390 "-" "Mozilla/5.0 (compatible; DotBot/1.2; +https://opensiteexplorer.org/dotbot; help@moz.com)"
36.133.115.36 - - [24/Jun/2026:23:00:07 +0800] "POST /wp-cron.php?doing_wp_cron=1782313207.0747458934783935546875 HTTP/1.1" 200 31 "-" "WordPress/7.0; http://cqqizhou.com"
170.106.72.178 - - [24/Jun/2026:23:00:07 +0800] "GET / HTTP/1.1" 200 35183 "-" "Mozilla/5.0 (iPhone; CPU iPhone OS 13_2_3 like Mac OS X) AppleWebKit/605.1.15 (KHTML, like Gecko) Version/13.0.3 Mobile/15E148 Safari/604.1"
36.133.115.36 - - [24/Jun/2026:23:00:53 +0800] "POST /wp-cron.php?doing_wp_cron=1782313253.6709609031677246093750 HTTP/1.1" 200 31 "-" "WordPress/7.0; http://cqqizhou.com"
36.133.108.119 - - [24/Jun/2026:23:00:53 +0800] "HEAD /wp-includes/js/info HTTP/1.1" 404 0 "-" "Mozilla/5.0 (compatible; MSIE 8.0; Windows NT 5.1; Trident/4.0; .NET CLR 1.1.4322; .NET CLR 2.0.50727)"
216.244.66.245 - - [24/Jun/2026:23:05:42 +0800] "GET /news/2559 HTTP/1.1" 200 86657 "-" "Mozilla/5.0 (compatible; DotBot/1.2; +https://opensiteexplorer.org/dotbot; help@moz.com)"
36.133.115.36 - - [24/Jun/2026:23:09:23 +0800] "POST /wp-cron.php?doing_wp_cron=1782313763.4603641033172607421875 HTTP/1.1" 200 31 "-" "WordPress/7.0; http://cqqizhou.com"
36.133.108.125 - - [24/Jun/2026:23:09:23 +0800] "HEAD /wp-includes/images/userfiles HTTP/1.1" 404 0 "-" "Mozilla/4.0 (compatible; MSIE 8.0; Windows NT 6.1; WOW64; Trident/4.0; SLCC2; Media Center PC 6.0; InfoPath.2; MS-RTC LM 8"
39.152.203.157 - - [24/Jun/2026:23:20:04 +0800] "GET / HTTP/1.1" 200 41074 "-" "Mozilla/5.0 (Windows NT 10.0) AppleWebKit/537.36 (KHTML, like Gecko) Chrome/72.0.3626.69"
36.133.115.36 - - [24/Jun/2026:23:20:07 +0800] "POST /wp-cron.php?doing_wp_cron=1782314407.8048589229583740234375 HTTP/1.1" 200 31 "-" "WordPress/7.0; http://cqqizhou.com"
119.182.22.228 - - [24/Jun/2026:23:20:07 +0800] "GET / HTTP/1.1" 301 5 "-" "Mozilla/5.0 (Windows NT 10.0) AppleWebKit/537.36 (KHTML, like Gecko) Chrome/78.0.3904.11"
119.182.22.228 - - [24/Jun/2026:23:20:07 +0800] "GET http://cqqizhou.com/ HTTP/1.1" 200 41074 "-" "Mozilla/5.0 (Windows NT 10.0) AppleWebKit/537.36 (KHTML, like Gecko) Chrome/78.0.3904.11"
36.133.115.36 - - [24/Jun/2026:23:23:58 +0800] "POST /wp-cron.php?doing_wp_cron=1782314638.3202331066131591796875 HTTP/1.1" 200 31 "-" "WordPress/7.0; http://cqqizhou.com"
36.133.108.125 - - [24/Jun/2026:23:23:58 +0800] "HEAD /wp-includes/images/global.asa.old HTTP/1.1" 404 0 "-" "Mozilla/5.0 (Macintosh; Intel Mac OS X 10.8; rv:21.0) Gecko/20100101 Firefox/21.0"
36.133.115.36 - - [24/Jun/2026:23:24:18 +0800] "POST /wp-cron.php?doing_wp_cron=1782314658.5284159183502197265625 HTTP/1.1" 200 31 "-" "WordPress/7.0; http://cqqizhou.com"
36.133.108.125 - - [24/Jun/2026:23:24:18 +0800] "HEAD /wp-includes/assets/iisadmin HTTP/1.1" 404 0 "-" "Mozilla/5.0 (Windows NT 6.1; WOW64; rv:31.0) Gecko/20130401 Firefox/31.0"
204.76.203.36 - - [24/Jun/2026:23:25:05 +0800] "GET / HTTP/1.1" 200 35183 "-" "Mozilla/5.0 (Windows NT 10.0; Win64; x64) AppleWebKit/537.36 (KHTML, like Gecko) Chrome/90.0.4430.85 Safari/537.36 Edg/90.0.818.46"
36.133.115.36 - - [24/Jun/2026:23:25:15 +0800] "POST /wp-cron.php?doing_wp_cron=1782314715.6018769741058349609375 HTTP/1.1" 200 31 "-" "WordPress/7.0; http://cqqizhou.com"
204.76.203.36 - - [24/Jun/2026:23:25:15 +0800] "GET /SDK/webLanguage HTTP/1.1" 301 5 "-" "Mozilla/5.0 (Windows NT 10.0; Win64; x64) AppleWebKit/537.36 (KHTML, like Gecko) Chrome/90.0.4430.85 Safari/537.36 Edg/90.0.818.46"
36.133.108.121 - - [24/Jun/2026:23:25:27 +0800] "HEAD /wp-content/fonts/oauth HTTP/1.1" 404 0 "-" "Opera/9.80 (X11; Linux i686; U; it) Presto/2.7.62 Version/11.00"
36.133.115.36 - - [24/Jun/2026:23:31:34 +0800] "POST /wp-cron.php?doing_wp_cron=1782315094.1148838996887207031250 HTTP/1.1" 200 31 "-" "WordPress/7.0; http://cqqizhou.com"
94.102.49.193 - - [24/Jun/2026:23:31:34 +0800] "GET / HTTP/1.1" 301 5 "-" "Mozilla/5.0 (Windows NT 6.1) AppleWebKit/537.36 (KHTML, like Gecko) Chrome/41.0.2228.0 Safari/537.36"
94.102.49.193 - - [24/Jun/2026:23:31:39 +0800] "GET / HTTP/1.1" 200 171975 "-" "Mozilla/5.0 (Windows NT 6.1) AppleWebKit/537.36 (KHTML, like Gecko) Chrome/41.0.2228.0 Safari/537.36"
94.102.49.193 - - [24/Jun/2026:23:31:43 +0800] "GET /robots.txt HTTP/1.1" 200 390 "-" "-"
94.102.49.193 - - [24/Jun/2026:23:31:47 +0800] "GET /sitemap.xml HTTP/1.1" 499 0 "-" "-"
121.29.51.109 - - [24/Jun/2026:23:36:58 +0800] "GET / HTTP/1.1" 200 41074 "-" "Mozilla/5.0 (Macintosh; Intel Mac OS X 10_11) AppleWebKit/601.1.27 (KHTML, like Gecko) Chrome/47.0.2526.106 Safari/601.1.27"
36.133.115.36 - - [24/Jun/2026:23:37:14 +0800] "POST /wp-cron.php?doing_wp_cron=1782315434.6178319454193115234375 HTTP/1.1" 200 31 "-" "WordPress/7.0; http://cqqizhou.com"
121.29.51.109 - - [24/Jun/2026:23:37:14 +0800] "GET / HTTP/1.1" 200 35183 "-" "Dalvik/2.1.0 (Linux; U; Android 9.0; ZTE BA520 Build/MRA58K)"
36.133.115.36 - - [24/Jun/2026:23:42:32 +0800] "POST /wp-cron.php?doing_wp_cron=1782315752.8973031044006347656250 HTTP/1.1" 200 31 "-" "WordPress/7.0; http://cqqizhou.com"
119.84.246.117 - - [24/Jun/2026:23:42:32 +0800] "GET / HTTP/1.1" 301 5 "-" "-"
119.84.246.117 - - [24/Jun/2026:23:42:33 +0800] "GET / HTTP/1.1" 200 171975 "-" "-"
119.84.246.117 - - [24/Jun/2026:23:42:35 +0800] "GET / HTTP/1.1" 301 5 "-" "Mozilla/5.0 (Windows NT 6.1; WOW64) AppleWebKit/537.1 (KHTML, like Gecko) Chrome/21.0.1180.89 Safari/537.1"
119.84.246.117 - - [24/Jun/2026:23:42:35 +0800] "GET / HTTP/1.1" 200 41074 "-" "Mozilla/5.0 (Windows NT 6.1; WOW64) AppleWebKit/537.1 (KHTML, like Gecko) Chrome/21.0.1180.89 Safari/537.1"
119.84.246.117 - - [24/Jun/2026:23:42:35 +0800] "GET /wp-content/uploads/2025/07/1751425283-qizhou.kf_.qq_.com_.webp HTTP/1.1" 200 16864 "http://cqqizhou.com/" "Mozilla/5.0 (Windows NT 6.1; WOW64) AppleWebKit/537.1 (KHTML, like Gecko) Chrome/21.0.1180.89 Safari/537.1"
119.84.246.117 - - [24/Jun/2026:23:42:35 +0800] "GET /wp-content/uploads/2025/07/1753456723-%E5%8F%8C%E7%9B%B8%E9%92%A2roduct_Single600.webp HTTP/1.1" 200 22790 "http://cqqizhou.com/" "Mozilla/5.0 (Windows NT 6.1; WOW64) AppleWebKit/537.1 (KHTML, like Gecko) Chrome/21.0.1180.89 Safari/537.1"
119.84.246.117 - - [24/Jun/2026:23:42:35 +0800] "GET /wp-content/uploads/2025/07/1753453096-%E5%8F%8C%E7%9B%B8%E9%92%A2product_Single600%C3%97284.webp HTTP/1.1" 200 14562 "http://cqqizhou.com/" "Mozilla/5.0 (Windows NT 6.1; WOW64) AppleWebKit/537.1 (KHTML, like Gecko) Chrome/21.0.1180.89 Safari/537.1"
119.84.246.117 - - [24/Jun/2026:23:42:35 +0800] "GET /wp-content/uploads/2025/07/1753456770-%E7%83%AD%E9%95%80%E9%94%8C%E5%8D%B7product_Single600.webp HTTP/1.1" 200 27502 "http://cqqizhou.com/" "Mozilla/5.0 (Windows NT 6.1; WOW64) AppleWebKit/537.1 (KHTML, like Gecko) Chrome/21.0.1180.89 Safari/537.1"
119.84.246.117 - - [24/Jun/2026:23:42:35 +0800] "GET /wp-content/uploads/2025/07/1753453127-%E4%BD%99%E5%8D%B7product_Single600%C3%97284.webp HTTP/1.1" 200 18744 "http://cqqizhou.com/" "Mozilla/5.0 (Windows NT 6.1; WOW64) AppleWebKit/537.1 (KHTML, like Gecko) Chrome/21.0.1180.89 Safari/537.1"
119.84.246.117 - - [24/Jun/2026:23:42:35 +0800] "GET /wp-content/uploads/2026/06/1782182572-Article_images_W900px.webp HTTP/1.1" 200 24314 "http://cqqizhou.com/" "Mozilla/5.0 (Windows NT 6.1; WOW64) AppleWebKit/537.1 (KHTML, like Gecko) Chrome/21.0.1180.89 Safari/537.1"
119.84.246.117 - - [24/Jun/2026:23:42:35 +0800] "GET /wp-content/uploads/2026/06/1780363378-1Article_images_W900px.webp HTTP/1.1" 200 62100 "http://cqqizhou.com/" "Mozilla/5.0 (Windows NT 6.1; WOW64) AppleWebKit/537.1 (KHTML, like Gecko) Chrome/21.0.1180.89 Safari/537.1"
119.84.246.117 - - [24/Jun/2026:23:42:35 +0800] "GET /wp-content/uploads/2026/06/1780362799-1Article_images_W900px.webp HTTP/1.1" 200 61690 "http://cqqizhou.com/" "Mozilla/5.0 (Windows NT 6.1; WOW64) AppleWebKit/537.1 (KHTML, like Gecko) Chrome/21.0.1180.89 Safari/537.1"
119.84.246.117 - - [24/Jun/2026:23:42:35 +0800] "GET /wp-content/uploads/2026/05/1779957408-1Article_images_W900px.webp HTTP/1.1" 200 36526 "http://cqqizhou.com/" "Mozilla/5.0 (Windows NT 6.1; WOW64) AppleWebKit/537.1 (KHTML, like Gecko) Chrome/21.0.1180.89 Safari/537.1"
119.84.246.117 - - [24/Jun/2026:23:42:35 +0800] "GET /wp-content/uploads/2026/06/1781880807-Article_images_W900px.webp HTTP/1.1" 200 25354 "http://cqqizhou.com/" "Mozilla/5.0 (Windows NT 6.1; WOW64) AppleWebKit/537.1 (KHTML, like Gecko) Chrome/21.0.1180.89 Safari/537.1"
36.133.115.36 - - [24/Jun/2026:23:44:33 +0800] "POST /wp-cron.php?doing_wp_cron=1782315873.5967879295349121093750 HTTP/1.1" 200 31 "-" "WordPress/7.0; http://cqqizhou.com"
216.244.66.245 - - [24/Jun/2026:23:44:33 +0800] "GET /robots.txt HTTP/1.1" 200 390 "-" "Mozilla/5.0 (compatible; DotBot/1.2; +https://opensiteexplorer.org/dotbot; help@moz.com)"
121.29.51.109 - - [24/Jun/2026:23:49:28 +0800] "GET / HTTP/1.1" 200 41074 "-" "Mozilla/5.0 (Windows; U; Windows NT 5.1; en-US; rv:1.0.0) Gecko/20020509"
36.133.115.36 - - [24/Jun/2026:23:50:07 +0800] "POST /wp-cron.php?doing_wp_cron=1782316207.1525039672851562500000 HTTP/1.1" 200 31 "-" "WordPress/7.0; http://cqqizhou.com"
36.133.108.119 - - [24/Jun/2026:23:50:07 +0800] "HEAD /wp-admin/core HTTP/1.1" 404 0 "-" "Mozilla/5.0 (compatible; MSIE 8.0; Windows NT 5.1; Trident/4.0; SLCC1; .NET CLR 3.0.4506.2152; .NET CLR 3.5.30729; .NET CLR 1.1.4322)"
36.133.115.36 - - [24/Jun/2026:23:51:28 +0800] "POST /wp-cron.php?doing_wp_cron=1782316288.4882171154022216796875 HTTP/1.1" 200 31 "-" "WordPress/7.0; http://cqqizhou.com"
43.161.224.78 - - [24/Jun/2026:23:51:28 +0800] "GET / HTTP/1.1" 301 5 "-" "Mozilla/5.0 (iPhone; CPU iPhone OS 13_2_3 like Mac OS X) AppleWebKit/605.1.15 (KHTML, like Gecko) Version/13.0.3 Mobile/15E148 Safari/604.1"
43.161.224.78 - - [24/Jun/2026:23:51:30 +0800] "GET / HTTP/1.1" 200 35183 "http://www.cqqizhou.com" "Mozilla/5.0 (iPhone; CPU iPhone OS 13_2_3 like Mac OS X) AppleWebKit/605.1.15 (KHTML, like Gecko) Version/13.0.3 Mobile/15E148 Safari/604.1"
36.133.115.36 - - [24/Jun/2026:23:53:28 +0800] "POST /wp-cron.php?doing_wp_cron=1782316408.2522621154785156250000 HTTP/1.1" 200 31 "-" "WordPress/7.0; http://cqqizhou.com"
216.244.66.245 - - [24/Jun/2026:23:53:28 +0800] "GET /services/processing/ HTTP/1.1" 301 5 "-" "Mozilla/5.0 (compatible; DotBot/1.2; +https://opensiteexplorer.org/dotbot; help@moz.com)"