36.133.108.125 - - [24/Jun/2026:04:31:17 +0800] "HEAD /wp-includes/fonts/Gemfile.lock HTTP/1.1" 404 0 "-" "Mozilla/5.0 (Macintosh; U; Intel Mac OS X 10_6_6; fr-ch) AppleWebKit/533.19.4 (KHTML, like Gecko) Version/5.0.3 Safari/533.19.4"
36.133.115.36 - - [24/Jun/2026:04:38:05 +0800] "POST /wp-cron.php?doing_wp_cron=1782247085.9205999374389648437500 HTTP/1.1" 200 31 "-" "WordPress/7.0; http://cqqizhou.com"
36.133.108.119 - - [24/Jun/2026:04:38:05 +0800] "HEAD /wp-includes/img HTTP/1.1" 404 0 "-" "Mozilla/5.0 (compatible; MSIE 8.0; Windows NT 5.1; Trident/4.0; .NET CLR 1.1.4322; .NET CLR 2.0.50727)"
36.133.115.36 - - [24/Jun/2026:04:40:11 +0800] "POST /wp-cron.php?doing_wp_cron=1782247211.8953609466552734375000 HTTP/1.1" 200 31 "-" "WordPress/7.0; http://cqqizhou.com"
120.11.21.6 - - [24/Jun/2026:04:40:11 +0800] "GET /txycdn.video.qq.com/1755328503.m3u8 HTTP/1.1" 301 5 "-" "okhttp/3.15"
120.11.21.6 - - [24/Jun/2026:04:40:12 +0800] "GET /txycdn.video.qq.com/1755328503.m3u8 HTTP/1.1" 404 9497 "http://36.133.115.36:80/txycdn.video.qq.com/1755328503.m3u8" "okhttp/3.15"
36.133.115.36 - - [24/Jun/2026:04:49:13 +0800] "POST /wp-cron.php?doing_wp_cron=1782247753.3594028949737548828125 HTTP/1.1" 200 31 "-" "WordPress/7.0; http://cqqizhou.com"
36.133.108.125 - - [24/Jun/2026:04:49:13 +0800] "HEAD /wp-admin/images/Root HTTP/1.1" 404 0 "-" "Mozilla/5.0 (Macintosh; U; Intel Mac OS X 10_6_6; fr-ch) AppleWebKit/533.19.4 (KHTML, like Gecko) Version/5.0.3 Safari/533.19.4"
36.133.115.36 - - [24/Jun/2026:05:08:46 +0800] "POST /wp-cron.php?doing_wp_cron=1782248926.6755990982055664062500 HTTP/1.1" 200 31 "-" "WordPress/7.0; http://cqqizhou.com"
43.167.236.228 - - [24/Jun/2026:05:08:46 +0800] "GET / HTTP/1.1" 301 5 "-" "Mozilla/5.0 (iPhone; CPU iPhone OS 13_2_3 like Mac OS X) AppleWebKit/605.1.15 (KHTML, like Gecko) Version/13.0.3 Mobile/15E148 Safari/604.1"
43.167.236.228 - - [24/Jun/2026:05:08:48 +0800] "GET / HTTP/1.1" 200 35184 "http://36.133.115.36" "Mozilla/5.0 (iPhone; CPU iPhone OS 13_2_3 like Mac OS X) AppleWebKit/605.1.15 (KHTML, like Gecko) Version/13.0.3 Mobile/15E148 Safari/604.1"
115.239.109.227 - - [24/Jun/2026:05:14:55 +0800] "GET /wp-content/uploads/2026/05/1779059685-1Article_images_W900px.webp HTTP/1.1" 200 50738 "http://cqqizhou.com/news" "Mozilla/4.0 (compatible; MSIE 7.0; Windows NT 5.1; Trident/4.0; SE 2.X MetaSr 1.0; SE 2.X MetaSr 1.0; .NET CLR 2.0.50727; SE 2.X MetaSr 1.0)"
27.157.60.74 - - [24/Jun/2026:05:14:58 +0800] "GET /wp-content/uploads/2026/04/1775698332-Article_images_W900px.webp HTTP/1.1" 200 42904 "http://cqqizhou.com/news" "Mozilla/5.0 (Windows NT 10.0; Win64; x64) AppleWebKit/537.36 (KHTML, like Gecko) Chrome/111.0.0.0 Safari/537.36"
36.133.115.36 - - [24/Jun/2026:05:20:52 +0800] "POST /wp-cron.php?doing_wp_cron=1782249652.4070129394531250000000 HTTP/1.1" 200 31 "-" "WordPress/7.0; http://cqqizhou.com"
34.79.151.177 - - [24/Jun/2026:05:20:52 +0800] "GET / HTTP/1.1" 301 5 "-" "python-requests/2.32.5"
36.133.115.36 - - [24/Jun/2026:05:43:01 +0800] "POST /wp-cron.php?doing_wp_cron=1782250981.0653629302978515625000 HTTP/1.1" 200 31 "-" "WordPress/7.0; http://cqqizhou.com"
204.76.203.36 - - [24/Jun/2026:05:43:01 +0800] "GET / HTTP/1.1" 200 35183 "-" "Mozilla/5.0 (Windows NT 10.0; Win64; x64) AppleWebKit/537.36 (KHTML, like Gecko) Chrome/90.0.4430.85 Safari/537.36 Edg/90.0.818.46"
36.133.115.36 - - [24/Jun/2026:05:43:11 +0800] "POST /wp-cron.php?doing_wp_cron=1782250991.0647220611572265625000 HTTP/1.1" 200 31 "-" "WordPress/7.0; http://cqqizhou.com"
204.76.203.36 - - [24/Jun/2026:05:43:11 +0800] "GET /SDK/webLanguage HTTP/1.1" 301 5 "-" "Mozilla/5.0 (Windows NT 10.0; Win64; x64) AppleWebKit/537.36 (KHTML, like Gecko) Chrome/90.0.4430.85 Safari/537.36 Edg/90.0.818.46"
36.133.115.36 - - [24/Jun/2026:05:48:33 +0800] "POST /wp-cron.php?doing_wp_cron=1782251313.3329410552978515625000 HTTP/1.1" 200 31 "-" "WordPress/7.0; http://cqqizhou.com"
36.133.108.121 - - [24/Jun/2026:05:48:33 +0800] "HEAD /asf/terminal HTTP/1.1" 404 0 "-" "Mozilla/5.0 (X11; Ubuntu; Linux x86_64; rv:24.0) Gecko/20100101 Firefox/24.0"
36.133.115.36 - - [24/Jun/2026:05:55:06 +0800] "POST /wp-cron.php?doing_wp_cron=1782251706.2608089447021484375000 HTTP/1.1" 200 31 "-" "WordPress/7.0; http://cqqizhou.com"
36.133.108.119 - - [24/Jun/2026:05:55:06 +0800] "HEAD /wp-content/languages/common HTTP/1.1" 404 0 "-" "Mozilla/5.0 (compatible; MSIE 8.0; Windows NT 5.1; Trident/4.0; SLCC1; .NET CLR 3.0.4506.2152; .NET CLR 3.5.30729; .NET CLR 1.1.4322)"
36.133.115.36 - - [24/Jun/2026:06:00:13 +0800] "POST /wp-cron.php?doing_wp_cron=1782252012.9783809185028076171875 HTTP/1.1" 200 31 "-" "WordPress/7.0; http://cqqizhou.com"
36.133.108.119 - - [24/Jun/2026:06:00:13 +0800] "HEAD /wp-content/j HTTP/1.1" 404 0 "-" "Mozilla/5.0 (iPad; CPU OS 6_0 like Mac OS X) AppleWebKit/536.26 (KHTML, like Gecko) Version/6.0 Mobile/10A5355d Safari/8536.25"
116.179.32.73 - - [24/Jun/2026:06:00:33 +0800] "GET /about/ HTTP/1.1" 301 5 "-" "Mozilla/5.0 (compatible; Baiduspider/2.0; +http://www.baidu.com/search/spider.html)"
116.179.32.142 - - [24/Jun/2026:06:00:34 +0800] "GET /about HTTP/1.1" 304 0 "-" "Mozilla/5.0 (compatible; Baiduspider/2.0; +http://www.baidu.com/search/spider.html)"
36.133.115.36 - - [24/Jun/2026:06:07:30 +0800] "POST /wp-cron.php?doing_wp_cron=1782252450.8862159252166748046875 HTTP/1.1" 200 31 "-" "WordPress/7.0; http://cqqizhou.com"
36.133.108.121 - - [24/Jun/2026:06:07:30 +0800] "HEAD /actuator/env HTTP/1.1" 404 0 "-" "Mozilla/5.0 (Windows NT 6.1; rv:21.0) Gecko/20100101 Firefox/21.0"
36.133.115.36 - - [24/Jun/2026:06:09:43 +0800] "POST /wp-cron.php?doing_wp_cron=1782252583.4765989780426025390625 HTTP/1.1" 200 31 "-" "WordPress/7.0; http://cqqizhou.com"
36.133.108.121 - - [24/Jun/2026:06:09:43 +0800] "HEAD /wp-admin/includes/zip HTTP/1.1" 404 0 "-" "Mozilla/5.0 (Macintosh; Intel Mac OS X 10_7_5) AppleWebKit/537.36 (KHTML, like Gecko) Chrome/27.0.1453.93 Safari/537.36"
36.133.115.36 - - [24/Jun/2026:06:14:00 +0800] "POST /wp-cron.php?doing_wp_cron=1782252840.5562980175018310546875 HTTP/1.1" 200 31 "-" "WordPress/7.0; http://cqqizhou.com"
43.135.139.165 - - [24/Jun/2026:06:14:00 +0800] "GET / HTTP/1.1" 301 5 "-" "Mozilla/5.0 (iPhone; CPU iPhone OS 13_2_3 like Mac OS X) AppleWebKit/605.1.15 (KHTML, like Gecko) Version/13.0.3 Mobile/15E148 Safari/604.1"
43.135.139.165 - - [24/Jun/2026:06:14:03 +0800] "GET / HTTP/1.1" 200 35183 "http://www.cqqizhou.com" "Mozilla/5.0 (iPhone; CPU iPhone OS 13_2_3 like Mac OS X) AppleWebKit/605.1.15 (KHTML, like Gecko) Version/13.0.3 Mobile/15E148 Safari/604.1"
36.133.115.36 - - [24/Jun/2026:06:26:03 +0800] "POST /wp-cron.php?doing_wp_cron=1782253563.8604590892791748046875 HTTP/1.1" 200 31 "-" "WordPress/7.0; http://cqqizhou.com"
110.249.201.25 - - [24/Jun/2026:06:26:03 +0800] "GET /robots.txt HTTP/1.1" 200 190 "-" "Mozilla/5.0 (Linux; Android 5.0) AppleWebKit/537.36 (KHTML, like Gecko) Mobile Safari/537.36 (compatible; Bytespider; https://zhanzhang.toutiao.com/)"
36.133.115.36 - - [24/Jun/2026:06:28:49 +0800] "POST /wp-cron.php?doing_wp_cron=1782253729.4053320884704589843750 HTTP/1.1" 200 31 "-" "WordPress/7.0; http://cqqizhou.com"
36.133.108.125 - - [24/Jun/2026:06:28:49 +0800] "HEAD /wp-admin/members HTTP/1.1" 404 0 "-" "Mozilla/4.0 (compatible; MSIE 8.0; Windows NT 6.1; WOW64; Trident/4.0; SLCC2; Media Center PC 6.0; InfoPath.2; MS-RTC LM 8"
36.133.115.36 - - [24/Jun/2026:06:36:45 +0800] "POST /wp-cron.php?doing_wp_cron=1782254205.1202089786529541015625 HTTP/1.1" 200 31 "-" "WordPress/7.0; http://cqqizhou.com"
36.133.108.121 - - [24/Jun/2026:06:36:45 +0800] "HEAD /wp-includes/fonts/clients.sqlite HTTP/1.1" 404 0 "-" "Mozilla/5.0 (Macintosh; U; Intel Mac OS X 10_6_7; en-us) AppleWebKit/534.16+ (KHTML, like Gecko) Version/5.0.3 Safari/533.19.4"
36.133.108.121 - - [24/Jun/2026:06:36:59 +0800] "HEAD /wp-includes/build/private.key HTTP/1.1" 404 0 "-" "Mozilla/5.0 (Windows NT 6.2; WOW64) AppleWebKit/537.36 (KHTML, like Gecko) Chrome/30.0.1599.17 Safari/537.36"
36.133.108.119 - - [24/Jun/2026:06:37:01 +0800] "HEAD /wp-admin/js/file HTTP/1.1" 404 0 "-" "Mozilla/5.0 (Windows NT 6.2; WOW64) AppleWebKit/537.14 (KHTML, like Gecko) Chrome/24.0.1292.0 Safari/537.14"
36.133.115.36 - - [24/Jun/2026:06:48:54 +0800] "POST /wp-cron.php?doing_wp_cron=1782254934.4699850082397460937500 HTTP/1.1" 200 31 "-" "WordPress/7.0; http://cqqizhou.com"
42.234.240.100 - - [24/Jun/2026:06:48:54 +0800] "GET / HTTP/1.1" 301 5 "-" "Mozilla/5.0 (Macintosh; Intel Mac OS X 10_15_7) AppleWebKit/537.36 (KHTML, like Gecko) Chrome/126.0.0.0 Safari/537.36"
42.234.240.100 - - [24/Jun/2026:06:48:54 +0800] "GET http://cqqizhou.com/ HTTP/1.1" 200 41074 "-" "Mozilla/5.0 (Macintosh; Intel Mac OS X 10_15_7) AppleWebKit/537.36 (KHTML, like Gecko) Chrome/126.0.0.0 Safari/537.36"
39.168.200.186 - - [24/Jun/2026:06:49:02 +0800] "GET / HTTP/1.1" 200 41074 "-" "Mozilla/5.0 (Macintosh; Intel Mac OS X 10_15_7) AppleWebKit/537.36 (KHTML, like Gecko) Chrome/126.0.0.0 Safari/537.36"
36.133.115.36 - - [24/Jun/2026:06:50:24 +0800] "POST /wp-cron.php?doing_wp_cron=1782255024.4524860382080078125000 HTTP/1.1" 200 31 "-" "WordPress/7.0; http://cqqizhou.com"
110.249.201.78 - - [24/Jun/2026:06:50:24 +0800] "GET /news/2420 HTTP/1.1" 200 20002 "-" "Mozilla/5.0 (Linux; Android 5.0) AppleWebKit/537.36 (KHTML, like Gecko) Mobile Safari/537.36 (compatible; Bytespider; https://zhanzhang.toutiao.com/)"
110.249.201.78 - - [24/Jun/2026:06:50:24 +0800] "GET /wp-content/uploads/2026/01/1767691467-Article_images_W900%C3%97500px202601062-768x427.webp HTTP/1.1" 206 500 "http://cqqizhou.com/news/2420" "Mozilla/5.0 (Linux; Android 5.0) AppleWebKit/537.36 (KHTML, like Gecko) Mobile Safari/537.36 (compatible; Bytespider; https://zhanzhang.toutiao.com/)"
110.249.201.77 - - [24/Jun/2026:06:50:24 +0800] "GET /wp-content/uploads/2026/06/1781880807-Article_images_W900px-768x432.webp HTTP/1.1" 206 500 "http://cqqizhou.com/news/2420" "Mozilla/5.0 (Linux; Android 5.0) AppleWebKit/537.36 (KHTML, like Gecko) Mobile Safari/537.36 (compatible; Bytespider; https://zhanzhang.toutiao.com/)"
110.249.201.146 - - [24/Jun/2026:06:50:24 +0800] "GET /wp-content/uploads/2026/06/1782182572-Article_images_W900px-768x432.webp HTTP/1.1" 206 500 "http://cqqizhou.com/news/2420" "Mozilla/5.0 (Linux; Android 5.0) AppleWebKit/537.36 (KHTML, like Gecko) Mobile Safari/537.36 (compatible; Bytespider; https://zhanzhang.toutiao.com/)"
110.249.201.23 - - [24/Jun/2026:06:50:24 +0800] "GET /wp-content/uploads/2026/01/1767691466-Article_images_W900%C3%97500px202601061-768x427.webp HTTP/1.1" 206 500 "http://cqqizhou.com/news/2420" "Mozilla/5.0 (Linux; Android 5.0) AppleWebKit/537.36 (KHTML, like Gecko) Mobile Safari/537.36 (compatible; Bytespider; https://zhanzhang.toutiao.com/)"
220.181.108.92 - - [24/Jun/2026:06:51:58 +0800] "GET /news/2527 HTTP/1.1" 200 25527 "-" "Mozilla/5.0 (compatible; Baiduspider/2.0; +http://www.baidu.com/search/spider.html)"
120.241.208.33 - - [24/Jun/2026:06:52:59 +0800] "GET / HTTP/1.1" 200 41074 "-" "Mozilla/5.0 (Windows NT 10.0; Win64; x64) AppleWebKit/537.36 (KHTML, like Gecko) Chrome/124.0.0.0 Safari/537.36"
36.133.115.36 - - [24/Jun/2026:06:54:42 +0800] "POST /wp-cron.php?doing_wp_cron=1782255282.6897189617156982421875 HTTP/1.1" 200 31 "-" "WordPress/7.0; http://cqqizhou.com"
36.133.108.121 - - [24/Jun/2026:06:54:42 +0800] "HEAD /wp-includes/build/classes HTTP/1.1" 404 0 "-" "Mozilla/5.0 (iPad; U; CPU OS 3_2 like Mac OS X; en-us) AppleWebKit/531.21.10 (KHTML, like Gecko) Version/4.0.4 Mobile/7B334b Safari/531.21.10"
116.179.37.215 - - [24/Jun/2026:07:00:04 +0800] "GET /wp-content/uploads/2026/03/1773722870-2Article_images_W900px.webp HTTP/1.1" 200 56124 "http://cqqizhou.com/news/2527" "Mozilla/5.0 (compatible; Baiduspider-render/2.0; +http://www.baidu.com/search/spider.html)"
36.133.115.36 - - [24/Jun/2026:07:00:05 +0800] "POST /wp-cron.php?doing_wp_cron=1782255605.1928749084472656250000 HTTP/1.1" 200 31 "-" "WordPress/7.0; http://cqqizhou.com"
116.179.37.130 - - [24/Jun/2026:07:00:05 +0800] "GET /wp-content/uploads/2025/07/1773723158-Article_images_W900px.webp HTTP/1.1" 404 9497 "http://cqqizhou.com/news/2527" "Mozilla/5.0 (compatible; Baiduspider-render/2.0; +http://www.baidu.com/search/spider.html)"
36.133.115.36 - - [24/Jun/2026:07:01:47 +0800] "POST /wp-cron.php?doing_wp_cron=1782255707.0625360012054443359375 HTTP/1.1" 200 31 "-" "WordPress/7.0; http://cqqizhou.com"
47.108.161.153 - - [24/Jun/2026:07:01:47 +0800] "GET / HTTP/1.0" 301 0 "-" "-"
47.108.161.153 - - [24/Jun/2026:07:01:57 +0800] "GET / HTTP/1.0" 301 0 "-" "-"
47.108.161.153 - - [24/Jun/2026:07:01:57 +0800] "GET /nmaplowercheck1782255707 HTTP/1.1" 404 32862 "-" "Mozilla/5.0 (compatible; Nmap Scripting Engine; https://nmap.org/book/nse.html)"
47.108.161.153 - - [24/Jun/2026:07:01:57 +0800] "POST /sdk HTTP/1.1" 404 32862 "-" "Mozilla/5.0 (compatible; Nmap Scripting Engine; https://nmap.org/book/nse.html)"
47.108.161.153 - - [24/Jun/2026:07:01:58 +0800] "GET /HNAP1 HTTP/1.1" 404 32862 "-" "Mozilla/5.0 (compatible; Nmap Scripting Engine; https://nmap.org/book/nse.html)"
47.108.161.153 - - [24/Jun/2026:07:01:58 +0800] "GET /evox/about HTTP/1.1" 404 32862 "-" "Mozilla/5.0 (compatible; Nmap Scripting Engine; https://nmap.org/book/nse.html)"
36.133.115.36 - - [24/Jun/2026:07:02:17 +0800] "POST /wp-cron.php?doing_wp_cron=1782255737.2176780700683593750000 HTTP/1.1" 200 31 "-" "WordPress/7.0; http://cqqizhou.com"
47.108.161.153 - - [24/Jun/2026:07:02:17 +0800] "GET / HTTP/1.0" 301 0 "-" "-"
47.108.161.153 - - [24/Jun/2026:07:02:18 +0800] "GET / HTTP/1.1" 301 5 "-" "-"
58.17.136.12 - - [24/Jun/2026:07:02:18 +0800] "HEAD / HTTP/1.1" 200 0 "-" "Mozilla/5.0 (Windows NT 10.0; Win64; x64) AppleWebKit/537.36 (KHTML, like Gecko) Chrome/145.0.0.0 Safari/537.36"
58.17.136.12 - - [24/Jun/2026:07:02:20 +0800] "GET / HTTP/1.1" 200 35185 "-" "Mozilla/5.0 (Windows NT 10.0; Win64; x64) AppleWebKit/537.36 (KHTML, like Gecko) Chrome/145.0.0.0 Safari/537.36"
58.17.136.12 - - [24/Jun/2026:07:02:24 +0800] "GET / HTTP/1.1" 301 5 "-" "Mozilla/5.0 (Macintosh; Intel Mac OS X 10_15_7) AppleWebKit/537.36 (KHTML, like Gecko) Chrome/114.0.0.0 Safari/537.36"
58.17.136.12 - - [24/Jun/2026:07:02:25 +0800] "GET / HTTP/1.1" 200 41074 "-" "Mozilla/5.0 (Macintosh; Intel Mac OS X 10_15_7) AppleWebKit/537.36 (KHTML, like Gecko) Chrome/114.0.0.0 Safari/537.36"
58.17.136.12 - - [24/Jun/2026:07:02:25 +0800] "GET /wp-content/uploads/2025/07/1751425283-qizhou.kf_.qq_.com_.webp HTTP/1.1" 200 16864 "http://cqqizhou.com/" "Mozilla/5.0 (Macintosh; Intel Mac OS X 10_15_7) AppleWebKit/537.36 (KHTML, like Gecko) Chrome/114.0.0.0 Safari/537.36"
58.17.136.12 - - [24/Jun/2026:07:02:27 +0800] "GET /wp-content/uploads/2025/07/1753456723-%E5%8F%8C%E7%9B%B8%E9%92%A2roduct_Single600.webp HTTP/1.1" 200 22790 "http://cqqizhou.com/" "Mozilla/5.0 (Macintosh; Intel Mac OS X 10_15_7) AppleWebKit/537.36 (KHTML, like Gecko) Chrome/114.0.0.0 Safari/537.36"
58.17.136.12 - - [24/Jun/2026:07:02:27 +0800] "GET /wp-content/uploads/2025/07/1753453096-%E5%8F%8C%E7%9B%B8%E9%92%A2product_Single600%C3%97284.webp HTTP/1.1" 200 14562 "http://cqqizhou.com/" "Mozilla/5.0 (Macintosh; Intel Mac OS X 10_15_7) AppleWebKit/537.36 (KHTML, like Gecko) Chrome/114.0.0.0 Safari/537.36"
58.17.136.12 - - [24/Jun/2026:07:02:27 +0800] "GET /wp-content/uploads/2025/07/1753456770-%E7%83%AD%E9%95%80%E9%94%8C%E5%8D%B7product_Single600.webp HTTP/1.1" 200 27502 "http://cqqizhou.com/" "Mozilla/5.0 (Macintosh; Intel Mac OS X 10_15_7) AppleWebKit/537.36 (KHTML, like Gecko) Chrome/114.0.0.0 Safari/537.36"
58.17.136.12 - - [24/Jun/2026:07:02:27 +0800] "GET /wp-content/uploads/2025/07/1753453127-%E4%BD%99%E5%8D%B7product_Single600%C3%97284.webp HTTP/1.1" 200 18744 "http://cqqizhou.com/" "Mozilla/5.0 (Macintosh; Intel Mac OS X 10_15_7) AppleWebKit/537.36 (KHTML, like Gecko) Chrome/114.0.0.0 Safari/537.36"
58.17.136.12 - - [24/Jun/2026:07:02:28 +0800] "GET /wp-content/uploads/2025/12/1765268955-qizhou_Slider1_3840%C3%972160_20251210-scaled.webp HTTP/1.1" 200 152162 "http://cqqizhou.com/" "Mozilla/5.0 (Macintosh; Intel Mac OS X 10_15_7) AppleWebKit/537.36 (KHTML, like Gecko) Chrome/114.0.0.0 Safari/537.36"
58.17.136.12 - - [24/Jun/2026:07:02:29 +0800] "GET /wp-content/uploads/revslider/slider-1/1750861156-logistics_Slider_3840%C3%972160_20250625191356-scaled-50x100.webp HTTP/1.1" 200 1416 "http://cqqizhou.com/" "Mozilla/5.0 (Macintosh; Intel Mac OS X 10_15_7) AppleWebKit/537.36 (KHTML, like Gecko) Chrome/114.0.0.0 Safari/537.36"
58.17.136.12 - - [24/Jun/2026:07:02:29 +0800] "GET /wp-content/uploads/2026/01/1768276119-qizhoujiagong_Slider_3840%C3%972160_20260113-scaled-50x100.webp HTTP/1.1" 200 976 "http://cqqizhou.com/" "Mozilla/5.0 (Macintosh; Intel Mac OS X 10_15_7) AppleWebKit/537.36 (KHTML, like Gecko) Chrome/114.0.0.0 Safari/537.36"
58.17.136.12 - - [24/Jun/2026:07:02:29 +0800] "GET /wp-json/sliderrevolution/sliders/1?srengine=7&slideid=4 HTTP/1.1" 200 2580 "http://cqqizhou.com/" "Mozilla/5.0 (Macintosh; Intel Mac OS X 10_15_7) AppleWebKit/537.36 (KHTML, like Gecko) Chrome/114.0.0.0 Safari/537.36"
58.17.136.12 - - [24/Jun/2026:07:02:29 +0800] "GET /wp-content/uploads/2026/01/1768276119-qizhoujiagong_Slider_3840%C3%972160_20260113-scaled.webp HTTP/1.1" 200 131696 "http://cqqizhou.com/" "Mozilla/5.0 (Macintosh; Intel Mac OS X 10_15_7) AppleWebKit/537.36 (KHTML, like Gecko) Chrome/114.0.0.0 Safari/537.36"
58.17.136.12 - - [24/Jun/2026:07:02:30 +0800] "GET /wp-json/sliderrevolution/sliders/1?srengine=7&slideid=2 HTTP/1.1" 200 2000 "http://cqqizhou.com/" "Mozilla/5.0 (Macintosh; Intel Mac OS X 10_15_7) AppleWebKit/537.36 (KHTML, like Gecko) Chrome/114.0.0.0 Safari/537.36"
58.17.136.12 - - [24/Jun/2026:07:02:30 +0800] "GET /wp-content/uploads/revslider/slider-1/1750861156-logistics_Slider_3840%C3%972160_20250625191356-scaled.webp HTTP/1.1" 200 197360 "http://cqqizhou.com/" "Mozilla/5.0 (Macintosh; Intel Mac OS X 10_15_7) AppleWebKit/537.36 (KHTML, like Gecko) Chrome/114.0.0.0 Safari/537.36"
36.133.115.36 - - [24/Jun/2026:07:06:44 +0800] "POST /wp-cron.php?doing_wp_cron=1782256004.2809500694274902343750 HTTP/1.1" 200 31 "-" "WordPress/7.0; http://cqqizhou.com"
145.239.69.153 - - [24/Jun/2026:07:06:44 +0800] "GET /robots.txt HTTP/1.0" 200 378 "-" "Mozilla/5.0 (compatible; MJ12bot/v1.4.8; http://mj12bot.com/)"
36.133.115.36 - - [24/Jun/2026:07:12:18 +0800] "POST /wp-cron.php?doing_wp_cron=1782256338.7160971164703369140625 HTTP/1.1" 200 31 "-" "WordPress/7.0; http://cqqizhou.com"
176.65.139.66 - - [24/Jun/2026:07:12:18 +0800] "GET / HTTP/1.0" 301 0 "-" "Shodan-Pull/1.0"
36.133.115.36 - - [24/Jun/2026:07:21:03 +0800] "POST /wp-cron.php?doing_wp_cron=1782256863.6383330821990966796875 HTTP/1.1" 200 31 "-" "WordPress/7.0; http://cqqizhou.com"
122.51.236.174 - - [24/Jun/2026:07:21:03 +0800] "GET / HTTP/1.1" 301 5 "-" "Mozilla/5.0 (iPhone; CPU iPhone OS 13_2_3 like Mac OS X) AppleWebKit/605.1.15 (KHTML, like Gecko) Version/13.0.3 Mobile/15E148 Safari/604.1"
122.51.236.174 - - [24/Jun/2026:07:21:05 +0800] "GET / HTTP/1.1" 200 35183 "http://www.cqqizhou.com" "Mozilla/5.0 (iPhone; CPU iPhone OS 13_2_3 like Mac OS X) AppleWebKit/605.1.15 (KHTML, like Gecko) Version/13.0.3 Mobile/15E148 Safari/604.1"
36.133.115.36 - - [24/Jun/2026:07:21:53 +0800] "POST /wp-cron.php?doing_wp_cron=1782256913.9197208881378173828125 HTTP/1.1" 200 31 "-" "WordPress/7.0; http://cqqizhou.com"
36.133.108.119 - - [24/Jun/2026:07:21:53 +0800] "HEAD /process/..%252f..%252f..%252f..%252f..%252f..%252f..%252f..%252fwindows/win.ini HTTP/1.1" 404 0 "-" "Mozilla/5.0 (Macintosh; U; Intel Mac OS X 10_5_8; zh-cn) AppleWebKit/533.18.1 (KHTML, like Gecko) Version/5.0.2 Safari/533.18.5"
36.133.115.36 - - [24/Jun/2026:07:29:20 +0800] "POST /wp-cron.php?doing_wp_cron=1782257360.0940370559692382812500 HTTP/1.1" 200 31 "-" "WordPress/7.0; http://cqqizhou.com"
43.157.156.190 - - [24/Jun/2026:07:29:20 +0800] "GET / HTTP/1.1" 200 35183 "-" "Mozilla/5.0 (iPhone; CPU iPhone OS 13_2_3 like Mac OS X) AppleWebKit/605.1.15 (KHTML, like Gecko) Version/13.0.3 Mobile/15E148 Safari/604.1"
36.133.108.119 - - [24/Jun/2026:07:29:20 +0800] "HEAD /2354/static/api/swagger.yaml HTTP/1.1" 404 0 "-" "Mozilla/5.0 (compatible; MSIE 8.0; Windows NT 5.1; Trident/4.0; SLCC1; .NET CLR 3.0.4506.2152; .NET CLR 3.5.30729; .NET CLR 1.1.4322)"
36.133.115.36 - - [24/Jun/2026:07:32:31 +0800] "POST /wp-cron.php?doing_wp_cron=1782257551.8600289821624755859375 HTTP/1.1" 200 31 "-" "WordPress/7.0; http://cqqizhou.com"
36.133.108.121 - - [24/Jun/2026:07:32:31 +0800] "HEAD /jrun HTTP/1.1" 404 0 "-" "Mozilla/5.0 (Windows; U; Windows NT 6.1; en-US; rv:1.9.2.13) Gecko/20101213"
36.133.115.36 - - [24/Jun/2026:07:36:16 +0800] "POST /wp-cron.php?doing_wp_cron=1782257776.2151620388031005859375 HTTP/1.1" 200 31 "-" "WordPress/7.0; http://cqqizhou.com"
101.32.51.73 - - [24/Jun/2026:07:36:16 +0800] "GET / HTTP/1.1" 301 5 "-" "Go-http-client/1.1"
101.32.51.73 - - [24/Jun/2026:07:36:16 +0800] "GET / HTTP/1.1" 200 41074 "http://36.133.115.36" "Go-http-client/1.1"
36.133.115.36 - - [24/Jun/2026:07:43:14 +0800] "POST /wp-cron.php?doing_wp_cron=1782258194.2908830642700195312500 HTTP/1.1" 200 31 "-" "WordPress/7.0; http://cqqizhou.com"
36.133.108.125 - - [24/Jun/2026:07:43:14 +0800] "HEAD /wp-admin/includes/clients.mdb HTTP/1.1" 404 0 "-" "Mozilla/5.0 (Windows NT 6.1; WOW64; rv:31.0) Gecko/20130401 Firefox/31.0"
36.133.115.36 - - [24/Jun/2026:07:49:13 +0800] "POST /wp-cron.php?doing_wp_cron=1782258553.2399840354919433593750 HTTP/1.1" 200 31 "-" "WordPress/7.0; http://cqqizhou.com"
13.250.145.97 - - [24/Jun/2026:07:49:13 +0800] "GET / HTTP/1.1" 301 5 "-" "Mozilla/5.0 (Macintosh; Intel Mac OS X 10_12_0) AppleWebKit/537.36 (KHTML, like Gecko) Chrome/39.0.3481.1368 Safari/537.36"
13.250.145.97 - - [24/Jun/2026:07:49:14 +0800] "GET / HTTP/1.1" 200 41074 "-" "Mozilla/5.0 (Macintosh; Intel Mac OS X 10_12_0) AppleWebKit/537.36 (KHTML, like Gecko) Chrome/39.0.3481.1368 Safari/537.36"
36.133.115.36 - - [24/Jun/2026:07:54:55 +0800] "POST /wp-cron.php?doing_wp_cron=1782258895.2516360282897949218750 HTTP/1.1" 200 31 "-" "WordPress/7.0; http://cqqizhou.com"
120.233.109.33 - - [24/Jun/2026:07:54:55 +0800] "GET /news/2486 HTTP/1.1" 200 24590 "-" "Mozilla/5.0 (Windows NT 10.0; Win64; x64) AppleWebKit/537.36 (KHTML, like Gecko) Chrome/104.0.5112.81 Safari/537.36"
36.133.115.36 - - [24/Jun/2026:08:14:27 +0800] "POST /wp-cron.php?doing_wp_cron=1782260067.1199860572814941406250 HTTP/1.1" 200 31 "-" "WordPress/7.0; http://cqqizhou.com"
36.133.108.125 - - [24/Jun/2026:08:14:27 +0800] "HEAD /wp-admin/bugs HTTP/1.1" 404 0 "-" "Mozilla/5.0 (Macintosh; U; Intel Mac OS X 10_6_6; en-gb) AppleWebKit/533.20.25 (KHTML, like Gecko) Version/5.0.4 Safari/533.20.27"
36.133.115.36 - - [24/Jun/2026:08:29:16 +0800] "POST /wp-cron.php?doing_wp_cron=1782260956.9283568859100341796875 HTTP/1.1" 200 31 "-" "WordPress/7.0; http://cqqizhou.com"
36.133.108.121 - - [24/Jun/2026:08:29:16 +0800] "HEAD /wp-admin/includes/zipfiles HTTP/1.1" 404 0 "-" "Mozilla/5.0 (iPad; U; CPU OS 3_2 like Mac OS X; en-us) AppleWebKit/531.21.10 (KHTML, like Gecko) Version/4.0.4 Mobile/7B334b Safari/531.21.10"
36.133.115.36 - - [24/Jun/2026:09:12:45 +0800] "POST /wp-cron.php?doing_wp_cron=1782263565.9113879203796386718750 HTTP/1.1" 200 31 "-" "WordPress/7.0; http://cqqizhou.com"
36.133.108.121 - - [24/Jun/2026:09:12:45 +0800] "HEAD /dbadmin/ HTTP/1.1" 404 0 "-" "Mozilla/5.0 (compatible; MSIE 8.0; Windows NT 5.2; Trident/4.0; Media Center PC 4.0; SLCC1; .NET CLR 3.0.04320)"
36.133.115.36 - - [24/Jun/2026:09:15:22 +0800] "POST /wp-cron.php?doing_wp_cron=1782263722.2067620754241943359375 HTTP/1.1" 200 31 "-" "WordPress/7.0; http://cqqizhou.com"
158.69.113.47 - - [24/Jun/2026:09:15:22 +0800] "GET / HTTP/1.1" 301 5 "-" "Go-http-client/1.1"
158.69.113.47 - - [24/Jun/2026:09:15:23 +0800] "GET / HTTP/1.1" 200 41074 "http://36.133.115.36" "Go-http-client/1.1"
36.133.115.36 - - [24/Jun/2026:09:19:26 +0800] "POST /wp-cron.php?doing_wp_cron=1782263966.7113969326019287109375 HTTP/1.1" 200 31 "-" "WordPress/7.0; http://cqqizhou.com"
220.181.108.165 - - [24/Jun/2026:09:19:26 +0800] "GET /2361/ HTTP/1.1" 301 5 "-" "Mozilla/5.0 (compatible; Baiduspider/2.0; +http://www.baidu.com/search/spider.html)"
220.181.108.165 - - [24/Jun/2026:09:19:26 +0800] "GET /news/2361 HTTP/1.1" 200 25499 "-" "Mozilla/5.0 (compatible; Baiduspider/2.0; +http://www.baidu.com/search/spider.html)"
116.179.37.144 - - [24/Jun/2026:09:19:30 +0800] "GET /wp-content/uploads/2026/06/1782182572-Article_images_W900px.webp HTTP/1.1" 200 24314 "http://cqqizhou.com/news/2361" "Mozilla/5.0 (compatible; Baiduspider-render/2.0; +http://www.baidu.com/search/spider.html)"
178.105.183.10 - - [24/Jun/2026:09:38:55 +0800] "GET / HTTP/1.1" 200 41074 "-" "2ip bot/1.1 (+https://2ip.io/bot/)"
36.133.115.36 - - [24/Jun/2026:09:41:51 +0800] "POST /wp-cron.php?doing_wp_cron=1782265311.0164210796356201171875 HTTP/1.1" 200 31 "-" "WordPress/7.0; http://cqqizhou.com"
185.158.71.170 - - [24/Jun/2026:09:41:51 +0800] "GET /contacts/ HTTP/1.1" 301 5 "-" "Mozilla/5.0 (Macintosh; Intel Mac OS X 10_15_7) AppleWebKit/537.36 (KHTML, like Gecko) Chrome/139.0.0.0 Safari/537.36"
185.158.71.170 - - [24/Jun/2026:09:42:02 +0800] "GET /contacts HTTP/1.1" 200 22096 "http://cqqizhou.com/contacts/" "Mozilla/5.0 (Macintosh; Intel Mac OS X 10_15_7) AppleWebKit/537.36 (KHTML, like Gecko) Chrome/139.0.0.0 Safari/537.36"
36.133.115.36 - - [24/Jun/2026:09:42:14 +0800] "POST /wp-cron.php?doing_wp_cron=1782265334.0594880580902099609375 HTTP/1.1" 200 31 "-" "WordPress/7.0; http://cqqizhou.com"
185.158.71.170 - - [24/Jun/2026:09:42:14 +0800] "POST /wp-json/contact-form-7/v1/contact-forms/158/feedback HTTP/1.1" 200 219 "http://cqqizhou.com/contacts" "Mozilla/5.0 (Macintosh; Intel Mac OS X 10_15_7) AppleWebKit/537.36 (KHTML, like Gecko) Chrome/139.0.0.0 Safari/537.36"
36.133.115.36 - - [24/Jun/2026:09:57:13 +0800] "POST /wp-cron.php?doing_wp_cron=1782266233.4193060398101806640625 HTTP/1.1" 200 31 "-" "WordPress/7.0; http://cqqizhou.com"
36.133.108.119 - - [24/Jun/2026:09:57:13 +0800] "HEAD /wp-includes/user HTTP/1.1" 404 0 "-" "Mozilla/5.0 (Windows NT 6.2; WOW64) AppleWebKit/537.14 (KHTML, like Gecko) Chrome/24.0.1292.0 Safari/537.14"
112.90.2.219 - - [24/Jun/2026:10:11:51 +0800] "GET /news/2339 HTTP/1.1" 200 25138 "-" "Mozilla/5.0 (Windows NT 10.0; Win64; x64) AppleWebKit/537.36 (KHTML, like Gecko) Chrome/109.0.0.0 Safari/537.36"
36.133.115.36 - - [24/Jun/2026:10:16:18 +0800] "POST /wp-cron.php?doing_wp_cron=1782267377.9841179847717285156250 HTTP/1.1" 200 31 "-" "WordPress/7.0; http://cqqizhou.com"
36.133.108.121 - - [24/Jun/2026:10:16:18 +0800] "HEAD /wp-includes/assets/incomming HTTP/1.1" 404 0 "-" "Mozilla/5.0 (Windows NT 6.2; WOW64) AppleWebKit/537.36 (KHTML, like Gecko) Chrome/30.0.1599.17 Safari/537.36"
36.133.108.125 - - [24/Jun/2026:10:16:42 +0800] "HEAD /wp-includes/assets/.nano_history HTTP/1.1" 404 0 "-" "Mozilla/5.0 (compatible; MSIE 9.0; Windows NT 6.1; Trident/5.0; yie8)"
36.133.108.125 - - [24/Jun/2026:10:16:47 +0800] "HEAD /wp-includes/build/Vagrantfile HTTP/1.1" 404 0 "-" "Mozilla/5.0 (compatible; MSIE 9.0; Windows NT 6.1; Trident/5.0; yie8)"
36.133.108.119 - - [24/Jun/2026:10:16:57 +0800] "HEAD /wp-admin/soap.php HTTP/1.1" 404 0 "-" "Mozilla/5.0 (compatible; MSIE 8.0; Windows NT 5.1; Trident/4.0; .NET CLR 1.1.4322; .NET CLR 2.0.50727)"
36.133.115.36 - - [24/Jun/2026:10:22:27 +0800] "POST /wp-cron.php?doing_wp_cron=1782267747.7246129512786865234375 HTTP/1.1" 200 31 "-" "WordPress/7.0; http://cqqizhou.com"
74.222.26.143 - - [24/Jun/2026:10:22:27 +0800] "GET / HTTP/1.1" 301 5 "-" "Mozilla/5.0 (Windows NT 10.0; Win64; x64) AppleWebKit/537.36 (KHTML, like Gecko) Chrome/97.0.4280.67 Safari/537.36 Edg/97.0.664.52"
74.222.26.143 - - [24/Jun/2026:10:22:29 +0800] "GET / HTTP/1.1" 200 41074 "-" "Mozilla/5.0 (Windows NT 10.0; Win64; x64) AppleWebKit/537.36 (KHTML, like Gecko) Chrome/97.0.4280.67 Safari/537.36 Edg/97.0.664.52"
36.133.115.36 - - [24/Jun/2026:10:32:06 +0800] "POST /wp-cron.php?doing_wp_cron=1782268326.5606009960174560546875 HTTP/1.1" 200 31 "-" "WordPress/7.0; http://cqqizhou.com"
216.244.66.245 - - [24/Jun/2026:10:32:06 +0800] "GET /robots.txt HTTP/1.1" 200 390 "-" "Mozilla/5.0 (compatible; DotBot/1.2; +https://opensiteexplorer.org/dotbot; help@moz.com)"
36.133.115.36 - - [24/Jun/2026:10:39:28 +0800] "POST /wp-cron.php?doing_wp_cron=1782268768.9313759803771972656250 HTTP/1.1" 200 31 "-" "WordPress/7.0; http://cqqizhou.com"
216.244.66.245 - - [24/Jun/2026:10:39:28 +0800] "GET /news/2543 HTTP/1.1" 200 88742 "-" "Mozilla/5.0 (compatible; DotBot/1.2; +https://opensiteexplorer.org/dotbot; help@moz.com)"
36.133.115.36 - - [24/Jun/2026:10:44:01 +0800] "POST /wp-cron.php?doing_wp_cron=1782269041.0545659065246582031250 HTTP/1.1" 200 31 "-" "WordPress/7.0; http://cqqizhou.com"
36.133.108.119 - - [24/Jun/2026:10:44:01 +0800] "HEAD /wp-admin/includes/mssql HTTP/1.1" 404 0 "-" "Mozilla/5.0 (iPad; CPU OS 6_0 like Mac OS X) AppleWebKit/536.26 (KHTML, like Gecko) Version/6.0 Mobile/10A5355d Safari/8536.25"
36.133.115.36 - - [24/Jun/2026:10:54:09 +0800] "POST /wp-cron.php?doing_wp_cron=1782269649.1213250160217285156250 HTTP/1.1" 200 31 "-" "WordPress/7.0; http://cqqizhou.com"
14.116.238.14 - - [24/Jun/2026:10:54:09 +0800] "GET /process/processing HTTP/1.1" 301 5 "-" "Mozilla/5.0 (Windows NT 10.0; Win64; x64) AppleWebKit/537.36 (KHTML, like Gecko) Chrome/103.0.0.0 Safari/537.36"
112.90.14.19 - - [24/Jun/2026:10:54:20 +0800] "GET /process/processing HTTP/1.1" 301 5 "-" "Mozilla/5.0 (Windows NT 10.0; Win64; x64) AppleWebKit/537.36 (KHTML, like Gecko) Chrome/120.0.0.0 Safari/537.36"
112.90.14.19 - - [24/Jun/2026:10:54:20 +0800] "GET /services/processing HTTP/1.1" 200 23519 "http://cqqizhou.com/process/processing" "Mozilla/5.0 (Windows NT 10.0; Win64; x64) AppleWebKit/537.36 (KHTML, like Gecko) Chrome/120.0.0.0 Safari/537.36"
43.159.62.129 - - [24/Jun/2026:10:54:44 +0800] "GET / HTTP/1.1" 200 35183 "-" "Mozilla/5.0 (iPhone; CPU iPhone OS 13_2_3 like Mac OS X) AppleWebKit/605.1.15 (KHTML, like Gecko) Version/13.0.3 Mobile/15E148 Safari/604.1"
185.247.137.64 - - [24/Jun/2026:11:07:44 +0800] "GET / HTTP/1.1" 200 41074 "-" "Mozilla/5.0 (compatible; InternetMeasurement/1.0; +https://internet-measurement.com/)"
36.133.115.36 - - [24/Jun/2026:11:09:27 +0800] "POST /wp-cron.php?doing_wp_cron=1782270567.5539460182189941406250 HTTP/1.1" 200 31 "-" "WordPress/7.0; http://cqqizhou.com"
36.133.108.125 - - [24/Jun/2026:11:09:27 +0800] "HEAD /wp-admin/upgrade.php HTTP/1.1" 200 0 "-" "Mozilla/5.0 (Windows; U; Windows NT 6.1; ja-JP) AppleWebKit/533.20.25 (KHTML, like Gecko) Version/5.0.3 Safari/533.19.4"
36.133.115.36 - - [24/Jun/2026:11:10:53 +0800] "POST /wp-cron.php?doing_wp_cron=1782270653.7151770591735839843750 HTTP/1.1" 200 31 "-" "WordPress/7.0; http://cqqizhou.com"
39.99.35.233 - - [24/Jun/2026:11:10:53 +0800] "GET /index.php HTTP/1.1" 200 158049 "-" "Mozilla/5.0"
39.99.35.233 - - [24/Jun/2026:11:10:55 +0800] "POST /index.php HTTP/1.1" 200 158049 "-" "Mozilla/5.0"
36.133.115.36 - - [24/Jun/2026:11:17:29 +0800] "POST /wp-cron.php?doing_wp_cron=1782271049.3995139598846435546875 HTTP/1.1" 200 31 "-" "WordPress/7.0; http://cqqizhou.com"
203.154.14.18 - - [24/Jun/2026:11:17:30 +0800] "GET / HTTP/1.1" 200 158049 "-" "-"
36.133.108.121 - - [24/Jun/2026:11:17:57 +0800] "HEAD /wp-content/languages/a HTTP/1.1" 404 0 "-" "Mozilla/5.0 (X11; Ubuntu; Linux x86_64; rv:24.0) Gecko/20100101 Firefox/24.0"
36.133.115.36 - - [24/Jun/2026:11:36:25 +0800] "POST /wp-cron.php?doing_wp_cron=1782272185.1337471008300781250000 HTTP/1.1" 200 31 "-" "WordPress/7.0; http://cqqizhou.com"
114.119.144.41 - - [24/Jun/2026:11:36:25 +0800] "GET /robots.txt HTTP/1.1" 200 190 "http://cqqizhou.com/robots.txt" "Mozilla/5.0 (Windows NT 10.0; Win64; x64) AppleWebKit/537.36 (KHTML, like Gecko) Chrome/148.0.0.0 Safari/537.36"
183.229.40.103 - - [24/Jun/2026:11:38:12 +0800] "GET / HTTP/1.1" 200 41074 "-" "Mozilla/5.0 (Macintosh; Intel Mac OS X 10_15_7) AppleWebKit/537.36 (KHTML, like Gecko) Chrome/106.0.0.0 Safari/537.36"
36.133.115.36 - - [24/Jun/2026:11:44:51 +0800] "POST /wp-cron.php?doing_wp_cron=1782272691.1269779205322265625000 HTTP/1.1" 200 31 "-" "WordPress/7.0; http://cqqizhou.com"
112.90.2.177 - - [24/Jun/2026:11:44:51 +0800] "GET /wp-json/oembed/1.0/embed?url=http%3A%2F%2Fcqqizhou.com%2Fnews%2F2483 HTTP/1.1" 200 1270 "-" "Mozilla/5.0 (Windows NT 10.0; Win64; x64) AppleWebKit/537.36 (KHTML, like Gecko) Chrome/131.0.0.0 Safari/537.36"
36.133.115.36 - - [24/Jun/2026:11:46:56 +0800] "POST /wp-cron.php?doing_wp_cron=1782272816.1850209236145019531250 HTTP/1.1" 200 31 "-" "WordPress/7.0; http://cqqizhou.com"
43.166.1.243 - - [24/Jun/2026:11:46:56 +0800] "GET / HTTP/1.1" 301 5 "-" "Mozilla/5.0 (iPhone; CPU iPhone OS 13_2_3 like Mac OS X) AppleWebKit/605.1.15 (KHTML, like Gecko) Version/13.0.3 Mobile/15E148 Safari/604.1"
43.166.1.243 - - [24/Jun/2026:11:46:58 +0800] "GET / HTTP/1.1" 200 35184 "http://www.cqqizhou.com" "Mozilla/5.0 (iPhone; CPU iPhone OS 13_2_3 like Mac OS X) AppleWebKit/605.1.15 (KHTML, like Gecko) Version/13.0.3 Mobile/15E148 Safari/604.1"
36.133.115.36 - - [24/Jun/2026:12:04:35 +0800] "POST /wp-cron.php?doing_wp_cron=1782273875.8683609962463378906250 HTTP/1.1" 200 31 "-" "WordPress/7.0; http://cqqizhou.com"
60.168.207.215 - - [24/Jun/2026:12:04:35 +0800] "GET / HTTP/1.1" 301 5 "-" "Mozilla/5.0 (Macintosh; Intel Mac OS X 10_15_7) AppleWebKit/537.36 (KHTML, like Gecko) Chrome/140.0.0.0 Safari/537.36"
123.174.221.24 - - [24/Jun/2026:12:04:36 +0800] "GET / HTTP/1.1" 200 41074 "http://www.cqqizhou.com" "Mozilla/5.0 (Macintosh; Intel Mac OS X 10_15_7) AppleWebKit/537.36 (KHTML, like Gecko) Chrome/140.0.0.0 Safari/537.36"
156.245.205.34 - - [24/Jun/2026:12:11:28 +0800] "GET /s.php HTTP/1.1" 404 47 "-" "Mozilla/5.0 (Windows NT 10.0; WOW64; rv:48.0) Gecko/20100101 Firefox/48.0"
36.133.115.36 - - [24/Jun/2026:12:11:39 +0800] "POST /wp-cron.php?doing_wp_cron=1782274299.6000831127166748046875 HTTP/1.1" 200 31 "-" "WordPress/7.0; http://cqqizhou.com"
156.245.205.34 - - [24/Jun/2026:12:11:39 +0800] "GET /baker.php/ HTTP/1.1" 404 9499 "-" "Mozilla/5.0 (Windows NT 10.0; WOW64; rv:48.0) Gecko/20100101 Firefox/48.0"
36.133.115.36 - - [24/Jun/2026:12:20:09 +0800] "POST /wp-cron.php?doing_wp_cron=1782274809.2283349037170410156250 HTTP/1.1" 200 31 "-" "WordPress/7.0; http://cqqizhou.com"
116.179.32.112 - - [24/Jun/2026:12:20:09 +0800] "GET /wp-json/oembed/1.0/embed?url=http%3A%2F%2Fcqqizhou.com%2Fnews%2F2475 HTTP/1.1" 200 1307 "-" "Mozilla/5.0 (compatible; Baiduspider/2.0; +http://www.baidu.com/search/spider.html)"
220.181.51.88 - - [24/Jun/2026:12:20:24 +0800] "GET /robots.txt HTTP/1.1" 200 190 "-" "Mozilla/5.0 (Windows NT 10.0; WOW64) AppleWebKit/537.36 (KHTML, like Gecko) Chrome/48.0.2564.116 Safari/537.36"
36.133.115.36 - - [24/Jun/2026:12:26:42 +0800] "POST /wp-cron.php?doing_wp_cron=1782275202.4309430122375488281250 HTTP/1.1" 200 31 "-" "WordPress/7.0; http://cqqizhou.com"
110.249.202.106 - - [24/Jun/2026:12:26:42 +0800] "GET /robots.txt HTTP/1.1" 200 190 "-" "Mozilla/5.0 (Linux; Android 5.0) AppleWebKit/537.36 (KHTML, like Gecko) Mobile Safari/537.36 (compatible; Bytespider; https://zhanzhang.toutiao.com/)"
176.65.139.66 - - [24/Jun/2026:12:26:47 +0800] "GET / HTTP/1.0" 301 0 "-" "Shodan-Pull/1.0"
36.133.115.36 - - [24/Jun/2026:12:30:25 +0800] "POST /wp-cron.php?doing_wp_cron=1782275425.6841800212860107421875 HTTP/1.1" 200 31 "-" "WordPress/7.0; http://cqqizhou.com"
71.6.199.87 - - [24/Jun/2026:12:30:25 +0800] "GET / HTTP/1.1" 301 5 "-" "Mozilla/5.0 zgrab/0.x"
36.133.115.36 - - [24/Jun/2026:12:34:39 +0800] "POST /wp-cron.php?doing_wp_cron=1782275679.0099101066589355468750 HTTP/1.1" 200 31 "-" "WordPress/7.0; http://cqqizhou.com"
36.133.108.119 - - [24/Jun/2026:12:34:39 +0800] "HEAD /wp-includes/build/b HTTP/1.1" 404 0 "-" "Mozilla/5.0 (Windows NT 6.1; WOW64) AppleWebKit/537.17 (KHTML, like Gecko) Chrome/24.0.1312.60 Safari/537.17"
36.133.115.36 - - [24/Jun/2026:12:38:17 +0800] "POST /wp-cron.php?doing_wp_cron=1782275897.5467200279235839843750 HTTP/1.1" 200 31 "-" "WordPress/7.0; http://cqqizhou.com"
103.204.76.210 - - [24/Jun/2026:12:38:17 +0800] "GET /?rest_route=/wp/v2/users HTTP/1.1" 200 284 "-" "Mozilla/5.0 (Windows NT 10.0) AppleWebKit/537.36 (KHTML, like Gecko) Chrome/42.0.2311.135 Safari/537.36 Edge/12.10240"
36.133.115.36 - - [24/Jun/2026:12:38:22 +0800] "POST /wp-cron.php?doing_wp_cron=1782275902.2861309051513671875000 HTTP/1.1" 200 31 "-" "WordPress/7.0; http://cqqizhou.com"
103.204.76.210 - - [24/Jun/2026:12:38:22 +0800] "GET /wp-login.php HTTP/1.1" 200 2821 "http://36.133.115.36" "Mozilla/5.0 (Windows NT 10.0; Win64; x64) AppleWebKit/537.36 (KHTML, like Gecko) Chrome/45.0.2454.85 Safari/537.36"
103.204.76.210 - - [24/Jun/2026:12:38:23 +0800] "POST /wp-login.php HTTP/1.1" 200 2979 "http://36.133.115.36" "Mozilla/5.0 (Windows NT 10.0; Win64; x64) AppleWebKit/537.36 (KHTML, like Gecko) Chrome/45.0.2454.85 Safari/537.36"
103.204.76.210 - - [24/Jun/2026:12:38:57 +0800] "GET /wp-login.php HTTP/1.1" 200 2821 "http://36.133.115.36" "Mozilla/5.0 (Windows NT 10.0) AppleWebKit/537.36 (KHTML, like Gecko) Chrome/45.0.2454.85 Safari/537.36"
103.204.76.210 - - [24/Jun/2026:12:38:58 +0800] "POST /wp-login.php HTTP/1.1" 200 2979 "http://36.133.115.36" "Mozilla/5.0 (Windows NT 10.0) AppleWebKit/537.36 (KHTML, like Gecko) Chrome/45.0.2454.85 Safari/537.36"
36.133.115.36 - - [24/Jun/2026:12:40:08 +0800] "POST /wp-cron.php?doing_wp_cron=1782276008.8842570781707763671875 HTTP/1.1" 200 31 "-" "WordPress/7.0; http://cqqizhou.com"
103.204.76.210 - - [24/Jun/2026:12:40:08 +0800] "GET /wp-login.php HTTP/1.1" 200 2821 "http://36.133.115.36" "Mozilla/5.0 (Windows NT 10.0) AppleWebKit/537.36 (KHTML, like Gecko) Chrome/45.0.2454.85 Safari/537.36"
103.204.76.210 - - [24/Jun/2026:12:40:10 +0800] "POST /wp-login.php HTTP/1.1" 200 2979 "http://36.133.115.36" "Mozilla/5.0 (Windows NT 10.0) AppleWebKit/537.36 (KHTML, like Gecko) Chrome/45.0.2454.85 Safari/537.36"
36.133.115.36 - - [24/Jun/2026:12:41:17 +0800] "POST /wp-cron.php?doing_wp_cron=1782276077.1434330940246582031250 HTTP/1.1" 200 31 "-" "WordPress/7.0; http://cqqizhou.com"
103.204.76.210 - - [24/Jun/2026:12:41:17 +0800] "GET /wp-login.php HTTP/1.1" 200 2821 "http://36.133.115.36" "Mozilla/5.0 (Windows NT 10.0; WOW64) AppleWebKit/537.36 (KHTML, like Gecko) Chrome/44.0.2403.155 Safari/537.36 OPR/31.0.1889.174"
103.204.76.210 - - [24/Jun/2026:12:41:18 +0800] "POST /wp-login.php HTTP/1.1" 200 2979 "http://36.133.115.36" "Mozilla/5.0 (Windows NT 10.0; WOW64) AppleWebKit/537.36 (KHTML, like Gecko) Chrome/44.0.2403.155 Safari/537.36 OPR/31.0.1889.174"
36.133.115.36 - - [24/Jun/2026:12:42:48 +0800] "POST /wp-cron.php?doing_wp_cron=1782276168.4339849948883056640625 HTTP/1.1" 200 31 "-" "WordPress/7.0; http://cqqizhou.com"
103.204.76.210 - - [24/Jun/2026:12:42:48 +0800] "GET /wp-login.php HTTP/1.1" 200 2821 "http://36.133.115.36" "Mozilla/5.0 (Windows NT 10.0; WOW64) AppleWebKit/537.36 (KHTML, like Gecko) Chrome/43.0.2357.134 Safari/537.36"
103.204.76.210 - - [24/Jun/2026:12:42:49 +0800] "POST /wp-login.php HTTP/1.1" 200 2979 "http://36.133.115.36" "Mozilla/5.0 (Windows NT 10.0; WOW64) AppleWebKit/537.36 (KHTML, like Gecko) Chrome/43.0.2357.134 Safari/537.36"
36.133.115.36 - - [24/Jun/2026:12:43:51 +0800] "POST /wp-cron.php?doing_wp_cron=1782276231.3013010025024414062500 HTTP/1.1" 200 31 "-" "WordPress/7.0; http://cqqizhou.com"
103.204.76.210 - - [24/Jun/2026:12:43:51 +0800] "GET /wp-login.php HTTP/1.1" 200 2821 "http://36.133.115.36" "Mozilla/5.0 (Windows NT 10.0; Win64; x64) AppleWebKit/537.36 (KHTML, like Gecko) Chrome/47.0.2503.0 Safari/537.36"
103.204.76.210 - - [24/Jun/2026:12:43:52 +0800] "POST /wp-login.php HTTP/1.1" 200 2979 "http://36.133.115.36" "Mozilla/5.0 (Windows NT 10.0; Win64; x64) AppleWebKit/537.36 (KHTML, like Gecko) Chrome/47.0.2503.0 Safari/537.36"
36.133.115.36 - - [24/Jun/2026:12:45:28 +0800] "POST /wp-cron.php?doing_wp_cron=1782276328.2133340835571289062500 HTTP/1.1" 200 31 "-" "WordPress/7.0; http://cqqizhou.com"
103.204.76.210 - - [24/Jun/2026:12:45:28 +0800] "GET /wp-login.php HTTP/1.1" 200 2821 "http://36.133.115.36" "Mozilla/5.0 (Windows NT 10.0; Win64; x64) AppleWebKit/537.36 (KHTML, like Gecko) Chrome/42.0.2311.135 Safari/537.36 Edge/12.10240"
103.204.76.210 - - [24/Jun/2026:12:45:30 +0800] "POST /wp-login.php HTTP/1.1" 200 2979 "http://36.133.115.36" "Mozilla/5.0 (Windows NT 10.0; Win64; x64) AppleWebKit/537.36 (KHTML, like Gecko) Chrome/42.0.2311.135 Safari/537.36 Edge/12.10240"
36.133.115.36 - - [24/Jun/2026:12:47:01 +0800] "POST /wp-cron.php?doing_wp_cron=1782276421.1073911190032958984375 HTTP/1.1" 200 31 "-" "WordPress/7.0; http://cqqizhou.com"
103.204.76.210 - - [24/Jun/2026:12:47:01 +0800] "GET /wp-login.php HTTP/1.1" 200 2821 "http://36.133.115.36" "Mozilla/5.0 (Windows NT 10.0; WOW64) AppleWebKit/537.36 (KHTML, like Gecko) Chrome/42.0.2311.152 Safari/537.36"
103.204.76.210 - - [24/Jun/2026:12:47:02 +0800] "POST /wp-login.php HTTP/1.1" 200 2979 "http://36.133.115.36" "Mozilla/5.0 (Windows NT 10.0; WOW64) AppleWebKit/537.36 (KHTML, like Gecko) Chrome/42.0.2311.152 Safari/537.36"
36.133.115.36 - - [24/Jun/2026:12:49:03 +0800] "POST /wp-cron.php?doing_wp_cron=1782276543.3970150947570800781250 HTTP/1.1" 200 31 "-" "WordPress/7.0; http://cqqizhou.com"
103.204.76.210 - - [24/Jun/2026:12:49:03 +0800] "GET /wp-login.php HTTP/1.1" 200 2821 "http://36.133.115.36" "Mozilla/5.0 (Windows NT 10.0; WOW64) AppleWebKit/537.36 (KHTML, like Gecko) Chrome/45.0.2454.85 Safari/537.36"
103.204.76.210 - - [24/Jun/2026:12:49:05 +0800] "POST /wp-login.php HTTP/1.1" 200 2979 "http://36.133.115.36" "Mozilla/5.0 (Windows NT 10.0; WOW64) AppleWebKit/537.36 (KHTML, like Gecko) Chrome/45.0.2454.85 Safari/537.36"
36.133.115.36 - - [24/Jun/2026:12:49:36 +0800] "POST /wp-cron.php?doing_wp_cron=1782276576.7393269538879394531250 HTTP/1.1" 200 31 "-" "WordPress/7.0; http://cqqizhou.com"
103.204.76.210 - - [24/Jun/2026:12:49:36 +0800] "GET /wp-login.php HTTP/1.1" 200 2821 "http://36.133.115.36" "Mozilla/5.0 (Windows NT 10.0; WOW64) AppleWebKit/537.36 (KHTML, like Gecko) Chrome/42.0.2311.152 Safari/537.36"
103.204.76.210 - - [24/Jun/2026:12:49:39 +0800] "POST /wp-login.php HTTP/1.1" 200 2979 "http://36.133.115.36" "Mozilla/5.0 (Windows NT 10.0; WOW64) AppleWebKit/537.36 (KHTML, like Gecko) Chrome/42.0.2311.152 Safari/537.36"
36.133.115.36 - - [24/Jun/2026:12:50:32 +0800] "POST /wp-cron.php?doing_wp_cron=1782276632.6965720653533935546875 HTTP/1.1" 200 31 "-" "WordPress/7.0; http://cqqizhou.com"
103.204.76.210 - - [24/Jun/2026:12:50:32 +0800] "GET /wp-login.php HTTP/1.1" 200 2821 "http://36.133.115.36" "Mozilla/5.0 (Windows NT 10.0; WOW64) AppleWebKit/537.36 (KHTML, like Gecko) Chrome/45.0.2454.85 Safari/537.36"
103.204.76.210 - - [24/Jun/2026:12:50:34 +0800] "POST /wp-login.php HTTP/1.1" 200 2979 "http://36.133.115.36" "Mozilla/5.0 (Windows NT 10.0; WOW64) AppleWebKit/537.36 (KHTML, like Gecko) Chrome/45.0.2454.85 Safari/537.36"
103.204.76.210 - - [24/Jun/2026:12:51:06 +0800] "GET /wp-login.php HTTP/1.1" 200 2821 "http://36.133.115.36" "Mozilla/5.0 (Windows NT 10.0; WOW64) AppleWebKit/537.36 (KHTML, like Gecko) Chrome/43.0.2357.132 Safari/537.36"
36.133.115.36 - - [24/Jun/2026:12:51:08 +0800] "POST /wp-cron.php?doing_wp_cron=1782276668.6044158935546875000000 HTTP/1.1" 200 31 "-" "WordPress/7.0; http://cqqizhou.com"
103.204.76.210 - - [24/Jun/2026:12:51:08 +0800] "POST /wp-login.php HTTP/1.1" 200 2979 "http://36.133.115.36" "Mozilla/5.0 (Windows NT 10.0; WOW64) AppleWebKit/537.36 (KHTML, like Gecko) Chrome/43.0.2357.132 Safari/537.36"
103.204.76.210 - - [24/Jun/2026:12:51:44 +0800] "GET /wp-login.php HTTP/1.1" 200 2821 "http://36.133.115.36" "Mozilla/5.0 (Windows NT 10.0; WOW64) AppleWebKit/537.36 (KHTML, like Gecko) Chrome/44.0.2403.125 Safari/537.36"
103.204.76.210 - - [24/Jun/2026:12:51:46 +0800] "POST /wp-login.php HTTP/1.1" 200 2979 "http://36.133.115.36" "Mozilla/5.0 (Windows NT 10.0; WOW64) AppleWebKit/537.36 (KHTML, like Gecko) Chrome/44.0.2403.125 Safari/537.36"
216.244.66.245 - - [24/Jun/2026:12:51:49 +0800] "GET /robots.txt HTTP/1.1" 200 390 "-" "Mozilla/5.0 (compatible; DotBot/1.2; +https://opensiteexplorer.org/dotbot; help@moz.com)"
36.133.115.36 - - [24/Jun/2026:12:53:27 +0800] "POST /wp-cron.php?doing_wp_cron=1782276807.9082911014556884765625 HTTP/1.1" 200 31 "-" "WordPress/7.0; http://cqqizhou.com"
103.204.76.210 - - [24/Jun/2026:12:53:27 +0800] "GET /wp-login.php HTTP/1.1" 200 2821 "http://36.133.115.36" "Mozilla/5.0 (Windows NT 10.0; WOW64) AppleWebKit/537.36 (KHTML, like Gecko) Chrome/41.0.2272.104 AOL/9.8 AOLBuild/4346.13.US Safari/537.36"
103.204.76.210 - - [24/Jun/2026:12:53:29 +0800] "POST /wp-login.php HTTP/1.1" 200 2979 "http://36.133.115.36" "Mozilla/5.0 (Windows NT 10.0; WOW64) AppleWebKit/537.36 (KHTML, like Gecko) Chrome/41.0.2272.104 AOL/9.8 AOLBuild/4346.13.US Safari/537.36"
36.133.115.36 - - [24/Jun/2026:12:54:44 +0800] "POST /wp-cron.php?doing_wp_cron=1782276884.4390308856964111328125 HTTP/1.1" 200 31 "-" "WordPress/7.0; http://cqqizhou.com"
103.204.76.210 - - [24/Jun/2026:12:54:44 +0800] "GET /wp-login.php HTTP/1.1" 200 2821 "http://36.133.115.36" "Mozilla/5.0 (Windows NT 10.0; Win64; x64) AppleWebKit/537.36 (KHTML, like Gecko) Chrome/46.0.2490.13 Safari/537.36"
103.204.76.210 - - [24/Jun/2026:12:54:45 +0800] "POST /wp-login.php HTTP/1.1" 200 2979 "http://36.133.115.36" "Mozilla/5.0 (Windows NT 10.0; Win64; x64) AppleWebKit/537.36 (KHTML, like Gecko) Chrome/46.0.2490.13 Safari/537.36"
36.133.115.36 - - [24/Jun/2026:12:55:26 +0800] "POST /wp-cron.php?doing_wp_cron=1782276926.8612658977508544921875 HTTP/1.1" 200 31 "-" "WordPress/7.0; http://cqqizhou.com"
103.204.76.210 - - [24/Jun/2026:12:55:26 +0800] "GET /wp-login.php HTTP/1.1" 200 2821 "http://36.133.115.36" "Mozilla/5.0 (Windows NT 10.0) AppleWebKit/537.36 (KHTML, like Gecko) Chrome/44.0.2403.157 Safari/537.36"
103.204.76.210 - - [24/Jun/2026:12:55:28 +0800] "POST /wp-login.php HTTP/1.1" 200 2979 "http://36.133.115.36" "Mozilla/5.0 (Windows NT 10.0) AppleWebKit/537.36 (KHTML, like Gecko) Chrome/44.0.2403.157 Safari/537.36"
36.133.115.36 - - [24/Jun/2026:12:57:30 +0800] "POST /wp-cron.php?doing_wp_cron=1782277050.6497230529785156250000 HTTP/1.1" 200 31 "-" "WordPress/7.0; http://cqqizhou.com"
103.204.76.210 - - [24/Jun/2026:12:57:30 +0800] "GET /wp-login.php HTTP/1.1" 200 2821 "http://36.133.115.36" "Mozilla/5.0 (Windows NT 10.0; WOW64) AppleWebKit/537.36 (KHTML, like Gecko) Chrome/43.0.2357.130 Safari/537.36"
103.204.76.210 - - [24/Jun/2026:12:57:31 +0800] "POST /wp-login.php HTTP/1.1" 200 2979 "http://36.133.115.36" "Mozilla/5.0 (Windows NT 10.0; WOW64) AppleWebKit/537.36 (KHTML, like Gecko) Chrome/43.0.2357.130 Safari/537.36"
36.133.115.36 - - [24/Jun/2026:12:58:12 +0800] "POST /wp-cron.php?doing_wp_cron=1782277092.4364190101623535156250 HTTP/1.1" 200 31 "-" "WordPress/7.0; http://cqqizhou.com"
103.204.76.210 - - [24/Jun/2026:12:58:12 +0800] "GET /wp-login.php HTTP/1.1" 200 2821 "http://36.133.115.36" "Mozilla/5.0 (Windows NT 10.0; WOW64) AppleWebKit/537.36 (KHTML, like Gecko) Chrome/44.0.2403.130 Safari/537.36"
103.204.76.210 - - [24/Jun/2026:12:58:13 +0800] "POST /wp-login.php HTTP/1.1" 200 2979 "http://36.133.115.36" "Mozilla/5.0 (Windows NT 10.0; WOW64) AppleWebKit/537.36 (KHTML, like Gecko) Chrome/44.0.2403.130 Safari/537.36"
103.204.76.210 - - [24/Jun/2026:12:58:52 +0800] "GET /wp-login.php HTTP/1.1" 200 2821 "http://36.133.115.36" "Mozilla/5.0 (Windows NT 10.0; Win64; x64) AppleWebKit/537.36 (KHTML, like Gecko) Chrome/47.0.2503.0 Safari/537.36"
103.204.76.210 - - [24/Jun/2026:12:58:53 +0800] "POST /wp-login.php HTTP/1.1" 200 2979 "http://36.133.115.36" "Mozilla/5.0 (Windows NT 10.0; Win64; x64) AppleWebKit/537.36 (KHTML, like Gecko) Chrome/47.0.2503.0 Safari/537.36"
216.244.66.245 - - [24/Jun/2026:12:59:11 +0800] "GET /news/2534 HTTP/1.1" 200 86200 "-" "Mozilla/5.0 (compatible; DotBot/1.2; +https://opensiteexplorer.org/dotbot; help@moz.com)"
36.133.115.36 - - [24/Jun/2026:12:59:45 +0800] "POST /wp-cron.php?doing_wp_cron=1782277185.2851419448852539062500 HTTP/1.1" 200 31 "-" "WordPress/7.0; http://cqqizhou.com"
216.244.66.245 - - [24/Jun/2026:12:59:45 +0800] "GET /2052/ HTTP/1.1" 301 5 "-" "Mozilla/5.0 (compatible; DotBot/1.2; +https://opensiteexplorer.org/dotbot; help@moz.com)"
103.204.76.210 - - [24/Jun/2026:13:00:03 +0800] "GET /wp-login.php HTTP/1.1" 200 2821 "http://36.133.115.36" "Mozilla/5.0 (Windows NT 10.0; WOW64) AppleWebKit/537.36 (KHTML, like Gecko) Chrome/43.0.2357.130 Safari/537.36"
103.204.76.210 - - [24/Jun/2026:13:00:05 +0800] "POST /wp-login.php HTTP/1.1" 200 2979 "http://36.133.115.36" "Mozilla/5.0 (Windows NT 10.0; WOW64) AppleWebKit/537.36 (KHTML, like Gecko) Chrome/43.0.2357.130 Safari/537.36"
36.133.115.36 - - [24/Jun/2026:13:01:11 +0800] "POST /wp-cron.php?doing_wp_cron=1782277270.9538989067077636718750 HTTP/1.1" 200 31 "-" "WordPress/7.0; http://cqqizhou.com"
103.204.76.210 - - [24/Jun/2026:13:01:11 +0800] "GET /wp-login.php HTTP/1.1" 200 2821 "http://36.133.115.36" "Mozilla/5.0 (Windows NT 10.0; Win64; x64) AppleWebKit/537.36 (KHTML, like Gecko) Chrome/47.0.2505.0 Safari/537.36"
103.204.76.210 - - [24/Jun/2026:13:01:12 +0800] "POST /wp-login.php HTTP/1.1" 200 2979 "http://36.133.115.36" "Mozilla/5.0 (Windows NT 10.0; Win64; x64) AppleWebKit/537.36 (KHTML, like Gecko) Chrome/47.0.2505.0 Safari/537.36"
103.204.76.210 - - [24/Jun/2026:13:02:07 +0800] "GET /wp-login.php HTTP/1.1" 200 2821 "http://36.133.115.36" "Mozilla/5.0 (Windows NT 10.0) AppleWebKit/537.36 (KHTML, like Gecko) Chrome/42.0.2311.135 Safari/537.36 Edge/12.10240"
36.133.115.36 - - [24/Jun/2026:13:02:10 +0800] "POST /wp-cron.php?doing_wp_cron=1782277329.9817500114440917968750 HTTP/1.1" 200 31 "-" "WordPress/7.0; http://cqqizhou.com"
