103.204.76.210 - - [24/Jun/2026:13:02:10 +0800] "POST /wp-login.php HTTP/1.1" 200 2979 "http://36.133.115.36" "Mozilla/5.0 (Windows NT 10.0) AppleWebKit/537.36 (KHTML, like Gecko) Chrome/42.0.2311.135 Safari/537.36 Edge/12.10240"
103.204.76.210 - - [24/Jun/2026:13:02:36 +0800] "GET /wp-login.php HTTP/1.1" 200 2821 "http://36.133.115.36" "Mozilla/5.0 (Windows NT 10.0; WOW64) AppleWebKit/537.36 (KHTML, like Gecko) Chrome/43.0.2357.134 Safari/537.36"
103.204.76.210 - - [24/Jun/2026:13:02:38 +0800] "POST /wp-login.php HTTP/1.1" 200 2979 "http://36.133.115.36" "Mozilla/5.0 (Windows NT 10.0; WOW64) AppleWebKit/537.36 (KHTML, like Gecko) Chrome/43.0.2357.134 Safari/537.36"
36.133.115.36 - - [24/Jun/2026:13:03:46 +0800] "POST /wp-cron.php?doing_wp_cron=1782277426.2913351058959960937500 HTTP/1.1" 200 31 "-" "WordPress/7.0; http://cqqizhou.com"
103.204.76.210 - - [24/Jun/2026:13:03:46 +0800] "GET /wp-login.php HTTP/1.1" 200 2821 "http://36.133.115.36" "Mozilla/5.0 (Windows NT 10.0; Win64; x64) AppleWebKit/537.36 (KHTML, like Gecko) Chrome/47.0.2505.0 Safari/537.36"
103.204.76.210 - - [24/Jun/2026:13:03:48 +0800] "POST /wp-login.php HTTP/1.1" 200 2979 "http://36.133.115.36" "Mozilla/5.0 (Windows NT 10.0; Win64; x64) AppleWebKit/537.36 (KHTML, like Gecko) Chrome/47.0.2505.0 Safari/537.36"
36.133.115.36 - - [24/Jun/2026:13:04:45 +0800] "POST /wp-cron.php?doing_wp_cron=1782277485.8482110500335693359375 HTTP/1.1" 200 31 "-" "WordPress/7.0; http://cqqizhou.com"
103.204.76.210 - - [24/Jun/2026:13:04:45 +0800] "GET /wp-login.php HTTP/1.1" 200 2821 "http://36.133.115.36" "Mozilla/5.0 (Windows NT 10.0; WOW64) AppleWebKit/537.36 (KHTML, like Gecko) Chrome/43.0.2357.134 Safari/537.36"
103.204.76.210 - - [24/Jun/2026:13:04:47 +0800] "POST /wp-login.php HTTP/1.1" 200 2979 "http://36.133.115.36" "Mozilla/5.0 (Windows NT 10.0; WOW64) AppleWebKit/537.36 (KHTML, like Gecko) Chrome/43.0.2357.134 Safari/537.36"
36.133.115.36 - - [24/Jun/2026:13:06:05 +0800] "POST /wp-cron.php?doing_wp_cron=1782277565.0963110923767089843750 HTTP/1.1" 200 31 "-" "WordPress/7.0; http://cqqizhou.com"
103.204.76.210 - - [24/Jun/2026:13:06:05 +0800] "GET /wp-login.php HTTP/1.1" 200 2821 "http://36.133.115.36" "Mozilla/5.0 (Windows NT 10.0; Win64; x64) AppleWebKit/537.36 (KHTML, like Gecko) Chrome/42.0.2311.135 Safari/537.36 Edge/12.10240"
103.204.76.210 - - [24/Jun/2026:13:06:07 +0800] "POST /wp-login.php HTTP/1.1" 200 2979 "http://36.133.115.36" "Mozilla/5.0 (Windows NT 10.0; Win64; x64) AppleWebKit/537.36 (KHTML, like Gecko) Chrome/42.0.2311.135 Safari/537.36 Edge/12.10240"
36.133.115.36 - - [24/Jun/2026:13:06:38 +0800] "POST /wp-cron.php?doing_wp_cron=1782277598.1291120052337646484375 HTTP/1.1" 200 31 "-" "WordPress/7.0; http://cqqizhou.com"
103.204.76.210 - - [24/Jun/2026:13:06:38 +0800] "GET /wp-login.php HTTP/1.1" 200 2821 "http://36.133.115.36" "Mozilla/5.0 (Windows NT 10.0; WOW64) AppleWebKit/537.36 (KHTML, like Gecko) Chrome/43.0.2357.132 Safari/537.36"
103.204.76.210 - - [24/Jun/2026:13:06:40 +0800] "POST /wp-login.php HTTP/1.1" 200 2979 "http://36.133.115.36" "Mozilla/5.0 (Windows NT 10.0; WOW64) AppleWebKit/537.36 (KHTML, like Gecko) Chrome/43.0.2357.132 Safari/537.36"
36.133.115.36 - - [24/Jun/2026:13:07:35 +0800] "POST /wp-cron.php?doing_wp_cron=1782277655.5534949302673339843750 HTTP/1.1" 200 31 "-" "WordPress/7.0; http://cqqizhou.com"
103.204.76.210 - - [24/Jun/2026:13:07:35 +0800] "GET /wp-login.php HTTP/1.1" 200 2821 "http://36.133.115.36" "Mozilla/5.0 (Windows NT 10.0; Win64; x64) AppleWebKit/537.36 (KHTML, like Gecko) Chrome/44.0.2403.157 Safari/537.36"
103.204.76.210 - - [24/Jun/2026:13:07:37 +0800] "POST /wp-login.php HTTP/1.1" 200 2979 "http://36.133.115.36" "Mozilla/5.0 (Windows NT 10.0; Win64; x64) AppleWebKit/537.36 (KHTML, like Gecko) Chrome/44.0.2403.157 Safari/537.36"
36.133.115.36 - - [24/Jun/2026:13:09:03 +0800] "POST /wp-cron.php?doing_wp_cron=1782277743.8562328815460205078125 HTTP/1.1" 200 31 "-" "WordPress/7.0; http://cqqizhou.com"
103.204.76.210 - - [24/Jun/2026:13:09:03 +0800] "GET /wp-login.php HTTP/1.1" 200 2821 "http://36.133.115.36" "Mozilla/5.0 (Windows NT 10.0; Win64; x64) AppleWebKit/537.36 (KHTML, like Gecko) Chrome/46.0.2490.22 Safari/537.36"
103.204.76.210 - - [24/Jun/2026:13:09:05 +0800] "POST /wp-login.php HTTP/1.1" 200 2979 "http://36.133.115.36" "Mozilla/5.0 (Windows NT 10.0; Win64; x64) AppleWebKit/537.36 (KHTML, like Gecko) Chrome/46.0.2490.22 Safari/537.36"
36.133.115.36 - - [24/Jun/2026:13:09:46 +0800] "POST /wp-cron.php?doing_wp_cron=1782277786.2686579227447509765625 HTTP/1.1" 200 31 "-" "WordPress/7.0; http://cqqizhou.com"
103.204.76.210 - - [24/Jun/2026:13:09:46 +0800] "GET /wp-login.php HTTP/1.1" 200 2821 "http://36.133.115.36" "Mozilla/5.0 (Windows NT 10.0; WOW64) AppleWebKit/537.36 (KHTML, like Gecko) Chrome/44.0.2403.130 Safari/537.36"
103.204.76.210 - - [24/Jun/2026:13:09:48 +0800] "POST /wp-login.php HTTP/1.1" 200 2979 "http://36.133.115.36" "Mozilla/5.0 (Windows NT 10.0; WOW64) AppleWebKit/537.36 (KHTML, like Gecko) Chrome/44.0.2403.130 Safari/537.36"
36.133.115.36 - - [24/Jun/2026:13:10:59 +0800] "POST /wp-cron.php?doing_wp_cron=1782277859.5193839073181152343750 HTTP/1.1" 200 31 "-" "WordPress/7.0; http://cqqizhou.com"
103.204.76.210 - - [24/Jun/2026:13:10:59 +0800] "GET /wp-login.php HTTP/1.1" 200 2821 "http://36.133.115.36" "Mozilla/5.0 (Windows NT 10.0; WOW64) AppleWebKit/537.36 (KHTML, like Gecko) Chrome/43.0.2357.130 Safari/537.36"
103.204.76.210 - - [24/Jun/2026:13:11:01 +0800] "POST /wp-login.php HTTP/1.1" 200 2979 "http://36.133.115.36" "Mozilla/5.0 (Windows NT 10.0; WOW64) AppleWebKit/537.36 (KHTML, like Gecko) Chrome/43.0.2357.130 Safari/537.36"
36.133.115.36 - - [24/Jun/2026:13:11:45 +0800] "POST /wp-cron.php?doing_wp_cron=1782277905.9546720981597900390625 HTTP/1.1" 200 31 "-" "WordPress/7.0; http://cqqizhou.com"
103.204.76.210 - - [24/Jun/2026:13:11:46 +0800] "GET /wp-login.php HTTP/1.1" 200 2821 "http://36.133.115.36" "Mozilla/5.0 (Windows NT 10.0; Win64; x64) AppleWebKit/537.36 (KHTML, like Gecko) Chrome/42.0.2311.135 Safari/537.36 Edge/12.10240"
103.204.76.210 - - [24/Jun/2026:13:11:49 +0800] "POST /wp-login.php HTTP/1.1" 200 2979 "http://36.133.115.36" "Mozilla/5.0 (Windows NT 10.0; Win64; x64) AppleWebKit/537.36 (KHTML, like Gecko) Chrome/42.0.2311.135 Safari/537.36 Edge/12.10240"
36.133.115.36 - - [24/Jun/2026:13:12:15 +0800] "POST /wp-cron.php?doing_wp_cron=1782277934.9766659736633300781250 HTTP/1.1" 200 31 "-" "WordPress/7.0; http://cqqizhou.com"
103.204.76.210 - - [24/Jun/2026:13:12:15 +0800] "GET /wp-login.php HTTP/1.1" 200 2821 "http://36.133.115.36" "Mozilla/5.0 (Windows NT 10.0; WOW64) AppleWebKit/537.36 (KHTML, like Gecko) Chrome/44.0.2403.157 Safari/537.36"
103.204.76.210 - - [24/Jun/2026:13:12:17 +0800] "POST /wp-login.php HTTP/1.1" 200 2979 "http://36.133.115.36" "Mozilla/5.0 (Windows NT 10.0; WOW64) AppleWebKit/537.36 (KHTML, like Gecko) Chrome/44.0.2403.157 Safari/537.36"
36.133.115.36 - - [24/Jun/2026:13:13:14 +0800] "POST /wp-cron.php?doing_wp_cron=1782277994.4757049083709716796875 HTTP/1.1" 200 31 "-" "WordPress/7.0; http://cqqizhou.com"
103.204.76.210 - - [24/Jun/2026:13:13:14 +0800] "GET /wp-login.php HTTP/1.1" 200 2821 "http://36.133.115.36" "Mozilla/5.0 (Windows NT 10.0; Win64; x64) AppleWebKit/537.36 (KHTML, like Gecko) Chrome/42.0.2311.135 Safari/537.36 Edge/12.10240"
103.204.76.210 - - [24/Jun/2026:13:13:16 +0800] "POST /wp-login.php HTTP/1.1" 200 2979 "http://36.133.115.36" "Mozilla/5.0 (Windows NT 10.0; Win64; x64) AppleWebKit/537.36 (KHTML, like Gecko) Chrome/42.0.2311.135 Safari/537.36 Edge/12.10240"
36.133.115.36 - - [24/Jun/2026:13:14:38 +0800] "POST /wp-cron.php?doing_wp_cron=1782278078.1093549728393554687500 HTTP/1.1" 200 31 "-" "WordPress/7.0; http://cqqizhou.com"
36.133.108.121 - - [24/Jun/2026:13:14:38 +0800] "HEAD /wp-includes/js/fck HTTP/1.1" 404 0 "-" "Mozilla/5.0 (X11; Ubuntu; Linux x86_64; rv:24.0) Gecko/20100101 Firefox/24.0"
36.133.115.36 - - [24/Jun/2026:13:16:03 +0800] "POST /wp-cron.php?doing_wp_cron=1782278163.8247139453887939453125 HTTP/1.1" 200 31 "-" "WordPress/7.0; http://cqqizhou.com"
103.204.76.210 - - [24/Jun/2026:13:16:03 +0800] "GET /wp-login.php HTTP/1.1" 200 2821 "http://36.133.115.36" "Mozilla/5.0 (Windows NT 10.0; WOW64) AppleWebKit/537.36 (KHTML, like Gecko) Chrome/45.0.2454.85 Safari/537.36"
103.204.76.210 - - [24/Jun/2026:13:16:05 +0800] "POST /wp-login.php HTTP/1.1" 200 2979 "http://36.133.115.36" "Mozilla/5.0 (Windows NT 10.0; WOW64) AppleWebKit/537.36 (KHTML, like Gecko) Chrome/45.0.2454.85 Safari/537.36"
36.133.115.36 - - [24/Jun/2026:13:17:23 +0800] "POST /wp-cron.php?doing_wp_cron=1782278243.2177870273590087890625 HTTP/1.1" 200 31 "-" "WordPress/7.0; http://cqqizhou.com"
103.204.76.210 - - [24/Jun/2026:13:17:23 +0800] "GET /wp-login.php HTTP/1.1" 200 2821 "http://36.133.115.36" "Mozilla/5.0 (Windows NT 10.0; WOW64) AppleWebKit/537.36 (KHTML, like Gecko) Chrome/43.0.2357.130 Safari/537.36"
103.204.76.210 - - [24/Jun/2026:13:17:25 +0800] "POST /wp-login.php HTTP/1.1" 200 2979 "http://36.133.115.36" "Mozilla/5.0 (Windows NT 10.0; WOW64) AppleWebKit/537.36 (KHTML, like Gecko) Chrome/43.0.2357.130 Safari/537.36"
36.133.115.36 - - [24/Jun/2026:13:18:24 +0800] "POST /wp-cron.php?doing_wp_cron=1782278304.1626551151275634765625 HTTP/1.1" 200 31 "-" "WordPress/7.0; http://cqqizhou.com"
103.204.76.210 - - [24/Jun/2026:13:18:24 +0800] "GET /wp-login.php HTTP/1.1" 200 2821 "http://36.133.115.36" "Mozilla/5.0 (Windows NT 10.0; WOW64) AppleWebKit/537.36 (KHTML, like Gecko) Chrome/43.0.2357.132 Safari/537.36"
103.204.76.210 - - [24/Jun/2026:13:18:27 +0800] "POST /wp-login.php HTTP/1.1" 200 2979 "http://36.133.115.36" "Mozilla/5.0 (Windows NT 10.0; WOW64) AppleWebKit/537.36 (KHTML, like Gecko) Chrome/43.0.2357.132 Safari/537.36"
36.133.115.36 - - [24/Jun/2026:13:19:38 +0800] "POST /wp-cron.php?doing_wp_cron=1782278378.7952170372009277343750 HTTP/1.1" 200 31 "-" "WordPress/7.0; http://cqqizhou.com"
103.204.76.210 - - [24/Jun/2026:13:19:38 +0800] "GET /wp-login.php HTTP/1.1" 200 2821 "http://36.133.115.36" "Mozilla/5.0 (Windows NT 10.0; WOW64) AppleWebKit/537.36 (KHTML, like Gecko) Chrome/44.0.2403.155 Safari/537.36"
103.204.76.210 - - [24/Jun/2026:13:19:41 +0800] "POST /wp-login.php HTTP/1.1" 200 2979 "http://36.133.115.36" "Mozilla/5.0 (Windows NT 10.0; WOW64) AppleWebKit/537.36 (KHTML, like Gecko) Chrome/44.0.2403.155 Safari/537.36"
36.133.115.36 - - [24/Jun/2026:13:20:46 +0800] "POST /wp-cron.php?doing_wp_cron=1782278446.1318349838256835937500 HTTP/1.1" 200 31 "-" "WordPress/7.0; http://cqqizhou.com"
103.204.76.210 - - [24/Jun/2026:13:20:46 +0800] "GET /wp-login.php HTTP/1.1" 200 2821 "http://36.133.115.36" "Mozilla/5.0 (Windows NT 10.0) AppleWebKit/537.36 (KHTML, like Gecko) Chrome/44.0.2403.157 Safari/537.36"
103.204.76.210 - - [24/Jun/2026:13:20:49 +0800] "POST /wp-login.php HTTP/1.1" 200 2979 "http://36.133.115.36" "Mozilla/5.0 (Windows NT 10.0) AppleWebKit/537.36 (KHTML, like Gecko) Chrome/44.0.2403.157 Safari/537.36"
36.133.115.36 - - [24/Jun/2026:13:21:23 +0800] "POST /wp-cron.php?doing_wp_cron=1782278483.6198179721832275390625 HTTP/1.1" 200 31 "-" "WordPress/7.0; http://cqqizhou.com"
103.204.76.210 - - [24/Jun/2026:13:21:23 +0800] "GET /wp-login.php HTTP/1.1" 200 2821 "http://36.133.115.36" "Mozilla/5.0 (Windows NT 10.0; Win64; x64) AppleWebKit/537.36 (KHTML, like Gecko) Chrome/47.0.2503.0 Safari/537.36"
103.204.76.210 - - [24/Jun/2026:13:21:25 +0800] "POST /wp-login.php HTTP/1.1" 200 2979 "http://36.133.115.36" "Mozilla/5.0 (Windows NT 10.0; Win64; x64) AppleWebKit/537.36 (KHTML, like Gecko) Chrome/47.0.2503.0 Safari/537.36"
36.133.115.36 - - [24/Jun/2026:13:22:13 +0800] "POST /wp-cron.php?doing_wp_cron=1782278533.6578559875488281250000 HTTP/1.1" 200 31 "-" "WordPress/7.0; http://cqqizhou.com"
103.204.76.210 - - [24/Jun/2026:13:22:13 +0800] "GET /wp-login.php HTTP/1.1" 200 2821 "http://36.133.115.36" "Mozilla/5.0 (Windows NT 10.0; WOW64) AppleWebKit/537.36 (KHTML, like Gecko) Chrome/42.0.0.9895 Safari/537.36"
103.204.76.210 - - [24/Jun/2026:13:22:15 +0800] "POST /wp-login.php HTTP/1.1" 200 2979 "http://36.133.115.36" "Mozilla/5.0 (Windows NT 10.0; WOW64) AppleWebKit/537.36 (KHTML, like Gecko) Chrome/42.0.0.9895 Safari/537.36"
103.204.76.210 - - [24/Jun/2026:13:22:44 +0800] "GET /wp-login.php HTTP/1.1" 200 2821 "http://36.133.115.36" "Mozilla/5.0 (Windows NT 10.0; Win64; x64) AppleWebKit/537.36 (KHTML, like Gecko) Chrome/46.0.2490.13 Safari/537.36"
103.204.76.210 - - [24/Jun/2026:13:22:50 +0800] "POST /wp-login.php HTTP/1.1" 200 2979 "http://36.133.115.36" "Mozilla/5.0 (Windows NT 10.0; Win64; x64) AppleWebKit/537.36 (KHTML, like Gecko) Chrome/46.0.2490.13 Safari/537.36"
36.133.115.36 - - [24/Jun/2026:13:23:40 +0800] "POST /wp-cron.php?doing_wp_cron=1782278620.6332039833068847656250 HTTP/1.1" 200 31 "-" "WordPress/7.0; http://cqqizhou.com"
103.204.76.210 - - [24/Jun/2026:13:23:40 +0800] "GET /wp-login.php HTTP/1.1" 200 2821 "http://36.133.115.36" "Mozilla/5.0 (Windows NT 10.0; Win64; x64) AppleWebKit/537.36 (KHTML, like Gecko) Chrome/44.0.2403.157 Safari/537.36"
103.204.76.210 - - [24/Jun/2026:13:23:43 +0800] "POST /wp-login.php HTTP/1.1" 200 2979 "http://36.133.115.36" "Mozilla/5.0 (Windows NT 10.0; Win64; x64) AppleWebKit/537.36 (KHTML, like Gecko) Chrome/44.0.2403.157 Safari/537.36"
36.133.115.36 - - [24/Jun/2026:13:24:25 +0800] "POST /wp-cron.php?doing_wp_cron=1782278665.4054269790649414062500 HTTP/1.1" 200 31 "-" "WordPress/7.0; http://cqqizhou.com"
103.204.76.210 - - [24/Jun/2026:13:24:25 +0800] "GET /wp-login.php HTTP/1.1" 200 2821 "http://36.133.115.36" "Mozilla/5.0 (Windows NT 10.0; Win64; x64) AppleWebKit/537.36 (KHTML, like Gecko) Chrome/42.0.2311.135 Safari/537.36 Edge/12.10532"
59.44.90.14 - - [24/Jun/2026:13:24:27 +0800] "GET /work-safety/page/2 HTTP/1.1" 200 22327 "-" "Mozilla/5.0 (Windows NT 10.0; Win64; x64) AppleWebKit/537.36 (KHTML, like Gecko) Chrome/142.0.0.0 Safari/537.36"
103.204.76.210 - - [24/Jun/2026:13:24:27 +0800] "POST /wp-login.php HTTP/1.1" 200 2979 "http://36.133.115.36" "Mozilla/5.0 (Windows NT 10.0; Win64; x64) AppleWebKit/537.36 (KHTML, like Gecko) Chrome/42.0.2311.135 Safari/537.36 Edge/12.10532"
59.44.90.14 - - [24/Jun/2026:13:24:29 +0800] "POST /wp-admin/admin-ajax.php HTTP/1.1" 200 522 "http://cqqizhou.com/work-safety/page/2" "Mozilla/5.0 (Windows NT 10.0; Win64; x64) AppleWebKit/537.36 (KHTML, like Gecko) Chrome/142.0.0.0 Safari/537.36"
36.133.115.36 - - [24/Jun/2026:13:25:24 +0800] "POST /wp-cron.php?doing_wp_cron=1782278724.9306509494781494140625 HTTP/1.1" 200 31 "-" "WordPress/7.0; http://cqqizhou.com"
103.204.76.210 - - [24/Jun/2026:13:25:24 +0800] "GET /wp-login.php HTTP/1.1" 200 2821 "http://36.133.115.36" "Mozilla/5.0 (Windows NT 10.0; WOW64) AppleWebKit/537.36 (KHTML, like Gecko) Chrome/42.0.0.9895 Safari/537.36"
103.204.76.210 - - [24/Jun/2026:13:25:29 +0800] "POST /wp-login.php HTTP/1.1" 200 2979 "http://36.133.115.36" "Mozilla/5.0 (Windows NT 10.0; WOW64) AppleWebKit/537.36 (KHTML, like Gecko) Chrome/42.0.0.9895 Safari/537.36"
103.204.76.210 - - [24/Jun/2026:13:26:06 +0800] "GET /wp-login.php HTTP/1.1" 200 2821 "http://36.133.115.36" "Mozilla/5.0 (Windows NT 10.0; WOW64) AppleWebKit/537.36 (KHTML, like Gecko) Chrome/44.0.2403.157 Safari/537.36"
36.133.115.36 - - [24/Jun/2026:13:26:08 +0800] "POST /wp-cron.php?doing_wp_cron=1782278768.7843708992004394531250 HTTP/1.1" 200 31 "-" "WordPress/7.0; http://cqqizhou.com"
103.204.76.210 - - [24/Jun/2026:13:26:08 +0800] "POST /wp-login.php HTTP/1.1" 200 2979 "http://36.133.115.36" "Mozilla/5.0 (Windows NT 10.0; WOW64) AppleWebKit/537.36 (KHTML, like Gecko) Chrome/44.0.2403.157 Safari/537.36"
103.204.76.210 - - [24/Jun/2026:13:26:25 +0800] "GET /wp-login.php HTTP/1.1" 200 2821 "http://36.133.115.36" "Mozilla/5.0 (Windows NT 10.0; WOW64) AppleWebKit/537.36 (KHTML, like Gecko) Chrome/38.0.2125.122 Safari/537.36 SE 2.X MetaSr 1.0"
103.204.76.210 - - [24/Jun/2026:13:26:28 +0800] "POST /wp-login.php HTTP/1.1" 200 2979 "http://36.133.115.36" "Mozilla/5.0 (Windows NT 10.0; WOW64) AppleWebKit/537.36 (KHTML, like Gecko) Chrome/38.0.2125.122 Safari/537.36 SE 2.X MetaSr 1.0"
36.133.115.36 - - [24/Jun/2026:13:27:12 +0800] "POST /wp-cron.php?doing_wp_cron=1782278832.7368090152740478515625 HTTP/1.1" 200 31 "-" "WordPress/7.0; http://cqqizhou.com"
103.204.76.210 - - [24/Jun/2026:13:27:12 +0800] "GET /wp-login.php HTTP/1.1" 200 2821 "http://36.133.115.36" "Mozilla/5.0 (Windows NT 10.0; WOW64) AppleWebKit/537.36 (KHTML, like Gecko) Chrome/42.0.0.9895 Safari/537.36"
103.204.76.210 - - [24/Jun/2026:13:27:16 +0800] "POST /wp-login.php HTTP/1.1" 200 2979 "http://36.133.115.36" "Mozilla/5.0 (Windows NT 10.0; WOW64) AppleWebKit/537.36 (KHTML, like Gecko) Chrome/42.0.0.9895 Safari/537.36"
103.204.76.210 - - [24/Jun/2026:13:27:58 +0800] "GET /wp-login.php HTTP/1.1" 200 2821 "http://36.133.115.36" "Mozilla/5.0 (Windows NT 10.0; Win64; x64) AppleWebKit/537.36 (KHTML, like Gecko) Chrome/42.0.2311.135 Safari/537.36 Edge/12.10532"
103.204.76.210 - - [24/Jun/2026:13:28:00 +0800] "POST /wp-login.php HTTP/1.1" 200 2979 "http://36.133.115.36" "Mozilla/5.0 (Windows NT 10.0; Win64; x64) AppleWebKit/537.36 (KHTML, like Gecko) Chrome/42.0.2311.135 Safari/537.36 Edge/12.10532"
36.133.115.36 - - [24/Jun/2026:13:28:55 +0800] "POST /wp-cron.php?doing_wp_cron=1782278935.6154639720916748046875 HTTP/1.1" 200 31 "-" "WordPress/7.0; http://cqqizhou.com"
103.204.76.210 - - [24/Jun/2026:13:28:55 +0800] "GET /wp-login.php HTTP/1.1" 200 2821 "http://36.133.115.36" "Mozilla/5.0 (Windows NT 10.0) AppleWebKit/537.36 (KHTML, like Gecko) Chrome/42.0.2311.135 Safari/537.36 Edge/12.10240"
103.204.76.210 - - [24/Jun/2026:13:28:58 +0800] "POST /wp-login.php HTTP/1.1" 200 2979 "http://36.133.115.36" "Mozilla/5.0 (Windows NT 10.0) AppleWebKit/537.36 (KHTML, like Gecko) Chrome/42.0.2311.135 Safari/537.36 Edge/12.10240"
36.133.115.36 - - [24/Jun/2026:13:29:37 +0800] "POST /wp-cron.php?doing_wp_cron=1782278977.8915739059448242187500 HTTP/1.1" 200 31 "-" "WordPress/7.0; http://cqqizhou.com"
103.204.76.210 - - [24/Jun/2026:13:29:37 +0800] "GET /wp-login.php HTTP/1.1" 200 2821 "http://36.133.115.36" "Mozilla/5.0 (Windows NT 10.0; Win64; x64) AppleWebKit/537.36 (KHTML, like Gecko) Chrome/46.0.2490.22 Safari/537.36"
103.204.76.210 - - [24/Jun/2026:13:29:46 +0800] "POST /wp-login.php HTTP/1.1" 200 2979 "http://36.133.115.36" "Mozilla/5.0 (Windows NT 10.0; Win64; x64) AppleWebKit/537.36 (KHTML, like Gecko) Chrome/46.0.2490.22 Safari/537.36"
36.133.115.36 - - [24/Jun/2026:13:30:37 +0800] "POST /wp-cron.php?doing_wp_cron=1782279037.7828869819641113281250 HTTP/1.1" 200 31 "-" "WordPress/7.0; http://cqqizhou.com"
103.204.76.210 - - [24/Jun/2026:13:30:37 +0800] "GET /wp-login.php HTTP/1.1" 200 2821 "http://36.133.115.36" "Mozilla/5.0 (Windows NT 10.0; WOW64) AppleWebKit/537.36 (KHTML, like Gecko) Chrome/44.0.2403.157 Safari/537.36"
36.133.108.125 - - [24/Jun/2026:13:30:40 +0800] "HEAD /wp-admin/includes/members.csv HTTP/1.1" 404 0 "-" "Mozilla/4.0 (compatible; MSIE 8.0; Windows NT 6.1; WOW64; Trident/4.0; SLCC2; Media Center PC 6.0; InfoPath.2; MS-RTC LM 8"
103.204.76.210 - - [24/Jun/2026:13:30:50 +0800] "POST /wp-login.php HTTP/1.1" 200 2979 "http://36.133.115.36" "Mozilla/5.0 (Windows NT 10.0; WOW64) AppleWebKit/537.36 (KHTML, like Gecko) Chrome/44.0.2403.157 Safari/537.36"
36.133.115.36 - - [24/Jun/2026:13:31:11 +0800] "POST /wp-cron.php?doing_wp_cron=1782279071.6783370971679687500000 HTTP/1.1" 200 31 "-" "WordPress/7.0; http://cqqizhou.com"
103.204.76.210 - - [24/Jun/2026:13:31:11 +0800] "GET /wp-login.php HTTP/1.1" 200 2821 "http://36.133.115.36" "Mozilla/5.0 (Windows NT 10.0; Win64; x64) AppleWebKit/537.36 (KHTML, like Gecko) Chrome/42.0.2311.135 Safari/537.36 Edge/12.10532"
103.204.76.210 - - [24/Jun/2026:13:31:16 +0800] "POST /wp-login.php HTTP/1.1" 200 2979 "http://36.133.115.36" "Mozilla/5.0 (Windows NT 10.0; Win64; x64) AppleWebKit/537.36 (KHTML, like Gecko) Chrome/42.0.2311.135 Safari/537.36 Edge/12.10532"
36.133.115.36 - - [24/Jun/2026:13:32:14 +0800] "POST /wp-cron.php?doing_wp_cron=1782279134.5303390026092529296875 HTTP/1.1" 200 31 "-" "WordPress/7.0; http://cqqizhou.com"
120.243.64.219 - - [24/Jun/2026:13:32:14 +0800] "GET /portfolio/ HTTP/1.1" 404 9498 "-" "Mozilla/5.0 (Macintosh; Intel Mac OS X 10_15_7) AppleWebKit/537.36 (KHTML, like Gecko) Chrome/140.0.0.0 Safari/537.36"
103.204.76.210 - - [24/Jun/2026:13:32:31 +0800] "GET /wp-login.php HTTP/1.1" 200 2821 "http://36.133.115.36" "Mozilla/5.0 (Windows NT 10.0; WOW64) AppleWebKit/537.36 (KHTML, like Gecko) Chrome/42.0.2311.152 Safari/537.36"
103.204.76.210 - - [24/Jun/2026:13:32:34 +0800] "POST /wp-login.php HTTP/1.1" 200 2979 "http://36.133.115.36" "Mozilla/5.0 (Windows NT 10.0; WOW64) AppleWebKit/537.36 (KHTML, like Gecko) Chrome/42.0.2311.152 Safari/537.36"
103.204.76.210 - - [24/Jun/2026:13:33:07 +0800] "GET /wp-login.php HTTP/1.1" 200 2821 "http://36.133.115.36" "Mozilla/5.0 (Windows NT 10.0) AppleWebKit/537.36 (KHTML, like Gecko) Chrome/42.0.2311.135 Safari/537.36 Edge/12.10240"
36.133.115.36 - - [24/Jun/2026:13:33:08 +0800] "POST /wp-cron.php?doing_wp_cron=1782279188.7741329669952392578125 HTTP/1.1" 200 31 "-" "WordPress/7.0; http://cqqizhou.com"
103.204.76.210 - - [24/Jun/2026:13:33:08 +0800] "POST /wp-login.php HTTP/1.1" 200 2979 "http://36.133.115.36" "Mozilla/5.0 (Windows NT 10.0) AppleWebKit/537.36 (KHTML, like Gecko) Chrome/42.0.2311.135 Safari/537.36 Edge/12.10240"
103.204.76.210 - - [24/Jun/2026:13:34:04 +0800] "GET /wp-login.php HTTP/1.1" 200 2821 "http://36.133.115.36" "Mozilla/5.0 (Windows NT 10.0; WOW64) AppleWebKit/537.36 (KHTML, like Gecko) Chrome/44.0.2403.125 Safari/537.36"
103.204.76.210 - - [24/Jun/2026:13:34:06 +0800] "POST /wp-login.php HTTP/1.1" 200 2979 "http://36.133.115.36" "Mozilla/5.0 (Windows NT 10.0; WOW64) AppleWebKit/537.36 (KHTML, like Gecko) Chrome/44.0.2403.125 Safari/537.36"
36.133.115.36 - - [24/Jun/2026:13:34:18 +0800] "POST /wp-cron.php?doing_wp_cron=1782279258.1005110740661621093750 HTTP/1.1" 200 31 "-" "WordPress/7.0; http://cqqizhou.com"
36.133.108.125 - - [24/Jun/2026:13:34:18 +0800] "HEAD /wp-admin/soap.aspx HTTP/1.1" 404 0 "-" "Mozilla/5.0 (Windows; U; Windows NT 6.1; ja-JP) AppleWebKit/533.20.25 (KHTML, like Gecko) Version/5.0.3 Safari/533.19.4"
103.204.76.210 - - [24/Jun/2026:13:35:00 +0800] "GET /wp-login.php HTTP/1.1" 200 2821 "http://36.133.115.36" "Mozilla/5.0 (Windows NT 10.0) AppleWebKit/537.36 (KHTML, like Gecko) Chrome/42.0.2311.135 Safari/537.36 Edge/12.10240"
103.204.76.210 - - [24/Jun/2026:13:35:03 +0800] "POST /wp-login.php HTTP/1.1" 200 2979 "http://36.133.115.36" "Mozilla/5.0 (Windows NT 10.0) AppleWebKit/537.36 (KHTML, like Gecko) Chrome/42.0.2311.135 Safari/537.36 Edge/12.10240"
36.133.115.36 - - [24/Jun/2026:13:35:33 +0800] "POST /wp-cron.php?doing_wp_cron=1782279333.1543459892272949218750 HTTP/1.1" 200 31 "-" "WordPress/7.0; http://cqqizhou.com"
103.204.76.210 - - [24/Jun/2026:13:35:33 +0800] "GET /wp-login.php HTTP/1.1" 200 2821 "http://36.133.115.36" "Mozilla/5.0 (Windows NT 10.0; WOW64) AppleWebKit/537.36 (KHTML, like Gecko) Chrome/43.0.2357.132 Safari/537.36"
103.204.76.210 - - [24/Jun/2026:13:35:38 +0800] "POST /wp-login.php HTTP/1.1" 200 2979 "http://36.133.115.36" "Mozilla/5.0 (Windows NT 10.0; WOW64) AppleWebKit/537.36 (KHTML, like Gecko) Chrome/43.0.2357.132 Safari/537.36"
36.133.115.36 - - [24/Jun/2026:13:36:11 +0800] "POST /wp-cron.php?doing_wp_cron=1782279371.0096459388732910156250 HTTP/1.1" 200 31 "-" "WordPress/7.0; http://cqqizhou.com"
103.204.76.210 - - [24/Jun/2026:13:36:11 +0800] "GET /wp-login.php HTTP/1.1" 200 2821 "http://36.133.115.36" "Mozilla/5.0 (Windows NT 10.0; WOW64) AppleWebKit/537.36 (KHTML, like Gecko) Chrome/44.0.2403.157 Safari/537.36"
103.204.76.210 - - [24/Jun/2026:13:36:13 +0800] "POST /wp-login.php HTTP/1.1" 200 2979 "http://36.133.115.36" "Mozilla/5.0 (Windows NT 10.0; WOW64) AppleWebKit/537.36 (KHTML, like Gecko) Chrome/44.0.2403.157 Safari/537.36"
103.204.76.210 - - [24/Jun/2026:13:37:05 +0800] "GET /wp-login.php HTTP/1.1" 200 2821 "http://36.133.115.36" "Mozilla/5.0 (Windows NT 10.0; WOW64) AppleWebKit/537.36 (KHTML, like Gecko) Chrome/42.0.0.9895 Safari/537.36"
103.204.76.210 - - [24/Jun/2026:13:37:07 +0800] "POST /wp-login.php HTTP/1.1" 200 2979 "http://36.133.115.36" "Mozilla/5.0 (Windows NT 10.0; WOW64) AppleWebKit/537.36 (KHTML, like Gecko) Chrome/42.0.0.9895 Safari/537.36"
36.133.115.36 - - [24/Jun/2026:13:37:28 +0800] "POST /wp-cron.php?doing_wp_cron=1782279447.9636499881744384765625 HTTP/1.1" 200 31 "-" "WordPress/7.0; http://cqqizhou.com"
103.204.76.210 - - [24/Jun/2026:13:37:28 +0800] "GET /wp-login.php HTTP/1.1" 200 2821 "http://36.133.115.36" "Mozilla/5.0 (Windows NT 10.0; WOW64) AppleWebKit/537.36 (KHTML, like Gecko) Chrome/45.0.2454.85 Safari/537.36"
103.204.76.210 - - [24/Jun/2026:13:37:29 +0800] "POST /wp-login.php HTTP/1.1" 200 2979 "http://36.133.115.36" "Mozilla/5.0 (Windows NT 10.0; WOW64) AppleWebKit/537.36 (KHTML, like Gecko) Chrome/45.0.2454.85 Safari/537.36"
103.204.76.210 - - [24/Jun/2026:13:37:57 +0800] "GET /wp-login.php HTTP/1.1" 200 2821 "http://36.133.115.36" "Mozilla/5.0 (Windows NT 10.0) AppleWebKit/537.36 (KHTML, like Gecko) Chrome/42.0.2311.135 Safari/537.36 Edge/12.10240"
103.204.76.210 - - [24/Jun/2026:13:38:01 +0800] "POST /wp-login.php HTTP/1.1" 200 2979 "http://36.133.115.36" "Mozilla/5.0 (Windows NT 10.0) AppleWebKit/537.36 (KHTML, like Gecko) Chrome/42.0.2311.135 Safari/537.36 Edge/12.10240"
36.133.115.36 - - [24/Jun/2026:13:38:29 +0800] "POST /wp-cron.php?doing_wp_cron=1782279509.5573680400848388671875 HTTP/1.1" 200 31 "-" "WordPress/7.0; http://cqqizhou.com"
103.204.76.210 - - [24/Jun/2026:13:38:29 +0800] "GET /wp-login.php HTTP/1.1" 200 2821 "http://36.133.115.36" "Mozilla/5.0 (Windows NT 10.0; WOW64) AppleWebKit/537.36 (KHTML, like Gecko) Chrome/44.0.2403.155 Safari/537.36 OPR/31.0.1889.174"
103.204.76.210 - - [24/Jun/2026:13:38:32 +0800] "POST /wp-login.php HTTP/1.1" 200 2979 "http://36.133.115.36" "Mozilla/5.0 (Windows NT 10.0; WOW64) AppleWebKit/537.36 (KHTML, like Gecko) Chrome/44.0.2403.155 Safari/537.36 OPR/31.0.1889.174"
36.133.108.121 - - [24/Jun/2026:13:39:01 +0800] "HEAD /wp-admin/install.php%01 HTTP/1.1" 404 0 "-" "Mozilla/5.0 (Macintosh; U; Intel Mac OS X 10_6_7; en-us) AppleWebKit/534.16+ (KHTML, like Gecko) Version/5.0.3 Safari/533.19.4"
103.204.76.210 - - [24/Jun/2026:13:39:04 +0800] "GET /wp-login.php HTTP/1.1" 200 2821 "http://36.133.115.36" "Mozilla/5.0 (Windows NT 10.0; WOW64) AppleWebKit/537.36 (KHTML, like Gecko) Chrome/44.0.2403.157 Safari/537.36"
103.204.76.210 - - [24/Jun/2026:13:39:06 +0800] "POST /wp-login.php HTTP/1.1" 200 2979 "http://36.133.115.36" "Mozilla/5.0 (Windows NT 10.0; WOW64) AppleWebKit/537.36 (KHTML, like Gecko) Chrome/44.0.2403.157 Safari/537.36"
36.133.115.36 - - [24/Jun/2026:13:39:40 +0800] "POST /wp-cron.php?doing_wp_cron=1782279580.3218030929565429687500 HTTP/1.1" 200 31 "-" "WordPress/7.0; http://cqqizhou.com"
103.204.76.210 - - [24/Jun/2026:13:39:40 +0800] "GET /wp-login.php HTTP/1.1" 200 2821 "http://36.133.115.36" "Mozilla/5.0 (Windows NT 10.0; Win64; x64) AppleWebKit/537.36 (KHTML, like Gecko) Chrome/42.0.2311.135 Safari/537.36 Edge/12.10240"
103.204.76.210 - - [24/Jun/2026:13:39:42 +0800] "POST /wp-login.php HTTP/1.1" 200 2979 "http://36.133.115.36" "Mozilla/5.0 (Windows NT 10.0; Win64; x64) AppleWebKit/537.36 (KHTML, like Gecko) Chrome/42.0.2311.135 Safari/537.36 Edge/12.10240"
36.133.115.36 - - [24/Jun/2026:13:40:12 +0800] "POST /wp-cron.php?doing_wp_cron=1782279612.6378760337829589843750 HTTP/1.1" 200 31 "-" "WordPress/7.0; http://cqqizhou.com"
103.204.76.210 - - [24/Jun/2026:13:40:12 +0800] "GET /wp-login.php HTTP/1.1" 200 2821 "http://36.133.115.36" "Mozilla/5.0 (Windows NT 10.0; WOW64) AppleWebKit/537.36 (KHTML, like Gecko) Chrome/42.0.2311.152 Safari/537.36"
103.204.76.210 - - [24/Jun/2026:13:40:14 +0800] "POST /wp-login.php HTTP/1.1" 200 2979 "http://36.133.115.36" "Mozilla/5.0 (Windows NT 10.0; WOW64) AppleWebKit/537.36 (KHTML, like Gecko) Chrome/42.0.2311.152 Safari/537.36"
103.204.76.210 - - [24/Jun/2026:13:40:50 +0800] "GET /wp-login.php HTTP/1.1" 200 2821 "http://36.133.115.36" "Mozilla/5.0 (Windows NT 10.0; WOW64) AppleWebKit/537.36 (KHTML, like Gecko) Chrome/42.0.0.9895 Safari/537.36"
103.204.76.210 - - [24/Jun/2026:13:40:53 +0800] "POST /wp-login.php HTTP/1.1" 200 2979 "http://36.133.115.36" "Mozilla/5.0 (Windows NT 10.0; WOW64) AppleWebKit/537.36 (KHTML, like Gecko) Chrome/42.0.0.9895 Safari/537.36"
36.133.115.36 - - [24/Jun/2026:13:41:30 +0800] "POST /wp-cron.php?doing_wp_cron=1782279690.0881099700927734375000 HTTP/1.1" 200 31 "-" "WordPress/7.0; http://cqqizhou.com"
103.204.76.210 - - [24/Jun/2026:13:41:30 +0800] "GET /wp-login.php HTTP/1.1" 200 2821 "http://36.133.115.36" "Mozilla/5.0 (Windows NT 10.0; WOW64) AppleWebKit/537.36 (KHTML, like Gecko) Chrome/43.0.2357.130 Safari/537.36"
103.204.76.210 - - [24/Jun/2026:13:41:33 +0800] "POST /wp-login.php HTTP/1.1" 200 2979 "http://36.133.115.36" "Mozilla/5.0 (Windows NT 10.0; WOW64) AppleWebKit/537.36 (KHTML, like Gecko) Chrome/43.0.2357.130 Safari/537.36"
103.204.76.210 - - [24/Jun/2026:13:41:57 +0800] "GET /wp-login.php HTTP/1.1" 200 2821 "http://36.133.115.36" "Mozilla/5.0 (Windows NT 10.0; WOW64) AppleWebKit/537.36 (KHTML, like Gecko) Chrome/44.0.2403.155 Safari/537.36"
103.204.76.210 - - [24/Jun/2026:13:41:59 +0800] "POST /wp-login.php HTTP/1.1" 200 2979 "http://36.133.115.36" "Mozilla/5.0 (Windows NT 10.0; WOW64) AppleWebKit/537.36 (KHTML, like Gecko) Chrome/44.0.2403.155 Safari/537.36"
36.133.115.36 - - [24/Jun/2026:13:42:32 +0800] "POST /wp-cron.php?doing_wp_cron=1782279752.6233670711517333984375 HTTP/1.1" 200 31 "-" "WordPress/7.0; http://cqqizhou.com"
103.204.76.210 - - [24/Jun/2026:13:42:32 +0800] "GET /wp-login.php HTTP/1.1" 200 2821 "http://36.133.115.36" "Mozilla/5.0 (Windows NT 10.0; Win64; x64) AppleWebKit/537.36 (KHTML, like Gecko) Chrome/42.0.2311.135 Safari/537.36 Edge/12.10240"
103.204.76.210 - - [24/Jun/2026:13:42:35 +0800] "POST /wp-login.php HTTP/1.1" 200 2979 "http://36.133.115.36" "Mozilla/5.0 (Windows NT 10.0; Win64; x64) AppleWebKit/537.36 (KHTML, like Gecko) Chrome/42.0.2311.135 Safari/537.36 Edge/12.10240"
36.133.115.36 - - [24/Jun/2026:13:43:09 +0800] "POST /wp-cron.php?doing_wp_cron=1782279789.6786639690399169921875 HTTP/1.1" 200 31 "-" "WordPress/7.0; http://cqqizhou.com"
103.204.76.210 - - [24/Jun/2026:13:43:09 +0800] "GET /wp-login.php HTTP/1.1" 200 2821 "http://36.133.115.36" "Mozilla/5.0 (Windows NT 10.0; WOW64) AppleWebKit/537.36 (KHTML, like Gecko) Chrome/44.0.2403.130 Safari/537.36"
103.204.76.210 - - [24/Jun/2026:13:43:13 +0800] "POST /wp-login.php HTTP/1.1" 200 2979 "http://36.133.115.36" "Mozilla/5.0 (Windows NT 10.0; WOW64) AppleWebKit/537.36 (KHTML, like Gecko) Chrome/44.0.2403.130 Safari/537.36"
103.204.76.210 - - [24/Jun/2026:13:43:41 +0800] "GET /wp-login.php HTTP/1.1" 200 2821 "http://36.133.115.36" "Mozilla/5.0 (Windows NT 10.0; WOW64) AppleWebKit/537.36 (KHTML, like Gecko) Chrome/43.0.2357.134 Safari/537.36"
103.204.76.210 - - [24/Jun/2026:13:43:44 +0800] "POST /wp-login.php HTTP/1.1" 200 2979 "http://36.133.115.36" "Mozilla/5.0 (Windows NT 10.0; WOW64) AppleWebKit/537.36 (KHTML, like Gecko) Chrome/43.0.2357.134 Safari/537.36"
36.133.115.36 - - [24/Jun/2026:13:44:22 +0800] "POST /wp-cron.php?doing_wp_cron=1782279862.4352459907531738281250 HTTP/1.1" 200 31 "-" "WordPress/7.0; http://cqqizhou.com"
103.204.76.210 - - [24/Jun/2026:13:44:22 +0800] "GET /wp-login.php HTTP/1.1" 200 2821 "http://36.133.115.36" "Mozilla/5.0 (Windows NT 10.0; WOW64) AppleWebKit/537.36 (KHTML, like Gecko) Chrome/43.0.2357.134 Safari/537.36"
103.204.76.210 - - [24/Jun/2026:13:44:25 +0800] "POST /wp-login.php HTTP/1.1" 200 2979 "http://36.133.115.36" "Mozilla/5.0 (Windows NT 10.0; WOW64) AppleWebKit/537.36 (KHTML, like Gecko) Chrome/43.0.2357.134 Safari/537.36"
103.204.76.210 - - [24/Jun/2026:13:44:48 +0800] "GET /wp-login.php HTTP/1.1" 200 2821 "http://36.133.115.36" "Mozilla/5.0 (Windows NT 10.0; WOW64) AppleWebKit/537.36 (KHTML, like Gecko) Chrome/44.0.2403.155 Safari/537.36"
116.179.32.90 - - [24/Jun/2026:13:44:50 +0800] "GET /2215/ HTTP/1.1" 301 5 "-" "Mozilla/5.0 (compatible; Baiduspider/2.0; +http://www.baidu.com/search/spider.html)"
116.179.32.114 - - [24/Jun/2026:13:44:50 +0800] "GET /wp-content/uploads/2026/05/1779925245-Article_images_W900px.webp HTTP/1.1" 304 0 "-" "Mozilla/5.0 (compatible; Baiduspider/2.0; +http://www.baidu.com/search/spider.html)"
116.179.32.30 - - [24/Jun/2026:13:44:50 +0800] "GET /news/2215 HTTP/1.1" 200 24613 "-" "Mozilla/5.0 (compatible; Baiduspider/2.0; +http://www.baidu.com/search/spider.html)"
103.204.76.210 - - [24/Jun/2026:13:44:51 +0800] "POST /wp-login.php HTTP/1.1" 200 2979 "http://36.133.115.36" "Mozilla/5.0 (Windows NT 10.0; WOW64) AppleWebKit/537.36 (KHTML, like Gecko) Chrome/44.0.2403.155 Safari/537.36"
36.133.115.36 - - [24/Jun/2026:13:45:19 +0800] "POST /wp-cron.php?doing_wp_cron=1782279919.3599729537963867187500 HTTP/1.1" 200 31 "-" "WordPress/7.0; http://cqqizhou.com"
103.204.76.210 - - [24/Jun/2026:13:45:19 +0800] "GET /wp-login.php HTTP/1.1" 200 2821 "http://36.133.115.36" "Mozilla/5.0 (Windows NT 10.0; Win64; x64) AppleWebKit/537.36 (KHTML, like Gecko) Chrome/42.0.2311.135 Safari/537.36 Edge/12.10240"
103.204.76.210 - - [24/Jun/2026:13:45:21 +0800] "POST /wp-login.php HTTP/1.1" 200 2979 "http://36.133.115.36" "Mozilla/5.0 (Windows NT 10.0; Win64; x64) AppleWebKit/537.36 (KHTML, like Gecko) Chrome/42.0.2311.135 Safari/537.36 Edge/12.10240"
103.204.76.210 - - [24/Jun/2026:13:45:57 +0800] "GET /wp-login.php HTTP/1.1" 200 2821 "http://36.133.115.36" "Mozilla/5.0 (Windows NT 10.0; WOW64) AppleWebKit/537.36 (KHTML, like Gecko) Chrome/41.0.2272.104 AOL/9.8 AOLBuild/4346.13.US Safari/537.36"
113.246.105.125 - - [24/Jun/2026:13:45:59 +0800] "GET / HTTP/1.1" 301 5 "-" "Mozilla/5.0 (Macintosh; Intel Mac OS X 10.15; rv:135.0) Gecko/20100101 Firefox/135.0"
113.246.105.125 - - [24/Jun/2026:13:46:00 +0800] "GET / HTTP/1.1" 200 41074 "-" "Mozilla/5.0 (Macintosh; Intel Mac OS X 10.15; rv:135.0) Gecko/20100101 Firefox/135.0"
103.204.76.210 - - [24/Jun/2026:13:46:00 +0800] "POST /wp-login.php HTTP/1.1" 200 2979 "http://36.133.115.36" "Mozilla/5.0 (Windows NT 10.0; WOW64) AppleWebKit/537.36 (KHTML, like Gecko) Chrome/41.0.2272.104 AOL/9.8 AOLBuild/4346.13.US Safari/537.36"
42.84.175.212 - - [24/Jun/2026:13:46:00 +0800] "GET / HTTP/1.1" 301 5 "-" "Mozilla/5.0 (Macintosh; Intel Mac OS X 10_15_7) AppleWebKit/537.36 (KHTML, like Gecko) Chrome/145.0.0.0 Safari/537.36"
14.235.243.221 - - [24/Jun/2026:13:46:00 +0800] "GET / HTTP/1.1" 301 5 "-" "Mozilla/5.0 (Macintosh; Intel Mac OS X 10_15_7) AppleWebKit/537.36 (KHTML, like Gecko) Chrome/145.0.0.0 Safari/537.36"
42.84.175.212 - - [24/Jun/2026:13:46:01 +0800] "GET / HTTP/1.1" 200 41074 "-" "Mozilla/5.0 (Macintosh; Intel Mac OS X 10_15_7) AppleWebKit/537.36 (KHTML, like Gecko) Chrome/145.0.0.0 Safari/537.36"
113.22.214.36 - - [24/Jun/2026:13:46:02 +0800] "GET / HTTP/1.1" 301 5 "-" "Mozilla/5.0 (Macintosh; Intel Mac OS X 10_15_7) AppleWebKit/537.36 (KHTML, like Gecko) Chrome/145.0.0.0 Safari/537.36"
123.19.252.125 - - [24/Jun/2026:13:46:02 +0800] "GET / HTTP/1.1" 200 41074 "-" "Mozilla/5.0 (Macintosh; Intel Mac OS X 10_15_7) AppleWebKit/537.36 (KHTML, like Gecko) Chrome/145.0.0.0 Safari/537.36"
171.236.49.44 - - [24/Jun/2026:13:46:08 +0800] "GET / HTTP/1.1" 200 41074 "-" "Mozilla/5.0 (Macintosh; Intel Mac OS X 10_15_7) AppleWebKit/537.36 (KHTML, like Gecko) Chrome/145.0.0.0 Safari/537.36"
36.133.115.36 - - [24/Jun/2026:13:46:32 +0800] "POST /wp-cron.php?doing_wp_cron=1782279992.5307400226593017578125 HTTP/1.1" 200 31 "-" "WordPress/7.0; http://cqqizhou.com"
103.204.76.210 - - [24/Jun/2026:13:46:32 +0800] "GET /wp-login.php HTTP/1.1" 200 2821 "http://36.133.115.36" "Mozilla/5.0 (Windows NT 10.0) AppleWebKit/537.36 (KHTML, like Gecko) Chrome/45.0.2454.85 Safari/537.36"
103.204.76.210 - - [24/Jun/2026:13:46:35 +0800] "POST /wp-login.php HTTP/1.1" 200 2979 "http://36.133.115.36" "Mozilla/5.0 (Windows NT 10.0) AppleWebKit/537.36 (KHTML, like Gecko) Chrome/45.0.2454.85 Safari/537.36"
103.204.76.210 - - [24/Jun/2026:13:46:59 +0800] "GET /wp-login.php HTTP/1.1" 200 2821 "http://36.133.115.36" "Mozilla/5.0 (Windows NT 10.0; WOW64) AppleWebKit/537.36 (KHTML, like Gecko) Chrome/44.0.2403.157 Safari/537.36"
103.204.76.210 - - [24/Jun/2026:13:47:01 +0800] "POST /wp-login.php HTTP/1.1" 200 2979 "http://36.133.115.36" "Mozilla/5.0 (Windows NT 10.0; WOW64) AppleWebKit/537.36 (KHTML, like Gecko) Chrome/44.0.2403.157 Safari/537.36"
36.133.115.36 - - [24/Jun/2026:13:47:32 +0800] "POST /wp-cron.php?doing_wp_cron=1782280052.7399029731750488281250 HTTP/1.1" 200 31 "-" "WordPress/7.0; http://cqqizhou.com"
103.204.76.210 - - [24/Jun/2026:13:47:32 +0800] "GET /wp-login.php HTTP/1.1" 200 2821 "http://36.133.115.36" "Mozilla/5.0 (Windows NT 10.0) AppleWebKit/537.36 (KHTML, like Gecko) Chrome/45.0.2454.85 Safari/537.36"
103.204.76.210 - - [24/Jun/2026:13:47:34 +0800] "POST /wp-login.php HTTP/1.1" 200 2979 "http://36.133.115.36" "Mozilla/5.0 (Windows NT 10.0) AppleWebKit/537.36 (KHTML, like Gecko) Chrome/45.0.2454.85 Safari/537.36"
36.133.115.36 - - [24/Jun/2026:13:48:08 +0800] "POST /wp-cron.php?doing_wp_cron=1782280088.6574189662933349609375 HTTP/1.1" 200 31 "-" "WordPress/7.0; http://cqqizhou.com"
103.204.76.210 - - [24/Jun/2026:13:48:08 +0800] "GET /wp-login.php HTTP/1.1" 200 2821 "http://36.133.115.36" "Mozilla/5.0 (Windows NT 10.0; WOW64) AppleWebKit/537.36 (KHTML, like Gecko) Chrome/43.0.2357.124 Safari/537.36"
103.204.76.210 - - [24/Jun/2026:13:48:11 +0800] "POST /wp-login.php HTTP/1.1" 200 2979 "http://36.133.115.36" "Mozilla/5.0 (Windows NT 10.0; WOW64) AppleWebKit/537.36 (KHTML, like Gecko) Chrome/43.0.2357.124 Safari/537.36"
103.204.76.210 - - [24/Jun/2026:13:48:41 +0800] "GET /wp-login.php HTTP/1.1" 200 2821 "http://36.133.115.36" "Mozilla/5.0 (Windows NT 10.0) AppleWebKit/537.36 (KHTML, like Gecko) Chrome/44.0.2403.157 Safari/537.36"
103.204.76.210 - - [24/Jun/2026:13:48:44 +0800] "POST /wp-login.php HTTP/1.1" 200 2979 "http://36.133.115.36" "Mozilla/5.0 (Windows NT 10.0) AppleWebKit/537.36 (KHTML, like Gecko) Chrome/44.0.2403.157 Safari/537.36"
36.133.115.36 - - [24/Jun/2026:13:49:13 +0800] "POST /wp-cron.php?doing_wp_cron=1782280153.5446279048919677734375 HTTP/1.1" 200 31 "-" "WordPress/7.0; http://cqqizhou.com"
103.204.76.210 - - [24/Jun/2026:13:49:13 +0800] "GET /wp-login.php HTTP/1.1" 200 2821 "http://36.133.115.36" "Mozilla/5.0 (Windows NT 10.0; WOW64) AppleWebKit/537.36 (KHTML, like Gecko) Chrome/44.0.2403.155 Safari/537.36"
103.204.76.210 - - [24/Jun/2026:13:49:15 +0800] "POST /wp-login.php HTTP/1.1" 200 2979 "http://36.133.115.36" "Mozilla/5.0 (Windows NT 10.0; WOW64) AppleWebKit/537.36 (KHTML, like Gecko) Chrome/44.0.2403.155 Safari/537.36"
103.204.76.210 - - [24/Jun/2026:13:49:46 +0800] "GET /wp-login.php HTTP/1.1" 200 2821 "http://36.133.115.36" "Mozilla/5.0 (Windows NT 10.0; Win64; x64) AppleWebKit/537.36 (KHTML, like Gecko) Chrome/44.0.2403.157 Safari/537.36"
103.204.76.210 - - [24/Jun/2026:13:49:48 +0800] "POST /wp-login.php HTTP/1.1" 200 2979 "http://36.133.115.36" "Mozilla/5.0 (Windows NT 10.0; Win64; x64) AppleWebKit/537.36 (KHTML, like Gecko) Chrome/44.0.2403.157 Safari/537.36"
116.179.37.49 - - [24/Jun/2026:13:50:14 +0800] "GET /wp-content/uploads/2026/05/1779957408-1Article_images_W900px.webp HTTP/1.1" 200 36526 "http://cqqizhou.com/news/2215" "Mozilla/5.0 (compatible; Baiduspider-render/2.0; +http://www.baidu.com/search/spider.html)"
116.179.37.73 - - [24/Jun/2026:13:50:15 +0800] "GET /wp-content/uploads/2025/08/1755826456-DSC01841.webp HTTP/1.1" 200 87046 "http://cqqizhou.com/news/2215" "Mozilla/5.0 (compatible; Baiduspider-render/2.0; +http://www.baidu.com/search/spider.html)"
36.133.115.36 - - [24/Jun/2026:13:50:26 +0800] "POST /wp-cron.php?doing_wp_cron=1782280226.1298580169677734375000 HTTP/1.1" 200 31 "-" "WordPress/7.0; http://cqqizhou.com"
103.204.76.210 - - [24/Jun/2026:13:50:26 +0800] "GET /wp-login.php HTTP/1.1" 200 2821 "http://36.133.115.36" "Mozilla/5.0 (Windows NT 10.0; WOW64) AppleWebKit/537.36 (KHTML, like Gecko) Chrome/42.0.2311.152 Safari/537.36"
103.204.76.210 - - [24/Jun/2026:13:50:28 +0800] "POST /wp-login.php HTTP/1.1" 200 2979 "http://36.133.115.36" "Mozilla/5.0 (Windows NT 10.0; WOW64) AppleWebKit/537.36 (KHTML, like Gecko) Chrome/42.0.2311.152 Safari/537.36"
103.204.76.210 - - [24/Jun/2026:13:50:56 +0800] "GET /wp-login.php HTTP/1.1" 200 2821 "http://36.133.115.36" "Mozilla/5.0 (Windows NT 10.0) AppleWebKit/537.36 (KHTML, like Gecko) Chrome/42.0.2311.135 Safari/537.36 Edge/12.10240"
103.204.76.210 - - [24/Jun/2026:13:51:00 +0800] "POST /wp-login.php HTTP/1.1" 200 2979 "http://36.133.115.36" "Mozilla/5.0 (Windows NT 10.0) AppleWebKit/537.36 (KHTML, like Gecko) Chrome/42.0.2311.135 Safari/537.36 Edge/12.10240"
36.133.115.36 - - [24/Jun/2026:13:51:29 +0800] "POST /wp-cron.php?doing_wp_cron=1782280289.6912510395050048828125 HTTP/1.1" 200 31 "-" "WordPress/7.0; http://cqqizhou.com"
103.204.76.210 - - [24/Jun/2026:13:51:29 +0800] "GET /wp-login.php HTTP/1.1" 200 2821 "http://36.133.115.36" "Mozilla/5.0 (Windows NT 10.0; WOW64) AppleWebKit/537.36 (KHTML, like Gecko) Chrome/42.0.0.9895 Safari/537.36"
103.204.76.210 - - [24/Jun/2026:13:51:31 +0800] "POST /wp-login.php HTTP/1.1" 200 2979 "http://36.133.115.36" "Mozilla/5.0 (Windows NT 10.0; WOW64) AppleWebKit/537.36 (KHTML, like Gecko) Chrome/42.0.0.9895 Safari/537.36"
103.204.76.210 - - [24/Jun/2026:13:52:07 +0800] "GET /wp-login.php HTTP/1.1" 200 2821 "http://36.133.115.36" "Mozilla/5.0 (Windows NT 10.0; WOW64) AppleWebKit/537.36 (KHTML, like Gecko) Chrome/43.0.2357.130 Safari/537.36"
36.133.115.36 - - [24/Jun/2026:13:52:11 +0800] "POST /wp-cron.php?doing_wp_cron=1782280331.3994960784912109375000 HTTP/1.1" 200 31 "-" "WordPress/7.0; http://cqqizhou.com"
103.204.76.210 - - [24/Jun/2026:13:52:11 +0800] "POST /wp-login.php HTTP/1.1" 200 2979 "http://36.133.115.36" "Mozilla/5.0 (Windows NT 10.0; WOW64) AppleWebKit/537.36 (KHTML, like Gecko) Chrome/43.0.2357.130 Safari/537.36"
103.204.76.210 - - [24/Jun/2026:13:52:45 +0800] "GET /wp-login.php HTTP/1.1" 200 2821 "http://36.133.115.36" "Mozilla/5.0 (Windows NT 10.0; WOW64) AppleWebKit/537.36 (KHTML, like Gecko) Chrome/38.0.2125.122 Safari/537.36 SE 2.X MetaSr 1.0"
103.204.76.210 - - [24/Jun/2026:13:52:46 +0800] "POST /wp-login.php HTTP/1.1" 200 2979 "http://36.133.115.36" "Mozilla/5.0 (Windows NT 10.0; WOW64) AppleWebKit/537.36 (KHTML, like Gecko) Chrome/38.0.2125.122 Safari/537.36 SE 2.X MetaSr 1.0"
36.133.115.36 - - [24/Jun/2026:13:53:13 +0800] "POST /wp-cron.php?doing_wp_cron=1782280393.5510559082031250000000 HTTP/1.1" 200 31 "-" "WordPress/7.0; http://cqqizhou.com"
103.204.76.210 - - [24/Jun/2026:13:53:13 +0800] "GET /wp-login.php HTTP/1.1" 200 2821 "http://36.133.115.36" "Mozilla/5.0 (Windows NT 10.0) AppleWebKit/537.36 (KHTML, like Gecko) Chrome/45.0.2454.85 Safari/537.36"
103.204.76.210 - - [24/Jun/2026:13:53:17 +0800] "POST /wp-login.php HTTP/1.1" 200 2979 "http://36.133.115.36" "Mozilla/5.0 (Windows NT 10.0) AppleWebKit/537.36 (KHTML, like Gecko) Chrome/45.0.2454.85 Safari/537.36"
103.204.76.210 - - [24/Jun/2026:13:53:45 +0800] "GET /wp-login.php HTTP/1.1" 200 2821 "http://36.133.115.36" "Mozilla/5.0 (Windows NT 10.0; Win64; x64) AppleWebKit/537.36 (KHTML, like Gecko) Chrome/44.0.2403.157 Safari/537.36"
103.204.76.210 - - [24/Jun/2026:13:53:48 +0800] "POST /wp-login.php HTTP/1.1" 200 2979 "http://36.133.115.36" "Mozilla/5.0 (Windows NT 10.0; Win64; x64) AppleWebKit/537.36 (KHTML, like Gecko) Chrome/44.0.2403.157 Safari/537.36"
36.133.115.36 - - [24/Jun/2026:13:54:14 +0800] "POST /wp-cron.php?doing_wp_cron=1782280454.0621271133422851562500 HTTP/1.1" 200 31 "-" "WordPress/7.0; http://cqqizhou.com"
103.204.76.210 - - [24/Jun/2026:13:54:14 +0800] "GET /wp-login.php HTTP/1.1" 200 2821 "http://36.133.115.36" "Mozilla/5.0 (Windows NT 10.0; WOW64) AppleWebKit/537.36 (KHTML, like Gecko) Chrome/41.0.2272.104 AOL/9.8 AOLBuild/4346.13.US Safari/537.36"
103.204.76.210 - - [24/Jun/2026:13:54:15 +0800] "POST /wp-login.php HTTP/1.1" 200 2979 "http://36.133.115.36" "Mozilla/5.0 (Windows NT 10.0; WOW64) AppleWebKit/537.36 (KHTML, like Gecko) Chrome/41.0.2272.104 AOL/9.8 AOLBuild/4346.13.US Safari/537.36"
103.204.76.210 - - [24/Jun/2026:13:54:46 +0800] "GET /wp-login.php HTTP/1.1" 200 2821 "http://36.133.115.36" "Mozilla/5.0 (Windows NT 10.0; Win64; x64) AppleWebKit/537.36 (KHTML, like Gecko) Chrome/45.0.2454.85 Safari/537.36"
103.204.76.210 - - [24/Jun/2026:13:54:47 +0800] "POST /wp-login.php HTTP/1.1" 200 2979 "http://36.133.115.36" "Mozilla/5.0 (Windows NT 10.0; Win64; x64) AppleWebKit/537.36 (KHTML, like Gecko) Chrome/45.0.2454.85 Safari/537.36"
36.133.115.36 - - [24/Jun/2026:13:55:19 +0800] "POST /wp-cron.php?doing_wp_cron=1782280519.3698179721832275390625 HTTP/1.1" 200 31 "-" "WordPress/7.0; http://cqqizhou.com"
103.204.76.210 - - [24/Jun/2026:13:55:19 +0800] "GET /wp-login.php HTTP/1.1" 200 2821 "http://36.133.115.36" "Mozilla/5.0 (Windows NT 10.0; WOW64) AppleWebKit/537.36 (KHTML, like Gecko) Chrome/44.0.2403.157 Safari/537.36"
103.204.76.210 - - [24/Jun/2026:13:55:20 +0800] "POST /wp-login.php HTTP/1.1" 200 2979 "http://36.133.115.36" "Mozilla/5.0 (Windows NT 10.0; WOW64) AppleWebKit/537.36 (KHTML, like Gecko) Chrome/44.0.2403.157 Safari/537.36"
103.204.76.210 - - [24/Jun/2026:13:55:51 +0800] "GET /wp-login.php HTTP/1.1" 200 2821 "http://36.133.115.36" "Mozilla/5.0 (Windows NT 10.0; Win64; x64) AppleWebKit/537.36 (KHTML, like Gecko) Chrome/45.0.2454.85 Safari/537.36"
103.204.76.210 - - [24/Jun/2026:13:55:53 +0800] "POST /wp-login.php HTTP/1.1" 200 2979 "http://36.133.115.36" "Mozilla/5.0 (Windows NT 10.0; Win64; x64) AppleWebKit/537.36 (KHTML, like Gecko) Chrome/45.0.2454.85 Safari/537.36"
36.133.115.36 - - [24/Jun/2026:13:56:26 +0800] "POST /wp-cron.php?doing_wp_cron=1782280586.7425351142883300781250 HTTP/1.1" 200 31 "-" "WordPress/7.0; http://cqqizhou.com"
103.204.76.210 - - [24/Jun/2026:13:56:26 +0800] "GET /wp-login.php HTTP/1.1" 200 2821 "http://36.133.115.36" "Mozilla/5.0 (Windows NT 10.0; WOW64) AppleWebKit/537.36 (KHTML, like Gecko) Chrome/41.0.2272.104 AOL/9.8 AOLBuild/4346.13.US Safari/537.36"
103.204.76.210 - - [24/Jun/2026:13:56:29 +0800] "POST /wp-login.php HTTP/1.1" 200 2979 "http://36.133.115.36" "Mozilla/5.0 (Windows NT 10.0; WOW64) AppleWebKit/537.36 (KHTML, like Gecko) Chrome/41.0.2272.104 AOL/9.8 AOLBuild/4346.13.US Safari/537.36"
103.204.76.210 - - [24/Jun/2026:13:57:01 +0800] "GET /wp-login.php HTTP/1.1" 200 2821 "http://36.133.115.36" "Mozilla/5.0 (Windows NT 10.0; WOW64) AppleWebKit/537.36 (KHTML, like Gecko) Chrome/43.0.2357.130 Safari/537.36"
103.204.76.210 - - [24/Jun/2026:13:57:03 +0800] "POST /wp-login.php HTTP/1.1" 200 2979 "http://36.133.115.36" "Mozilla/5.0 (Windows NT 10.0; WOW64) AppleWebKit/537.36 (KHTML, like Gecko) Chrome/43.0.2357.130 Safari/537.36"
36.133.115.36 - - [24/Jun/2026:13:57:34 +0800] "POST /wp-cron.php?doing_wp_cron=1782280654.8268649578094482421875 HTTP/1.1" 200 31 "-" "WordPress/7.0; http://cqqizhou.com"
103.204.76.210 - - [24/Jun/2026:13:57:34 +0800] "GET /wp-login.php HTTP/1.1" 200 2821 "http://36.133.115.36" "Mozilla/5.0 (Windows NT 10.0; WOW64) AppleWebKit/537.36 (KHTML, like Gecko) Chrome/44.0.2403.155 Safari/537.36"
103.204.76.210 - - [24/Jun/2026:13:57:36 +0800] "POST /wp-login.php HTTP/1.1" 200 2979 "http://36.133.115.36" "Mozilla/5.0 (Windows NT 10.0; WOW64) AppleWebKit/537.36 (KHTML, like Gecko) Chrome/44.0.2403.155 Safari/537.36"
36.133.115.36 - - [24/Jun/2026:13:58:08 +0800] "POST /wp-cron.php?doing_wp_cron=1782280688.2078189849853515625000 HTTP/1.1" 200 31 "-" "WordPress/7.0; http://cqqizhou.com"
103.204.76.210 - - [24/Jun/2026:13:58:08 +0800] "GET /wp-login.php HTTP/1.1" 200 2821 "http://36.133.115.36" "Mozilla/5.0 (Windows NT 10.0; Win64; x64) AppleWebKit/537.36 (KHTML, like Gecko) Chrome/47.0.2505.0 Safari/537.36"
103.204.76.210 - - [24/Jun/2026:13:58:10 +0800] "POST /wp-login.php HTTP/1.1" 200 2979 "http://36.133.115.36" "Mozilla/5.0 (Windows NT 10.0; Win64; x64) AppleWebKit/537.36 (KHTML, like Gecko) Chrome/47.0.2505.0 Safari/537.36"
103.204.76.210 - - [24/Jun/2026:13:58:34 +0800] "GET /wp-login.php HTTP/1.1" 200 2821 "http://36.133.115.36" "Mozilla/5.0 (Windows NT 10.0; Win64; x64) AppleWebKit/537.36 (KHTML, like Gecko) Chrome/46.0.2490.13 Safari/537.36"
103.204.76.210 - - [24/Jun/2026:13:58:35 +0800] "POST /wp-login.php HTTP/1.1" 200 2979 "http://36.133.115.36" "Mozilla/5.0 (Windows NT 10.0; Win64; x64) AppleWebKit/537.36 (KHTML, like Gecko) Chrome/46.0.2490.13 Safari/537.36"
36.133.115.36 - - [24/Jun/2026:13:59:11 +0800] "POST /wp-cron.php?doing_wp_cron=1782280751.8133640289306640625000 HTTP/1.1" 200 31 "-" "WordPress/7.0; http://cqqizhou.com"
103.204.76.210 - - [24/Jun/2026:13:59:11 +0800] "GET /wp-login.php HTTP/1.1" 200 2821 "http://36.133.115.36" "Mozilla/5.0 (Windows NT 10.0; WOW64) AppleWebKit/537.36 (KHTML, like Gecko) Chrome/43.0.2357.134 Safari/537.36"
103.204.76.210 - - [24/Jun/2026:13:59:14 +0800] "POST /wp-login.php HTTP/1.1" 200 2979 "http://36.133.115.36" "Mozilla/5.0 (Windows NT 10.0; WOW64) AppleWebKit/537.36 (KHTML, like Gecko) Chrome/43.0.2357.134 Safari/537.36"
103.204.76.210 - - [24/Jun/2026:13:59:39 +0800] "GET /wp-login.php HTTP/1.1" 200 2821 "http://36.133.115.36" "Mozilla/5.0 (Windows NT 10.0; WOW64) AppleWebKit/537.36 (KHTML, like Gecko) Chrome/44.0.2403.155 Safari/537.36"
103.204.76.210 - - [24/Jun/2026:13:59:41 +0800] "POST /wp-login.php HTTP/1.1" 200 2979 "http://36.133.115.36" "Mozilla/5.0 (Windows NT 10.0; WOW64) AppleWebKit/537.36 (KHTML, like Gecko) Chrome/44.0.2403.155 Safari/537.36"
36.133.115.36 - - [24/Jun/2026:14:00:17 +0800] "POST /wp-cron.php?doing_wp_cron=1782280817.9511640071868896484375 HTTP/1.1" 200 31 "-" "WordPress/7.0; http://cqqizhou.com"
