43.165.170.119 - - [23/Jun/2026:09:30:29 +0800] "GET / HTTP/1.1" 200 35213 "http://www.cqqizhou.com" "Mozilla/5.0 (iPhone; CPU iPhone OS 13_2_3 like Mac OS X) AppleWebKit/605.1.15 (KHTML, like Gecko) Version/13.0.3 Mobile/15E148 Safari/604.1"
36.133.115.36 - - [23/Jun/2026:09:31:08 +0800] "POST /wp-cron.php?doing_wp_cron=1782178268.7260770797729492187500 HTTP/1.1" 200 31 "-" "WordPress/7.0; http://cqqizhou.com"
36.133.108.119 - - [23/Jun/2026:09:31:08 +0800] "HEAD /wp-admin/ HTTP/1.1" 302 0 "-" "Mozilla/5.0 (Windows NT 6.2; WOW64) AppleWebKit/537.14 (KHTML, like Gecko) Chrome/24.0.1292.0 Safari/537.14"
36.133.108.119 - - [23/Jun/2026:09:31:09 +0800] "GET /wp-admin/ HTTP/1.1" 302 5 "-" "Scrapy/2.8.0 (+https://scrapy.org)"
36.133.115.36 - - [23/Jun/2026:09:34:45 +0800] "POST /wp-cron.php?doing_wp_cron=1782178485.0669300556182861328125 HTTP/1.1" 200 31 "-" "WordPress/7.0; http://cqqizhou.com"
216.244.66.245 - - [23/Jun/2026:09:34:45 +0800] "GET /news/page/1/ HTTP/1.1" 301 5 "-" "Mozilla/5.0 (compatible; DotBot/1.2; +https://opensiteexplorer.org/dotbot; help@moz.com)"
36.133.115.36 - - [23/Jun/2026:10:02:09 +0800] "POST /wp-cron.php?doing_wp_cron=1782180129.0692880153656005859375 HTTP/1.1" 200 31 "-" "WordPress/7.0; http://cqqizhou.com"
36.133.108.119 - - [23/Jun/2026:10:02:09 +0800] "HEAD /wp-includes/fonts/common HTTP/1.1" 404 0 "-" "Mozilla/5.0 (Macintosh; Intel Mac OS X 10_8_3) AppleWebKit/537.36 (KHTML, like Gecko) Chrome/27.0.1453.93 Safari/537.36"
36.133.115.36 - - [23/Jun/2026:10:03:21 +0800] "POST /wp-cron.php?doing_wp_cron=1782180201.0277299880981445312500 HTTP/1.1" 200 31 "-" "WordPress/7.0; http://cqqizhou.com"
220.181.108.102 - - [23/Jun/2026:10:03:21 +0800] "GET /portfolio/duplex-stainless-steel/ HTTP/1.1" 301 5 "-" "Mozilla/5.0 (compatible; Baiduspider/2.0; +http://www.baidu.com/search/spider.html)"
220.181.108.177 - - [23/Jun/2026:10:03:21 +0800] "GET /news/portfolio/duplex-stainless-steel HTTP/1.1" 200 22816 "-" "Mozilla/5.0 (compatible; Baiduspider/2.0; +http://www.baidu.com/search/spider.html)"
116.179.37.75 - - [23/Jun/2026:10:03:24 +0800] "GET /wp-content/uploads/2025/07/1753453096-%E5%8F%8C%E7%9B%B8%E9%92%A2product_Single600%C3%97284-300x142.webp HTTP/1.1" 200 7412 "http://cqqizhou.com/news/portfolio/duplex-stainless-steel" "Mozilla/5.0 (compatible; Baiduspider-render/2.0; +http://www.baidu.com/search/spider.html)"
116.179.37.66 - - [23/Jun/2026:10:03:24 +0800] "GET /wp-content/uploads/2025/07/1753456770-%E7%83%AD%E9%95%80%E9%94%8C%E5%8D%B7product_Single600-150x150.webp HTTP/1.1" 200 5124 "http://cqqizhou.com/news/portfolio/duplex-stainless-steel" "Mozilla/5.0 (compatible; Baiduspider-render/2.0; +http://www.baidu.com/search/spider.html)"
116.179.37.238 - - [23/Jun/2026:10:03:24 +0800] "GET /wp-content/uploads/2025/07/1753456723-%E5%8F%8C%E7%9B%B8%E9%92%A2roduct_Single600-150x150.webp HTTP/1.1" 200 4390 "http://cqqizhou.com/news/portfolio/duplex-stainless-steel" "Mozilla/5.0 (compatible; Baiduspider-render/2.0; +http://www.baidu.com/search/spider.html)"
47.92.230.185 - - [23/Jun/2026:10:06:18 +0800] "GET / HTTP/1.1" 499 0 "-" "curl/7.78.0"
36.133.115.36 - - [23/Jun/2026:10:06:18 +0800] "POST /wp-cron.php?doing_wp_cron=1782180378.4567110538482666015625 HTTP/1.1" 200 31 "-" "WordPress/7.0; http://cqqizhou.com"
223.64.125.109 - - [23/Jun/2026:10:13:59 +0800] "GET /wp-content/uploads/2025/11/1762864381-QZ_Photo-7.webp HTTP/1.1" 206 2 "-" "Mozilla/5.0 (Macintosh; Intel Mac OS X 10_15_7) AppleWebKit/537.36 (KHTML, like Gecko) Chrome/94.0.4606.54 Safari/537.36"
223.64.125.109 - - [23/Jun/2026:10:14:12 +0800] "GET http://cqqizhou.com/wp-content/uploads/2025/11/1762864381-QZ_Photo-7.webp HTTP/1.1" 200 129922 "-" "Mozilla/5.0 (Macintosh; Intel Mac OS X 10_15_7) AppleWebKit/537.36 (KHTML, like Gecko) Chrome/97.0.4692.20 Safari/537.36 Edg/97.0.4692.20"
36.133.115.36 - - [23/Jun/2026:10:17:40 +0800] "POST /wp-cron.php?doing_wp_cron=1782181060.0075840950012207031250 HTTP/1.1" 200 31 "-" "WordPress/7.0; http://cqqizhou.com"
39.130.58.236 - - [23/Jun/2026:10:17:40 +0800] "GET /wp-admin/ HTTP/1.1" 302 5 "-" "Mozilla/5.0 (Windows NT 10.0; Win64; x64) AppleWebKit/537.36 (KHTML, like Gecko) Chrome/149.0.0.0 Safari/537.36 Edg/149.0.0.0"
39.130.58.236 - - [23/Jun/2026:10:17:40 +0800] "GET /wp-login.php?redirect_to=http%3A%2F%2Fcqqizhou.com%2Fwp-admin%2F&reauth=1 HTTP/1.1" 200 2821 "-" "Mozilla/5.0 (Windows NT 10.0; Win64; x64) AppleWebKit/537.36 (KHTML, like Gecko) Chrome/149.0.0.0 Safari/537.36 Edg/149.0.0.0"
39.130.58.236 - - [23/Jun/2026:10:17:45 +0800] "POST /wp-login.php HTTP/1.1" 302 5 "http://cqqizhou.com/wp-login.php?redirect_to=http%3A%2F%2Fcqqizhou.com%2Fwp-admin%2F&reauth=1" "Mozilla/5.0 (Windows NT 10.0; Win64; x64) AppleWebKit/537.36 (KHTML, like Gecko) Chrome/149.0.0.0 Safari/537.36 Edg/149.0.0.0"
39.130.58.236 - - [23/Jun/2026:10:17:52 +0800] "GET /wp-admin/ HTTP/1.1" 200 87840 "http://cqqizhou.com/wp-login.php?redirect_to=http%3A%2F%2Fcqqizhou.com%2Fwp-admin%2F&reauth=1" "Mozilla/5.0 (Windows NT 10.0; Win64; x64) AppleWebKit/537.36 (KHTML, like Gecko) Chrome/149.0.0.0 Safari/537.36 Edg/149.0.0.0"
39.130.58.236 - - [23/Jun/2026:10:18:00 +0800] "GET /wp-admin/edit.php HTTP/1.1" 200 89898 "http://cqqizhou.com/wp-admin/" "Mozilla/5.0 (Windows NT 10.0; Win64; x64) AppleWebKit/537.36 (KHTML, like Gecko) Chrome/149.0.0.0 Safari/537.36 Edg/149.0.0.0"
39.130.58.236 - - [23/Jun/2026:10:18:01 +0800] "GET /wp-content/uploads/2026/06/1781880807-Article_images_W900px-150x150.webp HTTP/1.1" 304 0 "http://cqqizhou.com/wp-admin/edit.php" "Mozilla/5.0 (Windows NT 10.0; Win64; x64) AppleWebKit/537.36 (KHTML, like Gecko) Chrome/149.0.0.0 Safari/537.36 Edg/149.0.0.0"
39.130.58.236 - - [23/Jun/2026:10:18:01 +0800] "GET /wp-admin/load-styles.php?c=0&dir=ltr&load%5Bchunk_0%5D=dashicons,admin-bar,common,forms,admin-menu,dashboard,list-tables,edit,revisions,media,themes,about,nav-menus,wp-pointer,widgets&load%5Bchunk_1%5D=,site-icon,l10n,wp-base-styles,buttons,media-views,wp-color-picker,editor-buttons,wp-auth-check,wp-components,wp-commands&ver=7.0 HTTP/1.1" 200 131318 "http://cqqizhou.com/wp-admin/edit.php" "Mozilla/5.0 (Windows NT 10.0; Win64; x64) AppleWebKit/537.36 (KHTML, like Gecko) Chrome/149.0.0.0 Safari/537.36 Edg/149.0.0.0"
39.130.58.236 - - [23/Jun/2026:10:18:01 +0800] "GET /wp-content/uploads/2026/06/1780363378-1Article_images_W900px-150x150.webp HTTP/1.1" 304 0 "http://cqqizhou.com/wp-admin/edit.php" "Mozilla/5.0 (Windows NT 10.0; Win64; x64) AppleWebKit/537.36 (KHTML, like Gecko) Chrome/149.0.0.0 Safari/537.36 Edg/149.0.0.0"
39.130.58.236 - - [23/Jun/2026:10:18:01 +0800] "GET /wp-content/uploads/2026/06/1780362799-1Article_images_W900px-150x150.webp HTTP/1.1" 304 0 "http://cqqizhou.com/wp-admin/edit.php" "Mozilla/5.0 (Windows NT 10.0; Win64; x64) AppleWebKit/537.36 (KHTML, like Gecko) Chrome/149.0.0.0 Safari/537.36 Edg/149.0.0.0"
39.130.58.236 - - [23/Jun/2026:10:18:01 +0800] "GET /wp-content/uploads/2026/05/1779957408-1Article_images_W900px-150x150.webp HTTP/1.1" 304 0 "http://cqqizhou.com/wp-admin/edit.php" "Mozilla/5.0 (Windows NT 10.0; Win64; x64) AppleWebKit/537.36 (KHTML, like Gecko) Chrome/149.0.0.0 Safari/537.36 Edg/149.0.0.0"
39.130.58.236 - - [23/Jun/2026:10:18:01 +0800] "GET /wp-content/uploads/2026/05/1779059685-1Article_images_W900px-150x150.webp HTTP/1.1" 304 0 "http://cqqizhou.com/wp-admin/edit.php" "Mozilla/5.0 (Windows NT 10.0; Win64; x64) AppleWebKit/537.36 (KHTML, like Gecko) Chrome/149.0.0.0 Safari/537.36 Edg/149.0.0.0"
39.130.58.236 - - [23/Jun/2026:10:18:01 +0800] "GET /wp-content/uploads/2026/05/1779925245-Article_images_W900px-150x150.webp HTTP/1.1" 304 0 "http://cqqizhou.com/wp-admin/edit.php" "Mozilla/5.0 (Windows NT 10.0; Win64; x64) AppleWebKit/537.36 (KHTML, like Gecko) Chrome/149.0.0.0 Safari/537.36 Edg/149.0.0.0"
39.130.58.236 - - [23/Jun/2026:10:18:01 +0800] "GET /wp-content/uploads/2026/05/1779328461-1Article_images_W900px-150x150.webp HTTP/1.1" 304 0 "http://cqqizhou.com/wp-admin/edit.php" "Mozilla/5.0 (Windows NT 10.0; Win64; x64) AppleWebKit/537.36 (KHTML, like Gecko) Chrome/149.0.0.0 Safari/537.36 Edg/149.0.0.0"
39.130.58.236 - - [23/Jun/2026:10:18:02 +0800] "POST /wp-admin/admin-ajax.php HTTP/1.1" 200 78 "http://cqqizhou.com/wp-admin/edit.php" "Mozilla/5.0 (Windows NT 10.0; Win64; x64) AppleWebKit/537.36 (KHTML, like Gecko) Chrome/149.0.0.0 Safari/537.36 Edg/149.0.0.0"
36.133.115.36 - - [23/Jun/2026:10:18:13 +0800] "POST /wp-cron.php?doing_wp_cron=1782181093.0515489578247070312500 HTTP/1.1" 200 31 "-" "WordPress/7.0; http://cqqizhou.com"
39.130.58.236 - - [23/Jun/2026:10:18:13 +0800] "POST /wp-admin/admin-ajax.php HTTP/1.1" 200 78 "http://cqqizhou.com/wp-admin/edit.php" "Mozilla/5.0 (Windows NT 10.0; Win64; x64) AppleWebKit/537.36 (KHTML, like Gecko) Chrome/149.0.0.0 Safari/537.36 Edg/149.0.0.0"
39.130.58.236 - - [23/Jun/2026:10:18:35 +0800] "POST /wp-admin/admin-ajax.php HTTP/1.1" 200 78 "http://cqqizhou.com/wp-admin/edit.php" "Mozilla/5.0 (Windows NT 10.0; Win64; x64) AppleWebKit/537.36 (KHTML, like Gecko) Chrome/149.0.0.0 Safari/537.36 Edg/149.0.0.0"
39.130.58.236 - - [23/Jun/2026:10:18:39 +0800] "GET /wp-admin/post-new.php HTTP/1.1" 500 2878 "http://cqqizhou.com/wp-admin/edit.php" "Mozilla/5.0 (Windows NT 10.0; Win64; x64) AppleWebKit/537.36 (KHTML, like Gecko) Chrome/149.0.0.0 Safari/537.36 Edg/149.0.0.0"
36.133.108.121 - - [23/Jun/2026:10:18:51 +0800] "HEAD /h2/ HTTP/1.1" 404 0 "-" "Mozilla/5.0 (X11; Ubuntu; Linux x86_64; rv:24.0) Gecko/20100101 Firefox/24.0"
39.130.58.236 - - [23/Jun/2026:10:18:51 +0800] "GET /wp-admin/load-styles.php?c=0&dir=ltr&load%5Bchunk_0%5D=dashicons,admin-bar,buttons,media-views,editor-buttons,wp-components,wp-preferences,wp-block-editor,wp-reusable-blocks,wp-patter&load%5Bchunk_1%5D=ns,wp-editor,wp-base-styles,common,forms,wp-reset-editor-styles,wp-block-library,wp-block-editor-content,wp-editor-classic-layou&load%5Bchunk_2%5D=t-styles,wp-edit-blocks,wp-commands,wp-edit-post,wp-block-directory,wp-format-library,admin-menu,dashboard,list-tables,edit,revi&load%5Bchunk_3%5D=sions,media,themes,about,nav-menus,wp-pointer,widgets,site-icon,l10n,wp-color-picker,wp-auth-check,classic-theme-styles,wp-jquer&load%5Bchunk_4%5D=y-ui-dialog&ver=7.0 HTTP/1.1" 200 201420 "http://cqqizhou.com/wp-admin/post-new.php" "Mozilla/5.0 (Windows NT 10.0; Win64; x64) AppleWebKit/537.36 (KHTML, like Gecko) Chrome/149.0.0.0 Safari/537.36 Edg/149.0.0.0"
39.130.58.236 - - [23/Jun/2026:10:18:52 +0800] "GET /wp-admin/post-new.php HTTP/1.1" 200 223046 "http://cqqizhou.com/wp-admin/edit.php" "Mozilla/5.0 (Windows NT 10.0; Win64; x64) AppleWebKit/537.36 (KHTML, like Gecko) Chrome/149.0.0.0 Safari/537.36 Edg/149.0.0.0"
39.130.58.236 - - [23/Jun/2026:10:18:52 +0800] "GET /?action=kirki-styles&editor=1&ver=4.0 HTTP/1.1" 200 210 "http://cqqizhou.com/wp-admin/post-new.php" "Mozilla/5.0 (Windows NT 10.0; Win64; x64) AppleWebKit/537.36 (KHTML, like Gecko) Chrome/149.0.0.0 Safari/537.36 Edg/149.0.0.0"
39.130.58.236 - - [23/Jun/2026:10:18:54 +0800] "GET /wp-admin/load-scripts.php?c=0&load%5Bchunk_0%5D=wp-polyfill&ver=7.0 HTTP/1.1" 200 11912 "-" "Mozilla/5.0 (Windows NT 10.0; Win64; x64) AppleWebKit/537.36 (KHTML, like Gecko) Chrome/149.0.0.0 Safari/537.36 Edg/149.0.0.0"
39.130.58.236 - - [23/Jun/2026:10:18:55 +0800] "OPTIONS /wp-json/wp/v2/settings?_locale=user HTTP/1.1" 200 1301 "http://cqqizhou.com/wp-admin/post-new.php" "Mozilla/5.0 (Windows NT 10.0; Win64; x64) AppleWebKit/537.36 (KHTML, like Gecko) Chrome/149.0.0.0 Safari/537.36 Edg/149.0.0.0"
39.130.58.236 - - [23/Jun/2026:10:18:55 +0800] "GET /wp-json/wp/v2/comments?context=edit&post=2601&type=note&status=all&per_page=100&_locale=user HTTP/1.1" 200 33 "http://cqqizhou.com/wp-admin/post-new.php" "Mozilla/5.0 (Windows NT 10.0; Win64; x64) AppleWebKit/537.36 (KHTML, like Gecko) Chrome/149.0.0.0 Safari/537.36 Edg/149.0.0.0"
39.130.58.236 - - [23/Jun/2026:10:18:55 +0800] "GET /wp-json/wp/v2/users/1?context=view&_fields=id%2Cname&_locale=user HTTP/1.1" 200 54 "http://cqqizhou.com/wp-admin/post-new.php" "Mozilla/5.0 (Windows NT 10.0; Win64; x64) AppleWebKit/537.36 (KHTML, like Gecko) Chrome/149.0.0.0 Safari/537.36 Edg/149.0.0.0"
39.130.58.236 - - [23/Jun/2026:10:18:55 +0800] "GET /wp-json/wp/v2/taxonomies?context=edit&per_page=100&_locale=user HTTP/1.1" 200 1742 "http://cqqizhou.com/wp-admin/post-new.php" "Mozilla/5.0 (Windows NT 10.0; Win64; x64) AppleWebKit/537.36 (KHTML, like Gecko) Chrome/149.0.0.0 Safari/537.36 Edg/149.0.0.0"
39.130.58.236 - - [23/Jun/2026:10:18:55 +0800] "GET /wp-json/wp/v2/blocks?context=edit&per_page=100&page=1&_locale=user HTTP/1.1" 200 33 "http://cqqizhou.com/wp-admin/post-new.php" "Mozilla/5.0 (Windows NT 10.0; Win64; x64) AppleWebKit/537.36 (KHTML, like Gecko) Chrome/149.0.0.0 Safari/537.36 Edg/149.0.0.0"
39.130.58.236 - - [23/Jun/2026:10:18:55 +0800] "GET /?action=kirki-styles&editor=1&ver=4.0 HTTP/1.1" 200 210 "-" "Mozilla/5.0 (Windows NT 10.0; Win64; x64) AppleWebKit/537.36 (KHTML, like Gecko) Chrome/149.0.0.0 Safari/537.36 Edg/149.0.0.0"
39.130.58.236 - - [23/Jun/2026:10:18:55 +0800] "GET /wp-json/wp/v2/wp_pattern_category?context=view&per_page=100&_fields=id%2Cname%2Cdescription%2Cslug&_locale=user HTTP/1.1" 200 33 "http://cqqizhou.com/wp-admin/post-new.php" "Mozilla/5.0 (Windows NT 10.0; Win64; x64) AppleWebKit/537.36 (KHTML, like Gecko) Chrome/149.0.0.0 Safari/537.36 Edg/149.0.0.0"
39.130.58.236 - - [23/Jun/2026:10:18:55 +0800] "OPTIONS /wp-json/wp/v2/posts?_locale=user HTTP/1.1" 200 2962 "http://cqqizhou.com/wp-admin/post-new.php" "Mozilla/5.0 (Windows NT 10.0; Win64; x64) AppleWebKit/537.36 (KHTML, like Gecko) Chrome/149.0.0.0 Safari/537.36 Edg/149.0.0.0"
39.130.58.236 - - [23/Jun/2026:10:18:56 +0800] "GET /wp-json/wp/v2/pages/1665?context=edit&_locale=user HTTP/1.1" 200 764 "http://cqqizhou.com/wp-admin/post-new.php" "Mozilla/5.0 (Windows NT 10.0; Win64; x64) AppleWebKit/537.36 (KHTML, like Gecko) Chrome/149.0.0.0 Safari/537.36 Edg/149.0.0.0"
39.130.58.236 - - [23/Jun/2026:10:18:56 +0800] "GET /wp-json/wp/v2/templates/lookup?slug=single-post-2601&_locale=user HTTP/1.1" 200 33 "http://cqqizhou.com/wp-admin/post-new.php" "Mozilla/5.0 (Windows NT 10.0; Win64; x64) AppleWebKit/537.36 (KHTML, like Gecko) Chrome/149.0.0.0 Safari/537.36 Edg/149.0.0.0"
39.130.58.236 - - [23/Jun/2026:10:18:56 +0800] "GET /wp-json/wp/v2/tags?context=view&per_page=10&orderby=count&order=desc&hide_empty=true&_fields=id%2Cname%2Ccount&_locale=user HTTP/1.1" 200 209 "http://cqqizhou.com/wp-admin/post-new.php" "Mozilla/5.0 (Windows NT 10.0; Win64; x64) AppleWebKit/537.36 (KHTML, like Gecko) Chrome/149.0.0.0 Safari/537.36 Edg/149.0.0.0"
39.130.58.236 - - [23/Jun/2026:10:18:56 +0800] "GET /wp-json/wp/v2/categories?context=view&per_page=100&orderby=name&order=asc&_fields=id%2Cname%2Cparent&page=1&_locale=user HTTP/1.1" 200 144 "http://cqqizhou.com/wp-admin/post-new.php" "Mozilla/5.0 (Windows NT 10.0; Win64; x64) AppleWebKit/537.36 (KHTML, like Gecko) Chrome/149.0.0.0 Safari/537.36 Edg/149.0.0.0"
39.130.58.236 - - [23/Jun/2026:10:18:59 +0800] "GET /wp-json/wp/v2/block-patterns/patterns?_locale=user HTTP/1.1" 200 21089 "http://cqqizhou.com/wp-admin/post-new.php" "Mozilla/5.0 (Windows NT 10.0; Win64; x64) AppleWebKit/537.36 (KHTML, like Gecko) Chrome/149.0.0.0 Safari/537.36 Edg/149.0.0.0"
39.130.58.236 - - [23/Jun/2026:10:19:04 +0800] "POST /wp-admin/admin-ajax.php HTTP/1.1" 200 112 "http://cqqizhou.com/wp-admin/post-new.php" "Mozilla/5.0 (Windows NT 10.0; Win64; x64) AppleWebKit/537.36 (KHTML, like Gecko) Chrome/149.0.0.0 Safari/537.36 Edg/149.0.0.0"
36.133.115.36 - - [23/Jun/2026:10:19:15 +0800] "POST /wp-cron.php?doing_wp_cron=1782181155.0409359931945800781250 HTTP/1.1" 200 31 "-" "WordPress/7.0; http://cqqizhou.com"
39.130.58.236 - - [23/Jun/2026:10:19:15 +0800] "POST /wp-admin/admin-ajax.php HTTP/1.1" 200 112 "http://cqqizhou.com/wp-admin/post-new.php" "Mozilla/5.0 (Windows NT 10.0; Win64; x64) AppleWebKit/537.36 (KHTML, like Gecko) Chrome/149.0.0.0 Safari/537.36 Edg/149.0.0.0"
39.130.58.236 - - [23/Jun/2026:10:19:25 +0800] "POST /wp-admin/admin-ajax.php HTTP/1.1" 200 112 "http://cqqizhou.com/wp-admin/post-new.php" "Mozilla/5.0 (Windows NT 10.0; Win64; x64) AppleWebKit/537.36 (KHTML, like Gecko) Chrome/149.0.0.0 Safari/537.36 Edg/149.0.0.0"
39.130.58.236 - - [23/Jun/2026:10:19:35 +0800] "POST /wp-admin/admin-ajax.php HTTP/1.1" 200 112 "http://cqqizhou.com/wp-admin/post-new.php" "Mozilla/5.0 (Windows NT 10.0; Win64; x64) AppleWebKit/537.36 (KHTML, like Gecko) Chrome/149.0.0.0 Safari/537.36 Edg/149.0.0.0"
39.130.58.236 - - [23/Jun/2026:10:19:45 +0800] "POST /wp-admin/admin-ajax.php HTTP/1.1" 200 112 "http://cqqizhou.com/wp-admin/post-new.php" "Mozilla/5.0 (Windows NT 10.0; Win64; x64) AppleWebKit/537.36 (KHTML, like Gecko) Chrome/149.0.0.0 Safari/537.36 Edg/149.0.0.0"
39.130.58.236 - - [23/Jun/2026:10:19:55 +0800] "POST /wp-json/wp/v2/posts/2601/autosaves?_locale=user HTTP/1.1" 200 370 "http://cqqizhou.com/wp-admin/post-new.php" "Mozilla/5.0 (Windows NT 10.0; Win64; x64) AppleWebKit/537.36 (KHTML, like Gecko) Chrome/149.0.0.0 Safari/537.36 Edg/149.0.0.0"
39.130.58.236 - - [23/Jun/2026:10:19:57 +0800] "POST /wp-admin/admin-ajax.php HTTP/1.1" 200 112 "http://cqqizhou.com/wp-admin/post.php?post=2601&action=edit" "Mozilla/5.0 (Windows NT 10.0; Win64; x64) AppleWebKit/537.36 (KHTML, like Gecko) Chrome/149.0.0.0 Safari/537.36 Edg/149.0.0.0"
36.133.115.36 - - [23/Jun/2026:10:20:32 +0800] "POST /wp-cron.php?doing_wp_cron=1782181232.8318231105804443359375 HTTP/1.1" 200 31 "-" "WordPress/7.0; http://cqqizhou.com"
39.130.58.236 - - [23/Jun/2026:10:20:32 +0800] "POST /wp-admin/admin-ajax.php HTTP/1.1" 200 112 "http://cqqizhou.com/wp-admin/post.php?post=2601&action=edit" "Mozilla/5.0 (Windows NT 10.0; Win64; x64) AppleWebKit/537.36 (KHTML, like Gecko) Chrome/149.0.0.0 Safari/537.36 Edg/149.0.0.0"
39.130.58.236 - - [23/Jun/2026:10:20:34 +0800] "OPTIONS /wp-json/wp/v2/posts/?context=edit&_locale=user HTTP/1.1" 200 2962 "http://cqqizhou.com/wp-admin/post.php?post=2601&action=edit" "Mozilla/5.0 (Windows NT 10.0; Win64; x64) AppleWebKit/537.36 (KHTML, like Gecko) Chrome/149.0.0.0 Safari/537.36 Edg/149.0.0.0"
39.130.58.236 - - [23/Jun/2026:10:20:42 +0800] "POST /wp-admin/admin-ajax.php HTTP/1.1" 200 112 "http://cqqizhou.com/wp-admin/post.php?post=2601&action=edit" "Mozilla/5.0 (Windows NT 10.0; Win64; x64) AppleWebKit/537.36 (KHTML, like Gecko) Chrome/149.0.0.0 Safari/537.36 Edg/149.0.0.0"
39.130.58.236 - - [23/Jun/2026:10:20:52 +0800] "POST /wp-admin/admin-ajax.php HTTP/1.1" 200 112 "http://cqqizhou.com/wp-admin/post.php?post=2601&action=edit" "Mozilla/5.0 (Windows NT 10.0; Win64; x64) AppleWebKit/537.36 (KHTML, like Gecko) Chrome/149.0.0.0 Safari/537.36 Edg/149.0.0.0"
39.130.58.236 - - [23/Jun/2026:10:20:55 +0800] "POST /wp-json/wp/v2/posts/2601/autosaves?_locale=user HTTP/1.1" 200 1666 "http://cqqizhou.com/wp-admin/post.php?post=2601&action=edit" "Mozilla/5.0 (Windows NT 10.0; Win64; x64) AppleWebKit/537.36 (KHTML, like Gecko) Chrome/149.0.0.0 Safari/537.36 Edg/149.0.0.0"
39.130.58.236 - - [23/Jun/2026:10:21:02 +0800] "POST /wp-admin/admin-ajax.php HTTP/1.1" 200 112 "http://cqqizhou.com/wp-admin/post.php?post=2601&action=edit" "Mozilla/5.0 (Windows NT 10.0; Win64; x64) AppleWebKit/537.36 (KHTML, like Gecko) Chrome/149.0.0.0 Safari/537.36 Edg/149.0.0.0"
36.133.115.36 - - [23/Jun/2026:10:21:12 +0800] "POST /wp-cron.php?doing_wp_cron=1782181272.7640271186828613281250 HTTP/1.1" 200 31 "-" "WordPress/7.0; http://cqqizhou.com"
39.130.58.236 - - [23/Jun/2026:10:21:12 +0800] "POST /wp-admin/admin-ajax.php HTTP/1.1" 200 112 "http://cqqizhou.com/wp-admin/post.php?post=2601&action=edit" "Mozilla/5.0 (Windows NT 10.0; Win64; x64) AppleWebKit/537.36 (KHTML, like Gecko) Chrome/149.0.0.0 Safari/537.36 Edg/149.0.0.0"
39.130.58.236 - - [23/Jun/2026:10:21:22 +0800] "POST /wp-admin/admin-ajax.php HTTP/1.1" 200 112 "http://cqqizhou.com/wp-admin/post.php?post=2601&action=edit" "Mozilla/5.0 (Windows NT 10.0; Win64; x64) AppleWebKit/537.36 (KHTML, like Gecko) Chrome/149.0.0.0 Safari/537.36 Edg/149.0.0.0"
39.130.58.236 - - [23/Jun/2026:10:21:28 +0800] "GET /wp-json/wp/v2/tags?context=view&per_page=100&_fields=id%2Cname&search=%E4%B8%87%E5%98%89%E7%9B%9B&_locale=user HTTP/1.1" 200 33 "http://cqqizhou.com/wp-admin/post.php?post=2601&action=edit" "Mozilla/5.0 (Windows NT 10.0; Win64; x64) AppleWebKit/537.36 (KHTML, like Gecko) Chrome/149.0.0.0 Safari/537.36 Edg/149.0.0.0"
39.130.58.236 - - [23/Jun/2026:10:21:32 +0800] "POST /wp-admin/admin-ajax.php HTTP/1.1" 200 112 "http://cqqizhou.com/wp-admin/post.php?post=2601&action=edit" "Mozilla/5.0 (Windows NT 10.0; Win64; x64) AppleWebKit/537.36 (KHTML, like Gecko) Chrome/149.0.0.0 Safari/537.36 Edg/149.0.0.0"
39.130.58.236 - - [23/Jun/2026:10:21:33 +0800] "GET /wp-json/wp/v2/tags?context=view&per_page=100&_fields=id%2Cname&include=44&_locale=user HTTP/1.1" 200 80 "http://cqqizhou.com/wp-admin/post.php?post=2601&action=edit" "Mozilla/5.0 (Windows NT 10.0; Win64; x64) AppleWebKit/537.36 (KHTML, like Gecko) Chrome/149.0.0.0 Safari/537.36 Edg/149.0.0.0"
39.130.58.236 - - [23/Jun/2026:10:21:36 +0800] "GET /wp-json/wp/v2/categories?context=edit&exclude%5B0%5D=1&per_page=1&_locale=user HTTP/1.1" 200 347 "http://cqqizhou.com/wp-admin/post.php?post=2601&action=edit" "Mozilla/5.0 (Windows NT 10.0; Win64; x64) AppleWebKit/537.36 (KHTML, like Gecko) Chrome/149.0.0.0 Safari/537.36 Edg/149.0.0.0"
39.130.58.236 - - [23/Jun/2026:10:21:36 +0800] "GET /wp-json/wp/v2/tags?context=edit&per_page=1&_locale=user HTTP/1.1" 200 320 "http://cqqizhou.com/wp-admin/post.php?post=2601&action=edit" "Mozilla/5.0 (Windows NT 10.0; Win64; x64) AppleWebKit/537.36 (KHTML, like Gecko) Chrome/149.0.0.0 Safari/537.36 Edg/149.0.0.0"
39.130.58.236 - - [23/Jun/2026:10:21:36 +0800] "GET /wp-json/wp/v2/categories/1?context=edit&_locale=user HTTP/1.1" 200 331 "http://cqqizhou.com/wp-admin/post.php?post=2601&action=edit" "Mozilla/5.0 (Windows NT 10.0; Win64; x64) AppleWebKit/537.36 (KHTML, like Gecko) Chrome/149.0.0.0 Safari/537.36 Edg/149.0.0.0"
39.130.58.236 - - [23/Jun/2026:10:21:42 +0800] "POST /wp-admin/admin-ajax.php HTTP/1.1" 200 112 "http://cqqizhou.com/wp-admin/post.php?post=2601&action=edit" "Mozilla/5.0 (Windows NT 10.0; Win64; x64) AppleWebKit/537.36 (KHTML, like Gecko) Chrome/149.0.0.0 Safari/537.36 Edg/149.0.0.0"
39.130.58.236 - - [23/Jun/2026:10:21:53 +0800] "POST /wp-admin/admin-ajax.php HTTP/1.1" 200 112 "http://cqqizhou.com/wp-admin/post.php?post=2601&action=edit" "Mozilla/5.0 (Windows NT 10.0; Win64; x64) AppleWebKit/537.36 (KHTML, like Gecko) Chrome/149.0.0.0 Safari/537.36 Edg/149.0.0.0"
39.130.58.236 - - [23/Jun/2026:10:21:56 +0800] "POST /wp-json/wp/v2/posts/2601/autosaves?_locale=user HTTP/1.1" 200 1673 "http://cqqizhou.com/wp-admin/post.php?post=2601&action=edit" "Mozilla/5.0 (Windows NT 10.0; Win64; x64) AppleWebKit/537.36 (KHTML, like Gecko) Chrome/149.0.0.0 Safari/537.36 Edg/149.0.0.0"
36.133.115.36 - - [23/Jun/2026:10:23:53 +0800] "POST /wp-cron.php?doing_wp_cron=1782181433.8159260749816894531250 HTTP/1.1" 200 31 "-" "WordPress/7.0; http://cqqizhou.com"
204.76.203.36 - - [23/Jun/2026:10:23:53 +0800] "GET /SDK/webLanguage HTTP/1.1" 301 5 "-" "Mozilla/5.0 (Windows NT 10.0; Win64; x64) AppleWebKit/537.36 (KHTML, like Gecko) Chrome/90.0.4430.85 Safari/537.36 Edg/90.0.818.46"
39.130.58.236 - - [23/Jun/2026:10:23:54 +0800] "POST /wp-admin/admin-ajax.php HTTP/1.1" 200 112 "http://cqqizhou.com/wp-admin/post.php?post=2601&action=edit" "Mozilla/5.0 (Windows NT 10.0; Win64; x64) AppleWebKit/537.36 (KHTML, like Gecko) Chrome/149.0.0.0 Safari/537.36 Edg/149.0.0.0"
36.133.115.36 - - [23/Jun/2026:10:25:55 +0800] "POST /wp-cron.php?doing_wp_cron=1782181555.0873448848724365234375 HTTP/1.1" 200 31 "-" "WordPress/7.0; http://cqqizhou.com"
39.130.58.236 - - [23/Jun/2026:10:25:55 +0800] "POST /wp-admin/admin-ajax.php HTTP/1.1" 200 112 "http://cqqizhou.com/wp-admin/post.php?post=2601&action=edit" "Mozilla/5.0 (Windows NT 10.0; Win64; x64) AppleWebKit/537.36 (KHTML, like Gecko) Chrome/149.0.0.0 Safari/537.36 Edg/149.0.0.0"
36.133.115.36 - - [23/Jun/2026:10:27:56 +0800] "POST /wp-cron.php?doing_wp_cron=1782181676.0549080371856689453125 HTTP/1.1" 200 31 "-" "WordPress/7.0; http://cqqizhou.com"
39.130.58.236 - - [23/Jun/2026:10:27:56 +0800] "POST /wp-admin/admin-ajax.php HTTP/1.1" 200 112 "http://cqqizhou.com/wp-admin/post.php?post=2601&action=edit" "Mozilla/5.0 (Windows NT 10.0; Win64; x64) AppleWebKit/537.36 (KHTML, like Gecko) Chrome/149.0.0.0 Safari/537.36 Edg/149.0.0.0"
36.133.115.36 - - [23/Jun/2026:10:29:57 +0800] "POST /wp-cron.php?doing_wp_cron=1782181797.1481649875640869140625 HTTP/1.1" 200 31 "-" "WordPress/7.0; http://cqqizhou.com"
39.130.58.236 - - [23/Jun/2026:10:29:57 +0800] "POST /wp-admin/admin-ajax.php HTTP/1.1" 200 112 "http://cqqizhou.com/wp-admin/post.php?post=2601&action=edit" "Mozilla/5.0 (Windows NT 10.0; Win64; x64) AppleWebKit/537.36 (KHTML, like Gecko) Chrome/149.0.0.0 Safari/537.36 Edg/149.0.0.0"
36.133.115.36 - - [23/Jun/2026:10:30:10 +0800] "POST /wp-cron.php?doing_wp_cron=1782181810.0934209823608398437500 HTTP/1.1" 200 31 "-" "WordPress/7.0; http://cqqizhou.com"
36.133.108.119 - - [23/Jun/2026:10:30:10 +0800] "HEAD /wp-content/languages/testweb HTTP/1.1" 404 0 "-" "Mozilla/5.0 (compatible; MSIE 8.0; Windows NT 5.1; Trident/4.0; .NET CLR 1.1.4322; .NET CLR 2.0.50727)"
36.133.115.36 - - [23/Jun/2026:10:31:58 +0800] "POST /wp-cron.php?doing_wp_cron=1782181918.0861330032348632812500 HTTP/1.1" 200 31 "-" "WordPress/7.0; http://cqqizhou.com"
39.130.58.236 - - [23/Jun/2026:10:31:58 +0800] "POST /wp-admin/admin-ajax.php HTTP/1.1" 200 112 "http://cqqizhou.com/wp-admin/post.php?post=2601&action=edit" "Mozilla/5.0 (Windows NT 10.0; Win64; x64) AppleWebKit/537.36 (KHTML, like Gecko) Chrome/149.0.0.0 Safari/537.36 Edg/149.0.0.0"
116.179.32.69 - - [23/Jun/2026:10:37:50 +0800] "GET /news/2164 HTTP/1.1" 200 24358 "-" "Mozilla/5.0 (compatible; Baiduspider/2.0; +http://www.baidu.com/search/spider.html)"
116.179.37.125 - - [23/Jun/2026:10:37:54 +0800] "GET /wp-content/uploads/2026/02/1769999241-4.2%E7%B1%B3%E9%AB%98%E6%A0%8F%E8%B4%A7%E8%BD%A6.webp HTTP/1.1" 200 54794 "http://cqqizhou.com/news/2164" "Mozilla/5.0 (compatible; Baiduspider-render/2.0; +http://www.baidu.com/search/spider.html)"
36.133.115.36 - - [23/Jun/2026:10:42:43 +0800] "POST /wp-cron.php?doing_wp_cron=1782182563.1283519268035888671875 HTTP/1.1" 200 31 "-" "WordPress/7.0; http://cqqizhou.com"
39.130.58.236 - - [23/Jun/2026:10:42:43 +0800] "POST /wp-admin/admin-ajax.php HTTP/1.1" 200 112 "http://cqqizhou.com/wp-admin/post.php?post=2601&action=edit" "Mozilla/5.0 (Windows NT 10.0; Win64; x64) AppleWebKit/537.36 (KHTML, like Gecko) Chrome/149.0.0.0 Safari/537.36 Edg/149.0.0.0"
39.130.58.236 - - [23/Jun/2026:10:42:46 +0800] "POST /wp-admin/admin-ajax.php HTTP/1.1" 200 11158 "http://cqqizhou.com/wp-admin/post.php?post=2601&action=edit" "Mozilla/5.0 (Windows NT 10.0; Win64; x64) AppleWebKit/537.36 (KHTML, like Gecko) Chrome/149.0.0.0 Safari/537.36 Edg/149.0.0.0"
39.130.58.236 - - [23/Jun/2026:10:42:46 +0800] "GET /wp-content/uploads/2026/06/1781880807-Article_images_W900px-300x169.webp HTTP/1.1" 200 7478 "http://cqqizhou.com/wp-admin/post.php?post=2601&action=edit" "Mozilla/5.0 (Windows NT 10.0; Win64; x64) AppleWebKit/537.36 (KHTML, like Gecko) Chrome/149.0.0.0 Safari/537.36 Edg/149.0.0.0"
39.130.58.236 - - [23/Jun/2026:10:42:46 +0800] "GET /wp-content/uploads/2026/06/1780363375-3Article_images_W900px-300x225.webp HTTP/1.1" 304 0 "http://cqqizhou.com/wp-admin/post.php?post=2601&action=edit" "Mozilla/5.0 (Windows NT 10.0; Win64; x64) AppleWebKit/537.36 (KHTML, like Gecko) Chrome/149.0.0.0 Safari/537.36 Edg/149.0.0.0"
39.130.58.236 - - [23/Jun/2026:10:42:46 +0800] "GET /wp-content/uploads/2026/06/1780362797-2Article_images_W900px-300x171.webp HTTP/1.1" 304 0 "http://cqqizhou.com/wp-admin/post.php?post=2601&action=edit" "Mozilla/5.0 (Windows NT 10.0; Win64; x64) AppleWebKit/537.36 (KHTML, like Gecko) Chrome/149.0.0.0 Safari/537.36 Edg/149.0.0.0"
39.130.58.236 - - [23/Jun/2026:10:42:46 +0800] "GET /wp-content/uploads/2026/06/1780362799-1Article_images_W900px-300x169.webp HTTP/1.1" 304 0 "http://cqqizhou.com/wp-admin/post.php?post=2601&action=edit" "Mozilla/5.0 (Windows NT 10.0; Win64; x64) AppleWebKit/537.36 (KHTML, like Gecko) Chrome/149.0.0.0 Safari/537.36 Edg/149.0.0.0"
39.130.58.236 - - [23/Jun/2026:10:42:46 +0800] "GET /wp-content/uploads/2026/05/1779328460-2Article_images_W900px-300x225.webp HTTP/1.1" 304 0 "http://cqqizhou.com/wp-admin/post.php?post=2601&action=edit" "Mozilla/5.0 (Windows NT 10.0; Win64; x64) AppleWebKit/537.36 (KHTML, like Gecko) Chrome/149.0.0.0 Safari/537.36 Edg/149.0.0.0"
39.130.58.236 - - [23/Jun/2026:10:42:46 +0800] "GET /wp-content/uploads/2026/05/1779328461-1Article_images_W900px-300x169.webp HTTP/1.1" 304 0 "http://cqqizhou.com/wp-admin/post.php?post=2601&action=edit" "Mozilla/5.0 (Windows NT 10.0; Win64; x64) AppleWebKit/537.36 (KHTML, like Gecko) Chrome/149.0.0.0 Safari/537.36 Edg/149.0.0.0"
39.130.58.236 - - [23/Jun/2026:10:42:46 +0800] "GET /wp-content/uploads/2026/05/1779957409-2Article_images_W900px-300x225.webp HTTP/1.1" 304 0 "http://cqqizhou.com/wp-admin/post.php?post=2601&action=edit" "Mozilla/5.0 (Windows NT 10.0; Win64; x64) AppleWebKit/537.36 (KHTML, like Gecko) Chrome/149.0.0.0 Safari/537.36 Edg/149.0.0.0"
39.130.58.236 - - [23/Jun/2026:10:42:46 +0800] "GET /wp-content/uploads/2026/05/1779925244-2Article_images_W900px-300x225.webp HTTP/1.1" 304 0 "http://cqqizhou.com/wp-admin/post.php?post=2601&action=edit" "Mozilla/5.0 (Windows NT 10.0; Win64; x64) AppleWebKit/537.36 (KHTML, like Gecko) Chrome/149.0.0.0 Safari/537.36 Edg/149.0.0.0"
39.130.58.236 - - [23/Jun/2026:10:42:46 +0800] "GET /wp-content/uploads/2026/05/1779059684-2Article_images_W900px-300x225.webp HTTP/1.1" 304 0 "http://cqqizhou.com/wp-admin/post.php?post=2601&action=edit" "Mozilla/5.0 (Windows NT 10.0; Win64; x64) AppleWebKit/537.36 (KHTML, like Gecko) Chrome/149.0.0.0 Safari/537.36 Edg/149.0.0.0"
39.130.58.236 - - [23/Jun/2026:10:42:46 +0800] "GET /wp-content/uploads/2026/05/1779957408-1Article_images_W900px-300x169.webp HTTP/1.1" 304 0 "http://cqqizhou.com/wp-admin/post.php?post=2601&action=edit" "Mozilla/5.0 (Windows NT 10.0; Win64; x64) AppleWebKit/537.36 (KHTML, like Gecko) Chrome/149.0.0.0 Safari/537.36 Edg/149.0.0.0"
39.130.58.236 - - [23/Jun/2026:10:42:46 +0800] "GET /wp-content/uploads/2026/05/1779059685-1Article_images_W900px-300x169.webp HTTP/1.1" 304 0 "http://cqqizhou.com/wp-admin/post.php?post=2601&action=edit" "Mozilla/5.0 (Windows NT 10.0; Win64; x64) AppleWebKit/537.36 (KHTML, like Gecko) Chrome/149.0.0.0 Safari/537.36 Edg/149.0.0.0"
39.130.58.236 - - [23/Jun/2026:10:42:46 +0800] "GET /wp-content/uploads/2026/05/1779328736-3Article_images_W900px-300x155.webp HTTP/1.1" 304 0 "http://cqqizhou.com/wp-admin/post.php?post=2601&action=edit" "Mozilla/5.0 (Windows NT 10.0; Win64; x64) AppleWebKit/537.36 (KHTML, like Gecko) Chrome/149.0.0.0 Safari/537.36 Edg/149.0.0.0"
39.130.58.236 - - [23/Jun/2026:10:42:46 +0800] "GET /wp-content/uploads/2026/05/1779925245-Article_images_W900px-300x169.webp HTTP/1.1" 304 0 "http://cqqizhou.com/wp-admin/post.php?post=2601&action=edit" "Mozilla/5.0 (Windows NT 10.0; Win64; x64) AppleWebKit/537.36 (KHTML, like Gecko) Chrome/149.0.0.0 Safari/537.36 Edg/149.0.0.0"
39.130.58.236 - - [23/Jun/2026:10:42:46 +0800] "GET /wp-content/uploads/2026/06/1780363377-2Article_images_W900px-300x202.webp HTTP/1.1" 304 0 "http://cqqizhou.com/wp-admin/post.php?post=2601&action=edit" "Mozilla/5.0 (Windows NT 10.0; Win64; x64) AppleWebKit/537.36 (KHTML, like Gecko) Chrome/149.0.0.0 Safari/537.36 Edg/149.0.0.0"
39.130.58.236 - - [23/Jun/2026:10:42:46 +0800] "GET /wp-content/uploads/2026/06/1780363378-1Article_images_W900px-300x169.webp HTTP/1.1" 304 0 "http://cqqizhou.com/wp-admin/post.php?post=2601&action=edit" "Mozilla/5.0 (Windows NT 10.0; Win64; x64) AppleWebKit/537.36 (KHTML, like Gecko) Chrome/149.0.0.0 Safari/537.36 Edg/149.0.0.0"
39.130.58.236 - - [23/Jun/2026:10:42:52 +0800] "POST /wp-admin/async-upload.php HTTP/1.1" 200 763 "http://cqqizhou.com/wp-admin/post.php?post=2601&action=edit" "Mozilla/5.0 (Windows NT 10.0; Win64; x64) AppleWebKit/537.36 (KHTML, like Gecko) Chrome/149.0.0.0 Safari/537.36 Edg/149.0.0.0"
39.130.58.236 - - [23/Jun/2026:10:42:53 +0800] "GET /wp-content/uploads/2026/06/1782182572-Article_images_W900px-300x169.webp HTTP/1.1" 200 9224 "http://cqqizhou.com/wp-admin/post.php?post=2601&action=edit" "Mozilla/5.0 (Windows NT 10.0; Win64; x64) AppleWebKit/537.36 (KHTML, like Gecko) Chrome/149.0.0.0 Safari/537.36 Edg/149.0.0.0"
39.130.58.236 - - [23/Jun/2026:10:42:53 +0800] "POST /wp-admin/admin-ajax.php HTTP/1.1" 200 112 "http://cqqizhou.com/wp-admin/post.php?post=2601&action=edit" "Mozilla/5.0 (Windows NT 10.0; Win64; x64) AppleWebKit/537.36 (KHTML, like Gecko) Chrome/149.0.0.0 Safari/537.36 Edg/149.0.0.0"
39.130.58.236 - - [23/Jun/2026:10:42:55 +0800] "GET /wp-json/wp/v2/media/2602?context=view&_locale=user HTTP/1.1" 200 1069 "http://cqqizhou.com/wp-admin/post.php?post=2601&action=edit" "Mozilla/5.0 (Windows NT 10.0; Win64; x64) AppleWebKit/537.36 (KHTML, like Gecko) Chrome/149.0.0.0 Safari/537.36 Edg/149.0.0.0"
39.130.58.236 - - [23/Jun/2026:10:42:56 +0800] "GET /wp-content/uploads/2026/06/1782182572-Article_images_W900px-150x150.webp HTTP/1.1" 200 4958 "http://cqqizhou.com/wp-admin/post.php?post=2601&action=edit" "Mozilla/5.0 (Windows NT 10.0; Win64; x64) AppleWebKit/537.36 (KHTML, like Gecko) Chrome/149.0.0.0 Safari/537.36 Edg/149.0.0.0"
39.130.58.236 - - [23/Jun/2026:10:43:02 +0800] "POST /wp-admin/admin-ajax.php HTTP/1.1" 200 112 "http://cqqizhou.com/wp-admin/post.php?post=2601&action=edit" "Mozilla/5.0 (Windows NT 10.0; Win64; x64) AppleWebKit/537.36 (KHTML, like Gecko) Chrome/149.0.0.0 Safari/537.36 Edg/149.0.0.0"
39.130.58.236 - - [23/Jun/2026:10:43:05 +0800] "POST /wp-json/wp/v2/posts/2601?_locale=user HTTP/1.1" 200 2296 "http://cqqizhou.com/wp-admin/post.php?post=2601&action=edit" "Mozilla/5.0 (Windows NT 10.0; Win64; x64) AppleWebKit/537.36 (KHTML, like Gecko) Chrome/149.0.0.0 Safari/537.36 Edg/149.0.0.0"
39.130.58.236 - - [23/Jun/2026:10:43:06 +0800] "POST /wp-admin/post.php?post=2601&action=edit&meta-box-loader=1&meta-box-loader-nonce=fed4619d71&_locale=user HTTP/1.1" 302 5 "http://cqqizhou.com/wp-admin/post.php?post=2601&action=edit" "Mozilla/5.0 (Windows NT 10.0; Win64; x64) AppleWebKit/537.36 (KHTML, like Gecko) Chrome/149.0.0.0 Safari/537.36 Edg/149.0.0.0"
36.133.115.36 - - [23/Jun/2026:10:43:08 +0800] "POST /wp-cron.php?doing_wp_cron=1782182588.5852611064910888671875 HTTP/1.1" 200 31 "-" "WordPress/7.0; http://cqqizhou.com"
39.130.58.236 - - [23/Jun/2026:10:43:08 +0800] "GET /wp-admin/post.php?post=2601&action=edit&message=4 HTTP/1.1" 200 224483 "http://cqqizhou.com/wp-admin/post.php?post=2601&action=edit" "Mozilla/5.0 (Windows NT 10.0; Win64; x64) AppleWebKit/537.36 (KHTML, like Gecko) Chrome/149.0.0.0 Safari/537.36 Edg/149.0.0.0"
39.130.58.236 - - [23/Jun/2026:10:43:12 +0800] "POST /wp-admin/admin-ajax.php HTTP/1.1" 200 112 "http://cqqizhou.com/wp-admin/post.php?post=2601&action=edit" "Mozilla/5.0 (Windows NT 10.0; Win64; x64) AppleWebKit/537.36 (KHTML, like Gecko) Chrome/149.0.0.0 Safari/537.36 Edg/149.0.0.0"
39.130.58.236 - - [23/Jun/2026:10:43:23 +0800] "POST /wp-admin/admin-ajax.php HTTP/1.1" 200 112 "http://cqqizhou.com/wp-admin/post.php?post=2601&action=edit" "Mozilla/5.0 (Windows NT 10.0; Win64; x64) AppleWebKit/537.36 (KHTML, like Gecko) Chrome/149.0.0.0 Safari/537.36 Edg/149.0.0.0"
39.130.58.236 - - [23/Jun/2026:10:43:35 +0800] "POST /wp-admin/admin-ajax.php HTTP/1.1" 200 112 "http://cqqizhou.com/wp-admin/post.php?post=2601&action=edit" "Mozilla/5.0 (Windows NT 10.0; Win64; x64) AppleWebKit/537.36 (KHTML, like Gecko) Chrome/149.0.0.0 Safari/537.36 Edg/149.0.0.0"
39.130.58.236 - - [23/Jun/2026:10:43:39 +0800] "GET /news/2601 HTTP/1.1" 499 0 "-" "Mozilla/5.0 (Windows NT 10.0; Win64; x64) AppleWebKit/537.36 (KHTML, like Gecko) Chrome/149.0.0.0 Safari/537.36 Edg/149.0.0.0"
39.130.58.236 - - [23/Jun/2026:10:43:44 +0800] "GET /news/2601 HTTP/1.1" 200 28846 "http://cqqizhou.com/wp-admin/post.php?post=2601&action=edit" "Mozilla/5.0 (Windows NT 10.0; Win64; x64) AppleWebKit/537.36 (KHTML, like Gecko) Chrome/149.0.0.0 Safari/537.36 Edg/149.0.0.0"
39.130.58.236 - - [23/Jun/2026:10:43:44 +0800] "GET /wp-content/uploads/2026/06/1782182572-Article_images_W900px.webp HTTP/1.1" 200 24314 "http://cqqizhou.com/news/2601" "Mozilla/5.0 (Windows NT 10.0; Win64; x64) AppleWebKit/537.36 (KHTML, like Gecko) Chrome/149.0.0.0 Safari/537.36 Edg/149.0.0.0"
39.130.58.236 - - [23/Jun/2026:10:43:44 +0800] "GET /wp-content/uploads/2026/06/1781880807-Article_images_W900px.webp HTTP/1.1" 304 0 "http://cqqizhou.com/news/2601" "Mozilla/5.0 (Windows NT 10.0; Win64; x64) AppleWebKit/537.36 (KHTML, like Gecko) Chrome/149.0.0.0 Safari/537.36 Edg/149.0.0.0"
39.130.58.236 - - [23/Jun/2026:10:43:44 +0800] "GET /wp-content/uploads/2026/06/1780363378-1Article_images_W900px.webp HTTP/1.1" 304 0 "http://cqqizhou.com/news/2601" "Mozilla/5.0 (Windows NT 10.0; Win64; x64) AppleWebKit/537.36 (KHTML, like Gecko) Chrome/149.0.0.0 Safari/537.36 Edg/149.0.0.0"
39.130.58.236 - - [23/Jun/2026:10:43:46 +0800] "POST /wp-admin/admin-ajax.php HTTP/1.1" 200 112 "http://cqqizhou.com/wp-admin/post.php?post=2601&action=edit" "Mozilla/5.0 (Windows NT 10.0; Win64; x64) AppleWebKit/537.36 (KHTML, like Gecko) Chrome/149.0.0.0 Safari/537.36 Edg/149.0.0.0"
39.130.58.236 - - [23/Jun/2026:10:43:58 +0800] "GET /media HTTP/1.1" 200 34917 "http://cqqizhou.com/news/2601" "Mozilla/5.0 (Windows NT 10.0; Win64; x64) AppleWebKit/537.36 (KHTML, like Gecko) Chrome/149.0.0.0 Safari/537.36 Edg/149.0.0.0"
39.130.58.236 - - [23/Jun/2026:10:43:59 +0800] "GET /wp-content/uploads/2026/06/1782182572-Article_images_W900px-768x432.webp HTTP/1.1" 200 27308 "http://cqqizhou.com/media" "Mozilla/5.0 (Windows NT 10.0; Win64; x64) AppleWebKit/537.36 (KHTML, like Gecko) Chrome/149.0.0.0 Safari/537.36 Edg/149.0.0.0"
39.130.58.236 - - [23/Jun/2026:10:43:59 +0800] "GET /wp-content/uploads/2026/06/1781880807-Article_images_W900px-768x432.webp HTTP/1.1" 304 0 "http://cqqizhou.com/media" "Mozilla/5.0 (Windows NT 10.0; Win64; x64) AppleWebKit/537.36 (KHTML, like Gecko) Chrome/149.0.0.0 Safari/537.36 Edg/149.0.0.0"
39.130.58.236 - - [23/Jun/2026:10:43:59 +0800] "GET /wp-content/uploads/2026/06/1780363378-1Article_images_W900px-768x432.webp HTTP/1.1" 304 0 "http://cqqizhou.com/media" "Mozilla/5.0 (Windows NT 10.0; Win64; x64) AppleWebKit/537.36 (KHTML, like Gecko) Chrome/149.0.0.0 Safari/537.36 Edg/149.0.0.0"
39.130.58.236 - - [23/Jun/2026:10:43:59 +0800] "GET /wp-content/uploads/2026/06/1782182572-Article_images_W900px.webp HTTP/1.1" 304 0 "http://cqqizhou.com/media" "Mozilla/5.0 (Windows NT 10.0; Win64; x64) AppleWebKit/537.36 (KHTML, like Gecko) Chrome/149.0.0.0 Safari/537.36 Edg/149.0.0.0"
36.133.115.36 - - [23/Jun/2026:10:44:12 +0800] "POST /wp-cron.php?doing_wp_cron=1782182652.0732109546661376953125 HTTP/1.1" 200 31 "-" "WordPress/7.0; http://cqqizhou.com"
39.130.58.236 - - [23/Jun/2026:10:44:12 +0800] "POST /wp-admin/admin-ajax.php HTTP/1.1" 200 112 "http://cqqizhou.com/wp-admin/post.php?post=2601&action=edit" "Mozilla/5.0 (Windows NT 10.0; Win64; x64) AppleWebKit/537.36 (KHTML, like Gecko) Chrome/149.0.0.0 Safari/537.36 Edg/149.0.0.0"
39.130.58.236 - - [23/Jun/2026:10:44:12 +0800] "POST /wp-admin/admin-ajax.php HTTP/1.1" 499 0 "http://cqqizhou.com/wp-admin/post.php?post=2601&action=edit" "Mozilla/5.0 (Windows NT 10.0; Win64; x64) AppleWebKit/537.36 (KHTML, like Gecko) Chrome/149.0.0.0 Safari/537.36 Edg/149.0.0.0"
157.55.39.53 - - [23/Jun/2026:10:44:42 +0800] "GET /?s= HTTP/1.1" 200 20259 "-" "Mozilla/5.0 AppleWebKit/537.36 (KHTML, like Gecko; compatible; bingbot/2.0; +http://www.bing.com/bingbot.htm) Chrome/116.0.1938.76 Safari/537.36"
36.133.115.36 - - [23/Jun/2026:10:51:25 +0800] "POST /wp-cron.php?doing_wp_cron=1782183085.3124580383300781250000 HTTP/1.1" 200 31 "-" "WordPress/7.0; http://cqqizhou.com"
36.133.108.125 - - [23/Jun/2026:10:51:25 +0800] "HEAD /wp-content/group HTTP/1.1" 404 0 "-" "Opera/9.80 (Windows NT 5.1; U; cs) Presto/2.7.62 Version/11.01"
36.133.115.36 - - [23/Jun/2026:10:56:22 +0800] "POST /wp-cron.php?doing_wp_cron=1782183382.9152870178222656250000 HTTP/1.1" 200 31 "-" "WordPress/7.0; http://cqqizhou.com"
216.244.66.245 - - [23/Jun/2026:10:56:22 +0800] "GET /robots.txt HTTP/1.1" 200 390 "-" "Mozilla/5.0 (compatible; DotBot/1.2; +https://opensiteexplorer.org/dotbot; help@moz.com)"
216.244.66.245 - - [23/Jun/2026:11:02:41 +0800] "GET /wp-content/uploads/2025/07/1750649203-qizhou1920x1080_8.webp HTTP/1.1" 200 256782 "-" "Mozilla/5.0 (compatible; DotBot/1.2; +https://opensiteexplorer.org/dotbot; help@moz.com)"
36.133.115.36 - - [23/Jun/2026:11:05:24 +0800] "POST /wp-cron.php?doing_wp_cron=1782183924.2213039398193359375000 HTTP/1.1" 200 31 "-" "WordPress/7.0; http://cqqizhou.com"
43.165.125.66 - - [23/Jun/2026:11:05:24 +0800] "GET / HTTP/1.1" 200 35181 "-" "Mozilla/5.0 (iPhone; CPU iPhone OS 13_2_3 like Mac OS X) AppleWebKit/605.1.15 (KHTML, like Gecko) Version/13.0.3 Mobile/15E148 Safari/604.1"
36.133.115.36 - - [23/Jun/2026:11:09:35 +0800] "POST /wp-cron.php?doing_wp_cron=1782184175.3811318874359130859375 HTTP/1.1" 200 31 "-" "WordPress/7.0; http://cqqizhou.com"
111.230.233.46 - - [23/Jun/2026:11:09:35 +0800] "GET / HTTP/1.1" 200 35181 "-" "Mozilla/5.0 (iPhone; CPU iPhone OS 13_2_3 like Mac OS X) AppleWebKit/605.1.15 (KHTML, like Gecko) Version/13.0.3 Mobile/15E148 Safari/604.1"
36.133.115.36 - - [23/Jun/2026:11:17:54 +0800] "POST /wp-cron.php?doing_wp_cron=1782184673.9992899894714355468750 HTTP/1.1" 200 31 "-" "WordPress/7.0; http://cqqizhou.com"
36.133.108.125 - - [23/Jun/2026:11:17:54 +0800] "HEAD /wp-content/languages/plugins/.htaccess HTTP/1.1" 404 0 "-" "Mozilla/5.0 (Macintosh; U; Intel Mac OS X 10_6_6; fr-ch) AppleWebKit/533.19.4 (KHTML, like Gecko) Version/5.0.3 Safari/533.19.4"
36.133.115.36 - - [23/Jun/2026:11:39:16 +0800] "POST /wp-cron.php?doing_wp_cron=1782185956.5884048938751220703125 HTTP/1.1" 200 31 "-" "WordPress/7.0; http://cqqizhou.com"
36.133.108.119 - - [23/Jun/2026:11:39:16 +0800] "HEAD /wp-content/languages/pluginspHD0S/ HTTP/1.1" 404 0 "-" "Mozilla/5.0 (Windows; U; Windows NT 6.1; en-US) AppleWebKit/533.20.25 (KHTML, like Gecko) Version/5.0.4 Safari/533.20.27"
5.189.155.157 - - [23/Jun/2026:11:55:35 +0800] "GET / HTTP/1.1" 499 0 "-" "Go-http-client/1.1"
36.133.115.36 - - [23/Jun/2026:11:55:36 +0800] "POST /wp-cron.php?doing_wp_cron=1782186936.3910560607910156250000 HTTP/1.1" 200 31 "-" "WordPress/7.0; http://cqqizhou.com"
117.162.103.155 - - [23/Jun/2026:12:01:12 +0800] "GET /wp-content/uploads/2026/01/1769511379-Article_images_W900%C3%97500px202601271.webp HTTP/1.1" 206 2 "-" "Mozilla/5.0 (Macintosh; Intel Mac OS X 10_15_7) AppleWebKit/537.36 (KHTML, like Gecko) Chrome/95.0.4638.50 Safari/537.36"
117.162.103.155 - - [23/Jun/2026:12:01:25 +0800] "GET http://cqqizhou.com/wp-content/uploads/2026/01/1769511379-Article_images_W900%C3%97500px202601271.webp HTTP/1.1" 200 67912 "-" "Mozilla/5.0 (Windows NT 10.0; Win64; x64) AppleWebKit/537.36 (KHTML, like Gecko) Chrome/93.0.4577.63 Safari/537.36"
36.133.115.36 - - [23/Jun/2026:12:03:57 +0800] "POST /wp-cron.php?doing_wp_cron=1782187437.2498250007629394531250 HTTP/1.1" 200 31 "-" "WordPress/7.0; http://cqqizhou.com"
36.133.108.119 - - [23/Jun/2026:12:03:57 +0800] "HEAD /wp-includes/assets/downloads HTTP/1.1" 404 0 "-" "Mozilla/5.0 (compatible; MSIE 8.0; Windows NT 5.1; Trident/4.0; .NET CLR 1.1.4322; .NET CLR 2.0.50727)"
36.133.115.36 - - [23/Jun/2026:12:04:35 +0800] "POST /wp-cron.php?doing_wp_cron=1782187475.9098229408264160156250 HTTP/1.1" 200 31 "-" "WordPress/7.0; http://cqqizhou.com"
36.133.108.121 - - [23/Jun/2026:12:04:35 +0800] "HEAD /api/v2 HTTP/1.1" 404 0 "-" "Mozilla/5.0 (compatible; MSIE 8.0; Windows NT 5.2; Trident/4.0; Media Center PC 4.0; SLCC1; .NET CLR 3.0.04320)"
36.133.115.36 - - [23/Jun/2026:12:22:29 +0800] "POST /wp-cron.php?doing_wp_cron=1782188549.1144740581512451171875 HTTP/1.1" 200 31 "-" "WordPress/7.0; http://cqqizhou.com"
156.245.205.34 - - [23/Jun/2026:12:22:29 +0800] "GET /baker.php/ HTTP/1.1" 404 9499 "-" "Mozilla/5.0 (Windows NT 10.0; WOW64; rv:48.0) Gecko/20100101 Firefox/48.0"
156.245.205.34 - - [23/Jun/2026:12:22:34 +0800] "GET /s.php HTTP/1.1" 404 47 "-" "Mozilla/5.0 (Windows NT 10.0; WOW64; rv:48.0) Gecko/20100101 Firefox/48.0"
36.133.115.36 - - [23/Jun/2026:12:34:09 +0800] "POST /wp-cron.php?doing_wp_cron=1782189249.0102880001068115234375 HTTP/1.1" 200 31 "-" "WordPress/7.0; http://cqqizhou.com"
36.133.108.125 - - [23/Jun/2026:12:34:09 +0800] "HEAD /resizer.debug HTTP/1.1" 404 0 "-" "Mozilla/5.0 (Windows NT 6.1; WOW64; rv:31.0) Gecko/20130401 Firefox/31.0"
36.133.108.119 - - [23/Jun/2026:12:35:36 +0800] "HEAD /wp-includes/images/media/ HTTP/1.1" 403 0 "-" "Mozilla/5.0 (Macintosh; Intel Mac OS X 10_8_3) AppleWebKit/537.36 (KHTML, like Gecko) Chrome/27.0.1453.93 Safari/537.36"
36.133.115.36 - - [23/Jun/2026:12:47:15 +0800] "POST /wp-cron.php?doing_wp_cron=1782190035.2937688827514648437500 HTTP/1.1" 200 31 "-" "WordPress/7.0; http://cqqizhou.com"
162.62.132.25 - - [23/Jun/2026:12:47:15 +0800] "GET / HTTP/1.1" 301 5 "-" "Mozilla/5.0 (iPhone; CPU iPhone OS 13_2_3 like Mac OS X) AppleWebKit/605.1.15 (KHTML, like Gecko) Version/13.0.3 Mobile/15E148 Safari/604.1"
162.62.132.25 - - [23/Jun/2026:12:47:17 +0800] "GET / HTTP/1.1" 200 35184 "http://36.133.115.36" "Mozilla/5.0 (iPhone; CPU iPhone OS 13_2_3 like Mac OS X) AppleWebKit/605.1.15 (KHTML, like Gecko) Version/13.0.3 Mobile/15E148 Safari/604.1"
36.133.115.36 - - [23/Jun/2026:12:52:20 +0800] "POST /wp-cron.php?doing_wp_cron=1782190340.8058769702911376953125 HTTP/1.1" 200 31 "-" "WordPress/7.0; http://cqqizhou.com"
47.98.176.238 - - [23/Jun/2026:12:52:20 +0800] "GET / HTTP/1.0" 301 0 "-" "-"
47.98.176.238 - - [23/Jun/2026:12:52:31 +0800] "GET / HTTP/1.0" 301 0 "-" "-"
47.98.176.238 - - [23/Jun/2026:12:52:31 +0800] "GET /nmaplowercheck1782190341 HTTP/1.1" 404 32862 "-" "Mozilla/5.0 (compatible; Nmap Scripting Engine; https://nmap.org/book/nse.html)"
47.98.176.238 - - [23/Jun/2026:12:52:32 +0800] "POST /sdk HTTP/1.1" 404 32862 "-" "Mozilla/5.0 (compatible; Nmap Scripting Engine; https://nmap.org/book/nse.html)"
47.98.176.238 - - [23/Jun/2026:12:52:32 +0800] "GET /evox/about HTTP/1.1" 404 32862 "-" "Mozilla/5.0 (compatible; Nmap Scripting Engine; https://nmap.org/book/nse.html)"
47.98.176.238 - - [23/Jun/2026:12:52:33 +0800] "GET /HNAP1 HTTP/1.1" 404 32862 "-" "Mozilla/5.0 (compatible; Nmap Scripting Engine; https://nmap.org/book/nse.html)"
47.98.176.238 - - [23/Jun/2026:12:52:51 +0800] "GET / HTTP/1.0" 301 0 "-" "-"
47.98.176.238 - - [23/Jun/2026:12:52:52 +0800] "GET / HTTP/1.1" 301 5 "-" "-"
36.133.115.36 - - [23/Jun/2026:12:57:48 +0800] "POST /wp-cron.php?doing_wp_cron=1782190668.4038751125335693359375 HTTP/1.1" 200 31 "-" "WordPress/7.0; http://cqqizhou.com"
170.106.180.153 - - [23/Jun/2026:12:57:48 +0800] "GET / HTTP/1.1" 200 35181 "-" "Mozilla/5.0 (iPhone; CPU iPhone OS 13_2_3 like Mac OS X) AppleWebKit/605.1.15 (KHTML, like Gecko) Version/13.0.3 Mobile/15E148 Safari/604.1"
36.133.115.36 - - [23/Jun/2026:13:00:08 +0800] "POST /wp-cron.php?doing_wp_cron=1782190808.3226759433746337890625 HTTP/1.1" 200 31 "-" "WordPress/7.0; http://cqqizhou.com"
36.133.108.121 - - [23/Jun/2026:13:00:08 +0800] "HEAD /common HTTP/1.1" 404 0 "-" "Mozilla/5.0 (compatible; MSIE 8.0; Windows NT 5.2; Trident/4.0; Media Center PC 4.0; SLCC1; .NET CLR 3.0.04320)"
36.133.115.36 - - [23/Jun/2026:13:03:12 +0800] "POST /wp-cron.php?doing_wp_cron=1782190992.3169970512390136718750 HTTP/1.1" 200 31 "-" "WordPress/7.0; http://cqqizhou.com"
36.133.108.125 - - [23/Jun/2026:13:03:12 +0800] "HEAD /wp-content/languages/plugins/Dump.aspx HTTP/1.1" 404 0 "-" "Mozilla/5.0 (Windows NT 6.3; rv:36.0) Gecko/20100101 Firefox/36.0"
36.133.108.119 - - [23/Jun/2026:13:03:22 +0800] "HEAD /wp-admin/js/_include HTTP/1.1" 404 0 "-" "Mozilla/5.0 (compatible; MSIE 8.0; Windows NT 5.1; Trident/4.0; .NET CLR 1.1.4322; .NET CLR 2.0.50727)"
36.133.115.36 - - [23/Jun/2026:13:05:34 +0800] "POST /wp-cron.php?doing_wp_cron=1782191134.5530700683593750000000 HTTP/1.1" 200 31 "-" "WordPress/7.0; http://cqqizhou.com"
36.133.108.121 - - [23/Jun/2026:13:05:34 +0800] "HEAD /wp-includes/build/include HTTP/1.1" 404 0 "-" "Mozilla/5.0 (X11; Ubuntu; Linux x86_64; rv:24.0) Gecko/20100101 Firefox/24.0"
36.133.115.36 - - [23/Jun/2026:13:23:33 +0800] "POST /wp-cron.php?doing_wp_cron=1782192213.5666420459747314453125 HTTP/1.1" 200 31 "-" "WordPress/7.0; http://cqqizhou.com"
176.65.139.225 - - [23/Jun/2026:13:23:34 +0800] "GET / HTTP/1.1" 200 158049 "-" "-"
36.133.108.121 - - [23/Jun/2026:13:27:21 +0800] "HEAD /wp-admin/images/ HTTP/1.1" 403 0 "-" "Mozilla/5.0 (Macintosh; Intel Mac OS X 10_7_5) AppleWebKit/537.36 (KHTML, like Gecko) Chrome/27.0.1453.93 Safari/537.36"
36.133.115.36 - - [23/Jun/2026:13:27:28 +0800] "POST /wp-cron.php?doing_wp_cron=1782192448.8412539958953857421875 HTTP/1.1" 200 31 "-" "WordPress/7.0; http://cqqizhou.com"
47.236.144.8 - - [23/Jun/2026:13:27:28 +0800] "GET / HTTP/1.1" 301 5 "-" "Mozilla/5.0 (Windows; U; Windows NT 6.1; en-US) AppleWebKit/534.16 (KHTML, like Gecko) Chrome/10.0.648.133 Safari/534.16"
47.236.144.8 - - [23/Jun/2026:13:27:31 +0800] "GET / HTTP/1.1" 200 41055 "-" "Mozilla/5.0 (Windows; U; Windows NT 6.1; en-US) AppleWebKit/534.16 (KHTML, like Gecko) Chrome/10.0.648.133 Safari/534.16"
36.133.108.121 - - [23/Jun/2026:13:27:52 +0800] "HEAD /index.php HTTP/1.1" 200 0 "-" "Mozilla/5.0 (iPad; U; CPU OS 3_2 like Mac OS X; en-us) AppleWebKit/531.21.10 (KHTML, like Gecko) Version/4.0.4 Mobile/7B334b Safari/531.21.10"
36.133.115.36 - - [23/Jun/2026:13:31:08 +0800] "POST /wp-cron.php?doing_wp_cron=1782192668.3044569492340087890625 HTTP/1.1" 200 31 "-" "WordPress/7.0; http://cqqizhou.com"
