36.133.108.119 - - [23/Jun/2026:13:31:08 +0800] "HEAD /wp-content/upgrade/account HTTP/1.1" 404 0 "-" "Mozilla/5.0 (iPad; CPU OS 6_0 like Mac OS X) AppleWebKit/536.26 (KHTML, like Gecko) Version/6.0 Mobile/10A5355d Safari/8536.25"
36.133.108.119 - - [23/Jun/2026:13:31:22 +0800] "HEAD /wp-content/fonts/statistics HTTP/1.1" 404 0 "-" "Mozilla/5.0 (Windows NT 6.2; WOW64) AppleWebKit/537.14 (KHTML, like Gecko) Chrome/24.0.1292.0 Safari/537.14"
36.133.108.121 - - [23/Jun/2026:13:31:34 +0800] "HEAD /wp-includes/build/examples HTTP/1.1" 404 0 "-" "Mozilla/5.0 (Macintosh; U; Intel Mac OS X 10_6_7; en-us) AppleWebKit/534.16+ (KHTML, like Gecko) Version/5.0.3 Safari/533.19.4"
187.17.228.218 - - [23/Jun/2026:13:44:28 +0800] "GET /admin/config.php HTTP/1.0" 404 16 "-" "Mozilla/5.0 (Windows NT 10.0; Win64; x64) AppleWebKit/537.36"
36.133.115.36 - - [23/Jun/2026:13:47:20 +0800] "POST /wp-cron.php?doing_wp_cron=1782193640.6227769851684570312500 HTTP/1.1" 200 31 "-" "WordPress/7.0; http://cqqizhou.com"
175.0.56.250 - - [23/Jun/2026:13:47:20 +0800] "GET / HTTP/1.1" 301 5 "-" "Mozilla/5.0 (Macintosh; Intel Mac OS X 10_15_7) AppleWebKit/537.36 (KHTML, like Gecko) Chrome/145.0.0.0 Safari/537.36"
175.0.56.250 - - [23/Jun/2026:13:47:20 +0800] "GET / HTTP/1.1" 200 41074 "-" "Mozilla/5.0 (Macintosh; Intel Mac OS X 10_15_7) AppleWebKit/537.36 (KHTML, like Gecko) Chrome/145.0.0.0 Safari/537.36"
112.250.129.179 - - [23/Jun/2026:13:47:21 +0800] "GET / HTTP/1.1" 301 5 "-" "Mozilla/5.0 (Macintosh; Intel Mac OS X 10_15_7) AppleWebKit/537.36 (KHTML, like Gecko) Chrome/145.0.0.0 Safari/537.36"
14.231.50.225 - - [23/Jun/2026:13:47:21 +0800] "GET / HTTP/1.1" 301 5 "-" "Mozilla/5.0 (Macintosh; Intel Mac OS X 10_15_7) AppleWebKit/537.36 (KHTML, like Gecko) Chrome/145.0.0.0 Safari/537.36"
112.250.129.179 - - [23/Jun/2026:13:47:21 +0800] "GET / HTTP/1.1" 200 41074 "-" "Mozilla/5.0 (Macintosh; Intel Mac OS X 10_15_7) AppleWebKit/537.36 (KHTML, like Gecko) Chrome/145.0.0.0 Safari/537.36"
14.243.66.13 - - [23/Jun/2026:13:47:23 +0800] "GET / HTTP/1.1" 200 41074 "-" "Mozilla/5.0 (Macintosh; Intel Mac OS X 10_15_7) AppleWebKit/537.36 (KHTML, like Gecko) Chrome/145.0.0.0 Safari/537.36"
36.133.115.36 - - [23/Jun/2026:13:50:47 +0800] "POST /wp-cron.php?doing_wp_cron=1782193847.2031679153442382812500 HTTP/1.1" 200 31 "-" "WordPress/7.0; http://cqqizhou.com"
140.179.18.91 - - [23/Jun/2026:13:50:47 +0800] "GET /2418/ HTTP/1.1" 301 5 "-" "Mozilla/5.0 (Linux; Android 10; HD1900 Build/QKQ1.190716.003; wv) AppleWebKit/537.36 (KHTML, like Gecko) Version/4.0 Chrome/75.0.3770.156 Mobile Safari/537.36 aweme_230400 JsSdk/1.0 NetType/WIFI AppName/aweme app_version/23.4.0 ByteLocale/zh-CN Region/CN AppSkin/white AppTheme/light BytedanceWebview/d8a21c6 WebView/075113004008"
140.179.18.91 - - [23/Jun/2026:13:50:48 +0800] "GET /news/2418 HTTP/1.1" 200 23903 "-" "Mozilla/5.0 (Linux; Android 10; HD1900 Build/QKQ1.190716.003; wv) AppleWebKit/537.36 (KHTML, like Gecko) Version/4.0 Chrome/75.0.3770.156 Mobile Safari/537.36 aweme_230400 JsSdk/1.0 NetType/WIFI AppName/aweme app_version/23.4.0 ByteLocale/zh-CN Region/CN AppSkin/white AppTheme/light BytedanceWebview/d8a21c6 WebView/075113004008"
140.179.18.91 - - [23/Jun/2026:13:50:48 +0800] "GET /wp-content/uploads/revslider/slider-1/1750861156-logistics_Slider_3840%C3%972160_20250625191356-scaled-768x432.webp HTTP/1.1" 200 31912 "http://cqqizhou.com/news/2418" "Mozilla/5.0 (Linux; Android 10; HD1900 Build/QKQ1.190716.003; wv) AppleWebKit/537.36 (KHTML, like Gecko) Version/4.0 Chrome/75.0.3770.156 Mobile Safari/537.36 aweme_230400 JsSdk/1.0 NetType/WIFI AppName/aweme app_version/23.4.0 ByteLocale/zh-CN Region/CN AppSkin/white AppTheme/light BytedanceWebview/d8a21c6 WebView/075113004008"
140.179.18.91 - - [23/Jun/2026:13:50:48 +0800] "GET /wp-content/uploads/2026/06/1782182572-Article_images_W900px-768x432.webp HTTP/1.1" 200 27308 "http://cqqizhou.com/news/2418" "Mozilla/5.0 (Linux; Android 10; HD1900 Build/QKQ1.190716.003; wv) AppleWebKit/537.36 (KHTML, like Gecko) Version/4.0 Chrome/75.0.3770.156 Mobile Safari/537.36 aweme_230400 JsSdk/1.0 NetType/WIFI AppName/aweme app_version/23.4.0 ByteLocale/zh-CN Region/CN AppSkin/white AppTheme/light BytedanceWebview/d8a21c6 WebView/075113004008"
140.179.18.91 - - [23/Jun/2026:13:50:48 +0800] "GET /wp-content/uploads/2026/06/1781880807-Article_images_W900px-768x432.webp HTTP/1.1" 200 26292 "http://cqqizhou.com/news/2418" "Mozilla/5.0 (Linux; Android 10; HD1900 Build/QKQ1.190716.003; wv) AppleWebKit/537.36 (KHTML, like Gecko) Version/4.0 Chrome/75.0.3770.156 Mobile Safari/537.36 aweme_230400 JsSdk/1.0 NetType/WIFI AppName/aweme app_version/23.4.0 ByteLocale/zh-CN Region/CN AppSkin/white AppTheme/light BytedanceWebview/d8a21c6 WebView/075113004008"
140.179.18.91 - - [23/Jun/2026:13:50:48 +0800] "GET /wp-content/uploads/2025/07/1751425283-qizhou.kf_.qq_.com_.webp HTTP/1.1" 200 16864 "http://cqqizhou.com/news/2418" "Mozilla/5.0 (Linux; Android 10; HD1900 Build/QKQ1.190716.003; wv) AppleWebKit/537.36 (KHTML, like Gecko) Version/4.0 Chrome/75.0.3770.156 Mobile Safari/537.36 aweme_230400 JsSdk/1.0 NetType/WIFI AppName/aweme app_version/23.4.0 ByteLocale/zh-CN Region/CN AppSkin/white AppTheme/light BytedanceWebview/d8a21c6 WebView/075113004008"
140.179.18.91 - - [23/Jun/2026:13:50:48 +0800] "GET /wp-content/uploads/2025/07/1753410289-News2000%C3%97400_202571.webp HTTP/1.1" 200 17830 "http://cqqizhou.com/news/2418" "Mozilla/5.0 (Linux; Android 10; HD1900 Build/QKQ1.190716.003; wv) AppleWebKit/537.36 (KHTML, like Gecko) Version/4.0 Chrome/75.0.3770.156 Mobile Safari/537.36 aweme_230400 JsSdk/1.0 NetType/WIFI AppName/aweme app_version/23.4.0 ByteLocale/zh-CN Region/CN AppSkin/white AppTheme/light BytedanceWebview/d8a21c6 WebView/075113004008"
36.133.115.36 - - [23/Jun/2026:14:00:09 +0800] "POST /wp-cron.php?doing_wp_cron=1782194409.7219359874725341796875 HTTP/1.1" 200 31 "-" "WordPress/7.0; http://cqqizhou.com"
157.55.39.11 - - [23/Jun/2026:14:00:09 +0800] "GET /news/2601 HTTP/1.1" 200 24376 "-" "Mozilla/5.0 AppleWebKit/537.36 (KHTML, like Gecko; compatible; bingbot/2.0; +http://www.bing.com/bingbot.htm) Chrome/116.0.1938.76 Safari/537.36"
157.55.39.11 - - [23/Jun/2026:14:00:49 +0800] "GET /wp-content/uploads/2026/06/1781880807-Article_images_W900px.webp HTTP/1.1" 200 25354 "-" "Mozilla/5.0 AppleWebKit/537.36 (KHTML, like Gecko; compatible; bingbot/2.0; +http://www.bing.com/bingbot.htm) Chrome/116.0.1938.76 Safari/537.36"
36.133.115.36 - - [23/Jun/2026:14:02:58 +0800] "POST /wp-cron.php?doing_wp_cron=1782194578.3598740100860595703125 HTTP/1.1" 200 31 "-" "WordPress/7.0; http://cqqizhou.com"
36.133.108.119 - - [23/Jun/2026:14:02:58 +0800] "HEAD /wp-admin/f HTTP/1.1" 404 0 "-" "Mozilla/5.0 (Windows NT 6.2; WOW64) AppleWebKit/537.14 (KHTML, like Gecko) Chrome/24.0.1292.0 Safari/537.14"
36.133.115.36 - - [23/Jun/2026:14:10:33 +0800] "POST /wp-cron.php?doing_wp_cron=1782195033.6612789630889892578125 HTTP/1.1" 200 31 "-" "WordPress/7.0; http://cqqizhou.com"
36.133.108.119 - - [23/Jun/2026:14:10:33 +0800] "HEAD /wp-content/languages/pma HTTP/1.1" 404 0 "-" "Mozilla/5.0 (Windows; U; Windows NT 6.1; en-US) AppleWebKit/533.20.25 (KHTML, like Gecko) Version/5.0.4 Safari/533.20.27"
36.133.115.36 - - [23/Jun/2026:14:11:40 +0800] "POST /wp-cron.php?doing_wp_cron=1782195100.3569641113281250000000 HTTP/1.1" 200 31 "-" "WordPress/7.0; http://cqqizhou.com"
36.133.108.125 - - [23/Jun/2026:14:11:40 +0800] "HEAD /mifs/asfV3/api/v2/admins/users HTTP/1.1" 404 0 "-" "Mozilla/5.0 (Macintosh; U; Intel Mac OS X 10_6_6; en-gb) AppleWebKit/533.20.25 (KHTML, like Gecko) Version/5.0.4 Safari/533.20.27"
36.133.115.36 - - [23/Jun/2026:14:18:13 +0800] "POST /wp-cron.php?doing_wp_cron=1782195493.9191179275512695312500 HTTP/1.1" 200 31 "-" "WordPress/7.0; http://cqqizhou.com"
36.133.108.121 - - [23/Jun/2026:14:18:13 +0800] "HEAD /DEVELOPMENT.md HTTP/1.1" 404 0 "-" "Mozilla/5.0 (compatible; MSIE 8.0; Windows NT 5.2; Trident/4.0; Media Center PC 4.0; SLCC1; .NET CLR 3.0.04320)"
112.90.14.81 - - [23/Jun/2026:14:18:44 +0800] "GET /2339/ HTTP/1.1" 301 5 "-" "Mozilla/5.0 (Windows NT 10.0; Win64; x64) AppleWebKit/537.36 (KHTML, like Gecko) Chrome/117.0.0.0 Safari/537.36"
112.90.2.137 - - [23/Jun/2026:14:18:45 +0800] "GET /news/2339 HTTP/1.1" 200 25118 "-" "Mozilla/5.0 (Windows NT 10.0; Win64; x64) AppleWebKit/537.36 (KHTML, like Gecko) Chrome/117.0.0.0 Safari/537.36"
36.133.115.36 - - [23/Jun/2026:14:24:53 +0800] "POST /wp-cron.php?doing_wp_cron=1782195893.8256399631500244140625 HTTP/1.1" 200 31 "-" "WordPress/7.0; http://cqqizhou.com"
36.133.108.125 - - [23/Jun/2026:14:24:53 +0800] "HEAD /wp-content/languages/~www HTTP/1.1" 404 0 "-" "Mozilla/5.0 (compatible; MSIE 9.0; Windows NT 6.1; Trident/5.0; yie8)"
36.133.115.36 - - [23/Jun/2026:14:25:27 +0800] "POST /wp-cron.php?doing_wp_cron=1782195927.2361319065093994140625 HTTP/1.1" 200 31 "-" "WordPress/7.0; http://cqqizhou.com"
43.248.0.253 - - [23/Jun/2026:14:25:27 +0800] "GET / HTTP/1.1" 301 5 "-" "Mozilla/5.0 (Macintosh; Intel Mac OS X 10_15_6) AppleWebKit/605.1.15 (KHTML, like Gecko) Version/14.1.2 Safari/605.1.15"
36.133.108.121 - - [23/Jun/2026:14:25:45 +0800] "HEAD /wp-admin/includes/Admin HTTP/1.1" 404 0 "-" "Mozilla/5.0 (Macintosh; Intel Mac OS X 10_7_5) AppleWebKit/537.36 (KHTML, like Gecko) Chrome/27.0.1453.93 Safari/537.36"
36.133.115.36 - - [23/Jun/2026:14:27:14 +0800] "POST /wp-cron.php?doing_wp_cron=1782196034.8103098869323730468750 HTTP/1.1" 200 31 "-" "WordPress/7.0; http://cqqizhou.com"
36.133.108.121 - - [23/Jun/2026:14:27:14 +0800] "HEAD /wp-includes/fonts/errorlog HTTP/1.1" 404 0 "-" "Opera/9.80 (X11; Linux i686; U; it) Presto/2.7.62 Version/11.00"
36.133.108.119 - - [23/Jun/2026:14:39:30 +0800] "HEAD /wp-content/ HTTP/1.1" 200 0 "-" "Mozilla/5.0 (X11; Linux x86_64) AppleWebKit/537.36 (KHTML, like Gecko) Chrome/41.0.2227.0 Safari/537.36"
36.133.108.121 - - [23/Jun/2026:14:40:20 +0800] "HEAD /wp-admin/user/ HTTP/1.1" 499 0 "-" "Mozilla/5.0 (Windows NT 6.1; rv:27.3) Gecko/20130101 Firefox/27.3"
36.133.115.36 - - [23/Jun/2026:14:40:24 +0800] "POST /wp-cron.php?doing_wp_cron=1782196824.4342269897460937500000 HTTP/1.1" 200 31 "-" "WordPress/7.0; http://cqqizhou.com"
36.133.115.36 - - [23/Jun/2026:14:43:44 +0800] "POST /wp-cron.php?doing_wp_cron=1782197024.5622620582580566406250 HTTP/1.1" 200 31 "-" "WordPress/7.0; http://cqqizhou.com"
216.244.66.245 - - [23/Jun/2026:14:43:44 +0800] "GET /robots.txt HTTP/1.1" 200 390 "-" "Mozilla/5.0 (compatible; DotBot/1.2; +https://opensiteexplorer.org/dotbot; help@moz.com)"
36.133.115.36 - - [23/Jun/2026:14:49:59 +0800] "POST /wp-cron.php?doing_wp_cron=1782197399.6275250911712646484375 HTTP/1.1" 200 31 "-" "WordPress/7.0; http://cqqizhou.com"
216.244.66.245 - - [23/Jun/2026:14:49:59 +0800] "GET /uncategorized HTTP/1.1" 200 74890 "-" "Mozilla/5.0 (compatible; DotBot/1.2; +https://opensiteexplorer.org/dotbot; help@moz.com)"
36.133.115.36 - - [23/Jun/2026:14:50:23 +0800] "POST /wp-cron.php?doing_wp_cron=1782197423.1186289787292480468750 HTTP/1.1" 200 31 "-" "WordPress/7.0; http://cqqizhou.com"
36.133.108.125 - - [23/Jun/2026:14:50:23 +0800] "HEAD /wp-includes/user_guide HTTP/1.1" 404 0 "-" "Mozilla/5.0 (Macintosh; U; Intel Mac OS X 10_6_6; fr-ch) AppleWebKit/533.19.4 (KHTML, like Gecko) Version/5.0.3 Safari/533.19.4"
216.244.66.245 - - [23/Jun/2026:14:50:33 +0800] "GET /news/tag/%E7%89%A9%E6%B5%81 HTTP/1.1" 200 69615 "-" "Mozilla/5.0 (compatible; DotBot/1.2; +https://opensiteexplorer.org/dotbot; help@moz.com)"
36.133.115.36 - - [23/Jun/2026:15:12:05 +0800] "POST /wp-cron.php?doing_wp_cron=1782198725.3933980464935302734375 HTTP/1.1" 200 31 "-" "WordPress/7.0; http://cqqizhou.com"
20.118.202.209 - - [23/Jun/2026:15:12:05 +0800] "GET /ReportServer HTTP/1.1" 404 9498 "-" "Mozilla/5.0 zgrab/0.x"
36.133.115.36 - - [23/Jun/2026:15:13:01 +0800] "POST /wp-cron.php?doing_wp_cron=1782198781.6514029502868652343750 HTTP/1.1" 200 31 "-" "WordPress/7.0; http://cqqizhou.com"
36.133.108.125 - - [23/Jun/2026:15:13:01 +0800] "HEAD /wp-includes/build/zipfiles HTTP/1.1" 404 0 "-" "Mozilla/5.0 (compatible; MSIE 9.0; Windows NT 6.1; Trident/5.0; yie8)"
36.133.115.36 - - [23/Jun/2026:15:15:21 +0800] "POST /wp-cron.php?doing_wp_cron=1782198921.5564448833465576171875 HTTP/1.1" 200 31 "-" "WordPress/7.0; http://cqqizhou.com"
36.133.108.125 - - [23/Jun/2026:15:15:21 +0800] "HEAD /wp-content/languages/themes/Dump.aspx HTTP/1.1" 404 0 "-" "Mozilla/5.0 (Macintosh; U; Intel Mac OS X 10_6_6; fr-ch) AppleWebKit/533.19.4 (KHTML, like Gecko) Version/5.0.3 Safari/533.19.4"
36.133.115.36 - - [23/Jun/2026:15:18:53 +0800] "POST /wp-cron.php?doing_wp_cron=1782199133.2414629459381103515625 HTTP/1.1" 200 31 "-" "WordPress/7.0; http://cqqizhou.com"
110.249.201.89 - - [23/Jun/2026:15:18:53 +0800] "GET /robots.txt HTTP/1.1" 200 190 "-" "Mozilla/5.0 (Linux; Android 5.0) AppleWebKit/537.36 (KHTML, like Gecko) Mobile Safari/537.36 (compatible; Bytespider; https://zhanzhang.toutiao.com/)"
36.133.115.36 - - [23/Jun/2026:15:20:26 +0800] "POST /wp-cron.php?doing_wp_cron=1782199226.2226479053497314453125 HTTP/1.1" 200 31 "-" "WordPress/7.0; http://cqqizhou.com"
176.65.139.66 - - [23/Jun/2026:15:20:26 +0800] "GET / HTTP/1.0" 301 0 "-" "Shodan-Pull/1.0"
36.133.115.36 - - [23/Jun/2026:16:00:01 +0800] "POST /wp-cron.php?doing_wp_cron=1782201601.1333670616149902343750 HTTP/1.1" 200 31 "-" "WordPress/7.0; http://cqqizhou.com"
36.133.108.121 - - [23/Jun/2026:16:00:01 +0800] "HEAD /footer HTTP/1.1" 404 0 "-" "Opera/9.80 (Windows NT 6.1; U; zh-tw) Presto/2.7.62 Version/11.01"
36.133.108.121 - - [23/Jun/2026:16:02:20 +0800] "HEAD /wp-content/languages HTTP/1.1" 301 0 "-" "Mozilla/5.0 (compatible; MSIE 8.0; Windows NT 5.2; Trident/4.0; Media Center PC 4.0; SLCC1; .NET CLR 3.0.04320)"
36.133.115.36 - - [23/Jun/2026:16:02:30 +0800] "POST /wp-cron.php?doing_wp_cron=1782201750.1721649169921875000000 HTTP/1.1" 200 31 "-" "WordPress/7.0; http://cqqizhou.com"
36.133.108.119 - - [23/Jun/2026:16:02:30 +0800] "HEAD /wp-content/english HTTP/1.1" 404 0 "-" "Mozilla/5.0 (Macintosh; U; Intel Mac OS X 10_5_8; zh-cn) AppleWebKit/533.18.1 (KHTML, like Gecko) Version/5.0.2 Safari/533.18.5"
36.133.115.36 - - [23/Jun/2026:16:06:38 +0800] "POST /wp-cron.php?doing_wp_cron=1782201998.2863569259643554687500 HTTP/1.1" 200 31 "-" "WordPress/7.0; http://cqqizhou.com"
36.133.108.121 - - [23/Jun/2026:16:06:38 +0800] "HEAD /ISSUE_TEMPLATE.md HTTP/1.1" 404 0 "-" "Mozilla/5.0 (X11; Ubuntu; Linux x86_64; rv:24.0) Gecko/20100101 Firefox/24.0"
36.133.115.36 - - [23/Jun/2026:16:08:20 +0800] "POST /wp-cron.php?doing_wp_cron=1782202100.7474040985107421875000 HTTP/1.1" 200 31 "-" "WordPress/7.0; http://cqqizhou.com"
36.133.108.121 - - [23/Jun/2026:16:08:20 +0800] "HEAD /2354/ HTTP/1.1" 404 0 "-" "Mozilla/5.0 (Windows NT 6.2; WOW64) AppleWebKit/537.36 (KHTML, like Gecko) Chrome/30.0.1599.17 Safari/537.36"
36.133.115.36 - - [23/Jun/2026:16:13:57 +0800] "POST /wp-cron.php?doing_wp_cron=1782202436.9927461147308349609375 HTTP/1.1" 200 31 "-" "WordPress/7.0; http://cqqizhou.com"
216.244.66.245 - - [23/Jun/2026:16:13:57 +0800] "GET /robots.txt HTTP/1.1" 200 390 "-" "Mozilla/5.0 (compatible; DotBot/1.2; +https://opensiteexplorer.org/dotbot; help@moz.com)"
36.133.115.36 - - [23/Jun/2026:16:14:47 +0800] "POST /wp-cron.php?doing_wp_cron=1782202487.5691690444946289062500 HTTP/1.1" 200 31 "-" "WordPress/7.0; http://cqqizhou.com"
36.133.108.121 - - [23/Jun/2026:16:14:47 +0800] "HEAD /wp-admin/js/propel.ini HTTP/1.1" 404 0 "-" "Mozilla/5.0 (compatible; MSIE 8.0; Windows NT 5.2; Trident/4.0; Media Center PC 4.0; SLCC1; .NET CLR 3.0.04320)"
36.133.115.36 - - [23/Jun/2026:16:20:20 +0800] "POST /wp-cron.php?doing_wp_cron=1782202820.9152491092681884765625 HTTP/1.1" 200 31 "-" "WordPress/7.0; http://cqqizhou.com"
216.244.66.245 - - [23/Jun/2026:16:20:20 +0800] "GET /news/tag/%E5%8D%9A%E8%81%94%E8%BE%BE HTTP/1.1" 200 86997 "-" "Mozilla/5.0 (compatible; DotBot/1.2; +https://opensiteexplorer.org/dotbot; help@moz.com)"
36.133.115.36 - - [23/Jun/2026:16:21:46 +0800] "POST /wp-cron.php?doing_wp_cron=1782202906.6231379508972167968750 HTTP/1.1" 200 31 "-" "WordPress/7.0; http://cqqizhou.com"
36.133.108.121 - - [23/Jun/2026:16:21:46 +0800] "HEAD /wp-includes/js/fckeditor HTTP/1.1" 404 0 "-" "Mozilla/5.0 (compatible; MSIE 9.0; Windows NT 6.1; Win64; x64; Trident/5.0"
36.133.115.36 - - [23/Jun/2026:16:22:42 +0800] "POST /wp-cron.php?doing_wp_cron=1782202962.2840690612792968750000 HTTP/1.1" 200 31 "-" "WordPress/7.0; http://cqqizhou.com"
122.226.223.59 - - [23/Jun/2026:16:22:42 +0800] "GET /process/processing HTTP/1.1" 301 5 "-" "Mozilla/5.0 (Windows NT 10.0; Win64; x64) AppleWebKit/537.36 (KHTML, like Gecko) Chrome/142.0.0.0 Safari/537.36"
122.226.223.59 - - [23/Jun/2026:16:22:42 +0800] "GET /services/processing HTTP/1.1" 200 23519 "-" "Mozilla/5.0 (Windows NT 10.0; Win64; x64) AppleWebKit/537.36 (KHTML, like Gecko) Chrome/142.0.0.0 Safari/537.36"
36.133.108.119 - - [23/Jun/2026:16:22:43 +0800] "HEAD /wp-content/fonts/ajax.php HTTP/1.1" 404 0 "-" "Mozilla/5.0 (compatible; MSIE 8.0; Windows NT 5.1; Trident/4.0; .NET CLR 1.1.4322; .NET CLR 2.0.50727)"
122.226.223.59 - - [23/Jun/2026:16:22:46 +0800] "POST /wp-admin/admin-ajax.php HTTP/1.1" 499 0 "http://cqqizhou.com/services/processing" "Mozilla/5.0 (Windows NT 10.0; Win64; x64) AppleWebKit/537.36 (KHTML, like Gecko) Chrome/142.0.0.0 Safari/537.36"
36.133.115.36 - - [23/Jun/2026:16:23:21 +0800] "POST /wp-cron.php?doing_wp_cron=1782203000.9842820167541503906250 HTTP/1.1" 200 31 "-" "WordPress/7.0; http://cqqizhou.com"
112.90.14.68 - - [23/Jun/2026:16:23:21 +0800] "GET /process/processing HTTP/1.1" 301 5 "-" "Mozilla/5.0 (Windows NT 10.0; Win64; x64) AppleWebKit/537.36 (KHTML, like Gecko) Chrome/131.0.0.0 Safari/537.36"
112.90.2.166 - - [23/Jun/2026:16:23:21 +0800] "GET /services/processing HTTP/1.1" 200 23519 "-" "Mozilla/5.0 (Windows NT 10.0; Win64; x64) AppleWebKit/537.36 (KHTML, like Gecko) Chrome/131.0.0.0 Safari/537.36"
36.133.115.36 - - [23/Jun/2026:16:33:14 +0800] "POST /wp-cron.php?doing_wp_cron=1782203594.2488029003143310546875 HTTP/1.1" 200 31 "-" "WordPress/7.0; http://cqqizhou.com"
122.8.46.134 - - [23/Jun/2026:16:33:14 +0800] "GET /news/2597 HTTP/1.1" 200 24607 "-" "Mozilla/5.0 (Windows NT 10.0; Win64; x64) AppleWebKit/537.36 (KHTML, like Gecko) Chrome/149.0.0.0 Safari/537.36 Edg/149.0.0.0"
36.133.115.36 - - [23/Jun/2026:16:34:50 +0800] "POST /wp-cron.php?doing_wp_cron=1782203690.1888270378112792968750 HTTP/1.1" 200 31 "-" "WordPress/7.0; http://cqqizhou.com"
36.133.108.121 - - [23/Jun/2026:16:34:50 +0800] "HEAD /wp-admin/images/users.sqlite HTTP/1.1" 404 0 "-" "Opera/9.80 (Windows NT 5.1; U; cs) Presto/2.7.62 Version/11.01"
36.133.115.36 - - [23/Jun/2026:16:38:18 +0800] "POST /wp-cron.php?doing_wp_cron=1782203898.0733790397644042968750 HTTP/1.1" 200 31 "-" "WordPress/7.0; http://cqqizhou.com"
36.133.108.125 - - [23/Jun/2026:16:38:18 +0800] "HEAD /wp-content/languages/cache_html HTTP/1.1" 404 0 "-" "Mozilla/5.0 (Windows NT 6.3; rv:36.0) Gecko/20100101 Firefox/36.0"
36.133.115.36 - - [23/Jun/2026:16:41:03 +0800] "POST /wp-cron.php?doing_wp_cron=1782204063.8959329128265380859375 HTTP/1.1" 200 31 "-" "WordPress/7.0; http://cqqizhou.com"
36.133.108.121 - - [23/Jun/2026:16:41:03 +0800] "HEAD /wp-admin/install.php HTTP/1.1" 200 0 "-" "Mozilla/5.0 (iPad; U; CPU OS 3_2 like Mac OS X; en-us) AppleWebKit/531.21.10 (KHTML, like Gecko) Version/4.0.4 Mobile/7B334b Safari/531.21.10"
36.133.115.36 - - [23/Jun/2026:16:41:26 +0800] "POST /wp-cron.php?doing_wp_cron=1782204086.3735399246215820312500 HTTP/1.1" 200 31 "-" "WordPress/7.0; http://cqqizhou.com"
106.83.154.22 - - [23/Jun/2026:16:41:26 +0800] "GET / HTTP/1.1" 200 35181 "-" "Mozilla/5.0 (Linux; U; Android 12; zh-CN; TFY-AN00 Build/HONORTFY-AN00) AppleWebKit/537.36 (KHTML, like Gecko) Version/4.0 Chrome/123.0.6312.80 UCBrowser/18.9.0.1516 Mobile Safari/537.36"
111.13.218.243 - - [23/Jun/2026:16:41:26 +0800] "GET / HTTP/1.1" 200 35181 "-" "Mozilla/5.0 (Linux; U; Android 12; zh-CN; TFY-AN00 Build/HONORTFY-AN00) AppleWebKit/537.36 (KHTML, like Gecko) Version/4.0 Chrome/123.0.6312.80 UCBrowser/18.9.0.1516 Mobile Safari/537.36"
106.83.154.22 - - [23/Jun/2026:16:41:27 +0800] "GET /comments/feed HTTP/1.1" 200 703 "http://cqqizhou.com/" "Mozilla/5.0 (Linux; U; Android 12; zh-CN; TFY-AN00 Build/HONORTFY-AN00) AppleWebKit/537.36 (KHTML, like Gecko) Version/4.0 Chrome/123.0.6312.80 UCBrowser/18.9.0.1516 Mobile Safari/537.36"
106.83.154.22 - - [23/Jun/2026:16:41:27 +0800] "GET /wp-json/oembed/1.0/embed?url=http%3A%2F%2Fcqqizhou.com%2F HTTP/1.1" 200 1094 "http://cqqizhou.com/" "Mozilla/5.0 (Linux; U; Android 12; zh-CN; TFY-AN00 Build/HONORTFY-AN00) AppleWebKit/537.36 (KHTML, like Gecko) Version/4.0 Chrome/123.0.6312.80 UCBrowser/18.9.0.1516 Mobile Safari/537.36"
106.83.154.22 - - [23/Jun/2026:16:41:27 +0800] "GET /feed HTTP/1.1" 200 40359 "http://cqqizhou.com/" "Mozilla/5.0 (Linux; U; Android 12; zh-CN; TFY-AN00 Build/HONORTFY-AN00) AppleWebKit/537.36 (KHTML, like Gecko) Version/4.0 Chrome/123.0.6312.80 UCBrowser/18.9.0.1516 Mobile Safari/537.36"
106.83.154.22 - - [23/Jun/2026:16:41:45 +0800] "GET /wp-content/uploads/2025/07/1751425283-qizhou.kf_.qq_.com_.webp HTTP/1.1" 200 16864 "http://cqqizhou.com/" "Mozilla/5.0 (Linux; U; Android 12; zh-CN; TFY-AN00 Build/HONORTFY-AN00) AppleWebKit/537.36 (KHTML, like Gecko) Version/4.0 Chrome/123.0.6312.80 UCBrowser/18.9.0.1516 Mobile Safari/537.36"
106.83.154.22 - - [23/Jun/2026:16:41:50 +0800] "GET /wp-content/uploads/2025/12/1765268955-qizhou_Slider1_3840%C3%972160_20251210-scaled.webp HTTP/1.1" 200 152162 "http://cqqizhou.com/" "Mozilla/5.0 (Linux; U; Android 12; zh-CN; TFY-AN00 Build/HONORTFY-AN00) AppleWebKit/537.36 (KHTML, like Gecko) Version/4.0 Chrome/123.0.6312.80 UCBrowser/18.9.0.1516 Mobile Safari/537.36"
106.83.154.22 - - [23/Jun/2026:16:41:52 +0800] "GET /wp-content/uploads/2026/01/1768276119-qizhoujiagong_Slider_3840%C3%972160_20260113-scaled-50x100.webp HTTP/1.1" 200 976 "http://cqqizhou.com/" "Mozilla/5.0 (Linux; U; Android 12; zh-CN; TFY-AN00 Build/HONORTFY-AN00) AppleWebKit/537.36 (KHTML, like Gecko) Version/4.0 Chrome/123.0.6312.80 UCBrowser/18.9.0.1516 Mobile Safari/537.36"
106.83.154.22 - - [23/Jun/2026:16:41:52 +0800] "GET /wp-content/uploads/revslider/slider-1/1750861156-logistics_Slider_3840%C3%972160_20250625191356-scaled-50x100.webp HTTP/1.1" 200 1416 "http://cqqizhou.com/" "Mozilla/5.0 (Linux; U; Android 12; zh-CN; TFY-AN00 Build/HONORTFY-AN00) AppleWebKit/537.36 (KHTML, like Gecko) Version/4.0 Chrome/123.0.6312.80 UCBrowser/18.9.0.1516 Mobile Safari/537.36"
106.83.154.22 - - [23/Jun/2026:16:41:52 +0800] "GET /wp-content/uploads/2025/07/1753453096-%E5%8F%8C%E7%9B%B8%E9%92%A2product_Single600%C3%97284.webp HTTP/1.1" 200 14562 "http://cqqizhou.com/" "Mozilla/5.0 (Linux; U; Android 12; zh-CN; TFY-AN00 Build/HONORTFY-AN00) AppleWebKit/537.36 (KHTML, like Gecko) Version/4.0 Chrome/123.0.6312.80 UCBrowser/18.9.0.1516 Mobile Safari/537.36"
106.83.154.22 - - [23/Jun/2026:16:41:52 +0800] "GET /wp-content/uploads/2025/07/1753456723-%E5%8F%8C%E7%9B%B8%E9%92%A2roduct_Single600.webp HTTP/1.1" 200 22790 "http://cqqizhou.com/" "Mozilla/5.0 (Linux; U; Android 12; zh-CN; TFY-AN00 Build/HONORTFY-AN00) AppleWebKit/537.36 (KHTML, like Gecko) Version/4.0 Chrome/123.0.6312.80 UCBrowser/18.9.0.1516 Mobile Safari/537.36"
106.83.154.22 - - [23/Jun/2026:16:41:52 +0800] "GET /wp-content/uploads/2025/07/1753456770-%E7%83%AD%E9%95%80%E9%94%8C%E5%8D%B7product_Single600.webp HTTP/1.1" 200 27502 "http://cqqizhou.com/" "Mozilla/5.0 (Linux; U; Android 12; zh-CN; TFY-AN00 Build/HONORTFY-AN00) AppleWebKit/537.36 (KHTML, like Gecko) Version/4.0 Chrome/123.0.6312.80 UCBrowser/18.9.0.1516 Mobile Safari/537.36"
106.83.154.22 - - [23/Jun/2026:16:41:52 +0800] "GET /wp-content/uploads/2025/07/1753453127-%E4%BD%99%E5%8D%B7product_Single600%C3%97284.webp HTTP/1.1" 200 18744 "http://cqqizhou.com/" "Mozilla/5.0 (Linux; U; Android 12; zh-CN; TFY-AN00 Build/HONORTFY-AN00) AppleWebKit/537.36 (KHTML, like Gecko) Version/4.0 Chrome/123.0.6312.80 UCBrowser/18.9.0.1516 Mobile Safari/537.36"
106.83.154.22 - - [23/Jun/2026:16:41:53 +0800] "GET /wp-json/sliderrevolution/sliders/1?srengine=7&slideid=2 HTTP/1.1" 200 2000 "http://cqqizhou.com/" "Mozilla/5.0 (Linux; U; Android 12; zh-CN; TFY-AN00 Build/HONORTFY-AN00) AppleWebKit/537.36 (KHTML, like Gecko) Version/4.0 Chrome/123.0.6312.80 UCBrowser/18.9.0.1516 Mobile Safari/537.36"
106.83.154.22 - - [23/Jun/2026:16:41:53 +0800] "GET /wp-json/sliderrevolution/sliders/1?srengine=7&slideid=4 HTTP/1.1" 200 2580 "http://cqqizhou.com/" "Mozilla/5.0 (Linux; U; Android 12; zh-CN; TFY-AN00 Build/HONORTFY-AN00) AppleWebKit/537.36 (KHTML, like Gecko) Version/4.0 Chrome/123.0.6312.80 UCBrowser/18.9.0.1516 Mobile Safari/537.36"
106.83.154.22 - - [23/Jun/2026:16:41:54 +0800] "GET /wp-content/uploads/2026/01/1768276119-qizhoujiagong_Slider_3840%C3%972160_20260113-scaled.webp HTTP/1.1" 200 131696 "http://cqqizhou.com/" "Mozilla/5.0 (Linux; U; Android 12; zh-CN; TFY-AN00 Build/HONORTFY-AN00) AppleWebKit/537.36 (KHTML, like Gecko) Version/4.0 Chrome/123.0.6312.80 UCBrowser/18.9.0.1516 Mobile Safari/537.36"
106.83.154.22 - - [23/Jun/2026:16:41:54 +0800] "GET /wp-content/uploads/revslider/slider-1/1750861156-logistics_Slider_3840%C3%972160_20250625191356-scaled.webp HTTP/1.1" 200 197360 "http://cqqizhou.com/" "Mozilla/5.0 (Linux; U; Android 12; zh-CN; TFY-AN00 Build/HONORTFY-AN00) AppleWebKit/537.36 (KHTML, like Gecko) Version/4.0 Chrome/123.0.6312.80 UCBrowser/18.9.0.1516 Mobile Safari/537.36"
106.83.154.22 - - [23/Jun/2026:16:42:06 +0800] "GET /wp-content/uploads/2025/07/1750174127-Marketing1920x800_3.webp HTTP/1.1" 200 52790 "http://cqqizhou.com/wp-content/uploads/elementor/css/post-1666.css?ver=1778295900" "Mozilla/5.0 (Linux; U; Android 12; zh-CN; TFY-AN00 Build/HONORTFY-AN00) AppleWebKit/537.36 (KHTML, like Gecko) Version/4.0 Chrome/123.0.6312.80 UCBrowser/18.9.0.1516 Mobile Safari/537.36"
106.83.154.22 - - [23/Jun/2026:16:42:49 +0800] "GET /wp-content/uploads/2025/07/1751829454-Smart-warehousing800x500.webp HTTP/1.1" 200 79504 "http://cqqizhou.com/wp-content/uploads/elementor/css/post-1666.css?ver=1778295900" "Mozilla/5.0 (Linux; U; Android 12; zh-CN; TFY-AN00 Build/HONORTFY-AN00) AppleWebKit/537.36 (KHTML, like Gecko) Version/4.0 Chrome/123.0.6312.80 UCBrowser/18.9.0.1516 Mobile Safari/537.36"
36.133.115.36 - - [23/Jun/2026:16:43:13 +0800] "POST /wp-cron.php?doing_wp_cron=1782204193.8056430816650390625000 HTTP/1.1" 200 31 "-" "WordPress/7.0; http://cqqizhou.com"
36.133.108.125 - - [23/Jun/2026:16:43:13 +0800] "HEAD /wp-content/upgrade/api HTTP/1.1" 404 0 "-" "Mozilla/5.0 (Macintosh; Intel Mac OS X 10.8; rv:21.0) Gecko/20100101 Firefox/21.0"
36.133.115.36 - - [23/Jun/2026:16:44:47 +0800] "POST /wp-cron.php?doing_wp_cron=1782204287.0374629497528076171875 HTTP/1.1" 200 31 "-" "WordPress/7.0; http://cqqizhou.com"
120.241.117.234 - - [23/Jun/2026:16:44:47 +0800] "GET /robots.txt HTTP/1.1" 200 190 "-" "Mozilla/5.0 (Windows NT 10.0; WOW64) AppleWebKit/537.36 (KHTML, like Gecko) Chrome/66.0.3603.80 Safari/537.36 LBBROWSER"
36.133.115.36 - - [23/Jun/2026:16:46:01 +0800] "POST /wp-cron.php?doing_wp_cron=1782204361.3739590644836425781250 HTTP/1.1" 200 31 "-" "WordPress/7.0; http://cqqizhou.com"
143.110.224.37 - - [23/Jun/2026:16:46:01 +0800] "GET / HTTP/1.1" 301 5 "-" "Mozilla/5.0 (X11; Linux x86_64) AppleWebKit/537.36 (KHTML, like Gecko) Chrome/142.0.0.0 Safari/537.36"
36.133.115.36 - - [23/Jun/2026:16:49:23 +0800] "POST /wp-cron.php?doing_wp_cron=1782204563.1812078952789306640625 HTTP/1.1" 200 31 "-" "WordPress/7.0; http://cqqizhou.com"
36.133.108.119 - - [23/Jun/2026:16:49:23 +0800] "HEAD /index.html;960817%40 HTTP/1.1" 404 0 "-" "Mozilla/5.0 (Macintosh; U; Intel Mac OS X 10_5_8; zh-cn) AppleWebKit/533.18.1 (KHTML, like Gecko) Version/5.0.2 Safari/533.18.5"
36.133.115.36 - - [23/Jun/2026:16:56:53 +0800] "POST /wp-cron.php?doing_wp_cron=1782205013.9361948966979980468750 HTTP/1.1" 200 31 "-" "WordPress/7.0; http://cqqizhou.com"
120.241.127.225 - - [23/Jun/2026:16:56:53 +0800] "GET /news/2496 HTTP/1.1" 200 28611 "-" "Mozilla/5.0 (Windows NT 10.0; Win64; x64) AppleWebKit/537.36 (KHTML, like Gecko) Chrome/133.0.0.0 Safari/537.36"
36.133.115.36 - - [23/Jun/2026:16:58:49 +0800] "POST /wp-cron.php?doing_wp_cron=1782205129.3254699707031250000000 HTTP/1.1" 200 31 "-" "WordPress/7.0; http://cqqizhou.com"
43.153.12.58 - - [23/Jun/2026:16:58:49 +0800] "GET / HTTP/1.1" 301 5 "-" "Mozilla/5.0 (iPhone; CPU iPhone OS 13_2_3 like Mac OS X) AppleWebKit/605.1.15 (KHTML, like Gecko) Version/13.0.3 Mobile/15E148 Safari/604.1"
43.153.12.58 - - [23/Jun/2026:16:58:52 +0800] "GET / HTTP/1.1" 200 35181 "http://36.133.115.36" "Mozilla/5.0 (iPhone; CPU iPhone OS 13_2_3 like Mac OS X) AppleWebKit/605.1.15 (KHTML, like Gecko) Version/13.0.3 Mobile/15E148 Safari/604.1"
36.133.115.36 - - [23/Jun/2026:16:59:27 +0800] "POST /wp-cron.php?doing_wp_cron=1782205167.4068369865417480468750 HTTP/1.1" 200 31 "-" "WordPress/7.0; http://cqqizhou.com"
36.133.108.119 - - [23/Jun/2026:16:59:27 +0800] "HEAD /wp-includes/images.war HTTP/1.1" 404 0 "-" "Mozilla/5.0 (Windows NT 6.1) AppleWebKit/537.36 (KHTML, like Gecko) Chrome/27.0.1453.90 Safari/537.36"
120.241.127.225 - - [23/Jun/2026:16:59:51 +0800] "GET /news/2164 HTTP/1.1" 200 24320 "-" "Mozilla/5.0 (Windows NT 10.0; Win64; x64) AppleWebKit/537.36 (KHTML, like Gecko) Chrome/116.0.0.0 Safari/537.36"
221.230.227.55 - - [23/Jun/2026:17:04:05 +0800] "GET / HTTP/1.1" 200 41074 "-" "Mozilla/5.0 (Windows NT 10.0; Win64; x64) AppleWebKit/537.36 (KHTML, like Gecko) Chrome/147.0.0.0 Safari/537.36"
36.133.115.36 - - [23/Jun/2026:17:05:15 +0800] "POST /wp-cron.php?doing_wp_cron=1782205515.3140408992767333984375 HTTP/1.1" 200 31 "-" "WordPress/7.0; http://cqqizhou.com"
49.65.252.25 - - [23/Jun/2026:17:05:15 +0800] "GET / HTTP/1.1" 200 35181 "-" "Mozilla/5.0 (Linux; Android 9; MHA-AL00 Build/HUAWEIMHA-AL00; wv) AppleWebKit/537.36 (KHTML, like Gecko) Version/4.0 Chrome/77.0.3865.120 MQQBrowser/6.2 TBS/045735 Mobile Safari/537.36"
36.133.115.36 - - [23/Jun/2026:17:10:59 +0800] "POST /wp-cron.php?doing_wp_cron=1782205859.2869520187377929687500 HTTP/1.1" 200 31 "-" "WordPress/7.0; http://cqqizhou.com"
43.130.72.40 - - [23/Jun/2026:17:10:59 +0800] "GET / HTTP/1.1" 200 35181 "-" "Mozilla/5.0 (iPhone; CPU iPhone OS 13_2_3 like Mac OS X) AppleWebKit/605.1.15 (KHTML, like Gecko) Version/13.0.3 Mobile/15E148 Safari/604.1"
36.133.115.36 - - [23/Jun/2026:17:15:17 +0800] "POST /wp-cron.php?doing_wp_cron=1782206117.8886299133300781250000 HTTP/1.1" 200 31 "-" "WordPress/7.0; http://cqqizhou.com"
111.225.148.22 - - [23/Jun/2026:17:15:17 +0800] "GET /company-news HTTP/1.1" 200 20478 "-" "Mozilla/5.0 (Linux; Android 5.0) AppleWebKit/537.36 (KHTML, like Gecko) Mobile Safari/537.36 (compatible; Bytespider; https://zhanzhang.toutiao.com/)"
111.225.148.22 - - [23/Jun/2026:17:15:18 +0800] "GET /wp-content/uploads/2026/06/1780362799-1Article_images_W900px-768x432.webp HTTP/1.1" 206 500 "http://cqqizhou.com/company-news" "Mozilla/5.0 (Linux; Android 5.0) AppleWebKit/537.36 (KHTML, like Gecko) Mobile Safari/537.36 (compatible; Bytespider; https://zhanzhang.toutiao.com/)"
111.225.148.115 - - [23/Jun/2026:17:15:18 +0800] "GET /wp-content/uploads/2026/05/1779925245-Article_images_W900px-768x432.webp HTTP/1.1" 206 500 "http://cqqizhou.com/company-news" "Mozilla/5.0 (Linux; Android 5.0) AppleWebKit/537.36 (KHTML, like Gecko) Mobile Safari/537.36 (compatible; Bytespider; https://zhanzhang.toutiao.com/)"
111.225.148.190 - - [23/Jun/2026:17:15:18 +0800] "GET /wp-content/uploads/2026/05/1779957408-1Article_images_W900px-768x432.webp HTTP/1.1" 206 500 "http://cqqizhou.com/company-news" "Mozilla/5.0 (Linux; Android 5.0) AppleWebKit/537.36 (KHTML, like Gecko) Mobile Safari/537.36 (compatible; Bytespider; https://zhanzhang.toutiao.com/)"
111.225.148.70 - - [23/Jun/2026:17:15:18 +0800] "GET /wp-content/uploads/2026/05/1779059685-1Article_images_W900px-768x432.webp HTTP/1.1" 206 500 "http://cqqizhou.com/company-news" "Mozilla/5.0 (Linux; Android 5.0) AppleWebKit/537.36 (KHTML, like Gecko) Mobile Safari/537.36 (compatible; Bytespider; https://zhanzhang.toutiao.com/)"
111.225.148.115 - - [23/Jun/2026:17:15:18 +0800] "GET /wp-content/uploads/2026/04/1777513410-1Article_images_W900px-768x432.webp HTTP/1.1" 206 500 "http://cqqizhou.com/company-news" "Mozilla/5.0 (Linux; Android 5.0) AppleWebKit/537.36 (KHTML, like Gecko) Mobile Safari/537.36 (compatible; Bytespider; https://zhanzhang.toutiao.com/)"
111.225.148.149 - - [23/Jun/2026:17:15:18 +0800] "GET /wp-content/uploads/2026/04/1775865780-1Article_images_W900px-768x432.webp HTTP/1.1" 206 500 "http://cqqizhou.com/company-news" "Mozilla/5.0 (Linux; Android 5.0) AppleWebKit/537.36 (KHTML, like Gecko) Mobile Safari/537.36 (compatible; Bytespider; https://zhanzhang.toutiao.com/)"
111.225.148.115 - - [23/Jun/2026:17:15:18 +0800] "GET /wp-content/uploads/2025/07/1751864664-Logistics800x500_1-768x480.webp HTTP/1.1" 206 500 "http://cqqizhou.com/company-news" "Mozilla/5.0 (Linux; Android 5.0) AppleWebKit/537.36 (KHTML, like Gecko) Mobile Safari/537.36 (compatible; Bytespider; https://zhanzhang.toutiao.com/)"
111.225.148.117 - - [23/Jun/2026:17:15:18 +0800] "GET /wp-content/uploads/2026/03/1772790791-%E5%B0%81%E9%9D%A2%E5%A4%B4%E5%9B%BEArticle_images_W900%C3%97500px2026-768x427.webp HTTP/1.1" 206 500 "http://cqqizhou.com/company-news" "Mozilla/5.0 (Linux; Android 5.0) AppleWebKit/537.36 (KHTML, like Gecko) Mobile Safari/537.36 (compatible; Bytespider; https://zhanzhang.toutiao.com/)"
111.225.148.70 - - [23/Jun/2026:17:15:18 +0800] "GET /wp-content/uploads/2026/03/1773722869-1Article_images_W900px-768x432.webp HTTP/1.1" 206 500 "http://cqqizhou.com/company-news" "Mozilla/5.0 (Linux; Android 5.0) AppleWebKit/537.36 (KHTML, like Gecko) Mobile Safari/537.36 (compatible; Bytespider; https://zhanzhang.toutiao.com/)"
111.225.148.22 - - [23/Jun/2026:17:15:18 +0800] "GET /wp-content/uploads/2026/03/1772713922-Article_images_W900px-768x427.webp HTTP/1.1" 206 500 "http://cqqizhou.com/company-news" "Mozilla/5.0 (Linux; Android 5.0) AppleWebKit/537.36 (KHTML, like Gecko) Mobile Safari/537.36 (compatible; Bytespider; https://zhanzhang.toutiao.com/)"
111.225.148.190 - - [23/Jun/2026:17:15:18 +0800] "GET /wp-content/uploads/2025/07/1753410289-News2000%C3%97400_202571.webp HTTP/1.1" 206 500 "http://cqqizhou.com/company-news" "Mozilla/5.0 (Linux; Android 5.0) AppleWebKit/537.36 (KHTML, like Gecko) Mobile Safari/537.36 (compatible; Bytespider; https://zhanzhang.toutiao.com/)"
111.225.148.115 - - [23/Jun/2026:17:15:18 +0800] "GET /wp-content/uploads/2025/07/1751425283-qizhou.kf_.qq_.com_.webp HTTP/1.1" 206 500 "http://cqqizhou.com/company-news" "Mozilla/5.0 (Linux; Android 5.0) AppleWebKit/537.36 (KHTML, like Gecko) Mobile Safari/537.36 (compatible; Bytespider; https://zhanzhang.toutiao.com/)"
36.133.115.36 - - [23/Jun/2026:17:17:53 +0800] "POST /wp-cron.php?doing_wp_cron=1782206273.1092329025268554687500 HTTP/1.1" 200 31 "-" "WordPress/7.0; http://cqqizhou.com"
36.133.108.125 - - [23/Jun/2026:17:17:53 +0800] "HEAD /wp-includes/js/SOLR HTTP/1.1" 404 0 "-" "Mozilla/4.0 (compatible; MSIE 8.0; Windows NT 6.1; WOW64; Trident/4.0; SLCC2; Media Center PC 6.0; InfoPath.2; MS-RTC LM 8"
36.133.115.36 - - [23/Jun/2026:17:26:13 +0800] "POST /wp-cron.php?doing_wp_cron=1782206773.3323659896850585937500 HTTP/1.1" 200 31 "-" "WordPress/7.0; http://cqqizhou.com"
36.133.108.119 - - [23/Jun/2026:17:26:13 +0800] "HEAD /wp-content/upgrade/setup HTTP/1.1" 404 0 "-" "Mozilla/5.0 (Windows NT 6.1) AppleWebKit/537.36 (KHTML, like Gecko) Chrome/27.0.1453.90 Safari/537.36"
36.133.108.125 - - [23/Jun/2026:17:26:30 +0800] "HEAD /shell HTTP/1.1" 404 0 "-" "Mozilla/5.0 (Windows NT 6.3; rv:36.0) Gecko/20100101 Firefox/36.0"
36.133.115.36 - - [23/Jun/2026:17:29:22 +0800] "POST /wp-cron.php?doing_wp_cron=1782206962.4637041091918945312500 HTTP/1.1" 200 31 "-" "WordPress/7.0; http://cqqizhou.com"
36.133.108.121 - - [23/Jun/2026:17:29:22 +0800] "HEAD /wp-content/fonts/CVS HTTP/1.1" 404 0 "-" "Mozilla/5.0 (X11; Ubuntu; Linux x86_64; rv:24.0) Gecko/20100101 Firefox/24.0"
36.133.115.36 - - [23/Jun/2026:17:30:42 +0800] "POST /wp-cron.php?doing_wp_cron=1782207042.4260470867156982421875 HTTP/1.1" 200 31 "-" "WordPress/7.0; http://cqqizhou.com"
36.133.108.125 - - [23/Jun/2026:17:30:42 +0800] "HEAD /wp-includes/images/oauth HTTP/1.1" 404 0 "-" "Mozilla/5.0 (Windows NT 6.1; WOW64; rv:31.0) Gecko/20130401 Firefox/31.0"
36.133.115.36 - - [23/Jun/2026:17:36:15 +0800] "POST /wp-cron.php?doing_wp_cron=1782207375.7348918914794921875000 HTTP/1.1" 200 31 "-" "WordPress/7.0; http://cqqizhou.com"
36.133.108.125 - - [23/Jun/2026:17:36:15 +0800] "HEAD /wp-includes/js/shell HTTP/1.1" 404 0 "-" "Mozilla/5.0 (Macintosh; Intel Mac OS X 10.8; rv:21.0) Gecko/20100101 Firefox/21.0"
36.133.108.121 - - [23/Jun/2026:17:36:33 +0800] "HEAD /home HTTP/1.1" 200 0 "-" "Mozilla/5.0 (compatible; MSIE 8.0; Windows NT 5.2; Trident/4.0; Media Center PC 4.0; SLCC1; .NET CLR 3.0.04320)"
36.133.108.119 - - [23/Jun/2026:17:36:34 +0800] "GET /home HTTP/1.1" 200 35181 "-" "Scrapy/2.8.0 (+https://scrapy.org)"
36.133.115.36 - - [23/Jun/2026:17:39:58 +0800] "POST /wp-cron.php?doing_wp_cron=1782207598.8941910266876220703125 HTTP/1.1" 200 31 "-" "WordPress/7.0; http://cqqizhou.com"
36.133.108.125 - - [23/Jun/2026:17:39:58 +0800] "HEAD /wp-includes/assets/Downloads HTTP/1.1" 404 0 "-" "Mozilla/5.0 (Macintosh; Intel Mac OS X 10.8; rv:21.0) Gecko/20100101 Firefox/21.0"
36.133.115.36 - - [23/Jun/2026:17:42:56 +0800] "POST /wp-cron.php?doing_wp_cron=1782207776.7773370742797851562500 HTTP/1.1" 200 31 "-" "WordPress/7.0; http://cqqizhou.com"
36.133.108.119 - - [23/Jun/2026:17:42:56 +0800] "HEAD /resizer.debug.ashx HTTP/1.1" 404 0 "-" "Mozilla/5.0 (compatible; MSIE 8.0; Windows NT 5.1; Trident/4.0; .NET CLR 1.1.4322; .NET CLR 2.0.50727)"
36.133.115.36 - - [23/Jun/2026:17:58:26 +0800] "POST /wp-cron.php?doing_wp_cron=1782208706.1531879901885986328125 HTTP/1.1" 200 31 "-" "WordPress/7.0; http://cqqizhou.com"
43.166.255.102 - - [23/Jun/2026:17:58:26 +0800] "GET / HTTP/1.1" 301 5 "-" "Mozilla/5.0 (iPhone; CPU iPhone OS 13_2_3 like Mac OS X) AppleWebKit/605.1.15 (KHTML, like Gecko) Version/13.0.3 Mobile/15E148 Safari/604.1"
43.166.255.102 - - [23/Jun/2026:17:58:30 +0800] "GET / HTTP/1.1" 200 35182 "http://www.cqqizhou.com" "Mozilla/5.0 (iPhone; CPU iPhone OS 13_2_3 like Mac OS X) AppleWebKit/605.1.15 (KHTML, like Gecko) Version/13.0.3 Mobile/15E148 Safari/604.1"
36.133.115.36 - - [23/Jun/2026:17:59:49 +0800] "POST /wp-cron.php?doing_wp_cron=1782208789.9008219242095947265625 HTTP/1.1" 200 31 "-" "WordPress/7.0; http://cqqizhou.com"
112.90.2.235 - - [23/Jun/2026:17:59:49 +0800] "GET /news/2052 HTTP/1.1" 200 26237 "-" "Mozilla/5.0 (Windows NT 10.0; Win64; x64) AppleWebKit/537.36 (KHTML, like Gecko) Chrome/111.0.0.0 Safari/537.36"
36.133.115.36 - - [23/Jun/2026:18:00:22 +0800] "POST /wp-cron.php?doing_wp_cron=1782208822.1466860771179199218750 HTTP/1.1" 200 31 "-" "WordPress/7.0; http://cqqizhou.com"
112.52.52.219 - - [23/Jun/2026:18:00:22 +0800] "GET / HTTP/1.1" 301 5 "-" "Mozilla/5.0 (Macintosh; Intel Mac OS X 10_15_7) AppleWebKit/537.36 (KHTML, like Gecko) Chrome/140.0.0.0 Safari/537.36"
125.74.172.200 - - [23/Jun/2026:18:00:23 +0800] "GET / HTTP/1.1" 200 41074 "http://www.cqqizhou.com" "Mozilla/5.0 (Macintosh; Intel Mac OS X 10_15_7) AppleWebKit/537.36 (KHTML, like Gecko) Chrome/140.0.0.0 Safari/537.36"
14.19.37.79 - - [23/Jun/2026:18:00:28 +0800] "GET /news/2601 HTTP/1.1" 200 24396 "-" "Mozilla/5.0 (Macintosh; Intel Mac OS X 10_15_7) AppleWebKit/537.36 (KHTML, like Gecko) Chrome/140.0.0.0 Safari/537.36"
36.133.115.36 - - [23/Jun/2026:18:01:58 +0800] "POST /wp-cron.php?doing_wp_cron=1782208918.2392029762268066406250 HTTP/1.1" 200 31 "-" "WordPress/7.0; http://cqqizhou.com"
36.133.108.119 - - [23/Jun/2026:18:01:58 +0800] "HEAD /bug HTTP/1.1" 200 0 "-" "Mozilla/5.0 (compatible; MSIE 8.0; Windows NT 5.1; Trident/4.0; SLCC1; .NET CLR 3.0.4506.2152; .NET CLR 3.5.30729; .NET CLR 1.1.4322)"
36.133.108.119 - - [23/Jun/2026:18:01:59 +0800] "GET /bug HTTP/1.1" 200 12207 "-" "Scrapy/2.8.0 (+https://scrapy.org)"
36.133.115.36 - - [23/Jun/2026:18:02:52 +0800] "POST /wp-cron.php?doing_wp_cron=1782208972.8238499164581298828125 HTTP/1.1" 200 31 "-" "WordPress/7.0; http://cqqizhou.com"
36.133.108.121 - - [23/Jun/2026:18:02:52 +0800] "HEAD /reports/Webalizer/ HTTP/1.1" 404 0 "-" "Mozilla/5.0 (iPad; U; CPU OS 3_2 like Mac OS X; en-us) AppleWebKit/531.21.10 (KHTML, like Gecko) Version/4.0.4 Mobile/7B334b Safari/531.21.10"
36.133.115.36 - - [23/Jun/2026:18:03:30 +0800] "POST /wp-cron.php?doing_wp_cron=1782209010.4117329120635986328125 HTTP/1.1" 200 31 "-" "WordPress/7.0; http://cqqizhou.com"
36.133.108.121 - - [23/Jun/2026:18:03:30 +0800] "HEAD /wp-content/jmx-console HTTP/1.1" 404 0 "-" "Mozilla/5.0 (Windows NT 6.2; WOW64) AppleWebKit/537.36 (KHTML, like Gecko) Chrome/30.0.1599.17 Safari/537.36"
157.148.61.47 - - [23/Jun/2026:18:05:27 +0800] "GET / HTTP/1.1" 200 41074 "-" "Mozilla/5.0 (Windows NT 10.0; Win64; x64) AppleWebKit/537.36 (KHTML, like Gecko) Chrome/120.0.0.0 Safari/537.36"
36.133.115.36 - - [23/Jun/2026:18:06:28 +0800] "POST /wp-cron.php?doing_wp_cron=1782209188.9170260429382324218750 HTTP/1.1" 200 31 "-" "WordPress/7.0; http://cqqizhou.com"
14.29.109.178 - - [23/Jun/2026:18:06:28 +0800] "GET /news/2214 HTTP/1.1" 200 26461 "-" "Mozilla/5.0 (Windows NT 10.0; Win64; x64) AppleWebKit/537.36 (KHTML, like Gecko) Chrome/131.0.0.0 Safari/537.36"
36.133.115.36 - - [23/Jun/2026:18:09:19 +0800] "POST /wp-cron.php?doing_wp_cron=1782209359.4898560047149658203125 HTTP/1.1" 200 31 "-" "WordPress/7.0; http://cqqizhou.com"
119.91.20.139 - - [23/Jun/2026:18:09:19 +0800] "GET / HTTP/1.1" 301 5 "-" "Mozilla/5.0 (iPhone; CPU iPhone OS 13_2_3 like Mac OS X) AppleWebKit/605.1.15 (KHTML, like Gecko) Version/13.0.3 Mobile/15E148 Safari/604.1"
119.91.20.139 - - [23/Jun/2026:18:09:22 +0800] "GET / HTTP/1.1" 200 35181 "http://www.cqqizhou.com" "Mozilla/5.0 (iPhone; CPU iPhone OS 13_2_3 like Mac OS X) AppleWebKit/605.1.15 (KHTML, like Gecko) Version/13.0.3 Mobile/15E148 Safari/604.1"
157.148.43.23 - - [23/Jun/2026:18:15:44 +0800] "GET /services HTTP/1.1" 200 26713 "-" "Mozilla/5.0 (Windows NT 10.0; Win64; x64) AppleWebKit/537.36 (KHTML, like Gecko) Chrome/124.0.0.0 Safari/537.36"
36.133.115.36 - - [23/Jun/2026:18:22:43 +0800] "POST /wp-cron.php?doing_wp_cron=1782210163.7155110836029052734375 HTTP/1.1" 200 31 "-" "WordPress/7.0; http://cqqizhou.com"
176.65.139.66 - - [23/Jun/2026:18:22:43 +0800] "GET / HTTP/1.0" 301 0 "-" "Shodan-Pull/1.0"
36.133.115.36 - - [23/Jun/2026:18:31:31 +0800] "POST /wp-cron.php?doing_wp_cron=1782210690.9797980785369873046875 HTTP/1.1" 200 31 "-" "WordPress/7.0; http://cqqizhou.com"
36.133.108.121 - - [23/Jun/2026:18:31:31 +0800] "HEAD /wp-content/upgrade/threads HTTP/1.1" 404 0 "-" "Mozilla/5.0 (Windows; U; Windows NT 6.1; en-US; rv:1.9.2.13) Gecko/20101213"
36.133.115.36 - - [23/Jun/2026:18:52:56 +0800] "POST /wp-cron.php?doing_wp_cron=1782211976.1314420700073242187500 HTTP/1.1" 200 31 "-" "WordPress/7.0; http://cqqizhou.com"
36.133.108.121 - - [23/Jun/2026:18:52:56 +0800] "HEAD /wp-content/fonts/ini HTTP/1.1" 404 0 "-" "Mozilla/5.0 (iPad; U; CPU OS 3_2 like Mac OS X; en-us) AppleWebKit/531.21.10 (KHTML, like Gecko) Version/4.0.4 Mobile/7B334b Safari/531.21.10"
36.133.115.36 - - [23/Jun/2026:18:54:33 +0800] "POST /wp-cron.php?doing_wp_cron=1782212073.2694408893585205078125 HTTP/1.1" 200 31 "-" "WordPress/7.0; http://cqqizhou.com"
36.133.108.125 - - [23/Jun/2026:18:54:33 +0800] "HEAD /wp-includes/plupload HTTP/1.1" 404 0 "-" "Mozilla/5.0 (Macintosh; U; Intel Mac OS X 10_6_6; fr-ch) AppleWebKit/533.19.4 (KHTML, like Gecko) Version/5.0.3 Safari/533.19.4"
36.133.115.36 - - [23/Jun/2026:18:58:41 +0800] "POST /wp-cron.php?doing_wp_cron=1782212321.5283479690551757812500 HTTP/1.1" 200 31 "-" "WordPress/7.0; http://cqqizhou.com"
116.179.32.196 - - [23/Jun/2026:18:58:41 +0800] "GET /news/2534 HTTP/1.1" 200 24764 "-" "Mozilla/5.0 (compatible; Baiduspider/2.0; +http://www.baidu.com/search/spider.html)"
220.181.108.169 - - [23/Jun/2026:18:58:41 +0800] "GET /news/2361 HTTP/1.1" 200 25479 "-" "Mozilla/5.0 (compatible; Baiduspider/2.0; +http://www.baidu.com/search/spider.html)"
116.179.37.144 - - [23/Jun/2026:18:58:42 +0800] "GET /wp-content/uploads/2025/12/1766064671-Article_images_20251218212624.webp HTTP/1.1" 200 40874 "http://cqqizhou.com/news/2361" "Mozilla/5.0 (compatible; Baiduspider-render/2.0; +http://www.baidu.com/search/spider.html)"
116.179.37.251 - - [23/Jun/2026:18:58:42 +0800] "GET /wp-content/uploads/2026/06/1782182572-Article_images_W900px.webp HTTP/1.1" 200 24314 "http://cqqizhou.com/news/2361" "Mozilla/5.0 (compatible; Baiduspider-render/2.0; +http://www.baidu.com/search/spider.html)"
116.179.37.233 - - [23/Jun/2026:18:58:42 +0800] "GET /wp-content/uploads/2025/12/1766064723-Article_images_20251218212625.webp HTTP/1.1" 200 35132 "http://cqqizhou.com/news/2361" "Mozilla/5.0 (compatible; Baiduspider-render/2.0; +http://www.baidu.com/search/spider.html)"
116.179.37.125 - - [23/Jun/2026:18:58:42 +0800] "GET /wp-content/uploads/2025/12/1766373840-Article_images_20251220.webp HTTP/1.1" 200 40034 "http://cqqizhou.com/news/2361" "Mozilla/5.0 (compatible; Baiduspider-render/2.0; +http://www.baidu.com/search/spider.html)"
116.179.37.112 - - [23/Jun/2026:18:58:42 +0800] "GET /wp-content/uploads/2025/12/1766373833-Article_images_20251219.webp HTTP/1.1" 200 79910 "http://cqqizhou.com/news/2361" "Mozilla/5.0 (compatible; Baiduspider-render/2.0; +http://www.baidu.com/search/spider.html)"
220.181.108.80 - - [23/Jun/2026:18:58:44 +0800] "GET /news/2559 HTTP/1.1" 200 24705 "-" "Mozilla/5.0 (compatible; Baiduspider/2.0; +http://www.baidu.com/search/spider.html)"
220.181.108.91 - - [23/Jun/2026:18:58:45 +0800] "GET /news/2165 HTTP/1.1" 200 27569 "-" "Mozilla/5.0 (compatible; Baiduspider/2.0; +http://www.baidu.com/search/spider.html)"
116.179.37.11 - - [23/Jun/2026:18:58:48 +0800] "GET /wp-content/uploads/2026/04/1777513411-2Article_images_W900px.webp HTTP/1.1" 200 50748 "http://cqqizhou.com/news/2559" "Mozilla/5.0 (compatible; Baiduspider-render/2.0; +http://www.baidu.com/search/spider.html)"
220.181.108.174 - - [23/Jun/2026:19:02:01 +0800] "GET /news/2601 HTTP/1.1" 200 24396 "-" "Mozilla/5.0 (compatible; Baiduspider/2.0; +http://www.baidu.com/search/spider.html)"
116.179.32.93 - - [23/Jun/2026:19:02:03 +0800] "GET /wp-content/uploads/2026/06/1782182572-Article_images_W900px.webp HTTP/1.1" 200 24314 "-" "Mozilla/5.0 (compatible; Baiduspider/2.0; +http://www.baidu.com/search/spider.html)"
36.133.115.36 - - [23/Jun/2026:19:04:05 +0800] "POST /wp-cron.php?doing_wp_cron=1782212645.1620039939880371093750 HTTP/1.1" 200 31 "-" "WordPress/7.0; http://cqqizhou.com"
36.133.108.121 - - [23/Jun/2026:19:04:05 +0800] "HEAD /wp-includes/js/ckeditor HTTP/1.1" 404 0 "-" "Mozilla/5.0 (X11; Ubuntu; Linux x86_64; rv:24.0) Gecko/20100101 Firefox/24.0"
36.133.115.36 - - [23/Jun/2026:19:04:43 +0800] "POST /wp-cron.php?doing_wp_cron=1782212683.7651939392089843750000 HTTP/1.1" 200 31 "-" "WordPress/7.0; http://cqqizhou.com"
36.133.108.119 - - [23/Jun/2026:19:04:43 +0800] "HEAD /wp-includes/build/sample HTTP/1.1" 404 0 "-" "Mozilla/5.0 (compatible; MSIE 8.0; Windows NT 5.1; Trident/4.0; .NET CLR 1.1.4322; .NET CLR 2.0.50727)"
36.133.115.36 - - [23/Jun/2026:19:05:21 +0800] "POST /wp-cron.php?doing_wp_cron=1782212721.6468799114227294921875 HTTP/1.1" 200 31 "-" "WordPress/7.0; http://cqqizhou.com"
220.181.108.147 - - [23/Jun/2026:19:05:21 +0800] "GET /news/tag/%E5%AE%89%E5%85%A8%E7%94%9F%E4%BA%A7%E6%9C%88 HTTP/1.1" 200 22122 "-" "Mozilla/5.0 (compatible; Baiduspider/2.0; +http://www.baidu.com/search/spider.html)"
60.13.147.202 - - [23/Jun/2026:19:05:25 +0800] "GET /wp-json/oembed/1.0/embed?url=http%3A%2F%2Fcqqizhou.com%2Fnews%2Fportfolio%2F%25e5%2586%25b7%25e8%25bd%25a7%25e6%259d%25bf HTTP/1.1" 200 1214 "-" "Mozilla/5.0 (Windows NT 10.0; Win64; x64) AppleWebKit/537.36 (KHTML, like Gecko) Chrome/142.0.0.0 Safari/537.36"
36.133.115.36 - - [23/Jun/2026:19:06:45 +0800] "POST /wp-cron.php?doing_wp_cron=1782212805.1720190048217773437500 HTTP/1.1" 200 31 "-" "WordPress/7.0; http://cqqizhou.com"
110.249.202.211 - - [23/Jun/2026:19:06:45 +0800] "GET / HTTP/1.1" 200 35181 "-" "Mozilla/5.0 (Linux; Android 5.0) AppleWebKit/537.36 (KHTML, like Gecko) Mobile Safari/537.36 (compatible; Bytespider; https://zhanzhang.toutiao.com/)"
110.249.202.46 - - [23/Jun/2026:19:06:45 +0800] "GET /wp-content/uploads/2025/07/1751425283-qizhou.kf_.qq_.com_.webp HTTP/1.1" 206 500 "http://cqqizhou.com/" "Mozilla/5.0 (Linux; Android 5.0) AppleWebKit/537.36 (KHTML, like Gecko) Mobile Safari/537.36 (compatible; Bytespider; https://zhanzhang.toutiao.com/)"
36.133.115.36 - - [23/Jun/2026:19:07:15 +0800] "POST /wp-cron.php?doing_wp_cron=1782212835.6200129985809326171875 HTTP/1.1" 200 31 "-" "WordPress/7.0; http://cqqizhou.com"
36.133.108.119 - - [23/Jun/2026:19:07:15 +0800] "HEAD /info HTTP/1.1" 404 0 "-" "Mozilla/5.0 (Windows; U; Windows NT 6.1; en-US) AppleWebKit/533.20.25 (KHTML, like Gecko) Version/5.0.4 Safari/533.20.27"
36.133.115.36 - - [23/Jun/2026:19:12:05 +0800] "POST /wp-cron.php?doing_wp_cron=1782213125.2905030250549316406250 HTTP/1.1" 200 31 "-" "WordPress/7.0; http://cqqizhou.com"
216.244.66.245 - - [23/Jun/2026:19:12:05 +0800] "GET /robots.txt HTTP/1.1" 200 390 "-" "Mozilla/5.0 (compatible; DotBot/1.2; +https://opensiteexplorer.org/dotbot; help@moz.com)"
36.133.115.36 - - [23/Jun/2026:19:17:31 +0800] "POST /wp-cron.php?doing_wp_cron=1782213451.0452001094818115234375 HTTP/1.1" 200 31 "-" "WordPress/7.0; http://cqqizhou.com"
36.133.108.121 - - [23/Jun/2026:19:17:31 +0800] "HEAD /wp-includes/build/zips HTTP/1.1" 404 0 "-" "Mozilla/5.0 (iPad; U; CPU OS 3_2 like Mac OS X; en-us) AppleWebKit/531.21.10 (KHTML, like Gecko) Version/4.0.4 Mobile/7B334b Safari/531.21.10"
