216.244.66.245 - - [23/Jun/2026:19:18:43 +0800] "GET /wp-content/uploads/2025/11/1762908477-QZ_Photo-2.webp HTTP/1.1" 200 185928 "-" "Mozilla/5.0 (compatible; DotBot/1.2; +https://opensiteexplorer.org/dotbot; help@moz.com)"
36.133.115.36 - - [23/Jun/2026:19:28:31 +0800] "POST /wp-cron.php?doing_wp_cron=1782214111.4164099693298339843750 HTTP/1.1" 200 31 "-" "WordPress/7.0; http://cqqizhou.com"
36.133.108.119 - - [23/Jun/2026:19:28:31 +0800] "HEAD /wp-content/pi.php5 HTTP/1.1" 404 0 "-" "Mozilla/5.0 (Windows NT 6.1) AppleWebKit/537.36 (KHTML, like Gecko) Chrome/27.0.1453.90 Safari/537.36"
36.133.115.36 - - [23/Jun/2026:19:31:56 +0800] "POST /wp-cron.php?doing_wp_cron=1782214316.3523070812225341796875 HTTP/1.1" 200 31 "-" "WordPress/7.0; http://cqqizhou.com"
36.133.108.119 - - [23/Jun/2026:19:31:56 +0800] "HEAD /wp-content/languages/dav HTTP/1.1" 404 0 "-" "Mozilla/5.0 (Windows NT 6.2; WOW64) AppleWebKit/537.14 (KHTML, like Gecko) Chrome/24.0.1292.0 Safari/537.14"
36.133.115.36 - - [23/Jun/2026:19:32:13 +0800] "POST /wp-cron.php?doing_wp_cron=1782214333.2849659919738769531250 HTTP/1.1" 200 31 "-" "WordPress/7.0; http://cqqizhou.com"
36.133.108.125 - - [23/Jun/2026:19:32:13 +0800] "HEAD /render?url=http://bxss.me/t/fit.txt HTTP/1.1" 404 0 "-" "Mozilla/5.0 (compatible; MSIE 9.0; Windows NT 6.1; Trident/5.0; yie8)"
36.133.115.36 - - [23/Jun/2026:19:38:28 +0800] "POST /wp-cron.php?doing_wp_cron=1782214708.8993690013885498046875 HTTP/1.1" 200 31 "-" "WordPress/7.0; http://cqqizhou.com"
36.133.108.119 - - [23/Jun/2026:19:38:28 +0800] "HEAD /readme.html HTTP/1.1" 404 0 "-" "Mozilla/5.0 (Macintosh; U; Intel Mac OS X 10_5_8; zh-cn) AppleWebKit/533.18.1 (KHTML, like Gecko) Version/5.0.2 Safari/533.18.5"
36.133.115.36 - - [23/Jun/2026:19:39:57 +0800] "POST /wp-cron.php?doing_wp_cron=1782214797.6678080558776855468750 HTTP/1.1" 200 31 "-" "WordPress/7.0; http://cqqizhou.com"
36.133.108.119 - - [23/Jun/2026:19:39:57 +0800] "HEAD /wp-includes/assets/Exchange HTTP/1.1" 404 0 "-" "Mozilla/5.0 (iPad; CPU OS 6_0 like Mac OS X) AppleWebKit/536.26 (KHTML, like Gecko) Version/6.0 Mobile/10A5355d Safari/8536.25"
36.133.115.36 - - [23/Jun/2026:19:53:34 +0800] "POST /wp-cron.php?doing_wp_cron=1782215614.0425999164581298828125 HTTP/1.1" 200 31 "-" "WordPress/7.0; http://cqqizhou.com"
85.208.96.198 - - [23/Jun/2026:19:53:34 +0800] "GET /robots.txt HTTP/1.1" 200 190 "-" "Mozilla/5.0 (compatible; SemrushBot/7~bl; +http://www.semrush.com/bot.html)"
36.133.115.36 - - [23/Jun/2026:19:55:07 +0800] "POST /wp-cron.php?doing_wp_cron=1782215707.8346829414367675781250 HTTP/1.1" 200 31 "-" "WordPress/7.0; http://cqqizhou.com"
36.133.108.121 - - [23/Jun/2026:19:55:07 +0800] "HEAD /wp-content/10 HTTP/1.1" 404 0 "-" "Mozilla/5.0 (iPad; U; CPU OS 3_2 like Mac OS X; en-us) AppleWebKit/531.21.10 (KHTML, like Gecko) Version/4.0.4 Mobile/7B334b Safari/531.21.10"
36.133.115.36 - - [23/Jun/2026:19:56:18 +0800] "POST /wp-cron.php?doing_wp_cron=1782215778.5235021114349365234375 HTTP/1.1" 200 31 "-" "WordPress/7.0; http://cqqizhou.com"
216.244.66.245 - - [23/Jun/2026:19:56:18 +0800] "GET /robots.txt HTTP/1.1" 200 390 "-" "Mozilla/5.0 (compatible; DotBot/1.2; +https://opensiteexplorer.org/dotbot; help@moz.com)"
62.210.142.172 - - [23/Jun/2026:19:56:39 +0800] "GET / HTTP/1.0" 301 0 "-" "Mozilla/5.0 (compatible; GenomeCrawlerd/1.0; +https://www.nokia.com/genomecrawler)"
36.133.115.36 - - [23/Jun/2026:19:57:46 +0800] "POST /wp-cron.php?doing_wp_cron=1782215866.4797930717468261718750 HTTP/1.1" 200 31 "-" "WordPress/7.0; http://cqqizhou.com"
62.210.142.172 - - [23/Jun/2026:19:57:46 +0800] "GET / HTTP/1.0" 301 0 "-" "Mozilla/5.0 (compatible; GenomeCrawlerd/1.0; +https://www.nokia.com/genomecrawler)"
62.210.142.172 - - [23/Jun/2026:19:58:01 +0800] "GET / HTTP/1.1" 301 5 "-" "Mozilla/5.0 (compatible; GenomeCrawlerd/1.0; +https://www.nokia.com/genomecrawler)"
62.210.142.172 - - [23/Jun/2026:19:58:04 +0800] "GET / HTTP/1.1" 200 35181 "http://36.133.115.36/" "Mozilla/5.0 (compatible; GenomeCrawlerd/1.0; +https://www.nokia.com/genomecrawler)"
36.133.115.36 - - [23/Jun/2026:19:59:59 +0800] "POST /wp-cron.php?doing_wp_cron=1782215999.5775671005249023437500 HTTP/1.1" 200 31 "-" "WordPress/7.0; http://cqqizhou.com"
36.133.108.119 - - [23/Jun/2026:19:59:59 +0800] "HEAD /wp-admin/js/logs.mdb HTTP/1.1" 404 0 "-" "Mozilla/5.0 (Macintosh; Intel Mac OS X 10_8_3) AppleWebKit/537.36 (KHTML, like Gecko) Chrome/27.0.1453.93 Safari/537.36"
36.133.115.36 - - [23/Jun/2026:20:01:53 +0800] "POST /wp-cron.php?doing_wp_cron=1782216113.7471330165863037109375 HTTP/1.1" 200 31 "-" "WordPress/7.0; http://cqqizhou.com"
216.244.66.245 - - [23/Jun/2026:20:01:53 +0800] "GET /portfolio/%E5%86%B7%E8%BD%A7%E5%8D%B7/ HTTP/1.1" 301 5 "-" "Mozilla/5.0 (compatible; DotBot/1.2; +https://opensiteexplorer.org/dotbot; help@moz.com)"
36.133.115.36 - - [23/Jun/2026:20:11:52 +0800] "POST /wp-cron.php?doing_wp_cron=1782216712.0664479732513427734375 HTTP/1.1" 200 31 "-" "WordPress/7.0; http://cqqizhou.com"
36.133.108.121 - - [23/Jun/2026:20:11:52 +0800] "HEAD /.well-known/acme-challenge/%3C31178195%3E HTTP/1.1" 404 0 "-" "Mozilla/5.0 (Macintosh; U; Intel Mac OS X 10_6_7; en-us) AppleWebKit/534.16+ (KHTML, like Gecko) Version/5.0.3 Safari/533.19.4"
36.133.115.36 - - [23/Jun/2026:20:16:38 +0800] "POST /wp-cron.php?doing_wp_cron=1782216998.4344589710235595703125 HTTP/1.1" 200 31 "-" "WordPress/7.0; http://cqqizhou.com"
36.133.108.125 - - [23/Jun/2026:20:16:38 +0800] "HEAD /wp-includes/assets/UserFiles HTTP/1.1" 404 0 "-" "Mozilla/4.0 (compatible; MSIE 8.0; Windows NT 6.1; WOW64; Trident/4.0; SLCC2; Media Center PC 6.0; InfoPath.2; MS-RTC LM 8"
36.133.115.36 - - [23/Jun/2026:20:18:54 +0800] "POST /wp-cron.php?doing_wp_cron=1782217134.6424510478973388671875 HTTP/1.1" 200 31 "-" "WordPress/7.0; http://cqqizhou.com"
36.133.108.119 - - [23/Jun/2026:20:18:54 +0800] "HEAD /wp-content/smarty HTTP/1.1" 404 0 "-" "Mozilla/5.0 (Macintosh; U; Intel Mac OS X 10_5_8; zh-cn) AppleWebKit/533.18.1 (KHTML, like Gecko) Version/5.0.2 Safari/533.18.5"
36.133.115.36 - - [23/Jun/2026:20:34:42 +0800] "POST /wp-cron.php?doing_wp_cron=1782218082.4516251087188720703125 HTTP/1.1" 200 31 "-" "WordPress/7.0; http://cqqizhou.com"
119.84.246.117 - - [23/Jun/2026:20:34:42 +0800] "GET / HTTP/1.1" 301 5 "-" "Mozilla/5.0 (Windows NT 6.1; WOW64) AppleWebKit/537.1 (KHTML, like Gecko) Chrome/21.0.1180.89 Safari/537.1"
119.84.246.117 - - [23/Jun/2026:20:34:42 +0800] "GET / HTTP/1.1" 200 171975 "-" "Mozilla/5.0 (Windows NT 6.1; WOW64) AppleWebKit/537.1 (KHTML, like Gecko) Chrome/21.0.1180.89 Safari/537.1"
119.84.246.117 - - [23/Jun/2026:20:34:43 +0800] "GET / HTTP/1.1" 301 5 "-" "Mozilla/5.0 (Windows; U; Windows NT 6.1; zh_CN) AppleWebKit/534.7 (KHTML, like Gecko) Chrome/18.0 BIDUBrowser/2.6 Safari/534.7"
119.84.246.117 - - [23/Jun/2026:20:34:43 +0800] "GET / HTTP/1.1" 200 171975 "-" "Mozilla/5.0 (Windows; U; Windows NT 6.1; zh_CN) AppleWebKit/534.7 (KHTML, like Gecko) Chrome/18.0 BIDUBrowser/2.6 Safari/534.7"
119.84.246.117 - - [23/Jun/2026:20:34:44 +0800] "GET / HTTP/1.1" 301 5 "-" "Mozilla/5.0 (Windows NT 6.1) AppleWebKit/535.12 (KHTML, like Gecko) Maxthon/3.4.2.3000 Chrome/18.0.966.0 Safari/535.12"
119.84.246.117 - - [23/Jun/2026:20:34:44 +0800] "GET / HTTP/1.1" 200 171975 "-" "Mozilla/5.0 (Windows NT 6.1) AppleWebKit/535.12 (KHTML, like Gecko) Maxthon/3.4.2.3000 Chrome/18.0.966.0 Safari/535.12"
36.133.115.36 - - [23/Jun/2026:20:40:04 +0800] "POST /wp-cron.php?doing_wp_cron=1782218404.0039579868316650390625 HTTP/1.1" 200 31 "-" "WordPress/7.0; http://cqqizhou.com"
36.133.108.121 - - [23/Jun/2026:20:40:04 +0800] "HEAD /core HTTP/1.1" 404 0 "-" "Mozilla/5.0 (X11; Ubuntu; Linux x86_64; rv:24.0) Gecko/20100101 Firefox/24.0"
36.133.115.36 - - [23/Jun/2026:20:40:37 +0800] "POST /wp-cron.php?doing_wp_cron=1782218437.7914950847625732421875 HTTP/1.1" 200 31 "-" "WordPress/7.0; http://cqqizhou.com"
216.244.66.245 - - [23/Jun/2026:20:40:37 +0800] "GET /robots.txt HTTP/1.1" 200 390 "-" "Mozilla/5.0 (compatible; DotBot/1.2; +https://opensiteexplorer.org/dotbot; help@moz.com)"
36.133.115.36 - - [23/Jun/2026:20:42:40 +0800] "POST /wp-cron.php?doing_wp_cron=1782218560.1443910598754882812500 HTTP/1.1" 200 31 "-" "WordPress/7.0; http://cqqizhou.com"
36.133.108.119 - - [23/Jun/2026:20:42:40 +0800] "HEAD /wp-includes/build/includes HTTP/1.1" 404 0 "-" "Mozilla/5.0 (Windows; U; Windows NT 6.1; en-US) AppleWebKit/533.20.25 (KHTML, like Gecko) Version/5.0.4 Safari/533.20.27"
36.133.115.36 - - [23/Jun/2026:20:46:04 +0800] "POST /wp-cron.php?doing_wp_cron=1782218764.0553998947143554687500 HTTP/1.1" 200 31 "-" "WordPress/7.0; http://cqqizhou.com"
216.244.66.245 - - [23/Jun/2026:20:46:04 +0800] "GET /media/5 HTTP/1.1" 200 120380 "-" "Mozilla/5.0 (compatible; DotBot/1.2; +https://opensiteexplorer.org/dotbot; help@moz.com)"
216.244.66.245 - - [23/Jun/2026:20:46:10 +0800] "GET /news/2164 HTTP/1.1" 200 84903 "-" "Mozilla/5.0 (compatible; DotBot/1.2; +https://opensiteexplorer.org/dotbot; help@moz.com)"
36.133.115.36 - - [23/Jun/2026:20:46:18 +0800] "POST /wp-cron.php?doing_wp_cron=1782218778.1396219730377197265625 HTTP/1.1" 200 31 "-" "WordPress/7.0; http://cqqizhou.com"
216.244.66.245 - - [23/Jun/2026:20:46:18 +0800] "GET /2164/ HTTP/1.1" 301 5 "-" "Mozilla/5.0 (compatible; DotBot/1.2; +https://opensiteexplorer.org/dotbot; help@moz.com)"
216.244.66.245 - - [23/Jun/2026:20:46:27 +0800] "GET /2354/ HTTP/1.1" 301 5 "-" "Mozilla/5.0 (compatible; DotBot/1.2; +https://opensiteexplorer.org/dotbot; help@moz.com)"
183.199.242.254 - - [23/Jun/2026:20:49:30 +0800] "GET / HTTP/1.1" 200 41074 "-" "Mozilla/5.0 (Windows NT 10.0) AppleWebKit/537.36 (KHTML, like Gecko) Chrome/70.0.3538.67"
36.133.115.36 - - [23/Jun/2026:20:49:33 +0800] "POST /wp-cron.php?doing_wp_cron=1782218973.4946050643920898437500 HTTP/1.1" 200 31 "-" "WordPress/7.0; http://cqqizhou.com"
117.177.160.94 - - [23/Jun/2026:20:49:33 +0800] "GET / HTTP/1.1" 301 5 "-" "Mozilla/5.0 (Windows NT 6.2; Win64; x64) AppleWebKit/537.36 (KHTML, like Gecko) Chrome/76.0.3809.12"
117.177.160.94 - - [23/Jun/2026:20:49:33 +0800] "GET http://cqqizhou.com/ HTTP/1.1" 200 41074 "-" "Mozilla/5.0 (Windows NT 6.2; Win64; x64) AppleWebKit/537.36 (KHTML, like Gecko) Chrome/76.0.3809.12"
117.188.32.181 - - [23/Jun/2026:20:49:50 +0800] "GET /news/2601 HTTP/1.1" 200 24396 "-" "Mozilla/5.0 (Windows NT 10.0) AppleWebKit/537.36 (KHTML, like Gecko) Chrome/72.0.3626.69"
36.133.115.36 - - [23/Jun/2026:20:56:52 +0800] "POST /wp-cron.php?doing_wp_cron=1782219412.6048800945281982421875 HTTP/1.1" 200 31 "-" "WordPress/7.0; http://cqqizhou.com"
120.241.209.225 - - [23/Jun/2026:20:56:52 +0800] "GET /news/2518 HTTP/1.1" 200 24705 "-" "Mozilla/5.0 (Windows NT 10.0; Win64; x64) AppleWebKit/537.36 (KHTML, like Gecko) Chrome/109.0.0.0 Safari/537.36"
112.57.65.76 - - [23/Jun/2026:21:02:21 +0800] "GET /wp-content/uploads/2025/07/1751826322-Services_images_W900px.webp HTTP/1.1" 200 87128 "http://cqqizhou.com" "Mozilla/5.0 (Windows NT 10.0; Win64; x64) AppleWebKit/537.36 (KHTML, like Gecko) Chrome/120.0.0.0 Safari/537.36"
112.57.65.76 - - [23/Jun/2026:21:02:21 +0800] "GET /wp-content/uploads/2025/07/1751425283-qizhou.kf_.qq_.com_.webp HTTP/1.1" 200 16864 "http://cqqizhou.com" "Mozilla/5.0 (Windows NT 10.0; Win64; x64) AppleWebKit/537.36 (KHTML, like Gecko) Chrome/120.0.0.0 Safari/537.36"
36.133.115.36 - - [23/Jun/2026:21:03:28 +0800] "POST /wp-cron.php?doing_wp_cron=1782219808.6801650524139404296875 HTTP/1.1" 200 31 "-" "WordPress/7.0; http://cqqizhou.com"
36.133.108.121 - - [23/Jun/2026:21:03:28 +0800] "HEAD /wp-admin/g HTTP/1.1" 404 0 "-" "Mozilla/5.0 (Windows NT 6.1; rv:27.3) Gecko/20130101 Firefox/27.3"
36.133.115.36 - - [23/Jun/2026:21:19:14 +0800] "POST /wp-cron.php?doing_wp_cron=1782220754.2308099269866943359375 HTTP/1.1" 200 31 "-" "WordPress/7.0; http://cqqizhou.com"
36.133.108.121 - - [23/Jun/2026:21:19:14 +0800] "HEAD /signup/account HTTP/1.1" 404 0 "-" "Opera/9.80 (X11; Linux i686; U; it) Presto/2.7.62 Version/11.00"
36.133.108.119 - - [23/Jun/2026:21:19:28 +0800] "HEAD /wp-admin/includes/configuration.php HTTP/1.1" 404 0 "-" "Mozilla/5.0 (compatible; MSIE 8.0; Windows NT 5.1; Trident/4.0; SLCC1; .NET CLR 3.0.4506.2152; .NET CLR 3.5.30729; .NET CLR 1.1.4322)"
36.133.115.36 - - [23/Jun/2026:21:20:41 +0800] "POST /wp-cron.php?doing_wp_cron=1782220841.4546511173248291015625 HTTP/1.1" 200 31 "-" "WordPress/7.0; http://cqqizhou.com"
220.181.108.159 - - [23/Jun/2026:21:20:41 +0800] "GET /news/portfolio-tag/ansteel-thyssen HTTP/1.1" 200 23067 "-" "Mozilla/5.0 (compatible; Baiduspider/2.0; +http://www.baidu.com/search/spider.html)"
116.179.37.221 - - [23/Jun/2026:21:20:41 +0800] "GET /wp-content/uploads/2025/07/1753453096-%E5%8F%8C%E7%9B%B8%E9%92%A2product_Single600%C3%97284.webp HTTP/1.1" 200 14562 "http://cqqizhou.com/news/portfolio-tag/ansteel-thyssen" "Mozilla/5.0 (compatible; Baiduspider-render/2.0; +http://www.baidu.com/search/spider.html)"
116.179.37.8 - - [23/Jun/2026:21:20:41 +0800] "GET /wp-content/uploads/2025/07/1753451773-%E5%86%B7%E8%BD%A7%E5%8D%B7roduct_Single600.webp HTTP/1.1" 200 23024 "http://cqqizhou.com/news/portfolio-tag/ansteel-thyssen" "Mozilla/5.0 (compatible; Baiduspider-render/2.0; +http://www.baidu.com/search/spider.html)"
116.179.37.153 - - [23/Jun/2026:21:20:43 +0800] "GET /wp-content/uploads/2025/07/1753453029-%E9%85%B8%E6%B4%97%E5%8D%B7product_Single600.webp HTTP/1.1" 200 17156 "http://cqqizhou.com/news/portfolio-tag/ansteel-thyssen" "Mozilla/5.0 (compatible; Baiduspider-render/2.0; +http://www.baidu.com/search/spider.html)"
36.133.115.36 - - [23/Jun/2026:21:27:48 +0800] "POST /wp-cron.php?doing_wp_cron=1782221268.2513968944549560546875 HTTP/1.1" 200 31 "-" "WordPress/7.0; http://cqqizhou.com"
36.133.108.119 - - [23/Jun/2026:21:27:48 +0800] "HEAD /wp-admin/js/users.db HTTP/1.1" 404 0 "-" "Mozilla/5.0 (Windows NT 6.2; WOW64) AppleWebKit/537.14 (KHTML, like Gecko) Chrome/24.0.1292.0 Safari/537.14"
36.133.108.121 - - [23/Jun/2026:21:27:52 +0800] "HEAD /wp-admin/js/%22981546%40 HTTP/1.1" 404 0 "-" "Mozilla/5.0 (compatible; MSIE 9.0; Windows NT 6.1; Win64; x64; Trident/5.0"
36.133.115.36 - - [23/Jun/2026:21:29:53 +0800] "POST /wp-cron.php?doing_wp_cron=1782221393.2089760303497314453125 HTTP/1.1" 200 31 "-" "WordPress/7.0; http://cqqizhou.com"
36.133.108.121 - - [23/Jun/2026:21:29:53 +0800] "HEAD /wp-includes/lib HTTP/1.1" 404 0 "-" "Mozilla/5.0 (Macintosh; Intel Mac OS X 10_7_5) AppleWebKit/537.36 (KHTML, like Gecko) Chrome/27.0.1453.93 Safari/537.36"
36.133.115.36 - - [23/Jun/2026:21:35:15 +0800] "POST /wp-cron.php?doing_wp_cron=1782221715.8899700641632080078125 HTTP/1.1" 200 31 "-" "WordPress/7.0; http://cqqizhou.com"
85.208.96.194 - - [23/Jun/2026:21:35:15 +0800] "GET /robots.txt HTTP/1.1" 200 190 "-" "Mozilla/5.0 (compatible; SemrushBot/7~bl; +http://www.semrush.com/bot.html)"
185.191.171.2 - - [23/Jun/2026:21:35:22 +0800] "GET /news/2215 HTTP/1.1" 200 24592 "-" "Mozilla/5.0 (compatible; SemrushBot/7~bl; +http://www.semrush.com/bot.html)"
36.133.115.36 - - [23/Jun/2026:21:37:00 +0800] "POST /wp-cron.php?doing_wp_cron=1782221820.8717401027679443359375 HTTP/1.1" 200 31 "-" "WordPress/7.0; http://cqqizhou.com"
52.167.144.19 - - [23/Jun/2026:21:37:00 +0800] "GET /2162/ HTTP/1.1" 301 5 "-" "Mozilla/5.0 AppleWebKit/537.36 (KHTML, like Gecko; compatible; bingbot/2.0; +http://www.bing.com/bingbot.htm) Chrome/116.0.1938.76 Safari/537.36"
188.120.249.22 - - [23/Jun/2026:21:39:29 +0800] "GET / HTTP/1.1" 200 41074 "-" "Mozilla/5.0 (Windows NT 10.0; Win64; x64) AppleWebKit/537.36 (KHTML, like Gecko) Chrome/120.0.0.0 Safari/537.36"
36.133.115.36 - - [23/Jun/2026:22:02:00 +0800] "POST /wp-cron.php?doing_wp_cron=1782223320.4994690418243408203125 HTTP/1.1" 200 31 "-" "WordPress/7.0; http://cqqizhou.com"
36.133.108.119 - - [23/Jun/2026:22:02:00 +0800] "HEAD /wp-content/languages/CMS HTTP/1.1" 404 0 "-" "Mozilla/5.0 (Macintosh; Intel Mac OS X 10_8_3) AppleWebKit/537.36 (KHTML, like Gecko) Chrome/27.0.1453.93 Safari/537.36"
36.133.115.36 - - [23/Jun/2026:22:02:39 +0800] "POST /wp-cron.php?doing_wp_cron=1782223359.8063759803771972656250 HTTP/1.1" 200 31 "-" "WordPress/7.0; http://cqqizhou.com"
43.154.140.188 - - [23/Jun/2026:22:02:39 +0800] "GET / HTTP/1.1" 301 5 "-" "Mozilla/5.0 (iPhone; CPU iPhone OS 13_2_3 like Mac OS X) AppleWebKit/605.1.15 (KHTML, like Gecko) Version/13.0.3 Mobile/15E148 Safari/604.1"
36.133.115.36 - - [23/Jun/2026:22:05:50 +0800] "POST /wp-cron.php?doing_wp_cron=1782223550.1304450035095214843750 HTTP/1.1" 200 31 "-" "WordPress/7.0; http://cqqizhou.com"
36.133.108.119 - - [23/Jun/2026:22:05:50 +0800] "HEAD /wp-content/languages/secured HTTP/1.1" 404 0 "-" "Mozilla/5.0 (Macintosh; U; Intel Mac OS X 10_5_8; zh-cn) AppleWebKit/533.18.1 (KHTML, like Gecko) Version/5.0.2 Safari/533.18.5"
36.133.115.36 - - [23/Jun/2026:22:08:35 +0800] "POST /wp-cron.php?doing_wp_cron=1782223715.6128890514373779296875 HTTP/1.1" 200 31 "-" "WordPress/7.0; http://cqqizhou.com"
36.133.108.119 - - [23/Jun/2026:22:08:35 +0800] "HEAD /wp-includes/fonts/backup HTTP/1.1" 404 0 "-" "Mozilla/5.0 (Windows; U; Windows NT 6.1; en-US) AppleWebKit/533.20.25 (KHTML, like Gecko) Version/5.0.4 Safari/533.20.27"
36.133.115.36 - - [23/Jun/2026:22:10:21 +0800] "POST /wp-cron.php?doing_wp_cron=1782223821.3534779548645019531250 HTTP/1.1" 200 31 "-" "WordPress/7.0; http://cqqizhou.com"
116.179.32.20 - - [23/Jun/2026:22:10:21 +0800] "GET /wp-json/oembed/1.0/embed?url=http%3A%2F%2Fcqqizhou.com%2Fabout HTTP/1.1" 200 1100 "-" "Mozilla/5.0 (compatible; Baiduspider/2.0; +http://www.baidu.com/search/spider.html)"
36.133.115.36 - - [23/Jun/2026:22:11:29 +0800] "POST /wp-cron.php?doing_wp_cron=1782223889.9530229568481445312500 HTTP/1.1" 200 31 "-" "WordPress/7.0; http://cqqizhou.com"
119.41.203.121 - - [23/Jun/2026:22:11:29 +0800] "GET /news/page/4 HTTP/1.1" 200 26363 "-" "Mozilla/4.0 (compatible; MSIE 7.0; Windows NT 5.1; Trident/4.0; SE 2.X MetaSr 1.0; SE 2.X MetaSr 1.0; .NET CLR 2.0.50727; SE 2.X MetaSr 1.0)"
36.133.115.36 - - [23/Jun/2026:22:12:49 +0800] "POST /wp-cron.php?doing_wp_cron=1782223969.7098450660705566406250 HTTP/1.1" 200 31 "-" "WordPress/7.0; http://cqqizhou.com"
36.133.108.121 - - [23/Jun/2026:22:12:49 +0800] "HEAD /wp-includes/assets/UserFile HTTP/1.1" 404 0 "-" "Mozilla/5.0 (compatible; MSIE 9.0; Windows NT 6.1; Win64; x64; Trident/5.0"
36.133.115.36 - - [23/Jun/2026:22:18:54 +0800] "POST /wp-cron.php?doing_wp_cron=1782224334.3647449016571044921875 HTTP/1.1" 200 31 "-" "WordPress/7.0; http://cqqizhou.com"
36.133.108.121 - - [23/Jun/2026:22:18:54 +0800] "HEAD /wp-content/example HTTP/1.1" 404 0 "-" "Mozilla/5.0 (X11; Ubuntu; Linux x86_64; rv:24.0) Gecko/20100101 Firefox/24.0"
36.133.115.36 - - [23/Jun/2026:22:30:04 +0800] "POST /wp-cron.php?doing_wp_cron=1782225004.9220910072326660156250 HTTP/1.1" 200 31 "-" "WordPress/7.0; http://cqqizhou.com"
36.133.108.119 - - [23/Jun/2026:22:30:04 +0800] "HEAD /wp-includes/%40 HTTP/1.1" 404 0 "-" "Mozilla/5.0 (Windows NT 6.1) AppleWebKit/537.36 (KHTML, like Gecko) Chrome/27.0.1453.90 Safari/537.36"
36.133.115.36 - - [23/Jun/2026:22:34:32 +0800] "POST /wp-cron.php?doing_wp_cron=1782225272.2602810859680175781250 HTTP/1.1" 200 31 "-" "WordPress/7.0; http://cqqizhou.com"
111.57.94.89 - - [23/Jun/2026:22:34:32 +0800] "GET /2418/ HTTP/1.1" 301 5 "-" "Mozilla/5.0 (Windows NT 10.0; Win64; x64) AppleWebKit/537.36 (KHTML, like Gecko) Chrome/131.0.0.0 Safari/537.36"
111.57.94.89 - - [23/Jun/2026:22:34:33 +0800] "GET /news/2418 HTTP/1.1" 200 27901 "http://cqqizhou.com/2418/" "Mozilla/5.0 (Windows NT 10.0; Win64; x64) AppleWebKit/537.36 (KHTML, like Gecko) Chrome/131.0.0.0 Safari/537.36"
36.133.115.36 - - [23/Jun/2026:22:45:49 +0800] "POST /wp-cron.php?doing_wp_cron=1782225949.7054400444030761718750 HTTP/1.1" 200 31 "-" "WordPress/7.0; http://cqqizhou.com"
36.133.108.119 - - [23/Jun/2026:22:45:49 +0800] "HEAD /wp-content/languages/genericons HTTP/1.1" 404 0 "-" "Mozilla/5.0 (Macintosh; Intel Mac OS X 10_8_3) AppleWebKit/537.36 (KHTML, like Gecko) Chrome/27.0.1453.93 Safari/537.36"
156.245.205.34 - - [23/Jun/2026:22:49:04 +0800] "GET /1234.php HTTP/1.1" 404 47 "-" "Mozilla/5.0 (Windows NT 10.0; WOW64; rv:48.0) Gecko/20100101 Firefox/48.0"
156.245.205.34 - - [23/Jun/2026:22:49:10 +0800] "GET /e/install/index.php?enews=setdb&f=4 HTTP/1.1" 404 47 "-" "Mozilla/5.0 (Windows NT 10.0; WOW64; rv:48.0) Gecko/20100101 Firefox/48.0"
36.133.115.36 - - [23/Jun/2026:22:57:31 +0800] "POST /wp-cron.php?doing_wp_cron=1782226651.2563350200653076171875 HTTP/1.1" 200 31 "-" "WordPress/7.0; http://cqqizhou.com"
36.133.108.119 - - [23/Jun/2026:22:57:31 +0800] "HEAD /wp-includes/images/json HTTP/1.1" 404 0 "-" "Mozilla/5.0 (compatible; MSIE 8.0; Windows NT 5.1; Trident/4.0; .NET CLR 1.1.4322; .NET CLR 2.0.50727)"
36.133.115.36 - - [23/Jun/2026:23:00:00 +0800] "POST /wp-cron.php?doing_wp_cron=1782226800.5324959754943847656250 HTTP/1.1" 200 31 "-" "WordPress/7.0; http://cqqizhou.com"
220.181.108.110 - - [23/Jun/2026:23:00:00 +0800] "GET /news/tag/%E9%87%8D%E5%BA%86%E9%82%AE%E7%94%B5%E5%A4%A7%E5%AD%A6 HTTP/1.1" 200 18518 "-" "Mozilla/5.0 (compatible; Baiduspider/2.0; +http://www.baidu.com/search/spider.html)"
36.133.108.119 - - [23/Jun/2026:23:00:03 +0800] "HEAD /log-viewer/ HTTP/1.1" 404 0 "-" "Mozilla/5.0 (Macintosh; Intel Mac OS X 10_8_3) AppleWebKit/537.36 (KHTML, like Gecko) Chrome/27.0.1453.93 Safari/537.36"
47.84.224.34 - - [23/Jun/2026:23:04:58 +0800] "GET / HTTP/1.1" 499 0 "-" "curl/7.78.0"
36.133.115.36 - - [23/Jun/2026:23:04:58 +0800] "POST /wp-cron.php?doing_wp_cron=1782227098.4888849258422851562500 HTTP/1.1" 200 31 "-" "WordPress/7.0; http://cqqizhou.com"
36.133.115.36 - - [23/Jun/2026:23:07:28 +0800] "POST /wp-cron.php?doing_wp_cron=1782227248.6264719963073730468750 HTTP/1.1" 200 31 "-" "WordPress/7.0; http://cqqizhou.com"
112.90.2.215 - - [23/Jun/2026:23:07:28 +0800] "GET /news/2527 HTTP/1.1" 200 25508 "-" "Mozilla/5.0 (Windows NT 10.0; Win64; x64) AppleWebKit/537.36 (KHTML, like Gecko) Chrome/116.0.0.0 Safari/537.36"
36.133.115.36 - - [23/Jun/2026:23:13:19 +0800] "POST /wp-cron.php?doing_wp_cron=1782227599.3310489654541015625000 HTTP/1.1" 200 31 "-" "WordPress/7.0; http://cqqizhou.com"
36.133.108.119 - - [23/Jun/2026:23:13:19 +0800] "HEAD /wp-admin/js/global.asa.tmp HTTP/1.1" 404 0 "-" "Mozilla/5.0 (Macintosh; Intel Mac OS X 10_8_3) AppleWebKit/537.36 (KHTML, like Gecko) Chrome/27.0.1453.93 Safari/537.36"
36.133.115.36 - - [23/Jun/2026:23:21:16 +0800] "POST /wp-cron.php?doing_wp_cron=1782228076.1786310672760009765625 HTTP/1.1" 200 31 "-" "WordPress/7.0; http://cqqizhou.com"
43.161.217.205 - - [23/Jun/2026:23:21:16 +0800] "GET / HTTP/1.1" 200 35183 "-" "Mozilla/5.0 (iPhone; CPU iPhone OS 13_2_3 like Mac OS X) AppleWebKit/605.1.15 (KHTML, like Gecko) Version/13.0.3 Mobile/15E148 Safari/604.1"
112.86.225.176 - - [23/Jun/2026:23:47:26 +0800] "GET / HTTP/1.1" 200 41074 "-" "Sogou web spider/4.0(+http://www.sogou.com/docs/help/webmasters.htm#07)"