31.24.154.31 - - [16/Jun/2026:17:57:31 +0800] "POST /xmlrpc.php HTTP/1.1" 200 217 "-" "Mozilla/5.0 (Windows NT 10.0; Win64; x64; rv:79.0) Gecko/20100101 Firefox/79.0"
31.24.154.31 - - [16/Jun/2026:17:57:31 +0800] "GET /?author=3 HTTP/1.1" 200 17783 "-" "Mozilla/5.0 (Windows NT 10.0; Win64; x64; rv:95.0) Gecko/20100101 Firefox/95.0"
31.24.154.31 - - [16/Jun/2026:17:57:31 +0800] "POST /wp-login.php HTTP/1.1" 200 2999 "-" "Mozilla/5.0 (Windows NT 10.0; Win64; x64; rv:40.0) Gecko/20100101 Firefox/40.0"
31.24.154.31 - - [16/Jun/2026:17:57:31 +0800] "POST /xmlrpc.php HTTP/1.1" 200 217 "-" "Mozilla/5.0 (Windows NT 10.0; Win64; x64; rv:89.0) Gecko/20100101 Firefox/89.0"
31.24.154.31 - - [16/Jun/2026:17:57:32 +0800] "POST /wp-login.php HTTP/1.1" 200 2999 "-" "Mozilla/5.0 (Windows NT 10.0; Win64; x64; rv:59.0) Gecko/20100101 Firefox/59.0"
31.24.154.31 - - [16/Jun/2026:17:57:32 +0800] "POST /xmlrpc.php HTTP/1.1" 200 217 "-" "Mozilla/5.0 (Windows NT 10.0; Win64; x64; rv:51.0) Gecko/20100101 Firefox/51.0"
31.24.154.31 - - [16/Jun/2026:17:57:32 +0800] "POST /xmlrpc.php HTTP/1.1" 200 217 "-" "Mozilla/5.0 (Windows NT 10.0; Win64; x64; rv:60.0) Gecko/20100101 Firefox/60.0"
31.24.154.31 - - [16/Jun/2026:17:57:32 +0800] "POST /xmlrpc.php HTTP/1.1" 200 217 "-" "Mozilla/5.0 (Windows NT 10.0; Win64; x64; rv:41.0) Gecko/20100101 Firefox/41.0"
31.24.154.31 - - [16/Jun/2026:17:57:32 +0800] "POST /wp-login.php HTTP/1.1" 200 2999 "-" "Mozilla/5.0 (Windows NT 10.0; Win64; x64; rv:41.0) Gecko/20100101 Firefox/41.0"
31.24.154.31 - - [16/Jun/2026:17:57:32 +0800] "GET /?author=3 HTTP/1.1" 200 17783 "-" "Mozilla/5.0 (Windows NT 10.0; Win64; x64; rv:85.0) Gecko/20100101 Firefox/85.0"
31.24.154.31 - - [16/Jun/2026:17:57:32 +0800] "POST /xmlrpc.php HTTP/1.1" 200 217 "-" "Mozilla/5.0 (Windows NT 10.0; Win64; x64; rv:59.0) Gecko/20100101 Firefox/59.0"
31.24.154.31 - - [16/Jun/2026:17:57:32 +0800] "GET /?author=3 HTTP/1.1" 200 17783 "-" "Mozilla/5.0 (Windows NT 10.0; Win64; x64; rv:56.0) Gecko/20100101 Firefox/56.0"
31.24.154.31 - - [16/Jun/2026:17:57:32 +0800] "POST /wp-login.php HTTP/1.1" 200 2999 "-" "Mozilla/5.0 (Windows NT 10.0; Win64; x64; rv:43.0) Gecko/20100101 Firefox/43.0"
31.24.154.31 - - [16/Jun/2026:17:57:32 +0800] "POST /xmlrpc.php HTTP/1.1" 200 217 "-" "Mozilla/5.0 (Windows NT 10.0; Win64; x64; rv:62.0) Gecko/20100101 Firefox/62.0"
31.24.154.31 - - [16/Jun/2026:17:57:32 +0800] "POST /xmlrpc.php HTTP/1.1" 200 217 "-" "Mozilla/5.0 (Windows NT 10.0; Win64; x64; rv:89.0) Gecko/20100101 Firefox/89.0"
31.24.154.31 - - [16/Jun/2026:17:57:32 +0800] "POST /xmlrpc.php HTTP/1.1" 200 217 "-" "Mozilla/5.0 (Windows NT 10.0; Win64; x64; rv:78.0) Gecko/20100101 Firefox/78.0"
31.24.154.31 - - [16/Jun/2026:17:57:32 +0800] "POST /wp-login.php HTTP/1.1" 200 2999 "-" "Mozilla/5.0 (Windows NT 10.0; Win64; x64; rv:82.0) Gecko/20100101 Firefox/82.0"
31.24.154.31 - - [16/Jun/2026:17:57:32 +0800] "GET /?author=3 HTTP/1.1" 200 17783 "-" "Mozilla/5.0 (Windows NT 10.0; Win64; x64; rv:87.0) Gecko/20100101 Firefox/87.0"
31.24.154.31 - - [16/Jun/2026:17:57:32 +0800] "POST /xmlrpc.php HTTP/1.1" 200 217 "-" "Mozilla/5.0 (Windows NT 10.0; Win64; x64; rv:66.0) Gecko/20100101 Firefox/66.0"
31.24.154.31 - - [16/Jun/2026:17:57:33 +0800] "GET /?author=3 HTTP/1.1" 200 17783 "-" "Mozilla/5.0 (Windows NT 10.0; Win64; x64; rv:63.0) Gecko/20100101 Firefox/63.0"
31.24.154.31 - - [16/Jun/2026:17:57:33 +0800] "GET /wp-json/wp/v2/users HTTP/1.1" 200 284 "-" "Mozilla/5.0 (Windows NT 10.0; Win64; x64; rv:59.0) Gecko/20100101 Firefox/59.0"
31.24.154.31 - - [16/Jun/2026:17:57:34 +0800] "POST /wp-login.php HTTP/1.1" 200 2999 "-" "Mozilla/5.0 (Windows NT 10.0; Win64; x64; rv:64.0) Gecko/20100101 Firefox/64.0"
31.24.154.31 - - [16/Jun/2026:17:57:34 +0800] "POST /xmlrpc.php HTTP/1.1" 200 217 "-" "Mozilla/5.0 (Windows NT 10.0; Win64; x64; rv:82.0) Gecko/20100101 Firefox/82.0"
31.24.154.31 - - [16/Jun/2026:17:57:34 +0800] "GET /wp-json/wp/v2/users HTTP/1.1" 200 284 "-" "Mozilla/5.0 (Windows NT 10.0; Win64; x64; rv:75.0) Gecko/20100101 Firefox/75.0"
31.24.154.31 - - [16/Jun/2026:17:57:34 +0800] "GET /?author=3 HTTP/1.1" 200 17783 "-" "Mozilla/5.0 (Windows NT 10.0; Win64; x64; rv:74.0) Gecko/20100101 Firefox/74.0"
31.24.154.31 - - [16/Jun/2026:17:57:34 +0800] "POST /wp-login.php HTTP/1.1" 200 2999 "-" "Mozilla/5.0 (Windows NT 10.0; Win64; x64; rv:57.0) Gecko/20100101 Firefox/57.0"
31.24.154.31 - - [16/Jun/2026:17:57:34 +0800] "POST /wp-login.php HTTP/1.1" 200 2999 "-" "Mozilla/5.0 (Windows NT 10.0; Win64; x64; rv:93.0) Gecko/20100101 Firefox/93.0"
31.24.154.31 - - [16/Jun/2026:17:57:34 +0800] "POST /wp-login.php HTTP/1.1" 200 2999 "-" "Mozilla/5.0 (Windows NT 10.0; Win64; x64; rv:88.0) Gecko/20100101 Firefox/88.0"
31.24.154.31 - - [16/Jun/2026:17:57:35 +0800] "GET /wp-json/wp/v2/users HTTP/1.1" 200 284 "-" "Mozilla/5.0 (Windows NT 10.0; Win64; x64; rv:79.0) Gecko/20100101 Firefox/79.0"
31.24.154.31 - - [16/Jun/2026:17:57:35 +0800] "POST /wp-login.php HTTP/1.1" 200 2999 "-" "Mozilla/5.0 (Windows NT 10.0; Win64; x64; rv:64.0) Gecko/20100101 Firefox/64.0"
31.24.154.31 - - [16/Jun/2026:17:57:35 +0800] "POST /wp-login.php HTTP/1.1" 200 2999 "-" "Mozilla/5.0 (Windows NT 10.0; Win64; x64; rv:57.0) Gecko/20100101 Firefox/57.0"
31.24.154.31 - - [16/Jun/2026:17:57:35 +0800] "GET /?author=3 HTTP/1.1" 200 17783 "-" "Mozilla/5.0 (Windows NT 10.0; Win64; x64; rv:43.0) Gecko/20100101 Firefox/43.0"
31.24.154.31 - - [16/Jun/2026:17:57:35 +0800] "GET /?author=3 HTTP/1.1" 200 17783 "-" "Mozilla/5.0 (Windows NT 10.0; Win64; x64; rv:79.0) Gecko/20100101 Firefox/79.0"
31.24.154.31 - - [16/Jun/2026:17:57:35 +0800] "GET /?author=3 HTTP/1.1" 200 17783 "-" "Mozilla/5.0 (Windows NT 10.0; Win64; x64; rv:48.0) Gecko/20100101 Firefox/48.0"
31.24.154.31 - - [16/Jun/2026:17:57:35 +0800] "GET /?author=3 HTTP/1.1" 200 17783 "-" "Mozilla/5.0 (Windows NT 10.0; Win64; x64; rv:96.0) Gecko/20100101 Firefox/96.0"
31.24.154.31 - - [16/Jun/2026:17:57:35 +0800] "POST /wp-login.php HTTP/1.1" 200 2999 "-" "Mozilla/5.0 (Windows NT 10.0; Win64; x64; rv:69.0) Gecko/20100101 Firefox/69.0"
31.24.154.31 - - [16/Jun/2026:17:57:35 +0800] "POST /xmlrpc.php HTTP/1.1" 200 217 "-" "Mozilla/5.0 (Windows NT 10.0; Win64; x64; rv:63.0) Gecko/20100101 Firefox/63.0"
31.24.154.31 - - [16/Jun/2026:17:57:35 +0800] "GET /?author=3 HTTP/1.1" 200 17783 "-" "Mozilla/5.0 (Windows NT 10.0; Win64; x64; rv:58.0) Gecko/20100101 Firefox/58.0"
31.24.154.31 - - [16/Jun/2026:17:57:35 +0800] "POST /xmlrpc.php HTTP/1.1" 200 217 "-" "Mozilla/5.0 (Windows NT 10.0; Win64; x64; rv:48.0) Gecko/20100101 Firefox/48.0"
31.24.154.31 - - [16/Jun/2026:17:57:35 +0800] "GET /?author=3 HTTP/1.1" 200 17783 "-" "Mozilla/5.0 (Windows NT 10.0; Win64; x64; rv:45.0) Gecko/20100101 Firefox/45.0"
31.24.154.31 - - [16/Jun/2026:17:57:35 +0800] "POST /wp-login.php HTTP/1.1" 200 2999 "-" "Mozilla/5.0 (Windows NT 10.0; Win64; x64; rv:54.0) Gecko/20100101 Firefox/54.0"
31.24.154.31 - - [16/Jun/2026:17:57:35 +0800] "POST /xmlrpc.php HTTP/1.1" 200 217 "-" "Mozilla/5.0 (Windows NT 10.0; Win64; x64; rv:59.0) Gecko/20100101 Firefox/59.0"
31.24.154.31 - - [16/Jun/2026:17:57:35 +0800] "POST /wp-login.php HTTP/1.1" 200 2999 "-" "Mozilla/5.0 (Windows NT 10.0; Win64; x64; rv:88.0) Gecko/20100101 Firefox/88.0"
31.24.154.31 - - [16/Jun/2026:17:57:35 +0800] "POST /wp-login.php HTTP/1.1" 200 2999 "-" "Mozilla/5.0 (Windows NT 10.0; Win64; x64; rv:93.0) Gecko/20100101 Firefox/93.0"
31.24.154.31 - - [16/Jun/2026:17:57:35 +0800] "POST /wp-login.php HTTP/1.1" 200 2999 "-" "Mozilla/5.0 (Windows NT 10.0; Win64; x64; rv:92.0) Gecko/20100101 Firefox/92.0"
31.24.154.31 - - [16/Jun/2026:17:57:35 +0800] "POST /xmlrpc.php HTTP/1.1" 200 217 "-" "Mozilla/5.0 (Windows NT 10.0; Win64; x64; rv:71.0) Gecko/20100101 Firefox/71.0"
31.24.154.31 - - [16/Jun/2026:17:57:35 +0800] "POST /wp-login.php HTTP/1.1" 200 2999 "-" "Mozilla/5.0 (Windows NT 10.0; Win64; x64; rv:60.0) Gecko/20100101 Firefox/60.0"
31.24.154.31 - - [16/Jun/2026:17:57:35 +0800] "POST /wp-login.php HTTP/1.1" 200 2999 "-" "Mozilla/5.0 (Windows NT 10.0; Win64; x64; rv:79.0) Gecko/20100101 Firefox/79.0"
31.24.154.31 - - [16/Jun/2026:17:57:35 +0800] "POST /wp-login.php HTTP/1.1" 200 2999 "-" "Mozilla/5.0 (Windows NT 10.0; Win64; x64; rv:51.0) Gecko/20100101 Firefox/51.0"
31.24.154.31 - - [16/Jun/2026:17:57:36 +0800] "POST /xmlrpc.php HTTP/1.1" 200 217 "-" "Mozilla/5.0 (Windows NT 10.0; Win64; x64; rv:83.0) Gecko/20100101 Firefox/83.0"
31.24.154.31 - - [16/Jun/2026:17:57:36 +0800] "POST /wp-login.php HTTP/1.1" 200 2999 "-" "Mozilla/5.0 (Windows NT 10.0; Win64; x64; rv:87.0) Gecko/20100101 Firefox/87.0"
31.24.154.31 - - [16/Jun/2026:17:57:36 +0800] "POST /xmlrpc.php HTTP/1.1" 200 217 "-" "Mozilla/5.0 (Windows NT 10.0; Win64; x64; rv:59.0) Gecko/20100101 Firefox/59.0"
31.24.154.31 - - [16/Jun/2026:17:57:36 +0800] "POST /xmlrpc.php HTTP/1.1" 200 217 "-" "Mozilla/5.0 (Windows NT 10.0; Win64; x64; rv:56.0) Gecko/20100101 Firefox/56.0"
31.24.154.31 - - [16/Jun/2026:17:57:36 +0800] "GET /?author=1 HTTP/1.1" 301 5 "-" "Mozilla/5.0 (Windows NT 10.0; Win64; x64; rv:46.0) Gecko/20100101 Firefox/46.0"
31.24.154.31 - - [16/Jun/2026:17:57:36 +0800] "GET /?author=1 HTTP/1.1" 301 5 "-" "Mozilla/5.0 (Windows NT 10.0; Win64; x64; rv:91.0) Gecko/20100101 Firefox/91.0"
31.24.154.31 - - [16/Jun/2026:17:57:36 +0800] "GET /news/author/admin HTTP/1.1" 200 26101 "-" "Mozilla/5.0 (Windows NT 10.0; Win64; x64; rv:46.0) Gecko/20100101 Firefox/46.0"
31.24.154.31 - - [16/Jun/2026:17:57:36 +0800] "POST /wp-login.php HTTP/1.1" 200 2999 "-" "Mozilla/5.0 (Windows NT 10.0; Win64; x64; rv:49.0) Gecko/20100101 Firefox/49.0"
31.24.154.31 - - [16/Jun/2026:17:57:36 +0800] "GET /news/author/admin HTTP/1.1" 200 26101 "-" "Mozilla/5.0 (Windows NT 10.0; Win64; x64; rv:91.0) Gecko/20100101 Firefox/91.0"
31.24.154.31 - - [16/Jun/2026:17:57:37 +0800] "POST /xmlrpc.php HTTP/1.1" 200 217 "-" "Mozilla/5.0 (Windows NT 10.0; Win64; x64; rv:93.0) Gecko/20100101 Firefox/93.0"
31.24.154.31 - - [16/Jun/2026:17:57:37 +0800] "GET /?author=1 HTTP/1.1" 301 5 "-" "Mozilla/5.0 (Windows NT 10.0; Win64; x64; rv:45.0) Gecko/20100101 Firefox/45.0"
31.24.154.31 - - [16/Jun/2026:17:57:37 +0800] "POST /xmlrpc.php HTTP/1.1" 200 217 "-" "Mozilla/5.0 (Windows NT 10.0; Win64; x64; rv:49.0) Gecko/20100101 Firefox/49.0"
31.24.154.31 - - [16/Jun/2026:17:57:37 +0800] "POST /xmlrpc.php HTTP/1.1" 200 217 "-" "Mozilla/5.0 (Windows NT 10.0; Win64; x64; rv:62.0) Gecko/20100101 Firefox/62.0"
31.24.154.31 - - [16/Jun/2026:17:57:37 +0800] "GET /news/author/admin HTTP/1.1" 200 26101 "-" "Mozilla/5.0 (Windows NT 10.0; Win64; x64; rv:45.0) Gecko/20100101 Firefox/45.0"
31.24.154.31 - - [16/Jun/2026:17:57:37 +0800] "POST /xmlrpc.php HTTP/1.1" 200 217 "-" "Mozilla/5.0 (Windows NT 10.0; Win64; x64; rv:74.0) Gecko/20100101 Firefox/74.0"
31.24.154.31 - - [16/Jun/2026:17:57:37 +0800] "POST /xmlrpc.php HTTP/1.1" 200 217 "-" "Mozilla/5.0 (Windows NT 10.0; Win64; x64; rv:94.0) Gecko/20100101 Firefox/94.0"
31.24.154.31 - - [16/Jun/2026:17:57:37 +0800] "POST /wp-login.php HTTP/1.1" 200 2999 "-" "Mozilla/5.0 (Windows NT 10.0; Win64; x64; rv:85.0) Gecko/20100101 Firefox/85.0"
31.24.154.31 - - [16/Jun/2026:17:57:37 +0800] "POST /xmlrpc.php HTTP/1.1" 200 217 "-" "Mozilla/5.0 (Windows NT 10.0; Win64; x64; rv:45.0) Gecko/20100101 Firefox/45.0"
31.24.154.31 - - [16/Jun/2026:17:57:37 +0800] "POST /xmlrpc.php HTTP/1.1" 200 217 "-" "Mozilla/5.0 (Windows NT 10.0; Win64; x64; rv:85.0) Gecko/20100101 Firefox/85.0"
31.24.154.31 - - [16/Jun/2026:17:57:37 +0800] "POST /wp-login.php HTTP/1.1" 200 2999 "-" "Mozilla/5.0 (Windows NT 10.0; Win64; x64; rv:41.0) Gecko/20100101 Firefox/41.0"
31.24.154.31 - - [16/Jun/2026:17:57:37 +0800] "POST /wp-login.php HTTP/1.1" 200 2999 "-" "Mozilla/5.0 (Windows NT 10.0; Win64; x64; rv:95.0) Gecko/20100101 Firefox/95.0"
31.24.154.31 - - [16/Jun/2026:17:57:37 +0800] "POST /wp-login.php HTTP/1.1" 200 2999 "-" "Mozilla/5.0 (Windows NT 10.0; Win64; x64; rv:85.0) Gecko/20100101 Firefox/85.0"
31.24.154.31 - - [16/Jun/2026:17:57:37 +0800] "POST /wp-login.php HTTP/1.1" 200 2999 "-" "Mozilla/5.0 (Windows NT 10.0; Win64; x64; rv:61.0) Gecko/20100101 Firefox/61.0"
31.24.154.31 - - [16/Jun/2026:17:57:37 +0800] "POST /wp-login.php HTTP/1.1" 200 2999 "-" "Mozilla/5.0 (Windows NT 10.0; Win64; x64; rv:90.0) Gecko/20100101 Firefox/90.0"
31.24.154.31 - - [16/Jun/2026:17:57:37 +0800] "POST /wp-login.php HTTP/1.1" 200 2999 "-" "Mozilla/5.0 (Windows NT 10.0; Win64; x64; rv:93.0) Gecko/20100101 Firefox/93.0"
31.24.154.31 - - [16/Jun/2026:17:57:38 +0800] "GET / HTTP/1.1" 200 35637 "-" "Mozilla/5.0 (Windows NT 10.0; Win64; x64; rv:71.0) Gecko/20100101 Firefox/71.0"
31.24.154.31 - - [16/Jun/2026:17:57:38 +0800] "POST /wp-login.php HTTP/1.1" 200 2999 "-" "Mozilla/5.0 (Windows NT 10.0; Win64; x64; rv:83.0) Gecko/20100101 Firefox/83.0"
31.24.154.31 - - [16/Jun/2026:17:57:38 +0800] "GET /?author=2 HTTP/1.1" 200 17785 "-" "Mozilla/5.0 (Windows NT 10.0; Win64; x64; rv:74.0) Gecko/20100101 Firefox/74.0"
31.24.154.31 - - [16/Jun/2026:17:57:38 +0800] "POST /wp-login.php HTTP/1.1" 200 2999 "-" "Mozilla/5.0 (Windows NT 10.0; Win64; x64; rv:81.0) Gecko/20100101 Firefox/81.0"
31.24.154.31 - - [16/Jun/2026:17:57:38 +0800] "POST /wp-login.php HTTP/1.1" 200 2999 "-" "Mozilla/5.0 (Windows NT 10.0; Win64; x64; rv:85.0) Gecko/20100101 Firefox/85.0"
31.24.154.31 - - [16/Jun/2026:17:57:38 +0800] "GET /?author=2 HTTP/1.1" 200 17785 "-" "Mozilla/5.0 (Windows NT 10.0; Win64; x64; rv:58.0) Gecko/20100101 Firefox/58.0"
31.24.154.31 - - [16/Jun/2026:17:57:38 +0800] "POST /wp-login.php HTTP/1.1" 200 2999 "-" "Mozilla/5.0 (Windows NT 10.0; Win64; x64; rv:49.0) Gecko/20100101 Firefox/49.0"
31.24.154.31 - - [16/Jun/2026:17:57:38 +0800] "POST /wp-login.php HTTP/1.1" 200 2999 "-" "Mozilla/5.0 (Windows NT 10.0; Win64; x64; rv:88.0) Gecko/20100101 Firefox/88.0"
31.24.154.31 - - [16/Jun/2026:17:57:38 +0800] "POST /wp-login.php HTTP/1.1" 200 2999 "-" "Mozilla/5.0 (Windows NT 10.0; Win64; x64; rv:55.0) Gecko/20100101 Firefox/55.0"
31.24.154.31 - - [16/Jun/2026:17:57:39 +0800] "POST /wp-login.php HTTP/1.1" 200 2999 "-" "Mozilla/5.0 (Windows NT 10.0; Win64; x64; rv:98.0) Gecko/20100101 Firefox/98.0"
31.24.154.31 - - [16/Jun/2026:17:57:39 +0800] "GET /?author=2 HTTP/1.1" 200 17785 "-" "Mozilla/5.0 (Windows NT 10.0; Win64; x64; rv:93.0) Gecko/20100101 Firefox/93.0"
31.24.154.31 - - [16/Jun/2026:17:57:40 +0800] "GET /wp-json/wp/v2/users HTTP/1.1" 200 284 "-" "Mozilla/5.0 (Windows NT 10.0; Win64; x64; rv:50.0) Gecko/20100101 Firefox/50.0"
31.24.154.31 - - [16/Jun/2026:17:57:40 +0800] "GET /?author=3 HTTP/1.1" 200 17783 "-" "Mozilla/5.0 (Windows NT 10.0; Win64; x64; rv:52.0) Gecko/20100101 Firefox/52.0"
31.24.154.31 - - [16/Jun/2026:17:57:40 +0800] "GET /?author=3 HTTP/1.1" 200 17783 "-" "Mozilla/5.0 (Windows NT 10.0; Win64; x64; rv:66.0) Gecko/20100101 Firefox/66.0"
31.24.154.31 - - [16/Jun/2026:17:57:40 +0800] "GET /?author=3 HTTP/1.1" 200 17783 "-" "Mozilla/5.0 (Windows NT 10.0; Win64; x64; rv:59.0) Gecko/20100101 Firefox/59.0"
31.24.154.31 - - [16/Jun/2026:17:57:41 +0800] "GET /?author=1 HTTP/1.1" 301 5 "-" "Mozilla/5.0 (Windows NT 10.0; Win64; x64; rv:77.0) Gecko/20100101 Firefox/77.0"
31.24.154.31 - - [16/Jun/2026:17:57:41 +0800] "GET /news/author/admin HTTP/1.1" 200 26101 "-" "Mozilla/5.0 (Windows NT 10.0; Win64; x64; rv:77.0) Gecko/20100101 Firefox/77.0"
31.24.154.31 - - [16/Jun/2026:17:57:41 +0800] "POST /xmlrpc.php HTTP/1.1" 200 217 "-" "Mozilla/5.0 (Windows NT 10.0; Win64; x64; rv:67.0) Gecko/20100101 Firefox/67.0"
31.24.154.31 - - [16/Jun/2026:17:57:42 +0800] "POST /xmlrpc.php HTTP/1.1" 200 217 "-" "Mozilla/5.0 (Windows NT 10.0; Win64; x64; rv:77.0) Gecko/20100101 Firefox/77.0"
31.24.154.31 - - [16/Jun/2026:17:57:42 +0800] "POST /xmlrpc.php HTTP/1.1" 200 217 "-" "Mozilla/5.0 (Windows NT 10.0; Win64; x64; rv:42.0) Gecko/20100101 Firefox/42.0"
31.24.154.31 - - [16/Jun/2026:17:57:43 +0800] "POST /wp-login.php HTTP/1.1" 200 2999 "-" "Mozilla/5.0 (Windows NT 10.0; Win64; x64; rv:48.0) Gecko/20100101 Firefox/48.0"
31.24.154.31 - - [16/Jun/2026:17:57:43 +0800] "GET /?author=2 HTTP/1.1" 200 17784 "-" "Mozilla/5.0 (Windows NT 10.0; Win64; x64; rv:41.0) Gecko/20100101 Firefox/41.0"
31.24.154.31 - - [16/Jun/2026:17:57:43 +0800] "POST /wp-login.php HTTP/1.1" 200 2999 "-" "Mozilla/5.0 (Windows NT 10.0; Win64; x64; rv:69.0) Gecko/20100101 Firefox/69.0"
31.24.154.31 - - [16/Jun/2026:17:57:43 +0800] "POST /wp-login.php HTTP/1.1" 200 2999 "-" "Mozilla/5.0 (Windows NT 10.0; Win64; x64; rv:99.0) Gecko/20100101 Firefox/99.0"
31.24.154.31 - - [16/Jun/2026:17:57:45 +0800] "GET /?author=3 HTTP/1.1" 200 17783 "-" "Mozilla/5.0 (Windows NT 10.0; Win64; x64; rv:95.0) Gecko/20100101 Firefox/95.0"
31.24.154.31 - - [16/Jun/2026:17:57:46 +0800] "POST /xmlrpc.php HTTP/1.1" 200 217 "-" "Mozilla/5.0 (Windows NT 10.0; Win64; x64; rv:70.0) Gecko/20100101 Firefox/70.0"
31.24.154.31 - - [16/Jun/2026:17:57:48 +0800] "POST /wp-login.php HTTP/1.1" 200 2999 "-" "Mozilla/5.0 (Windows NT 10.0; Win64; x64; rv:51.0) Gecko/20100101 Firefox/51.0"
36.133.108.119 - - [16/Jun/2026:18:03:33 +0800] "HEAD /vendor/phpunit/Util/PHP/eval-stdin.php HTTP/1.1" 404 0 "-" "Mozilla/5.0 (Windows NT 6.1; WOW64) AppleWebKit/537.17 (KHTML, like Gecko) Chrome/24.0.1312.60 Safari/537.17"
23.88.5.34 - - [16/Jun/2026:18:05:25 +0800] "GET /services HTTP/1.1" 200 26713 "-" "Mozilla/5.0 (Windows NT 10.0; Win64; x64) AppleWebKit/537.36 (KHTML, like Gecko) Chrome/116.0.0.0 Safari/537.36"
49.64.235.193 - - [16/Jun/2026:18:19:20 +0800] "GET / HTTP/1.1" 200 35637 "-" "Mozilla/5.0 (Windows NT 10.0; Win64; x64) AppleWebKit/537.36 (KHTML, like Gecko) Chrome/136.0.0.0 Safari/537.36"
49.64.235.193 - - [16/Jun/2026:18:19:22 +0800] "GET / HTTP/1.1" 200 35637 "http://cqqizhou.com" "Mozilla/5.0 (Windows NT 10.0; Win64; x64) AppleWebKit/537.36 (KHTML, like Gecko) Chrome/136.0.0.0 Safari/537.36"
49.64.235.193 - - [16/Jun/2026:18:19:23 +0800] "GET /contacts HTTP/1.1" 200 22096 "http://cqqizhou.com" "Mozilla/5.0 (Windows NT 10.0; Win64; x64) AppleWebKit/537.36 (KHTML, like Gecko) Chrome/136.0.0.0 Safari/537.36"
36.133.115.36 - - [16/Jun/2026:18:19:24 +0800] "POST /wp-cron.php?doing_wp_cron=1781605164.0850939750671386718750 HTTP/1.1" 200 31 "-" "WordPress/6.9; http://cqqizhou.com"
49.64.235.193 - - [16/Jun/2026:18:19:24 +0800] "GET /contacts/ HTTP/1.1" 301 5 "http://cqqizhou.com" "Mozilla/5.0 (Windows NT 10.0; Win64; x64) AppleWebKit/537.36 (KHTML, like Gecko) Chrome/136.0.0.0 Safari/537.36"
49.64.235.193 - - [16/Jun/2026:18:19:24 +0800] "GET http://cqqizhou.com/contacts HTTP/1.1" 200 22096 "http://cqqizhou.com" "Mozilla/5.0 (Windows NT 10.0; Win64; x64) AppleWebKit/537.36 (KHTML, like Gecko) Chrome/136.0.0.0 Safari/537.36"
49.64.235.193 - - [16/Jun/2026:18:19:26 +0800] "GET /contacts HTTP/1.1" 200 22096 "http://cqqizhou.com/contacts" "Mozilla/5.0 (Windows NT 10.0; Win64; x64) AppleWebKit/537.36 (KHTML, like Gecko) Chrome/136.0.0.0 Safari/537.36"
49.64.235.193 - - [16/Jun/2026:18:19:26 +0800] "GET /contacts HTTP/1.1" 200 22096 "http://cqqizhou.com/contacts/" "Mozilla/5.0 (Windows NT 10.0; Win64; x64) AppleWebKit/537.36 (KHTML, like Gecko) Chrome/136.0.0.0 Safari/537.36"
49.64.235.193 - - [16/Jun/2026:18:19:27 +0800] "GET /contacts/ HTTP/1.1" 301 5 "http://cqqizhou.com/contacts/" "Mozilla/5.0 (Windows NT 10.0; Win64; x64) AppleWebKit/537.36 (KHTML, like Gecko) Chrome/136.0.0.0 Safari/537.36"
49.64.235.193 - - [16/Jun/2026:18:19:27 +0800] "GET http://cqqizhou.com/contacts HTTP/1.1" 200 22096 "http://cqqizhou.com/contacts/" "Mozilla/5.0 (Windows NT 10.0; Win64; x64) AppleWebKit/537.36 (KHTML, like Gecko) Chrome/136.0.0.0 Safari/537.36"
119.125.90.34 - - [16/Jun/2026:18:19:27 +0800] "GET / HTTP/1.1" 301 5 "-" "Mozilla/5.0 (Windows NT 10.0; Win64; x64) AppleWebKit/537.36 (KHTML, like Gecko) Chrome/136.0.0.0 Safari/537.36"
119.125.90.34 - - [16/Jun/2026:18:19:28 +0800] "GET http://cqqizhou.com/ HTTP/1.1" 200 35637 "-" "Mozilla/5.0 (Windows NT 10.0; Win64; x64) AppleWebKit/537.36 (KHTML, like Gecko) Chrome/136.0.0.0 Safari/537.36"
49.64.235.193 - - [16/Jun/2026:18:19:30 +0800] "GET /contacts HTTP/1.1" 200 22096 "http://cqqizhou.com/contacts" "Mozilla/5.0 (Windows NT 10.0; Win64; x64) AppleWebKit/537.36 (KHTML, like Gecko) Chrome/136.0.0.0 Safari/537.36"
119.125.90.34 - - [16/Jun/2026:18:19:31 +0800] "GET /contacts HTTP/1.1" 200 22096 "http://www.cqqizhou.com" "Mozilla/5.0 (Windows NT 10.0; Win64; x64) AppleWebKit/537.36 (KHTML, like Gecko) Chrome/136.0.0.0 Safari/537.36"
119.125.90.34 - - [16/Jun/2026:18:19:32 +0800] "GET /contacts/ HTTP/1.1" 301 5 "http://www.cqqizhou.com" "Mozilla/5.0 (Windows NT 10.0; Win64; x64) AppleWebKit/537.36 (KHTML, like Gecko) Chrome/136.0.0.0 Safari/537.36"
119.125.90.34 - - [16/Jun/2026:18:19:32 +0800] "GET / HTTP/1.1" 301 5 "http://www.cqqizhou.com" "Mozilla/5.0 (Windows NT 10.0; Win64; x64) AppleWebKit/537.36 (KHTML, like Gecko) Chrome/136.0.0.0 Safari/537.36"
119.125.90.34 - - [16/Jun/2026:18:19:32 +0800] "GET http://cqqizhou.com/contacts HTTP/1.1" 200 22096 "http://www.cqqizhou.com" "Mozilla/5.0 (Windows NT 10.0; Win64; x64) AppleWebKit/537.36 (KHTML, like Gecko) Chrome/136.0.0.0 Safari/537.36"
119.125.90.34 - - [16/Jun/2026:18:19:32 +0800] "GET http://cqqizhou.com/ HTTP/1.1" 200 35637 "http://www.cqqizhou.com" "Mozilla/5.0 (Windows NT 10.0; Win64; x64) AppleWebKit/537.36 (KHTML, like Gecko) Chrome/136.0.0.0 Safari/537.36"
119.125.90.34 - - [16/Jun/2026:18:19:33 +0800] "GET /contacts HTTP/1.1" 200 22096 "http://cqqizhou.com/contacts" "Mozilla/5.0 (Windows NT 10.0; Win64; x64) AppleWebKit/537.36 (KHTML, like Gecko) Chrome/136.0.0.0 Safari/537.36"
119.125.90.34 - - [16/Jun/2026:18:19:36 +0800] "GET /contacts HTTP/1.1" 200 22096 "http://cqqizhou.com/contacts/" "Mozilla/5.0 (Windows NT 10.0; Win64; x64) AppleWebKit/537.36 (KHTML, like Gecko) Chrome/136.0.0.0 Safari/537.36"
119.125.90.34 - - [16/Jun/2026:18:19:36 +0800] "GET /contacts/ HTTP/1.1" 301 5 "http://cqqizhou.com/contacts/" "Mozilla/5.0 (Windows NT 10.0; Win64; x64) AppleWebKit/537.36 (KHTML, like Gecko) Chrome/136.0.0.0 Safari/537.36"
119.125.90.34 - - [16/Jun/2026:18:19:36 +0800] "GET http://cqqizhou.com/contacts HTTP/1.1" 200 22096 "http://cqqizhou.com/contacts/" "Mozilla/5.0 (Windows NT 10.0; Win64; x64) AppleWebKit/537.36 (KHTML, like Gecko) Chrome/136.0.0.0 Safari/537.36"
119.125.90.34 - - [16/Jun/2026:18:19:37 +0800] "GET /contacts HTTP/1.1" 200 22096 "http://cqqizhou.com/contacts" "Mozilla/5.0 (Windows NT 10.0; Win64; x64) AppleWebKit/537.36 (KHTML, like Gecko) Chrome/136.0.0.0 Safari/537.36"
121.234.231.137 - - [16/Jun/2026:18:23:11 +0800] "GET /news/tag/%E5%90%AF%E8%88%9F%E7%AE%A1%E7%90%86 HTTP/1.1" 200 24050 "-" "Mozilla/5.0 (Macintosh; Intel Mac OS X 10_15_7) AppleWebKit/537.36 (KHTML, like Gecko) Chrome/147.0.0.0 Safari/537.36"
37.18.121.20 - - [16/Jun/2026:18:44:36 +0800] "GET /news/tag/%e7%89%a9%e6%b5%81 HTTP/1.1" 200 21716 "-" "Mozilla/5.0 (Windows NT 10.0; Win64; x64) AppleWebKit/537.36 (KHTML, like Gecko) Chrome/135.0.0.0 Safari/537.36"
36.133.115.36 - - [16/Jun/2026:18:52:19 +0800] "POST /wp-cron.php?doing_wp_cron=1781607139.5196690559387207031250 HTTP/1.1" 200 31 "-" "WordPress/6.9; http://cqqizhou.com"
111.225.148.136 - - [16/Jun/2026:18:52:19 +0800] "GET / HTTP/1.1" 200 35195 "-" "Mozilla/5.0 (Linux; Android 5.0) AppleWebKit/537.36 (KHTML, like Gecko) Mobile Safari/537.36 (compatible; Bytespider; https://zhanzhang.toutiao.com/)"
36.133.108.121 - - [16/Jun/2026:18:54:58 +0800] "HEAD /vendor/phpunit/phpunit/LICENSE/eval-stdin.php HTTP/1.1" 404 0 "-" "Mozilla/5.0 (Macintosh; Intel Mac OS X 10_7_5) AppleWebKit/537.36 (KHTML, like Gecko) Chrome/27.0.1453.93 Safari/537.36"
36.133.115.36 - - [16/Jun/2026:19:09:13 +0800] "POST /wp-cron.php?doing_wp_cron=1781608153.4195830821990966796875 HTTP/1.1" 200 31 "-" "WordPress/6.9; http://cqqizhou.com"
176.65.139.66 - - [16/Jun/2026:19:09:13 +0800] "GET / HTTP/1.0" 301 0 "-" "Shodan-Pull/1.0"
36.133.115.36 - - [16/Jun/2026:19:13:39 +0800] "POST /wp-cron.php?doing_wp_cron=1781608419.2198989391326904296875 HTTP/1.1" 200 31 "-" "WordPress/6.9; http://cqqizhou.com"
8.221.141.155 - - [16/Jun/2026:19:13:39 +0800] "GET / HTTP/1.1" 301 5 "-" "Openwave/ UCWEB7.0.2.37/28/999"
8.221.141.155 - - [16/Jun/2026:19:13:39 +0800] "GET / HTTP/1.1" 200 35637 "-" "Openwave/ UCWEB7.0.2.37/28/999"
36.133.115.36 - - [16/Jun/2026:19:36:46 +0800] "POST /wp-cron.php?doing_wp_cron=1781609806.9427490234375000000000 HTTP/1.1" 200 31 "-" "WordPress/6.9; http://cqqizhou.com"
43.164.131.148 - - [16/Jun/2026:19:36:46 +0800] "GET / HTTP/1.1" 200 35196 "-" "Mozilla/5.0 (iPhone; CPU iPhone OS 13_2_3 like Mac OS X) AppleWebKit/605.1.15 (KHTML, like Gecko) Version/13.0.3 Mobile/15E148 Safari/604.1"
36.133.115.36 - - [16/Jun/2026:19:55:38 +0800] "POST /wp-cron.php?doing_wp_cron=1781610938.0538909435272216796875 HTTP/1.1" 200 31 "-" "WordPress/6.9; http://cqqizhou.com"
36.133.108.121 - - [16/Jun/2026:19:55:38 +0800] "HEAD /actuator/env HTTP/1.1" 404 0 "-" "Mozilla/5.0 (X11; Ubuntu; Linux x86_64; rv:24.0) Gecko/20100101 Firefox/24.0"
36.133.115.36 - - [16/Jun/2026:20:17:24 +0800] "POST /wp-cron.php?doing_wp_cron=1781612244.4794778823852539062500 HTTP/1.1" 200 31 "-" "WordPress/6.9; http://cqqizhou.com"
52.200.76.145 - - [16/Jun/2026:20:17:24 +0800] "GET /config HTTP/1.1" 404 32979 "-" "Mozilla/5.0 (Windows NT 10.0; Win64; x64) AppleWebKit/537.36 (KHTML, like Gecko) Chrome/136.0.0.0 Safari/537.36"
52.200.76.145 - - [16/Jun/2026:20:17:40 +0800] "GET /@fs/src/.env?raw?? HTTP/1.1" 404 32979 "-" "Mozilla/5.0 (Windows NT 10.0; Win64; x64) AppleWebKit/537.36 (KHTML, like Gecko) Chrome/136.0.0.0 Safari/537.36"
52.200.76.145 - - [16/Jun/2026:20:17:43 +0800] "GET /@fs/home/ubuntu/.config/gcloud/application_default_credentials.json?raw?? HTTP/1.1" 404 32979 "-" "Mozilla/5.0 (Windows NT 10.0; Win64; x64) AppleWebKit/537.36 (KHTML, like Gecko) Chrome/136.0.0.0 Safari/537.36"
36.133.115.36 - - [16/Jun/2026:20:21:29 +0800] "POST /wp-cron.php?doing_wp_cron=1781612489.2466840744018554687500 HTTP/1.1" 200 31 "-" "WordPress/6.9; http://cqqizhou.com"
45.148.10.67 - - [16/Jun/2026:20:21:29 +0800] "GET / HTTP/1.1" 200 35195 "-" "Mozilla/5.0 (Windows NT 10.0; Win64; x64) AppleWebKit/537.36 (KHTML, like Gecko) Chrome/131.0.0.0 Safari/537.36"
43.199.240.174 - - [16/Jun/2026:20:26:30 +0800] "GET /frphp/fr.php HTTP/1.1" 404 27 "http://www.baidu.com/" "Mozilla/5.0 (compatible; Baiduspider-render/2.0; +http://www.baidu.com/search/spider.html)"
36.133.115.36 - - [16/Jun/2026:20:32:12 +0800] "POST /wp-cron.php?doing_wp_cron=1781613132.1678540706634521484375 HTTP/1.1" 200 31 "-" "WordPress/6.9; http://cqqizhou.com"
121.89.204.167 - - [16/Jun/2026:20:32:12 +0800] "GET / HTTP/1.1" 301 5 "-" "Mozilla/5.0 (Windows NT 10.0; Win64; x64) AppleWebKit/537.36 (KHTML, like Gecko) Chrome/73.0.3683.86 Safari/537.36"
121.89.204.167 - - [16/Jun/2026:20:32:12 +0800] "GET / HTTP/1.1" 200 35637 "-" "Mozilla/5.0 (Windows NT 10.0; Win64; x64) AppleWebKit/537.36 (KHTML, like Gecko) Chrome/73.0.3683.86 Safari/537.36"
121.89.204.167 - - [16/Jun/2026:20:32:13 +0800] "GET /contacts/ HTTP/1.1" 301 5 "-" "Mozilla/5.0 (Windows NT 10.0; Win64; x64) AppleWebKit/537.36 (KHTML, like Gecko) Chrome/73.0.3683.86 Safari/537.36"
121.89.204.167 - - [16/Jun/2026:20:32:13 +0800] "GET /contacts HTTP/1.1" 200 22096 "-" "Mozilla/5.0 (Windows NT 10.0; Win64; x64) AppleWebKit/537.36 (KHTML, like Gecko) Chrome/73.0.3683.86 Safari/537.36"
36.133.115.36 - - [16/Jun/2026:20:34:07 +0800] "POST /wp-cron.php?doing_wp_cron=1781613247.2963800430297851562500 HTTP/1.1" 200 31 "-" "WordPress/6.9; http://cqqizhou.com"
145.239.66.9 - - [16/Jun/2026:20:34:07 +0800] "GET /robots.txt HTTP/1.0" 200 378 "-" "Mozilla/5.0 (compatible; MJ12bot/v1.4.8; http://mj12bot.com/)"
36.133.115.36 - - [16/Jun/2026:20:51:20 +0800] "POST /wp-cron.php?doing_wp_cron=1781614280.9521930217742919921875 HTTP/1.1" 200 31 "-" "WordPress/6.9; http://cqqizhou.com"
182.54.23.77 - - [16/Jun/2026:20:51:21 +0800] "GET / HTTP/1.1" 200 158680 "-" "-"
122.96.28.34 - - [16/Jun/2026:20:51:22 +0800] "GET / HTTP/1.1" 200 158680 "-" "-"
150.255.54.65 - - [16/Jun/2026:20:52:07 +0800] "GET / HTTP/1.1" 301 5 "-" "Mozilla/5.0 (Windows NT 6.1) AppleWebKit/537.36 (KHTML, like Gecko) Chrome/49.0.2623.112 Safari/537.36"
36.133.115.36 - - [16/Jun/2026:21:07:22 +0800] "POST /wp-cron.php?doing_wp_cron=1781615242.6694660186767578125000 HTTP/1.1" 200 31 "-" "WordPress/6.9; http://cqqizhou.com"
176.65.139.36 - - [16/Jun/2026:21:07:22 +0800] "GET http://146.56.180.42:3333/ HTTP/1.1" 200 35195 "-" "Mozilla/5.0 (Windows NT 10.0; Win64; x64) AppleWebKit/537.36"
36.133.115.36 - - [16/Jun/2026:21:16:42 +0800] "POST /wp-cron.php?doing_wp_cron=1781615802.9424400329589843750000 HTTP/1.1" 200 31 "-" "WordPress/6.9; http://cqqizhou.com"
43.130.102.7 - - [16/Jun/2026:21:16:42 +0800] "GET / HTTP/1.1" 200 35195 "-" "Mozilla/5.0 (iPhone; CPU iPhone OS 13_2_3 like Mac OS X) AppleWebKit/605.1.15 (KHTML, like Gecko) Version/13.0.3 Mobile/15E148 Safari/604.1"
36.133.115.36 - - [16/Jun/2026:21:31:47 +0800] "POST /wp-cron.php?doing_wp_cron=1781616707.5001270771026611328125 HTTP/1.1" 200 31 "-" "WordPress/6.9; http://cqqizhou.com"
103.163.118.148 - - [16/Jun/2026:21:31:47 +0800] "GET /login HTTP/1.1" 301 5 "-" "Go-http-client/1.1"
103.163.118.148 - - [16/Jun/2026:21:31:48 +0800] "GET /login HTTP/1.1" 302 5 "http://36.133.115.36:80/login" "Go-http-client/1.1"
103.163.118.148 - - [16/Jun/2026:21:31:49 +0800] "GET /wp-login.php HTTP/1.1" 200 2854 "http://36.133.115.36/login" "Go-http-client/1.1"
188.72.109.209 - - [16/Jun/2026:21:36:50 +0800] "GET /news/portfolio-category/dual-phase-steel HTTP/1.1" 200 21674 "-" "Mozilla/5.0 (Macintosh; Intel Mac OS X 10_15_7) AppleWebKit/605.1.15 (KHTML, like Gecko) Version/18.3.1 Safari/605.1.15"
36.133.115.36 - - [16/Jun/2026:21:42:00 +0800] "POST /wp-cron.php?doing_wp_cron=1781617320.2300579547882080078125 HTTP/1.1" 200 31 "-" "WordPress/6.9; http://cqqizhou.com"
152.136.23.159 - - [16/Jun/2026:21:42:00 +0800] "GET / HTTP/1.1" 200 35195 "-" "Mozilla/5.0 (iPhone; CPU iPhone OS 13_2_3 like Mac OS X) AppleWebKit/605.1.15 (KHTML, like Gecko) Version/13.0.3 Mobile/15E148 Safari/604.1"
36.133.115.36 - - [16/Jun/2026:21:42:49 +0800] "POST /wp-cron.php?doing_wp_cron=1781617369.0744190216064453125000 HTTP/1.1" 200 31 "-" "WordPress/6.9; http://cqqizhou.com"
120.241.209.202 - - [16/Jun/2026:21:42:49 +0800] "GET /2418/ HTTP/1.1" 301 5 "-" "Mozilla/5.0 (Windows NT 10.0; Win64; x64) AppleWebKit/537.36 (KHTML, like Gecko) Chrome/124.0.0.0 Safari/537.36"
112.90.2.136 - - [16/Jun/2026:21:42:49 +0800] "GET /news/2418 HTTP/1.1" 200 27927 "-" "Mozilla/5.0 (Windows NT 10.0; Win64; x64) AppleWebKit/537.36 (KHTML, like Gecko) Chrome/124.0.0.0 Safari/537.36"
111.25.50.184 - - [16/Jun/2026:21:53:32 +0800] "GET http://cqqizhou.com/wp-content/uploads/2025/07/1750945637-honor300%C3%97206_5.webp HTTP/1.1" 200 77368 "http://cqqizhou.com/" "Mozilla/5.0 (Windows NT 10.0; Win64; x64) AppleWebKit/537.36 (KHTML, like Gecko) Chrome/109.0.0.0 Safari/537.36"
36.133.115.36 - - [16/Jun/2026:21:59:23 +0800] "POST /wp-cron.php?doing_wp_cron=1781618363.2595100402832031250000 HTTP/1.1" 200 31 "-" "WordPress/6.9; http://cqqizhou.com"
112.49.179.113 - - [16/Jun/2026:21:59:23 +0800] "GET / HTTP/1.1" 200 35195 "https://m.baidu.com/" "Mozilla/5.0 (Linux; Android 15; ALI-AN00 Build/HONORALI-TN00; wv) AppleWebKit/537.36 (KHTML, like Gecko) Version/4.0 Chrome/97.0.4692.98 Mobile Safari/537.36 T7/13.40 SP-engine/3.58.0 bd_dvt/0 baiduboxapp/15.63.0.10 (Baidu; P1 15) NABar/1.0"
36.133.115.36 - - [16/Jun/2026:22:01:24 +0800] "POST /wp-cron.php?doing_wp_cron=1781618484.4142279624938964843750 HTTP/1.1" 200 31 "-" "WordPress/6.9; http://cqqizhou.com"
116.179.32.31 - - [16/Jun/2026:22:01:24 +0800] "GET / HTTP/1.1" 301 5 "-" "Mozilla/5.0 (Linux;u;Android 4.2.2;zh-cn;) AppleWebKit/534.46 (KHTML,like Gecko) Version/5.1 Mobile Safari/10600.6.3 (compatible; Baiduspider/2.0; +http://www.baidu.com/search/spider.html)"
116.179.32.198 - - [16/Jun/2026:22:01:25 +0800] "GET / HTTP/1.1" 200 35195 "-" "Mozilla/5.0 (Linux;u;Android 4.2.2;zh-cn;) AppleWebKit/534.46 (KHTML,like Gecko) Version/5.1 Mobile Safari/10600.6.3 (compatible; Baiduspider/2.0; +http://www.baidu.com/search/spider.html)"
36.133.115.36 - - [16/Jun/2026:22:30:33 +0800] "POST /wp-cron.php?doing_wp_cron=1781620233.7007920742034912109375 HTTP/1.1" 200 31 "-" "WordPress/6.9; http://cqqizhou.com"
175.4.59.136 - - [16/Jun/2026:22:30:33 +0800] "GET /wp-json/oembed/1.0/embed?url=http%3A%2F%2Fcqqizhou.com%2Fnews%2F2164 HTTP/1.1" 200 1265 "-" "Mozilla/5.0 (Windows NT 10.0; Win64; x64) AppleWebKit/537.36 (KHTML, like Gecko) Chrome/142.0.0.0 Safari/537.36"
36.133.115.36 - - [16/Jun/2026:22:31:35 +0800] "POST /wp-cron.php?doing_wp_cron=1781620295.5729689598083496093750 HTTP/1.1" 200 31 "-" "WordPress/6.9; http://cqqizhou.com"
89.108.76.74 - - [16/Jun/2026:22:31:35 +0800] "GET / HTTP/1.1" 301 5 "-" "Go-http-client/1.1"
89.108.76.74 - - [16/Jun/2026:22:31:36 +0800] "GET / HTTP/1.1" 200 35637 "http://36.133.115.36" "Go-http-client/1.1"
36.133.115.36 - - [16/Jun/2026:22:43:14 +0800] "POST /wp-cron.php?doing_wp_cron=1781620993.9793629646301269531250 HTTP/1.1" 200 31 "-" "WordPress/6.9; http://cqqizhou.com"
43.153.10.13 - - [16/Jun/2026:22:43:14 +0800] "GET / HTTP/1.1" 301 5 "-" "Mozilla/5.0 (iPhone; CPU iPhone OS 13_2_3 like Mac OS X) AppleWebKit/605.1.15 (KHTML, like Gecko) Version/13.0.3 Mobile/15E148 Safari/604.1"
43.153.10.13 - - [16/Jun/2026:22:43:16 +0800] "GET / HTTP/1.1" 200 35195 "http://36.133.115.36" "Mozilla/5.0 (iPhone; CPU iPhone OS 13_2_3 like Mac OS X) AppleWebKit/605.1.15 (KHTML, like Gecko) Version/13.0.3 Mobile/15E148 Safari/604.1"
36.133.115.36 - - [16/Jun/2026:22:44:14 +0800] "POST /wp-cron.php?doing_wp_cron=1781621054.2679460048675537109375 HTTP/1.1" 200 31 "-" "WordPress/6.9; http://cqqizhou.com"
176.65.139.36 - - [16/Jun/2026:22:44:14 +0800] "GET http://146.56.180.42:3333/ HTTP/1.1" 200 35195 "-" "Mozilla/5.0 (Windows NT 10.0; Win64; x64) AppleWebKit/537.36"
36.133.115.36 - - [16/Jun/2026:22:48:43 +0800] "POST /wp-cron.php?doing_wp_cron=1781621323.6275699138641357421875 HTTP/1.1" 200 31 "-" "WordPress/6.9; http://cqqizhou.com"
219.136.244.67 - - [16/Jun/2026:22:48:43 +0800] "GET /portfolio/%e5%86%b7%e8%bd%a7%e5%8d%b7/ HTTP/1.1" 301 5 "-" "Mozilla/5.0 (Windows NT 10.0; Win64; x64) AppleWebKit/537.36 (KHTML, like Gecko) Chrome/111.0.0.0 Safari/537.36"
112.90.14.19 - - [16/Jun/2026:22:48:43 +0800] "GET /news/portfolio/%e5%86%b7%e8%bd%a7%e5%8d%b7 HTTP/1.1" 200 22726 "-" "Mozilla/5.0 (Windows NT 10.0; Win64; x64) AppleWebKit/537.36 (KHTML, like Gecko) Chrome/111.0.0.0 Safari/537.36"
220.181.108.145 - - [16/Jun/2026:22:50:44 +0800] "GET /wp-content/uploads/2026/01/1767691467-Article_images_W900%C3%97500px202601062.webp HTTP/1.1" 200 49670 "-" "Mozilla/5.0 (compatible; Baiduspider/2.0; +http://www.baidu.com/search/spider.html)"
36.133.115.36 - - [16/Jun/2026:23:11:01 +0800] "POST /wp-cron.php?doing_wp_cron=1781622661.5455420017242431640625 HTTP/1.1" 200 31 "-" "WordPress/6.9; http://cqqizhou.com"
116.179.32.12 - - [16/Jun/2026:23:11:01 +0800] "GET /2162/ HTTP/1.1" 301 5 "-" "Mozilla/5.0 (compatible; Baiduspider/2.0; +http://www.baidu.com/search/spider.html)"
116.179.32.135 - - [16/Jun/2026:23:11:01 +0800] "GET /news/2162 HTTP/1.1" 200 25845 "-" "Mozilla/5.0 (compatible; Baiduspider/2.0; +http://www.baidu.com/search/spider.html)"
116.179.37.195 - - [16/Jun/2026:23:11:06 +0800] "GET /wp-content/uploads/2025/07/1753454089-Article_images_W900px.webp HTTP/1.1" 200 27552 "http://cqqizhou.com/news/2162" "Mozilla/5.0 (compatible; Baiduspider-render/2.0; +http://www.baidu.com/search/spider.html)"
54.39.6.64 - - [16/Jun/2026:23:27:18 +0800] "GET /news/2552 HTTP/1.1" 200 25929 "-" "Mozilla/5.0 (compatible; AhrefsBot/7.0; +http://ahrefs.com/robot/)"
36.133.115.36 - - [16/Jun/2026:23:33:40 +0800] "POST /wp-cron.php?doing_wp_cron=1781624020.5064589977264404296875 HTTP/1.1" 200 31 "-" "WordPress/6.9; http://cqqizhou.com"
176.65.139.66 - - [16/Jun/2026:23:33:40 +0800] "GET / HTTP/1.0" 301 0 "-" "Shodan-Pull/1.0"