34.162.226.224 - - [14/Jun/2026:22:03:47 +0800] "GET /src/credentials.json HTTP/1.1" 499 0 "-" "Mozilla/5.0 (X11; OpenBSD amd64; rv:28.0) Gecko/20100101 Firefox/28.0"
34.162.226.224 - - [14/Jun/2026:22:03:47 +0800] "GET /src/secrets.json HTTP/1.1" 499 0 "-" "Mozilla/5.0 (Windows NT 6.1; Win64; x64) AppleWebKit/537.36 (KHTML, like Gecko) Chrome/72.0.3626.122 Safari/537.36"
34.162.226.224 - - [14/Jun/2026:22:03:47 +0800] "GET /src/application.yml HTTP/1.1" 499 0 "-" "Mozilla/5.0 (Maemo; Linux armv7l; rv:2.0.1) Gecko/20100101 Firefox/4.0.1 Fennec/2.0.1"
34.162.226.224 - - [14/Jun/2026:22:03:47 +0800] "GET /src/application.properties HTTP/1.1" 499 0 "-" "Mozilla/5.0 (Macintosh; Intel Mac OS X 10_15) AppleWebKit/605.1.15 (KHTML, like Gecko) Version/13.0 Safari/605.1.15"
34.162.226.224 - - [14/Jun/2026:22:03:47 +0800] "GET /server/config.json HTTP/1.1" 499 0 "-" "Mozilla/5.0 (X11; Ubuntu; Linux x86_64; rv:55.0) Gecko/20100101 Firefox/55.0"
34.162.226.224 - - [14/Jun/2026:22:03:47 +0800] "GET /server/config.yml HTTP/1.1" 499 0 "-" "Xenu Link Sleuth/1.3.8"
34.162.226.224 - - [14/Jun/2026:22:03:47 +0800] "GET /server/settings.json HTTP/1.1" 499 0 "-" "Mozilla/5.0 (Windows NT 10.0; WOW64; rv:40.0) Gecko/20100101 Firefox/40.0"
34.162.226.224 - - [14/Jun/2026:22:03:47 +0800] "GET /server/database.yml HTTP/1.1" 499 0 "-" "Mozilla/5.0 (Windows NT 6.1; Win64; x64) AppleWebKit/537.36 (KHTML, like Gecko) Chrome/64.0.3282.140 Safari/537.36"
34.162.226.224 - - [14/Jun/2026:22:03:48 +0800] "GET /server/application.yml HTTP/1.1" 499 0 "-" "Mozilla/5.0 (Windows NT 10.0; WOW64) AppleWebKit/537.36 (KHTML, like Gecko) Chrome/76.0.3809.25 Safari/537.36"
34.162.226.224 - - [14/Jun/2026:22:03:48 +0800] "GET /server/application.properties HTTP/1.1" 499 0 "-" "Mozilla/5.0 (Macintosh; Intel Mac OS X 10_14_2) AppleWebKit/537.36 (KHTML, like Gecko) Chrome/75.0.3770.142 Safari/537.36"
34.162.226.224 - - [14/Jun/2026:22:03:48 +0800] "GET /server/credentials.json HTTP/1.1" 499 0 "-" "Mozilla/5.0 (Linux; Android 9; moto g(7) power) AppleWebKit/537.36 (KHTML, like Gecko) Chrome/76.0.3809.89 Mobile Safari/537.36"
34.162.226.224 - - [14/Jun/2026:22:03:48 +0800] "GET /backend/appsettings.json HTTP/1.1" 499 0 "-" "Mozilla/5.0 (Windows NT 6.1; Win64; x64) AppleWebKit/537.36 (KHTML, like Gecko) Chrome/66.0.3359.170 Safari/537.36"
34.162.226.224 - - [14/Jun/2026:22:03:48 +0800] "GET /server/appsettings.json HTTP/1.1" 499 0 "-" "Mozilla/5.0 (Windows NT 6.1; Win64; x64) AppleWebKit/537.36 (KHTML, like Gecko) Chrome/73.0.3683.75 Safari/537.36"
34.162.226.224 - - [14/Jun/2026:22:03:48 +0800] "GET /config/config.php HTTP/1.1" 499 0 "-" "Mozilla/5.0 (X11; Linux i686) AppleWebKit/535.1 (KHTML, like Gecko) Ubuntu/11.04 Chromium/14.0.825.0 Chrome/14.0.825.0 Safari/535.1"
34.162.226.224 - - [14/Jun/2026:22:03:48 +0800] "GET /config/config.json HTTP/1.1" 499 0 "-" "Opera/9.80 (Macintosh; Intel Mac OS X; U; en) Presto/2.6.30 Version/10.61"
36.133.115.36 - - [14/Jun/2026:22:19:25 +0800] "POST /wp-cron.php?doing_wp_cron=1781446765.3462769985198974609375 HTTP/1.1" 200 31 "-" "WordPress/6.9; http://cqqizhou.com"
36.133.108.121 - - [14/Jun/2026:22:19:25 +0800] "HEAD /web.war HTTP/1.1" 404 0 "-" "Mozilla/5.0 (Macintosh; Intel Mac OS X 10_7_5) AppleWebKit/537.36 (KHTML, like Gecko) Chrome/27.0.1453.93 Safari/537.36"
36.133.115.36 - - [14/Jun/2026:22:26:24 +0800] "POST /wp-cron.php?doing_wp_cron=1781447184.9618771076202392578125 HTTP/1.1" 200 31 "-" "WordPress/6.9; http://cqqizhou.com"
94.156.152.234 - admin [14/Jun/2026:22:26:24 +0800] "GET / HTTP/1.1" 200 35195 "-" "Mozilla/5.0"
94.156.152.234 - telecomadmin [14/Jun/2026:22:26:27 +0800] "GET / HTTP/1.1" 200 35195 "-" "Mozilla/5.0"
94.156.152.234 - root [14/Jun/2026:22:26:29 +0800] "GET / HTTP/1.1" 200 35195 "-" "Mozilla/5.0"
94.156.152.234 - admin [14/Jun/2026:22:26:31 +0800] "GET / HTTP/1.1" 200 35195 "-" "Mozilla/5.0"
94.156.152.234 - mso [14/Jun/2026:22:26:32 +0800] "GET / HTTP/1.1" 200 35194 "-" "Mozilla/5.0"
36.133.115.36 - - [14/Jun/2026:22:34:58 +0800] "POST /wp-cron.php?doing_wp_cron=1781447698.6838569641113281250000 HTTP/1.1" 200 31 "-" "WordPress/6.9; http://cqqizhou.com"
120.241.209.171 - - [14/Jun/2026:22:34:58 +0800] "GET /policy/ HTTP/1.1" 404 9410 "-" "Mozilla/5.0 (Windows NT 10.0; Win64; x64) AppleWebKit/537.36 (KHTML, like Gecko) Chrome/103.0.0.0 Safari/537.36"
36.133.115.36 - - [14/Jun/2026:22:44:54 +0800] "POST /wp-cron.php?doing_wp_cron=1781448293.9704849720001220703125 HTTP/1.1" 200 31 "-" "WordPress/6.9; http://cqqizhou.com"
14.112.21.174 - - [14/Jun/2026:22:44:54 +0800] "GET /policy/ HTTP/1.1" 404 9409 "-" "Mozilla/5.0 (Windows NT 10.0; Win64; x64) AppleWebKit/537.36 (KHTML, like Gecko) Chrome/116.0.0.0 Safari/537.36"
58.222.41.88 - - [14/Jun/2026:22:44:57 +0800] "GET /policy/ HTTP/1.1" 404 9409 "-" "Mozilla/5.0 (Windows NT 10.0; Win64; x64) AppleWebKit/537.36 (KHTML, like Gecko) Chrome/142.0.0.0 Safari/537.36"
36.133.115.36 - - [14/Jun/2026:23:02:41 +0800] "POST /wp-cron.php?doing_wp_cron=1781449361.2256689071655273437500 HTTP/1.1" 200 31 "-" "WordPress/6.9; http://cqqizhou.com"
216.244.66.245 - - [14/Jun/2026:23:02:41 +0800] "GET /robots.txt HTTP/1.1" 200 390 "-" "Mozilla/5.0 (compatible; DotBot/1.2; +https://opensiteexplorer.org/dotbot; help@moz.com)"
36.133.115.36 - - [14/Jun/2026:23:07:39 +0800] "POST /wp-cron.php?doing_wp_cron=1781449659.4785029888153076171875 HTTP/1.1" 200 31 "-" "WordPress/6.9; http://cqqizhou.com"
216.244.66.245 - - [14/Jun/2026:23:07:39 +0800] "GET /logistics/ HTTP/1.1" 301 5 "-" "Mozilla/5.0 (compatible; DotBot/1.2; +https://opensiteexplorer.org/dotbot; help@moz.com)"
36.133.115.36 - - [14/Jun/2026:23:14:46 +0800] "POST /wp-cron.php?doing_wp_cron=1781450086.0958020687103271484375 HTTP/1.1" 200 31 "-" "WordPress/6.9; http://cqqizhou.com"
43.166.134.114 - - [14/Jun/2026:23:14:46 +0800] "GET / HTTP/1.1" 301 5 "-" "Mozilla/5.0 (iPhone; CPU iPhone OS 13_2_3 like Mac OS X) AppleWebKit/605.1.15 (KHTML, like Gecko) Version/13.0.3 Mobile/15E148 Safari/604.1"
43.166.134.114 - - [14/Jun/2026:23:14:49 +0800] "GET / HTTP/1.1" 200 35195 "http://36.133.115.36" "Mozilla/5.0 (iPhone; CPU iPhone OS 13_2_3 like Mac OS X) AppleWebKit/605.1.15 (KHTML, like Gecko) Version/13.0.3 Mobile/15E148 Safari/604.1"
36.133.115.36 - - [14/Jun/2026:23:19:05 +0800] "POST /wp-cron.php?doing_wp_cron=1781450345.1262140274047851562500 HTTP/1.1" 200 31 "-" "WordPress/6.9; http://cqqizhou.com"
43.153.35.128 - - [14/Jun/2026:23:19:05 +0800] "GET / HTTP/1.1" 200 35195 "-" "Mozilla/5.0 (iPhone; CPU iPhone OS 13_2_3 like Mac OS X) AppleWebKit/605.1.15 (KHTML, like Gecko) Version/13.0.3 Mobile/15E148 Safari/604.1"
113.71.213.78 - - [14/Jun/2026:23:24:24 +0800] "GET /news/2163 HTTP/1.1" 200 24547 "-" "Mozilla/5.0 (Macintosh; Intel Mac OS X 10.15; rv:133.0) Gecko/20100101 Firefox/133.0"
36.133.115.36 - - [14/Jun/2026:23:26:49 +0800] "POST /wp-cron.php?doing_wp_cron=1781450809.6099960803985595703125 HTTP/1.1" 200 31 "-" "WordPress/6.9; http://cqqizhou.com"
36.133.108.121 - - [14/Jun/2026:23:26:49 +0800] "HEAD /1.war HTTP/1.1" 404 0 "-" "Mozilla/5.0 (iPad; U; CPU OS 3_2 like Mac OS X; en-us) AppleWebKit/531.21.10 (KHTML, like Gecko) Version/4.0.4 Mobile/7B334b Safari/531.21.10"
61.155.157.14 - - [14/Jun/2026:23:27:49 +0800] "GET / HTTP/1.1" 200 35637 "-" "Mozilla/5.0 (Windows NT 10.0; Win64; x64) AppleWebKit/537.36 (KHTML, like Gecko) Chrome/100.0.4896.127 Safari/537.36"
61.155.157.14 - - [14/Jun/2026:23:28:11 +0800] "GET /wp-json/sliderrevolution/sliders/1?srengine=7&slideid=2 HTTP/1.1" 200 2000 "http://cqqizhou.com/" "Mozilla/5.0 (Windows NT 10.0; Win64; x64) AppleWebKit/537.36 (KHTML, like Gecko) Chrome/100.0.4896.127 Safari/537.36"
36.133.115.36 - - [14/Jun/2026:23:28:11 +0800] "POST /wp-cron.php?doing_wp_cron=1781450890.9909780025482177734375 HTTP/1.1" 200 31 "-" "WordPress/6.9; http://cqqizhou.com"
61.155.157.14 - - [14/Jun/2026:23:28:11 +0800] "GET /wp-json/sliderrevolution/sliders/1?srengine=7&slideid=4 HTTP/1.1" 200 2580 "http://cqqizhou.com/" "Mozilla/5.0 (Windows NT 10.0; Win64; x64) AppleWebKit/537.36 (KHTML, like Gecko) Chrome/100.0.4896.127 Safari/537.36"
61.155.157.14 - - [14/Jun/2026:23:28:18 +0800] "GET /wp-content/uploads/2025/07/1751425283-qizhou.kf_.qq_.com_.webp HTTP/1.1" 200 16864 "http://cqqizhou.com/" "Mozilla/5.0 (Windows NT 10.0; Win64; x64) AppleWebKit/537.36 (KHTML, like Gecko) Chrome/100.0.4896.127 Safari/537.36"
61.155.157.14 - - [14/Jun/2026:23:28:18 +0800] "GET /wp-content/uploads/2025/07/1751425283-qizhou.kf_.qq_.com_.webp HTTP/1.1" 200 16864 "http://cqqizhou.com/" "Mozilla/5.0 (Windows NT 10.0; Win64; x64) AppleWebKit/537.36 (KHTML, like Gecko) Chrome/100.0.4896.127 Safari/537.36"
61.155.157.14 - - [14/Jun/2026:23:44:13 +0800] "GET / HTTP/1.1" 200 35637 "-" "Mozilla/5.0 (Windows NT 10.0; Win64; x64) AppleWebKit/537.36 (KHTML, like Gecko) Chrome/100.0.4896.127 Safari/537.36"
36.133.115.36 - - [14/Jun/2026:23:44:22 +0800] "POST /wp-cron.php?doing_wp_cron=1781451862.5022261142730712890625 HTTP/1.1" 200 31 "-" "WordPress/6.9; http://cqqizhou.com"
61.155.157.14 - - [14/Jun/2026:23:44:22 +0800] "GET /wp-json/sliderrevolution/sliders/1?srengine=7&slideid=2 HTTP/1.1" 200 2000 "http://cqqizhou.com/" "Mozilla/5.0 (Windows NT 10.0; Win64; x64) AppleWebKit/537.36 (KHTML, like Gecko) Chrome/100.0.4896.127 Safari/537.36"
36.133.115.36 - - [14/Jun/2026:23:44:22 +0800] "POST /wp-cron.php?doing_wp_cron=1781451862.5023870468139648437500 HTTP/1.1" 200 31 "-" "WordPress/6.9; http://cqqizhou.com"
61.155.157.14 - - [14/Jun/2026:23:44:22 +0800] "GET /wp-json/sliderrevolution/sliders/1?srengine=7&slideid=4 HTTP/1.1" 200 2580 "http://cqqizhou.com/" "Mozilla/5.0 (Windows NT 10.0; Win64; x64) AppleWebKit/537.36 (KHTML, like Gecko) Chrome/100.0.4896.127 Safari/537.36"
61.155.157.14 - - [14/Jun/2026:23:44:31 +0800] "GET /contacts/ HTTP/1.1" 301 5 "http://cqqizhou.com/" "Mozilla/5.0 (Windows NT 10.0; Win64; x64) AppleWebKit/537.36 (KHTML, like Gecko) Chrome/100.0.4896.127 Safari/537.36"
61.155.157.14 - - [14/Jun/2026:23:44:31 +0800] "GET /contacts HTTP/1.1" 200 22096 "http://cqqizhou.com/" "Mozilla/5.0 (Windows NT 10.0; Win64; x64) AppleWebKit/537.36 (KHTML, like Gecko) Chrome/100.0.4896.127 Safari/537.36"
61.155.157.14 - - [14/Jun/2026:23:44:34 +0800] "GET /wp-json/contact-form-7/v1/contact-forms/158/feedback/schema HTTP/1.1" 200 358 "http://cqqizhou.com/contacts" "Mozilla/5.0 (Windows NT 10.0; Win64; x64) AppleWebKit/537.36 (KHTML, like Gecko) Chrome/100.0.4896.127 Safari/537.36"
61.155.157.14 - - [14/Jun/2026:23:44:38 +0800] "GET /wp-json/contact-form-7/v1/contact-forms/158/refill HTTP/1.1" 200 33 "http://cqqizhou.com/contacts" "Mozilla/5.0 (Windows NT 10.0; Win64; x64) AppleWebKit/537.36 (KHTML, like Gecko) Chrome/100.0.4896.127 Safari/537.36"
216.244.66.245 - - [14/Jun/2026:23:45:04 +0800] "GET /robots.txt HTTP/1.1" 200 390 "-" "Mozilla/5.0 (compatible; DotBot/1.2; +https://opensiteexplorer.org/dotbot; help@moz.com)"
61.155.157.14 - - [14/Jun/2026:23:45:06 +0800] "GET /about HTTP/1.1" 200 25029 "http://cqqizhou.com/" "Mozilla/5.0 (Windows NT 10.0; Win64; x64) AppleWebKit/537.36 (KHTML, like Gecko) Chrome/100.0.4896.127 Safari/537.36"
61.155.157.14 - - [14/Jun/2026:23:45:47 +0800] "GET /about HTTP/1.1" 200 25029 "http://cqqizhou.com/" "Mozilla/5.0 (Windows NT 10.0; Win64; x64) AppleWebKit/537.36 (KHTML, like Gecko) Chrome/100.0.4896.127 Safari/537.36"
36.133.115.36 - - [14/Jun/2026:23:49:55 +0800] "POST /wp-cron.php?doing_wp_cron=1781452195.7906479835510253906250 HTTP/1.1" 200 31 "-" "WordPress/6.9; http://cqqizhou.com"
216.244.66.245 - - [14/Jun/2026:23:49:55 +0800] "GET /club/ HTTP/1.1" 301 5 "-" "Mozilla/5.0 (compatible; DotBot/1.2; +https://opensiteexplorer.org/dotbot; help@moz.com)"