144.31.16.74 - - [14/Jun/2026:09:50:16 +0800] "GET /ws/ec/vendor/phpunit/phpunit/src/Util/PHP/eval-stdin.php HTTP/1.1" 404 27 "-" "libredtail-http"
144.31.16.74 - - [14/Jun/2026:09:50:16 +0800] "GET /V2/vendor/phpunit/phpunit/src/Util/PHP/eval-stdin.php HTTP/1.1" 404 27 "-" "libredtail-http"
144.31.16.74 - - [14/Jun/2026:09:50:16 +0800] "GET /tests/vendor/phpunit/phpunit/src/Util/PHP/eval-stdin.php HTTP/1.1" 404 27 "-" "libredtail-http"
144.31.16.74 - - [14/Jun/2026:09:50:17 +0800] "GET /test/vendor/phpunit/phpunit/src/Util/PHP/eval-stdin.php HTTP/1.1" 404 27 "-" "libredtail-http"
144.31.16.74 - - [14/Jun/2026:09:50:17 +0800] "GET /testing/vendor/phpunit/phpunit/src/Util/PHP/eval-stdin.php HTTP/1.1" 404 27 "-" "libredtail-http"
144.31.16.74 - - [14/Jun/2026:09:50:17 +0800] "GET /api/vendor/phpunit/phpunit/src/Util/PHP/eval-stdin.php HTTP/1.1" 404 27 "-" "libredtail-http"
144.31.16.74 - - [14/Jun/2026:09:50:18 +0800] "GET /demo/vendor/phpunit/phpunit/src/Util/PHP/eval-stdin.php HTTP/1.1" 404 27 "-" "libredtail-http"
144.31.16.74 - - [14/Jun/2026:09:50:18 +0800] "GET /cms/vendor/phpunit/phpunit/src/Util/PHP/eval-stdin.php HTTP/1.1" 404 27 "-" "libredtail-http"
144.31.16.74 - - [14/Jun/2026:09:50:18 +0800] "GET /crm/vendor/phpunit/phpunit/src/Util/PHP/eval-stdin.php HTTP/1.1" 404 27 "-" "libredtail-http"
144.31.16.74 - - [14/Jun/2026:09:50:19 +0800] "GET /admin/vendor/phpunit/phpunit/src/Util/PHP/eval-stdin.php HTTP/1.1" 404 27 "-" "libredtail-http"
144.31.16.74 - - [14/Jun/2026:09:50:19 +0800] "GET /backup/vendor/phpunit/phpunit/src/Util/PHP/eval-stdin.php HTTP/1.1" 404 27 "-" "libredtail-http"
144.31.16.74 - - [14/Jun/2026:09:50:20 +0800] "GET /blog/vendor/phpunit/phpunit/src/Util/PHP/eval-stdin.php HTTP/1.1" 404 27 "-" "libredtail-http"
144.31.16.74 - - [14/Jun/2026:09:50:20 +0800] "GET /workspace/drupal/vendor/phpunit/phpunit/src/Util/PHP/eval-stdin.php HTTP/1.1" 404 27 "-" "libredtail-http"
144.31.16.74 - - [14/Jun/2026:09:50:21 +0800] "GET /panel/vendor/phpunit/phpunit/src/Util/PHP/eval-stdin.php HTTP/1.1" 404 27 "-" "libredtail-http"
144.31.16.74 - - [14/Jun/2026:09:50:21 +0800] "GET /public/vendor/phpunit/phpunit/src/Util/PHP/eval-stdin.php HTTP/1.1" 404 27 "-" "libredtail-http"
144.31.16.74 - - [14/Jun/2026:09:50:21 +0800] "GET /apps/vendor/phpunit/phpunit/src/Util/PHP/eval-stdin.php HTTP/1.1" 404 27 "-" "libredtail-http"
144.31.16.74 - - [14/Jun/2026:09:50:22 +0800] "GET /app/vendor/phpunit/phpunit/src/Util/PHP/eval-stdin.php HTTP/1.1" 404 27 "-" "libredtail-http"
36.133.115.36 - - [14/Jun/2026:09:50:23 +0800] "POST /wp-cron.php?doing_wp_cron=1781401823.8614320755004882812500 HTTP/1.1" 200 31 "-" "WordPress/6.9; http://cqqizhou.com"
144.31.16.74 - - [14/Jun/2026:09:50:23 +0800] "GET /index.php?s=/index/\x5Cthink\x5Capp/invokefunction&function=call_user_func_array&vars[0]=md5&vars[1][]=Hello HTTP/1.1" 200 67591 "-" "libredtail-http"
144.31.16.74 - - [14/Jun/2026:09:50:24 +0800] "GET /public/index.php?s=/index/\x5Cthink\x5Capp/invokefunction&function=call_user_func_array&vars[0]=md5&vars[1][]=Hello HTTP/1.1" 404 27 "-" "libredtail-http"
144.31.16.74 - - [14/Jun/2026:09:50:26 +0800] "GET /index.php?lang=../../../../../../../../usr/local/lib/php/pearcmd&+config-create+/&/<?echo(md5(\x22hi\x22));?>+/tmp/index1.php HTTP/1.1" 200 158680 "-" "libredtail-http"
144.31.16.74 - - [14/Jun/2026:09:50:28 +0800] "GET /index.php?lang=../../../../../../../../tmp/index1 HTTP/1.1" 200 158680 "-" "libredtail-http"
144.31.16.74 - - [14/Jun/2026:09:50:29 +0800] "GET /containers/json HTTP/1.1" 301 5 "-" "libredtail-http"
144.31.16.74 - - [14/Jun/2026:09:50:31 +0800] "GET /containers/json HTTP/1.1" 301 5 "-" "libredtail-http"
142.44.228.16 - - [14/Jun/2026:09:58:02 +0800] "GET /news/2160 HTTP/1.1" 200 30119 "-" "Mozilla/5.0 (compatible; AhrefsBot/7.0; +http://ahrefs.com/robot/)"
36.133.115.36 - - [14/Jun/2026:10:05:10 +0800] "POST /wp-cron.php?doing_wp_cron=1781402710.2622039318084716796875 HTTP/1.1" 200 31 "-" "WordPress/6.9; http://cqqizhou.com"
110.249.202.38 - - [14/Jun/2026:10:05:10 +0800] "GET /robots.txt HTTP/1.1" 200 190 "-" "Mozilla/5.0 (Linux; Android 5.0) AppleWebKit/537.36 (KHTML, like Gecko) Mobile Safari/537.36 (compatible; Bytespider; https://zhanzhang.toutiao.com/)"
36.133.115.36 - - [14/Jun/2026:10:09:25 +0800] "POST /wp-cron.php?doing_wp_cron=1781402965.5389769077301025390625 HTTP/1.1" 200 31 "-" "WordPress/6.9; http://cqqizhou.com"
216.244.66.245 - - [14/Jun/2026:10:09:25 +0800] "GET /robots.txt HTTP/1.1" 200 390 "-" "Mozilla/5.0 (compatible; DotBot/1.2; +https://opensiteexplorer.org/dotbot; help@moz.com)"
216.244.66.245 - - [14/Jun/2026:10:14:23 +0800] "GET /news/2585 HTTP/1.1" 200 77886 "-" "Mozilla/5.0 (compatible; DotBot/1.2; +https://opensiteexplorer.org/dotbot; help@moz.com)"
36.133.115.36 - - [14/Jun/2026:10:27:51 +0800] "POST /wp-cron.php?doing_wp_cron=1781404071.7278931140899658203125 HTTP/1.1" 200 31 "-" "WordPress/6.9; http://cqqizhou.com"
39.83.96.59 - - [14/Jun/2026:10:27:51 +0800] "GET /news/2521 HTTP/1.1" 301 5 "http://cqqizhou.com/" "Mozilla/5.0 (Windows NT 10.0; Win64; x64) AppleWebKit/537.36 (KHTML, like Gecko) Chrome/131.0.0.0 Safari/537.36"
39.83.96.59 - - [14/Jun/2026:10:27:52 +0800] "GET /news/2518/1article_images_w900px HTTP/1.1" 301 5 "http://cqqizhou.com/" "Mozilla/5.0 (Windows NT 10.0; Win64; x64) AppleWebKit/537.36 (KHTML, like Gecko) Chrome/131.0.0.0 Safari/537.36"
39.83.96.59 - - [14/Jun/2026:10:27:52 +0800] "GET /wp-content/uploads/2026/03/1772790943-1Article_images_W900px.webp HTTP/1.1" 200 35332 "http://cqqizhou.com/" "Mozilla/5.0 (Windows NT 10.0; Win64; x64) AppleWebKit/537.36 (KHTML, like Gecko) Chrome/131.0.0.0 Safari/537.36"
122.8.47.119 - - [14/Jun/2026:10:33:31 +0800] "GET /news HTTP/1.1" 200 26113 "-" "Mozilla/5.0 (Windows NT 10.0; Win64; x64) AppleWebKit/537.36 (KHTML, like Gecko) Chrome/131.0.0.0 Safari/537.36 Edg/131.0.0.0"
36.133.115.36 - - [14/Jun/2026:10:36:52 +0800] "POST /wp-cron.php?doing_wp_cron=1781404612.6209599971771240234375 HTTP/1.1" 200 31 "-" "WordPress/6.9; http://cqqizhou.com"
164.92.137.153 - - [14/Jun/2026:10:36:52 +0800] "GET / HTTP/1.1" 301 5 "-" "Go-http-client/1.1"
164.92.137.153 - - [14/Jun/2026:10:36:53 +0800] "GET / HTTP/1.1" 200 35637 "http://36.133.115.36" "Go-http-client/1.1"
36.133.115.36 - - [14/Jun/2026:10:43:13 +0800] "POST /wp-cron.php?doing_wp_cron=1781404993.3742709159851074218750 HTTP/1.1" 200 31 "-" "WordPress/6.9; http://cqqizhou.com"
1.14.110.85 - - [14/Jun/2026:10:43:13 +0800] "GET / HTTP/1.1" 301 5 "-" "Mozilla/5.0 (iPhone; CPU iPhone OS 13_2_3 like Mac OS X) AppleWebKit/605.1.15 (KHTML, like Gecko) Version/13.0.3 Mobile/15E148 Safari/604.1"
1.14.110.85 - - [14/Jun/2026:10:43:17 +0800] "GET / HTTP/1.1" 200 35195 "http://www.cqqizhou.com" "Mozilla/5.0 (iPhone; CPU iPhone OS 13_2_3 like Mac OS X) AppleWebKit/605.1.15 (KHTML, like Gecko) Version/13.0.3 Mobile/15E148 Safari/604.1"
220.181.108.113 - - [14/Jun/2026:10:56:19 +0800] "GET /news/2160 HTTP/1.1" 200 30119 "-" "Mozilla/5.0 (compatible; Baiduspider/2.0; +http://www.baidu.com/search/spider.html)"
36.133.115.36 - - [14/Jun/2026:10:59:09 +0800] "POST /wp-cron.php?doing_wp_cron=1781405949.0576789379119873046875 HTTP/1.1" 200 31 "-" "WordPress/6.9; http://cqqizhou.com"
34.140.239.211 - - [14/Jun/2026:10:59:09 +0800] "GET / HTTP/1.1" 200 35195 "-" "Mozilla/5.0 (Windows NT 10.0; Win64; x64) AppleWebKit/537.36 (KHTML, like Gecko) Chrome/127.0.0.0 Safari/537.36"
207.175.16.142 - - [14/Jun/2026:10:59:15 +0800] "GET / HTTP/1.1" 301 5 "-" "Mozilla/5.0 (compatible)"
36.133.115.36 - - [14/Jun/2026:11:02:00 +0800] "POST /wp-cron.php?doing_wp_cron=1781406120.3996710777282714843750 HTTP/1.1" 200 31 "-" "WordPress/6.9; http://cqqizhou.com"
46.101.213.38 - - [14/Jun/2026:11:02:00 +0800] "GET / HTTP/1.1" 301 5 "-" "curl/7.81.0"
36.133.115.36 - - [14/Jun/2026:11:05:19 +0800] "POST /wp-cron.php?doing_wp_cron=1781406319.8993508815765380859375 HTTP/1.1" 200 31 "-" "WordPress/6.9; http://cqqizhou.com"
45.148.10.67 - - [14/Jun/2026:11:05:19 +0800] "GET / HTTP/1.1" 200 35194 "-" "Mozilla/5.0 (Windows NT 10.0; Win64; x64) AppleWebKit/537.36 (KHTML, like Gecko) Chrome/131.0.0.0 Safari/537.36"
36.133.115.36 - - [14/Jun/2026:11:14:38 +0800] "POST /wp-cron.php?doing_wp_cron=1781406877.9738230705261230468750 HTTP/1.1" 200 31 "-" "WordPress/6.9; http://cqqizhou.com"
111.63.61.128 - - [14/Jun/2026:11:14:38 +0800] "GET /2418/ HTTP/1.1" 301 5 "-" "Mozilla/5.0 (Linux; Android 10; OnePlus 7 Build/QQ3A.200805.001; wv) AppleWebKit/537.36 (KHTML, like Gecko) Version/4.0 Chrome/75.0.3770.156 Mobile Safari/537.36 aweme_170500 JsSdk/1.0 NetType/4G Channel/local_test AppName/aweme app_version/17.5.0 ByteLocale/zh-CN Region/CN AppSkin/white AppTheme/light BytedanceWebview/d8a21c6 TTWebView/0751130036105"
111.63.61.128 - - [14/Jun/2026:11:14:38 +0800] "GET /news/2418 HTTP/1.1" 200 23916 "-" "Mozilla/5.0 (Linux; Android 10; OnePlus 7 Build/QQ3A.200805.001; wv) AppleWebKit/537.36 (KHTML, like Gecko) Version/4.0 Chrome/75.0.3770.156 Mobile Safari/537.36 aweme_170500 JsSdk/1.0 NetType/4G Channel/local_test AppName/aweme app_version/17.5.0 ByteLocale/zh-CN Region/CN AppSkin/white AppTheme/light BytedanceWebview/d8a21c6 TTWebView/0751130036105"
111.63.211.140 - - [14/Jun/2026:11:14:39 +0800] "GET /wp-content/uploads/revslider/slider-1/1750861156-logistics_Slider_3840%C3%972160_20250625191356-scaled-768x432.webp HTTP/1.1" 200 31912 "http://cqqizhou.com/news/2418" "Mozilla/5.0 (Linux; Android 10; OnePlus 7 Build/QQ3A.200805.001; wv) AppleWebKit/537.36 (KHTML, like Gecko) Version/4.0 Chrome/75.0.3770.156 Mobile Safari/537.36 aweme_170500 JsSdk/1.0 NetType/4G Channel/local_test AppName/aweme app_version/17.5.0 ByteLocale/zh-CN Region/CN AppSkin/white AppTheme/light BytedanceWebview/d8a21c6 TTWebView/0751130036105"
111.63.61.128 - - [14/Jun/2026:11:14:39 +0800] "GET /wp-content/uploads/2026/05/1779328461-1Article_images_W900px-768x432.webp HTTP/1.1" 200 37678 "http://cqqizhou.com/news/2418" "Mozilla/5.0 (Linux; Android 10; OnePlus 7 Build/QQ3A.200805.001; wv) AppleWebKit/537.36 (KHTML, like Gecko) Version/4.0 Chrome/75.0.3770.156 Mobile Safari/537.36 aweme_170500 JsSdk/1.0 NetType/4G Channel/local_test AppName/aweme app_version/17.5.0 ByteLocale/zh-CN Region/CN AppSkin/white AppTheme/light BytedanceWebview/d8a21c6 TTWebView/0751130036105"
111.63.211.134 - - [14/Jun/2026:11:14:39 +0800] "GET /wp-content/uploads/2026/06/1780363378-1Article_images_W900px-768x432.webp HTTP/1.1" 200 61120 "http://cqqizhou.com/news/2418" "Mozilla/5.0 (Linux; Android 10; OnePlus 7 Build/QQ3A.200805.001; wv) AppleWebKit/537.36 (KHTML, like Gecko) Version/4.0 Chrome/75.0.3770.156 Mobile Safari/537.36 aweme_170500 JsSdk/1.0 NetType/4G Channel/local_test AppName/aweme app_version/17.5.0 ByteLocale/zh-CN Region/CN AppSkin/white AppTheme/light BytedanceWebview/d8a21c6 TTWebView/0751130036105"
111.63.61.132 - - [14/Jun/2026:11:14:39 +0800] "GET /wp-content/uploads/2025/07/1751425283-qizhou.kf_.qq_.com_.webp HTTP/1.1" 200 16864 "http://cqqizhou.com/news/2418" "Mozilla/5.0 (Linux; Android 10; OnePlus 7 Build/QQ3A.200805.001; wv) AppleWebKit/537.36 (KHTML, like Gecko) Version/4.0 Chrome/75.0.3770.156 Mobile Safari/537.36 aweme_170500 JsSdk/1.0 NetType/4G Channel/local_test AppName/aweme app_version/17.5.0 ByteLocale/zh-CN Region/CN AppSkin/white AppTheme/light BytedanceWebview/d8a21c6 TTWebView/0751130036105"
111.63.61.128 - - [14/Jun/2026:11:14:39 +0800] "GET /wp-content/uploads/2025/07/1753410289-News2000%C3%97400_202571.webp HTTP/1.1" 200 17830 "http://cqqizhou.com/news/2418" "Mozilla/5.0 (Linux; Android 10; OnePlus 7 Build/QQ3A.200805.001; wv) AppleWebKit/537.36 (KHTML, like Gecko) Version/4.0 Chrome/75.0.3770.156 Mobile Safari/537.36 aweme_170500 JsSdk/1.0 NetType/4G Channel/local_test AppName/aweme app_version/17.5.0 ByteLocale/zh-CN Region/CN AppSkin/white AppTheme/light BytedanceWebview/d8a21c6 TTWebView/0751130036105"
36.133.115.36 - - [14/Jun/2026:11:16:17 +0800] "POST /wp-cron.php?doing_wp_cron=1781406977.0549759864807128906250 HTTP/1.1" 200 31 "-" "WordPress/6.9; http://cqqizhou.com"
8.216.85.75 - - [14/Jun/2026:11:16:17 +0800] "GET / HTTP/1.1" 301 5 "-" "Mozilla/5.0 (compatible; MSIE 9.0; Windows NT 6.1; Trident/5.0;"
8.216.85.75 - - [14/Jun/2026:11:16:17 +0800] "GET / HTTP/1.1" 200 35637 "-" "Mozilla/5.0 (compatible; MSIE 9.0; Windows NT 6.1; Trident/5.0;"
36.133.115.36 - - [14/Jun/2026:11:23:40 +0800] "POST /wp-cron.php?doing_wp_cron=1781407420.5621719360351562500000 HTTP/1.1" 200 31 "-" "WordPress/6.9; http://cqqizhou.com"
220.181.108.147 - - [14/Jun/2026:11:23:40 +0800] "GET /wp-json/oembed/1.0/embed?url=http%3A%2F%2Fcqqizhou.com%2Fbug%2F HTTP/1.1" 200 1137 "-" "Mozilla/5.0 (compatible; Baiduspider/2.0; +http://www.baidu.com/search/spider.html)"
36.133.115.36 - - [14/Jun/2026:11:44:21 +0800] "POST /wp-cron.php?doing_wp_cron=1781408661.5443849563598632812500 HTTP/1.1" 200 31 "-" "WordPress/6.9; http://cqqizhou.com"
24.144.84.83 - - [14/Jun/2026:11:44:21 +0800] "GET / HTTP/1.1" 301 5 "-" "Mozilla/5.0 (Macintosh; Intel Mac OS X 10.15; rv:88.0) Gecko/20100101 Firefox/88.0"
36.133.115.36 - - [14/Jun/2026:11:48:18 +0800] "POST /wp-cron.php?doing_wp_cron=1781408897.9696750640869140625000 HTTP/1.1" 200 31 "-" "WordPress/6.9; http://cqqizhou.com"
82.197.67.130 - - [14/Jun/2026:11:48:18 +0800] "GET / HTTP/1.1" 301 5 "-" "Go-http-client/1.1"
36.133.115.36 - - [14/Jun/2026:11:53:22 +0800] "POST /wp-cron.php?doing_wp_cron=1781409202.4227619171142578125000 HTTP/1.1" 200 31 "-" "WordPress/6.9; http://cqqizhou.com"
114.119.144.41 - - [14/Jun/2026:11:53:22 +0800] "GET /robots.txt HTTP/1.1" 200 190 "http://cqqizhou.com/robots.txt" "Mozilla/5.0 (compatible;PetalBot;+https://webmaster.petalsearch.com/site/petalbot)"
36.133.115.36 - - [14/Jun/2026:11:56:16 +0800] "POST /wp-cron.php?doing_wp_cron=1781409376.5127279758453369140625 HTTP/1.1" 200 31 "-" "WordPress/6.9; http://cqqizhou.com"
205.169.39.49 - - [14/Jun/2026:11:56:16 +0800] "GET / HTTP/1.1" 301 5 "-" "Mozilla/5.0 (Windows NT 10.0; Win64; x64) AppleWebKit/537.36 (KHTML, like Gecko) Chrome/117.0.5938.132 Safari/537.36"
205.169.39.49 - - [14/Jun/2026:11:56:17 +0800] "GET / HTTP/1.1" 200 35637 "-" "Mozilla/5.0 (Windows NT 10.0; Win64; x64) AppleWebKit/537.36 (KHTML, like Gecko) Chrome/117.0.5938.132 Safari/537.36"
205.169.39.49 - - [14/Jun/2026:11:56:19 +0800] "GET /wp-content/uploads/2025/07/1751425283-qizhou.kf_.qq_.com_.webp HTTP/1.1" 200 16864 "http://cqqizhou.com/" "Mozilla/5.0 (Windows NT 10.0; Win64; x64) AppleWebKit/537.36 (KHTML, like Gecko) Chrome/117.0.5938.132 Safari/537.36"
205.169.39.49 - - [14/Jun/2026:11:56:24 +0800] "GET /wp-content/uploads/2025/07/1750174127-Marketing1920x800_3.webp HTTP/1.1" 200 52790 "http://cqqizhou.com/wp-content/uploads/elementor/css/post-1666.css?ver=1778295900" "Mozilla/5.0 (Windows NT 10.0; Win64; x64) AppleWebKit/537.36 (KHTML, like Gecko) Chrome/117.0.5938.132 Safari/537.36"
205.169.39.49 - - [14/Jun/2026:11:56:26 +0800] "GET /wp-content/uploads/2026/05/1779957408-1Article_images_W900px.webp HTTP/1.1" 200 36526 "http://cqqizhou.com/" "Mozilla/5.0 (Windows NT 10.0; Win64; x64) AppleWebKit/537.36 (KHTML, like Gecko) Chrome/117.0.5938.132 Safari/537.36"
205.169.39.49 - - [14/Jun/2026:11:56:26 +0800] "GET /wp-content/uploads/2026/06/1780363378-1Article_images_W900px.webp HTTP/1.1" 200 62100 "http://cqqizhou.com/" "Mozilla/5.0 (Windows NT 10.0; Win64; x64) AppleWebKit/537.36 (KHTML, like Gecko) Chrome/117.0.5938.132 Safari/537.36"
205.169.39.49 - - [14/Jun/2026:11:56:26 +0800] "GET /wp-content/uploads/2026/06/1780362799-1Article_images_W900px.webp HTTP/1.1" 200 61690 "http://cqqizhou.com/" "Mozilla/5.0 (Windows NT 10.0; Win64; x64) AppleWebKit/537.36 (KHTML, like Gecko) Chrome/117.0.5938.132 Safari/537.36"
205.169.39.49 - - [14/Jun/2026:11:56:26 +0800] "GET /wp-content/uploads/2026/05/1779925245-Article_images_W900px.webp HTTP/1.1" 200 27996 "http://cqqizhou.com/" "Mozilla/5.0 (Windows NT 10.0; Win64; x64) AppleWebKit/537.36 (KHTML, like Gecko) Chrome/117.0.5938.132 Safari/537.36"
205.169.39.49 - - [14/Jun/2026:11:56:26 +0800] "GET /wp-content/uploads/2026/05/1779328461-1Article_images_W900px.webp HTTP/1.1" 200 37908 "http://cqqizhou.com/" "Mozilla/5.0 (Windows NT 10.0; Win64; x64) AppleWebKit/537.36 (KHTML, like Gecko) Chrome/117.0.5938.132 Safari/537.36"
205.169.39.49 - - [14/Jun/2026:11:56:28 +0800] "GET /wp-content/uploads/2025/12/1765268955-qizhou_Slider1_3840%C3%972160_20251210-scaled.webp HTTP/1.1" 200 152162 "http://cqqizhou.com/" "Mozilla/5.0 (Windows NT 10.0; Win64; x64) AppleWebKit/537.36 (KHTML, like Gecko) Chrome/117.0.5938.132 Safari/537.36"
205.169.39.49 - - [14/Jun/2026:11:56:29 +0800] "GET /wp-content/uploads/2025/07/1753456723-%E5%8F%8C%E7%9B%B8%E9%92%A2roduct_Single600.webp HTTP/1.1" 200 22790 "http://cqqizhou.com/" "Mozilla/5.0 (Windows NT 10.0; Win64; x64) AppleWebKit/537.36 (KHTML, like Gecko) Chrome/117.0.5938.132 Safari/537.36"
205.169.39.49 - - [14/Jun/2026:11:56:29 +0800] "GET /wp-content/uploads/2025/07/1753453096-%E5%8F%8C%E7%9B%B8%E9%92%A2product_Single600%C3%97284.webp HTTP/1.1" 200 14562 "http://cqqizhou.com/" "Mozilla/5.0 (Windows NT 10.0; Win64; x64) AppleWebKit/537.36 (KHTML, like Gecko) Chrome/117.0.5938.132 Safari/537.36"
205.169.39.49 - - [14/Jun/2026:11:56:29 +0800] "GET /wp-content/uploads/2025/07/1753456770-%E7%83%AD%E9%95%80%E9%94%8C%E5%8D%B7product_Single600.webp HTTP/1.1" 200 27502 "http://cqqizhou.com/" "Mozilla/5.0 (Windows NT 10.0; Win64; x64) AppleWebKit/537.36 (KHTML, like Gecko) Chrome/117.0.5938.132 Safari/537.36"
205.169.39.49 - - [14/Jun/2026:11:56:29 +0800] "GET /wp-content/uploads/2026/01/1768276119-qizhoujiagong_Slider_3840%C3%972160_20260113-scaled-50x100.webp HTTP/1.1" 200 976 "http://cqqizhou.com/" "Mozilla/5.0 (Windows NT 10.0; Win64; x64) AppleWebKit/537.36 (KHTML, like Gecko) Chrome/117.0.5938.132 Safari/537.36"
205.169.39.49 - - [14/Jun/2026:11:56:29 +0800] "GET /wp-content/uploads/2025/07/1753453127-%E4%BD%99%E5%8D%B7product_Single600%C3%97284.webp HTTP/1.1" 200 18744 "http://cqqizhou.com/" "Mozilla/5.0 (Windows NT 10.0; Win64; x64) AppleWebKit/537.36 (KHTML, like Gecko) Chrome/117.0.5938.132 Safari/537.36"
205.169.39.49 - - [14/Jun/2026:11:56:29 +0800] "GET /wp-content/uploads/2026/01/1768276119-qizhoujiagong_Slider_3840%C3%972160_20260113-scaled-50x100.webp HTTP/1.1" 200 976 "http://cqqizhou.com/" "Mozilla/5.0 (Windows NT 10.0; Win64; x64) AppleWebKit/537.36 (KHTML, like Gecko) Chrome/117.0.5938.132 Safari/537.36"
205.169.39.49 - - [14/Jun/2026:11:56:29 +0800] "GET /wp-content/uploads/revslider/slider-1/1750861156-logistics_Slider_3840%C3%972160_20250625191356-scaled-50x100.webp HTTP/1.1" 200 1416 "http://cqqizhou.com/" "Mozilla/5.0 (Windows NT 10.0; Win64; x64) AppleWebKit/537.36 (KHTML, like Gecko) Chrome/117.0.5938.132 Safari/537.36"
205.169.39.49 - - [14/Jun/2026:11:56:30 +0800] "GET /wp-json/sliderrevolution/sliders/1?srengine=7&slideid=4 HTTP/1.1" 200 2580 "http://cqqizhou.com/" "Mozilla/5.0 (Windows NT 10.0; Win64; x64) AppleWebKit/537.36 (KHTML, like Gecko) Chrome/117.0.5938.132 Safari/537.36"
205.169.39.49 - - [14/Jun/2026:11:56:30 +0800] "GET /wp-json/sliderrevolution/sliders/1?srengine=7&slideid=2 HTTP/1.1" 200 2000 "http://cqqizhou.com/" "Mozilla/5.0 (Windows NT 10.0; Win64; x64) AppleWebKit/537.36 (KHTML, like Gecko) Chrome/117.0.5938.132 Safari/537.36"
205.169.39.49 - - [14/Jun/2026:11:56:30 +0800] "GET /wp-content/uploads/2026/01/1768276119-qizhoujiagong_Slider_3840%C3%972160_20260113-scaled.webp HTTP/1.1" 200 131696 "http://cqqizhou.com/" "Mozilla/5.0 (X11; Linux x86_64) AppleWebKit/537.36 (KHTML, like Gecko) HeadlessChrome/127.0.6533.119 Safari/537.36"
205.169.39.49 - - [14/Jun/2026:11:56:31 +0800] "GET /wp-content/uploads/revslider/slider-1/1750861156-logistics_Slider_3840%C3%972160_20250625191356-scaled.webp HTTP/1.1" 200 197360 "http://cqqizhou.com/" "Mozilla/5.0 (X11; Linux x86_64) AppleWebKit/537.36 (KHTML, like Gecko) HeadlessChrome/127.0.6533.119 Safari/537.36"
205.169.39.49 - - [14/Jun/2026:11:56:38 +0800] "GET /wp-content/uploads/2025/12/1765268955-qizhou_Slider1_3840%C3%972160_20251210-scaled-50x100.webp HTTP/1.1" 200 1812 "http://cqqizhou.com/" "Mozilla/5.0 (X11; Linux x86_64) AppleWebKit/537.36 (KHTML, like Gecko) HeadlessChrome/127.0.6533.119 Safari/537.36"
36.133.115.36 - - [14/Jun/2026:11:58:02 +0800] "POST /wp-cron.php?doing_wp_cron=1781409482.9524478912353515625000 HTTP/1.1" 200 31 "-" "WordPress/6.9; http://cqqizhou.com"
120.192.209.102 - - [14/Jun/2026:11:58:02 +0800] "GET /industry/ HTTP/1.1" 301 5 "-" "Mozilla/5.0 (Windows NT 10.0; Win64; x64) AppleWebKit/537.36 (KHTML, like Gecko) Chrome/142.0.0.0 Safari/537.36"
120.192.209.102 - - [14/Jun/2026:11:58:03 +0800] "GET /industry HTTP/1.1" 200 20164 "-" "Mozilla/5.0 (Windows NT 10.0; Win64; x64) AppleWebKit/537.36 (KHTML, like Gecko) Chrome/142.0.0.0 Safari/537.36"
142.44.225.117 - - [14/Jun/2026:12:07:09 +0800] "GET /news/2165 HTTP/1.1" 200 27503 "-" "Mozilla/5.0 (compatible; AhrefsBot/7.0; +http://ahrefs.com/robot/)"
36.133.115.36 - - [14/Jun/2026:12:07:40 +0800] "POST /wp-cron.php?doing_wp_cron=1781410060.0718190670013427734375 HTTP/1.1" 200 31 "-" "WordPress/6.9; http://cqqizhou.com"
165.232.118.73 - - [14/Jun/2026:12:07:40 +0800] "GET / HTTP/1.1" 301 5 "-" "Mozilla/5.0 (Windows NT 10.0; Win64; x64; rv:109.0) Gecko/20100101 Firefox/118.0"
36.133.115.36 - - [14/Jun/2026:12:20:36 +0800] "POST /wp-cron.php?doing_wp_cron=1781410836.1970961093902587890625 HTTP/1.1" 200 31 "-" "WordPress/6.9; http://cqqizhou.com"
61.155.157.12 - - [14/Jun/2026:12:20:36 +0800] "GET / HTTP/1.1" 301 5 "-" "Mozilla/5.0 (Windows NT 10.0; Win64; x64) AppleWebKit/537.36 (KHTML, like Gecko) Chrome/100.0.4896.127 Safari/537.36"
61.155.157.12 - - [14/Jun/2026:12:20:44 +0800] "GET / HTTP/1.1" 200 35637 "-" "Mozilla/5.0 (Windows NT 10.0; Win64; x64) AppleWebKit/537.36 (KHTML, like Gecko) Chrome/100.0.4896.127 Safari/537.36"
61.155.157.12 - - [14/Jun/2026:12:21:03 +0800] "GET /wp-content/uploads/2025/07/1751425283-qizhou.kf_.qq_.com_.webp HTTP/1.1" 200 16864 "http://cqqizhou.com/" "Mozilla/5.0 (Windows NT 10.0; Win64; x64) AppleWebKit/537.36 (KHTML, like Gecko) Chrome/100.0.4896.127 Safari/537.36"
61.155.157.12 - - [14/Jun/2026:12:22:19 +0800] "GET /wp-content/uploads/2025/12/1765268955-qizhou_Slider1_3840%C3%972160_20251210-scaled.webp HTTP/1.1" 200 152162 "http://cqqizhou.com/" "Mozilla/5.0 (Windows NT 10.0; Win64; x64) AppleWebKit/537.36 (KHTML, like Gecko) Chrome/100.0.4896.127 Safari/537.36"
61.155.157.12 - - [14/Jun/2026:12:22:29 +0800] "GET /wp-content/uploads/2025/07/1753456723-%E5%8F%8C%E7%9B%B8%E9%92%A2roduct_Single600.webp HTTP/1.1" 200 22790 "http://cqqizhou.com/" "Mozilla/5.0 (Windows NT 10.0; Win64; x64) AppleWebKit/537.36 (KHTML, like Gecko) Chrome/100.0.4896.127 Safari/537.36"
61.155.157.12 - - [14/Jun/2026:12:22:29 +0800] "GET /wp-content/uploads/2025/07/1753453096-%E5%8F%8C%E7%9B%B8%E9%92%A2product_Single600%C3%97284.webp HTTP/1.1" 200 14562 "http://cqqizhou.com/" "Mozilla/5.0 (Windows NT 10.0; Win64; x64) AppleWebKit/537.36 (KHTML, like Gecko) Chrome/100.0.4896.127 Safari/537.36"
61.155.157.12 - - [14/Jun/2026:12:22:29 +0800] "GET /wp-content/uploads/2025/07/1753456770-%E7%83%AD%E9%95%80%E9%94%8C%E5%8D%B7product_Single600.webp HTTP/1.1" 200 27502 "http://cqqizhou.com/" "Mozilla/5.0 (Windows NT 10.0; Win64; x64) AppleWebKit/537.36 (KHTML, like Gecko) Chrome/100.0.4896.127 Safari/537.36"
61.155.157.12 - - [14/Jun/2026:12:22:29 +0800] "GET /wp-content/uploads/2025/07/1753453127-%E4%BD%99%E5%8D%B7product_Single600%C3%97284.webp HTTP/1.1" 200 18744 "http://cqqizhou.com/" "Mozilla/5.0 (Windows NT 10.0; Win64; x64) AppleWebKit/537.36 (KHTML, like Gecko) Chrome/100.0.4896.127 Safari/537.36"
61.155.157.12 - - [14/Jun/2026:12:22:32 +0800] "GET /wp-content/uploads/revslider/slider-1/1750861156-logistics_Slider_3840%C3%972160_20250625191356-scaled-50x100.webp HTTP/1.1" 200 1416 "http://cqqizhou.com/" "Mozilla/5.0 (Windows NT 10.0; Win64; x64) AppleWebKit/537.36 (KHTML, like Gecko) Chrome/100.0.4896.127 Safari/537.36"
61.155.157.12 - - [14/Jun/2026:12:22:32 +0800] "GET /wp-content/uploads/2026/01/1768276119-qizhoujiagong_Slider_3840%C3%972160_20260113-scaled-50x100.webp HTTP/1.1" 200 976 "http://cqqizhou.com/" "Mozilla/5.0 (Windows NT 10.0; Win64; x64) AppleWebKit/537.36 (KHTML, like Gecko) Chrome/100.0.4896.127 Safari/537.36"
61.155.157.12 - - [14/Jun/2026:12:22:33 +0800] "GET /wp-json/sliderrevolution/sliders/1?srengine=7&slideid=2 HTTP/1.1" 200 2000 "http://cqqizhou.com/" "Mozilla/5.0 (Windows NT 10.0; Win64; x64) AppleWebKit/537.36 (KHTML, like Gecko) Chrome/100.0.4896.127 Safari/537.36"
36.133.115.36 - - [14/Jun/2026:12:22:33 +0800] "POST /wp-cron.php?doing_wp_cron=1781410953.2590820789337158203125 HTTP/1.1" 200 31 "-" "WordPress/6.9; http://cqqizhou.com"
61.155.157.12 - - [14/Jun/2026:12:22:33 +0800] "GET /wp-json/sliderrevolution/sliders/1?srengine=7&slideid=4 HTTP/1.1" 200 2580 "http://cqqizhou.com/" "Mozilla/5.0 (Windows NT 10.0; Win64; x64) AppleWebKit/537.36 (KHTML, like Gecko) Chrome/100.0.4896.127 Safari/537.36"
61.155.157.12 - - [14/Jun/2026:12:22:43 +0800] "GET /wp-content/uploads/2026/01/1768276119-qizhoujiagong_Slider_3840%C3%972160_20260113-scaled.webp HTTP/1.1" 200 131696 "http://cqqizhou.com/" "Mozilla/5.0 (Windows NT 10.0; Win64; x64) AppleWebKit/537.36 (KHTML, like Gecko) Chrome/100.0.4896.127 Safari/537.36"
61.155.157.12 - - [14/Jun/2026:12:22:44 +0800] "GET /wp-content/uploads/revslider/slider-1/1750861156-logistics_Slider_3840%C3%972160_20250625191356-scaled.webp HTTP/1.1" 200 197360 "http://cqqizhou.com/" "Mozilla/5.0 (Windows NT 10.0; Win64; x64) AppleWebKit/537.36 (KHTML, like Gecko) Chrome/100.0.4896.127 Safari/537.36"
61.155.157.12 - - [14/Jun/2026:12:22:48 +0800] "GET /wp-content/uploads/2025/12/1765268955-qizhou_Slider1_3840%C3%972160_20251210-scaled-50x100.webp HTTP/1.1" 200 1812 "http://cqqizhou.com/" "Mozilla/5.0 (Windows NT 10.0; Win64; x64) AppleWebKit/537.36 (KHTML, like Gecko) Chrome/100.0.4896.127 Safari/537.36"
61.155.157.12 - - [14/Jun/2026:12:22:56 +0800] "GET /wp-content/uploads/2025/07/1750174127-Marketing1920x800_3.webp HTTP/1.1" 200 52790 "http://cqqizhou.com/wp-content/uploads/elementor/css/post-1666.css?ver=1778295900" "Mozilla/5.0 (Windows NT 10.0; Win64; x64) AppleWebKit/537.36 (KHTML, like Gecko) Chrome/100.0.4896.127 Safari/537.36"
61.155.157.12 - - [14/Jun/2026:12:22:57 +0800] "GET /wp-content/uploads/2025/07/1751829454-Smart-warehousing800x500.webp HTTP/1.1" 200 79504 "http://cqqizhou.com/wp-content/uploads/elementor/css/post-1666.css?ver=1778295900" "Mozilla/5.0 (Windows NT 10.0; Win64; x64) AppleWebKit/537.36 (KHTML, like Gecko) Chrome/100.0.4896.127 Safari/537.36"
36.133.115.36 - - [14/Jun/2026:12:23:54 +0800] "POST /wp-cron.php?doing_wp_cron=1781411034.8584589958190917968750 HTTP/1.1" 200 31 "-" "WordPress/6.9; http://cqqizhou.com"
61.155.157.12 - - [14/Jun/2026:12:23:54 +0800] "GET /contacts/ HTTP/1.1" 301 5 "http://cqqizhou.com/" "Mozilla/5.0 (Windows NT 10.0; Win64; x64) AppleWebKit/537.36 (KHTML, like Gecko) Chrome/100.0.4896.127 Safari/537.36"
61.155.157.12 - - [14/Jun/2026:12:23:58 +0800] "GET /contacts HTTP/1.1" 200 22096 "http://cqqizhou.com/" "Mozilla/5.0 (Windows NT 10.0; Win64; x64) AppleWebKit/537.36 (KHTML, like Gecko) Chrome/100.0.4896.127 Safari/537.36"
61.155.157.12 - - [14/Jun/2026:12:24:19 +0800] "GET /wp-content/uploads/2025/11/1762826323-Contacts2000x400_20251111.webp HTTP/1.1" 200 15144 "http://cqqizhou.com/contacts" "Mozilla/5.0 (Windows NT 10.0; Win64; x64) AppleWebKit/537.36 (KHTML, like Gecko) Chrome/100.0.4896.127 Safari/537.36"
36.133.115.36 - - [14/Jun/2026:12:24:23 +0800] "POST /wp-cron.php?doing_wp_cron=1781411063.8210580348968505859375 HTTP/1.1" 200 31 "-" "WordPress/6.9; http://cqqizhou.com"
61.155.157.12 - - [14/Jun/2026:12:24:23 +0800] "GET /wp-json/contact-form-7/v1/contact-forms/158/feedback/schema HTTP/1.1" 200 358 "http://cqqizhou.com/contacts" "Mozilla/5.0 (Windows NT 10.0; Win64; x64) AppleWebKit/537.36 (KHTML, like Gecko) Chrome/100.0.4896.127 Safari/537.36"
61.155.157.12 - - [14/Jun/2026:12:24:32 +0800] "GET /wp-content/uploads/2025/07/1750005875-qizhou_map2025616.webp HTTP/1.1" 200 348798 "http://cqqizhou.com/contacts" "Mozilla/5.0 (Windows NT 10.0; Win64; x64) AppleWebKit/537.36 (KHTML, like Gecko) Chrome/100.0.4896.127 Safari/537.36"
61.155.157.12 - - [14/Jun/2026:12:24:38 +0800] "GET /wp-json/contact-form-7/v1/contact-forms/158/refill HTTP/1.1" 200 33 "http://cqqizhou.com/contacts" "Mozilla/5.0 (Windows NT 10.0; Win64; x64) AppleWebKit/537.36 (KHTML, like Gecko) Chrome/100.0.4896.127 Safari/537.36"
36.133.108.119 - - [14/Jun/2026:12:55:26 +0800] "HEAD /test/vendor/phpunit/phpunit/src/Util/PHP/eval-stdin.php HTTP/1.1" 404 0 "-" "Mozilla/5.0 (Windows NT 6.1) AppleWebKit/537.36 (KHTML, like Gecko) Chrome/27.0.1453.90 Safari/537.36"
36.133.115.36 - - [14/Jun/2026:13:04:23 +0800] "POST /wp-cron.php?doing_wp_cron=1781413463.7403769493103027343750 HTTP/1.1" 200 31 "-" "WordPress/6.9; http://cqqizhou.com"
216.244.66.245 - - [14/Jun/2026:13:04:23 +0800] "GET /robots.txt HTTP/1.1" 200 390 "-" "Mozilla/5.0 (compatible; DotBot/1.2; +https://opensiteexplorer.org/dotbot; help@moz.com)"
36.133.115.36 - - [14/Jun/2026:13:06:05 +0800] "POST /wp-cron.php?doing_wp_cron=1781413565.6414849758148193359375 HTTP/1.1" 200 31 "-" "WordPress/6.9; http://cqqizhou.com"
157.55.39.62 - - [14/Jun/2026:13:06:05 +0800] "GET /?s= HTTP/1.1" 200 20295 "-" "Mozilla/5.0 AppleWebKit/537.36 (KHTML, like Gecko; compatible; bingbot/2.0; +http://www.bing.com/bingbot.htm) Chrome/116.0.1938.76 Safari/537.36"
216.244.66.245 - - [14/Jun/2026:13:09:48 +0800] "GET /news/2582 HTTP/1.1" 200 76837 "-" "Mozilla/5.0 (compatible; DotBot/1.2; +https://opensiteexplorer.org/dotbot; help@moz.com)"
36.133.115.36 - - [14/Jun/2026:13:13:39 +0800] "POST /wp-cron.php?doing_wp_cron=1781414019.6301779747009277343750 HTTP/1.1" 200 31 "-" "WordPress/6.9; http://cqqizhou.com"
43.166.226.186 - - [14/Jun/2026:13:13:39 +0800] "GET / HTTP/1.1" 200 35194 "-" "Mozilla/5.0 (iPhone; CPU iPhone OS 13_2_3 like Mac OS X) AppleWebKit/605.1.15 (KHTML, like Gecko) Version/13.0.3 Mobile/15E148 Safari/604.1"
36.133.115.36 - - [14/Jun/2026:13:14:26 +0800] "POST /wp-cron.php?doing_wp_cron=1781414066.3417260646820068359375 HTTP/1.1" 200 31 "-" "WordPress/6.9; http://cqqizhou.com"
20.14.78.26 - - [14/Jun/2026:13:14:26 +0800] "GET /developmentserver/metadatauploader HTTP/1.1" 404 9410 "-" "Mozilla/5.0 zgrab/0.x"
36.133.115.36 - - [14/Jun/2026:13:26:26 +0800] "POST /wp-cron.php?doing_wp_cron=1781414786.0233519077301025390625 HTTP/1.1" 200 31 "-" "WordPress/6.9; http://cqqizhou.com"
129.226.94.18 - - [14/Jun/2026:13:26:26 +0800] "GET / HTTP/1.1" 200 35195 "-" "Mozilla/5.0 (iPhone; CPU iPhone OS 13_2_3 like Mac OS X) AppleWebKit/605.1.15 (KHTML, like Gecko) Version/13.0.3 Mobile/15E148 Safari/604.1"
36.133.115.36 - - [14/Jun/2026:13:39:25 +0800] "POST /wp-cron.php?doing_wp_cron=1781415565.8609650135040283203125 HTTP/1.1" 200 31 "-" "WordPress/6.9; http://cqqizhou.com"
216.180.246.35 - - [14/Jun/2026:13:39:25 +0800] "GET / HTTP/1.0" 301 0 "-" "Mozilla/5.0 (compatible; GenomeCrawlerd/1.0; +https://www.nokia.com/genomecrawler)"
216.180.246.35 - - [14/Jun/2026:13:39:56 +0800] "GET / HTTP/1.0" 301 0 "-" "Mozilla/5.0 (compatible; GenomeCrawlerd/1.0; +https://www.nokia.com/genomecrawler)"
36.133.108.119 - - [14/Jun/2026:13:40:04 +0800] "HEAD /36.133.war HTTP/1.1" 404 0 "-" "Mozilla/5.0 (Macintosh; Intel Mac OS X 10_8_3) AppleWebKit/537.36 (KHTML, like Gecko) Chrome/27.0.1453.93 Safari/537.36"
36.133.115.36 - - [14/Jun/2026:13:40:41 +0800] "POST /wp-cron.php?doing_wp_cron=1781415641.7236421108245849609375 HTTP/1.1" 200 31 "-" "WordPress/6.9; http://cqqizhou.com"
216.180.246.35 - - [14/Jun/2026:13:40:41 +0800] "GET / HTTP/1.1" 301 5 "-" "Mozilla/5.0 (compatible; GenomeCrawlerd/1.0; +https://www.nokia.com/genomecrawler)"
216.180.246.35 - - [14/Jun/2026:13:40:44 +0800] "GET / HTTP/1.1" 200 35194 "http://36.133.115.36/" "Mozilla/5.0 (compatible; GenomeCrawlerd/1.0; +https://www.nokia.com/genomecrawler)"
36.133.115.36 - - [14/Jun/2026:13:45:44 +0800] "POST /wp-cron.php?doing_wp_cron=1781415944.5539519786834716796875 HTTP/1.1" 200 31 "-" "WordPress/6.9; http://cqqizhou.com"
176.65.148.252 - - [14/Jun/2026:13:45:44 +0800] "GET http://146.56.180.42:3333/ HTTP/1.1" 200 35194 "-" "zmap-proxy-probe/1.0"
36.133.115.36 - - [14/Jun/2026:13:46:20 +0800] "POST /wp-cron.php?doing_wp_cron=1781415980.1776630878448486328125 HTTP/1.1" 200 31 "-" "WordPress/6.9; http://cqqizhou.com"
183.134.40.85 - - [14/Jun/2026:13:46:20 +0800] "GET / HTTP/1.1" 301 5 "-" "Mozilla/5.0 (Linux; Android 7.0; Redmi Note 4X Build/NRD90M; wv) AppleWebKit/537.36 (KHTML, like Gecko) Version/4.0 Chrome/57.0.2987.132 MQQBrowser/6.2 TBS/044107 Mobile Safari/537.36 MicroMessenger/6.6.7.1320(0x26060737) NetType/4G Language/zh_CN"
36.133.115.36 - - [14/Jun/2026:13:56:08 +0800] "POST /wp-cron.php?doing_wp_cron=1781416568.4855339527130126953125 HTTP/1.1" 200 31 "-" "WordPress/6.9; http://cqqizhou.com"
180.153.236.166 - - [14/Jun/2026:13:56:08 +0800] "GET / HTTP/1.1" 301 5 "http://www.cqqizhou.com/" "User-Agent:Mozilla/5.0 (Windows NT 10.0; Win64; x64) AppleWebKit/537.36 (KHTML, like Gecko) Chrome/140.0.0.0 Safari/537.36 Edg/140.0.0.0; 360Spider"
180.153.236.223 - - [14/Jun/2026:13:56:11 +0800] "GET / HTTP/1.1" 200 35637 "http://cqqizhou.com/" "User-Agent:Mozilla/5.0 (Windows NT 10.0; Win64; x64) AppleWebKit/537.36 (KHTML, like Gecko) Chrome/140.0.0.0 Safari/537.36 Edg/140.0.0.0; 360Spider"
122.8.46.239 - - [14/Jun/2026:14:05:30 +0800] "GET /news/2162 HTTP/1.1" 200 25845 "-" "Mozilla/5.0 (Windows NT 10.0; Win64; x64) AppleWebKit/537.36 (KHTML, like Gecko) Chrome/149.0.0.0 Safari/537.36 Edg/149.0.0.0"
36.133.108.121 - - [14/Jun/2026:14:07:55 +0800] "HEAD /testing/vendor/phpunit/phpunit/src/Util/PHP/eval-stdin.php HTTP/1.1" 404 0 "-" "Mozilla/5.0 (iPad; U; CPU OS 3_2 like Mac OS X; en-us) AppleWebKit/531.21.10 (KHTML, like Gecko) Version/4.0.4 Mobile/7B334b Safari/531.21.10"
36.133.115.36 - - [14/Jun/2026:14:20:37 +0800] "POST /wp-cron.php?doing_wp_cron=1781418037.6392929553985595703125 HTTP/1.1" 200 31 "-" "WordPress/6.9; http://cqqizhou.com"
120.241.209.141 - - [14/Jun/2026:14:20:37 +0800] "GET /2163/ HTTP/1.1" 301 5 "-" "Mozilla/5.0 (Windows NT 10.0; Win64; x64) AppleWebKit/537.36 (KHTML, like Gecko) Chrome/124.0.0.0 Safari/537.36"
120.241.209.237 - - [14/Jun/2026:14:20:37 +0800] "GET /news/2163 HTTP/1.1" 200 24547 "-" "Mozilla/5.0 (Windows NT 10.0; Win64; x64) AppleWebKit/537.36 (KHTML, like Gecko) Chrome/124.0.0.0 Safari/537.36"
111.42.226.113 - - [14/Jun/2026:14:21:39 +0800] "GET /news/2231 HTTP/1.1" 200 24149 "-" "Mozilla/5.0 (Macintosh; Intel Mac OS X 10.15; rv:133.0) Gecko/20100101 Firefox/133.0"
36.133.115.36 - - [14/Jun/2026:14:38:01 +0800] "POST /wp-cron.php?doing_wp_cron=1781419081.8968400955200195312500 HTTP/1.1" 200 31 "-" "WordPress/6.9; http://cqqizhou.com"
112.90.2.209 - - [14/Jun/2026:14:38:01 +0800] "GET /portfolio/hot-dip-galvanized-coil/ HTTP/1.1" 301 5 "-" "Mozilla/5.0 (Windows NT 10.0; Win64; x64) AppleWebKit/537.36 (KHTML, like Gecko) Chrome/116.0.0.0 Safari/537.36"
112.90.2.209 - - [14/Jun/2026:14:38:03 +0800] "GET /news/portfolio/hot-dip-galvanized-coil HTTP/1.1" 200 22933 "http://cqqizhou.com/portfolio/hot-dip-galvanized-coil/" "Mozilla/5.0 (Windows NT 10.0; Win64; x64) AppleWebKit/537.36 (KHTML, like Gecko) Chrome/116.0.0.0 Safari/537.36"
121.229.156.78 - - [14/Jun/2026:14:50:39 +0800] "GET /news/2543 HTTP/1.1" 200 26108 "-" "Sogou web spider/4.0(+http://www.sogou.com/docs/help/webmasters.htm#07)"
220.181.108.102 - - [14/Jun/2026:14:56:21 +0800] "GET /news/2483 HTTP/1.1" 200 24837 "-" "Mozilla/5.0 (compatible; Baiduspider/2.0; +http://www.baidu.com/search/spider.html)"
116.179.37.229 - - [14/Jun/2026:14:56:25 +0800] "GET /wp-content/uploads/2026/02/1770617977-Article_images_W900px.webp HTTP/1.1" 200 43904 "http://cqqizhou.com/news/2483" "Mozilla/5.0 (compatible; Baiduspider-render/2.0; +http://www.baidu.com/search/spider.html)"
36.133.115.36 - - [14/Jun/2026:15:09:15 +0800] "POST /wp-cron.php?doing_wp_cron=1781420955.7991919517517089843750 HTTP/1.1" 200 31 "-" "WordPress/6.9; http://cqqizhou.com"
44.220.188.244 - - [14/Jun/2026:15:09:15 +0800] "GET / HTTP/1.1" 301 5 "-" "Mozilla/5.0 (Windows NT 6.2;en-US) AppleWebKit/537.32.36 (KHTML, live Gecko) Chrome/54.0.3112.52 Safari/537.32"
44.220.188.244 - - [14/Jun/2026:15:09:17 +0800] "GET / HTTP/1.1" 200 35637 "-" "Mozilla/5.0 (Windows NT 6.2;en-US) AppleWebKit/537.32.36 (KHTML, live Gecko) Chrome/54.0.3112.52 Safari/537.32"
44.220.188.244 - - [14/Jun/2026:15:09:22 +0800] "GET /feed/ HTTP/1.1" 301 5 "-" "Mozilla/5.0 (Macintosh; Intel Mac OS X 10_15_7) AppleWebKit/537.36 (KHTML, like Gecko) Chrome/124.0.0.0 Safari/537.36"
36.133.115.36 - - [14/Jun/2026:15:15:06 +0800] "POST /wp-cron.php?doing_wp_cron=1781421306.8698201179504394531250 HTTP/1.1" 200 31 "-" "WordPress/6.9; http://cqqizhou.com"
170.106.152.218 - - [14/Jun/2026:15:15:06 +0800] "GET / HTTP/1.1" 200 35194 "-" "Mozilla/5.0 (iPhone; CPU iPhone OS 13_2_3 like Mac OS X) AppleWebKit/605.1.15 (KHTML, like Gecko) Version/13.0.3 Mobile/15E148 Safari/604.1"
36.133.115.36 - - [14/Jun/2026:15:30:15 +0800] "POST /wp-cron.php?doing_wp_cron=1781422215.0694379806518554687500 HTTP/1.1" 200 31 "-" "WordPress/6.9; http://cqqizhou.com"
45.148.10.67 - - [14/Jun/2026:15:30:15 +0800] "GET / HTTP/1.1" 200 35194 "-" "Mozilla/5.0 (Windows NT 10.0; Win64; x64) AppleWebKit/537.36 (KHTML, like Gecko) Chrome/131.0.0.0 Safari/537.36"
121.229.156.106 - - [14/Jun/2026:15:34:58 +0800] "GET / HTTP/1.1" 200 35637 "-" "Sogou web spider/4.0(+http://www.sogou.com/docs/help/webmasters.htm#07)"
36.133.108.121 - - [14/Jun/2026:15:39:13 +0800] "HEAD /api/vendor/phpunit/phpunit/src/Util/PHP/eval-stdin.php HTTP/1.1" 404 0 "-" "Mozilla/5.0 (compatible; MSIE 8.0; Windows NT 5.2; Trident/4.0; Media Center PC 4.0; SLCC1; .NET CLR 3.0.04320)"
36.133.115.36 - - [14/Jun/2026:16:10:40 +0800] "POST /wp-cron.php?doing_wp_cron=1781424640.1560149192810058593750 HTTP/1.1" 200 31 "-" "WordPress/6.9; http://cqqizhou.com"
110.249.201.80 - - [14/Jun/2026:16:10:40 +0800] "GET /robots.txt HTTP/1.1" 200 190 "-" "Mozilla/5.0 (Linux; Android 5.0) AppleWebKit/537.36 (KHTML, like Gecko) Mobile Safari/537.36 (compatible; Bytespider; https://zhanzhang.toutiao.com/)"
36.133.115.36 - - [14/Jun/2026:16:31:49 +0800] "POST /wp-cron.php?doing_wp_cron=1781425909.7486250400543212890625 HTTP/1.1" 200 31 "-" "WordPress/6.9; http://cqqizhou.com"
119.84.246.117 - - [14/Jun/2026:16:31:49 +0800] "GET / HTTP/1.1" 301 5 "-" "Mozilla/5.0 (Windows NT 6.1) AppleWebKit/535.11 (KHTML, like Gecko) Chrome/17.0.963.84 Safari/535.11 LBBROWSER"
119.84.246.117 - - [14/Jun/2026:16:31:49 +0800] "GET / HTTP/1.1" 200 160339 "-" "Mozilla/5.0 (Windows NT 6.1) AppleWebKit/535.11 (KHTML, like Gecko) Chrome/17.0.963.84 Safari/535.11 LBBROWSER"
119.84.246.117 - - [14/Jun/2026:16:31:55 +0800] "GET / HTTP/1.1" 301 5 "-" "Mozilla/5.0 (Windows; U; Windows NT 5.2) AppleWebKit/525.13 (KHTML, like Gecko) Version/3.1 Safari/525.13"
119.84.246.117 - - [14/Jun/2026:16:31:56 +0800] "GET / HTTP/1.1" 200 160339 "-" "Mozilla/5.0 (Windows; U; Windows NT 5.2) AppleWebKit/525.13 (KHTML, like Gecko) Version/3.1 Safari/525.13"
119.84.246.117 - - [14/Jun/2026:16:31:56 +0800] "GET / HTTP/1.1" 301 5 "-" "Mozilla/5.0 (Windows NT 6.1; WOW64; rv:14.0) Gecko/20100101 Firefox/14.0.1"
119.84.246.117 - - [14/Jun/2026:16:31:56 +0800] "GET / HTTP/1.1" 200 160339 "-" "Mozilla/5.0 (Windows NT 6.1; WOW64; rv:14.0) Gecko/20100101 Firefox/14.0.1"
36.133.115.36 - - [14/Jun/2026:16:35:33 +0800] "POST /wp-cron.php?doing_wp_cron=1781426133.1373369693756103515625 HTTP/1.1" 200 31 "-" "WordPress/6.9; http://cqqizhou.com"
54.39.203.51 - - [14/Jun/2026:16:35:33 +0800] "GET /robots.txt HTTP/1.1" 200 190 "-" "Mozilla/5.0 (compatible; AhrefsBot/7.0; +http://ahrefs.com/robot/)"
36.133.115.36 - - [14/Jun/2026:16:49:57 +0800] "POST /wp-cron.php?doing_wp_cron=1781426997.0892300605773925781250 HTTP/1.1" 200 31 "-" "WordPress/6.9; http://cqqizhou.com"
14.29.109.246 - - [14/Jun/2026:16:49:57 +0800] "GET /2162/ HTTP/1.1" 301 5 "-" "Mozilla/5.0 (Windows NT 10.0; Win64; x64) AppleWebKit/537.36 (KHTML, like Gecko) Chrome/133.0.0.0 Safari/537.36"
120.233.109.32 - - [14/Jun/2026:16:50:01 +0800] "GET /news/2162 HTTP/1.1" 200 25845 "-" "Mozilla/5.0 (Windows NT 10.0; Win64; x64) AppleWebKit/537.36 (KHTML, like Gecko) Chrome/133.0.0.0 Safari/537.36"
36.133.115.36 - - [14/Jun/2026:17:03:58 +0800] "POST /wp-cron.php?doing_wp_cron=1781427838.3105421066284179687500 HTTP/1.1" 200 31 "-" "WordPress/6.9; http://cqqizhou.com"
185.143.13.156 - - [14/Jun/2026:17:03:58 +0800] "GET / HTTP/1.1" 200 35195 "-" "Mozilla/5.0 (Windows NT 6.3; Win64; x64; rv:109.0) Gecko/20100101 Firefox/115"
85.137.91.57 - - [14/Jun/2026:17:07:51 +0800] "GET / HTTP/1.1" 200 35637 "-" "Mozilla/5.0 (Windows NT 10.0; Win64; x64) AppleWebKit/537.36 (KHTML, like Gecko) Chrome/120.0.0.0 Safari/537.36"
36.133.108.119 - - [14/Jun/2026:17:27:27 +0800] "HEAD /demo/vendor/phpunit/phpunit/src/Util/PHP/eval-stdin.php HTTP/1.1" 404 0 "-" "Mozilla/5.0 (Macintosh; Intel Mac OS X 10_8_3) AppleWebKit/537.36 (KHTML, like Gecko) Chrome/27.0.1453.93 Safari/537.36"
36.133.115.36 - - [14/Jun/2026:17:35:07 +0800] "POST /wp-cron.php?doing_wp_cron=1781429707.0618529319763183593750 HTTP/1.1" 200 31 "-" "WordPress/6.9; http://cqqizhou.com"
43.161.251.162 - - [14/Jun/2026:17:35:07 +0800] "GET / HTTP/1.1" 200 35195 "-" "Mozilla/5.0 (iPhone; CPU iPhone OS 13_2_3 like Mac OS X) AppleWebKit/605.1.15 (KHTML, like Gecko) Version/13.0.3 Mobile/15E148 Safari/604.1"
36.133.115.36 - - [14/Jun/2026:17:36:31 +0800] "POST /wp-cron.php?doing_wp_cron=1781429791.0509500503540039062500 HTTP/1.1" 200 31 "-" "WordPress/6.9; http://cqqizhou.com"
5.61.209.92 - - [14/Jun/2026:17:36:31 +0800] "GET /SDK/webLanguage HTTP/1.1" 301 5 "-" "Mozilla/5.0 (Windows NT 10.0; Win64; x64) AppleWebKit/537.36 (KHTML, like Gecko) Chrome/90.0.4430.85 Safari/537.36 Edg/90.0.818.46"
36.133.115.36 - - [14/Jun/2026:17:49:11 +0800] "POST /wp-cron.php?doing_wp_cron=1781430551.3885869979858398437500 HTTP/1.1" 200 31 "-" "WordPress/6.9; http://cqqizhou.com"
101.42.46.71 - - [14/Jun/2026:17:49:11 +0800] "GET / HTTP/1.1" 200 35194 "-" "Mozilla/5.0 (iPhone; CPU iPhone OS 13_2_3 like Mac OS X) AppleWebKit/605.1.15 (KHTML, like Gecko) Version/13.0.3 Mobile/15E148 Safari/604.1"
182.147.220.162 - - [14/Jun/2026:18:28:10 +0800] "GET / HTTP/1.1" 200 35637 "-" "Mozilla/5.0 (Macintosh; Intel Mac OS X 10_15_7) AppleWebKit/537.36 (KHTML, like Gecko) Chrome/106.0.0.0 Safari/537.36"
36.133.115.36 - - [14/Jun/2026:18:31:27 +0800] "POST /wp-cron.php?doing_wp_cron=1781433087.2507228851318359375000 HTTP/1.1" 200 31 "-" "WordPress/6.9; http://cqqizhou.com"
45.148.10.67 - - [14/Jun/2026:18:31:27 +0800] "GET / HTTP/1.1" 200 35195 "-" "Mozilla/5.0 (Windows NT 10.0; Win64; x64) AppleWebKit/537.36 (KHTML, like Gecko) Chrome/131.0.0.0 Safari/537.36"
36.133.108.119 - - [14/Jun/2026:18:36:26 +0800] "HEAD /cms/vendor/phpunit/phpunit/src/Util/PHP/eval-stdin.php HTTP/1.1" 404 0 "-" "Mozilla/5.0 (Windows NT 6.1; WOW64) AppleWebKit/537.17 (KHTML, like Gecko) Chrome/24.0.1312.60 Safari/537.17"
180.153.236.110 - - [14/Jun/2026:18:37:15 +0800] "GET / HTTP/1.1" 200 35637 "http://cqqizhou.com/" "User-Agent:Mozilla/5.0 (Windows NT 10.0; Win64; x64) AppleWebKit/537.36 (KHTML, like Gecko) Chrome/140.0.0.0 Safari/537.36 Edg/140.0.0.0; 360Spider"
36.133.115.36 - - [14/Jun/2026:18:39:53 +0800] "POST /wp-cron.php?doing_wp_cron=1781433593.3042869567871093750000 HTTP/1.1" 200 31 "-" "WordPress/6.9; http://cqqizhou.com"
176.65.139.42 - - [14/Jun/2026:18:40:07 +0800] "GET / HTTP/1.1" 200 158680 "-" "-"
36.133.115.36 - - [14/Jun/2026:19:12:39 +0800] "POST /wp-cron.php?doing_wp_cron=1781435559.2873890399932861328125 HTTP/1.1" 200 31 "-" "WordPress/6.9; http://cqqizhou.com"
43.134.5.186 - - [14/Jun/2026:19:12:39 +0800] "GET / HTTP/1.1" 301 5 "-" "Mozilla/5.0 (iPhone; CPU iPhone OS 13_2_3 like Mac OS X) AppleWebKit/605.1.15 (KHTML, like Gecko) Version/13.0.3 Mobile/15E148 Safari/604.1"
43.134.5.186 - - [14/Jun/2026:19:12:40 +0800] "GET / HTTP/1.1" 200 35194 "http://36.133.115.36" "Mozilla/5.0 (iPhone; CPU iPhone OS 13_2_3 like Mac OS X) AppleWebKit/605.1.15 (KHTML, like Gecko) Version/13.0.3 Mobile/15E148 Safari/604.1"
36.133.115.36 - - [14/Jun/2026:19:15:49 +0800] "POST /wp-cron.php?doing_wp_cron=1781435749.1840510368347167968750 HTTP/1.1" 200 31 "-" "WordPress/6.9; http://cqqizhou.com"
36.133.108.119 - - [14/Jun/2026:19:15:49 +0800] "HEAD /2026.war HTTP/1.1" 404 0 "-" "Mozilla/5.0 (Macintosh; Intel Mac OS X 10_8_3) AppleWebKit/537.36 (KHTML, like Gecko) Chrome/27.0.1453.93 Safari/537.36"
36.133.115.36 - - [14/Jun/2026:19:30:06 +0800] "POST /wp-cron.php?doing_wp_cron=1781436606.4975910186767578125000 HTTP/1.1" 200 31 "-" "WordPress/6.9; http://cqqizhou.com"
216.244.66.245 - - [14/Jun/2026:19:30:06 +0800] "GET /robots.txt HTTP/1.1" 200 390 "-" "Mozilla/5.0 (compatible; DotBot/1.2; +https://opensiteexplorer.org/dotbot; help@moz.com)"
122.8.47.96 - - [14/Jun/2026:19:33:23 +0800] "GET /news/2547 HTTP/1.1" 200 25317 "-" "Mozilla/5.0 (Windows NT 10.0; Win64; x64) AppleWebKit/537.36 (KHTML, like Gecko) Chrome/149.0.0.0 Safari/537.36 Edg/149.0.0.0"
216.244.66.245 - - [14/Jun/2026:19:34:32 +0800] "GET /news/portfolio-category/remaining-rolls HTTP/1.1" 200 76718 "-" "Mozilla/5.0 (compatible; DotBot/1.2; +https://opensiteexplorer.org/dotbot; help@moz.com)"
36.133.115.36 - - [14/Jun/2026:19:46:30 +0800] "POST /wp-cron.php?doing_wp_cron=1781437590.6306231021881103515625 HTTP/1.1" 200 31 "-" "WordPress/6.9; http://cqqizhou.com"
66.249.73.228 - - [14/Jun/2026:19:46:30 +0800] "GET /robots.txt HTTP/1.1" 200 190 "-" "Mozilla/5.0 (compatible; Googlebot/2.1; +http://www.google.com/bot.html)"
36.133.115.36 - - [14/Jun/2026:19:53:56 +0800] "POST /wp-cron.php?doing_wp_cron=1781438036.1594240665435791015625 HTTP/1.1" 200 31 "-" "WordPress/6.9; http://cqqizhou.com"
35.205.249.224 - - [14/Jun/2026:19:53:56 +0800] "GET /wp-json/gravitysmtp/v1/tests/mock-data?page=gravitysmtp-settings HTTP/1.1" 404 154 "-" "Mozilla/5.0 (X11; Linux x86_64) AppleWebKit/537.36 (KHTML, like Gecko) Chrome/64.0.3269.3 Safari/537.36"
35.205.249.224 - - [14/Jun/2026:19:53:56 +0800] "GET /wp-json/gravitysmtp/v1/tests/mock-data HTTP/1.1" 404 154 "-" "Mozilla/5.0 (Macintosh; Intel Mac OS X 10_11_6) AppleWebKit/537.36 (KHTML, like Gecko) Chrome/54.0.2840.98 Safari/537.36"
35.205.249.224 - - [14/Jun/2026:19:53:56 +0800] "GET /wp-json/gravitysmtp/v1/config HTTP/1.1" 404 154 "-" "Mozilla/5.0 (Windows; U; Windows NT 6.1; en-US) AppleWebKit/534.14 (KHTML, like Gecko) Chrome/10.0.601.0 Safari/534.14"
35.205.249.224 - - [14/Jun/2026:19:53:56 +0800] "GET /wp-json/wp/v2/settings HTTP/1.1" 401 131 "-" "Mozilla/5.0 (X11; Linux x86_64) AppleWebKit/537.36 (KHTML, like Gecko) Chrome/73.0.3683.75 Safari/537.36"
35.205.249.224 - - [14/Jun/2026:19:53:56 +0800] "GET /wp-json/gravitysmtp/v1/settings HTTP/1.1" 404 154 "-" "Mozilla/5.0 (Windows NT 10.0; Win64; x64) AppleWebKit/537.36 (KHTML, like Gecko) Chrome/55.0.2883.87 Safari/537.36"
36.133.115.36 - - [14/Jun/2026:19:56:28 +0800] "POST /wp-cron.php?doing_wp_cron=1781438188.8795359134674072265625 HTTP/1.1" 200 31 "-" "WordPress/6.9; http://cqqizhou.com"
35.244.119.77 - - [14/Jun/2026:19:56:28 +0800] "GET /.git/config HTTP/1.1" 404 9409 "-" "MOT-L7v/08.B7.5DR MIB/2.2.1 Profile/MIDP-2.0 Configuration/CLDC-1.1 UP.Link/6.3.0.0.0"
35.244.119.77 - - [14/Jun/2026:19:56:29 +0800] "GET /api/.git/config HTTP/1.1" 404 9409 "-" "Mozilla/5.0 (X11; Linux x86_64) AppleWebKit/537.36 (KHTML, like Gecko) Chrome/47.0.2526.80 Safari/537.36 Vivaldi/1.0.344.37"
35.244.119.77 - - [14/Jun/2026:19:56:29 +0800] "GET /v1/.git/config HTTP/1.1" 404 9409 "-" "Mozilla/5.0 (Macintosh; Intel Mac OS X 10_6_8) AppleWebKit/535.7 (KHTML, like Gecko) Chrome/16.0.912.36 Safari/535.7"
35.244.119.77 - - [14/Jun/2026:19:56:29 +0800] "GET /v2/.git/config HTTP/1.1" 404 9409 "-" "Mozilla/5.0 (Linux; Android 9; RMX1805) AppleWebKit/537.36 (KHTML, like Gecko) Chrome/75.0.3770.143 Mobile Safari/537.36"
35.244.119.77 - - [14/Jun/2026:19:56:29 +0800] "GET /html/.git/config HTTP/1.1" 404 9409 "-" "Mozilla/5.0 (Windows NT 6.1; WOW64) AppleWebKit/537.36 (KHTML, like Gecko) Chrome/27.0.1453.12 Safari/537.36 OPR/14.0.1116.4"
35.244.119.77 - - [14/Jun/2026:19:56:29 +0800] "GET /v3/.git/config HTTP/1.1" 404 9409 "-" "Mozilla/5.0 (iPhone; CPU iPhone OS 11_2_6 like Mac OS X) AppleWebKit/604.5.6 (KHTML, like Gecko) Version/11.0 Mobile/15D100 Safari/604.1"
35.244.119.77 - - [14/Jun/2026:19:56:30 +0800] "GET /htdocs/.git/config HTTP/1.1" 404 9409 "-" "Mozilla/5.0 (Windows NT 6.1) AppleWebKit/537.36 (KHTML, like Gecko) Chrome/75.0.3770.142 Safari/537.36"
35.244.119.77 - - [14/Jun/2026:19:56:30 +0800] "GET /web/.git/config HTTP/1.1" 404 9409 "-" "Mozilla/5.0 (X11; OpenBSD amd64; rv:28.0) Gecko/20100101 Firefox/28.0"
35.244.119.77 - - [14/Jun/2026:19:56:30 +0800] "GET /www/.git/config HTTP/1.1" 404 9407 "-" "Mozilla/5.0 (Windows NT 6.1; Win64; x64) AppleWebKit/537.36 (KHTML, like Gecko) Chrome/63.0.3239.132 Safari/537.36"
35.244.119.77 - - [14/Jun/2026:19:56:30 +0800] "GET /dist/.git/config HTTP/1.1" 404 9407 "-" "Mozilla/5.0 (X11; U; Linux x86_64; en-US) AppleWebKit/540.0 (KHTML, like Gecko) Ubuntu/10.10 Chrome/9.1.0.0 Safari/540.0"
35.244.119.77 - - [14/Jun/2026:19:56:30 +0800] "GET /shop/.git/config HTTP/1.1" 404 9407 "-" "Mozilla/5.0 (Linux; Android 5.1.1; Coolpad 3622A Build/LMY47V) AppleWebKit/537.36 (KHTML, like Gecko) Chrome/58.0.3029.83 Mobile Safari/537.36"
35.244.119.77 - - [14/Jun/2026:19:56:30 +0800] "GET /site/.git/config HTTP/1.1" 404 9407 "-" "Mozilla/5.0 (Linux; Android 8.1.0; Redmi Note 5) AppleWebKit/537.36 (KHTML, like Gecko) Chrome/76.0.3809.89 Mobile Safari/537.36"
