File: //home/logs/cqqizhou_access_2026-06-02.log
36.133.115.36 - - [02/Jun/2026:00:32:42 +0800] "POST /wp-cron.php?doing_wp_cron=1780331562.0559549331665039062500 HTTP/1.1" 200 31 "-" "WordPress/6.9; http://cqqizhou.com"
51.79.193.86 - - [02/Jun/2026:00:32:42 +0800] "GET /wp-json/wp/v2/users HTTP/1.1" 200 284 "-" "Mozilla/5.0 (Windows NT 10.0; Win64; x64) AppleWebKit/537.36"
36.133.115.36 - - [02/Jun/2026:00:43:24 +0800] "POST /wp-cron.php?doing_wp_cron=1780332204.0084550380706787109375 HTTP/1.1" 200 31 "-" "WordPress/6.9; http://cqqizhou.com"
51.79.193.86 - - [02/Jun/2026:00:43:24 +0800] "GET /wp-json/wp/v2/users HTTP/1.1" 200 284 "-" "python-requests/2.32.4"
51.79.193.86 - - [02/Jun/2026:00:43:37 +0800] "POST /wp-json/KirkiComponentLibrary/v1/kirki-forgot-password HTTP/1.1" 400 51 "-" "python-requests/2.32.4"
51.79.193.86 - - [02/Jun/2026:00:49:24 +0800] "GET / HTTP/1.1" 200 35594 "-" "python-requests/2.32.4"
36.133.115.36 - - [02/Jun/2026:00:49:29 +0800] "POST /wp-cron.php?doing_wp_cron=1780332569.1442070007324218750000 HTTP/1.1" 200 31 "-" "WordPress/6.9; http://cqqizhou.com"
51.79.193.86 - - [02/Jun/2026:00:49:29 +0800] "GET /wp-json/wp/v2/users HTTP/1.1" 200 284 "-" "python-requests/2.32.4"
39.182.12.212 - - [02/Jun/2026:00:51:14 +0800] "GET / HTTP/1.1" 200 35594 "-" "Mozilla/5.0 (Macintosh; Intel Mac OS X 10_15_7) AppleWebKit/537.36 (KHTML, like Gecko) Chrome/126.0.0.0 Safari/537.36"
36.133.115.36 - - [02/Jun/2026:00:51:32 +0800] "POST /wp-cron.php?doing_wp_cron=1780332692.0308949947357177734375 HTTP/1.1" 200 31 "-" "WordPress/6.9; http://cqqizhou.com"
111.19.116.77 - - [02/Jun/2026:00:51:32 +0800] "GET / HTTP/1.1" 301 5 "-" "Mozilla/5.0 (Macintosh; Intel Mac OS X 10_15_7) AppleWebKit/537.36 (KHTML, like Gecko) Chrome/126.0.0.0 Safari/537.36"
111.19.116.77 - - [02/Jun/2026:00:51:32 +0800] "GET http://cqqizhou.com/ HTTP/1.1" 200 35594 "-" "Mozilla/5.0 (Macintosh; Intel Mac OS X 10_15_7) AppleWebKit/537.36 (KHTML, like Gecko) Chrome/126.0.0.0 Safari/537.36"
36.133.115.36 - - [02/Jun/2026:01:06:13 +0800] "POST /wp-cron.php?doing_wp_cron=1780333573.0518949031829833984375 HTTP/1.1" 200 31 "-" "WordPress/6.9; http://cqqizhou.com"
8.216.64.215 - - [02/Jun/2026:01:06:13 +0800] "GET / HTTP/1.1" 301 5 "-" "Mozilla/5.0 (Windows NT 6.1; WOW64) AppleWebKit/534.57.2 (KHTML, like Gecko) Version/5.1.7 Safari/534.57.2"
8.216.64.215 - - [02/Jun/2026:01:06:13 +0800] "GET / HTTP/1.1" 200 35594 "-" "Mozilla/5.0 (Windows NT 6.1; WOW64) AppleWebKit/534.57.2 (KHTML, like Gecko) Version/5.1.7 Safari/534.57.2"
113.246.154.147 - - [02/Jun/2026:01:12:39 +0800] "GET /news/2153 HTTP/1.1" 200 24976 "-" "Mozilla/5.0 (Macintosh; Intel Mac OS X 10_15_7) AppleWebKit/537.36 (KHTML, like Gecko) Chrome/146.0.0.0 Safari/537.36"
36.133.115.36 - - [02/Jun/2026:01:12:39 +0800] "POST /wp-cron.php?doing_wp_cron=1780333959.9153270721435546875000 HTTP/1.1" 200 31 "-" "WordPress/6.9; http://cqqizhou.com"
101.204.98.119 - - [02/Jun/2026:01:12:40 +0800] "GET /news/2153 HTTP/1.1" 200 24976 "-" "Mozilla/5.0 (Macintosh; Intel Mac OS X 10_15_7) AppleWebKit/537.36 (KHTML, like Gecko) Chrome/145.0.0.0 Safari/537.36"
171.238.89.107 - - [02/Jun/2026:01:12:40 +0800] "GET /news/2153 HTTP/1.1" 200 24976 "-" "Mozilla/5.0 (Macintosh; Intel Mac OS X 10_15_7) AppleWebKit/537.36 (KHTML, like Gecko) Chrome/146.0.0.0 Safari/537.36"
113.187.211.63 - - [02/Jun/2026:01:12:40 +0800] "GET /news/2153 HTTP/1.1" 200 24976 "-" "Mozilla/5.0 (Macintosh; Intel Mac OS X 10.15; rv:135.0) Gecko/20100101 Firefox/135.0"
36.133.115.36 - - [02/Jun/2026:01:12:40 +0800] "POST /wp-cron.php?doing_wp_cron=1780333960.8008410930633544921875 HTTP/1.1" 200 31 "-" "WordPress/6.9; http://cqqizhou.com"
113.165.229.77 - - [02/Jun/2026:01:12:40 +0800] "GET /news/2153 HTTP/1.1" 200 24976 "-" "Mozilla/5.0 (Macintosh; Intel Mac OS X 10.15; rv:135.0) Gecko/20100101 Firefox/135.0"
31.76.139.46 - - [02/Jun/2026:01:16:51 +0800] "GET /wp-content/uploads/2026/05/1779957408-1Article_images_W900px-768x432.webp HTTP/1.1" 200 37090 "-" "Mozilla/5.0 (compatible; crawler)"
110.249.202.112 - - [02/Jun/2026:01:25:56 +0800] "GET /wp-content/uploads/2026/05/1779059685-1Article_images_W900px-768x432.webp HTTP/1.1" 200 50862 "http://cqqizhou.com/company-news" "Mozilla/5.0 (Linux; Android 5.0) AppleWebKit/537.36 (KHTML, like Gecko) Mobile Safari/537.36 (compatible; Bytespider; https://zhanzhang.toutiao.com/)"
36.133.115.36 - - [02/Jun/2026:01:27:18 +0800] "POST /wp-cron.php?doing_wp_cron=1780334838.2529571056365966796875 HTTP/1.1" 200 31 "-" "WordPress/6.9; http://cqqizhou.com"
119.84.246.117 - - [02/Jun/2026:01:27:18 +0800] "GET / HTTP/1.1" 301 5 "-" "-"
119.84.246.117 - - [02/Jun/2026:01:27:18 +0800] "GET / HTTP/1.1" 200 160266 "-" "-"
119.84.246.117 - - [02/Jun/2026:01:27:20 +0800] "GET / HTTP/1.1" 301 5 "-" "Mozilla/5.0 (Windows; U; Windows NT 5.2) AppleWebKit/525.13 (KHTML, like Gecko) Chrome/0.2.149.27 Safari/525.13"
119.84.246.117 - - [02/Jun/2026:01:27:20 +0800] "GET / HTTP/1.1" 200 35594 "-" "Mozilla/5.0 (Windows; U; Windows NT 5.2) AppleWebKit/525.13 (KHTML, like Gecko) Chrome/0.2.149.27 Safari/525.13"
119.84.246.117 - - [02/Jun/2026:01:27:20 +0800] "GET /wp-content/uploads/2025/07/1751425283-qizhou.kf_.qq_.com_.webp HTTP/1.1" 200 16864 "http://cqqizhou.com/" "Mozilla/5.0 (Windows; U; Windows NT 5.2) AppleWebKit/525.13 (KHTML, like Gecko) Chrome/0.2.149.27 Safari/525.13"
119.84.246.117 - - [02/Jun/2026:01:27:20 +0800] "GET /wp-content/uploads/2025/07/1753456723-%E5%8F%8C%E7%9B%B8%E9%92%A2roduct_Single600.webp HTTP/1.1" 200 22790 "http://cqqizhou.com/" "Mozilla/5.0 (Windows; U; Windows NT 5.2) AppleWebKit/525.13 (KHTML, like Gecko) Chrome/0.2.149.27 Safari/525.13"
119.84.246.117 - - [02/Jun/2026:01:27:20 +0800] "GET /wp-content/uploads/2025/07/1753453096-%E5%8F%8C%E7%9B%B8%E9%92%A2product_Single600%C3%97284.webp HTTP/1.1" 200 14562 "http://cqqizhou.com/" "Mozilla/5.0 (Windows; U; Windows NT 5.2) AppleWebKit/525.13 (KHTML, like Gecko) Chrome/0.2.149.27 Safari/525.13"
119.84.246.117 - - [02/Jun/2026:01:27:20 +0800] "GET /wp-content/uploads/2025/07/1753456770-%E7%83%AD%E9%95%80%E9%94%8C%E5%8D%B7product_Single600.webp HTTP/1.1" 200 27502 "http://cqqizhou.com/" "Mozilla/5.0 (Windows; U; Windows NT 5.2) AppleWebKit/525.13 (KHTML, like Gecko) Chrome/0.2.149.27 Safari/525.13"
119.84.246.117 - - [02/Jun/2026:01:27:20 +0800] "GET /wp-content/uploads/2025/07/1753453127-%E4%BD%99%E5%8D%B7product_Single600%C3%97284.webp HTTP/1.1" 200 18744 "http://cqqizhou.com/" "Mozilla/5.0 (Windows; U; Windows NT 5.2) AppleWebKit/525.13 (KHTML, like Gecko) Chrome/0.2.149.27 Safari/525.13"
119.84.246.117 - - [02/Jun/2026:01:27:20 +0800] "GET /wp-content/uploads/2026/05/1779957408-1Article_images_W900px.webp HTTP/1.1" 200 36526 "http://cqqizhou.com/" "Mozilla/5.0 (Windows; U; Windows NT 5.2) AppleWebKit/525.13 (KHTML, like Gecko) Chrome/0.2.149.27 Safari/525.13"
119.84.246.117 - - [02/Jun/2026:01:27:20 +0800] "GET /wp-content/uploads/2026/05/1779925245-Article_images_W900px.webp HTTP/1.1" 200 27996 "http://cqqizhou.com/" "Mozilla/5.0 (Windows; U; Windows NT 5.2) AppleWebKit/525.13 (KHTML, like Gecko) Chrome/0.2.149.27 Safari/525.13"
119.84.246.117 - - [02/Jun/2026:01:27:20 +0800] "GET /wp-content/uploads/2026/05/1779328461-1Article_images_W900px.webp HTTP/1.1" 200 37908 "http://cqqizhou.com/" "Mozilla/5.0 (Windows; U; Windows NT 5.2) AppleWebKit/525.13 (KHTML, like Gecko) Chrome/0.2.149.27 Safari/525.13"
119.84.246.117 - - [02/Jun/2026:01:27:20 +0800] "GET /wp-content/uploads/2026/05/1779059685-1Article_images_W900px.webp HTTP/1.1" 200 50738 "http://cqqizhou.com/" "Mozilla/5.0 (Windows; U; Windows NT 5.2) AppleWebKit/525.13 (KHTML, like Gecko) Chrome/0.2.149.27 Safari/525.13"
119.84.246.117 - - [02/Jun/2026:01:27:20 +0800] "GET /wp-content/uploads/2026/04/1777513410-1Article_images_W900px.webp HTTP/1.1" 200 30786 "http://cqqizhou.com/" "Mozilla/5.0 (Windows; U; Windows NT 5.2) AppleWebKit/525.13 (KHTML, like Gecko) Chrome/0.2.149.27 Safari/525.13"
36.133.115.36 - - [02/Jun/2026:01:30:23 +0800] "POST /wp-cron.php?doing_wp_cron=1780335023.0934309959411621093750 HTTP/1.1" 200 31 "-" "WordPress/6.9; http://cqqizhou.com"
27.124.17.174 - - [02/Jun/2026:01:30:23 +0800] "GET /whir_system/login.aspx HTTP/1.1" 404 9409 "-" "Mozilla/5.0 (Windows NT 10.0) AppleWebKit/537.36 (KHTML, like Gecko) Chrome/40.0.2214.93 Safari/537.36"
36.133.115.36 - - [02/Jun/2026:01:34:35 +0800] "POST /wp-cron.php?doing_wp_cron=1780335275.0348510742187500000000 HTTP/1.1" 200 31 "-" "WordPress/6.9; http://cqqizhou.com"
115.159.33.43 - - [02/Jun/2026:01:34:35 +0800] "GET / HTTP/1.1" 301 5 "-" "Mozilla/5.0 (Windows NT 10.0; Win64; x64) AppleWebKit/537.36 (KHTML, like Gecko) Chrome/79.0.3945.117 Safari/537.36"
110.249.202.67 - - [02/Jun/2026:01:38:15 +0800] "GET /material.html HTTP/1.1" 200 6459 "-" "Mozilla/5.0 (Linux; Android 5.0) AppleWebKit/537.36 (KHTML, like Gecko) Mobile Safari/537.36 (compatible; Bytespider; https://zhanzhang.toutiao.com/)"
42.58.35.142 - - [02/Jun/2026:01:39:12 +0800] "GET /news/tag/%E6%B6%88%E9%98%B2%E5%AE%89%E5%85%A8 HTTP/1.1" 200 21594 "-" "Mozilla/5.0 (Windows NT 10.0; Win64; x64) AppleWebKit/537.36 (KHTML, like Gecko) Chrome/111.0.0.0 Safari/537.36"
117.131.24.176 - - [02/Jun/2026:01:42:32 +0800] "GET /wp-content/uploads/2025/07/1751864664-Logistics800x500_1.webp HTTP/1.1" 200 76914 "http://cqqizhou.com" "Mozilla/5.0 (Windows NT 10.0; Win64; x64) AppleWebKit/537.36 (KHTML, like Gecko) Chrome/120.0.0.0 Safari/537.36"
36.133.115.36 - - [02/Jun/2026:01:57:26 +0800] "POST /wp-cron.php?doing_wp_cron=1780336646.5273339748382568359375 HTTP/1.1" 200 31 "-" "WordPress/6.9; http://cqqizhou.com"
43.130.12.43 - - [02/Jun/2026:01:57:26 +0800] "GET / HTTP/1.1" 301 5 "-" "Mozilla/5.0 (iPhone; CPU iPhone OS 13_2_3 like Mac OS X) AppleWebKit/605.1.15 (KHTML, like Gecko) Version/13.0.3 Mobile/15E148 Safari/604.1"
43.130.12.43 - - [02/Jun/2026:01:57:28 +0800] "GET / HTTP/1.1" 200 35151 "http://www.cqqizhou.com" "Mozilla/5.0 (iPhone; CPU iPhone OS 13_2_3 like Mac OS X) AppleWebKit/605.1.15 (KHTML, like Gecko) Version/13.0.3 Mobile/15E148 Safari/604.1"
211.101.233.94 - - [02/Jun/2026:02:02:10 +0800] "GET /phpmyadmin/index.php HTTP/1.1" 404 47 "-" "Mozilla/5.0 (Windows NT 6.1; WOW64) AppleWebKit/535.1 (KHTML, like Gecko) Chrome/14.0.835.163 Safari/535.1"
211.101.233.94 - - [02/Jun/2026:02:02:11 +0800] "GET /phpmyadmin4.8.5/index.php HTTP/1.1" 404 47 "-" "Mozilla/4.0 (compatible; MSIE 7.0; Windows NT 6.1; WOW64; Trident/5.0; SLCC2; .NET CLR 2.0.50727; .NET CLR 3.5.30729; .NET CLR 3.0.30729; Media Center PC 6.0; InfoPath.3; .NET4.0C; .NET4.0E; SE 2.X MetaSr 1.0)"
211.101.233.94 - - [02/Jun/2026:02:02:11 +0800] "GET /pmd/index.php HTTP/1.1" 404 47 "-" "Mozilla/5.0 (Windows NT 6.1; WOW64) AppleWebKit/535.1 (KHTML, like Gecko) Chrome/14.0.835.163 Safari/535.1"
36.133.115.36 - - [02/Jun/2026:02:02:12 +0800] "POST /wp-cron.php?doing_wp_cron=1780336932.1127479076385498046875 HTTP/1.1" 200 31 "-" "WordPress/6.9; http://cqqizhou.com"
211.101.233.94 - - [02/Jun/2026:02:02:12 +0800] "GET /index.php HTTP/1.1" 200 35151 "-" "Mozilla/5.0 (Windows NT 6.1) AppleWebKit/535.1 (KHTML, like Gecko) Chrome/13.0.782.41 Safari/535.1 QQBrowser/6.9.11079.201"
211.101.236.59 - - [02/Jun/2026:02:02:57 +0800] "GET / HTTP/1.1" 301 5 "-" "Mozilla/5.0 (Windows NT 10.0; Win64; x64) AppleWebKit/537.36 (KHTML, like Gecko) Chrome/120.0.0.0 Safari/537.36"
211.101.236.59 - - [02/Jun/2026:02:02:57 +0800] "GET / HTTP/1.1" 200 35594 "-" "Mozilla/5.0 (Windows NT 10.0; Win64; x64) AppleWebKit/537.36 (KHTML, like Gecko) Chrome/120.0.0.0 Safari/537.36"
60.20.103.199 - - [02/Jun/2026:02:08:23 +0800] "GET /news HTTP/1.1" 200 25975 "-" "Mozilla/5.0 (Windows NT 5.1; rv:5.0) Gecko/20100101 Firefox/5.0"
106.8.130.169 - - [02/Jun/2026:02:14:17 +0800] "GET /news/2575 HTTP/1.1" 200 25467 "-" "YisouSpider"
223.109.255.170 - - [02/Jun/2026:02:30:17 +0800] "GET / HTTP/1.1" 200 35594 "-" "Sogou web spider/4.0(+http://www.sogou.com/docs/help/webmasters.htm#07)"
36.133.115.36 - - [02/Jun/2026:02:38:25 +0800] "POST /wp-cron.php?doing_wp_cron=1780339105.2545740604400634765625 HTTP/1.1" 200 31 "-" "WordPress/6.9; http://cqqizhou.com"
43.165.4.2 - - [02/Jun/2026:02:38:25 +0800] "GET / HTTP/1.1" 301 5 "-" "Mozilla/5.0 (iPhone; CPU iPhone OS 13_2_3 like Mac OS X) AppleWebKit/605.1.15 (KHTML, like Gecko) Version/13.0.3 Mobile/15E148 Safari/604.1"
43.165.4.2 - - [02/Jun/2026:02:38:27 +0800] "GET / HTTP/1.1" 200 35151 "http://36.133.115.36" "Mozilla/5.0 (iPhone; CPU iPhone OS 13_2_3 like Mac OS X) AppleWebKit/605.1.15 (KHTML, like Gecko) Version/13.0.3 Mobile/15E148 Safari/604.1"
36.133.115.36 - - [02/Jun/2026:02:48:26 +0800] "POST /wp-cron.php?doing_wp_cron=1780339706.4887599945068359375000 HTTP/1.1" 200 31 "-" "WordPress/6.9; http://cqqizhou.com"
125.44.190.165 - - [02/Jun/2026:02:48:31 +0800] "GET /boaform/admin/formLogin?username=adminisp&psd=adminisp HTTP/1.0" 404 32966 "-" "-"
36.133.115.36 - - [02/Jun/2026:03:02:46 +0800] "POST /wp-cron.php?doing_wp_cron=1780340566.1373980045318603515625 HTTP/1.1" 200 31 "-" "WordPress/6.9; http://cqqizhou.com"
34.162.77.46 - - [02/Jun/2026:03:02:46 +0800] "HEAD /wp/ HTTP/1.1" 404 0 "-" "Mozilla/5.0 (iPhone; CPU iPhone OS 16_7 like Mac OS X) AppleWebKit/605.1.15 (KHTML, like Gecko) Version/16.7 Mobile/15E148 Safari/604.1"
34.162.77.46 - - [02/Jun/2026:03:02:47 +0800] "HEAD /new/ HTTP/1.1" 301 0 "-" "Mozilla/5.0 (Linux; U; Android 10; en-US; CPH2015) AppleWebKit/537.36 (KHTML, like Gecko) UCBrowser/13.5.8.1311 Mobile Safari/537.36"
34.162.77.46 - - [02/Jun/2026:03:02:48 +0800] "HEAD /news HTTP/1.1" 200 0 "http://cqqizhou.com/new/" "Mozilla/5.0 (Linux; U; Android 10; en-US; CPH2015) AppleWebKit/537.36 (KHTML, like Gecko) UCBrowser/13.5.8.1311 Mobile Safari/537.36"
34.162.77.46 - - [02/Jun/2026:03:02:48 +0800] "HEAD /wordpress/ HTTP/1.1" 404 0 "-" "Mozilla/5.0 (iPad; CPU OS 17_4 like Mac OS X) AppleWebKit/605.1.15 (KHTML, like Gecko) Version/17.4 Mobile/15E148 Safari/604.1"
34.162.77.46 - - [02/Jun/2026:03:02:49 +0800] "HEAD /blog/ HTTP/1.1" 404 0 "-" "Mozilla/5.0 (Linux; Android 13; Infinix X688B) AppleWebKit/537.36 (KHTML, like Gecko) Chrome/124.0.6367.48 Mobile Safari/537.36"
34.162.77.46 - - [02/Jun/2026:03:02:50 +0800] "HEAD /backup/ HTTP/1.1" 404 0 "-" "Mozilla/5.0 (Linux; Android 14; Samsung SM-A546B) AppleWebKit/537.36 (KHTML, like Gecko) Chrome/126.0.6478.14 Mobile Safari/537.36"
34.162.77.46 - - [02/Jun/2026:03:02:50 +0800] "HEAD / HTTP/1.1" 200 0 "-" "Mozilla/5.0 (X11; Linux x86_64) AppleWebKit/537.36 (KHTML, like Gecko) Chrome/125.0.6422.76 Safari/537.36"
34.162.77.46 - - [02/Jun/2026:03:02:51 +0800] "HEAD /old/ HTTP/1.1" 404 0 "-" "Mozilla/5.0 (Windows NT 11.0; Win64; x64) AppleWebKit/537.36 (KHTML, like Gecko) Chrome/128.0.6540.18 Safari/537.36"
36.133.115.36 - - [02/Jun/2026:03:07:00 +0800] "POST /wp-cron.php?doing_wp_cron=1780340820.2449450492858886718750 HTTP/1.1" 200 31 "-" "WordPress/6.9; http://cqqizhou.com"
50.114.33.216 - - [02/Jun/2026:03:07:00 +0800] "GET //wp-json/wp/v2/posts HTTP/1.0" 200 82583 "-" "Mozilla/5.0 (Windows NT 10.0; Win64; x64) AppleWebKit/537.36 (KHTML, like Gecko) Chrome/120.0.0.0 Safari/537.36"
36.133.115.36 - - [02/Jun/2026:03:14:29 +0800] "POST /wp-cron.php?doing_wp_cron=1780341269.4996519088745117187500 HTTP/1.1" 200 31 "-" "WordPress/6.9; http://cqqizhou.com"
45.148.10.67 - - [02/Jun/2026:03:14:29 +0800] "GET / HTTP/1.1" 200 35151 "-" "Mozilla/5.0 (Windows NT 10.0; Win64; x64) AppleWebKit/537.36 (KHTML, like Gecko) Chrome/131.0.0.0 Safari/537.36"
36.133.115.36 - - [02/Jun/2026:03:19:14 +0800] "POST /wp-cron.php?doing_wp_cron=1780341554.6563611030578613281250 HTTP/1.1" 200 31 "-" "WordPress/6.9; http://cqqizhou.com"
132.232.144.5 - - [02/Jun/2026:03:19:14 +0800] "GET /wp-json/wp/v2/posts HTTP/1.1" 200 82597 "-" "Mozilla/5.0 (Windows NT 10.0; Win64; x64) AppleWebKit/537.36 (KHTML, like Gecko) Chrome/120.0.0.0 Safari/537.36"
36.133.115.36 - - [02/Jun/2026:03:24:55 +0800] "POST /wp-cron.php?doing_wp_cron=1780341895.6623349189758300781250 HTTP/1.1" 200 31 "-" "WordPress/6.9; http://cqqizhou.com"
5.61.209.126 - - [02/Jun/2026:03:24:55 +0800] "GET /SDK/webLanguage HTTP/1.1" 301 5 "-" "Mozilla/5.0 (Windows NT 10.0; Win64; x64) AppleWebKit/537.36 (KHTML, like Gecko) Chrome/90.0.4430.85 Safari/537.36 Edg/90.0.818.46"
36.133.115.36 - - [02/Jun/2026:03:27:37 +0800] "POST /wp-cron.php?doing_wp_cron=1780342057.2594950199127197265625 HTTP/1.1" 200 31 "-" "WordPress/6.9; http://cqqizhou.com"
162.14.81.106 - - [02/Jun/2026:03:27:37 +0800] "GET / HTTP/1.1" 301 5 "-" "Mozilla/5.0 (iPhone; CPU iPhone OS 13_2_3 like Mac OS X) AppleWebKit/605.1.15 (KHTML, like Gecko) Version/13.0.3 Mobile/15E148 Safari/604.1"
162.14.81.106 - - [02/Jun/2026:03:27:39 +0800] "GET / HTTP/1.1" 200 35151 "http://www.cqqizhou.com" "Mozilla/5.0 (iPhone; CPU iPhone OS 13_2_3 like Mac OS X) AppleWebKit/605.1.15 (KHTML, like Gecko) Version/13.0.3 Mobile/15E148 Safari/604.1"
36.133.115.36 - - [02/Jun/2026:03:39:06 +0800] "POST /wp-cron.php?doing_wp_cron=1780342746.0261600017547607421875 HTTP/1.1" 200 31 "-" "WordPress/6.9; http://cqqizhou.com"
43.159.136.201 - - [02/Jun/2026:03:39:06 +0800] "GET / HTTP/1.1" 200 35151 "-" "Mozilla/5.0 (iPhone; CPU iPhone OS 13_2_3 like Mac OS X) AppleWebKit/605.1.15 (KHTML, like Gecko) Version/13.0.3 Mobile/15E148 Safari/604.1"
110.249.201.47 - - [02/Jun/2026:03:46:14 +0800] "GET /wp-content/uploads/2026/04/1775865780-1Article_images_W900px-768x432.webp HTTP/1.1" 200 41178 "http://cqqizhou.com/company-news" "Mozilla/5.0 (Linux; Android 5.0) AppleWebKit/537.36 (KHTML, like Gecko) Mobile Safari/537.36 (compatible; Bytespider; https://zhanzhang.toutiao.com/)"
36.133.115.36 - - [02/Jun/2026:03:50:26 +0800] "POST /wp-cron.php?doing_wp_cron=1780343426.8911159038543701171875 HTTP/1.1" 200 31 "-" "WordPress/6.9; http://cqqizhou.com"
111.225.149.60 - - [02/Jun/2026:03:50:26 +0800] "GET /robots.txt HTTP/1.1" 200 190 "-" "Mozilla/5.0 (Linux; Android 5.0) AppleWebKit/537.36 (KHTML, like Gecko) Mobile Safari/537.36 (compatible; Bytespider; https://zhanzhang.toutiao.com/)"
36.133.115.36 - - [02/Jun/2026:03:59:38 +0800] "POST /wp-cron.php?doing_wp_cron=1780343978.5208148956298828125000 HTTP/1.1" 200 31 "-" "WordPress/6.9; http://cqqizhou.com"
43.134.71.232 - - [02/Jun/2026:03:59:38 +0800] "GET / HTTP/1.1" 200 35151 "-" "Mozilla/5.0 (iPhone; CPU iPhone OS 13_2_3 like Mac OS X) AppleWebKit/605.1.15 (KHTML, like Gecko) Version/13.0.3 Mobile/15E148 Safari/604.1"
181.214.190.71 - - [02/Jun/2026:04:02:13 +0800] "GET /wp-content/uploads/2025/07/1750649186-qizhou1920x1080_3.webp HTTP/1.1" 200 134070 "-" "Mozilla/5.0 (compatible; crawler)"
36.133.115.36 - - [02/Jun/2026:04:09:32 +0800] "POST /wp-cron.php?doing_wp_cron=1780344572.2127668857574462890625 HTTP/1.1" 200 31 "-" "WordPress/6.9; http://cqqizhou.com"
187.191.2.214 - - [02/Jun/2026:04:09:32 +0800] "GET /wp-config.php HTTP/1.1" 200 5 "-" "Mozilla/5.0"
187.191.2.214 - - [02/Jun/2026:04:09:33 +0800] "GET /.env HTTP/1.1" 301 5 "-" "Mozilla/5.0"
187.191.2.214 - - [02/Jun/2026:04:09:34 +0800] "GET /.env HTTP/1.1" 404 32979 "http://36.133.115.36:80/.env" "Mozilla/5.0"
36.133.115.36 - - [02/Jun/2026:04:13:30 +0800] "POST /wp-cron.php?doing_wp_cron=1780344810.2565031051635742187500 HTTP/1.1" 200 31 "-" "WordPress/6.9; http://cqqizhou.com"
43.166.1.243 - - [02/Jun/2026:04:13:30 +0800] "GET / HTTP/1.1" 200 35151 "-" "Mozilla/5.0 (iPhone; CPU iPhone OS 13_2_3 like Mac OS X) AppleWebKit/605.1.15 (KHTML, like Gecko) Version/13.0.3 Mobile/15E148 Safari/604.1"
36.133.115.36 - - [02/Jun/2026:04:17:23 +0800] "POST /wp-cron.php?doing_wp_cron=1780345043.7402279376983642578125 HTTP/1.1" 200 31 "-" "WordPress/6.9; http://cqqizhou.com"
120.33.246.254 - - [02/Jun/2026:04:17:23 +0800] "GET / HTTP/1.0" 301 0 "https://www.baidu.com/" "Mozilla/5.0 (Macintosh; Intel Mac OS X 10_15_6) AppleWebKit/537.36 (KHTML, like Gecko) Chrome/91.0.4472.164 Safari/537.36"
120.33.246.254 - - [02/Jun/2026:04:17:24 +0800] "GET / HTTP/1.0" 200 160244 "https://www.baidu.com/" "Mozilla/5.0 (Macintosh; Intel Mac OS X 10_15_6) AppleWebKit/537.36 (KHTML, like Gecko) Chrome/91.0.4472.164 Safari/537.36"
42.248.69.251 - - [02/Jun/2026:04:28:53 +0800] "GET //about HTTP/1.0" 200 108870 "https://www.baidu.com/" "Mozilla/5.0 (Macintosh; Intel Mac OS X 10_15_6) AppleWebKit/537.36 (KHTML, like Gecko) Chrome/91.0.4472.164 Safari/537.36"
36.133.115.36 - - [02/Jun/2026:04:28:54 +0800] "POST /wp-cron.php?doing_wp_cron=1780345734.0562078952789306640625 HTTP/1.1" 200 31 "-" "WordPress/6.9; http://cqqizhou.com"
117.80.38.42 - - [02/Jun/2026:04:28:54 +0800] "GET //contacts/ HTTP/1.0" 301 0 "https://www.baidu.com/" "Mozilla/5.0 (Macintosh; Intel Mac OS X 10_15_6) AppleWebKit/537.36 (KHTML, like Gecko) Chrome/91.0.4472.164 Safari/537.36"
117.80.38.42 - - [02/Jun/2026:04:28:54 +0800] "GET /contacts HTTP/1.0" 200 78602 "https://www.baidu.com/" "Mozilla/5.0 (Macintosh; Intel Mac OS X 10_15_6) AppleWebKit/537.36 (KHTML, like Gecko) Chrome/91.0.4472.164 Safari/537.36"
45.251.35.69 - - [02/Jun/2026:04:30:16 +0800] "GET /wp-content/uploads/2026/01/1770349139-202624Article_images_W900%C3%97500px20260-.webp HTTP/1.1" 200 58006 "http://cqqizhou.com/wp-content/uploads/2026/01/1770349139-202624Article_images_W900%C3%97500px20260-.webp" "Mozilla/5.0 (Macintosh; Intel Mac OS X 10_15_7) AppleWebKit/537.36 (KHTML, like Gecko) Chrome/123.0.0.0 Safari/537.36"
36.133.115.36 - - [02/Jun/2026:04:37:44 +0800] "POST /wp-cron.php?doing_wp_cron=1780346264.2707641124725341796875 HTTP/1.1" 200 31 "-" "WordPress/6.9; http://cqqizhou.com"
43.167.232.38 - - [02/Jun/2026:04:37:44 +0800] "GET / HTTP/1.1" 200 35151 "-" "Mozilla/5.0 (iPhone; CPU iPhone OS 13_2_3 like Mac OS X) AppleWebKit/605.1.15 (KHTML, like Gecko) Version/13.0.3 Mobile/15E148 Safari/604.1"
36.133.115.36 - - [02/Jun/2026:04:46:46 +0800] "POST /wp-cron.php?doing_wp_cron=1780346806.0469019412994384765625 HTTP/1.1" 200 31 "-" "WordPress/6.9; http://cqqizhou.com"
45.148.10.67 - - [02/Jun/2026:04:46:46 +0800] "GET / HTTP/1.1" 200 35151 "-" "Mozilla/5.0 (Windows NT 10.0; Win64; x64) AppleWebKit/537.36 (KHTML, like Gecko) Chrome/131.0.0.0 Safari/537.36"
36.133.115.36 - - [02/Jun/2026:04:51:06 +0800] "POST /wp-cron.php?doing_wp_cron=1780347066.4929809570312500000000 HTTP/1.1" 200 31 "-" "WordPress/6.9; http://cqqizhou.com"
43.164.129.191 - - [02/Jun/2026:04:51:06 +0800] "GET /logistics HTTP/1.1" 301 5 "-" "Mozilla/5.0 (iPhone; CPU iPhone OS 13_2_3 like Mac OS X) AppleWebKit/605.1.15 (KHTML, like Gecko) Version/13.0.3 Mobile/15E148 Safari/604.1"
36.133.115.36 - - [02/Jun/2026:04:51:08 +0800] "POST /wp-cron.php?doing_wp_cron=1780347068.7792611122131347656250 HTTP/1.1" 200 31 "-" "WordPress/6.9; http://cqqizhou.com"
43.164.129.191 - - [02/Jun/2026:04:51:08 +0800] "GET /logistics HTTP/1.1" 200 25821 "http://36.133.115.36:80/logistics" "Mozilla/5.0 (iPhone; CPU iPhone OS 13_2_3 like Mac OS X) AppleWebKit/605.1.15 (KHTML, like Gecko) Version/13.0.3 Mobile/15E148 Safari/604.1"
165.22.148.122 - - [02/Jun/2026:04:51:12 +0800] "GET / HTTP/1.1" 301 5 "-" "Mozilla/5.0 (Macintosh; Intel Mac OS X 10_15_7) AppleWebKit/537.36 (KHTML, like Gecko) Chrome/92.0.4515.159 Safari/537.36"
165.22.148.122 - - [02/Jun/2026:04:51:13 +0800] "GET / HTTP/1.1" 200 35594 "http://36.133.115.36/" "Mozilla/5.0 (Macintosh; Intel Mac OS X 10_15_7) AppleWebKit/537.36 (KHTML, like Gecko) Chrome/92.0.4515.159 Safari/537.36"
23.239.12.152 - - [02/Jun/2026:04:51:29 +0800] "GET / HTTP/1.1" 301 5 "-" "Mozilla/5.0 (Macintosh; Intel Mac OS X 10_15_7) AppleWebKit/537.36 (KHTML, like Gecko) Chrome/92.0.4515.159 Safari/537.36"
23.239.12.152 - - [02/Jun/2026:04:51:30 +0800] "GET / HTTP/1.1" 200 35594 "http://36.133.115.36/" "Mozilla/5.0 (Macintosh; Intel Mac OS X 10_15_7) AppleWebKit/537.36 (KHTML, like Gecko) Chrome/92.0.4515.159 Safari/537.36"
36.133.115.36 - - [02/Jun/2026:04:52:36 +0800] "POST /wp-cron.php?doing_wp_cron=1780347156.8292560577392578125000 HTTP/1.1" 200 31 "-" "WordPress/6.9; http://cqqizhou.com"
69.5.169.146 - - [02/Jun/2026:04:52:36 +0800] "GET /api/getData?path=player%3Aplayer%2Fdata&roles=value HTTP/1.1" 301 5 "-" "-"
36.133.115.36 - - [02/Jun/2026:04:56:42 +0800] "POST /wp-cron.php?doing_wp_cron=1780347402.6308391094207763671875 HTTP/1.1" 200 31 "-" "WordPress/6.9; http://cqqizhou.com"
51.79.193.86 - - [02/Jun/2026:04:56:42 +0800] "GET /wp-json/wp/v2/users HTTP/1.1" 200 284 "-" "python-requests/2.32.4"
51.79.193.86 - - [02/Jun/2026:04:56:46 +0800] "GET / HTTP/1.1" 200 35594 "-" "Mozilla/5.0 (Windows NT 10.0; Win64; x64) AppleWebKit/537.36"
51.79.193.86 - - [02/Jun/2026:04:56:47 +0800] "POST /wp-json/KirkiComponentLibrary/v1/kirki-forgot-password HTTP/1.1" 400 52 "-" "Mozilla/5.0 (Windows NT 10.0; Win64; x64) AppleWebKit/537.36"
36.133.115.36 - - [02/Jun/2026:05:04:41 +0800] "POST /wp-cron.php?doing_wp_cron=1780347881.2915699481964111328125 HTTP/1.1" 200 31 "-" "WordPress/6.9; http://cqqizhou.com"
129.226.151.24 - - [02/Jun/2026:05:04:41 +0800] "GET /bug HTTP/1.1" 200 12146 "-" "Mozilla/5.0 (iPhone; CPU iPhone OS 13_2_3 like Mac OS X) AppleWebKit/605.1.15 (KHTML, like Gecko) Version/13.0.3 Mobile/15E148 Safari/604.1"
36.133.115.36 - - [02/Jun/2026:05:06:32 +0800] "POST /wp-cron.php?doing_wp_cron=1780347992.0775051116943359375000 HTTP/1.1" 200 31 "-" "WordPress/6.9; http://cqqizhou.com"
106.8.139.113 - - [02/Jun/2026:05:06:32 +0800] "GET /club/ HTTP/1.1" 301 5 "-" "YisouSpider"
123.182.50.43 - - [02/Jun/2026:05:06:32 +0800] "GET /club HTTP/1.1" 200 12541 "-" "YisouSpider"
36.133.115.36 - - [02/Jun/2026:05:14:32 +0800] "POST /wp-cron.php?doing_wp_cron=1780348472.4365570545196533203125 HTTP/1.1" 200 31 "-" "WordPress/6.9; http://cqqizhou.com"
123.182.49.19 - - [02/Jun/2026:05:14:32 +0800] "GET /contacts/ HTTP/1.1" 301 5 "-" "YisouSpider"
116.132.252.71 - - [02/Jun/2026:05:14:32 +0800] "GET /contacts HTTP/1.1" 200 22098 "-" "YisouSpider"
106.8.137.119 - - [02/Jun/2026:05:14:54 +0800] "GET /wp-json/contact-form-7/v1/contact-forms/158/feedback/schema HTTP/1.1" 200 358 "http://cqqizhou.com/contacts" "YisouSpider"
123.182.50.57 - - [02/Jun/2026:05:14:54 +0800] "GET /wp-json/contact-form-7/v1/contact-forms/158/refill HTTP/1.1" 200 33 "http://cqqizhou.com/contacts" "YisouSpider"
106.8.138.240 - - [02/Jun/2026:05:27:21 +0800] "GET /wp-content/uploads/2025/11/1762908477-QZ_Photo-2.webp HTTP/1.1" 200 185928 "-" "YisouSpider"
23.230.29.204 - - [02/Jun/2026:05:28:18 +0800] "GET /wp-content/uploads/2025/12/1765268955-qizhou_Slider1_3840%C3%972160_20251210-scaled.webp HTTP/1.1" 200 152162 "-" "Mozilla/5.0 (compatible; crawler)"
106.8.137.99 - - [02/Jun/2026:05:32:55 +0800] "GET /wp-content/uploads/2025/11/1762908477-QZ_Photo-2.webp HTTP/1.1" 200 185928 "-" "YisouSpider"
43.166.242.189 - - [02/Jun/2026:05:35:32 +0800] "GET /wp-content/uploads/2026/01/1767696162-qizhoutruck3-768x173.webp HTTP/1.1" 200 22082 "-" "Mozilla/5.0 (iPhone; CPU iPhone OS 13_2_3 like Mac OS X) AppleWebKit/605.1.15 (KHTML, like Gecko) Version/13.0.3 Mobile/15E148 Safari/604.1"
36.133.115.36 - - [02/Jun/2026:05:37:01 +0800] "POST /wp-cron.php?doing_wp_cron=1780349821.3356039524078369140625 HTTP/1.1" 200 31 "-" "WordPress/6.9; http://cqqizhou.com"
173.255.204.78 - - [02/Jun/2026:05:37:01 +0800] "GET / HTTP/1.0" 301 0 "-" "-"
36.133.115.36 - - [02/Jun/2026:05:38:44 +0800] "POST /wp-cron.php?doing_wp_cron=1780349924.0340809822082519531250 HTTP/1.1" 200 31 "-" "WordPress/6.9; http://cqqizhou.com"
157.230.154.143 - - [02/Jun/2026:05:38:44 +0800] "GET /robots.txt HTTP/1.1" 200 190 "-" "Mozilla/5.0 (Windows NT 10.0; Win64; x64) AppleWebKit/537.36 (KHTML, like Gecko) Chrome/83.0.4103.61 Safari/537.36"
36.133.115.36 - - [02/Jun/2026:05:43:44 +0800] "POST /wp-cron.php?doing_wp_cron=1780350224.1180601119995117187500 HTTP/1.1" 200 31 "-" "WordPress/6.9; http://cqqizhou.com"
43.130.31.17 - - [02/Jun/2026:05:43:44 +0800] "GET / HTTP/1.1" 301 5 "-" "Mozilla/5.0 (iPhone; CPU iPhone OS 13_2_3 like Mac OS X) AppleWebKit/605.1.15 (KHTML, like Gecko) Version/13.0.3 Mobile/15E148 Safari/604.1"
43.130.31.17 - - [02/Jun/2026:05:43:46 +0800] "GET / HTTP/1.1" 200 35151 "http://36.133.115.36" "Mozilla/5.0 (iPhone; CPU iPhone OS 13_2_3 like Mac OS X) AppleWebKit/605.1.15 (KHTML, like Gecko) Version/13.0.3 Mobile/15E148 Safari/604.1"
36.133.115.36 - - [02/Jun/2026:05:44:10 +0800] "POST /wp-cron.php?doing_wp_cron=1780350250.4970879554748535156250 HTTP/1.1" 200 31 "-" "WordPress/6.9; http://cqqizhou.com"
43.128.104.75 - - [02/Jun/2026:05:44:10 +0800] "GET /wp-content/uploads/2026/02/1770009968-9.6 HTTP/1.1" 404 9408 "-" "Mozilla/5.0 (iPhone; CPU iPhone OS 13_2_3 like Mac OS X) AppleWebKit/605.1.15 (KHTML, like Gecko) Version/13.0.3 Mobile/15E148 Safari/604.1"
36.133.115.36 - - [02/Jun/2026:05:55:13 +0800] "POST /wp-cron.php?doing_wp_cron=1780350913.1542661190032958984375 HTTP/1.1" 200 31 "-" "WordPress/6.9; http://cqqizhou.com"
101.32.15.141 - - [02/Jun/2026:05:55:13 +0800] "GET / HTTP/1.1" 301 5 "-" "Mozilla/5.0 (iPhone; CPU iPhone OS 13_2_3 like Mac OS X) AppleWebKit/605.1.15 (KHTML, like Gecko) Version/13.0.3 Mobile/15E148 Safari/604.1"
43.134.111.142 - - [02/Jun/2026:05:55:53 +0800] "GET /wp-content/uploads/2026/02/1769999335-17.5 HTTP/1.1" 404 9409 "-" "Mozilla/5.0 (iPhone; CPU iPhone OS 13_2_3 like Mac OS X) AppleWebKit/605.1.15 (KHTML, like Gecko) Version/13.0.3 Mobile/15E148 Safari/604.1"
124.239.12.222 - - [02/Jun/2026:05:59:20 +0800] "GET /news/2527 HTTP/1.1" 200 25444 "-" "YisouSpider"
103.254.78.188 - - [02/Jun/2026:06:10:47 +0800] "GET / HTTP/1.1" 200 35594 "-" "Mozilla/5.0 (Windows NT 10.0; Win64; x64) AppleWebKit/537.36 (KHTML, like Gecko) Chrome/142.0.0.0 Safari/537.36"
103.254.78.188 - - [02/Jun/2026:06:10:48 +0800] "GET /wp-content/uploads/2025/07/1751425283-qizhou.kf_.qq_.com_.webp HTTP/1.1" 200 16864 "http://cqqizhou.com/" "Mozilla/5.0 (Windows NT 10.0; Win64; x64) AppleWebKit/537.36 (KHTML, like Gecko) Chrome/142.0.0.0 Safari/537.36"
103.254.78.188 - - [02/Jun/2026:06:10:49 +0800] "GET /wp-content/uploads/2025/07/1753453096-%E5%8F%8C%E7%9B%B8%E9%92%A2product_Single600%C3%97284.webp HTTP/1.1" 200 14562 "http://cqqizhou.com/" "Mozilla/5.0 (Windows NT 10.0; Win64; x64) AppleWebKit/537.36 (KHTML, like Gecko) Chrome/142.0.0.0 Safari/537.36"
103.254.78.188 - - [02/Jun/2026:06:10:49 +0800] "GET /wp-content/uploads/2025/07/1753456723-%E5%8F%8C%E7%9B%B8%E9%92%A2roduct_Single600.webp HTTP/1.1" 200 22790 "http://cqqizhou.com/" "Mozilla/5.0 (Windows NT 10.0; Win64; x64) AppleWebKit/537.36 (KHTML, like Gecko) Chrome/142.0.0.0 Safari/537.36"
103.254.78.188 - - [02/Jun/2026:06:10:49 +0800] "GET /wp-content/uploads/2025/07/1753453127-%E4%BD%99%E5%8D%B7product_Single600%C3%97284.webp HTTP/1.1" 200 18744 "http://cqqizhou.com/" "Mozilla/5.0 (Windows NT 10.0; Win64; x64) AppleWebKit/537.36 (KHTML, like Gecko) Chrome/142.0.0.0 Safari/537.36"
103.254.78.188 - - [02/Jun/2026:06:10:49 +0800] "GET /wp-content/uploads/2025/07/1753456770-%E7%83%AD%E9%95%80%E9%94%8C%E5%8D%B7product_Single600.webp HTTP/1.1" 200 27502 "http://cqqizhou.com/" "Mozilla/5.0 (Windows NT 10.0; Win64; x64) AppleWebKit/537.36 (KHTML, like Gecko) Chrome/142.0.0.0 Safari/537.36"
103.254.78.188 - - [02/Jun/2026:06:10:49 +0800] "GET /wp-content/uploads/2025/12/1765268955-qizhou_Slider1_3840%C3%972160_20251210-scaled.webp HTTP/1.1" 200 152162 "http://cqqizhou.com/" "Mozilla/5.0 (Windows NT 10.0; Win64; x64) AppleWebKit/537.36 (KHTML, like Gecko) Chrome/142.0.0.0 Safari/537.36"
103.254.78.188 - - [02/Jun/2026:06:10:49 +0800] "GET /wp-content/uploads/revslider/slider-1/1750861156-logistics_Slider_3840%C3%972160_20250625191356-scaled-50x100.webp HTTP/1.1" 200 1416 "http://cqqizhou.com/" "Mozilla/5.0 (Windows NT 10.0; Win64; x64) AppleWebKit/537.36 (KHTML, like Gecko) Chrome/142.0.0.0 Safari/537.36"
103.254.78.188 - - [02/Jun/2026:06:10:49 +0800] "GET /wp-content/uploads/2026/01/1768276119-qizhoujiagong_Slider_3840%C3%972160_20260113-scaled-50x100.webp HTTP/1.1" 200 976 "http://cqqizhou.com/" "Mozilla/5.0 (Windows NT 10.0; Win64; x64) AppleWebKit/537.36 (KHTML, like Gecko) Chrome/142.0.0.0 Safari/537.36"
103.254.78.188 - - [02/Jun/2026:06:10:50 +0800] "GET /wp-json/sliderrevolution/sliders/1?srengine=7&slideid=2 HTTP/1.1" 200 2000 "http://cqqizhou.com/" "Mozilla/5.0 (Windows NT 10.0; Win64; x64) AppleWebKit/537.36 (KHTML, like Gecko) Chrome/142.0.0.0 Safari/537.36"
36.133.115.36 - - [02/Jun/2026:06:10:50 +0800] "POST /wp-cron.php?doing_wp_cron=1780351850.5831699371337890625000 HTTP/1.1" 200 31 "-" "WordPress/6.9; http://cqqizhou.com"
103.254.78.188 - - [02/Jun/2026:06:10:50 +0800] "GET /wp-json/sliderrevolution/sliders/1?srengine=7&slideid=4 HTTP/1.1" 200 2580 "http://cqqizhou.com/" "Mozilla/5.0 (Windows NT 10.0; Win64; x64) AppleWebKit/537.36 (KHTML, like Gecko) Chrome/142.0.0.0 Safari/537.36"
103.254.78.188 - - [02/Jun/2026:06:10:50 +0800] "GET /wp-content/uploads/2026/01/1768276119-qizhoujiagong_Slider_3840%C3%972160_20260113-scaled.webp HTTP/1.1" 200 131696 "http://cqqizhou.com/" "Mozilla/5.0 (Windows NT 10.0; Win64; x64) AppleWebKit/537.36 (KHTML, like Gecko) Chrome/142.0.0.0 Safari/537.36"
103.254.78.188 - - [02/Jun/2026:06:10:50 +0800] "GET /wp-content/uploads/revslider/slider-1/1750861156-logistics_Slider_3840%C3%972160_20250625191356-scaled.webp HTTP/1.1" 200 197360 "http://cqqizhou.com/" "Mozilla/5.0 (Windows NT 10.0; Win64; x64) AppleWebKit/537.36 (KHTML, like Gecko) Chrome/142.0.0.0 Safari/537.36"
103.254.78.188 - - [02/Jun/2026:06:10:51 +0800] "GET /wp-content/uploads/2025/07/1750174127-Marketing1920x800_3.webp HTTP/1.1" 200 52790 "http://cqqizhou.com/wp-content/uploads/elementor/css/post-1666.css?ver=1778295900" "Mozilla/5.0 (Windows NT 10.0; Win64; x64) AppleWebKit/537.36 (KHTML, like Gecko) Chrome/142.0.0.0 Safari/537.36"
103.254.78.188 - - [02/Jun/2026:06:10:51 +0800] "GET /wp-content/uploads/2026/05/1779957408-1Article_images_W900px.webp HTTP/1.1" 200 36526 "http://cqqizhou.com/" "Mozilla/5.0 (Windows NT 10.0; Win64; x64) AppleWebKit/537.36 (KHTML, like Gecko) Chrome/142.0.0.0 Safari/537.36"
103.254.78.188 - - [02/Jun/2026:06:10:51 +0800] "GET /wp-content/uploads/2026/05/1779925245-Article_images_W900px.webp HTTP/1.1" 200 27996 "http://cqqizhou.com/" "Mozilla/5.0 (Windows NT 10.0; Win64; x64) AppleWebKit/537.36 (KHTML, like Gecko) Chrome/142.0.0.0 Safari/537.36"
103.254.78.188 - - [02/Jun/2026:06:10:51 +0800] "GET /wp-content/uploads/2026/04/1777513410-1Article_images_W900px.webp HTTP/1.1" 200 30786 "http://cqqizhou.com/" "Mozilla/5.0 (Windows NT 10.0; Win64; x64) AppleWebKit/537.36 (KHTML, like Gecko) Chrome/142.0.0.0 Safari/537.36"
103.254.78.188 - - [02/Jun/2026:06:10:51 +0800] "GET /wp-content/uploads/2026/05/1779059685-1Article_images_W900px.webp HTTP/1.1" 200 50738 "http://cqqizhou.com/" "Mozilla/5.0 (Windows NT 10.0; Win64; x64) AppleWebKit/537.36 (KHTML, like Gecko) Chrome/142.0.0.0 Safari/537.36"
103.254.78.188 - - [02/Jun/2026:06:10:51 +0800] "GET /wp-content/uploads/2026/05/1779328461-1Article_images_W900px.webp HTTP/1.1" 200 37908 "http://cqqizhou.com/" "Mozilla/5.0 (Windows NT 10.0; Win64; x64) AppleWebKit/537.36 (KHTML, like Gecko) Chrome/142.0.0.0 Safari/537.36"
103.254.78.188 - - [02/Jun/2026:06:10:51 +0800] "GET /wp-content/uploads/2025/07/1751829454-Smart-warehousing800x500.webp HTTP/1.1" 200 79504 "http://cqqizhou.com/wp-content/uploads/elementor/css/post-1666.css?ver=1778295900" "Mozilla/5.0 (Windows NT 10.0; Win64; x64) AppleWebKit/537.36 (KHTML, like Gecko) Chrome/142.0.0.0 Safari/537.36"
106.8.139.223 - - [02/Jun/2026:06:17:14 +0800] "GET /news/2582 HTTP/1.1" 200 24033 "-" "YisouSpider"
36.133.115.36 - - [02/Jun/2026:06:19:33 +0800] "POST /wp-cron.php?doing_wp_cron=1780352373.4990589618682861328125 HTTP/1.1" 200 31 "-" "WordPress/6.9; http://cqqizhou.com"
115.45.40.39 - - [02/Jun/2026:06:19:33 +0800] "GET /robots.txt HTTP/1.1" 200 190 "-" "Mozilla/5.0 (Windows NT 10.0; WOW64) AppleWebKit/537.36 (KHTML, like Gecko) Chrome/66.0.3862.110 Safari/537.36 SE 2.X MetaSr 1.0"
110.249.201.175 - - [02/Jun/2026:06:32:07 +0800] "GET /wp-content/uploads/2026/05/1779957408-1Article_images_W900px-768x432.webp HTTP/1.1" 200 37090 "http://cqqizhou.com/company-news" "Mozilla/5.0 (Linux; Android 5.0) AppleWebKit/537.36 (KHTML, like Gecko) Mobile Safari/537.36 (compatible; Bytespider; https://zhanzhang.toutiao.com/)"
36.133.115.36 - - [02/Jun/2026:06:52:06 +0800] "POST /wp-cron.php?doing_wp_cron=1780354326.8471229076385498046875 HTTP/1.1" 200 31 "-" "WordPress/6.9; http://cqqizhou.com"
45.148.10.67 - - [02/Jun/2026:06:52:06 +0800] "GET / HTTP/1.1" 200 35151 "-" "Mozilla/5.0 (Windows NT 10.0; Win64; x64) AppleWebKit/537.36 (KHTML, like Gecko) Chrome/131.0.0.0 Safari/537.36"
36.133.115.36 - - [02/Jun/2026:06:59:18 +0800] "POST /wp-cron.php?doing_wp_cron=1780354758.3747570514678955078125 HTTP/1.1" 200 31 "-" "WordPress/6.9; http://cqqizhou.com"
88.19.125.174 - - [02/Jun/2026:06:59:18 +0800] "GET / HTTP/1.1" 301 5 "-" "Python/3.12 aiohttp/3.13.5"
88.19.125.174 - - [02/Jun/2026:06:59:21 +0800] "GET /.git/config HTTP/1.1" 404 32979 "-" "Mozilla/5.0 (X11; Linux x86_64; rv:105.0) Gecko/20100101 Firefox/105.0"
88.19.125.174 - - [02/Jun/2026:06:59:22 +0800] "GET / HTTP/1.1" 301 5 "-" "Mozilla/5.0 (Windows NT 10.0; Win64; x64) AppleWebKit/537.36 (KHTML, like Gecko) Chrome/106.0.0.0 Safari/537.36"
88.19.125.174 - - [02/Jun/2026:06:59:24 +0800] "GET /.DS_Store HTTP/1.1" 404 9410 "-" "python-requests/2.32.5"
88.19.125.174 - - [02/Jun/2026:06:59:25 +0800] "HEAD / HTTP/1.1" 301 0 "-" "python-requests/2.32.5"
88.19.125.174 - - [02/Jun/2026:06:59:27 +0800] "POST / HTTP/1.1" 200 35151 "-" "python-requests/2.32.5"
88.19.125.174 - - [02/Jun/2026:06:59:28 +0800] "GET / HTTP/1.1" 301 5 "-" "python-requests/2.32.5"
88.19.125.174 - - [02/Jun/2026:06:59:30 +0800] "GET / HTTP/1.1" 200 35594 "-" "python-requests/2.32.5"
88.19.125.174 - - [02/Jun/2026:06:59:32 +0800] "GET /whm HTTP/1.1" 404 9409 "-" "python-requests/2.32.5"
88.19.125.174 - - [02/Jun/2026:06:59:40 +0800] "GET /index.php?p=admin/dashboard HTTP/1.1" 301 5 "-" "Mozilla/5.0 (Windows NT 10.0; Win64; x64) AppleWebKit/537.36 (KHTML, like Gecko) Chrome/105.0.0.0 Safari/537.36"
88.19.125.174 - - [02/Jun/2026:06:59:41 +0800] "GET /?p=admin/dashboard HTTP/1.1" 200 86564 "-" "Mozilla/5.0 (Windows NT 10.0; Win64; x64) AppleWebKit/537.36 (KHTML, like Gecko) Chrome/105.0.0.0 Safari/537.36"
88.19.125.174 - - [02/Jun/2026:06:59:43 +0800] "POST /.env HTTP/1.1" 404 32979 "-" "Mozilla/5.0 (Macintosh; Intel Mac OS X 10.15; rv:105.0) Gecko/20100101 Firefox/105.0"
88.19.125.174 - - [02/Jun/2026:06:59:45 +0800] "GET /.env HTTP/1.1" 404 32979 "-" "Mozilla/5.0 (Macintosh; Intel Mac OS X 10.15; rv:105.0) Gecko/20100101 Firefox/105.0"
88.19.125.174 - - [02/Jun/2026:06:59:47 +0800] "GET /.env.prod HTTP/1.1" 404 32979 "-" "Mozilla/5.0 (Macintosh; Intel Mac OS X 10.15; rv:105.0) Gecko/20100101 Firefox/105.0"
88.19.125.174 - - [02/Jun/2026:06:59:49 +0800] "GET /.env.production HTTP/1.1" 404 32979 "-" "Mozilla/5.0 (Macintosh; Intel Mac OS X 10.15; rv:105.0) Gecko/20100101 Firefox/105.0"
88.19.125.174 - - [02/Jun/2026:06:59:51 +0800] "GET /redmine/.env HTTP/1.1" 404 32979 "-" "Mozilla/5.0 (Macintosh; Intel Mac OS X 10.15; rv:105.0) Gecko/20100101 Firefox/105.0"
88.19.125.174 - - [02/Jun/2026:06:59:52 +0800] "GET /__tests__/test-become/.env HTTP/1.1" 404 32979 "-" "Mozilla/5.0 (Macintosh; Intel Mac OS X 10.15; rv:105.0) Gecko/20100101 Firefox/105.0"
88.19.125.174 - - [02/Jun/2026:06:59:54 +0800] "GET / HTTP/1.1" 301 5 "-" "Mozilla/5.0 (Macintosh; Intel Mac OS X 10.15; rv:105.0) Gecko/20100101 Firefox/105.0"
88.19.125.174 - - [02/Jun/2026:07:00:07 +0800] "GET /__debug__/render_panel/?panel_id=SettingsPanel HTTP/1.1" 404 32979 "-" "Mozilla/5.0 (X11; Ubuntu; Linux x86_64; rv:105.0) Gecko/20100101 Firefox/105.0"
36.133.115.36 - - [02/Jun/2026:07:00:09 +0800] "POST /wp-cron.php?doing_wp_cron=1780354809.3081600666046142578125 HTTP/1.1" 200 31 "-" "WordPress/6.9; http://cqqizhou.com"
88.19.125.174 - - [02/Jun/2026:07:00:09 +0800] "GET /_profiler/phpinfo HTTP/1.1" 404 32979 "-" "Mozilla/5.0 (Windows NT 10.0; Win64; x64) AppleWebKit/537.36 (KHTML, like Gecko) Chrome/106.0.0.0 Safari/537.36"
88.19.125.174 - - [02/Jun/2026:07:00:11 +0800] "GET /app_dev.php/_profiler/phpinfo HTTP/1.1" 404 32979 "-" "Mozilla/5.0 (Windows NT 10.0; Win64; x64) AppleWebKit/537.36 (KHTML, like Gecko) Chrome/106.0.0.0 Safari/537.36"
88.19.125.174 - - [02/Jun/2026:07:00:12 +0800] "HEAD /phpinfo.php HTTP/1.1" 404 0 "-" "Mozilla/5.0 (Windows NT 10.0; Win64; x64) AppleWebKit/537.36 (KHTML, like Gecko) Chrome/106.0.0.0 Safari/537.36"
88.19.125.174 - - [02/Jun/2026:07:00:13 +0800] "GET /phpinfo.php HTTP/1.1" 404 27 "-" "Mozilla/5.0 (Windows NT 10.0; Win64; x64) AppleWebKit/537.36 (KHTML, like Gecko) Chrome/106.0.0.0 Safari/537.36"
88.19.125.174 - - [02/Jun/2026:07:00:13 +0800] "HEAD /owncloud/apps/graphapi/vendor/microsoft/microsoft-graph/tests/GetPhpInfo.php HTTP/1.1" 404 0 "-" "Mozilla/5.0 (Windows NT 10.0; Win64; x64) AppleWebKit/537.36 (KHTML, like Gecko) Chrome/106.0.0.0 Safari/537.36"
88.19.125.174 - - [02/Jun/2026:07:00:14 +0800] "GET /owncloud/apps/graphapi/vendor/microsoft/microsoft-graph/tests/GetPhpInfo.php HTTP/1.1" 404 27 "-" "Mozilla/5.0 (Windows NT 10.0; Win64; x64) AppleWebKit/537.36 (KHTML, like Gecko) Chrome/106.0.0.0 Safari/537.36"
88.19.125.174 - - [02/Jun/2026:07:00:14 +0800] "HEAD /info.php HTTP/1.1" 200 0 "-" "Mozilla/5.0 (Windows NT 10.0; Win64; x64) AppleWebKit/537.36 (KHTML, like Gecko) Chrome/106.0.0.0 Safari/537.36"
88.19.125.174 - - [02/Jun/2026:07:00:15 +0800] "GET /info.php HTTP/1.1" 200 29 "-" "Mozilla/5.0 (Windows NT 10.0; Win64; x64) AppleWebKit/537.36 (KHTML, like Gecko) Chrome/106.0.0.0 Safari/537.36"
88.19.125.174 - - [02/Jun/2026:07:00:16 +0800] "GET / HTTP/1.1" 301 5 "-" "Mozilla/5.0 (Windows NT 10.0; Win64; x64) AppleWebKit/537.36 (KHTML, like Gecko) Chrome/106.0.0.0 Safari/537.36"
208.84.101.127 - - [02/Jun/2026:07:16:28 +0800] "GET / HTTP/1.1" 200 35594 "-" "Mozilla/5.0 (Macintosh; Intel Mac OS X 10_15_7) AppleWebKit/605.1.15 (KHTML, like Gecko) Version/18.4 Safari/605.1.15"
208.84.101.127 - - [02/Jun/2026:07:16:35 +0800] "GET /.env.development HTTP/1.1" 404 9410 "-" "Mozilla/5.0 (X11; Linux x86_64) AppleWebKit/537.36 (KHTML, like Gecko) Chrome/147.0.0.0 Safari/537.36"
208.84.101.127 - - [02/Jun/2026:07:16:35 +0800] "GET /config.json HTTP/1.1" 404 9410 "-" "Mozilla/5.0 (X11; Linux x86_64) AppleWebKit/537.36 (KHTML, like Gecko) Chrome/146.0.0.0 Safari/537.36"
208.84.101.127 - - [02/Jun/2026:07:16:35 +0800] "GET /google_credentials.json HTTP/1.1" 404 9410 "-" "Mozilla/5.0 (iPhone; CPU iPhone OS 18_4 like Mac OS X) AppleWebKit/605.1.15 (KHTML, like Gecko) Version/18.4 Mobile/15E148 Safari/604.1"
208.84.101.127 - - [02/Jun/2026:07:16:35 +0800] "GET /client_secret.json HTTP/1.1" 404 9410 "-" "Mozilla/5.0 (Windows NT 10.0; Win64; x64) AppleWebKit/537.36 (KHTML, like Gecko) Chrome/147.0.0.0 Safari/537.36 Edg/147.0.0.0"
208.84.101.127 - - [02/Jun/2026:07:16:35 +0800] "GET /server/.env HTTP/1.1" 404 9410 "-" "Mozilla/5.0 (Windows NT 10.0; Win64; x64) AppleWebKit/537.36 (KHTML, like Gecko) Chrome/147.0.0.0 Safari/537.36 Edg/147.0.0.0"
208.84.101.127 - - [02/Jun/2026:07:16:35 +0800] "GET /firebase.json HTTP/1.1" 404 9410 "-" "Mozilla/5.0 (X11; Linux x86_64) AppleWebKit/537.36 (KHTML, like Gecko) Chrome/146.0.0.0 Safari/537.36"
208.84.101.127 - - [02/Jun/2026:07:16:35 +0800] "GET /gcp-service-account.json HTTP/1.1" 404 9410 "-" "Mozilla/5.0 (Macintosh; Intel Mac OS X 10_15_7) AppleWebKit/537.36 (KHTML, like Gecko) Chrome/147.0.0.0 Safari/537.36"
208.84.101.127 - - [02/Jun/2026:07:16:35 +0800] "GET /serviceAccountKey.json HTTP/1.1" 404 9410 "-" "Mozilla/5.0 (Macintosh; Intel Mac OS X 10_15_7) AppleWebKit/537.36 (KHTML, like Gecko) Chrome/146.0.0.0 Safari/537.36"
208.84.101.127 - - [02/Jun/2026:07:16:36 +0800] "GET /.env.local HTTP/1.1" 404 9410 "-" "Mozilla/5.0 (iPhone; CPU iPhone OS 18_4 like Mac OS X) AppleWebKit/605.1.15 (KHTML, like Gecko) Version/18.4 Mobile/15E148 Safari/604.1"
208.84.101.127 - - [02/Jun/2026:07:16:36 +0800] "GET /.env.production HTTP/1.1" 404 9410 "-" "Mozilla/5.0 (Macintosh; Intel Mac OS X 10_15_7) AppleWebKit/605.1.15 (KHTML, like Gecko) Version/18.3 Safari/605.1.15"
208.84.101.127 - - [02/Jun/2026:07:16:36 +0800] "GET /.openclaw/agents/main/agent/models.json HTTP/1.1" 404 9410 "-" "Mozilla/5.0 (Macintosh; Intel Mac OS X 10_15_7) AppleWebKit/537.36 (KHTML, like Gecko) Chrome/147.0.0.0 Safari/537.36"
208.84.101.127 - - [02/Jun/2026:07:16:36 +0800] "GET /.env.staging HTTP/1.1" 404 9410 "-" "Mozilla/5.0 (Windows NT 10.0; Win64; x64) AppleWebKit/537.36 (KHTML, like Gecko) Chrome/146.0.0.0 Safari/537.36"
208.84.101.127 - - [02/Jun/2026:07:16:36 +0800] "GET /secrets/service-account.json HTTP/1.1" 404 9410 "-" "Mozilla/5.0 (Windows NT 10.0; Win64; x64) AppleWebKit/537.36 (KHTML, like Gecko) Chrome/146.0.0.0 Safari/537.36"
208.84.101.127 - - [02/Jun/2026:07:16:36 +0800] "GET /service_account.json HTTP/1.1" 404 9410 "-" "Mozilla/5.0 (X11; Linux x86_64; rv:149.0) Gecko/20100101 Firefox/149.0"
208.84.101.127 - - [02/Jun/2026:07:16:36 +0800] "GET /credentials.json HTTP/1.1" 404 9410 "-" "Mozilla/5.0 (Windows NT 10.0; Win64; x64) AppleWebKit/537.36 (KHTML, like Gecko) Chrome/146.0.0.0 Safari/537.36"
208.84.101.127 - - [02/Jun/2026:07:16:36 +0800] "GET /.openai/config.json HTTP/1.1" 404 9410 "-" "Mozilla/5.0 (Macintosh; Intel Mac OS X 10_15_7) AppleWebKit/605.1.15 (KHTML, like Gecko) Version/18.4 Safari/605.1.15"
208.84.101.127 - - [02/Jun/2026:07:16:36 +0800] "GET /config/credentials.json HTTP/1.1" 404 9410 "-" "Mozilla/5.0 (Macintosh; Intel Mac OS X 10_15_7) AppleWebKit/605.1.15 (KHTML, like Gecko) Version/18.3 Safari/605.1.15"
208.84.101.127 - - [02/Jun/2026:07:16:36 +0800] "GET /google_key.json HTTP/1.1" 404 9410 "-" "Mozilla/5.0 (Macintosh; Intel Mac OS X 10_15_7) AppleWebKit/605.1.15 (KHTML, like Gecko) Version/18.3 Safari/605.1.15"
208.84.101.127 - - [02/Jun/2026:07:16:36 +0800] "GET /sa-private-key.json HTTP/1.1" 404 9410 "-" "Mozilla/5.0 (Windows NT 10.0; Win64; x64) AppleWebKit/537.36 (KHTML, like Gecko) Chrome/146.0.0.0 Safari/537.36 Edg/146.0.0.0"
208.84.101.127 - - [02/Jun/2026:07:16:36 +0800] "GET /.openclaw/openclaw.json HTTP/1.1" 404 9410 "-" "Mozilla/5.0 (Windows NT 10.0; Win64; x64) AppleWebKit/537.36 (KHTML, like Gecko) Chrome/147.0.0.0 Safari/537.36"
208.84.101.127 - - [02/Jun/2026:07:16:36 +0800] "GET /.anthropic/config.json HTTP/1.1" 404 9410 "-" "Mozilla/5.0 (iPhone; CPU iPhone OS 18_4 like Mac OS X) AppleWebKit/605.1.15 (KHTML, like Gecko) Version/18.4 Mobile/15E148 Safari/604.1"
208.84.101.127 - - [02/Jun/2026:07:16:36 +0800] "GET /service-account.json HTTP/1.1" 404 9410 "-" "Mozilla/5.0 (X11; Linux x86_64; rv:150.0) Gecko/20100101 Firefox/150.0"
36.133.115.36 - - [02/Jun/2026:07:16:36 +0800] "POST /wp-cron.php?doing_wp_cron=1780355795.6315131187438964843750 HTTP/1.1" 200 31 "-" "WordPress/6.9; http://cqqizhou.com"
208.84.101.127 - - [02/Jun/2026:07:16:36 +0800] "GET /sa-key.json HTTP/1.1" 404 9410 "-" "Mozilla/5.0 (Macintosh; Intel Mac OS X 10_15_7) AppleWebKit/537.36 (KHTML, like Gecko) Chrome/147.0.0.0 Safari/537.36 Edg/147.0.0.0"
208.84.101.127 - - [02/Jun/2026:07:16:36 +0800] "GET /.env HTTP/1.1" 404 9410 "-" "Mozilla/5.0 (Macintosh; Intel Mac OS X 10_15_7) AppleWebKit/605.1.15 (KHTML, like Gecko) Version/18.4 Safari/605.1.15"
208.84.101.127 - - [02/Jun/2026:07:16:36 +0800] "GET /.yarnrc HTTP/1.1" 404 9410 "-" "Mozilla/5.0 (Windows NT 10.0; Win64; x64) AppleWebKit/537.36 (KHTML, like Gecko) Chrome/146.0.0.0 Safari/537.36"
208.84.101.127 - - [02/Jun/2026:07:16:36 +0800] "GET /secrets.json HTTP/1.1" 404 9410 "-" "Mozilla/5.0 (Windows NT 10.0; Win64; x64) AppleWebKit/537.36 (KHTML, like Gecko) Chrome/145.0.0.0 Safari/537.36"
208.84.101.127 - - [02/Jun/2026:07:16:36 +0800] "GET /.env.old HTTP/1.1" 404 9410 "-" "Mozilla/5.0 (X11; Linux x86_64) AppleWebKit/537.36 (KHTML, like Gecko) Chrome/146.0.0.0 Safari/537.36"
208.84.101.127 - - [02/Jun/2026:07:16:36 +0800] "GET /client_secrets.json HTTP/1.1" 404 9410 "-" "Mozilla/5.0 (Windows NT 10.0; Win64; x64) AppleWebKit/537.36 (KHTML, like Gecko) Chrome/146.0.0.0 Safari/537.36 Edg/146.0.0.0"
208.84.101.127 - - [02/Jun/2026:07:16:36 +0800] "GET /google-credentials.json HTTP/1.1" 404 9410 "-" "Mozilla/5.0 (Macintosh; Intel Mac OS X 10_15_7) AppleWebKit/605.1.15 (KHTML, like Gecko) Version/18.4 Safari/605.1.15"
208.84.101.127 - - [02/Jun/2026:07:16:36 +0800] "GET /google-services.json HTTP/1.1" 404 9410 "-" "Mozilla/5.0 (Macintosh; Intel Mac OS X 10.15; rv:150.0) Gecko/20100101 Firefox/150.0"
208.84.101.127 - - [02/Jun/2026:07:16:36 +0800] "GET /backend/.env HTTP/1.1" 404 9410 "-" "Mozilla/5.0 (X11; Linux x86_64; rv:150.0) Gecko/20100101 Firefox/150.0"
208.84.101.127 - - [02/Jun/2026:07:16:36 +0800] "GET /gcloud-service-key.json HTTP/1.1" 404 9410 "-" "Mozilla/5.0 (Macintosh; Intel Mac OS X 10_15_7) AppleWebKit/605.1.15 (KHTML, like Gecko) Version/18.4 Safari/605.1.15"
208.84.101.127 - - [02/Jun/2026:07:16:36 +0800] "GET /.aws/credentials HTTP/1.1" 404 9410 "-" "Mozilla/5.0 (X11; Linux x86_64) AppleWebKit/537.36 (KHTML, like Gecko) Chrome/147.0.0.0 Safari/537.36"
208.84.101.127 - - [02/Jun/2026:07:16:36 +0800] "GET /.env.bak HTTP/1.1" 404 9410 "-" "Mozilla/5.0 (Windows NT 10.0; Win64; x64) AppleWebKit/537.36 (KHTML, like Gecko) Chrome/147.0.0.0 Safari/537.36"
208.84.101.127 - - [02/Jun/2026:07:16:37 +0800] "GET /firebase-credentials.json HTTP/1.1" 404 9410 "-" "Mozilla/5.0 (Windows NT 10.0; Win64; x64) AppleWebKit/537.36 (KHTML, like Gecko) Chrome/145.0.0.0 Safari/537.36"
208.84.101.127 - - [02/Jun/2026:07:16:37 +0800] "GET /.env.test HTTP/1.1" 404 9410 "-" "Mozilla/5.0 (Macintosh; Intel Mac OS X 10_15_7) AppleWebKit/537.36 (KHTML, like Gecko) Chrome/146.0.0.0 Safari/537.36"
208.84.101.127 - - [02/Jun/2026:07:16:38 +0800] "GET /google-application-credentials.json HTTP/1.1" 404 9410 "-" "Mozilla/5.0 (X11; Linux x86_64; rv:150.0) Gecko/20100101 Firefox/150.0"
