116.248.98.122 - - [02/Jun/2026:09:24:15 +0800] "GET /wp-json/wp/v2/tags?context=view&per_page=100&_fields=id%2Cname&include=37%2C39%2C44&_locale=user HTTP/1.1" 200 120 "http://cqqizhou.com/wp-admin/post.php?post=2592&action=edit" "Mozilla/5.0 (Windows NT 10.0; Win64; x64) AppleWebKit/537.36 (KHTML, like Gecko) Chrome/147.0.0.0 Safari/537.36 Edg/147.0.0.0"
116.248.98.122 - - [02/Jun/2026:09:24:21 +0800] "POST /wp-admin/admin-ajax.php HTTP/1.1" 200 112 "http://cqqizhou.com/wp-admin/post.php?post=2592&action=edit" "Mozilla/5.0 (Windows NT 10.0; Win64; x64) AppleWebKit/537.36 (KHTML, like Gecko) Chrome/147.0.0.0 Safari/537.36 Edg/147.0.0.0"
116.248.98.122 - - [02/Jun/2026:09:24:23 +0800] "GET /wp-json/wp/v2/tags?context=edit&per_page=1&_locale=user HTTP/1.1" 200 320 "http://cqqizhou.com/wp-admin/post.php?post=2592&action=edit" "Mozilla/5.0 (Windows NT 10.0; Win64; x64) AppleWebKit/537.36 (KHTML, like Gecko) Chrome/147.0.0.0 Safari/537.36 Edg/147.0.0.0"
116.248.98.122 - - [02/Jun/2026:09:24:23 +0800] "GET /wp-json/wp/v2/categories/1?context=edit&_locale=user HTTP/1.1" 200 331 "http://cqqizhou.com/wp-admin/post.php?post=2592&action=edit" "Mozilla/5.0 (Windows NT 10.0; Win64; x64) AppleWebKit/537.36 (KHTML, like Gecko) Chrome/147.0.0.0 Safari/537.36 Edg/147.0.0.0"
116.248.98.122 - - [02/Jun/2026:09:24:23 +0800] "GET /wp-json/wp/v2/categories?context=edit&exclude%5B0%5D=1&per_page=1&_locale=user HTTP/1.1" 200 347 "http://cqqizhou.com/wp-admin/post.php?post=2592&action=edit" "Mozilla/5.0 (Windows NT 10.0; Win64; x64) AppleWebKit/537.36 (KHTML, like Gecko) Chrome/147.0.0.0 Safari/537.36 Edg/147.0.0.0"
116.248.98.122 - - [02/Jun/2026:09:24:24 +0800] "POST /wp-json/wp/v2/posts/2592?_locale=user HTTP/1.1" 200 2685 "http://cqqizhou.com/wp-admin/post.php?post=2592&action=edit" "Mozilla/5.0 (Windows NT 10.0; Win64; x64) AppleWebKit/537.36 (KHTML, like Gecko) Chrome/147.0.0.0 Safari/537.36 Edg/147.0.0.0"
116.248.98.122 - - [02/Jun/2026:09:24:25 +0800] "POST /wp-admin/post.php?post=2592&action=edit&meta-box-loader=1&meta-box-loader-nonce=6357ab4639&_locale=user HTTP/1.1" 302 5 "http://cqqizhou.com/wp-admin/post.php?post=2592&action=edit" "Mozilla/5.0 (Windows NT 10.0; Win64; x64) AppleWebKit/537.36 (KHTML, like Gecko) Chrome/147.0.0.0 Safari/537.36 Edg/147.0.0.0"
116.248.98.122 - - [02/Jun/2026:09:24:29 +0800] "POST /wp-admin/admin-ajax.php HTTP/1.1" 200 32 "http://cqqizhou.com/wp-admin/post.php?post=2592&action=edit" "Mozilla/5.0 (Windows NT 10.0; Win64; x64) AppleWebKit/537.36 (KHTML, like Gecko) Chrome/147.0.0.0 Safari/537.36 Edg/147.0.0.0"
116.248.98.122 - - [02/Jun/2026:09:24:29 +0800] "GET /wp-admin/post.php?post=2592&action=edit&message=4 HTTP/1.1" 200 205751 "http://cqqizhou.com/wp-admin/post.php?post=2592&action=edit" "Mozilla/5.0 (Windows NT 10.0; Win64; x64) AppleWebKit/537.36 (KHTML, like Gecko) Chrome/147.0.0.0 Safari/537.36 Edg/147.0.0.0"
116.248.98.122 - - [02/Jun/2026:09:24:30 +0800] "GET /wp-content/uploads/2026/06/1780363378-1Article_images_W900px-150x150.webp HTTP/1.1" 304 0 "http://cqqizhou.com/wp-admin/edit.php?post_type=post" "Mozilla/5.0 (Windows NT 10.0; Win64; x64) AppleWebKit/537.36 (KHTML, like Gecko) Chrome/147.0.0.0 Safari/537.36 Edg/147.0.0.0"
116.248.98.122 - - [02/Jun/2026:09:24:30 +0800] "GET /wp-content/uploads/2026/06/1780362799-1Article_images_W900px-150x150.webp HTTP/1.1" 304 0 "http://cqqizhou.com/wp-admin/edit.php?post_type=post" "Mozilla/5.0 (Windows NT 10.0; Win64; x64) AppleWebKit/537.36 (KHTML, like Gecko) Chrome/147.0.0.0 Safari/537.36 Edg/147.0.0.0"
116.248.98.122 - - [02/Jun/2026:09:24:30 +0800] "GET /wp-admin/edit.php?post_type=post HTTP/1.1" 200 86494 "http://cqqizhou.com/wp-admin/post.php?post=2592&action=edit" "Mozilla/5.0 (Windows NT 10.0; Win64; x64) AppleWebKit/537.36 (KHTML, like Gecko) Chrome/147.0.0.0 Safari/537.36 Edg/147.0.0.0"
116.248.98.122 - - [02/Jun/2026:09:24:31 +0800] "POST /wp-admin/admin-ajax.php HTTP/1.1" 200 78 "http://cqqizhou.com/wp-admin/edit.php?post_type=post" "Mozilla/5.0 (Windows NT 10.0; Win64; x64) AppleWebKit/537.36 (KHTML, like Gecko) Chrome/147.0.0.0 Safari/537.36 Edg/147.0.0.0"
116.248.98.122 - - [02/Jun/2026:09:24:42 +0800] "POST /wp-admin/admin-ajax.php HTTP/1.1" 200 78 "http://cqqizhou.com/wp-admin/edit.php?post_type=post" "Mozilla/5.0 (Windows NT 10.0; Win64; x64) AppleWebKit/537.36 (KHTML, like Gecko) Chrome/147.0.0.0 Safari/537.36 Edg/147.0.0.0"
36.133.115.36 - - [02/Jun/2026:09:25:15 +0800] "POST /wp-cron.php?doing_wp_cron=1780363515.2249379158020019531250 HTTP/1.1" 200 31 "-" "WordPress/6.9; http://cqqizhou.com"
116.248.98.122 - - [02/Jun/2026:09:25:15 +0800] "POST /wp-admin/admin-ajax.php HTTP/1.1" 200 78 "http://cqqizhou.com/wp-admin/edit.php?post_type=post" "Mozilla/5.0 (Windows NT 10.0; Win64; x64) AppleWebKit/537.36 (KHTML, like Gecko) Chrome/147.0.0.0 Safari/537.36 Edg/147.0.0.0"
116.248.98.122 - - [02/Jun/2026:09:25:25 +0800] "POST /wp-admin/admin-ajax.php HTTP/1.1" 200 78 "http://cqqizhou.com/wp-admin/edit.php?post_type=post" "Mozilla/5.0 (Windows NT 10.0; Win64; x64) AppleWebKit/537.36 (KHTML, like Gecko) Chrome/147.0.0.0 Safari/537.36 Edg/147.0.0.0"
116.248.98.122 - - [02/Jun/2026:09:25:35 +0800] "POST /wp-admin/admin-ajax.php HTTP/1.1" 200 78 "http://cqqizhou.com/wp-admin/edit.php?post_type=post" "Mozilla/5.0 (Windows NT 10.0; Win64; x64) AppleWebKit/537.36 (KHTML, like Gecko) Chrome/147.0.0.0 Safari/537.36 Edg/147.0.0.0"
116.248.98.122 - - [02/Jun/2026:09:25:45 +0800] "POST /wp-admin/admin-ajax.php HTTP/1.1" 200 78 "http://cqqizhou.com/wp-admin/edit.php?post_type=post" "Mozilla/5.0 (Windows NT 10.0; Win64; x64) AppleWebKit/537.36 (KHTML, like Gecko) Chrome/147.0.0.0 Safari/537.36 Edg/147.0.0.0"
116.248.98.122 - - [02/Jun/2026:09:25:55 +0800] "POST /wp-admin/admin-ajax.php HTTP/1.1" 200 78 "http://cqqizhou.com/wp-admin/edit.php?post_type=post" "Mozilla/5.0 (Windows NT 10.0; Win64; x64) AppleWebKit/537.36 (KHTML, like Gecko) Chrome/147.0.0.0 Safari/537.36 Edg/147.0.0.0"
116.248.98.122 - - [02/Jun/2026:09:26:05 +0800] "POST /wp-admin/admin-ajax.php HTTP/1.1" 200 78 "http://cqqizhou.com/wp-admin/edit.php?post_type=post" "Mozilla/5.0 (Windows NT 10.0; Win64; x64) AppleWebKit/537.36 (KHTML, like Gecko) Chrome/147.0.0.0 Safari/537.36 Edg/147.0.0.0"
36.133.115.36 - - [02/Jun/2026:09:26:15 +0800] "POST /wp-cron.php?doing_wp_cron=1780363575.6796278953552246093750 HTTP/1.1" 200 31 "-" "WordPress/6.9; http://cqqizhou.com"
116.248.98.122 - - [02/Jun/2026:09:26:15 +0800] "POST /wp-admin/admin-ajax.php HTTP/1.1" 200 78 "http://cqqizhou.com/wp-admin/edit.php?post_type=post" "Mozilla/5.0 (Windows NT 10.0; Win64; x64) AppleWebKit/537.36 (KHTML, like Gecko) Chrome/147.0.0.0 Safari/537.36 Edg/147.0.0.0"
116.248.98.122 - - [02/Jun/2026:09:26:33 +0800] "POST /wp-admin/admin-ajax.php HTTP/1.1" 200 78 "http://cqqizhou.com/wp-admin/edit.php?post_type=post" "Mozilla/5.0 (Windows NT 10.0; Win64; x64) AppleWebKit/537.36 (KHTML, like Gecko) Chrome/147.0.0.0 Safari/537.36 Edg/147.0.0.0"
116.248.98.122 - - [02/Jun/2026:09:26:43 +0800] "POST /wp-admin/admin-ajax.php HTTP/1.1" 200 78 "http://cqqizhou.com/wp-admin/edit.php?post_type=post" "Mozilla/5.0 (Windows NT 10.0; Win64; x64) AppleWebKit/537.36 (KHTML, like Gecko) Chrome/147.0.0.0 Safari/537.36 Edg/147.0.0.0"
36.133.115.36 - - [02/Jun/2026:09:33:39 +0800] "POST /wp-cron.php?doing_wp_cron=1780364019.6079289913177490234375 HTTP/1.1" 200 31 "-" "WordPress/6.9; http://cqqizhou.com"
106.8.139.240 - - [02/Jun/2026:09:33:39 +0800] "GET /news/portfolio-category/remaining-rolls HTTP/1.1" 200 21630 "-" "YisouSpider"
36.133.115.36 - - [02/Jun/2026:09:46:18 +0800] "POST /wp-cron.php?doing_wp_cron=1780364778.6118319034576416015625 HTTP/1.1" 200 31 "-" "WordPress/6.9; http://cqqizhou.com"
66.249.73.228 - - [02/Jun/2026:09:46:18 +0800] "GET /robots.txt HTTP/1.1" 200 190 "-" "Mozilla/5.0 (compatible; Googlebot/2.1; +http://www.google.com/bot.html)"
66.249.73.228 - - [02/Jun/2026:09:46:21 +0800] "GET / HTTP/1.1" 200 35618 "-" "Mozilla/5.0 (compatible; Googlebot/2.1; +http://www.google.com/bot.html)"
36.133.115.36 - - [02/Jun/2026:09:51:50 +0800] "POST /wp-cron.php?doing_wp_cron=1780365110.7209770679473876953125 HTTP/1.1" 200 31 "-" "WordPress/6.9; http://cqqizhou.com"
111.225.148.159 - - [02/Jun/2026:09:51:50 +0800] "GET /robots.txt HTTP/1.1" 200 190 "-" "Mozilla/5.0 (Linux; Android 5.0) AppleWebKit/537.36 (KHTML, like Gecko) Mobile Safari/537.36 (compatible; Bytespider; https://zhanzhang.toutiao.com/)"
36.133.115.36 - - [02/Jun/2026:10:24:02 +0800] "POST /wp-cron.php?doing_wp_cron=1780367042.0289959907531738281250 HTTP/1.1" 200 31 "-" "WordPress/6.9; http://cqqizhou.com"
5.61.209.126 - - [02/Jun/2026:10:24:02 +0800] "GET /SDK/webLanguage HTTP/1.1" 301 5 "-" "Mozilla/5.0 (Windows NT 10.0; Win64; x64) AppleWebKit/537.36 (KHTML, like Gecko) Chrome/90.0.4430.85 Safari/537.36 Edg/90.0.818.46"
36.133.115.36 - - [02/Jun/2026:10:25:35 +0800] "POST /wp-cron.php?doing_wp_cron=1780367135.5761210918426513671875 HTTP/1.1" 200 31 "-" "WordPress/6.9; http://cqqizhou.com"
120.242.22.41 - - [02/Jun/2026:10:25:35 +0800] "GET /services/ HTTP/1.1" 301 5 "-" "Mozilla/5.0 (Macintosh; Intel Mac OS X 10_15_7) AppleWebKit/537.36 (KHTML, like Gecko) Chrome/125.0.0.0 Safari/537.36"
120.242.22.41 - - [02/Jun/2026:10:25:36 +0800] "GET http://cqqizhou.com/services HTTP/1.1" 200 26690 "-" "Mozilla/5.0 (Macintosh; Intel Mac OS X 10_15_7) AppleWebKit/537.36 (KHTML, like Gecko) Chrome/125.0.0.0 Safari/537.36"
113.246.154.19 - - [02/Jun/2026:10:51:03 +0800] "GET / HTTP/1.1" 200 35636 "-" "Mozilla/5.0 (Macintosh; Intel Mac OS X 10.15; rv:133.0) Gecko/20100101 Firefox/133.0"
121.235.42.125 - - [02/Jun/2026:10:51:04 +0800] "GET / HTTP/1.1" 200 35636 "-" "Mozilla/5.0 (Macintosh; Intel Mac OS X 10.15; rv:135.0) Gecko/20100101 Firefox/135.0"
183.199.212.204 - - [02/Jun/2026:10:51:04 +0800] "GET / HTTP/1.1" 200 35636 "-" "Mozilla/5.0 (Macintosh; Intel Mac OS X 10_15_7) AppleWebKit/537.36 (KHTML, like Gecko) Chrome/145.0.0.0 Safari/537.36"
117.151.93.207 - - [02/Jun/2026:10:51:04 +0800] "GET / HTTP/1.1" 200 35636 "-" "Mozilla/5.0 (Macintosh; Intel Mac OS X 10.15; rv:133.0) Gecko/20100101 Firefox/133.0"
27.147.206.69 - - [02/Jun/2026:10:51:08 +0800] "GET / HTTP/1.1" 200 35636 "-" "Mozilla/5.0 (Macintosh; Intel Mac OS X 10_15_7) AppleWebKit/537.36 (KHTML, like Gecko) Chrome/145.0.0.0 Safari/537.36"
52.167.144.229 - - [02/Jun/2026:10:56:22 +0800] "GET /wp-content/uploads/2026/03/1773722869-1Article_images_W900px-300x169.webp HTTP/1.1" 200 8634 "-" "Mozilla/5.0 AppleWebKit/537.36 (KHTML, like Gecko; compatible; bingbot/2.0; +http://www.bing.com/bingbot.htm) Chrome/116.0.1938.76 Safari/537.36"
180.153.236.60 - - [02/Jun/2026:11:03:18 +0800] "GET / HTTP/1.1" 200 35636 "http://cqqizhou.com" "User-Agent:Mozilla/5.0 (Windows NT 10.0; Win64; x64) AppleWebKit/537.36 (KHTML, like Gecko) Chrome/140.0.0.0 Safari/537.36 Edg/140.0.0.0; 360Spider"
36.133.115.36 - - [02/Jun/2026:11:04:57 +0800] "POST /wp-cron.php?doing_wp_cron=1780369497.0123829841613769531250 HTTP/1.1" 200 31 "-" "WordPress/6.9; http://cqqizhou.com"
180.184.79.181 - - [02/Jun/2026:11:04:57 +0800] "GET /robots.txt HTTP/1.1" 301 5 "-" "Mozilla/5.0 (Linux; Android 10; V1950A; wv) AppleWebKit/537.36 (KHTML, like Gecko) Chrome/62.0.3202.84 Mobile Safari/537.36 VivoBrowser/20.2.3.0"
180.184.79.181 - - [02/Jun/2026:11:04:58 +0800] "GET /robots.txt HTTP/1.1" 200 190 "-" "Mozilla/5.0 (Linux; Android 10; V1950A; wv) AppleWebKit/537.36 (KHTML, like Gecko) Chrome/62.0.3202.84 Mobile Safari/537.36 VivoBrowser/20.2.3.0"
36.133.115.36 - - [02/Jun/2026:11:10:37 +0800] "POST /wp-cron.php?doing_wp_cron=1780369837.2993810176849365234375 HTTP/1.1" 200 31 "-" "WordPress/6.9; http://cqqizhou.com"
135.225.181.169 - - [02/Jun/2026:11:10:37 +0800] "GET /media HTTP/1.1" 200 32351 "-" "Mozilla/5.0 (Windows NT 10.0; Win64; x64) AppleWebKit/537.36 (KHTML, like Gecko) Chrome/131.0.0.0 Safari/537.36 Edg/131.0.0.0"
36.133.115.36 - - [02/Jun/2026:11:16:30 +0800] "POST /wp-cron.php?doing_wp_cron=1780370190.3513178825378417968750 HTTP/1.1" 200 31 "-" "WordPress/6.9; http://cqqizhou.com"
110.249.201.150 - - [02/Jun/2026:11:16:30 +0800] "GET /logistics HTTP/1.1" 200 25820 "-" "Mozilla/5.0 (Linux; Android 5.0) AppleWebKit/537.36 (KHTML, like Gecko) Mobile Safari/537.36 (compatible; Bytespider; https://zhanzhang.toutiao.com/)"
110.249.201.150 - - [02/Jun/2026:11:16:30 +0800] "GET /wp-content/uploads/2026/01/1767696162-qizhoutruck3-768x173.webp HTTP/1.1" 206 500 "http://cqqizhou.com/logistics" "Mozilla/5.0 (Linux; Android 5.0) AppleWebKit/537.36 (KHTML, like Gecko) Mobile Safari/537.36 (compatible; Bytespider; https://zhanzhang.toutiao.com/)"
110.249.201.77 - - [02/Jun/2026:11:16:30 +0800] "GET /wp-content/uploads/2025/12/1765862012-DSC20251216131140-768x432.webp HTTP/1.1" 206 500 "http://cqqizhou.com/logistics" "Mozilla/5.0 (Linux; Android 5.0) AppleWebKit/537.36 (KHTML, like Gecko) Mobile Safari/537.36 (compatible; Bytespider; https://zhanzhang.toutiao.com/)"
110.249.201.77 - - [02/Jun/2026:11:16:30 +0800] "GET /wp-content/uploads/2025/07/1751425283-qizhou.kf_.qq_.com_.webp HTTP/1.1" 206 500 "http://cqqizhou.com/logistics" "Mozilla/5.0 (Linux; Android 5.0) AppleWebKit/537.36 (KHTML, like Gecko) Mobile Safari/537.36 (compatible; Bytespider; https://zhanzhang.toutiao.com/)"
110.249.201.77 - - [02/Jun/2026:11:16:32 +0800] "GET /wp-content/uploads/2026/01/1767696142-aojiaqiao20260104.webp HTTP/1.1" 206 500 "http://cqqizhou.com/wp-content/uploads/elementor/css/post-1959.css?ver=1778302799" "Mozilla/5.0 (Linux; Android 5.0) AppleWebKit/537.36 (KHTML, like Gecko) Mobile Safari/537.36 (compatible; Bytespider; https://zhanzhang.toutiao.com/)"
110.249.201.150 - - [02/Jun/2026:11:16:32 +0800] "GET /wp-content/uploads/logistics/Conatiner-5.webp HTTP/1.1" 206 500 "http://cqqizhou.com/logistics" "Mozilla/5.0 (Linux; Android 5.0) AppleWebKit/537.36 (KHTML, like Gecko) Mobile Safari/537.36 (compatible; Bytespider; https://zhanzhang.toutiao.com/)"
36.133.115.36 - - [02/Jun/2026:11:20:44 +0800] "POST /wp-cron.php?doing_wp_cron=1780370444.8098459243774414062500 HTTP/1.1" 200 31 "-" "WordPress/6.9; http://cqqizhou.com"
45.148.10.67 - - [02/Jun/2026:11:20:44 +0800] "GET / HTTP/1.1" 200 35194 "-" "Mozilla/5.0 (Windows NT 10.0; Win64; x64) AppleWebKit/537.36 (KHTML, like Gecko) Chrome/131.0.0.0 Safari/537.36"
36.133.115.36 - - [02/Jun/2026:11:24:05 +0800] "POST /wp-cron.php?doing_wp_cron=1780370645.2584350109100341796875 HTTP/1.1" 200 31 "-" "WordPress/6.9; http://cqqizhou.com"
114.119.144.41 - - [02/Jun/2026:11:24:05 +0800] "GET / HTTP/1.1" 200 35194 "http://cqqizhou.com/" "Mozilla/5.0 (Linux; Android 7.0;) AppleWebKit/537.36 (HTML, like Gecko) Mobile Safari/537.36 (compatible; PetalBot;+https://webmaster.petalsearch.com/site/petalbot)"
36.133.115.36 - - [02/Jun/2026:11:43:55 +0800] "POST /wp-cron.php?doing_wp_cron=1780371835.7358338832855224609375 HTTP/1.1" 200 31 "-" "WordPress/6.9; http://cqqizhou.com"
43.156.168.214 - - [02/Jun/2026:11:43:55 +0800] "GET / HTTP/1.1" 301 5 "-" "Mozilla/5.0 (iPhone; CPU iPhone OS 13_2_3 like Mac OS X) AppleWebKit/605.1.15 (KHTML, like Gecko) Version/13.0.3 Mobile/15E148 Safari/604.1"
43.156.168.214 - - [02/Jun/2026:11:43:58 +0800] "GET / HTTP/1.1" 200 35194 "http://36.133.115.36" "Mozilla/5.0 (iPhone; CPU iPhone OS 13_2_3 like Mac OS X) AppleWebKit/605.1.15 (KHTML, like Gecko) Version/13.0.3 Mobile/15E148 Safari/604.1"
36.133.115.36 - - [02/Jun/2026:11:46:32 +0800] "POST /wp-cron.php?doing_wp_cron=1780371992.4620249271392822265625 HTTP/1.1" 200 31 "-" "WordPress/6.9; http://cqqizhou.com"
112.37.248.3 - - [02/Jun/2026:11:46:32 +0800] "GET /portfolio-category/cold-rolled-coil/ HTTP/1.1" 404 9408 "-" "Mozilla/5.0 (Macintosh; Intel Mac OS X 10_15_7) AppleWebKit/537.36 (KHTML, like Gecko) Chrome/146.0.0.0 Safari/537.36"
36.133.115.36 - - [02/Jun/2026:11:57:32 +0800] "POST /wp-cron.php?doing_wp_cron=1780372652.4973289966583251953125 HTTP/1.1" 200 31 "-" "WordPress/6.9; http://cqqizhou.com"
104.199.95.162 - - [02/Jun/2026:11:57:32 +0800] "GET / HTTP/1.1" 200 35194 "-" "Mozilla/5.0 (Windows NT 10.0; Win64; x64) AppleWebKit/537.36 (KHTML, like Gecko) Chrome/127.0.0.0 Safari/537.36"
36.133.115.36 - - [02/Jun/2026:12:21:47 +0800] "POST /wp-cron.php?doing_wp_cron=1780374107.5066649913787841796875 HTTP/1.1" 200 31 "-" "WordPress/6.9; http://cqqizhou.com"
66.132.195.34 - - [02/Jun/2026:12:21:47 +0800] "GET / HTTP/1.1" 200 158680 "-" "-"
36.133.115.36 - - [02/Jun/2026:12:40:52 +0800] "POST /wp-cron.php?doing_wp_cron=1780375252.1345601081848144531250 HTTP/1.1" 200 31 "-" "WordPress/6.9; http://cqqizhou.com"
3.219.217.97 - - [02/Jun/2026:12:40:52 +0800] "POST / HTTP/1.1" 200 35194 "-" "Mozilla/5.0"
36.133.115.36 - - [02/Jun/2026:12:45:39 +0800] "POST /wp-cron.php?doing_wp_cron=1780375539.8486359119415283203125 HTTP/1.1" 200 31 "-" "WordPress/6.9; http://cqqizhou.com"
176.65.132.171 - - [02/Jun/2026:12:45:40 +0800] "GET / HTTP/1.1" 200 158680 "-" "Mozilla/1.0"
36.133.115.36 - - [02/Jun/2026:12:49:41 +0800] "POST /wp-cron.php?doing_wp_cron=1780375781.1793799400329589843750 HTTP/1.1" 200 31 "-" "WordPress/6.9; http://cqqizhou.com"
45.148.10.67 - - [02/Jun/2026:12:49:41 +0800] "GET / HTTP/1.1" 200 35192 "-" "Mozilla/5.0 (Windows NT 10.0; Win64; x64) AppleWebKit/537.36 (KHTML, like Gecko) Chrome/131.0.0.0 Safari/537.36"
36.133.115.36 - - [02/Jun/2026:13:00:10 +0800] "POST /wp-cron.php?doing_wp_cron=1780376410.8946719169616699218750 HTTP/1.1" 200 31 "-" "WordPress/6.9; http://cqqizhou.com"
154.0.157.68 - - [02/Jun/2026:13:00:11 +0800] "GET /wp-json/wp/v2/posts HTTP/1.1" 200 84357 "-" "Mozilla/5.0 (Windows NT 10.0; Win64; x64) AppleWebKit/537.36 (KHTML, like Gecko) Chrome/120.0.0.0 Safari/537.36"
36.133.115.36 - - [02/Jun/2026:13:03:24 +0800] "POST /wp-cron.php?doing_wp_cron=1780376604.7744851112365722656250 HTTP/1.1" 200 31 "-" "WordPress/6.9; http://cqqizhou.com"
112.226.50.108 - - [02/Jun/2026:13:03:24 +0800] "GET /Ly9jcXFpemhvdS5jb20vd3AtY29udGVudC91cGxvYWRzLzIwMjUvMTIvMTc2NTI2ODk1NS1xaXpob3VfU2xpZGVyMV8zODQww5cyMTYwXzIwMjUxMjEwLXNjYWxlZC53ZWJw HTTP/1.1" 404 9411 "-" "Mozilla/5.0 (Windows NT 10.0; Win64; x64) AppleWebKit/537.36 (KHTML, like Gecko) Chrome/85.0.4183.38"
36.133.115.36 - - [02/Jun/2026:13:07:02 +0800] "POST /wp-cron.php?doing_wp_cron=1780376822.9491539001464843750000 HTTP/1.1" 200 31 "-" "WordPress/6.9; http://cqqizhou.com"
103.123.226.10 - - [02/Jun/2026:13:07:02 +0800] "GET / HTTP/1.0" 301 0 "-" "ivre-masscan/1.3 https://github.com/robertdavidgraham/"
36.133.115.36 - - [02/Jun/2026:13:10:33 +0800] "POST /wp-cron.php?doing_wp_cron=1780377033.5584199428558349609375 HTTP/1.1" 200 31 "-" "WordPress/6.9; http://cqqizhou.com"
113.124.216.94 - - [02/Jun/2026:13:10:33 +0800] "GET /services/ HTTP/1.1" 301 5 "-" "Mozilla/5.0 (Macintosh; Intel Mac OS X 10_15_7) AppleWebKit/537.36 (KHTML, like Gecko) Chrome/132.0.0.0 Safari/537.36"
113.231.21.16 - - [02/Jun/2026:13:10:34 +0800] "GET /services HTTP/1.1" 200 26713 "-" "Mozilla/5.0 (Macintosh; Intel Mac OS X 10_15_7) AppleWebKit/537.36 (KHTML, like Gecko) Chrome/132.0.0.0 Safari/537.36"
36.133.115.36 - - [02/Jun/2026:13:12:12 +0800] "POST /wp-cron.php?doing_wp_cron=1780377132.0538020133972167968750 HTTP/1.1" 200 31 "-" "WordPress/6.9; http://cqqizhou.com"
106.8.138.153 - - [02/Jun/2026:13:12:12 +0800] "GET /news/2585 HTTP/1.1" 200 20804 "-" "YisouSpider"
36.133.115.36 - - [02/Jun/2026:13:14:25 +0800] "POST /wp-cron.php?doing_wp_cron=1780377265.1761751174926757812500 HTTP/1.1" 200 31 "-" "WordPress/6.9; http://cqqizhou.com"
13.205.173.107 - - [02/Jun/2026:13:14:25 +0800] "GET / HTTP/1.1" 301 5 "-" "Go-http-client/1.1"
110.249.201.77 - - [02/Jun/2026:13:21:10 +0800] "GET /wp-content/uploads/2026/03/1772790791-%E5%B0%81%E9%9D%A2%E5%A4%B4%E5%9B%BEArticle_images_W900%C3%97500px2026-768x427.webp HTTP/1.1" 200 52514 "http://cqqizhou.com/company-news" "Mozilla/5.0 (Linux; Android 5.0) AppleWebKit/537.36 (KHTML, like Gecko) Mobile Safari/537.36 (compatible; Bytespider; https://zhanzhang.toutiao.com/)"
123.57.13.121 - - [02/Jun/2026:13:22:53 +0800] "GET / HTTP/1.1" 200 35636 "-" "Mozilla/5.0 (Windows NT 10.0; Win64; x64) AppleWebKit/537.36 (KHTML, like Gecko) Chrome/104.0.0.0 Safari/537.36"
36.133.115.36 - - [02/Jun/2026:13:24:30 +0800] "POST /wp-cron.php?doing_wp_cron=1780377870.6186358928680419921875 HTTP/1.1" 200 31 "-" "WordPress/6.9; http://cqqizhou.com"
103.151.226.246 - - [02/Jun/2026:13:24:30 +0800] "GET /wp-json/wp/v2/posts HTTP/1.1" 200 84357 "-" "Mozilla/5.0 (Windows NT 10.0; Win64; x64) AppleWebKit/537.36 (KHTML, like Gecko) Chrome/120.0.0.0 Safari/537.36"
205.169.39.16 - - [02/Jun/2026:13:27:09 +0800] "GET / HTTP/1.1" 200 35636 "-" "Mozilla/5.0 (Windows NT 10.0; Win64; x64) AppleWebKit/537.36 (KHTML, like Gecko) Chrome/117.0.5938.132 Safari/537.36"
205.169.39.16 - - [02/Jun/2026:13:27:15 +0800] "GET /wp-content/uploads/2025/07/1751425283-qizhou.kf_.qq_.com_.webp HTTP/1.1" 200 16864 "http://cqqizhou.com/" "Mozilla/5.0 (Windows NT 10.0; Win64; x64) AppleWebKit/537.36 (KHTML, like Gecko) Chrome/117.0.5938.132 Safari/537.36"
205.169.39.16 - - [02/Jun/2026:13:27:22 +0800] "GET /wp-content/uploads/2025/07/1750174127-Marketing1920x800_3.webp HTTP/1.1" 200 52790 "http://cqqizhou.com/wp-content/uploads/elementor/css/post-1666.css?ver=1778295900" "Mozilla/5.0 (Windows NT 10.0; Win64; x64) AppleWebKit/537.36 (KHTML, like Gecko) Chrome/117.0.5938.132 Safari/537.36"
205.169.39.16 - - [02/Jun/2026:13:27:24 +0800] "GET /wp-content/uploads/2026/06/1780363378-1Article_images_W900px.webp HTTP/1.1" 200 62100 "http://cqqizhou.com/" "Mozilla/5.0 (Windows NT 10.0; Win64; x64) AppleWebKit/537.36 (KHTML, like Gecko) Chrome/117.0.5938.132 Safari/537.36"
205.169.39.16 - - [02/Jun/2026:13:27:24 +0800] "GET /wp-content/uploads/2026/06/1780362799-1Article_images_W900px.webp HTTP/1.1" 200 61690 "http://cqqizhou.com/" "Mozilla/5.0 (Windows NT 10.0; Win64; x64) AppleWebKit/537.36 (KHTML, like Gecko) Chrome/117.0.5938.132 Safari/537.36"
205.169.39.16 - - [02/Jun/2026:13:27:25 +0800] "GET /wp-content/uploads/2026/05/1779957408-1Article_images_W900px.webp HTTP/1.1" 200 36526 "http://cqqizhou.com/" "Mozilla/5.0 (Windows NT 10.0; Win64; x64) AppleWebKit/537.36 (KHTML, like Gecko) Chrome/117.0.5938.132 Safari/537.36"
205.169.39.16 - - [02/Jun/2026:13:27:25 +0800] "GET /wp-content/uploads/2026/05/1779328461-1Article_images_W900px.webp HTTP/1.1" 200 37908 "http://cqqizhou.com/" "Mozilla/5.0 (Windows NT 10.0; Win64; x64) AppleWebKit/537.36 (KHTML, like Gecko) Chrome/117.0.5938.132 Safari/537.36"
205.169.39.16 - - [02/Jun/2026:13:27:25 +0800] "GET /wp-content/uploads/2026/05/1779925245-Article_images_W900px.webp HTTP/1.1" 200 27996 "http://cqqizhou.com/" "Mozilla/5.0 (Windows NT 10.0; Win64; x64) AppleWebKit/537.36 (KHTML, like Gecko) Chrome/117.0.5938.132 Safari/537.36"
205.169.39.16 - - [02/Jun/2026:13:27:27 +0800] "GET /wp-content/uploads/2025/12/1765268955-qizhou_Slider1_3840%C3%972160_20251210-scaled.webp HTTP/1.1" 200 152162 "http://cqqizhou.com/" "Mozilla/5.0 (X11; Linux x86_64) AppleWebKit/537.36 (KHTML, like Gecko) HeadlessChrome/127.0.6533.119 Safari/537.36"
205.169.39.16 - - [02/Jun/2026:13:27:28 +0800] "GET /wp-content/uploads/revslider/slider-1/1750861156-logistics_Slider_3840%C3%972160_20250625191356-scaled-50x100.webp HTTP/1.1" 200 1416 "http://cqqizhou.com/" "Mozilla/5.0 (X11; Linux x86_64) AppleWebKit/537.36 (KHTML, like Gecko) HeadlessChrome/127.0.6533.119 Safari/537.36"
205.169.39.16 - - [02/Jun/2026:13:27:28 +0800] "GET /wp-content/uploads/2026/01/1768276119-qizhoujiagong_Slider_3840%C3%972160_20260113-scaled-50x100.webp HTTP/1.1" 200 976 "http://cqqizhou.com/" "Mozilla/5.0 (X11; Linux x86_64) AppleWebKit/537.36 (KHTML, like Gecko) HeadlessChrome/127.0.6533.119 Safari/537.36"
36.133.115.36 - - [02/Jun/2026:13:27:29 +0800] "POST /wp-cron.php?doing_wp_cron=1780378048.9753060340881347656250 HTTP/1.1" 200 31 "-" "WordPress/6.9; http://cqqizhou.com"
205.169.39.16 - - [02/Jun/2026:13:27:29 +0800] "GET /wp-json/sliderrevolution/sliders/1?srengine=7&slideid=2 HTTP/1.1" 200 2000 "http://cqqizhou.com/" "Mozilla/5.0 (X11; Linux x86_64) AppleWebKit/537.36 (KHTML, like Gecko) HeadlessChrome/127.0.6533.119 Safari/537.36"
205.169.39.16 - - [02/Jun/2026:13:27:29 +0800] "GET /wp-json/sliderrevolution/sliders/1?srengine=7&slideid=4 HTTP/1.1" 200 2580 "http://cqqizhou.com/" "Mozilla/5.0 (X11; Linux x86_64) AppleWebKit/537.36 (KHTML, like Gecko) HeadlessChrome/127.0.6533.119 Safari/537.36"
205.169.39.16 - - [02/Jun/2026:13:27:29 +0800] "GET /wp-content/uploads/revslider/slider-1/1750861156-logistics_Slider_3840%C3%972160_20250625191356-scaled.webp HTTP/1.1" 200 197360 "http://cqqizhou.com/" "Mozilla/5.0 (X11; Linux x86_64) AppleWebKit/537.36 (KHTML, like Gecko) HeadlessChrome/127.0.6533.119 Safari/537.36"
205.169.39.16 - - [02/Jun/2026:13:27:30 +0800] "GET /wp-content/uploads/2026/01/1768276119-qizhoujiagong_Slider_3840%C3%972160_20260113-scaled.webp HTTP/1.1" 200 131696 "http://cqqizhou.com/" "Mozilla/5.0 (X11; Linux x86_64) AppleWebKit/537.36 (KHTML, like Gecko) HeadlessChrome/127.0.6533.119 Safari/537.36"
205.169.39.16 - - [02/Jun/2026:13:27:31 +0800] "GET /wp-content/uploads/2025/07/1753453127-%E4%BD%99%E5%8D%B7product_Single600%C3%97284.webp HTTP/1.1" 200 18744 "http://cqqizhou.com/" "Mozilla/5.0 (X11; Linux x86_64) AppleWebKit/537.36 (KHTML, like Gecko) HeadlessChrome/127.0.6533.119 Safari/537.36"
205.169.39.16 - - [02/Jun/2026:13:27:31 +0800] "GET /wp-content/uploads/2025/07/1753456723-%E5%8F%8C%E7%9B%B8%E9%92%A2roduct_Single600.webp HTTP/1.1" 200 22790 "http://cqqizhou.com/" "Mozilla/5.0 (X11; Linux x86_64) AppleWebKit/537.36 (KHTML, like Gecko) HeadlessChrome/127.0.6533.119 Safari/537.36"
205.169.39.16 - - [02/Jun/2026:13:27:31 +0800] "GET /wp-content/uploads/2025/07/1753456770-%E7%83%AD%E9%95%80%E9%94%8C%E5%8D%B7product_Single600.webp HTTP/1.1" 200 27502 "http://cqqizhou.com/" "Mozilla/5.0 (X11; Linux x86_64) AppleWebKit/537.36 (KHTML, like Gecko) HeadlessChrome/127.0.6533.119 Safari/537.36"
205.169.39.16 - - [02/Jun/2026:13:27:31 +0800] "GET /wp-content/uploads/2025/07/1753453096-%E5%8F%8C%E7%9B%B8%E9%92%A2product_Single600%C3%97284.webp HTTP/1.1" 200 14562 "http://cqqizhou.com/" "Mozilla/5.0 (X11; Linux x86_64) AppleWebKit/537.36 (KHTML, like Gecko) HeadlessChrome/127.0.6533.119 Safari/537.36"
205.169.39.16 - - [02/Jun/2026:13:27:38 +0800] "GET /wp-content/uploads/2025/12/1765268955-qizhou_Slider1_3840%C3%972160_20251210-scaled-50x100.webp HTTP/1.1" 200 1812 "http://cqqizhou.com/" "Mozilla/5.0 (X11; Linux x86_64) AppleWebKit/537.36 (KHTML, like Gecko) HeadlessChrome/127.0.6533.119 Safari/537.36"
110.249.202.109 - - [02/Jun/2026:13:29:11 +0800] "GET /wp-content/uploads/2026/05/1779925245-Article_images_W900px-768x432.webp HTTP/1.1" 200 33354 "http://cqqizhou.com/company-news" "Mozilla/5.0 (Linux; Android 5.0) AppleWebKit/537.36 (KHTML, like Gecko) Mobile Safari/537.36 (compatible; Bytespider; https://zhanzhang.toutiao.com/)"
36.133.115.36 - - [02/Jun/2026:13:37:28 +0800] "POST /wp-cron.php?doing_wp_cron=1780378648.0376350879669189453125 HTTP/1.1" 200 31 "-" "WordPress/6.9; http://cqqizhou.com"
157.230.81.177 - - [02/Jun/2026:13:37:28 +0800] "GET / HTTP/1.1" 301 5 "-" "Mozilla/5.0 zgrab/0.x"
36.133.115.36 - - [02/Jun/2026:13:38:12 +0800] "POST /wp-cron.php?doing_wp_cron=1780378692.2781910896301269531250 HTTP/1.1" 200 31 "-" "WordPress/6.9; http://cqqizhou.com"
183.247.185.30 - - [02/Jun/2026:13:38:12 +0800] "GET /industry/ HTTP/1.1" 301 5 "-" "Mozilla/5.0 (Windows NT 10.0; Win64; x64) AppleWebKit/537.36 (KHTML, like Gecko) Chrome/142.0.0.0 Safari/537.36"
183.247.185.30 - - [02/Jun/2026:13:38:13 +0800] "GET /industry HTTP/1.1" 200 20144 "-" "Mozilla/5.0 (Windows NT 10.0; Win64; x64) AppleWebKit/537.36 (KHTML, like Gecko) Chrome/142.0.0.0 Safari/537.36"
36.133.115.36 - - [02/Jun/2026:13:55:08 +0800] "POST /wp-cron.php?doing_wp_cron=1780379708.8253030776977539062500 HTTP/1.1" 200 31 "-" "WordPress/6.9; http://cqqizhou.com"
117.95.167.22 - - [02/Jun/2026:13:55:08 +0800] "GET /news/2559 HTTP/1.1" 200 20924 "-" "Mozilla/5.0 (Macintosh; Intel Mac OS X 10_15_7) AppleWebKit/537.36 (KHTML, like Gecko) Chrome/140.0.0.0 Safari/537.36"
36.133.115.36 - - [02/Jun/2026:13:57:14 +0800] "POST /wp-cron.php?doing_wp_cron=1780379834.0342319011688232421875 HTTP/1.1" 200 31 "-" "WordPress/6.9; http://cqqizhou.com"
8.148.85.58 - - [02/Jun/2026:13:57:14 +0800] "GET / HTTP/1.1" 301 5 "-" "Mozilla/5.0 (Windows NT 10.0; Win64; x64) AppleWebKit/537.36 (KHTML, like Gecko) Chrome/97.0.4280.67 Safari/537.36 Edg/97.0.664.52"
8.148.85.58 - - [02/Jun/2026:13:57:14 +0800] "GET / HTTP/1.1" 200 35636 "-" "Mozilla/5.0 (Windows NT 10.0; Win64; x64) AppleWebKit/537.36 (KHTML, like Gecko) Chrome/97.0.4280.67 Safari/537.36 Edg/97.0.664.52"
36.133.115.36 - - [02/Jun/2026:14:00:44 +0800] "POST /wp-cron.php?doing_wp_cron=1780380044.4079840183258056640625 HTTP/1.1" 200 31 "-" "WordPress/6.9; http://cqqizhou.com"
113.246.107.3 - - [02/Jun/2026:14:00:44 +0800] "GET /policy/ HTTP/1.1" 404 9409 "-" "Mozilla/5.0 (Macintosh; Intel Mac OS X 10_15_7) AppleWebKit/537.36 (KHTML, like Gecko) Chrome/145.0.0.0 Safari/537.36"
121.235.46.232 - - [02/Jun/2026:14:00:44 +0800] "GET /policy/ HTTP/1.1" 404 9409 "-" "Mozilla/5.0 (Macintosh; Intel Mac OS X 10_15_7) AppleWebKit/537.36 (KHTML, like Gecko) Chrome/145.0.0.0 Safari/537.36"
223.73.109.41 - - [02/Jun/2026:14:00:44 +0800] "GET /policy/ HTTP/1.1" 404 9409 "-" "Mozilla/5.0 (Macintosh; Intel Mac OS X 10.15; rv:133.0) Gecko/20100101 Firefox/133.0"
211.141.192.70 - - [02/Jun/2026:14:00:44 +0800] "GET /policy/ HTTP/1.1" 404 9409 "-" "Mozilla/5.0 (Macintosh; Intel Mac OS X 10.15; rv:133.0) Gecko/20100101 Firefox/133.0"
103.19.122.16 - - [02/Jun/2026:14:00:45 +0800] "GET /policy/ HTTP/1.1" 404 9408 "-" "Mozilla/5.0 (Macintosh; Intel Mac OS X 10_15_7) AppleWebKit/537.36 (KHTML, like Gecko) Chrome/145.0.0.0 Safari/537.36"
36.133.115.36 - - [02/Jun/2026:14:12:48 +0800] "POST /wp-cron.php?doing_wp_cron=1780380768.3661410808563232421875 HTTP/1.1" 200 31 "-" "WordPress/6.9; http://cqqizhou.com"
180.149.125.164 - - [02/Jun/2026:14:12:48 +0800] "GET / HTTP/1.1" 301 5 "-" "Mozilla/5.0 (Windows NT 5.1; Win64; x64) AppleWebKit/537.36 (KHTML, like Gecko) Chrome/60.0.3112.90 Safari/537.36"
180.149.125.164 - - [02/Jun/2026:14:12:51 +0800] "GET / HTTP/1.1" 200 35636 "http://36.133.115.36/" "Mozilla/5.0 (Windows NT 5.1; Win64; x64) AppleWebKit/537.36 (KHTML, like Gecko) Chrome/60.0.3112.90 Safari/537.36"
81.180.121.187 - - [02/Jun/2026:14:13:03 +0800] "POST /?rest_route=/KirkiComponentLibrary/v1/kirki-forgot-password HTTP/1.1" 400 51 "-" "python-requests/2.34.2"
123.183.165.247 - - [02/Jun/2026:14:13:04 +0800] "GET http://cqqizhou.com/wp-content/uploads/2026/06/1780362799-1Article_images_W900px.webp%20900w,%20http://cqqizhou.com/wp-content/uploads/2026/06/1780362799-1Article_images_W900px-300x169.webp%20300w,%20/wp-content/uploads/2026/06/1780362799-1Article_images_W900px-768x432.webp%20768w HTTP/1.1" 301 5 "http://cqqizhou.com/" "Mozilla/5.0 (Windows NT 10.0; Win64; x64) AppleWebKit/537.36 (KHTML, like Gecko) Chrome/116.0.0.0 Safari/537.36"
36.133.115.36 - - [02/Jun/2026:14:13:18 +0800] "POST /wp-cron.php?doing_wp_cron=1780380798.8718709945678710937500 HTTP/1.1" 200 31 "-" "WordPress/6.9; http://cqqizhou.com"
1.14.64.137 - - [02/Jun/2026:14:13:18 +0800] "GET /wp-content/uploads/2026/06/1780362799-1Article_images_W900px.webp%20900w,%20http://cqqizhou.com/wp-content/uploads/2026/06/1780362799-1Article_images_W900px-300x169.webp%20300w,%20http://cqqizhou.com/wp-content/uploads/2026/06/1780362799-1Article_images_W900px-768x432.webp%20768w HTTP/1.1" 301 5 "http://cqqizhou.com/" "Mozilla/5.0 (Windows NT 10.0; Win64; x64) AppleWebKit/537.36 (KHTML, like Gecko) Chrome/116.0.0.0 Safari/537.36"
1.14.64.137 - - [02/Jun/2026:14:13:19 +0800] "GET /wp-content/uploads/2026/06/1780362799-1Article_images_W900px.webp%20900w,%20http:/cqqizhou.com/wp-content/uploads/2026/06/1780362799-1Article_images_W900px-300x169.webp%20300w,%20http:/cqqizhou.com/wp-content/uploads/2026/06/1780362799-1Article_images_W900px-768x432.webp%20768w HTTP/1.1" 404 9409 "http://cqqizhou.com/" "Mozilla/5.0 (Windows NT 10.0; Win64; x64) AppleWebKit/537.36 (KHTML, like Gecko) Chrome/116.0.0.0 Safari/537.36"
123.183.165.247 - - [02/Jun/2026:14:13:20 +0800] "GET /wp-content/uploads/2026/06/1780362799-1Article_images_W900px.webp%20900w,%20http:/cqqizhou.com/wp-content/uploads/2026/06/1780362799-1Article_images_W900px-300x169.webp%20300w,%20/wp-content/uploads/2026/06/1780362799-1Article_images_W900px-768x432.webp%20768w HTTP/1.1" 404 9407 "http://cqqizhou.com/" "Mozilla/5.0 (Windows NT 10.0; Win64; x64) AppleWebKit/537.36 (KHTML, like Gecko) Chrome/116.0.0.0 Safari/537.36"
36.133.115.36 - - [02/Jun/2026:14:24:22 +0800] "POST /wp-cron.php?doing_wp_cron=1780381462.7430589199066162109375 HTTP/1.1" 200 31 "-" "WordPress/6.9; http://cqqizhou.com"
45.148.10.67 - - [02/Jun/2026:14:24:22 +0800] "GET / HTTP/1.1" 200 35194 "-" "Mozilla/5.0 (Windows NT 10.0; Win64; x64) AppleWebKit/537.36 (KHTML, like Gecko) Chrome/131.0.0.0 Safari/537.36"
36.133.115.36 - - [02/Jun/2026:14:27:43 +0800] "POST /wp-cron.php?doing_wp_cron=1780381663.6507670879364013671875 HTTP/1.1" 200 31 "-" "WordPress/6.9; http://cqqizhou.com"
151.115.91.20 - - [02/Jun/2026:14:27:43 +0800] "GET / HTTP/1.1" 301 5 "-" "Mozilla/5.0 (Windows NT 10.0; Win64; x64) AppleWebKit/537.36 (KHTML, like Gecko) Chrome/90.0.4430.85 Safari/537.36 Edg/90.0.818.46"
36.133.115.36 - - [02/Jun/2026:14:33:36 +0800] "POST /wp-cron.php?doing_wp_cron=1780382016.5231139659881591796875 HTTP/1.1" 200 31 "-" "WordPress/6.9; http://cqqizhou.com"
118.113.246.110 - - [02/Jun/2026:14:33:36 +0800] "GET /club HTTP/1.1" 200 12521 "-" "Mozilla/5.0 (Macintosh; Intel Mac OS X 10_15_7) AppleWebKit/537.36 (KHTML, like Gecko) Chrome/140.0.0.0 Safari/537.36"
36.133.115.36 - - [02/Jun/2026:14:47:38 +0800] "POST /wp-cron.php?doing_wp_cron=1780382858.7338709831237792968750 HTTP/1.1" 200 31 "-" "WordPress/6.9; http://cqqizhou.com"
82.156.88.97 - - [02/Jun/2026:14:47:38 +0800] "GET / HTTP/1.1" 301 5 "-" "Mozilla/5.0 (iPhone; CPU iPhone OS 13_2_3 like Mac OS X) AppleWebKit/605.1.15 (KHTML, like Gecko) Version/13.0.3 Mobile/15E148 Safari/604.1"
82.156.88.97 - - [02/Jun/2026:14:47:40 +0800] "GET / HTTP/1.1" 200 35194 "http://www.cqqizhou.com" "Mozilla/5.0 (iPhone; CPU iPhone OS 13_2_3 like Mac OS X) AppleWebKit/605.1.15 (KHTML, like Gecko) Version/13.0.3 Mobile/15E148 Safari/604.1"
110.249.201.238 - - [02/Jun/2026:15:13:48 +0800] "GET /wp-content/uploads/2026/03/1772713922-Article_images_W900px-768x427.webp HTTP/1.1" 200 40836 "http://cqqizhou.com/company-news" "Mozilla/5.0 (Linux; Android 5.0) AppleWebKit/537.36 (KHTML, like Gecko) Mobile Safari/537.36 (compatible; Bytespider; https://zhanzhang.toutiao.com/)"
36.133.115.36 - - [02/Jun/2026:15:24:28 +0800] "POST /wp-cron.php?doing_wp_cron=1780385068.7480959892272949218750 HTTP/1.1" 200 31 "-" "WordPress/6.9; http://cqqizhou.com"
112.90.14.114 - - [02/Jun/2026:15:24:28 +0800] "GET /industry/ HTTP/1.1" 301 5 "-" "Mozilla/5.0 (Windows NT 10.0; Win64; x64) AppleWebKit/537.36 (KHTML, like Gecko) Chrome/133.0.0.0 Safari/537.36"
14.29.109.236 - - [02/Jun/2026:15:24:28 +0800] "GET /industry HTTP/1.1" 200 20164 "-" "Mozilla/5.0 (Windows NT 10.0; Win64; x64) AppleWebKit/537.36 (KHTML, like Gecko) Chrome/133.0.0.0 Safari/537.36"
36.133.115.36 - - [02/Jun/2026:15:45:05 +0800] "POST /wp-cron.php?doing_wp_cron=1780386305.0180420875549316406250 HTTP/1.1" 200 31 "-" "WordPress/6.9; http://cqqizhou.com"
5.61.209.126 - - [02/Jun/2026:15:45:05 +0800] "GET /SDK/webLanguage HTTP/1.1" 301 5 "-" "Mozilla/5.0 (Windows NT 10.0; Win64; x64) AppleWebKit/537.36 (KHTML, like Gecko) Chrome/90.0.4430.85 Safari/537.36 Edg/90.0.818.46"
36.133.115.36 - - [02/Jun/2026:15:52:46 +0800] "POST /wp-cron.php?doing_wp_cron=1780386766.0651268959045410156250 HTTP/1.1" 200 31 "-" "WordPress/6.9; http://cqqizhou.com"
110.249.202.236 - - [02/Jun/2026:15:52:46 +0800] "GET /robots.txt HTTP/1.1" 200 190 "-" "Mozilla/5.0 (Linux; Android 5.0) AppleWebKit/537.36 (KHTML, like Gecko) Mobile Safari/537.36 (compatible; Bytespider; https://zhanzhang.toutiao.com/)"
36.133.115.36 - - [02/Jun/2026:15:53:29 +0800] "POST /wp-cron.php?doing_wp_cron=1780386809.8311049938201904296875 HTTP/1.1" 200 31 "-" "WordPress/6.9; http://cqqizhou.com"
49.146.49.105 - - [02/Jun/2026:15:53:29 +0800] "GET /wp-json/wp/v2/posts HTTP/1.1" 200 84357 "-" "Mozilla/5.0 (Windows NT 10.0; Win64; x64) AppleWebKit/537.36 (KHTML, like Gecko) Chrome/120.0.0.0 Safari/537.36"
117.131.24.176 - - [02/Jun/2026:15:54:20 +0800] "GET /wp-content/uploads/revslider/slider-1/1750861156-logistics_Slider_3840%C3%972160_20250625191356-scaled.webp HTTP/1.1" 200 197360 "http://cqqizhou.com" "Mozilla/5.0 (Windows NT 10.0; Win64; x64) AppleWebKit/537.36 (KHTML, like Gecko) Chrome/120.0.0.0 Safari/537.36"
111.225.149.217 - - [02/Jun/2026:15:56:44 +0800] "GET /wp-content/uploads/2026/03/1772713922-Article_images_W900px-768x427.webp HTTP/1.1" 200 40836 "http://cqqizhou.com/company-news" "Mozilla/5.0 (Linux; Android 5.0) AppleWebKit/537.36 (KHTML, like Gecko) Mobile Safari/537.36 (compatible; Bytespider; https://zhanzhang.toutiao.com/)"
112.15.4.246 - - [02/Jun/2026:16:04:27 +0800] "GET / HTTP/1.1" 200 35636 "-" "Mozilla/5.0 (Windows NT 10.0; Win64; x64) AppleWebKit/537.36 (KHTML, like Gecko) Chrome/134.1.0 Safari/537.36 Edg/134.1.0"
106.225.223.114 - - [02/Jun/2026:16:04:28 +0800] "GET / HTTP/1.1" 200 35636 "-" "Mozilla/5.0 (Windows NT 10.0; Win64; x64) AppleWebKit/537.36 (KHTML, like Gecko) Chrome/124.0.0.0 Safari/537.36 SLBrowser/9.0.6.2081 SLBChan/103 SLBVPV/64-bit"
36.133.115.36 - - [02/Jun/2026:16:04:45 +0800] "POST /wp-cron.php?doing_wp_cron=1780387485.4372529983520507812500 HTTP/1.1" 200 31 "-" "WordPress/6.9; http://cqqizhou.com"
52.0.245.198 - - [02/Jun/2026:16:04:45 +0800] "GET / HTTP/1.1" 301 5 "-" "Mozilla/5.0 (Macintosh; Intel Mac OS X 10_15_7) AppleWebKit/537.36 (KHTML, like Gecko) Chrome/128.0.0.0 Safari/537.36"
52.0.245.198 - - [02/Jun/2026:16:04:46 +0800] "GET / HTTP/1.1" 200 35636 "-" "Mozilla/5.0 (Macintosh; Intel Mac OS X 10_15_7) AppleWebKit/537.36 (KHTML, like Gecko) Chrome/128.0.0.0 Safari/537.36"
36.133.115.36 - - [02/Jun/2026:16:22:59 +0800] "POST /wp-cron.php?doing_wp_cron=1780388579.3433449268341064453125 HTTP/1.1" 200 31 "-" "WordPress/6.9; http://cqqizhou.com"
51.68.234.121 - - [02/Jun/2026:16:22:59 +0800] "GET /robots.txt HTTP/1.0" 200 378 "-" "Mozilla/5.0 (compatible; MJ12bot/v1.4.8; http://mj12bot.com/)"
36.133.115.36 - - [02/Jun/2026:16:26:25 +0800] "POST /wp-cron.php?doing_wp_cron=1780388785.5997068881988525390625 HTTP/1.1" 200 31 "-" "WordPress/6.9; http://cqqizhou.com"
45.148.10.67 - - [02/Jun/2026:16:26:25 +0800] "GET / HTTP/1.1" 200 35195 "-" "Mozilla/5.0 (Windows NT 10.0; Win64; x64) AppleWebKit/537.36 (KHTML, like Gecko) Chrome/131.0.0.0 Safari/537.36"
36.133.115.36 - - [02/Jun/2026:16:32:27 +0800] "POST /wp-cron.php?doing_wp_cron=1780389147.0158209800720214843750 HTTP/1.1" 200 31 "-" "WordPress/6.9; http://cqqizhou.com"
171.115.85.225 - - [02/Jun/2026:16:32:27 +0800] "GET /Ly9jcXFpemhvdS5jb20vd3AtY29udGVudC91cGxvYWRzLzIwMjYvMDEvMTc2ODI3NjExOS1xaXpob3VqaWFnb25nX1NsaWRlcl8zODQww5cyMTYwXzIwMjYwMTEzLXNjYWxlZC53ZWJw HTTP/1.1" 404 9408 "-" "Mozilla/5.0 (Windows NT 10.0; WOW64) AppleWebKit/537.36 (KHTML, like Gecko) Chrome/77.0.3865.40"
36.133.115.36 - - [02/Jun/2026:16:38:06 +0800] "POST /wp-cron.php?doing_wp_cron=1780389486.3239800930023193359375 HTTP/1.1" 200 31 "-" "WordPress/6.9; http://cqqizhou.com"
114.119.151.208 - - [02/Jun/2026:16:38:06 +0800] "GET /wp-sitemap.xml HTTP/1.1" 501 253 "-" "Mozilla/5.0 (Linux; Android 7.0;) AppleWebKit/537.36 (KHTML, like Gecko) Mobile Safari/537.36 (compatible; PetalBot;+https://webmaster.petalsearch.com/site/petalbot)"
36.133.115.36 - - [02/Jun/2026:16:40:23 +0800] "POST /wp-cron.php?doing_wp_cron=1780389623.4456119537353515625000 HTTP/1.1" 200 31 "-" "WordPress/6.9; http://cqqizhou.com"
116.179.32.17 - - [02/Jun/2026:16:40:23 +0800] "GET /wp-json/oembed/1.0/embed?url=http%3A%2F%2Fcqqizhou.com%2Fnews%2Fportfolio%2Fduplex-stainless-steel HTTP/1.1" 200 1237 "-" "Mozilla/5.0 (compatible; Baiduspider/2.0; +http://www.baidu.com/search/spider.html)"
145.220.91.19 - - [02/Jun/2026:16:41:52 +0800] "GET / HTTP/1.1" 200 35636 "-" "Mozilla/5.0 (Macintosh; Intel Mac OS X 10.15; rv:122.0) Gecko/20100101 Firefox/122.0"
110.249.201.215 - - [02/Jun/2026:16:44:51 +0800] "GET /wp-content/uploads/2026/02/1772086672-%E5%BC%80%E5%B7%A5%E5%A4%A7%E5%90%89%E5%B0%81%E9%9D%A2%E5%A4%B4%E5%9B%BEArticle_images_W900%C3%97500px-768x427.webp HTTP/1.1" 200 93810 "http://cqqizhou.com/company-news" "Mozilla/5.0 (Linux; Android 5.0) AppleWebKit/537.36 (KHTML, like Gecko) Mobile Safari/537.36 (compatible; Bytespider; https://zhanzhang.toutiao.com/)"
185.54.158.166 - - [02/Jun/2026:16:48:02 +0800] "GET /wp-content/uploads/2025/12/1766647832-Article_images_W900%C3%97500px20251225.webp HTTP/1.1" 200 44582 "http://cqqizhou.com/wp-content/uploads/2025/12/1766647832-Article_images_W900%C3%97500px20251225.webp" "Mozilla/5.0 (Macintosh; Intel Mac OS X 10_15_7) AppleWebKit/537.36 (KHTML, like Gecko) Chrome/130.0.0.0 Safari/537.36"
36.133.115.36 - - [02/Jun/2026:16:51:41 +0800] "POST /wp-cron.php?doing_wp_cron=1780390301.6479160785675048828125 HTTP/1.1" 200 31 "-" "WordPress/6.9; http://cqqizhou.com"
183.162.114.74 - - [02/Jun/2026:16:51:41 +0800] "GET /Ly9jcXFpemhvdS5jb20vd3AtY29udGVudC91cGxvYWRzL3JldnNsaWRlci9zbGlkZXItMS8xNzUwODYxMTU2LWxvZ2lzdGljc19TbGlkZXJfMzg0MMOXMjE2MF8yMDI1MDYyNTE5MTM1Ni1zY2FsZWQud2VicA== HTTP/1.1" 404 9408 "-" "Mozilla/5.0 (Windows NT 10.0) AppleWebKit/537.36 (KHTML, like Gecko) Chrome/87.0.4280.88"
36.133.115.36 - - [02/Jun/2026:16:52:10 +0800] "POST /wp-cron.php?doing_wp_cron=1780390330.7771999835968017578125 HTTP/1.1" 200 31 "-" "WordPress/6.9; http://cqqizhou.com"
117.183.179.237 - - [02/Jun/2026:16:52:10 +0800] "GET /Ly9jcXFpemhvdS5jb20vd3AtY29udGVudC91cGxvYWRzLzIwMjYvMDEvMTc2ODI4MDI3MC1hbnF1YW5fU2xpZGVyXzM4NDDDlzIxNjBfMjAyNjAxMTQtc2NhbGVkLndlYnA= HTTP/1.1" 404 9407 "-" "Mozilla/5.0 (Windows NT 10.0) AppleWebKit/537.36 (KHTML, like Gecko) Chrome/76.0.3809.68"
20.40.212.241 - - [02/Jun/2026:16:52:30 +0800] "GET /.git/HEAD HTTP/1.1" 404 9407 "-" "Mozilla/5.0 (X11; Linux x86_64; rv:125.0) Gecko/20100101 Firefox/125.0"
20.40.212.241 - - [02/Jun/2026:16:52:34 +0800] "GET /.git/config HTTP/1.1" 404 9409 "-" "Mozilla/5.0 (X11; Linux x86_64; rv:125.0) Gecko/20100101 Firefox/125.0"
20.40.212.241 - - [02/Jun/2026:16:52:38 +0800] "GET /.env HTTP/1.1" 404 9409 "-" "Mozilla/5.0 (Macintosh; Intel Mac OS X 14_4_1) AppleWebKit/605.1.15 (KHTML, like Gecko) Version/17.4 Safari/605.1.15"
20.206.106.146 - - [02/Jun/2026:16:52:40 +0800] "GET /wp-content/plugins/hellopress/wp_filemanager.php HTTP/1.1" 404 27 "-" "-"
20.206.106.146 - - [02/Jun/2026:16:52:41 +0800] "GET /this_is_a_new_hello_world.php HTTP/1.1" 404 27 "-" "-"
20.206.106.146 - - [02/Jun/2026:16:52:41 +0800] "GET /classgoto24.php HTTP/1.1" 404 27 "-" "-"
20.206.106.146 - - [02/Jun/2026:16:52:41 +0800] "GET /bob.php HTTP/1.1" 404 27 "-" "-"
20.206.106.146 - - [02/Jun/2026:16:52:42 +0800] "GET /cu.php HTTP/1.1" 404 27 "-" "-"
20.206.106.146 - - [02/Jun/2026:16:52:42 +0800] "GET /error_log.php HTTP/1.1" 404 27 "-" "-"
20.206.106.146 - - [02/Jun/2026:16:52:42 +0800] "GET /ms-edit.php HTTP/1.1" 404 27 "-" "-"
20.206.106.146 - - [02/Jun/2026:16:52:43 +0800] "GET /xstelth.php HTTP/1.1" 404 27 "-" "-"
20.206.106.146 - - [02/Jun/2026:16:52:43 +0800] "GET /4PJcpMFsD8B.php HTTP/1.1" 404 27 "-" "-"
20.206.106.146 - - [02/Jun/2026:16:52:44 +0800] "GET /155.php HTTP/1.1" 404 27 "-" "-"
20.206.106.146 - - [02/Jun/2026:16:52:44 +0800] "GET /geforce.php HTTP/1.1" 404 27 "-" "-"
20.206.106.146 - - [02/Jun/2026:16:52:44 +0800] "GET /file6.php HTTP/1.1" 404 27 "-" "-"
20.206.106.146 - - [02/Jun/2026:16:52:45 +0800] "GET /av.php HTTP/1.1" 404 27 "-" "-"
20.206.106.146 - - [02/Jun/2026:16:52:45 +0800] "GET /ng.php HTTP/1.1" 404 27 "-" "-"
20.206.106.146 - - [02/Jun/2026:16:52:46 +0800] "GET /simple.php HTTP/1.1" 404 27 "-" "-"
20.206.106.146 - - [02/Jun/2026:16:52:46 +0800] "GET /8.php HTTP/1.1" 404 27 "-" "-"
20.206.106.146 - - [02/Jun/2026:16:52:46 +0800] "GET /img.php HTTP/1.1" 404 27 "-" "-"
20.206.106.146 - - [02/Jun/2026:16:52:47 +0800] "GET /drykl.php HTTP/1.1" 404 27 "-" "-"
20.40.212.241 - - [02/Jun/2026:16:52:47 +0800] "GET /.env.backup HTTP/1.1" 404 9409 "-" "Mozilla/5.0 (Linux; Android 14; Pixel 8) AppleWebKit/537.36 (KHTML, like Gecko) Chrome/124.0.0.0 Mobile Safari/537.36"
20.206.106.146 - - [02/Jun/2026:16:52:47 +0800] "GET /w.php HTTP/1.1" 404 27 "-" "-"
20.206.106.146 - - [02/Jun/2026:16:52:47 +0800] "GET /aj11.php HTTP/1.1" 404 27 "-" "-"
20.206.106.146 - - [02/Jun/2026:16:52:48 +0800] "GET /gecko.php HTTP/1.1" 404 27 "-" "-"
20.206.106.146 - - [02/Jun/2026:16:52:48 +0800] "GET /wp-test.php HTTP/1.1" 404 27 "-" "-"
20.206.106.146 - - [02/Jun/2026:16:52:49 +0800] "GET /min.php HTTP/1.1" 404 27 "-" "-"
20.206.106.146 - - [02/Jun/2026:16:52:49 +0800] "GET /19.php HTTP/1.1" 404 27 "-" "-"
20.206.106.146 - - [02/Jun/2026:16:52:49 +0800] "GET /wps.php HTTP/1.1" 404 27 "-" "-"
20.206.106.146 - - [02/Jun/2026:16:52:50 +0800] "GET /BDKR28WP.php HTTP/1.1" 404 27 "-" "-"
20.206.106.146 - - [02/Jun/2026:16:52:50 +0800] "GET /adminfuns.php HTTP/1.1" 404 27 "-" "-"
20.40.212.241 - - [02/Jun/2026:16:52:50 +0800] "GET /.env.save HTTP/1.1" 404 9407 "-" "Mozilla/5.0 (Windows NT 10.0; Win64; x64) AppleWebKit/537.36 (KHTML, like Gecko) Chrome/124.0.0.0 Safari/537.36"
20.206.106.146 - - [02/Jun/2026:16:52:50 +0800] "GET /f35.php HTTP/1.1" 404 27 "-" "-"
20.206.106.146 - - [02/Jun/2026:16:52:51 +0800] "GET /xxx.php HTTP/1.1" 404 27 "-" "-"
20.206.106.146 - - [02/Jun/2026:16:52:51 +0800] "GET /sx_pms.php HTTP/1.1" 404 27 "-" "-"
20.206.106.146 - - [02/Jun/2026:16:52:51 +0800] "GET /wp-info.php HTTP/1.1" 404 27 "-" "-"
20.206.106.146 - - [02/Jun/2026:16:52:52 +0800] "GET /like.php HTTP/1.1" 404 27 "-" "-"
20.206.106.146 - - [02/Jun/2026:16:52:52 +0800] "GET /we.php HTTP/1.1" 404 27 "-" "-"
20.206.106.146 - - [02/Jun/2026:16:52:53 +0800] "GET /wp.php HTTP/1.1" 404 27 "-" "-"
20.206.106.146 - - [02/Jun/2026:16:52:53 +0800] "GET /wp-indx.php HTTP/1.1" 404 27 "-" "-"
20.206.106.146 - - [02/Jun/2026:16:52:54 +0800] "GET /zoo.php HTTP/1.1" 404 27 "-" "-"
20.206.106.146 - - [02/Jun/2026:16:52:54 +0800] "GET /wp-link-spm.php HTTP/1.1" 404 27 "-" "-"
20.206.106.146 - - [02/Jun/2026:16:52:54 +0800] "GET /wp-link-snpm.php HTTP/1.1" 404 27 "-" "-"
20.206.106.146 - - [02/Jun/2026:16:52:55 +0800] "GET /xminie.php HTTP/1.1" 404 27 "-" "-"
20.206.106.146 - - [02/Jun/2026:16:52:55 +0800] "GET /bal.php HTTP/1.1" 404 27 "-" "-"
20.206.106.146 - - [02/Jun/2026:16:52:56 +0800] "GET /11.php HTTP/1.1" 404 27 "-" "-"
20.206.106.146 - - [02/Jun/2026:16:52:56 +0800] "GET /77.php HTTP/1.1" 404 27 "-" "-"
20.206.106.146 - - [02/Jun/2026:16:52:56 +0800] "GET /x402.php HTTP/1.1" 404 27 "-" "-"
20.206.106.146 - - [02/Jun/2026:16:52:57 +0800] "GET /themes.php HTTP/1.1" 404 27 "-" "-"
20.40.212.241 - - [02/Jun/2026:16:52:57 +0800] "GET /wp-config.php.bak HTTP/1.1" 404 9409 "-" "Mozilla/5.0 (Macintosh; Intel Mac OS X 10_15_7) AppleWebKit/537.36 (KHTML, like Gecko) Chrome/124.0.0.0 Safari/537.36"
20.206.106.146 - - [02/Jun/2026:16:52:57 +0800] "GET /test1.php HTTP/1.1" 404 27 "-" "-"
20.206.106.146 - - [02/Jun/2026:16:52:58 +0800] "GET /tires.php HTTP/1.1" 404 27 "-" "-"
20.206.106.146 - - [02/Jun/2026:16:52:58 +0800] "GET /bthil.php HTTP/1.1" 404 27 "-" "-"
20.206.106.146 - - [02/Jun/2026:16:52:58 +0800] "GET /d.php HTTP/1.1" 404 27 "-" "-"
20.206.106.146 - - [02/Jun/2026:16:52:59 +0800] "GET /fone1.php HTTP/1.1" 404 27 "-" "-"
20.206.106.146 - - [02/Jun/2026:16:52:59 +0800] "GET /sallu.php HTTP/1.1" 404 27 "-" "-"
20.206.106.146 - - [02/Jun/2026:16:53:00 +0800] "GET /link.php HTTP/1.1" 404 27 "-" "-"
20.206.106.146 - - [02/Jun/2026:16:53:00 +0800] "GET /edit.php HTTP/1.1" 404 27 "-" "-"
20.206.106.146 - - [02/Jun/2026:16:53:00 +0800] "GET /pp.php HTTP/1.1" 404 27 "-" "-"
20.206.106.146 - - [02/Jun/2026:16:53:01 +0800] "GET /one.php HTTP/1.1" 404 27 "-" "-"
20.206.106.146 - - [02/Jun/2026:16:53:01 +0800] "GET /roksad1.php HTTP/1.1" 404 27 "-" "-"
20.206.106.146 - - [02/Jun/2026:16:53:02 +0800] "GET /axe.php HTTP/1.1" 404 27 "-" "-"
20.40.212.241 - - [02/Jun/2026:16:53:02 +0800] "GET /.aws/credentials HTTP/1.1" 404 9408 "-" "Mozilla/5.0 (Windows NT 10.0; Win64; x64) AppleWebKit/537.36 (KHTML, like Gecko) Chrome/123.0.0.0 Safari/537.36"
20.206.106.146 - - [02/Jun/2026:16:53:02 +0800] "GET /de.php HTTP/1.1" 404 27 "-" "-"
20.206.106.146 - - [02/Jun/2026:16:53:02 +0800] "GET /aa.php HTTP/1.1" 404 27 "-" "-"
20.206.106.146 - - [02/Jun/2026:16:53:03 +0800] "GET /100.php HTTP/1.1" 404 27 "-" "-"
20.206.106.146 - - [02/Jun/2026:16:53:03 +0800] "GET /f5.php HTTP/1.1" 404 27 "-" "-"
20.206.106.146 - - [02/Jun/2026:16:53:04 +0800] "GET /view.php HTTP/1.1" 404 27 "-" "-"
20.206.106.146 - - [02/Jun/2026:16:53:04 +0800] "GET /bc.php HTTP/1.1" 404 27 "-" "-"
20.206.106.146 - - [02/Jun/2026:16:53:04 +0800] "GET /tx79.php HTTP/1.1" 404 27 "-" "-"
20.206.106.146 - - [02/Jun/2026:16:53:05 +0800] "GET /moshou.php HTTP/1.1" 404 27 "-" "-"
20.206.106.146 - - [02/Jun/2026:16:53:05 +0800] "GET /lib.php HTTP/1.1" 404 27 "-" "-"
20.206.106.146 - - [02/Jun/2026:16:53:06 +0800] "GET /zoper1.php HTTP/1.1" 404 27 "-" "-"
20.206.106.146 - - [02/Jun/2026:16:53:06 +0800] "GET /dostshell.php HTTP/1.1" 404 27 "-" "-"
20.40.212.241 - - [02/Jun/2026:16:53:06 +0800] "GET /config/database.yml HTTP/1.1" 404 9409 "-" "Mozilla/5.0 (X11; Linux x86_64; rv:125.0) Gecko/20100101 Firefox/125.0"
20.206.106.146 - - [02/Jun/2026:16:53:06 +0800] "GET /doc.php HTTP/1.1" 404 27 "-" "-"
20.206.106.146 - - [02/Jun/2026:16:53:07 +0800] "GET /mar.php HTTP/1.1" 404 27 "-" "-"
20.206.106.146 - - [02/Jun/2026:16:53:07 +0800] "GET /casp1.php HTTP/1.1" 404 27 "-" "-"
