61.155.157.28 - - [27/May/2026:11:41:06 +0800] "GET / HTTP/1.1" 200 35528 "-" "Mozilla/5.0 (Windows NT 10.0; Win64; x64) AppleWebKit/537.36 (KHTML, like Gecko) Chrome/100.0.4896.127 Safari/537.36"
61.155.157.28 - - [27/May/2026:11:41:23 +0800] "GET /wp-content/uploads/2025/07/1750174127-Marketing1920x800_3.webp HTTP/1.1" 200 52790 "http://cqqizhou.com/wp-content/uploads/elementor/css/post-1666.css?ver=1778295900" "Mozilla/5.0 (Windows NT 10.0; Win64; x64) AppleWebKit/537.36 (KHTML, like Gecko) Chrome/100.0.4896.127 Safari/537.36"
61.155.157.28 - - [27/May/2026:11:41:23 +0800] "GET /wp-content/uploads/2025/07/1751425283-qizhou.kf_.qq_.com_.webp HTTP/1.1" 200 16864 "http://cqqizhou.com/" "Mozilla/5.0 (Windows NT 10.0; Win64; x64) AppleWebKit/537.36 (KHTML, like Gecko) Chrome/100.0.4896.127 Safari/537.36"
36.133.115.36 - - [27/May/2026:11:48:05 +0800] "POST /wp-cron.php?doing_wp_cron=1779853685.3734900951385498046875 HTTP/1.1" 200 31 "-" "WordPress/6.9; http://cqqizhou.com"
120.8.205.205 - - [27/May/2026:11:48:05 +0800] "GET /wp-content/uploads/2026/05/1779059685-1Article_images_W900px.webp%20900w,%20http://cqqizhou.com/wp-content/uploads/2026/05/1779059685-1Article_images_W900px-300x169.webp%20300w,%20http://cqqizhou.com/wp-content/uploads/2026/05/1779059685-1Article_images_W900px-768x432.webp%20768w HTTP/1.1" 301 5 "http://cqqizhou.com/" "Mozilla/5.0 (Windows NT 10.0; Win64; x64) AppleWebKit/537.36 (KHTML, like Gecko) Chrome/111.0.0.0 Safari/537.36"
120.8.205.205 - - [27/May/2026:11:48:06 +0800] "GET /wp-content/uploads/2026/05/1779059685-1Article_images_W900px.webp%20900w,%20http:/cqqizhou.com/wp-content/uploads/2026/05/1779059685-1Article_images_W900px-300x169.webp%20300w,%20http:/cqqizhou.com/wp-content/uploads/2026/05/1779059685-1Article_images_W900px-768x432.webp%20768w HTTP/1.1" 404 9408 "http://cqqizhou.com/" "Mozilla/5.0 (Windows NT 10.0; Win64; x64) AppleWebKit/537.36 (KHTML, like Gecko) Chrome/111.0.0.0 Safari/537.36"
106.52.21.204 - - [27/May/2026:11:48:07 +0800] "GET /wp-content/uploads/2026/05/1779059685-1Article_images_W900px.webp%20900w,%20http://cqqizhou.com/wp-content/uploads/2026/05/1779059685-1Article_images_W900px-300x169.webp%20300w,%20http://cqqizhou.com/wp-content/uploads/2026/05/1779059685-1Article_images_W900px-768x432.webp%20768w HTTP/1.1" 301 5 "http://cqqizhou.com/" "Mozilla/5.0 (Windows NT 10.0; Win64; x64) AppleWebKit/537.36 (KHTML, like Gecko) Chrome/111.0.0.0 Safari/537.36"
36.133.115.36 - - [27/May/2026:11:48:08 +0800] "POST /wp-cron.php?doing_wp_cron=1779853688.3112421035766601562500 HTTP/1.1" 200 31 "-" "WordPress/6.9; http://cqqizhou.com"
106.52.21.204 - - [27/May/2026:11:48:08 +0800] "GET /wp-content/uploads/2026/05/1779059685-1Article_images_W900px.webp%20900w,%20http:/cqqizhou.com/wp-content/uploads/2026/05/1779059685-1Article_images_W900px-300x169.webp%20300w,%20http:/cqqizhou.com/wp-content/uploads/2026/05/1779059685-1Article_images_W900px-768x432.webp%20768w HTTP/1.1" 404 9408 "http://cqqizhou.com/" "Mozilla/5.0 (Windows NT 10.0; Win64; x64) AppleWebKit/537.36 (KHTML, like Gecko) Chrome/111.0.0.0 Safari/537.36"
36.133.115.36 - - [27/May/2026:11:51:17 +0800] "POST /wp-cron.php?doing_wp_cron=1779853877.1535549163818359375000 HTTP/1.1" 200 31 "-" "WordPress/6.9; http://cqqizhou.com"
114.119.148.242 - - [27/May/2026:11:51:17 +0800] "GET /wp-sitemap.xml HTTP/1.1" 501 253 "-" "Mozilla/5.0 (Linux; Android 7.0;) AppleWebKit/537.36 (KHTML, like Gecko) Mobile Safari/537.36 (compatible; PetalBot;+https://webmaster.petalsearch.com/site/petalbot)"
36.133.115.36 - - [27/May/2026:12:00:01 +0800] "POST /wp-cron.php?doing_wp_cron=1779854401.0118319988250732421875 HTTP/1.1" 200 31 "-" "WordPress/6.9; http://cqqizhou.com"
5.61.209.126 - - [27/May/2026:12:00:01 +0800] "GET /SDK/webLanguage HTTP/1.1" 301 5 "-" "Mozilla/5.0 (Windows NT 10.0; Win64; x64) AppleWebKit/537.36 (KHTML, like Gecko) Chrome/90.0.4430.85 Safari/537.36 Edg/90.0.818.46"
36.133.115.36 - - [27/May/2026:12:11:50 +0800] "POST /wp-cron.php?doing_wp_cron=1779855109.9757061004638671875000 HTTP/1.1" 200 31 "-" "WordPress/6.9; http://cqqizhou.com"
157.148.43.244 - - [27/May/2026:12:11:50 +0800] "GET /industry/ HTTP/1.1" 301 5 "-" "Mozilla/5.0 (Windows NT 10.0; Win64; x64) AppleWebKit/537.36 (KHTML, like Gecko) Chrome/124.0.0.0 Safari/537.36"
120.241.209.160 - - [27/May/2026:12:12:00 +0800] "GET /industry/ HTTP/1.1" 301 5 "-" "Mozilla/5.0 (Windows NT 10.0; Win64; x64) AppleWebKit/537.36 (KHTML, like Gecko) Chrome/111.0.0.0 Safari/537.36"
120.241.209.160 - - [27/May/2026:12:12:01 +0800] "GET /industry HTTP/1.1" 200 25210 "http://cqqizhou.com/industry/" "Mozilla/5.0 (Windows NT 10.0; Win64; x64) AppleWebKit/537.36 (KHTML, like Gecko) Chrome/111.0.0.0 Safari/537.36"
36.133.115.36 - - [27/May/2026:12:31:16 +0800] "POST /wp-cron.php?doing_wp_cron=1779856276.5496790409088134765625 HTTP/1.1" 200 31 "-" "WordPress/6.9; http://cqqizhou.com"
45.148.10.67 - - [27/May/2026:12:31:16 +0800] "GET / HTTP/1.1" 200 35086 "-" "Mozilla/5.0 (Windows NT 10.0; Win64; x64) AppleWebKit/537.36 (KHTML, like Gecko) Chrome/131.0.0.0 Safari/537.36"
36.133.115.36 - - [27/May/2026:12:33:34 +0800] "POST /wp-cron.php?doing_wp_cron=1779856414.5899760723114013671875 HTTP/1.1" 200 31 "-" "WordPress/6.9; http://cqqizhou.com"
35.195.143.121 - - [27/May/2026:12:33:34 +0800] "GET / HTTP/1.1" 200 35086 "-" "Mozilla/5.0 (Windows NT 10.0; Win64; x64) AppleWebKit/537.36 (KHTML, like Gecko) Chrome/127.0.0.0 Safari/537.36"
36.133.115.36 - - [27/May/2026:12:37:07 +0800] "POST /wp-cron.php?doing_wp_cron=1779856627.0005309581756591796875 HTTP/1.1" 200 31 "-" "WordPress/6.9; http://cqqizhou.com"
20.15.162.215 - - [27/May/2026:12:37:07 +0800] "GET /developmentserver/metadatauploader HTTP/1.1" 404 9409 "-" "Mozilla/5.0 zgrab/0.x"
61.155.157.28 - - [27/May/2026:12:43:04 +0800] "GET / HTTP/1.1" 200 35528 "-" "Mozilla/5.0 (Windows NT 10.0; Win64; x64) AppleWebKit/537.36 (KHTML, like Gecko) Chrome/100.0.4896.127 Safari/537.36"
61.155.157.28 - - [27/May/2026:12:43:12 +0800] "GET /wp-content/uploads/2025/07/1751425283-qizhou.kf_.qq_.com_.webp HTTP/1.1" 200 16864 "http://cqqizhou.com/" "Mozilla/5.0 (Windows NT 10.0; Win64; x64) AppleWebKit/537.36 (KHTML, like Gecko) Chrome/100.0.4896.127 Safari/537.36"
61.155.157.28 - - [27/May/2026:12:43:12 +0800] "GET /wp-content/uploads/2025/07/1750174127-Marketing1920x800_3.webp HTTP/1.1" 200 52790 "http://cqqizhou.com/wp-content/uploads/elementor/css/post-1666.css?ver=1778295900" "Mozilla/5.0 (Windows NT 10.0; Win64; x64) AppleWebKit/537.36 (KHTML, like Gecko) Chrome/100.0.4896.127 Safari/537.36"
61.155.157.28 - - [27/May/2026:12:43:26 +0800] "GET /wp-content/uploads/2025/07/1753456723-%E5%8F%8C%E7%9B%B8%E9%92%A2roduct_Single600.webp HTTP/1.1" 200 22790 "http://cqqizhou.com/" "Mozilla/5.0 (Windows NT 10.0; Win64; x64) AppleWebKit/537.36 (KHTML, like Gecko) Chrome/100.0.4896.127 Safari/537.36"
61.155.157.28 - - [27/May/2026:12:43:26 +0800] "GET /wp-content/uploads/2025/07/1753453096-%E5%8F%8C%E7%9B%B8%E9%92%A2product_Single600%C3%97284.webp HTTP/1.1" 200 14562 "http://cqqizhou.com/" "Mozilla/5.0 (Windows NT 10.0; Win64; x64) AppleWebKit/537.36 (KHTML, like Gecko) Chrome/100.0.4896.127 Safari/537.36"
61.155.157.28 - - [27/May/2026:12:43:26 +0800] "GET /wp-content/uploads/2025/07/1753456770-%E7%83%AD%E9%95%80%E9%94%8C%E5%8D%B7product_Single600.webp HTTP/1.1" 200 27502 "http://cqqizhou.com/" "Mozilla/5.0 (Windows NT 10.0; Win64; x64) AppleWebKit/537.36 (KHTML, like Gecko) Chrome/100.0.4896.127 Safari/537.36"
61.155.157.28 - - [27/May/2026:12:43:27 +0800] "GET /wp-content/uploads/2025/07/1753453127-%E4%BD%99%E5%8D%B7product_Single600%C3%97284.webp HTTP/1.1" 200 18744 "http://cqqizhou.com/" "Mozilla/5.0 (Windows NT 10.0; Win64; x64) AppleWebKit/537.36 (KHTML, like Gecko) Chrome/100.0.4896.127 Safari/537.36"
61.155.157.28 - - [27/May/2026:12:43:27 +0800] "GET /wp-content/uploads/2026/05/1779328461-1Article_images_W900px.webp HTTP/1.1" 200 37908 "http://cqqizhou.com/" "Mozilla/5.0 (Windows NT 10.0; Win64; x64) AppleWebKit/537.36 (KHTML, like Gecko) Chrome/100.0.4896.127 Safari/537.36"
61.155.157.28 - - [27/May/2026:12:43:28 +0800] "GET /wp-content/uploads/2026/05/1779059685-1Article_images_W900px.webp HTTP/1.1" 200 50738 "http://cqqizhou.com/" "Mozilla/5.0 (Windows NT 10.0; Win64; x64) AppleWebKit/537.36 (KHTML, like Gecko) Chrome/100.0.4896.127 Safari/537.36"
61.155.157.28 - - [27/May/2026:12:43:30 +0800] "GET /wp-content/uploads/2026/04/1777513410-1Article_images_W900px.webp HTTP/1.1" 200 30786 "http://cqqizhou.com/" "Mozilla/5.0 (Windows NT 10.0; Win64; x64) AppleWebKit/537.36 (KHTML, like Gecko) Chrome/100.0.4896.127 Safari/537.36"
61.155.157.28 - - [27/May/2026:12:43:35 +0800] "GET /wp-content/uploads/2026/04/1775865780-1Article_images_W900px.webp HTTP/1.1" 200 41840 "http://cqqizhou.com/" "Mozilla/5.0 (Windows NT 10.0; Win64; x64) AppleWebKit/537.36 (KHTML, like Gecko) Chrome/100.0.4896.127 Safari/537.36"
61.155.157.28 - - [27/May/2026:12:43:38 +0800] "GET /wp-content/uploads/2025/07/1751829454-Smart-warehousing800x500.webp HTTP/1.1" 200 79504 "http://cqqizhou.com/wp-content/uploads/elementor/css/post-1666.css?ver=1778295900" "Mozilla/5.0 (Windows NT 10.0; Win64; x64) AppleWebKit/537.36 (KHTML, like Gecko) Chrome/100.0.4896.127 Safari/537.36"
61.155.157.28 - - [27/May/2026:12:43:39 +0800] "GET /wp-content/uploads/2025/12/1765268955-qizhou_Slider1_3840%C3%972160_20251210-scaled.webp HTTP/1.1" 200 131768 "http://cqqizhou.com/" "Mozilla/5.0 (Windows NT 10.0; Win64; x64) AppleWebKit/537.36 (KHTML, like Gecko) Chrome/100.0.4896.127 Safari/537.36"
36.133.115.36 - - [27/May/2026:12:45:14 +0800] "POST /wp-cron.php?doing_wp_cron=1779857114.3392169475555419921875 HTTP/1.1" 200 31 "-" "WordPress/6.9; http://cqqizhou.com"
93.123.72.166 - - [27/May/2026:12:45:14 +0800] "GET /SDK/webLanguage HTTP/1.1" 301 5 "-" "Mozilla/5.0 (Windows NT 10.0; Win64; x64) AppleWebKit/537.36 (KHTML, like Gecko) Chrome/90.0.4430.85 Safari/537.36 Edg/90.0.818.46"
220.181.108.176 - - [27/May/2026:12:48:26 +0800] "GET /wp-content/uploads/2025/12/1765891153-Article20251216211543.webp HTTP/1.1" 200 43108 "-" "Mozilla/5.0 (compatible; Baiduspider/2.0; +http://www.baidu.com/search/spider.html)"
116.179.32.16 - - [27/May/2026:12:48:26 +0800] "GET /news/portfolio-category/remaining-rolls HTTP/1.1" 200 21546 "-" "Mozilla/5.0 (compatible; Baiduspider/2.0; +http://www.baidu.com/search/spider.html)"
36.133.115.36 - - [27/May/2026:12:48:27 +0800] "POST /wp-cron.php?doing_wp_cron=1779857307.7074370384216308593750 HTTP/1.1" 200 31 "-" "WordPress/6.9; http://cqqizhou.com"
220.181.108.112 - - [27/May/2026:12:48:27 +0800] "GET /contacts/ HTTP/1.1" 301 5 "-" "Mozilla/5.0 (compatible; Baiduspider/2.0; +http://www.baidu.com/search/spider.html)"
220.181.108.83 - - [27/May/2026:12:48:27 +0800] "GET /wp-json/oembed/1.0/embed?url=http%3A%2F%2Fcqqizhou.com%2Fnews%2Fportfolio%2Fduplex-stainless-steel HTTP/1.1" 200 1239 "-" "Mozilla/5.0 (compatible; Baiduspider/2.0; +http://www.baidu.com/search/spider.html)"
220.181.108.147 - - [27/May/2026:12:48:27 +0800] "GET /contacts HTTP/1.1" 200 22098 "-" "Mozilla/5.0 (compatible; Baiduspider/2.0; +http://www.baidu.com/search/spider.html)"
220.181.108.91 - - [27/May/2026:12:48:29 +0800] "GET /wp-content/uploads/2026/02/1770341652-2026251Article_images_W900%C3%97500px.webp HTTP/1.1" 200 43300 "-" "Mozilla/5.0 (compatible; Baiduspider/2.0; +http://www.baidu.com/search/spider.html)"
116.179.37.141 - - [27/May/2026:12:48:29 +0800] "GET /wp-content/uploads/2025/07/1750005875-qizhou_map2025616.webp HTTP/1.1" 200 348798 "http://cqqizhou.com/contacts" "Mozilla/5.0 (compatible; Baiduspider-render/2.0; +http://www.baidu.com/search/spider.html)"
116.179.32.36 - - [27/May/2026:12:51:46 +0800] "GET /news/2559 HTTP/1.1" 200 20802 "-" "Mozilla/5.0 (compatible; Baiduspider/2.0; +http://www.baidu.com/search/spider.html)"
116.179.32.26 - - [27/May/2026:12:51:46 +0800] "GET /news/2388 HTTP/1.1" 200 24958 "-" "Mozilla/5.0 (compatible; Baiduspider/2.0; +http://www.baidu.com/search/spider.html)"
116.179.37.39 - - [27/May/2026:12:54:41 +0800] "GET /wp-content/uploads/2025/12/1766647831-Article_images_202512254.webp HTTP/1.1" 200 55610 "http://cqqizhou.com/news/2388" "Mozilla/5.0 (compatible; Baiduspider-render/2.0; +http://www.baidu.com/search/spider.html)"
116.179.37.36 - - [27/May/2026:12:54:41 +0800] "GET /wp-content/uploads/2025/12/1766647832-Article_images_W900%C3%97500px20251225.webp HTTP/1.1" 200 44582 "http://cqqizhou.com/news/2388" "Mozilla/5.0 (compatible; Baiduspider-render/2.0; +http://www.baidu.com/search/spider.html)"
36.133.115.36 - - [27/May/2026:13:17:16 +0800] "POST /wp-cron.php?doing_wp_cron=1779859036.5312530994415283203125 HTTP/1.1" 200 31 "-" "WordPress/6.9; http://cqqizhou.com"
223.73.48.119 - - [27/May/2026:13:17:16 +0800] "GET /contacts/ HTTP/1.1" 301 5 "-" "Mozilla/5.0 (Windows NT 10.0; Win64; x64) AppleWebKit/537.36 (KHTML, like Gecko) Chrome/136.0.0.0 Safari/537.36"
223.73.48.119 - - [27/May/2026:13:17:17 +0800] "GET http://cqqizhou.com/contacts HTTP/1.1" 200 22098 "-" "Mozilla/5.0 (Windows NT 10.0; Win64; x64) AppleWebKit/537.36 (KHTML, like Gecko) Chrome/136.0.0.0 Safari/537.36"
36.133.115.36 - - [27/May/2026:13:23:59 +0800] "POST /wp-cron.php?doing_wp_cron=1779859438.9872009754180908203125 HTTP/1.1" 200 31 "-" "WordPress/6.9; http://cqqizhou.com"
119.84.246.117 - - [27/May/2026:13:23:59 +0800] "GET / HTTP/1.1" 301 5 "-" "-"
119.84.246.117 - - [27/May/2026:13:23:59 +0800] "GET / HTTP/1.1" 200 160201 "-" "-"
119.84.246.117 - - [27/May/2026:13:24:01 +0800] "GET / HTTP/1.1" 301 5 "-" "Mozilla/5.0 (Windows NT 6.1; WOW64; rv:12.0) Gecko/20100101 Firefox/12.0"
119.84.246.117 - - [27/May/2026:13:24:01 +0800] "GET / HTTP/1.1" 200 35528 "-" "Mozilla/5.0 (Windows NT 6.1; WOW64; rv:12.0) Gecko/20100101 Firefox/12.0"
119.84.246.117 - - [27/May/2026:13:24:01 +0800] "GET /wp-content/uploads/2025/07/1751425283-qizhou.kf_.qq_.com_.webp HTTP/1.1" 200 16864 "http://cqqizhou.com/" "Mozilla/5.0 (Windows NT 6.1; WOW64; rv:12.0) Gecko/20100101 Firefox/12.0"
119.84.246.117 - - [27/May/2026:13:24:01 +0800] "GET /wp-content/uploads/2025/07/1753456723-%E5%8F%8C%E7%9B%B8%E9%92%A2roduct_Single600.webp HTTP/1.1" 200 22790 "http://cqqizhou.com/" "Mozilla/5.0 (Windows NT 6.1; WOW64; rv:12.0) Gecko/20100101 Firefox/12.0"
119.84.246.117 - - [27/May/2026:13:24:01 +0800] "GET /wp-content/uploads/2025/07/1753453096-%E5%8F%8C%E7%9B%B8%E9%92%A2product_Single600%C3%97284.webp HTTP/1.1" 200 14562 "http://cqqizhou.com/" "Mozilla/5.0 (Windows NT 6.1; WOW64; rv:12.0) Gecko/20100101 Firefox/12.0"
119.84.246.117 - - [27/May/2026:13:24:01 +0800] "GET /wp-content/uploads/2025/07/1753456770-%E7%83%AD%E9%95%80%E9%94%8C%E5%8D%B7product_Single600.webp HTTP/1.1" 200 27502 "http://cqqizhou.com/" "Mozilla/5.0 (Windows NT 6.1; WOW64; rv:12.0) Gecko/20100101 Firefox/12.0"
119.84.246.117 - - [27/May/2026:13:24:01 +0800] "GET /wp-content/uploads/2025/07/1753453127-%E4%BD%99%E5%8D%B7product_Single600%C3%97284.webp HTTP/1.1" 200 18744 "http://cqqizhou.com/" "Mozilla/5.0 (Windows NT 6.1; WOW64; rv:12.0) Gecko/20100101 Firefox/12.0"
119.84.246.117 - - [27/May/2026:13:24:01 +0800] "GET /wp-content/uploads/2026/05/1779059685-1Article_images_W900px.webp HTTP/1.1" 200 50738 "http://cqqizhou.com/" "Mozilla/5.0 (Windows NT 6.1; WOW64; rv:12.0) Gecko/20100101 Firefox/12.0"
119.84.246.117 - - [27/May/2026:13:24:01 +0800] "GET /wp-content/uploads/2026/04/1777513410-1Article_images_W900px.webp HTTP/1.1" 200 30786 "http://cqqizhou.com/" "Mozilla/5.0 (Windows NT 6.1; WOW64; rv:12.0) Gecko/20100101 Firefox/12.0"
119.84.246.117 - - [27/May/2026:13:24:01 +0800] "GET /wp-content/uploads/2026/05/1779328461-1Article_images_W900px.webp HTTP/1.1" 200 37908 "http://cqqizhou.com/" "Mozilla/5.0 (Windows NT 6.1; WOW64; rv:12.0) Gecko/20100101 Firefox/12.0"
119.84.246.117 - - [27/May/2026:13:24:01 +0800] "GET /wp-content/uploads/2026/04/1775865780-1Article_images_W900px.webp HTTP/1.1" 200 41840 "http://cqqizhou.com/" "Mozilla/5.0 (Windows NT 6.1; WOW64; rv:12.0) Gecko/20100101 Firefox/12.0"
119.84.246.117 - - [27/May/2026:13:24:01 +0800] "GET /wp-content/uploads/2026/04/1775698332-Article_images_W900px.webp HTTP/1.1" 200 49852 "http://cqqizhou.com/" "Mozilla/5.0 (Windows NT 6.1; WOW64; rv:12.0) Gecko/20100101 Firefox/12.0"
36.133.115.36 - - [27/May/2026:13:40:52 +0800] "POST /wp-cron.php?doing_wp_cron=1779860452.5972750186920166015625 HTTP/1.1" 200 31 "-" "WordPress/6.9; http://cqqizhou.com"
18.145.132.96 - - [27/May/2026:13:40:52 +0800] "GET / HTTP/1.1" 301 5 "-" "Mozilla/5.0 (Macintosh; Intel Mac OS X 10_11_5) AppleWebKit/537.36 (KHTML, like Gecko) Chrome/50.0.2661.102 Safari/537.36"
27.99.128.36 - - [27/May/2026:13:44:57 +0800] "GET /news/2572 HTTP/1.1" 200 23829 "-" "Mozilla/5.0 (Windows NT 10.0; Win64; x64) AppleWebKit/537.36 (KHTML, like Gecko) Chrome/131.0.0.0 Safari/537.36 Edg/131.0.0.0"
36.133.115.36 - - [27/May/2026:14:06:24 +0800] "POST /wp-cron.php?doing_wp_cron=1779861984.8987898826599121093750 HTTP/1.1" 200 31 "-" "WordPress/6.9; http://cqqizhou.com"
198.244.240.87 - - [27/May/2026:14:06:24 +0800] "GET /robots.txt HTTP/1.1" 200 190 "-" "Mozilla/5.0 (compatible; AhrefsBot/7.0; +http://ahrefs.com/robot/)"
15.235.96.216 - - [27/May/2026:14:06:27 +0800] "GET /news/2547 HTTP/1.1" 200 25087 "-" "Mozilla/5.0 (compatible; AhrefsBot/7.0; +http://ahrefs.com/robot/)"
36.133.115.36 - - [27/May/2026:14:09:58 +0800] "POST /wp-cron.php?doing_wp_cron=1779862198.4732398986816406250000 HTTP/1.1" 200 31 "-" "WordPress/6.9; http://cqqizhou.com"
36.133.108.125 - - [27/May/2026:14:09:58 +0800] "HEAD /SDK/webLanguage HTTP/1.1" 404 0 "-" "Mozilla/5.0 (Macintosh; U; Intel Mac OS X 10_6_6; en-gb) AppleWebKit/533.20.25 (KHTML, like Gecko) Version/5.0.4 Safari/533.20.27"
36.133.115.36 - - [27/May/2026:14:24:36 +0800] "POST /wp-cron.php?doing_wp_cron=1779863076.8622820377349853515625 HTTP/1.1" 200 31 "-" "WordPress/6.9; http://cqqizhou.com"
119.91.20.139 - - [27/May/2026:14:24:36 +0800] "GET / HTTP/1.1" 200 35086 "-" "Mozilla/5.0 (iPhone; CPU iPhone OS 13_2_3 like Mac OS X) AppleWebKit/605.1.15 (KHTML, like Gecko) Version/13.0.3 Mobile/15E148 Safari/604.1"
36.133.115.36 - - [27/May/2026:14:33:38 +0800] "POST /wp-cron.php?doing_wp_cron=1779863618.4881610870361328125000 HTTP/1.1" 200 31 "-" "WordPress/6.9; http://cqqizhou.com"
111.229.142.194 - - [27/May/2026:14:33:38 +0800] "GET / HTTP/1.1" 301 5 "-" "Mozilla/5.0 (Windows NT 10.0; Win64; x64) AppleWebKit/537.36 (KHTML, like Gecko) Chrome/91.0.4472.124 Safari/537.36"
111.229.142.194 - - [27/May/2026:14:33:39 +0800] "GET / HTTP/1.1" 200 35528 "-" "Mozilla/5.0 (Windows NT 10.0; Win64; x64) AppleWebKit/537.36 (KHTML, like Gecko) Chrome/91.0.4472.124 Safari/537.36"
111.229.142.194 - - [27/May/2026:14:33:46 +0800] "GET / HTTP/1.1" 304 0 "-" "Mozilla/5.0 (Windows NT 10.0; Win64; x64) AppleWebKit/537.36 (KHTML, like Gecko) Chrome/91.0.4472.124 Safari/537.36"
111.229.142.194 - - [27/May/2026:14:34:02 +0800] "GET /about HTTP/1.1" 200 25029 "-" "Mozilla/5.0 (Windows NT 10.0; Win64; x64) AppleWebKit/537.36 (KHTML, like Gecko) Chrome/91.0.4472.124 Safari/537.36"
36.133.115.36 - - [27/May/2026:14:34:14 +0800] "POST /wp-cron.php?doing_wp_cron=1779863654.4994270801544189453125 HTTP/1.1" 200 31 "-" "WordPress/6.9; http://cqqizhou.com"
111.229.142.194 - - [27/May/2026:14:34:14 +0800] "GET /contacts/ HTTP/1.1" 301 5 "-" "Mozilla/5.0 (Windows NT 10.0; Win64; x64) AppleWebKit/537.36 (KHTML, like Gecko) Chrome/91.0.4472.124 Safari/537.36"
111.229.142.194 - - [27/May/2026:14:34:14 +0800] "GET /contacts HTTP/1.1" 200 22098 "-" "Mozilla/5.0 (Windows NT 10.0; Win64; x64) AppleWebKit/537.36 (KHTML, like Gecko) Chrome/91.0.4472.124 Safari/537.36"
111.229.142.194 - - [27/May/2026:14:34:15 +0800] "GET /wp-json/contact-form-7/v1/contact-forms/158/refill HTTP/1.1" 200 33 "http://cqqizhou.com/contacts" "Mozilla/5.0 (Windows NT 10.0; Win64; x64) AppleWebKit/537.36 (KHTML, like Gecko) Chrome/91.0.4472.124 Safari/537.36"
111.229.142.194 - - [27/May/2026:14:34:15 +0800] "GET /wp-json/contact-form-7/v1/contact-forms/158/feedback/schema HTTP/1.1" 200 358 "http://cqqizhou.com/contacts" "Mozilla/5.0 (Windows NT 10.0; Win64; x64) AppleWebKit/537.36 (KHTML, like Gecko) Chrome/91.0.4472.124 Safari/537.36"
36.133.115.36 - - [27/May/2026:15:00:08 +0800] "POST /wp-cron.php?doing_wp_cron=1779865208.1564190387725830078125 HTTP/1.1" 200 31 "-" "WordPress/6.9; http://cqqizhou.com"
130.94.13.164 - - [27/May/2026:15:00:08 +0800] "GET /wp-json/wp/v2/posts HTTP/1.1" 200 90578 "-" "Mozilla/5.0 (Windows NT 10.0; Win64; x64) AppleWebKit/537.36 (KHTML, like Gecko) Chrome/120.0.0.0 Safari/537.36"
125.86.165.86 - - [27/May/2026:16:22:33 +0800] "GET / HTTP/1.1" 200 35528 "-" "Mozilla/5.0 (Windows NT 10.0; Win64; x64) AppleWebKit/537.36 (KHTML, like Gecko) Chrome/144.0.0.0 Safari/537.36"
125.86.165.86 - - [27/May/2026:16:22:33 +0800] "GET /wp-content/uploads/2025/07/1751425283-qizhou.kf_.qq_.com_.webp HTTP/1.1" 200 16864 "http://cqqizhou.com/" "Mozilla/5.0 (Windows NT 10.0; Win64; x64) AppleWebKit/537.36 (KHTML, like Gecko) Chrome/144.0.0.0 Safari/537.36"
125.86.165.86 - - [27/May/2026:16:22:35 +0800] "GET /wp-content/uploads/2025/07/1753456723-%E5%8F%8C%E7%9B%B8%E9%92%A2roduct_Single600.webp HTTP/1.1" 200 22790 "http://cqqizhou.com/" "Mozilla/5.0 (Windows NT 10.0; Win64; x64) AppleWebKit/537.36 (KHTML, like Gecko) Chrome/144.0.0.0 Safari/537.36"
125.86.165.86 - - [27/May/2026:16:22:35 +0800] "GET /wp-content/uploads/2025/07/1753453096-%E5%8F%8C%E7%9B%B8%E9%92%A2product_Single600%C3%97284.webp HTTP/1.1" 200 14562 "http://cqqizhou.com/" "Mozilla/5.0 (Windows NT 10.0; Win64; x64) AppleWebKit/537.36 (KHTML, like Gecko) Chrome/144.0.0.0 Safari/537.36"
125.86.165.86 - - [27/May/2026:16:22:35 +0800] "GET /wp-content/uploads/2025/07/1753456770-%E7%83%AD%E9%95%80%E9%94%8C%E5%8D%B7product_Single600.webp HTTP/1.1" 200 27502 "http://cqqizhou.com/" "Mozilla/5.0 (Windows NT 10.0; Win64; x64) AppleWebKit/537.36 (KHTML, like Gecko) Chrome/144.0.0.0 Safari/537.36"
125.86.165.86 - - [27/May/2026:16:22:35 +0800] "GET /wp-content/uploads/2025/07/1753453127-%E4%BD%99%E5%8D%B7product_Single600%C3%97284.webp HTTP/1.1" 200 18744 "http://cqqizhou.com/" "Mozilla/5.0 (Windows NT 10.0; Win64; x64) AppleWebKit/537.36 (KHTML, like Gecko) Chrome/144.0.0.0 Safari/537.36"
125.86.165.86 - - [27/May/2026:16:22:36 +0800] "GET /wp-content/uploads/2025/12/1765268955-qizhou_Slider1_3840%C3%972160_20251210-scaled.webp HTTP/1.1" 200 152162 "http://cqqizhou.com/" "Mozilla/5.0 (Windows NT 10.0; Win64; x64) AppleWebKit/537.36 (KHTML, like Gecko) Chrome/144.0.0.0 Safari/537.36"
125.86.165.86 - - [27/May/2026:16:22:36 +0800] "GET /wp-content/uploads/revslider/slider-1/1750861156-logistics_Slider_3840%C3%972160_20250625191356-scaled-50x100.webp HTTP/1.1" 200 1416 "http://cqqizhou.com/" "Mozilla/5.0 (Windows NT 10.0; Win64; x64) AppleWebKit/537.36 (KHTML, like Gecko) Chrome/144.0.0.0 Safari/537.36"
125.86.165.86 - - [27/May/2026:16:22:36 +0800] "GET /wp-content/uploads/2026/01/1768276119-qizhoujiagong_Slider_3840%C3%972160_20260113-scaled-50x100.webp HTTP/1.1" 200 976 "http://cqqizhou.com/" "Mozilla/5.0 (Windows NT 10.0; Win64; x64) AppleWebKit/537.36 (KHTML, like Gecko) Chrome/144.0.0.0 Safari/537.36"
36.133.115.36 - - [27/May/2026:16:22:37 +0800] "POST /wp-cron.php?doing_wp_cron=1779870157.0977571010589599609375 HTTP/1.1" 200 31 "-" "WordPress/6.9; http://cqqizhou.com"
36.133.115.36 - - [27/May/2026:16:22:37 +0800] "POST /wp-cron.php?doing_wp_cron=1779870157.0976591110229492187500 HTTP/1.1" 200 31 "-" "WordPress/6.9; http://cqqizhou.com"
125.86.165.86 - - [27/May/2026:16:22:37 +0800] "GET /wp-json/sliderrevolution/sliders/1?srengine=7&slideid=4 HTTP/1.1" 200 2580 "http://cqqizhou.com/" "Mozilla/5.0 (Windows NT 10.0; Win64; x64) AppleWebKit/537.36 (KHTML, like Gecko) Chrome/144.0.0.0 Safari/537.36"
125.86.165.86 - - [27/May/2026:16:22:37 +0800] "GET /wp-json/sliderrevolution/sliders/1?srengine=7&slideid=2 HTTP/1.1" 200 2000 "http://cqqizhou.com/" "Mozilla/5.0 (Windows NT 10.0; Win64; x64) AppleWebKit/537.36 (KHTML, like Gecko) Chrome/144.0.0.0 Safari/537.36"
125.86.165.86 - - [27/May/2026:16:22:37 +0800] "GET /wp-content/uploads/revslider/slider-1/1750861156-logistics_Slider_3840%C3%972160_20250625191356-scaled.webp HTTP/1.1" 200 197360 "http://cqqizhou.com/" "Mozilla/5.0 (Windows NT 10.0; Win64; x64) AppleWebKit/537.36 (KHTML, like Gecko) Chrome/144.0.0.0 Safari/537.36"
125.86.165.86 - - [27/May/2026:16:22:37 +0800] "GET /wp-content/uploads/2026/01/1768276119-qizhoujiagong_Slider_3840%C3%972160_20260113-scaled.webp HTTP/1.1" 200 131696 "http://cqqizhou.com/" "Mozilla/5.0 (Windows NT 10.0; Win64; x64) AppleWebKit/537.36 (KHTML, like Gecko) Chrome/144.0.0.0 Safari/537.36"
27.115.124.112 - - [27/May/2026:16:22:43 +0800] "GET / HTTP/1.1" 200 35086 "-" "Mozilla/5.0 (Linux; U; Android 8.1.0; zh-cn; MI 8 Build/OPM1.171019.011) AppleWebKit/537.36 (KHTML, like Gecko) Version/4.0 Chrome/57.0.2987.108 Mobile Safari/537.36"
27.115.124.112 - - [27/May/2026:16:22:43 +0800] "GET /wp-content/uploads/2025/07/1751425283-qizhou.kf_.qq_.com_.webp HTTP/1.1" 200 16864 "http://cqqizhou.com/" "Mozilla/5.0 (Linux; U; Android 8.1.0; zh-cn; MI 8 Build/OPM1.171019.011) AppleWebKit/537.36 (KHTML, like Gecko) Version/4.0 Chrome/57.0.2987.108 Mobile Safari/537.36"
27.115.124.3 - - [27/May/2026:16:22:43 +0800] "GET /wp-content/uploads/2025/07/1753456723-%E5%8F%8C%E7%9B%B8%E9%92%A2roduct_Single600.webp HTTP/1.1" 200 22790 "http://cqqizhou.com/" "Mozilla/5.0 (Linux; U; Android 8.1.0; zh-cn; MI 8 Build/OPM1.171019.011) AppleWebKit/537.36 (KHTML, like Gecko) Version/4.0 Chrome/57.0.2987.108 Mobile Safari/537.36"
27.115.124.113 - - [27/May/2026:16:22:43 +0800] "GET /wp-content/uploads/2025/07/1753453096-%E5%8F%8C%E7%9B%B8%E9%92%A2product_Single600%C3%97284.webp HTTP/1.1" 200 14562 "http://cqqizhou.com/" "Mozilla/5.0 (Linux; U; Android 8.1.0; zh-cn; MI 8 Build/OPM1.171019.011) AppleWebKit/537.36 (KHTML, like Gecko) Version/4.0 Chrome/57.0.2987.108 Mobile Safari/537.36"
27.115.124.112 - - [27/May/2026:16:22:43 +0800] "GET /wp-content/uploads/2025/07/1753453127-%E4%BD%99%E5%8D%B7product_Single600%C3%97284.webp HTTP/1.1" 200 18744 "http://cqqizhou.com/" "Mozilla/5.0 (Linux; U; Android 8.1.0; zh-cn; MI 8 Build/OPM1.171019.011) AppleWebKit/537.36 (KHTML, like Gecko) Version/4.0 Chrome/57.0.2987.108 Mobile Safari/537.36"
27.115.124.114 - - [27/May/2026:16:22:43 +0800] "GET /wp-content/uploads/2025/07/1753456770-%E7%83%AD%E9%95%80%E9%94%8C%E5%8D%B7product_Single600.webp HTTP/1.1" 200 27502 "http://cqqizhou.com/" "Mozilla/5.0 (Linux; U; Android 8.1.0; zh-cn; MI 8 Build/OPM1.171019.011) AppleWebKit/537.36 (KHTML, like Gecko) Version/4.0 Chrome/57.0.2987.108 Mobile Safari/537.36"
27.115.124.113 - - [27/May/2026:16:22:43 +0800] "GET /wp-content/uploads/2026/05/1779328461-1Article_images_W900px-768x432.webp HTTP/1.1" 200 37678 "http://cqqizhou.com/" "Mozilla/5.0 (Linux; U; Android 8.1.0; zh-cn; MI 8 Build/OPM1.171019.011) AppleWebKit/537.36 (KHTML, like Gecko) Version/4.0 Chrome/57.0.2987.108 Mobile Safari/537.36"
27.115.124.112 - - [27/May/2026:16:22:43 +0800] "GET /wp-content/uploads/2026/05/1779059685-1Article_images_W900px-768x432.webp HTTP/1.1" 200 50862 "http://cqqizhou.com/" "Mozilla/5.0 (Linux; U; Android 8.1.0; zh-cn; MI 8 Build/OPM1.171019.011) AppleWebKit/537.36 (KHTML, like Gecko) Version/4.0 Chrome/57.0.2987.108 Mobile Safari/537.36"
27.115.124.114 - - [27/May/2026:16:22:43 +0800] "GET /wp-content/uploads/2026/04/1777513410-1Article_images_W900px-768x432.webp HTTP/1.1" 200 31364 "http://cqqizhou.com/" "Mozilla/5.0 (Linux; U; Android 8.1.0; zh-cn; MI 8 Build/OPM1.171019.011) AppleWebKit/537.36 (KHTML, like Gecko) Version/4.0 Chrome/57.0.2987.108 Mobile Safari/537.36"
27.115.124.3 - - [27/May/2026:16:22:43 +0800] "GET /wp-content/uploads/2026/04/1775865780-1Article_images_W900px-768x432.webp HTTP/1.1" 200 41178 "http://cqqizhou.com/" "Mozilla/5.0 (Linux; U; Android 8.1.0; zh-cn; MI 8 Build/OPM1.171019.011) AppleWebKit/537.36 (KHTML, like Gecko) Version/4.0 Chrome/57.0.2987.108 Mobile Safari/537.36"
27.115.124.113 - - [27/May/2026:16:22:43 +0800] "GET /wp-content/uploads/2026/04/1775698332-Article_images_W900px-768x432.webp HTTP/1.1" 200 50430 "http://cqqizhou.com/" "Mozilla/5.0 (Linux; U; Android 8.1.0; zh-cn; MI 8 Build/OPM1.171019.011) AppleWebKit/537.36 (KHTML, like Gecko) Version/4.0 Chrome/57.0.2987.108 Mobile Safari/537.36"
125.86.165.86 - - [27/May/2026:16:23:02 +0800] "GET /media HTTP/1.1" 200 32231 "http://cqqizhou.com/" "Mozilla/5.0 (Windows NT 10.0; Win64; x64) AppleWebKit/537.36 (KHTML, like Gecko) Chrome/144.0.0.0 Safari/537.36"
125.86.165.86 - - [27/May/2026:16:23:02 +0800] "GET /wp-content/uploads/2026/04/1777513410-1Article_images_W900px-300x169.webp HTTP/1.1" 200 9202 "http://cqqizhou.com/media" "Mozilla/5.0 (Windows NT 10.0; Win64; x64) AppleWebKit/537.36 (KHTML, like Gecko) Chrome/144.0.0.0 Safari/537.36"
125.86.165.86 - - [27/May/2026:16:23:02 +0800] "GET /wp-content/uploads/2026/05/1779059685-1Article_images_W900px-300x169.webp HTTP/1.1" 200 13520 "http://cqqizhou.com/media" "Mozilla/5.0 (Windows NT 10.0; Win64; x64) AppleWebKit/537.36 (KHTML, like Gecko) Chrome/144.0.0.0 Safari/537.36"
125.86.165.86 - - [27/May/2026:16:23:02 +0800] "GET /wp-content/uploads/2026/05/1779328461-1Article_images_W900px-300x169.webp HTTP/1.1" 200 10480 "http://cqqizhou.com/media" "Mozilla/5.0 (Windows NT 10.0; Win64; x64) AppleWebKit/537.36 (KHTML, like Gecko) Chrome/144.0.0.0 Safari/537.36"
125.86.165.86 - - [27/May/2026:16:23:02 +0800] "GET /wp-content/uploads/media/qizhou_Brochure.webp HTTP/1.1" 200 26142 "http://cqqizhou.com/media" "Mozilla/5.0 (Windows NT 10.0; Win64; x64) AppleWebKit/537.36 (KHTML, like Gecko) Chrome/144.0.0.0 Safari/537.36"
36.133.115.36 - - [27/May/2026:17:04:59 +0800] "POST /wp-cron.php?doing_wp_cron=1779872699.3858060836791992187500 HTTP/1.1" 200 31 "-" "WordPress/6.9; http://cqqizhou.com"
110.249.201.33 - - [27/May/2026:17:04:59 +0800] "GET /logistics HTTP/1.1" 200 25820 "-" "Mozilla/5.0 (Linux; Android 5.0) AppleWebKit/537.36 (KHTML, like Gecko) Mobile Safari/537.36 (compatible; Bytespider; https://zhanzhang.toutiao.com/)"
110.249.201.33 - - [27/May/2026:17:04:59 +0800] "GET /wp-content/uploads/2025/11/1762864381-QZ_Photo-7-768x512.webp HTTP/1.1" 206 500 "http://cqqizhou.com/logistics" "Mozilla/5.0 (Linux; Android 5.0) AppleWebKit/537.36 (KHTML, like Gecko) Mobile Safari/537.36 (compatible; Bytespider; https://zhanzhang.toutiao.com/)"
110.249.201.74 - - [27/May/2026:17:04:59 +0800] "GET /wp-content/uploads/2025/12/1765862012-DSC20251216131140-768x432.webp HTTP/1.1" 206 500 "http://cqqizhou.com/logistics" "Mozilla/5.0 (Linux; Android 5.0) AppleWebKit/537.36 (KHTML, like Gecko) Mobile Safari/537.36 (compatible; Bytespider; https://zhanzhang.toutiao.com/)"
110.249.201.110 - - [27/May/2026:17:04:59 +0800] "GET /wp-content/uploads/2026/01/1767696162-qizhoutruck3-768x173.webp HTTP/1.1" 206 500 "http://cqqizhou.com/logistics" "Mozilla/5.0 (Linux; Android 5.0) AppleWebKit/537.36 (KHTML, like Gecko) Mobile Safari/537.36 (compatible; Bytespider; https://zhanzhang.toutiao.com/)"
110.249.201.33 - - [27/May/2026:17:04:59 +0800] "GET /wp-content/uploads/2025/07/1751425283-qizhou.kf_.qq_.com_.webp HTTP/1.1" 206 500 "http://cqqizhou.com/logistics" "Mozilla/5.0 (Linux; Android 5.0) AppleWebKit/537.36 (KHTML, like Gecko) Mobile Safari/537.36 (compatible; Bytespider; https://zhanzhang.toutiao.com/)"
110.249.201.70 - - [27/May/2026:17:05:00 +0800] "GET /wp-content/uploads/logistics/Conatiner-5.webp HTTP/1.1" 206 500 "http://cqqizhou.com/logistics" "Mozilla/5.0 (Linux; Android 5.0) AppleWebKit/537.36 (KHTML, like Gecko) Mobile Safari/537.36 (compatible; Bytespider; https://zhanzhang.toutiao.com/)"
110.249.201.59 - - [27/May/2026:17:05:00 +0800] "GET /wp-content/uploads/2026/01/1767696142-aojiaqiao20260104.webp HTTP/1.1" 206 500 "http://cqqizhou.com/wp-content/uploads/elementor/css/post-1959.css?ver=1778302799" "Mozilla/5.0 (Linux; Android 5.0) AppleWebKit/537.36 (KHTML, like Gecko) Mobile Safari/537.36 (compatible; Bytespider; https://zhanzhang.toutiao.com/)"
36.133.115.36 - - [27/May/2026:17:11:49 +0800] "POST /wp-cron.php?doing_wp_cron=1779873109.1077980995178222656250 HTTP/1.1" 200 31 "-" "WordPress/6.9; http://cqqizhou.com"
81.68.130.149 - - [27/May/2026:17:11:49 +0800] "GET /login.cgi HTTP/1.1" 404 32979 "-" "Mozilla/4.0 (compatible; Win32; WinHttp.WinHttpRequest.5)"
36.133.115.36 - - [27/May/2026:17:20:12 +0800] "POST /wp-cron.php?doing_wp_cron=1779873612.2098801136016845703125 HTTP/1.1" 200 31 "-" "WordPress/6.9; http://cqqizhou.com"
93.123.72.166 - - [27/May/2026:17:20:12 +0800] "GET /SDK/webLanguage HTTP/1.1" 301 5 "-" "Mozilla/5.0 (Windows NT 10.0; Win64; x64) AppleWebKit/537.36 (KHTML, like Gecko) Chrome/90.0.4430.85 Safari/537.36 Edg/90.0.818.46"
125.86.165.86 - - [27/May/2026:17:43:47 +0800] "GET /media HTTP/1.1" 200 32231 "http://cqqizhou.com/" "Mozilla/5.0 (Windows NT 10.0; Win64; x64) AppleWebKit/537.36 (KHTML, like Gecko) Chrome/144.0.0.0 Safari/537.36"
125.86.165.86 - - [27/May/2026:17:43:48 +0800] "GET /wp-content/uploads/2026/05/1779328461-1Article_images_W900px-300x169.webp HTTP/1.1" 200 10480 "http://cqqizhou.com/media" "Mozilla/5.0 (Windows NT 10.0; Win64; x64) AppleWebKit/537.36 (KHTML, like Gecko) Chrome/144.0.0.0 Safari/537.36"
125.86.165.86 - - [27/May/2026:17:43:48 +0800] "GET /wp-content/uploads/2026/05/1779059685-1Article_images_W900px-300x169.webp HTTP/1.1" 200 13520 "http://cqqizhou.com/media" "Mozilla/5.0 (Windows NT 10.0; Win64; x64) AppleWebKit/537.36 (KHTML, like Gecko) Chrome/144.0.0.0 Safari/537.36"
125.86.165.86 - - [27/May/2026:17:43:48 +0800] "GET /wp-content/uploads/2026/04/1777513410-1Article_images_W900px-300x169.webp HTTP/1.1" 200 9202 "http://cqqizhou.com/media" "Mozilla/5.0 (Windows NT 10.0; Win64; x64) AppleWebKit/537.36 (KHTML, like Gecko) Chrome/144.0.0.0 Safari/537.36"
125.86.165.86 - - [27/May/2026:17:43:48 +0800] "GET /wp-content/uploads/2025/07/1751425283-qizhou.kf_.qq_.com_.webp HTTP/1.1" 200 16864 "http://cqqizhou.com/media" "Mozilla/5.0 (Windows NT 10.0; Win64; x64) AppleWebKit/537.36 (KHTML, like Gecko) Chrome/144.0.0.0 Safari/537.36"
125.86.165.86 - - [27/May/2026:17:43:49 +0800] "GET /wp-content/uploads/media/qizhou_Brochure.webp HTTP/1.1" 200 26142 "http://cqqizhou.com/media" "Mozilla/5.0 (Windows NT 10.0; Win64; x64) AppleWebKit/537.36 (KHTML, like Gecko) Chrome/144.0.0.0 Safari/537.36"
125.86.165.86 - - [27/May/2026:17:43:49 +0800] "GET /wp-content/uploads/2025/11/1762861549-%E5%85%A8%E6%99%AF%E5%90%AF%E8%88%9F%E5%9D%A4%E7%85%8C%E5%BA%93.webp HTTP/1.1" 200 18812 "http://cqqizhou.com/media" "Mozilla/5.0 (Windows NT 10.0; Win64; x64) AppleWebKit/537.36 (KHTML, like Gecko) Chrome/144.0.0.0 Safari/537.36"
125.86.165.86 - - [27/May/2026:17:43:49 +0800] "GET /wp-content/uploads/2025/11/1762861550-%E4%B8%87%E5%98%89%E7%9B%9B%E5%BA%93%E5%85%A8%E6%99%AF%E5%9B%BE.webp HTTP/1.1" 200 24278 "http://cqqizhou.com/media" "Mozilla/5.0 (Windows NT 10.0; Win64; x64) AppleWebKit/537.36 (KHTML, like Gecko) Chrome/144.0.0.0 Safari/537.36"
125.86.165.86 - - [27/May/2026:17:43:59 +0800] "GET / HTTP/1.1" 200 35528 "-" "Mozilla/5.0 (Windows NT 10.0; Win64; x64) AppleWebKit/537.36 (KHTML, like Gecko) Chrome/144.0.0.0 Safari/537.36"
125.86.165.86 - - [27/May/2026:17:44:01 +0800] "GET /wp-content/uploads/2025/07/1753456723-%E5%8F%8C%E7%9B%B8%E9%92%A2roduct_Single600.webp HTTP/1.1" 200 22790 "http://cqqizhou.com/" "Mozilla/5.0 (Windows NT 10.0; Win64; x64) AppleWebKit/537.36 (KHTML, like Gecko) Chrome/144.0.0.0 Safari/537.36"
125.86.165.86 - - [27/May/2026:17:44:01 +0800] "GET /wp-content/uploads/2025/07/1753453096-%E5%8F%8C%E7%9B%B8%E9%92%A2product_Single600%C3%97284.webp HTTP/1.1" 200 14562 "http://cqqizhou.com/" "Mozilla/5.0 (Windows NT 10.0; Win64; x64) AppleWebKit/537.36 (KHTML, like Gecko) Chrome/144.0.0.0 Safari/537.36"
125.86.165.86 - - [27/May/2026:17:44:01 +0800] "GET /wp-content/uploads/2025/07/1753456770-%E7%83%AD%E9%95%80%E9%94%8C%E5%8D%B7product_Single600.webp HTTP/1.1" 200 27502 "http://cqqizhou.com/" "Mozilla/5.0 (Windows NT 10.0; Win64; x64) AppleWebKit/537.36 (KHTML, like Gecko) Chrome/144.0.0.0 Safari/537.36"
125.86.165.86 - - [27/May/2026:17:44:01 +0800] "GET /wp-content/uploads/2025/07/1753453127-%E4%BD%99%E5%8D%B7product_Single600%C3%97284.webp HTTP/1.1" 200 18744 "http://cqqizhou.com/" "Mozilla/5.0 (Windows NT 10.0; Win64; x64) AppleWebKit/537.36 (KHTML, like Gecko) Chrome/144.0.0.0 Safari/537.36"
125.86.165.86 - - [27/May/2026:17:44:02 +0800] "GET /wp-json/sliderrevolution/sliders/1?srengine=7&slideid=4 HTTP/1.1" 200 2580 "http://cqqizhou.com/" "Mozilla/5.0 (Windows NT 10.0; Win64; x64) AppleWebKit/537.36 (KHTML, like Gecko) Chrome/144.0.0.0 Safari/537.36"
36.133.115.36 - - [27/May/2026:17:44:02 +0800] "POST /wp-cron.php?doing_wp_cron=1779875042.4568040370941162109375 HTTP/1.1" 200 31 "-" "WordPress/6.9; http://cqqizhou.com"
125.86.165.86 - - [27/May/2026:17:44:02 +0800] "GET /wp-json/sliderrevolution/sliders/1?srengine=7&slideid=2 HTTP/1.1" 200 2000 "http://cqqizhou.com/" "Mozilla/5.0 (Windows NT 10.0; Win64; x64) AppleWebKit/537.36 (KHTML, like Gecko) Chrome/144.0.0.0 Safari/537.36"
125.86.165.86 - - [27/May/2026:17:44:02 +0800] "GET /wp-content/uploads/2026/01/1768276119-qizhoujiagong_Slider_3840%C3%972160_20260113-scaled.webp HTTP/1.1" 200 131696 "http://cqqizhou.com/" "Mozilla/5.0 (Windows NT 10.0; Win64; x64) AppleWebKit/537.36 (KHTML, like Gecko) Chrome/144.0.0.0 Safari/537.36"
125.86.165.86 - - [27/May/2026:17:44:02 +0800] "GET /wp-content/uploads/revslider/slider-1/1750861156-logistics_Slider_3840%C3%972160_20250625191356-scaled.webp HTTP/1.1" 200 197360 "http://cqqizhou.com/" "Mozilla/5.0 (Windows NT 10.0; Win64; x64) AppleWebKit/537.36 (KHTML, like Gecko) Chrome/144.0.0.0 Safari/537.36"
125.86.165.86 - - [27/May/2026:17:44:10 +0800] "GET /wp-content/uploads/2025/12/1765268955-qizhou_Slider1_3840%C3%972160_20251210-scaled-50x100.webp HTTP/1.1" 200 1812 "http://cqqizhou.com/" "Mozilla/5.0 (Windows NT 10.0; Win64; x64) AppleWebKit/537.36 (KHTML, like Gecko) Chrome/144.0.0.0 Safari/537.36"
125.86.165.86 - - [27/May/2026:17:44:20 +0800] "GET /wp-json/sliderrevolution/sliders/1?srengine=7&slideid=4 HTTP/1.1" 200 2580 "http://cqqizhou.com/" "Mozilla/5.0 (Windows NT 10.0; Win64; x64) AppleWebKit/537.36 (KHTML, like Gecko) Chrome/144.0.0.0 Safari/537.36"
36.133.115.36 - - [27/May/2026:17:44:20 +0800] "POST /wp-cron.php?doing_wp_cron=1779875060.4015429019927978515625 HTTP/1.1" 200 31 "-" "WordPress/6.9; http://cqqizhou.com"
125.86.165.86 - - [27/May/2026:17:44:20 +0800] "GET /wp-json/sliderrevolution/sliders/1?srengine=7&slideid=2 HTTP/1.1" 200 2000 "http://cqqizhou.com/" "Mozilla/5.0 (Windows NT 10.0; Win64; x64) AppleWebKit/537.36 (KHTML, like Gecko) Chrome/144.0.0.0 Safari/537.36"
36.133.115.36 - - [27/May/2026:18:02:22 +0800] "POST /wp-cron.php?doing_wp_cron=1779876142.5101950168609619140625 HTTP/1.1" 200 31 "-" "WordPress/6.9; http://cqqizhou.com"
38.76.150.15 - - [27/May/2026:18:02:22 +0800] "POST / HTTP/1.1" 200 86669 "-" "Mozilla/5.0"
36.133.115.36 - - [27/May/2026:18:10:19 +0800] "POST /wp-cron.php?doing_wp_cron=1779876619.1587629318237304687500 HTTP/1.1" 200 31 "-" "WordPress/6.9; http://cqqizhou.com"
71.131.231.117 - - [27/May/2026:18:10:19 +0800] "GET /2418/ HTTP/1.1" 301 5 "-" "Mozilla/5.0 (Linux; Android 10; HD1900 Build/QKQ1.190716.003; wv) AppleWebKit/537.36 (KHTML, like Gecko) Version/4.0 Chrome/75.0.3770.156 Mobile Safari/537.36 aweme_230400 JsSdk/1.0 NetType/WIFI AppName/aweme app_version/23.4.0 ByteLocale/zh-CN Region/CN AppSkin/white AppTheme/light BytedanceWebview/d8a21c6 WebView/075113004008"
71.131.231.117 - - [27/May/2026:18:10:20 +0800] "GET /news/2418 HTTP/1.1" 200 23752 "-" "Mozilla/5.0 (Linux; Android 10; HD1900 Build/QKQ1.190716.003; wv) AppleWebKit/537.36 (KHTML, like Gecko) Version/4.0 Chrome/75.0.3770.156 Mobile Safari/537.36 aweme_230400 JsSdk/1.0 NetType/WIFI AppName/aweme app_version/23.4.0 ByteLocale/zh-CN Region/CN AppSkin/white AppTheme/light BytedanceWebview/d8a21c6 WebView/075113004008"
71.131.231.117 - - [27/May/2026:18:10:20 +0800] "GET /wp-content/uploads/revslider/slider-1/1750861156-logistics_Slider_3840%C3%972160_20250625191356-scaled-768x432.webp HTTP/1.1" 200 31912 "http://cqqizhou.com/news/2418" "Mozilla/5.0 (Linux; Android 10; HD1900 Build/QKQ1.190716.003; wv) AppleWebKit/537.36 (KHTML, like Gecko) Version/4.0 Chrome/75.0.3770.156 Mobile Safari/537.36 aweme_230400 JsSdk/1.0 NetType/WIFI AppName/aweme app_version/23.4.0 ByteLocale/zh-CN Region/CN AppSkin/white AppTheme/light BytedanceWebview/d8a21c6 WebView/075113004008"
71.131.231.117 - - [27/May/2026:18:10:20 +0800] "GET /wp-content/uploads/2026/04/1775698332-Article_images_W900px-768x432.webp HTTP/1.1" 200 50430 "http://cqqizhou.com/news/2418" "Mozilla/5.0 (Linux; Android 10; HD1900 Build/QKQ1.190716.003; wv) AppleWebKit/537.36 (KHTML, like Gecko) Version/4.0 Chrome/75.0.3770.156 Mobile Safari/537.36 aweme_230400 JsSdk/1.0 NetType/WIFI AppName/aweme app_version/23.4.0 ByteLocale/zh-CN Region/CN AppSkin/white AppTheme/light BytedanceWebview/d8a21c6 WebView/075113004008"
71.131.231.117 - - [27/May/2026:18:10:20 +0800] "GET /wp-content/uploads/2026/05/1779328461-1Article_images_W900px-768x432.webp HTTP/1.1" 200 37678 "http://cqqizhou.com/news/2418" "Mozilla/5.0 (Linux; Android 10; HD1900 Build/QKQ1.190716.003; wv) AppleWebKit/537.36 (KHTML, like Gecko) Version/4.0 Chrome/75.0.3770.156 Mobile Safari/537.36 aweme_230400 JsSdk/1.0 NetType/WIFI AppName/aweme app_version/23.4.0 ByteLocale/zh-CN Region/CN AppSkin/white AppTheme/light BytedanceWebview/d8a21c6 WebView/075113004008"
71.131.231.117 - - [27/May/2026:18:10:20 +0800] "GET /wp-content/uploads/2025/07/1751425283-qizhou.kf_.qq_.com_.webp HTTP/1.1" 200 16864 "http://cqqizhou.com/news/2418" "Mozilla/5.0 (Linux; Android 10; HD1900 Build/QKQ1.190716.003; wv) AppleWebKit/537.36 (KHTML, like Gecko) Version/4.0 Chrome/75.0.3770.156 Mobile Safari/537.36 aweme_230400 JsSdk/1.0 NetType/WIFI AppName/aweme app_version/23.4.0 ByteLocale/zh-CN Region/CN AppSkin/white AppTheme/light BytedanceWebview/d8a21c6 WebView/075113004008"
71.131.231.117 - - [27/May/2026:18:10:20 +0800] "GET /wp-content/uploads/2025/07/1753410289-News2000%C3%97400_202571.webp HTTP/1.1" 200 17830 "http://cqqizhou.com/news/2418" "Mozilla/5.0 (Linux; Android 10; HD1900 Build/QKQ1.190716.003; wv) AppleWebKit/537.36 (KHTML, like Gecko) Version/4.0 Chrome/75.0.3770.156 Mobile Safari/537.36 aweme_230400 JsSdk/1.0 NetType/WIFI AppName/aweme app_version/23.4.0 ByteLocale/zh-CN Region/CN AppSkin/white AppTheme/light BytedanceWebview/d8a21c6 WebView/075113004008"
36.133.115.36 - - [27/May/2026:18:16:02 +0800] "POST /wp-cron.php?doing_wp_cron=1779876962.0322580337524414062500 HTTP/1.1" 200 31 "-" "WordPress/6.9; http://cqqizhou.com"
129.226.210.142 - - [27/May/2026:18:16:02 +0800] "GET / HTTP/1.1" 200 35086 "-" "Mozilla/5.0 (iPhone; CPU iPhone OS 13_2_3 like Mac OS X) AppleWebKit/605.1.15 (KHTML, like Gecko) Version/13.0.3 Mobile/15E148 Safari/604.1"
36.142.204.166 - - [27/May/2026:18:25:46 +0800] "GET /news/2552 HTTP/1.1" 200 25767 "-" "Mozilla/5.0 (Macintosh; Intel Mac OS X 10_15_7) AppleWebKit/537.36 (KHTML, like Gecko) Chrome/147.0.0.0 Safari/537.36"
120.233.109.26 - - [27/May/2026:18:26:16 +0800] "GET /news/2552 HTTP/1.1" 200 25767 "-" "Mozilla/5.0 (Windows NT 10.0; Win64; x64) AppleWebKit/537.36 (KHTML, like Gecko) Chrome/109.0.0.0 Safari/537.36"
122.96.30.65 - - [27/May/2026:18:36:54 +0800] "GET / HTTP/1.1" 200 35528 "-" "Mozilla/5.0 (Macintosh; Intel Mac OS X 10_11) AppleWebKit/601.1.27 (KHTML, like Gecko) Chrome/47.0.2526.106 Safari/601.1.27"
36.133.115.36 - - [27/May/2026:18:38:18 +0800] "POST /wp-cron.php?doing_wp_cron=1779878298.6802930831909179687500 HTTP/1.1" 200 31 "-" "WordPress/6.9; http://cqqizhou.com"
122.96.30.65 - - [27/May/2026:18:38:18 +0800] "GET / HTTP/1.1" 200 35085 "-" "Mozilla/5.0 (iPhone; CPU iPhone OS 11_3 like Mac OS X) AppleWebKit/605.1.15 (KHTML, like Gecko) Mobile/15E302 MicroMessenger/6.6.7 NetType/WIFI Language/zh_HK"
36.133.115.36 - - [27/May/2026:18:39:03 +0800] "POST /wp-cron.php?doing_wp_cron=1779878343.8510050773620605468750 HTTP/1.1" 200 31 "-" "WordPress/6.9; http://cqqizhou.com"
122.96.30.65 - - [27/May/2026:18:39:03 +0800] "GET / HTTP/1.1" 200 35086 "-" "Dalvik/2.1.0 (Linux; U; Android 9.0; ZTE BA520 Build/MRA58K)"
36.133.115.36 - - [27/May/2026:18:50:36 +0800] "POST /wp-cron.php?doing_wp_cron=1779879036.4300880432128906250000 HTTP/1.1" 200 31 "-" "WordPress/6.9; http://cqqizhou.com"
45.148.10.67 - - [27/May/2026:18:50:36 +0800] "GET / HTTP/1.1" 200 35086 "-" "Mozilla/5.0 (Windows NT 10.0; Win64; x64) AppleWebKit/537.36 (KHTML, like Gecko) Chrome/131.0.0.0 Safari/537.36"
36.133.115.36 - - [27/May/2026:18:53:35 +0800] "POST /wp-cron.php?doing_wp_cron=1779879215.7774789333343505859375 HTTP/1.1" 200 31 "-" "WordPress/6.9; http://cqqizhou.com"
15.204.119.123 - - [27/May/2026:18:53:35 +0800] "GET / HTTP/1.1" 301 5 "-" "Go-http-client/1.1"
15.204.119.123 - - [27/May/2026:18:53:37 +0800] "GET / HTTP/1.1" 200 35528 "http://36.133.115.36" "Go-http-client/1.1"
36.133.115.36 - - [27/May/2026:19:10:56 +0800] "POST /wp-cron.php?doing_wp_cron=1779880256.2637178897857666015625 HTTP/1.1" 200 31 "-" "WordPress/6.9; http://cqqizhou.com"
112.121.183.178 - - [27/May/2026:19:10:56 +0800] "GET /admin-api/system/auth/get-permission-info HTTP/1.1" 404 9408 "-" "Mozilla/5.0 (Windows NT 10.0; Win64; x64) AppleWebKit/537.36"
36.133.115.36 - - [27/May/2026:19:11:50 +0800] "POST /wp-cron.php?doing_wp_cron=1779880310.5906500816345214843750 HTTP/1.1" 200 31 "-" "WordPress/6.9; http://cqqizhou.com"
112.121.183.178 - - [27/May/2026:19:11:50 +0800] "GET /admin-api/system/auth/get-permission-info HTTP/1.1" 404 9405 "-" "Mozilla/5.0 (Windows NT 10.0; Win64; x64) AppleWebKit/537.36"
120.233.109.28 - - [27/May/2026:19:23:10 +0800] "GET /services HTTP/1.1" 200 32190 "-" "Mozilla/5.0 (Windows NT 10.0; Win64; x64) AppleWebKit/537.36 (KHTML, like Gecko) Chrome/105.0.0.0 Safari/537.3"
20.226.61.79 - - [27/May/2026:19:27:16 +0800] "GET /wp-content/plugins/hellopress/wp_filemanager.php HTTP/1.1" 404 27 "-" "-"
20.226.61.79 - - [27/May/2026:19:27:16 +0800] "GET /x.php HTTP/1.1" 404 27 "-" "-"
20.226.61.79 - - [27/May/2026:19:27:16 +0800] "GET /wpconf.php HTTP/1.1" 404 27 "-" "-"
20.226.61.79 - - [27/May/2026:19:27:17 +0800] "GET /aaf.php HTTP/1.1" 404 27 "-" "-"
20.226.61.79 - - [27/May/2026:19:27:17 +0800] "GET /wander.php HTTP/1.1" 404 27 "-" "-"
20.226.61.79 - - [27/May/2026:19:27:17 +0800] "GET /gptsh.php HTTP/1.1" 404 27 "-" "-"
20.226.61.79 - - [27/May/2026:19:27:18 +0800] "GET /155.php HTTP/1.1" 404 27 "-" "-"
20.226.61.79 - - [27/May/2026:19:27:18 +0800] "GET /ppp.php HTTP/1.1" 404 27 "-" "-"
20.226.61.79 - - [27/May/2026:19:27:19 +0800] "GET /201.php HTTP/1.1" 404 27 "-" "-"
20.226.61.79 - - [27/May/2026:19:27:19 +0800] "GET /ops.php HTTP/1.1" 404 27 "-" "-"
20.226.61.79 - - [27/May/2026:19:27:20 +0800] "GET /samll.php HTTP/1.1" 404 27 "-" "-"
20.226.61.79 - - [27/May/2026:19:27:20 +0800] "GET /ingfo.php HTTP/1.1" 404 27 "-" "-"
20.226.61.79 - - [27/May/2026:19:27:20 +0800] "GET /c55cdler.php HTTP/1.1" 404 27 "-" "-"
20.226.61.79 - - [27/May/2026:19:27:21 +0800] "GET /error_log.php HTTP/1.1" 404 27 "-" "-"
20.226.61.79 - - [27/May/2026:19:27:21 +0800] "GET /xenon1337.php HTTP/1.1" 404 27 "-" "-"
20.226.61.79 - - [27/May/2026:19:27:22 +0800] "GET /alfa403.php HTTP/1.1" 404 27 "-" "-"
20.226.61.79 - - [27/May/2026:19:27:22 +0800] "GET /test11.php HTTP/1.1" 404 27 "-" "-"
20.226.61.79 - - [27/May/2026:19:27:22 +0800] "GET /koala.php HTTP/1.1" 404 27 "-" "-"
20.226.61.79 - - [27/May/2026:19:27:23 +0800] "GET /mac.php HTTP/1.1" 404 27 "-" "-"
20.226.61.79 - - [27/May/2026:19:27:23 +0800] "GET /25d653587fdfd1.php HTTP/1.1" 404 27 "-" "-"
20.226.61.79 - - [27/May/2026:19:27:23 +0800] "GET /wefile.php HTTP/1.1" 404 27 "-" "-"
20.226.61.79 - - [27/May/2026:19:27:24 +0800] "GET /casp3.php HTTP/1.1" 404 27 "-" "-"
20.226.61.79 - - [27/May/2026:19:27:24 +0800] "GET /wp-includes/blocks/post-comments-form/ HTTP/1.1" 403 146 "-" "-"
20.226.61.79 - - [27/May/2026:19:27:25 +0800] "GET /wp-admin/js/ HTTP/1.1" 403 146 "-" "-"
20.226.61.79 - - [27/May/2026:19:27:25 +0800] "GET /wp-admin/css/colour.php HTTP/1.1" 404 27 "-" "-"
20.226.61.79 - - [27/May/2026:19:27:26 +0800] "GET /half.php HTTP/1.1" 404 27 "-" "-"
20.226.61.79 - - [27/May/2026:19:27:26 +0800] "GET /2P.php HTTP/1.1" 404 27 "-" "-"
20.226.61.79 - - [27/May/2026:19:27:26 +0800] "GET /tires.php HTTP/1.1" 404 27 "-" "-"
36.133.115.36 - - [27/May/2026:19:27:28 +0800] "POST /wp-cron.php?doing_wp_cron=1779881248.1134688854217529296875 HTTP/1.1" 200 31 "-" "WordPress/6.9; http://cqqizhou.com"
20.226.61.79 - - [27/May/2026:19:27:28 +0800] "GET /wordpress/wp-admin/maint/ HTTP/1.1" 404 32979 "-" "-"
20.226.61.79 - - [27/May/2026:19:27:28 +0800] "GET /like.php HTTP/1.1" 404 27 "-" "-"
20.226.61.79 - - [27/May/2026:19:27:29 +0800] "GET /.well-known/about.php HTTP/1.1" 404 27 "-" "-"
20.226.61.79 - - [27/May/2026:19:27:29 +0800] "GET /wp-includes/ID3/about.php HTTP/1.1" 404 27 "-" "-"
20.226.61.79 - - [27/May/2026:19:27:30 +0800] "GET /bob.php HTTP/1.1" 404 27 "-" "-"
20.226.61.79 - - [27/May/2026:19:27:30 +0800] "GET /t3s.php HTTP/1.1" 404 27 "-" "-"
20.226.61.79 - - [27/May/2026:19:27:30 +0800] "GET /wp-admin/css/ HTTP/1.1" 403 146 "-" "-"
20.226.61.79 - - [27/May/2026:19:27:31 +0800] "GET /wp-admin/css/colors/modern/ HTTP/1.1" 403 146 "-" "-"
20.226.61.79 - - [27/May/2026:19:27:31 +0800] "GET /uwu.php HTTP/1.1" 404 27 "-" "-"
20.226.61.79 - - [27/May/2026:19:27:32 +0800] "GET /uwa.php HTTP/1.1" 404 27 "-" "-"
20.226.61.79 - - [27/May/2026:19:27:32 +0800] "GET /crgio.php HTTP/1.1" 404 27 "-" "-"
20.226.61.79 - - [27/May/2026:19:27:32 +0800] "GET /geforce.php HTTP/1.1" 404 27 "-" "-"
20.226.61.79 - - [27/May/2026:19:27:33 +0800] "GET /pucci.php HTTP/1.1" 404 27 "-" "-"
