39.130.58.49 - - [21/May/2026:09:57:26 +0800] "POST /wp-admin/admin-ajax.php HTTP/1.1" 200 112 "http://cqqizhou.com/wp-admin/post.php?post=2575&action=edit" "Mozilla/5.0 (Windows NT 10.0; Win64; x64) AppleWebKit/537.36 (KHTML, like Gecko) Chrome/147.0.0.0 Safari/537.36 Edg/147.0.0.0"
39.130.58.49 - - [21/May/2026:09:57:31 +0800] "POST /wp-admin/admin-ajax.php HTTP/1.1" 200 32 "http://cqqizhou.com/wp-admin/post.php?post=2575&action=edit" "Mozilla/5.0 (Windows NT 10.0; Win64; x64) AppleWebKit/537.36 (KHTML, like Gecko) Chrome/147.0.0.0 Safari/537.36 Edg/147.0.0.0"
39.130.58.49 - - [21/May/2026:09:57:36 +0800] "POST /wp-admin/admin-ajax.php HTTP/1.1" 200 112 "http://cqqizhou.com/wp-admin/post.php?post=2575&action=edit" "Mozilla/5.0 (Windows NT 10.0; Win64; x64) AppleWebKit/537.36 (KHTML, like Gecko) Chrome/147.0.0.0 Safari/537.36 Edg/147.0.0.0"
39.130.58.49 - - [21/May/2026:09:57:39 +0800] "POST /wp-json/wp/v2/posts/2575/autosaves?_locale=user HTTP/1.1" 200 2828 "http://cqqizhou.com/wp-admin/post.php?post=2575&action=edit" "Mozilla/5.0 (Windows NT 10.0; Win64; x64) AppleWebKit/537.36 (KHTML, like Gecko) Chrome/147.0.0.0 Safari/537.36 Edg/147.0.0.0"
39.130.58.49 - - [21/May/2026:09:57:46 +0800] "POST /wp-admin/async-upload.php HTTP/1.1" 200 687 "http://cqqizhou.com/wp-admin/post.php?post=2575&action=edit" "Mozilla/5.0 (Windows NT 10.0; Win64; x64) AppleWebKit/537.36 (KHTML, like Gecko) Chrome/147.0.0.0 Safari/537.36 Edg/147.0.0.0"
39.130.58.49 - - [21/May/2026:09:57:46 +0800] "GET /wp-content/uploads/2026/05/1779328666-2.1Article_images_W900px-300x225.webp HTTP/1.1" 200 7754 "http://cqqizhou.com/wp-admin/post.php?post=2575&action=edit" "Mozilla/5.0 (Windows NT 10.0; Win64; x64) AppleWebKit/537.36 (KHTML, like Gecko) Chrome/147.0.0.0 Safari/537.36 Edg/147.0.0.0"
39.130.58.49 - - [21/May/2026:09:57:48 +0800] "GET /wp-content/uploads/2026/05/1779328666-2.1Article_images_W900px.webp HTTP/1.1" 200 25296 "http://cqqizhou.com/wp-admin/post.php?post=2575&action=edit" "Mozilla/5.0 (Windows NT 10.0; Win64; x64) AppleWebKit/537.36 (KHTML, like Gecko) Chrome/147.0.0.0 Safari/537.36 Edg/147.0.0.0"
39.130.58.49 - - [21/May/2026:09:57:48 +0800] "GET /wp-json/wp/v2/media/2579?context=view&_locale=user HTTP/1.1" 200 1061 "http://cqqizhou.com/wp-admin/post.php?post=2575&action=edit" "Mozilla/5.0 (Windows NT 10.0; Win64; x64) AppleWebKit/537.36 (KHTML, like Gecko) Chrome/147.0.0.0 Safari/537.36 Edg/147.0.0.0"
39.130.58.49 - - [21/May/2026:09:57:56 +0800] "POST /wp-admin/admin-ajax.php HTTP/1.1" 200 112 "http://cqqizhou.com/wp-admin/post.php?post=2575&action=edit" "Mozilla/5.0 (Windows NT 10.0; Win64; x64) AppleWebKit/537.36 (KHTML, like Gecko) Chrome/147.0.0.0 Safari/537.36 Edg/147.0.0.0"
39.130.58.49 - - [21/May/2026:09:58:06 +0800] "POST /wp-admin/admin-ajax.php HTTP/1.1" 200 112 "http://cqqizhou.com/wp-admin/post.php?post=2575&action=edit" "Mozilla/5.0 (Windows NT 10.0; Win64; x64) AppleWebKit/537.36 (KHTML, like Gecko) Chrome/147.0.0.0 Safari/537.36 Edg/147.0.0.0"
36.133.115.36 - - [21/May/2026:09:58:16 +0800] "POST /wp-cron.php?doing_wp_cron=1779328696.0818328857421875000000 HTTP/1.1" 200 31 "-" "WordPress/6.9; http://cqqizhou.com"
39.130.58.49 - - [21/May/2026:09:58:16 +0800] "POST /wp-admin/admin-ajax.php HTTP/1.1" 200 112 "http://cqqizhou.com/wp-admin/post.php?post=2575&action=edit" "Mozilla/5.0 (Windows NT 10.0; Win64; x64) AppleWebKit/537.36 (KHTML, like Gecko) Chrome/147.0.0.0 Safari/537.36 Edg/147.0.0.0"
39.130.58.49 - - [21/May/2026:09:58:22 +0800] "POST /wp-admin/admin-ajax.php HTTP/1.1" 200 11020 "http://cqqizhou.com/wp-admin/post.php?post=2575&action=edit" "Mozilla/5.0 (Windows NT 10.0; Win64; x64) AppleWebKit/537.36 (KHTML, like Gecko) Chrome/147.0.0.0 Safari/537.36 Edg/147.0.0.0"
39.130.58.49 - - [21/May/2026:09:58:26 +0800] "POST /wp-admin/admin-ajax.php HTTP/1.1" 200 112 "http://cqqizhou.com/wp-admin/post.php?post=2575&action=edit" "Mozilla/5.0 (Windows NT 10.0; Win64; x64) AppleWebKit/537.36 (KHTML, like Gecko) Chrome/147.0.0.0 Safari/537.36 Edg/147.0.0.0"
39.130.58.49 - - [21/May/2026:09:58:35 +0800] "POST /wp-admin/admin-ajax.php HTTP/1.1" 200 32 "http://cqqizhou.com/wp-admin/post.php?post=2575&action=edit" "Mozilla/5.0 (Windows NT 10.0; Win64; x64) AppleWebKit/537.36 (KHTML, like Gecko) Chrome/147.0.0.0 Safari/537.36 Edg/147.0.0.0"
39.130.58.49 - - [21/May/2026:09:58:36 +0800] "POST /wp-admin/admin-ajax.php HTTP/1.1" 200 112 "http://cqqizhou.com/wp-admin/post.php?post=2575&action=edit" "Mozilla/5.0 (Windows NT 10.0; Win64; x64) AppleWebKit/537.36 (KHTML, like Gecko) Chrome/147.0.0.0 Safari/537.36 Edg/147.0.0.0"
39.130.58.49 - - [21/May/2026:09:58:39 +0800] "POST /wp-json/wp/v2/posts/2575/autosaves?_locale=user HTTP/1.1" 200 3196 "http://cqqizhou.com/wp-admin/post.php?post=2575&action=edit" "Mozilla/5.0 (Windows NT 10.0; Win64; x64) AppleWebKit/537.36 (KHTML, like Gecko) Chrome/147.0.0.0 Safari/537.36 Edg/147.0.0.0"
39.130.58.49 - - [21/May/2026:09:58:46 +0800] "POST /wp-admin/admin-ajax.php HTTP/1.1" 200 112 "http://cqqizhou.com/wp-admin/post.php?post=2575&action=edit" "Mozilla/5.0 (Windows NT 10.0; Win64; x64) AppleWebKit/537.36 (KHTML, like Gecko) Chrome/147.0.0.0 Safari/537.36 Edg/147.0.0.0"
39.130.58.49 - - [21/May/2026:09:58:56 +0800] "POST /wp-admin/admin-ajax.php HTTP/1.1" 200 112 "http://cqqizhou.com/wp-admin/post.php?post=2575&action=edit" "Mozilla/5.0 (Windows NT 10.0; Win64; x64) AppleWebKit/537.36 (KHTML, like Gecko) Chrome/147.0.0.0 Safari/537.36 Edg/147.0.0.0"
39.130.58.49 - - [21/May/2026:09:58:56 +0800] "POST /wp-admin/async-upload.php HTTP/1.1" 200 683 "http://cqqizhou.com/wp-admin/post.php?post=2575&action=edit" "Mozilla/5.0 (Windows NT 10.0; Win64; x64) AppleWebKit/537.36 (KHTML, like Gecko) Chrome/147.0.0.0 Safari/537.36 Edg/147.0.0.0"
39.130.58.49 - - [21/May/2026:09:58:56 +0800] "GET /wp-content/uploads/2026/05/1779328736-3Article_images_W900px-300x155.webp HTTP/1.1" 200 6540 "http://cqqizhou.com/wp-admin/post.php?post=2575&action=edit" "Mozilla/5.0 (Windows NT 10.0; Win64; x64) AppleWebKit/537.36 (KHTML, like Gecko) Chrome/147.0.0.0 Safari/537.36 Edg/147.0.0.0"
39.130.58.49 - - [21/May/2026:09:59:00 +0800] "GET /wp-content/uploads/2026/05/1779328736-3Article_images_W900px.webp HTTP/1.1" 200 20942 "http://cqqizhou.com/wp-admin/post.php?post=2575&action=edit" "Mozilla/5.0 (Windows NT 10.0; Win64; x64) AppleWebKit/537.36 (KHTML, like Gecko) Chrome/147.0.0.0 Safari/537.36 Edg/147.0.0.0"
39.130.58.49 - - [21/May/2026:09:59:01 +0800] "GET /wp-json/wp/v2/media/2580?context=view&_locale=user HTTP/1.1" 200 1042 "http://cqqizhou.com/wp-admin/post.php?post=2575&action=edit" "Mozilla/5.0 (Windows NT 10.0; Win64; x64) AppleWebKit/537.36 (KHTML, like Gecko) Chrome/147.0.0.0 Safari/537.36 Edg/147.0.0.0"
39.130.58.49 - - [21/May/2026:09:59:06 +0800] "POST /wp-admin/admin-ajax.php HTTP/1.1" 200 112 "http://cqqizhou.com/wp-admin/post.php?post=2575&action=edit" "Mozilla/5.0 (Windows NT 10.0; Win64; x64) AppleWebKit/537.36 (KHTML, like Gecko) Chrome/147.0.0.0 Safari/537.36 Edg/147.0.0.0"
36.133.115.36 - - [21/May/2026:09:59:16 +0800] "POST /wp-cron.php?doing_wp_cron=1779328756.3641450405120849609375 HTTP/1.1" 200 31 "-" "WordPress/6.9; http://cqqizhou.com"
39.130.58.49 - - [21/May/2026:09:59:16 +0800] "POST /wp-admin/admin-ajax.php HTTP/1.1" 200 112 "http://cqqizhou.com/wp-admin/post.php?post=2575&action=edit" "Mozilla/5.0 (Windows NT 10.0; Win64; x64) AppleWebKit/537.36 (KHTML, like Gecko) Chrome/147.0.0.0 Safari/537.36 Edg/147.0.0.0"
39.130.58.49 - - [21/May/2026:09:59:26 +0800] "POST /wp-admin/admin-ajax.php HTTP/1.1" 200 112 "http://cqqizhou.com/wp-admin/post.php?post=2575&action=edit" "Mozilla/5.0 (Windows NT 10.0; Win64; x64) AppleWebKit/537.36 (KHTML, like Gecko) Chrome/147.0.0.0 Safari/537.36 Edg/147.0.0.0"
39.130.58.49 - - [21/May/2026:09:59:36 +0800] "POST /wp-admin/admin-ajax.php HTTP/1.1" 200 112 "http://cqqizhou.com/wp-admin/post.php?post=2575&action=edit" "Mozilla/5.0 (Windows NT 10.0; Win64; x64) AppleWebKit/537.36 (KHTML, like Gecko) Chrome/147.0.0.0 Safari/537.36 Edg/147.0.0.0"
39.130.58.49 - - [21/May/2026:09:59:39 +0800] "POST /wp-json/wp/v2/posts/2575/autosaves?_locale=user HTTP/1.1" 200 3250 "http://cqqizhou.com/wp-admin/post.php?post=2575&action=edit" "Mozilla/5.0 (Windows NT 10.0; Win64; x64) AppleWebKit/537.36 (KHTML, like Gecko) Chrome/147.0.0.0 Safari/537.36 Edg/147.0.0.0"
39.130.58.49 - - [21/May/2026:09:59:42 +0800] "GET /wp-json/wp/v2/tags?context=view&per_page=100&_fields=id%2Cname&search=%E6%B6%88%E9%98%B2%E5%AE%89%E5%85%A8&_locale=user HTTP/1.1" 200 33 "http://cqqizhou.com/wp-admin/post.php?post=2575&action=edit" "Mozilla/5.0 (Windows NT 10.0; Win64; x64) AppleWebKit/537.36 (KHTML, like Gecko) Chrome/147.0.0.0 Safari/537.36 Edg/147.0.0.0"
39.130.58.49 - - [21/May/2026:09:59:43 +0800] "POST /wp-json/wp/v2/tags?_locale=user HTTP/1.1" 201 695 "http://cqqizhou.com/wp-admin/post.php?post=2575&action=edit" "Mozilla/5.0 (Windows NT 10.0; Win64; x64) AppleWebKit/537.36 (KHTML, like Gecko) Chrome/147.0.0.0 Safari/537.36 Edg/147.0.0.0"
39.130.58.49 - - [21/May/2026:09:59:43 +0800] "GET /wp-json/wp/v2/tags?context=view&per_page=10&orderby=count&order=desc&hide_empty=true&_fields=id%2Cname%2Ccount&_locale=user HTTP/1.1" 200 143 "http://cqqizhou.com/wp-admin/post.php?post=2575&action=edit" "Mozilla/5.0 (Windows NT 10.0; Win64; x64) AppleWebKit/537.36 (KHTML, like Gecko) Chrome/147.0.0.0 Safari/537.36 Edg/147.0.0.0"
39.130.58.49 - - [21/May/2026:09:59:43 +0800] "GET /wp-json/wp/v2/tags?context=view&per_page=100&_fields=id%2Cname&search=%E6%B6%88%E9%98%B2%E5%AE%89%E5%85%A8&_locale=user HTTP/1.1" 200 74 "http://cqqizhou.com/wp-admin/post.php?post=2575&action=edit" "Mozilla/5.0 (Windows NT 10.0; Win64; x64) AppleWebKit/537.36 (KHTML, like Gecko) Chrome/147.0.0.0 Safari/537.36 Edg/147.0.0.0"
39.130.58.49 - - [21/May/2026:09:59:43 +0800] "GET /wp-json/wp/v2/tags?context=view&per_page=100&_fields=id%2Cname&include=41&_locale=user HTTP/1.1" 200 74 "http://cqqizhou.com/wp-admin/post.php?post=2575&action=edit" "Mozilla/5.0 (Windows NT 10.0; Win64; x64) AppleWebKit/537.36 (KHTML, like Gecko) Chrome/147.0.0.0 Safari/537.36 Edg/147.0.0.0"
39.130.58.49 - - [21/May/2026:09:59:46 +0800] "POST /wp-admin/admin-ajax.php HTTP/1.1" 200 112 "http://cqqizhou.com/wp-admin/post.php?post=2575&action=edit" "Mozilla/5.0 (Windows NT 10.0; Win64; x64) AppleWebKit/537.36 (KHTML, like Gecko) Chrome/147.0.0.0 Safari/537.36 Edg/147.0.0.0"
39.130.58.49 - - [21/May/2026:09:59:46 +0800] "GET /wp-json/wp/v2/tags?context=edit&per_page=1&_locale=user HTTP/1.1" 200 320 "http://cqqizhou.com/wp-admin/post.php?post=2575&action=edit" "Mozilla/5.0 (Windows NT 10.0; Win64; x64) AppleWebKit/537.36 (KHTML, like Gecko) Chrome/147.0.0.0 Safari/537.36 Edg/147.0.0.0"
39.130.58.49 - - [21/May/2026:09:59:46 +0800] "GET /wp-json/wp/v2/categories?context=edit&exclude%5B0%5D=1&per_page=1&_locale=user HTTP/1.1" 200 345 "http://cqqizhou.com/wp-admin/post.php?post=2575&action=edit" "Mozilla/5.0 (Windows NT 10.0; Win64; x64) AppleWebKit/537.36 (KHTML, like Gecko) Chrome/147.0.0.0 Safari/537.36 Edg/147.0.0.0"
39.130.58.49 - - [21/May/2026:09:59:46 +0800] "GET /wp-json/wp/v2/categories/1?context=edit&_locale=user HTTP/1.1" 200 331 "http://cqqizhou.com/wp-admin/post.php?post=2575&action=edit" "Mozilla/5.0 (Windows NT 10.0; Win64; x64) AppleWebKit/537.36 (KHTML, like Gecko) Chrome/147.0.0.0 Safari/537.36 Edg/147.0.0.0"
39.130.58.49 - - [21/May/2026:09:59:50 +0800] "POST /wp-json/wp/v2/posts/2575?_locale=user HTTP/1.1" 200 3898 "http://cqqizhou.com/wp-admin/post.php?post=2575&action=edit" "Mozilla/5.0 (Windows NT 10.0; Win64; x64) AppleWebKit/537.36 (KHTML, like Gecko) Chrome/147.0.0.0 Safari/537.36 Edg/147.0.0.0"
39.130.58.49 - - [21/May/2026:09:59:51 +0800] "POST /wp-admin/post.php?post=2575&action=edit&meta-box-loader=1&meta-box-loader-nonce=e565816b54&_locale=user HTTP/1.1" 302 5 "http://cqqizhou.com/wp-admin/post.php?post=2575&action=edit" "Mozilla/5.0 (Windows NT 10.0; Win64; x64) AppleWebKit/537.36 (KHTML, like Gecko) Chrome/147.0.0.0 Safari/537.36 Edg/147.0.0.0"
39.130.58.49 - - [21/May/2026:09:59:55 +0800] "GET /wp-admin/post.php?post=2575&action=edit&message=4 HTTP/1.1" 200 206951 "http://cqqizhou.com/wp-admin/post.php?post=2575&action=edit" "Mozilla/5.0 (Windows NT 10.0; Win64; x64) AppleWebKit/537.36 (KHTML, like Gecko) Chrome/147.0.0.0 Safari/537.36 Edg/147.0.0.0"
39.130.58.49 - - [21/May/2026:09:59:56 +0800] "POST /wp-admin/admin-ajax.php HTTP/1.1" 200 112 "http://cqqizhou.com/wp-admin/post.php?post=2575&action=edit" "Mozilla/5.0 (Windows NT 10.0; Win64; x64) AppleWebKit/537.36 (KHTML, like Gecko) Chrome/147.0.0.0 Safari/537.36 Edg/147.0.0.0"
39.130.58.49 - - [21/May/2026:10:00:01 +0800] "GET /news/2575 HTTP/1.1" 200 29795 "http://cqqizhou.com/wp-admin/post.php?post=2575&action=edit" "Mozilla/5.0 (Windows NT 10.0; Win64; x64) AppleWebKit/537.36 (KHTML, like Gecko) Chrome/147.0.0.0 Safari/537.36 Edg/147.0.0.0"
39.130.58.49 - - [21/May/2026:10:00:02 +0800] "GET /wp-content/uploads/2026/05/1779328461-1Article_images_W900px.webp HTTP/1.1" 200 37908 "http://cqqizhou.com/news/2575" "Mozilla/5.0 (Windows NT 10.0; Win64; x64) AppleWebKit/537.36 (KHTML, like Gecko) Chrome/147.0.0.0 Safari/537.36 Edg/147.0.0.0"
39.130.58.49 - - [21/May/2026:10:00:02 +0800] "GET /wp-content/uploads/2026/05/1779328460-2Article_images_W900px.webp HTTP/1.1" 304 0 "http://cqqizhou.com/news/2575" "Mozilla/5.0 (Windows NT 10.0; Win64; x64) AppleWebKit/537.36 (KHTML, like Gecko) Chrome/147.0.0.0 Safari/537.36 Edg/147.0.0.0"
39.130.58.49 - - [21/May/2026:10:00:02 +0800] "GET /wp-content/uploads/2026/05/1779328736-3Article_images_W900px.webp HTTP/1.1" 304 0 "http://cqqizhou.com/news/2575" "Mozilla/5.0 (Windows NT 10.0; Win64; x64) AppleWebKit/537.36 (KHTML, like Gecko) Chrome/147.0.0.0 Safari/537.36 Edg/147.0.0.0"
39.130.58.49 - - [21/May/2026:10:00:02 +0800] "GET /wp-content/uploads/2026/04/1775698332-Article_images_W900px.webp HTTP/1.1" 200 49852 "http://cqqizhou.com/news/2575" "Mozilla/5.0 (Windows NT 10.0; Win64; x64) AppleWebKit/537.36 (KHTML, like Gecko) Chrome/147.0.0.0 Safari/537.36 Edg/147.0.0.0"
39.130.58.49 - - [21/May/2026:10:00:02 +0800] "GET /wp-content/uploads/2026/04/1775195054-1Article_images_W900px.webp HTTP/1.1" 200 25562 "http://cqqizhou.com/news/2575" "Mozilla/5.0 (Windows NT 10.0; Win64; x64) AppleWebKit/537.36 (KHTML, like Gecko) Chrome/147.0.0.0 Safari/537.36 Edg/147.0.0.0"
39.130.58.49 - - [21/May/2026:10:00:06 +0800] "POST /wp-admin/admin-ajax.php HTTP/1.1" 200 112 "http://cqqizhou.com/wp-admin/post.php?post=2575&action=edit" "Mozilla/5.0 (Windows NT 10.0; Win64; x64) AppleWebKit/537.36 (KHTML, like Gecko) Chrome/147.0.0.0 Safari/537.36 Edg/147.0.0.0"
36.133.115.36 - - [21/May/2026:10:00:12 +0800] "POST /wp-cron.php?doing_wp_cron=1779328812.5204219818115234375000 HTTP/1.1" 200 31 "-" "WordPress/6.9; http://cqqizhou.com"
39.130.58.49 - - [21/May/2026:10:00:12 +0800] "GET /media HTTP/1.1" 200 34944 "http://cqqizhou.com/news/2575" "Mozilla/5.0 (Windows NT 10.0; Win64; x64) AppleWebKit/537.36 (KHTML, like Gecko) Chrome/147.0.0.0 Safari/537.36 Edg/147.0.0.0"
39.130.58.49 - - [21/May/2026:10:00:12 +0800] "GET /wp-content/uploads/2026/05/1779328461-1Article_images_W900px-768x432.webp HTTP/1.1" 200 37678 "http://cqqizhou.com/media" "Mozilla/5.0 (Windows NT 10.0; Win64; x64) AppleWebKit/537.36 (KHTML, like Gecko) Chrome/147.0.0.0 Safari/537.36 Edg/147.0.0.0"
39.130.58.49 - - [21/May/2026:10:00:12 +0800] "GET /wp-content/uploads/2026/05/1779059685-1Article_images_W900px-768x432.webp HTTP/1.1" 304 0 "http://cqqizhou.com/media" "Mozilla/5.0 (Windows NT 10.0; Win64; x64) AppleWebKit/537.36 (KHTML, like Gecko) Chrome/147.0.0.0 Safari/537.36 Edg/147.0.0.0"
39.130.58.49 - - [21/May/2026:10:00:12 +0800] "GET /wp-content/uploads/2026/04/1777513410-1Article_images_W900px-768x432.webp HTTP/1.1" 304 0 "http://cqqizhou.com/media" "Mozilla/5.0 (Windows NT 10.0; Win64; x64) AppleWebKit/537.36 (KHTML, like Gecko) Chrome/147.0.0.0 Safari/537.36 Edg/147.0.0.0"
39.130.58.49 - - [21/May/2026:10:00:32 +0800] "GET /news/2575 HTTP/1.1" 200 29792 "http://cqqizhou.com/media" "Mozilla/5.0 (Windows NT 10.0; Win64; x64) AppleWebKit/537.36 (KHTML, like Gecko) Chrome/147.0.0.0 Safari/537.36 Edg/147.0.0.0"
39.130.58.49 - - [21/May/2026:10:00:32 +0800] "GET /wp-content/uploads/2026/05/1779328736-3Article_images_W900px.webp HTTP/1.1" 304 0 "http://cqqizhou.com/news/2575" "Mozilla/5.0 (Windows NT 10.0; Win64; x64) AppleWebKit/537.36 (KHTML, like Gecko) Chrome/147.0.0.0 Safari/537.36 Edg/147.0.0.0"
39.130.58.49 - - [21/May/2026:10:01:01 +0800] "POST /wp-admin/admin-ajax.php HTTP/1.1" 200 112 "http://cqqizhou.com/wp-admin/post.php?post=2575&action=edit" "Mozilla/5.0 (Windows NT 10.0; Win64; x64) AppleWebKit/537.36 (KHTML, like Gecko) Chrome/147.0.0.0 Safari/537.36 Edg/147.0.0.0"
39.130.58.49 - - [21/May/2026:10:01:03 +0800] "POST /wp-admin/admin-ajax.php HTTP/1.1" 499 0 "http://cqqizhou.com/wp-admin/post.php?post=2575&action=edit" "Mozilla/5.0 (Windows NT 10.0; Win64; x64) AppleWebKit/537.36 (KHTML, like Gecko) Chrome/147.0.0.0 Safari/537.36 Edg/147.0.0.0"
36.133.115.36 - - [21/May/2026:10:02:47 +0800] "POST /wp-cron.php?doing_wp_cron=1779328967.4854030609130859375000 HTTP/1.1" 200 31 "-" "WordPress/6.9; http://cqqizhou.com"
157.148.43.28 - - [21/May/2026:10:02:47 +0800] "GET /news/2418 HTTP/1.1" 200 24034 "-" "Mozilla/5.0 (Windows NT 10.0; Win64; x64) AppleWebKit/537.36 (KHTML, like Gecko) Chrome/111.0.0.0 Safari/537.36"
36.133.115.36 - - [21/May/2026:10:06:23 +0800] "POST /wp-cron.php?doing_wp_cron=1779329183.1909420490264892578125 HTTP/1.1" 200 31 "-" "WordPress/6.9; http://cqqizhou.com"
116.132.136.21 - - [21/May/2026:10:06:23 +0800] "GET /robots.txt HTTP/1.1" 200 190 "-" "YisouSpider"
36.133.115.36 - - [21/May/2026:10:17:39 +0800] "POST /wp-cron.php?doing_wp_cron=1779329859.1815679073333740234375 HTTP/1.1" 200 31 "-" "WordPress/6.9; http://cqqizhou.com"
5.61.209.126 - - [21/May/2026:10:17:39 +0800] "GET /SDK/webLanguage HTTP/1.1" 301 5 "-" "Mozilla/5.0 (Windows NT 10.0; Win64; x64) AppleWebKit/537.36 (KHTML, like Gecko) Chrome/90.0.4430.85 Safari/537.36 Edg/90.0.818.46"
36.133.115.36 - - [21/May/2026:10:31:21 +0800] "POST /wp-cron.php?doing_wp_cron=1779330681.3326380252838134765625 HTTP/1.1" 200 31 "-" "WordPress/6.9; http://cqqizhou.com"
143.198.44.55 - - [21/May/2026:10:31:21 +0800] "GET / HTTP/1.1" 301 5 "-" "Go-http-client/1.1"
143.198.44.55 - - [21/May/2026:10:31:24 +0800] "GET / HTTP/1.1" 200 35509 "http://36.133.115.36" "Go-http-client/1.1"
172.239.110.76 - - [21/May/2026:10:31:36 +0800] "GET / HTTP/1.1" 301 5 "-" "Mozilla/5.0 (Windows NT 6.1; WOW64; rv:8.0) Gecko/20100101 Firefox/8.0"
36.133.115.36 - - [21/May/2026:11:05:52 +0800] "POST /wp-cron.php?doing_wp_cron=1779332752.1410839557647705078125 HTTP/1.1" 200 31 "-" "WordPress/6.9; http://cqqizhou.com"
20.65.195.33 - - [21/May/2026:11:05:52 +0800] "GET /actuator/health HTTP/1.1" 404 9409 "-" "Mozilla/5.0 zgrab/0.x"
36.133.115.36 - - [21/May/2026:11:15:48 +0800] "POST /wp-cron.php?doing_wp_cron=1779333348.3216269016265869140625 HTTP/1.1" 200 31 "-" "WordPress/6.9; http://cqqizhou.com"
1.12.70.96 - - [21/May/2026:11:15:48 +0800] "GET / HTTP/1.1" 301 5 "-" "Mozilla/5.0 (iPhone; CPU iPhone OS 13_2_3 like Mac OS X) AppleWebKit/605.1.15 (KHTML, like Gecko) Version/13.0.3 Mobile/15E148 Safari/604.1"
36.133.115.36 - - [21/May/2026:11:50:18 +0800] "POST /wp-cron.php?doing_wp_cron=1779335418.4828128814697265625000 HTTP/1.1" 200 31 "-" "WordPress/6.9; http://cqqizhou.com"
103.77.246.173 - - [21/May/2026:11:50:18 +0800] "GET / HTTP/1.1" 200 158542 "-" "-"
36.133.115.36 - - [21/May/2026:11:57:06 +0800] "POST /wp-cron.php?doing_wp_cron=1779335826.9366469383239746093750 HTTP/1.1" 200 31 "-" "WordPress/6.9; http://cqqizhou.com"
27.99.130.16 - - [21/May/2026:11:57:06 +0800] "GET /news/2572 HTTP/1.1" 200 23811 "-" "Mozilla/5.0 (Windows NT 10.0; Win64; x64) AppleWebKit/537.36 (KHTML, like Gecko) Chrome/131.0.0.0 Safari/537.36 Edg/131.0.0.0"
36.133.115.36 - - [21/May/2026:12:07:36 +0800] "POST /wp-cron.php?doing_wp_cron=1779336456.5841639041900634765625 HTTP/1.1" 200 31 "-" "WordPress/6.9; http://cqqizhou.com"
36.133.108.119 - - [21/May/2026:12:07:36 +0800] "HEAD /config.php.bak HTTP/1.1" 404 0 "-" "Mozilla/5.0 (compatible; MSIE 8.0; Windows NT 5.1; Trident/4.0; .NET CLR 1.1.4322; .NET CLR 2.0.50727)"
36.133.115.36 - - [21/May/2026:12:25:04 +0800] "POST /wp-cron.php?doing_wp_cron=1779337504.0088739395141601562500 HTTP/1.1" 200 31 "-" "WordPress/6.9; http://cqqizhou.com"
36.133.115.36 - - [21/May/2026:12:25:04 +0800] "POST /wp-cron.php?doing_wp_cron=1779337504.0079989433288574218750 HTTP/1.1" 200 31 "-" "WordPress/6.9; http://cqqizhou.com"
65.55.210.198 - - [21/May/2026:12:25:04 +0800] "GET /wp-json/sliderrevolution/sliders/1?srengine=7&slideid=2 HTTP/1.1" 200 2000 "http://cqqizhou.com/" "Mozilla/5.0 AppleWebKit/537.36 (KHTML, like Gecko; compatible; bingbot/2.0; +http://www.bing.com/bingbot.htm) Chrome/136.0.0.0 Safari/537.36"
65.55.210.198 - - [21/May/2026:12:25:04 +0800] "GET /wp-json/sliderrevolution/sliders/1?srengine=7&slideid=4 HTTP/1.1" 200 2580 "http://cqqizhou.com/" "Mozilla/5.0 AppleWebKit/537.36 (KHTML, like Gecko; compatible; bingbot/2.0; +http://www.bing.com/bingbot.htm) Chrome/136.0.0.0 Safari/537.36"
36.133.115.36 - - [21/May/2026:12:28:32 +0800] "POST /wp-cron.php?doing_wp_cron=1779337712.0719430446624755859375 HTTP/1.1" 200 31 "-" "WordPress/6.9; http://cqqizhou.com"
40.77.179.54 - - [21/May/2026:12:28:32 +0800] "GET /wp-json/contact-form-7/v1/contact-forms/1444/feedback/schema HTTP/1.1" 200 270 "http://cqqizhou.com/logistics" "Mozilla/5.0 AppleWebKit/537.36 (KHTML, like Gecko; compatible; bingbot/2.0; +http://www.bing.com/bingbot.htm) Chrome/136.0.0.0 Safari/537.36"
40.77.179.54 - - [21/May/2026:12:28:32 +0800] "GET /wp-json/contact-form-7/v1/contact-forms/1444/refill HTTP/1.1" 200 33 "http://cqqizhou.com/logistics" "Mozilla/5.0 AppleWebKit/537.36 (KHTML, like Gecko; compatible; bingbot/2.0; +http://www.bing.com/bingbot.htm) Chrome/136.0.0.0 Safari/537.36"
36.133.115.36 - - [21/May/2026:12:39:45 +0800] "POST /wp-cron.php?doing_wp_cron=1779338385.3999578952789306640625 HTTP/1.1" 200 31 "-" "WordPress/6.9; http://cqqizhou.com"
146.56.180.42 - - [21/May/2026:12:39:45 +0800] "GET http://146.56.180.42:3333/ HTTP/1.1" 200 35086 "-" "Mozilla/5.0 (Windows NT 10.0; Win64; x64) AppleWebKit/537.36"
36.133.115.36 - - [21/May/2026:12:41:13 +0800] "POST /wp-cron.php?doing_wp_cron=1779338473.6809480190277099609375 HTTP/1.1" 200 31 "-" "WordPress/6.9; http://cqqizhou.com"
129.226.217.17 - - [21/May/2026:12:41:13 +0800] "GET / HTTP/1.1" 301 5 "-" "Mozilla/5.0 (iPhone; CPU iPhone OS 13_2_3 like Mac OS X) AppleWebKit/605.1.15 (KHTML, like Gecko) Version/13.0.3 Mobile/15E148 Safari/604.1"
129.226.217.17 - - [21/May/2026:12:41:16 +0800] "GET / HTTP/1.1" 200 35086 "http://36.133.115.36" "Mozilla/5.0 (iPhone; CPU iPhone OS 13_2_3 like Mac OS X) AppleWebKit/605.1.15 (KHTML, like Gecko) Version/13.0.3 Mobile/15E148 Safari/604.1"
45.148.10.67 - - [21/May/2026:12:41:31 +0800] "GET / HTTP/1.1" 200 35086 "-" "Mozilla/5.0 (Windows NT 10.0; Win64; x64) AppleWebKit/537.36 (KHTML, like Gecko) Chrome/131.0.0.0 Safari/537.36"
36.133.115.36 - - [21/May/2026:13:06:26 +0800] "POST /wp-cron.php?doing_wp_cron=1779339986.9580299854278564453125 HTTP/1.1" 200 31 "-" "WordPress/6.9; http://cqqizhou.com"
69.5.169.156 - - [21/May/2026:13:06:26 +0800] "GET / HTTP/1.1" 301 5 "-" "Mozilla/5.0 (compatible; Infrawatch/1.0; +https://infrawat.ch/)"
36.133.115.36 - - [21/May/2026:13:17:36 +0800] "POST /wp-cron.php?doing_wp_cron=1779340656.8779458999633789062500 HTTP/1.1" 200 31 "-" "WordPress/6.9; http://cqqizhou.com"
93.123.72.166 - - [21/May/2026:13:17:36 +0800] "GET /SDK/webLanguage HTTP/1.1" 301 5 "-" "Mozilla/5.0 (Windows NT 10.0; Win64; x64) AppleWebKit/537.36 (KHTML, like Gecko) Chrome/90.0.4430.85 Safari/537.36 Edg/90.0.818.46"
36.133.115.36 - - [21/May/2026:13:19:08 +0800] "POST /wp-cron.php?doing_wp_cron=1779340748.5781080722808837890625 HTTP/1.1" 200 31 "-" "WordPress/6.9; http://cqqizhou.com"
82.156.116.86 - - [21/May/2026:13:19:08 +0800] "GET / HTTP/1.1" 200 35086 "-" "Mozilla/5.0 (iPhone; CPU iPhone OS 13_2_3 like Mac OS X) AppleWebKit/605.1.15 (KHTML, like Gecko) Version/13.0.3 Mobile/15E148 Safari/604.1"
36.133.115.36 - - [21/May/2026:13:45:37 +0800] "POST /wp-cron.php?doing_wp_cron=1779342337.2540929317474365234375 HTTP/1.1" 200 31 "-" "WordPress/6.9; http://cqqizhou.com"
172.110.223.155 - - [21/May/2026:13:45:37 +0800] "GET / HTTP/1.1" 301 5 "-" "-"
36.133.115.36 - - [21/May/2026:13:52:57 +0800] "POST /wp-cron.php?doing_wp_cron=1779342777.0855979919433593750000 HTTP/1.1" 200 31 "-" "WordPress/6.9; http://cqqizhou.com"
34.22.238.236 - - [21/May/2026:13:52:57 +0800] "GET / HTTP/1.1" 200 35086 "-" "Mozilla/5.0 (Windows NT 10.0; Win64; x64) AppleWebKit/537.36 (KHTML, like Gecko) Chrome/127.0.0.0 Safari/537.36"
34.62.225.0 - - [21/May/2026:13:52:59 +0800] "OPTIONS / HTTP/1.1" 405 150 "-" "Mozilla/5.0 (compatible)"
34.62.225.0 - - [21/May/2026:13:53:00 +0800] "QVAJ / HTTP/1.1" 405 150 "-" "Mozilla/5.0 (compatible)"
34.62.225.0 - - [21/May/2026:13:53:01 +0800] "GET / HTTP/1.1" 301 5 "-" "Mozilla/5.0 (compatible)"
34.62.225.0 - - [21/May/2026:13:53:02 +0800] "HEAD / HTTP/1.1" 301 0 "-" "Mozilla/5.0 (compatible)"
34.62.225.0 - - [21/May/2026:13:53:04 +0800] "POST / HTTP/1.1" 200 158542 "-" "Mozilla/5.0 (compatible)"
34.62.225.0 - - [21/May/2026:13:53:05 +0800] "GET / HTTP/1.1" 301 5 "-" "Mozilla/5.0 (compatible)"
34.62.225.0 - - [21/May/2026:13:53:05 +0800] "OPTIONS / HTTP/1.1" 405 150 "-" "Mozilla/5.0 (compatible)"
5.231.255.137 - - [21/May/2026:14:14:01 +0800] "GET / HTTP/1.1" 200 35528 "https://www.google.com/" "Mozilla/5.0 (Macintosh; Intel Mac OS X 10_15_7) AppleWebKit/537.36 (KHTML, like Gecko) Chrome/142.0.0.0 Safari/537.36"
36.133.115.36 - - [21/May/2026:14:14:03 +0800] "POST /wp-cron.php?doing_wp_cron=1779344043.3778829574584960937500 HTTP/1.1" 200 31 "-" "WordPress/6.9; http://cqqizhou.com"
5.231.255.137 - - [21/May/2026:14:14:03 +0800] "GET /wp-json/ HTTP/1.1" 200 20659 "https://www.google.com/" "Mozilla/5.0 (Macintosh; Intel Mac OS X 10_15_7) AppleWebKit/537.36 (KHTML, like Gecko) Chrome/142.0.0.0 Safari/537.36"
5.231.255.137 - - [21/May/2026:14:14:04 +0800] "GET /wp-json/wp/v2/types HTTP/1.1" 200 893 "https://www.google.com/" "Mozilla/5.0 (Macintosh; Intel Mac OS X 10_15_7) AppleWebKit/537.36 (KHTML, like Gecko) Chrome/142.0.0.0 Safari/537.36"
5.231.255.137 - - [21/May/2026:14:14:06 +0800] "GET /wp-json/wp/v2/taxonomies HTTP/1.1" 200 401 "https://www.google.com/" "Mozilla/5.0 (Macintosh; Intel Mac OS X 10_15_7) AppleWebKit/537.36 (KHTML, like Gecko) Chrome/142.0.0.0 Safari/537.36"
5.231.255.137 - - [21/May/2026:14:14:07 +0800] "GET /feed/ HTTP/1.1" 301 5 "https://www.google.com/" "Mozilla/5.0 (Macintosh; Intel Mac OS X 10_15_7) AppleWebKit/537.36 (KHTML, like Gecko) Chrome/142.0.0.0 Safari/537.36"
36.133.115.36 - - [21/May/2026:14:14:08 +0800] "POST /wp-cron.php?doing_wp_cron=1779344048.5307350158691406250000 HTTP/1.1" 200 31 "-" "WordPress/6.9; http://cqqizhou.com"
5.231.255.137 - - [21/May/2026:14:14:08 +0800] "GET /feed HTTP/1.1" 200 47437 "https://www.google.com/" "Mozilla/5.0 (Macintosh; Intel Mac OS X 10_15_7) AppleWebKit/537.36 (KHTML, like Gecko) Chrome/142.0.0.0 Safari/537.36"
5.231.255.137 - - [21/May/2026:14:14:10 +0800] "GET /wp-sitemap-posts-page-1.xml HTTP/1.1" 501 253 "https://www.google.com/" "Mozilla/5.0 (Macintosh; Intel Mac OS X 10_15_7) AppleWebKit/537.36 (KHTML, like Gecko) Chrome/142.0.0.0 Safari/537.36"
5.231.255.137 - - [21/May/2026:14:14:11 +0800] "GET /sitemap.xml HTTP/1.1" 200 603 "https://www.google.com/" "Mozilla/5.0 (Macintosh; Intel Mac OS X 10_15_7) AppleWebKit/537.36 (KHTML, like Gecko) Chrome/142.0.0.0 Safari/537.36"
5.231.255.137 - - [21/May/2026:14:14:13 +0800] "GET /news/portfolio-category/remaining-rolls HTTP/1.1" 200 21526 "https://www.google.com/" "Mozilla/5.0 (Macintosh; Intel Mac OS X 10_15_7) AppleWebKit/537.36 (KHTML, like Gecko) Chrome/142.0.0.0 Safari/537.36"
5.231.255.137 - - [21/May/2026:14:14:14 +0800] "GET /news/portfolio-category/cold-rolled-coil HTTP/1.1" 200 21555 "https://www.google.com/" "Mozilla/5.0 (Macintosh; Intel Mac OS X 10_15_7) AppleWebKit/537.36 (KHTML, like Gecko) Chrome/142.0.0.0 Safari/537.36"
5.231.255.137 - - [21/May/2026:14:14:16 +0800] "GET /news/tag/%e5%8d%9a%e8%81%94%e8%be%be HTTP/1.1" 200 23133 "https://www.google.com/" "Mozilla/5.0 (Macintosh; Intel Mac OS X 10_15_7) AppleWebKit/537.36 (KHTML, like Gecko) Chrome/142.0.0.0 Safari/537.36"
5.231.255.137 - - [21/May/2026:14:14:18 +0800] "GET /news/portfolio-category/dual-phase-steel HTTP/1.1" 200 21549 "https://www.google.com/" "Mozilla/5.0 (Macintosh; Intel Mac OS X 10_15_7) AppleWebKit/537.36 (KHTML, like Gecko) Chrome/142.0.0.0 Safari/537.36"
5.231.255.137 - - [21/May/2026:14:14:20 +0800] "GET /news/tag/%e5%90%af%e8%88%9f%e7%ae%a1%e7%90%86 HTTP/1.1" 200 22021 "https://www.google.com/" "Mozilla/5.0 (Macintosh; Intel Mac OS X 10_15_7) AppleWebKit/537.36 (KHTML, like Gecko) Chrome/142.0.0.0 Safari/537.36"
5.231.255.137 - - [21/May/2026:14:14:21 +0800] "GET /wp-login.php HTTP/1.1" 200 2853 "https://www.google.com/" "Mozilla/5.0 (Macintosh; Intel Mac OS X 10_15_7) AppleWebKit/537.36 (KHTML, like Gecko) Chrome/142.0.0.0 Safari/537.36"
5.231.255.137 - - [21/May/2026:14:14:22 +0800] "GET /wp-content/plugins/worker/readme.txt HTTP/1.1" 404 9409 "https://www.google.com/" "Mozilla/5.0 (Macintosh; Intel Mac OS X 10_15_7) AppleWebKit/537.36 (KHTML, like Gecko) Chrome/142.0.0.0 Safari/537.36"
5.231.255.137 - - [21/May/2026:14:14:24 +0800] "GET /wp-content/plugins/mainwp-child/readme.txt HTTP/1.1" 404 9410 "https://www.google.com/" "Mozilla/5.0 (Macintosh; Intel Mac OS X 10_15_7) AppleWebKit/537.36 (KHTML, like Gecko) Chrome/142.0.0.0 Safari/537.36"
5.231.255.137 - - [21/May/2026:14:14:25 +0800] "GET /wp-content/plugins/iwp-client/readme.txt HTTP/1.1" 404 9409 "https://www.google.com/" "Mozilla/5.0 (Macintosh; Intel Mac OS X 10_15_7) AppleWebKit/537.36 (KHTML, like Gecko) Chrome/142.0.0.0 Safari/537.36"
5.231.255.137 - - [21/May/2026:14:14:26 +0800] "GET /wp-content/plugins/vaultpress/readme.txt HTTP/1.1" 404 9410 "https://www.google.com/" "Mozilla/5.0 (Macintosh; Intel Mac OS X 10_15_7) AppleWebKit/537.36 (KHTML, like Gecko) Chrome/142.0.0.0 Safari/537.36"
36.133.115.36 - - [21/May/2026:14:46:26 +0800] "POST /wp-cron.php?doing_wp_cron=1779345986.7691679000854492187500 HTTP/1.1" 200 31 "-" "WordPress/6.9; http://cqqizhou.com"
61.155.157.54 - - [21/May/2026:14:46:26 +0800] "GET / HTTP/1.1" 301 5 "-" "Mozilla/5.0 (Windows NT 10.0; Win64; x64) AppleWebKit/537.36 (KHTML, like Gecko) Chrome/100.0.4896.127 Safari/537.36"
61.155.157.54 - - [21/May/2026:14:46:27 +0800] "GET / HTTP/1.1" 200 35528 "-" "Mozilla/5.0 (Windows NT 10.0; Win64; x64) AppleWebKit/537.36 (KHTML, like Gecko) Chrome/100.0.4896.127 Safari/537.36"
36.133.115.36 - - [21/May/2026:15:27:08 +0800] "POST /wp-cron.php?doing_wp_cron=1779348428.6125810146331787109375 HTTP/1.1" 200 31 "-" "WordPress/6.9; http://cqqizhou.com"
180.153.236.20 - - [21/May/2026:15:27:08 +0800] "GET / HTTP/1.1" 301 5 "http://www.cqqizhou.com/" "User-Agent:Mozilla/5.0 (Windows NT 10.0; Win64; x64) AppleWebKit/537.36 (KHTML, like Gecko) Chrome/140.0.0.0 Safari/537.36 Edg/140.0.0.0; 360Spider"
180.153.236.105 - - [21/May/2026:15:27:28 +0800] "GET / HTTP/1.1" 200 35528 "http://cqqizhou.com/" "User-Agent:Mozilla/5.0 (Windows NT 10.0; Win64; x64) AppleWebKit/537.36 (KHTML, like Gecko) Chrome/140.0.0.0 Safari/537.36 Edg/140.0.0.0; 360Spider"
104.143.232.245 - - [21/May/2026:15:34:29 +0800] "GET /wp-content/uploads/2026/04/1775865780-1Article_images_W900px.webp HTTP/1.1" 200 41840 "http://cqqizhou.com" "Mozilla/5.0 (Macintosh; Intel Mac OS X 10_15_7) AppleWebKit/537.36 (KHTML, like Gecko) Chrome/130.0.0.0 Safari/537.36"
36.133.115.36 - - [21/May/2026:15:35:45 +0800] "POST /wp-cron.php?doing_wp_cron=1779348945.8452029228210449218750 HTTP/1.1" 200 31 "-" "WordPress/6.9; http://cqqizhou.com"
143.20.185.242 - - [21/May/2026:15:35:46 +0800] "GET / HTTP/1.1" 200 108018 "-" "-"
36.133.115.36 - - [21/May/2026:15:40:42 +0800] "POST /wp-cron.php?doing_wp_cron=1779349242.1935110092163085937500 HTTP/1.1" 200 31 "-" "WordPress/6.9; http://cqqizhou.com"
47.95.210.0 - - [21/May/2026:15:40:42 +0800] "GET / HTTP/1.0" 301 0 "-" "-"
47.95.210.0 - - [21/May/2026:15:40:53 +0800] "GET / HTTP/1.0" 301 0 "-" "-"
47.95.210.0 - - [21/May/2026:15:40:53 +0800] "GET /nmaplowercheck1779349243 HTTP/1.1" 404 32979 "-" "Mozilla/5.0 (compatible; Nmap Scripting Engine; https://nmap.org/book/nse.html)"
47.95.210.0 - - [21/May/2026:15:40:53 +0800] "POST /sdk HTTP/1.1" 404 32979 "-" "Mozilla/5.0 (compatible; Nmap Scripting Engine; https://nmap.org/book/nse.html)"
47.95.210.0 - - [21/May/2026:15:40:54 +0800] "GET /evox/about HTTP/1.1" 404 32979 "-" "Mozilla/5.0 (compatible; Nmap Scripting Engine; https://nmap.org/book/nse.html)"
47.95.210.0 - - [21/May/2026:15:40:54 +0800] "GET /HNAP1 HTTP/1.1" 404 32979 "-" "Mozilla/5.0 (compatible; Nmap Scripting Engine; https://nmap.org/book/nse.html)"
36.133.115.36 - - [21/May/2026:15:41:13 +0800] "POST /wp-cron.php?doing_wp_cron=1779349273.2852098941802978515625 HTTP/1.1" 200 31 "-" "WordPress/6.9; http://cqqizhou.com"
47.95.210.0 - - [21/May/2026:15:41:13 +0800] "GET / HTTP/1.0" 301 0 "-" "-"
47.95.210.0 - - [21/May/2026:15:41:14 +0800] "GET / HTTP/1.1" 301 5 "-" "-"
36.133.115.36 - - [21/May/2026:15:50:42 +0800] "POST /wp-cron.php?doing_wp_cron=1779349842.8262999057769775390625 HTTP/1.1" 200 31 "-" "WordPress/6.9; http://cqqizhou.com"
103.77.246.173 - - [21/May/2026:15:50:42 +0800] "GET / HTTP/1.1" 200 158542 "-" "-"
156.59.198.135 - - [21/May/2026:15:51:48 +0800] "GET /wp-content/uploads/2026/04/1775865780-1Article_images_W900px.webp HTTP/1.1" 200 41840 "http://cqqizhou.com" "Mozilla/5.0 (Linux; Android 5.0) AppleWebKit/537.36 (KHTML, like Gecko) Mobile Safari/537.36 (compatible; Bytespider; spider-feedback@bytedance.com)"
36.133.115.36 - - [21/May/2026:15:51:49 +0800] "POST /wp-cron.php?doing_wp_cron=1779349909.2767119407653808593750 HTTP/1.1" 200 31 "-" "WordPress/6.9; http://cqqizhou.com"
5.61.209.126 - - [21/May/2026:15:51:49 +0800] "GET /SDK/webLanguage HTTP/1.1" 301 5 "-" "Mozilla/5.0 (Windows NT 10.0; Win64; x64) AppleWebKit/537.36 (KHTML, like Gecko) Chrome/90.0.4430.85 Safari/537.36 Edg/90.0.818.46"
156.59.198.136 - - [21/May/2026:15:55:49 +0800] "GET /wp-content/uploads/2026/04/1775698332-Article_images_W900px.webp HTTP/1.1" 200 49852 "http://cqqizhou.com" "Mozilla/5.0 (Linux; Android 5.0) AppleWebKit/537.36 (KHTML, like Gecko) Mobile Safari/537.36 (compatible; Bytespider; spider-feedback@bytedance.com)"
36.133.115.36 - - [21/May/2026:16:09:44 +0800] "POST /wp-cron.php?doing_wp_cron=1779350984.7630479335784912109375 HTTP/1.1" 200 31 "-" "WordPress/6.9; http://cqqizhou.com"
111.225.149.151 - - [21/May/2026:16:09:44 +0800] "GET /robots.txt HTTP/1.1" 200 190 "-" "Mozilla/5.0 (Linux; Android 5.0) AppleWebKit/537.36 (KHTML, like Gecko) Mobile Safari/537.36 (compatible; Bytespider; https://zhanzhang.toutiao.com/)"
36.133.115.36 - - [21/May/2026:16:48:19 +0800] "POST /wp-cron.php?doing_wp_cron=1779353299.3483240604400634765625 HTTP/1.1" 200 31 "-" "WordPress/6.9; http://cqqizhou.com"
106.52.216.13 - - [21/May/2026:16:48:19 +0800] "GET / HTTP/1.1" 200 35086 "-" "Mozilla/5.0 (iPhone; CPU iPhone OS 13_2_3 like Mac OS X) AppleWebKit/605.1.15 (KHTML, like Gecko) Version/13.0.3 Mobile/15E148 Safari/604.1"
36.133.115.36 - - [21/May/2026:16:52:03 +0800] "POST /wp-cron.php?doing_wp_cron=1779353523.6693429946899414062500 HTTP/1.1" 200 31 "-" "WordPress/6.9; http://cqqizhou.com"
170.106.163.84 - - [21/May/2026:16:52:03 +0800] "GET / HTTP/1.1" 301 5 "-" "Mozilla/5.0 (iPhone; CPU iPhone OS 13_2_3 like Mac OS X) AppleWebKit/605.1.15 (KHTML, like Gecko) Version/13.0.3 Mobile/15E148 Safari/604.1"
170.106.163.84 - - [21/May/2026:16:52:06 +0800] "GET / HTTP/1.1" 200 35086 "http://36.133.115.36" "Mozilla/5.0 (iPhone; CPU iPhone OS 13_2_3 like Mac OS X) AppleWebKit/605.1.15 (KHTML, like Gecko) Version/13.0.3 Mobile/15E148 Safari/604.1"
36.133.115.36 - - [21/May/2026:16:58:39 +0800] "POST /wp-cron.php?doing_wp_cron=1779353918.9701640605926513671875 HTTP/1.1" 200 31 "-" "WordPress/6.9; http://cqqizhou.com"
206.189.73.137 - - [21/May/2026:16:58:39 +0800] "GET / HTTP/1.1" 301 5 "-" "Go-http-client/1.1"
206.189.73.137 - - [21/May/2026:16:58:39 +0800] "GET / HTTP/1.1" 200 35528 "http://36.133.115.36" "Go-http-client/1.1"
36.133.115.36 - - [21/May/2026:17:18:50 +0800] "POST /wp-cron.php?doing_wp_cron=1779355130.8784990310668945312500 HTTP/1.1" 200 31 "-" "WordPress/6.9; http://cqqizhou.com"
60.12.109.20 - - [21/May/2026:17:18:50 +0800] "GET /manager/html HTTP/1.1" 404 9407 "-" "python-requests/2.27.1"
36.133.115.36 - - [21/May/2026:17:19:16 +0800] "POST /wp-cron.php?doing_wp_cron=1779355156.2956409454345703125000 HTTP/1.1" 200 31 "-" "WordPress/6.9; http://cqqizhou.com"
111.198.227.138 - - [21/May/2026:17:19:16 +0800] "GET /contacts/ HTTP/1.1" 301 5 "-" "Mozilla/5.0 (Windows NT 10.0; Win64; x64) AppleWebKit/537.36 (KHTML, like Gecko) Chrome/136.0.0.0 Safari/537.36"
111.198.227.138 - - [21/May/2026:17:19:17 +0800] "GET http://cqqizhou.com/contacts HTTP/1.1" 200 22079 "-" "Mozilla/5.0 (Windows NT 10.0; Win64; x64) AppleWebKit/537.36 (KHTML, like Gecko) Chrome/136.0.0.0 Safari/537.36"
93.123.72.166 - - [21/May/2026:17:19:20 +0800] "GET /SDK/webLanguage HTTP/1.1" 301 5 "-" "Mozilla/5.0 (Windows NT 10.0; Win64; x64) AppleWebKit/537.36 (KHTML, like Gecko) Chrome/90.0.4430.85 Safari/537.36 Edg/90.0.818.46"
36.133.115.36 - - [21/May/2026:17:20:36 +0800] "POST /wp-cron.php?doing_wp_cron=1779355236.4252870082855224609375 HTTP/1.1" 200 31 "-" "WordPress/6.9; http://cqqizhou.com"
113.195.89.191 - - [21/May/2026:17:20:36 +0800] "GET / HTTP/1.1" 301 5 "-" "Mozilla/5.0 (Macintosh; Intel Mac OS X 10_15_7) AppleWebKit/537.36 (KHTML, like Gecko) Chrome/120.0.0.0 Safari/537.36 Edg/120.0.0.0"
39.162.152.237 - - [21/May/2026:17:20:56 +0800] "GET /robots.txt HTTP/1.1" 301 5 "-" "Mozilla/5.0 (Macintosh; Intel Mac OS X 10_15_7) AppleWebKit/537.36 (KHTML, like Gecko) Chrome/120.0.0.0 Safari/537.36 Edg/120.0.0.0"
36.148.60.127 - - [21/May/2026:17:20:58 +0800] "GET /robots.txt HTTP/1.1" 200 190 "http://www.cqqizhou.com/robots.txt" "Mozilla/5.0 (Macintosh; Intel Mac OS X 10_15_7) AppleWebKit/537.36 (KHTML, like Gecko) Chrome/120.0.0.0 Safari/537.36 Edg/120.0.0.0"
117.188.105.137 - - [21/May/2026:17:20:59 +0800] "GET /sitemap.xml HTTP/1.1" 200 603 "-" "Mozilla/5.0 (Macintosh; Intel Mac OS X 10_15_7) AppleWebKit/537.36 (KHTML, like Gecko) Chrome/120.0.0.0 Safari/537.36 Edg/120.0.0.0"
36.133.115.36 - - [21/May/2026:17:21:27 +0800] "POST /wp-cron.php?doing_wp_cron=1779355287.6123929023742675781250 HTTP/1.1" 200 31 "-" "WordPress/6.9; http://cqqizhou.com"
172.98.22.218 - - [21/May/2026:17:21:27 +0800] "GET / HTTP/1.1" 301 5 "-" "curl/7.81.0"
172.98.22.218 - - [21/May/2026:17:21:28 +0800] "GET / HTTP/1.1" 200 160201 "-" "curl/7.81.0"
36.133.115.36 - - [21/May/2026:17:23:23 +0800] "POST /wp-cron.php?doing_wp_cron=1779355402.9840331077575683593750 HTTP/1.1" 200 31 "-" "WordPress/6.9; http://cqqizhou.com"
183.57.177.131 - - [21/May/2026:17:23:23 +0800] "GET / HTTP/1.1" 301 5 "-" "Mozilla/5.0 (Windows NT 10.0; Win64; x64) AppleWebKit/537.36 (KHTML, like Gecko) Chrome/122.0.0.0 Safari/537.36 Edg/122.0.0.0"
183.57.177.131 - - [21/May/2026:17:23:23 +0800] "GET / HTTP/1.1" 200 35528 "http://www.cqqizhou.com" "Mozilla/5.0 (Windows NT 10.0; Win64; x64) AppleWebKit/537.36 (KHTML, like Gecko) Chrome/122.0.0.0 Safari/537.36 Edg/122.0.0.0"
36.133.115.36 - - [21/May/2026:17:42:59 +0800] "POST /wp-cron.php?doing_wp_cron=1779356579.9573891162872314453125 HTTP/1.1" 200 31 "-" "WordPress/6.9; http://cqqizhou.com"
175.107.1.32 - - [21/May/2026:17:43:05 +0800] "GET /boaform/admin/formLogin?username=ec8&psd=ec8 HTTP/1.0" 404 32966 "-" "-"
36.133.115.36 - - [21/May/2026:17:52:10 +0800] "POST /wp-cron.php?doing_wp_cron=1779357130.4323110580444335937500 HTTP/1.1" 200 31 "-" "WordPress/6.9; http://cqqizhou.com"
66.249.73.228 - - [21/May/2026:17:52:10 +0800] "GET /robots.txt HTTP/1.1" 200 190 "-" "Mozilla/5.0 (compatible; Googlebot/2.1; +http://www.google.com/bot.html)"
181.199.41.70 - - [21/May/2026:17:52:48 +0800] "GET /wp-content/uploads/2026/01/1770349139-202624Article_images_W900%C3%97500px20260-.webp HTTP/1.1" 200 58006 "-" "Mozilla/5.0 (Windows NT 10.0; Win64; x64) AppleWebKit/537.36 (KHTML, like Gecko) Chrome/143.0.0.0 Safari/537.36 Edg/143.0.0.0"
36.133.115.36 - - [21/May/2026:17:56:51 +0800] "POST /wp-cron.php?doing_wp_cron=1779357411.1379480361938476562500 HTTP/1.1" 200 31 "-" "WordPress/6.9; http://cqqizhou.com"
182.121.47.201 - - [21/May/2026:17:56:51 +0800] "POST /GponForm/diag_Form?images/ HTTP/1.1" 404 9409 "-" "Hello, World"
116.202.146.229 - - [21/May/2026:18:03:11 +0800] "GET / HTTP/1.1" 200 35528 "-" "Mozilla/5.0 (Windows NT 10.0; Win64; x64) AppleWebKit/537.36 (KHTML, like Gecko) Chrome/116.0.0.0 Safari/537.36"
36.133.115.36 - - [21/May/2026:18:37:23 +0800] "POST /wp-cron.php?doing_wp_cron=1779359843.8310999870300292968750 HTTP/1.1" 200 31 "-" "WordPress/6.9; http://cqqizhou.com"
121.29.51.28 - - [21/May/2026:18:37:23 +0800] "GET / HTTP/1.1" 301 5 "-" "Dalvik/2.1.0 (Linux; U; Android 9.0; ZTE BA520 Build/MRA58K)"
121.29.51.28 - - [21/May/2026:18:37:27 +0800] "GET / HTTP/1.1" 200 35086 "-" "Dalvik/2.1.0 (Linux; U; Android 9.0; ZTE BA520 Build/MRA58K)"
36.133.115.36 - - [21/May/2026:18:41:57 +0800] "POST /wp-cron.php?doing_wp_cron=1779360117.3523509502410888671875 HTTP/1.1" 200 31 "-" "WordPress/6.9; http://cqqizhou.com"
43.153.102.138 - - [21/May/2026:18:41:57 +0800] "GET / HTTP/1.1" 200 35086 "-" "Mozilla/5.0 (iPhone; CPU iPhone OS 13_2_3 like Mac OS X) AppleWebKit/605.1.15 (KHTML, like Gecko) Version/13.0.3 Mobile/15E148 Safari/604.1"
36.133.115.36 - - [21/May/2026:18:47:29 +0800] "POST /wp-cron.php?doing_wp_cron=1779360449.0008060932159423828125 HTTP/1.1" 200 31 "-" "WordPress/6.9; http://cqqizhou.com"
121.227.40.14 - - [21/May/2026:18:47:29 +0800] "GET /club HTTP/1.1" 200 12519 "-" "Mozilla/5.0 (Macintosh; Intel Mac OS X 10_15_7) AppleWebKit/537.36 (KHTML, like Gecko) Chrome/140.0.0.0 Safari/537.36"
36.133.115.36 - - [21/May/2026:18:53:46 +0800] "POST /wp-cron.php?doing_wp_cron=1779360826.4794790744781494140625 HTTP/1.1" 200 31 "-" "WordPress/6.9; http://cqqizhou.com"
192.175.111.252 - - [21/May/2026:18:53:46 +0800] "GET / HTTP/1.1" 301 5 "-" "Mozilla/5.0 (Windows NT 10.0; Win64; x64) AppleWebKit/537.36 (KHTML, like Gecko) Chrome/148.0.0.0 Safari/537.36"
192.175.111.250 - - [21/May/2026:18:53:58 +0800] "GET / HTTP/1.1" 301 5 "-" "Mozilla/5.0 (Windows NT 10.0; Win64; x64) AppleWebKit/537.36 (KHTML, like Gecko) Chrome/148.0.0.0 Safari/537.36"
192.175.111.248 - - [21/May/2026:18:53:59 +0800] "GET / HTTP/1.1" 200 160201 "http://www.cqqizhou.com/" "Mozilla/5.0 (Windows NT 10.0; Win64; x64) AppleWebKit/537.36 (KHTML, like Gecko) Chrome/148.0.0.0 Safari/537.36"
192.175.111.244 - - [21/May/2026:18:54:03 +0800] "GET / HTTP/1.1" 301 5 "-" "Mozilla/5.0 (Windows NT 10.0; Win64; x64) AppleWebKit/537.36 (KHTML, like Gecko) Chrome/148.0.0.0 Safari/537.36"
192.175.111.229 - - [21/May/2026:18:54:04 +0800] "GET / HTTP/1.1" 200 160201 "http://www.cqqizhou.com/" "Mozilla/5.0 (Windows NT 10.0; Win64; x64) AppleWebKit/537.36 (KHTML, like Gecko) Chrome/148.0.0.0 Safari/537.36"
36.133.115.36 - - [21/May/2026:18:54:08 +0800] "POST /wp-cron.php?doing_wp_cron=1779360848.3861880302429199218750 HTTP/1.1" 200 31 "-" "WordPress/6.9; http://cqqizhou.com"
192.175.111.247 - - [21/May/2026:18:54:08 +0800] "GET / HTTP/1.1" 301 5 "-" "Mozilla/5.0 (Windows NT 10.0; Win64; x64) AppleWebKit/537.36 (KHTML, like Gecko) Chrome/148.0.0.0 Safari/537.36"
192.175.111.237 - - [21/May/2026:18:54:10 +0800] "GET / HTTP/1.1" 200 160201 "http://www.cqqizhou.com/" "Mozilla/5.0 (Windows NT 10.0; Win64; x64) AppleWebKit/537.36 (KHTML, like Gecko) Chrome/148.0.0.0 Safari/537.36"
36.133.115.36 - - [21/May/2026:19:10:09 +0800] "POST /wp-cron.php?doing_wp_cron=1779361809.8283560276031494140625 HTTP/1.1" 200 31 "-" "WordPress/6.9; http://cqqizhou.com"
110.249.202.239 - - [21/May/2026:19:10:09 +0800] "GET /robots.txt HTTP/1.1" 200 190 "-" "Mozilla/5.0 (Linux; Android 5.0) AppleWebKit/537.36 (KHTML, like Gecko) Mobile Safari/537.36 (compatible; Bytespider; https://zhanzhang.toutiao.com/)"
36.133.115.36 - - [21/May/2026:19:15:39 +0800] "POST /wp-cron.php?doing_wp_cron=1779362139.3062019348144531250000 HTTP/1.1" 200 31 "-" "WordPress/6.9; http://cqqizhou.com"
43.157.149.188 - - [21/May/2026:19:15:39 +0800] "GET / HTTP/1.1" 200 35086 "-" "Mozilla/5.0 (iPhone; CPU iPhone OS 13_2_3 like Mac OS X) AppleWebKit/605.1.15 (KHTML, like Gecko) Version/13.0.3 Mobile/15E148 Safari/604.1"
36.133.115.36 - - [21/May/2026:19:18:47 +0800] "POST /wp-cron.php?doing_wp_cron=1779362327.6530609130859375000000 HTTP/1.1" 200 31 "-" "WordPress/6.9; http://cqqizhou.com"
182.142.168.45 - - [21/May/2026:19:18:47 +0800] "GET /contacts/ HTTP/1.1" 301 5 "-" "Mozilla/5.0 (Windows NT 10.0; Win64; x64) AppleWebKit/537.36 (KHTML, like Gecko) Chrome/136.0.0.0 Safari/537.36"
182.142.168.45 - - [21/May/2026:19:18:47 +0800] "GET http://cqqizhou.com/contacts HTTP/1.1" 200 22098 "-" "Mozilla/5.0 (Windows NT 10.0; Win64; x64) AppleWebKit/537.36 (KHTML, like Gecko) Chrome/136.0.0.0 Safari/537.36"
36.133.115.36 - - [21/May/2026:19:27:06 +0800] "POST /wp-cron.php?doing_wp_cron=1779362826.8186550140380859375000 HTTP/1.1" 200 31 "-" "WordPress/6.9; http://cqqizhou.com"
45.148.10.67 - - [21/May/2026:19:27:06 +0800] "GET / HTTP/1.1" 200 35086 "-" "Mozilla/5.0 (Windows NT 10.0; Win64; x64) AppleWebKit/537.36 (KHTML, like Gecko) Chrome/131.0.0.0 Safari/537.36"
36.133.115.36 - - [21/May/2026:19:27:40 +0800] "POST /wp-cron.php?doing_wp_cron=1779362860.4208021163940429687500 HTTP/1.1" 200 31 "-" "WordPress/6.9; http://cqqizhou.com"
140.179.114.141 - - [21/May/2026:19:27:40 +0800] "GET /2418/ HTTP/1.1" 301 5 "-" "Mozilla/5.0 (Macintosh; Intel Mac OS X 10_15_7) AppleWebKit/537.36 (KHTML, like Gecko) Chrome/117.0.0.0 Safari/537.36"
140.179.114.141 - - [21/May/2026:19:27:40 +0800] "GET /news/2418 HTTP/1.1" 200 24055 "-" "Mozilla/5.0 (Macintosh; Intel Mac OS X 10_15_7) AppleWebKit/537.36 (KHTML, like Gecko) Chrome/117.0.0.0 Safari/537.36"
52.81.136.1 - - [21/May/2026:19:27:40 +0800] "GET /wp-content/uploads/revslider/slider-1/1750861156-logistics_Slider_3840%C3%972160_20250625191356-scaled-768x432.webp HTTP/1.1" 200 31912 "http://cqqizhou.com/news/2418" "Mozilla/5.0 (Macintosh; Intel Mac OS X 10_15_7) AppleWebKit/537.36 (KHTML, like Gecko) Chrome/117.0.0.0 Safari/537.36"
140.179.165.204 - - [21/May/2026:19:27:40 +0800] "GET /wp-content/uploads/2025/07/1753410289-News2000%C3%97400_202571.webp HTTP/1.1" 200 17830 "http://cqqizhou.com/news/2418" "Mozilla/5.0 (Macintosh; Intel Mac OS X 10_15_7) AppleWebKit/537.36 (KHTML, like Gecko) Chrome/117.0.0.0 Safari/537.36"
140.179.114.141 - - [21/May/2026:19:27:40 +0800] "GET /wp-content/uploads/2026/04/1775698332-Article_images_W900px-768x432.webp HTTP/1.1" 200 50430 "http://cqqizhou.com/news/2418" "Mozilla/5.0 (Macintosh; Intel Mac OS X 10_15_7) AppleWebKit/537.36 (KHTML, like Gecko) Chrome/117.0.0.0 Safari/537.36"
140.179.114.141 - - [21/May/2026:19:27:40 +0800] "GET /wp-content/uploads/2026/05/1779328461-1Article_images_W900px-768x432.webp HTTP/1.1" 200 37678 "http://cqqizhou.com/news/2418" "Mozilla/5.0 (Macintosh; Intel Mac OS X 10_15_7) AppleWebKit/537.36 (KHTML, like Gecko) Chrome/117.0.0.0 Safari/537.36"
140.179.114.141 - - [21/May/2026:19:27:41 +0800] "GET /wp-content/uploads/2025/07/1751425283-qizhou.kf_.qq_.com_.webp HTTP/1.1" 200 16864 "http://cqqizhou.com/news/2418" "Mozilla/5.0 (Macintosh; Intel Mac OS X 10_15_7) AppleWebKit/537.36 (KHTML, like Gecko) Chrome/117.0.0.0 Safari/537.36"
36.133.115.36 - - [21/May/2026:19:35:59 +0800] "POST /wp-cron.php?doing_wp_cron=1779363359.3209431171417236328125 HTTP/1.1" 200 31 "-" "WordPress/6.9; http://cqqizhou.com"
118.24.135.34 - - [21/May/2026:19:35:59 +0800] "GET / HTTP/1.1" 301 5 "-" "Mozilla/5.0 (iPhone; CPU iPhone OS 13_2_3 like Mac OS X) AppleWebKit/605.1.15 (KHTML, like Gecko) Version/13.0.3 Mobile/15E148 Safari/604.1"
118.24.135.34 - - [21/May/2026:19:36:03 +0800] "GET / HTTP/1.1" 200 35085 "http://www.cqqizhou.com" "Mozilla/5.0 (iPhone; CPU iPhone OS 13_2_3 like Mac OS X) AppleWebKit/605.1.15 (KHTML, like Gecko) Version/13.0.3 Mobile/15E148 Safari/604.1"
110.249.202.190 - - [21/May/2026:19:53:12 +0800] "GET /wp-content/uploads/2026/04/1775698332-Article_images_W900px.webp HTTP/1.1" 200 49852 "http://cqqizhou.com" "Mozilla/5.0 (Linux; Android 5.0) AppleWebKit/537.36 (KHTML, like Gecko) Mobile Safari/537.36 (compatible; Bytespider; https://zhanzhang.toutiao.com/)"
36.133.115.36 - - [21/May/2026:19:59:38 +0800] "POST /wp-cron.php?doing_wp_cron=1779364777.9836750030517578125000 HTTP/1.1" 200 31 "-" "WordPress/6.9; http://cqqizhou.com"
43.136.167.197 - - [21/May/2026:19:59:38 +0800] "GET / HTTP/1.1" 200 35086 "-" "Mozilla/5.0 (iPhone; CPU iPhone OS 13_2_3 like Mac OS X) AppleWebKit/605.1.15 (KHTML, like Gecko) Version/13.0.3 Mobile/15E148 Safari/604.1"
43.136.167.197 - - [21/May/2026:19:59:48 +0800] "GET /news/portfolio-category/cold-rolled-coil HTTP/1.1" 200 18213 "-" "Mozilla/5.0 (iPhone; CPU iPhone OS 13_2_3 like Mac OS X) AppleWebKit/605.1.15 (KHTML, like Gecko) Version/13.0.3 Mobile/15E148 Safari/604.1"
118.24.135.34 - - [21/May/2026:20:21:05 +0800] "GET /wp-content/uploads/2025/07/1751425283-qizhou.kf_.qq_.com_.webp HTTP/1.1" 200 16864 "-" "Mozilla/5.0 (iPhone; CPU iPhone OS 13_2_3 like Mac OS X) AppleWebKit/605.1.15 (KHTML, like Gecko) Version/13.0.3 Mobile/15E148 Safari/604.1"
