File: //home/logs/cqqizhou_access_2026-05-21.log
36.133.115.36 - - [21/May/2026:00:12:32 +0800] "POST /wp-cron.php?doing_wp_cron=1779293552.5802969932556152343750 HTTP/1.1" 200 31 "-" "WordPress/6.9; http://cqqizhou.com"
93.123.72.166 - - [21/May/2026:00:12:32 +0800] "GET /SDK/webLanguage HTTP/1.1" 301 5 "-" "Mozilla/5.0 (Windows NT 10.0; Win64; x64) AppleWebKit/537.36 (KHTML, like Gecko) Chrome/90.0.4430.85 Safari/537.36 Edg/90.0.818.46"
36.133.115.36 - - [21/May/2026:00:18:41 +0800] "POST /wp-cron.php?doing_wp_cron=1779293920.9951989650726318359375 HTTP/1.1" 200 31 "-" "WordPress/6.9; http://cqqizhou.com"
45.148.10.67 - - [21/May/2026:00:18:41 +0800] "GET / HTTP/1.1" 200 35172 "-" "Mozilla/5.0 (Windows NT 10.0; Win64; x64) AppleWebKit/537.36 (KHTML, like Gecko) Chrome/131.0.0.0 Safari/537.36"
36.133.115.36 - - [21/May/2026:00:24:42 +0800] "POST /wp-cron.php?doing_wp_cron=1779294282.0690569877624511718750 HTTP/1.1" 200 31 "-" "WordPress/6.9; http://cqqizhou.com"
1.204.124.195 - - [21/May/2026:00:24:42 +0800] "GET /Ly9jcXFpemhvdS5jb20vd3AtY29udGVudC91cGxvYWRzL3JldnNsaWRlci9zbGlkZXItMS8xNzUwODYxMTU2LWxvZ2lzdGljc19TbGlkZXJfMzg0MMOXMjE2MF8yMDI1MDYyNTE5MTM1Ni1zY2FsZWQud2VicA== HTTP/1.1" 404 9410 "-" "Mozilla/5.0 (Windows NT 6.2) AppleWebKit/537.36 (KHTML, like Gecko) Chrome/88.0.4324.27"
36.133.115.36 - - [21/May/2026:00:29:18 +0800] "POST /wp-cron.php?doing_wp_cron=1779294558.3082299232482910156250 HTTP/1.1" 200 31 "-" "WordPress/6.9; http://cqqizhou.com"
59.60.170.228 - - [21/May/2026:00:29:18 +0800] "GET /Ly9jcXFpemhvdS5jb20vd3AtY29udGVudC91cGxvYWRzLzIwMjYvMDEvMTc2ODI3NjExOS1xaXpob3VqaWFnb25nX1NsaWRlcl8zODQww5cyMTYwXzIwMjYwMTEzLXNjYWxlZC53ZWJw HTTP/1.1" 404 9410 "-" "Mozilla/5.0 (Windows NT 6.2; WOW64) AppleWebKit/537.36 (KHTML, like Gecko) Chrome/88.0.4324.27"
36.133.115.36 - - [21/May/2026:00:48:26 +0800] "POST /wp-cron.php?doing_wp_cron=1779295706.6753380298614501953125 HTTP/1.1" 200 31 "-" "WordPress/6.9; http://cqqizhou.com"
113.79.171.186 - - [21/May/2026:00:48:26 +0800] "GET /Ly9jcXFpemhvdS5jb20vd3AtY29udGVudC91cGxvYWRzLzIwMjUvMTIvMTc2NTI2ODk1NS1xaXpob3VfU2xpZGVyMV8zODQww5cyMTYwXzIwMjUxMjEwLXNjYWxlZC53ZWJw HTTP/1.1" 404 9411 "-" "Mozilla/5.0 (Windows NT 6.1) AppleWebKit/537.36 (KHTML, like Gecko) Chrome/80.0.3987.106"
116.179.32.73 - - [21/May/2026:00:52:58 +0800] "GET /company-news HTTP/1.1" 200 26393 "-" "Mozilla/5.0 (compatible; Baiduspider/2.0; +http://www.baidu.com/search/spider.html)"
116.179.37.117 - - [21/May/2026:00:52:59 +0800] "GET /wp-content/uploads/2026/03/1772713922-Article_images_W900px.webp HTTP/1.1" 200 41304 "http://cqqizhou.com/company-news" "Mozilla/5.0 (compatible; Baiduspider-render/2.0; +http://www.baidu.com/search/spider.html)"
36.133.115.36 - - [21/May/2026:01:01:39 +0800] "POST /wp-cron.php?doing_wp_cron=1779296499.2252230644226074218750 HTTP/1.1" 200 31 "-" "WordPress/6.9; http://cqqizhou.com"
110.157.38.239 - - [21/May/2026:01:01:39 +0800] "GET /Ly9jcXFpemhvdS5jb20vd3AtY29udGVudC91cGxvYWRzLzIwMjYvMDEvMTc2ODI4MDI3MC1hbnF1YW5fU2xpZGVyXzM4NDDDlzIxNjBfMjAyNjAxMTQtc2NhbGVkLndlYnA= HTTP/1.1" 404 9411 "-" "Mozilla/5.0 (Windows NT 6.2) AppleWebKit/537.36 (KHTML, like Gecko) Chrome/81.0.4044.69"
121.91.181.136 - - [21/May/2026:01:29:26 +0800] "GET /wp-content/uploads/2025/07/1751864664-Logistics800x500_1.webp HTTP/1.1" 200 76914 "-" "Mozilla/5.0 (Macintosh; Intel Mac OS X 10_15_7) AppleWebKit/537.36 (KHTML, like Gecko) Chrome/130.0.0.0 Safari/537.36"
36.133.115.36 - - [21/May/2026:01:35:25 +0800] "POST /wp-cron.php?doing_wp_cron=1779298525.2085719108581542968750 HTTP/1.1" 200 31 "-" "WordPress/6.9; http://cqqizhou.com"
49.51.252.146 - - [21/May/2026:01:35:25 +0800] "GET / HTTP/1.1" 301 5 "-" "Mozilla/5.0 (iPhone; CPU iPhone OS 13_2_3 like Mac OS X) AppleWebKit/605.1.15 (KHTML, like Gecko) Version/13.0.3 Mobile/15E148 Safari/604.1"
49.51.252.146 - - [21/May/2026:01:35:28 +0800] "GET / HTTP/1.1" 200 35172 "http://www.cqqizhou.com" "Mozilla/5.0 (iPhone; CPU iPhone OS 13_2_3 like Mac OS X) AppleWebKit/605.1.15 (KHTML, like Gecko) Version/13.0.3 Mobile/15E148 Safari/604.1"
110.249.201.15 - - [21/May/2026:01:48:14 +0800] "GET /wp-content/uploads/2026/02/1769999241-4.2%E7%B1%B3%E9%AB%98%E6%A0%8F%E8%B4%A7%E8%BD%A6.webp HTTP/1.1" 200 54794 "http://cqqizhou.com" "Mozilla/5.0 (Linux; Android 5.0) AppleWebKit/537.36 (KHTML, like Gecko) Mobile Safari/537.36 (compatible; Bytespider; https://zhanzhang.toutiao.com/)"
36.133.115.36 - - [21/May/2026:01:52:45 +0800] "POST /wp-cron.php?doing_wp_cron=1779299564.9966390132904052734375 HTTP/1.1" 200 31 "-" "WordPress/6.9; http://cqqizhou.com"
117.162.85.12 - - [21/May/2026:01:52:45 +0800] "GET /contacts/ HTTP/1.1" 301 5 "http://cqqizhou.com/contacts/" "Mozilla/5.0 (Windows NT 10.0; Win64; x64) AppleWebKit/537.36 (KHTML, like Gecko) Chrome/136.0.0.0 Safari/537.36"
117.162.85.12 - - [21/May/2026:01:52:45 +0800] "GET http://cqqizhou.com/contacts HTTP/1.1" 200 22096 "http://cqqizhou.com/contacts/" "Mozilla/5.0 (Windows NT 10.0; Win64; x64) AppleWebKit/537.36 (KHTML, like Gecko) Chrome/136.0.0.0 Safari/537.36"
112.32.149.147 - - [21/May/2026:01:52:51 +0800] "GET /contacts/ HTTP/1.1" 301 5 "-" "Mozilla/5.0 (Windows NT 10.0; Win64; x64) AppleWebKit/537.36 (KHTML, like Gecko) Chrome/136.0.0.0 Safari/537.36"
183.197.171.168 - - [21/May/2026:01:57:49 +0800] "GET / HTTP/1.1" 200 41059 "-" "Mozilla/5.0 (Macintosh; Intel Mac OS X 10_15_7) AppleWebKit/537.36 (KHTML, like Gecko) Chrome/106.0.0.0 Safari/537.36"
121.91.187.223 - - [21/May/2026:02:07:08 +0800] "GET /wp-content/uploads/2025/12/1766388808-Article_images_202507246-768x432.webp HTTP/1.1" 200 92488 "-" "Mozilla/5.0 (Macintosh; Intel Mac OS X 10_15_7) AppleWebKit/537.36 (KHTML, like Gecko) Chrome/130.0.0.0 Safari/537.36"
36.133.115.36 - - [21/May/2026:02:25:01 +0800] "POST /wp-cron.php?doing_wp_cron=1779301501.5519909858703613281250 HTTP/1.1" 200 31 "-" "WordPress/6.9; http://cqqizhou.com"
43.153.10.13 - - [21/May/2026:02:25:01 +0800] "GET / HTTP/1.1" 200 35172 "-" "Mozilla/5.0 (iPhone; CPU iPhone OS 13_2_3 like Mac OS X) AppleWebKit/605.1.15 (KHTML, like Gecko) Version/13.0.3 Mobile/15E148 Safari/604.1"
18.163.244.7 - - [21/May/2026:02:31:50 +0800] "GET /frphp/fr.php HTTP/1.1" 404 27 "http://www.baidu.com/" "Mozilla/5.0 (compatible; Baiduspider-render/2.0; +http://www.baidu.com/search/spider.html)"
36.133.115.36 - - [21/May/2026:03:15:16 +0800] "POST /wp-cron.php?doing_wp_cron=1779304516.9075388908386230468750 HTTP/1.1" 200 31 "-" "WordPress/6.9; http://cqqizhou.com"
176.65.139.66 - - [21/May/2026:03:15:16 +0800] "GET / HTTP/1.0" 301 0 "-" "Shodan-Pull/1.0"
36.133.115.36 - - [21/May/2026:03:19:26 +0800] "POST /wp-cron.php?doing_wp_cron=1779304766.2468678951263427734375 HTTP/1.1" 200 31 "-" "WordPress/6.9; http://cqqizhou.com"
119.84.246.117 - - [21/May/2026:03:19:26 +0800] "GET / HTTP/1.1" 301 5 "-" "-"
119.84.246.117 - - [21/May/2026:03:19:26 +0800] "GET / HTTP/1.1" 200 172533 "-" "-"
119.84.246.117 - - [21/May/2026:03:19:28 +0800] "GET / HTTP/1.1" 301 5 "-" "Mozilla/5.0 (Windows; U; Windows NT 5.2) AppleWebKit/525.13 (KHTML, like Gecko) Version/3.1 Safari/525.13"
119.84.246.117 - - [21/May/2026:03:19:28 +0800] "GET / HTTP/1.1" 200 41059 "-" "Mozilla/5.0 (Windows; U; Windows NT 5.2) AppleWebKit/525.13 (KHTML, like Gecko) Version/3.1 Safari/525.13"
119.84.246.117 - - [21/May/2026:03:19:28 +0800] "GET /wp-content/uploads/2025/07/1753456723-%E5%8F%8C%E7%9B%B8%E9%92%A2roduct_Single600.webp HTTP/1.1" 200 22790 "http://cqqizhou.com/" "Mozilla/5.0 (Windows; U; Windows NT 5.2) AppleWebKit/525.13 (KHTML, like Gecko) Version/3.1 Safari/525.13"
119.84.246.117 - - [21/May/2026:03:19:28 +0800] "GET /wp-content/uploads/2025/07/1753453096-%E5%8F%8C%E7%9B%B8%E9%92%A2product_Single600%C3%97284.webp HTTP/1.1" 200 14562 "http://cqqizhou.com/" "Mozilla/5.0 (Windows; U; Windows NT 5.2) AppleWebKit/525.13 (KHTML, like Gecko) Version/3.1 Safari/525.13"
119.84.246.117 - - [21/May/2026:03:19:28 +0800] "GET /wp-content/uploads/2025/07/1751425283-qizhou.kf_.qq_.com_.webp HTTP/1.1" 200 16864 "http://cqqizhou.com/" "Mozilla/5.0 (Windows; U; Windows NT 5.2) AppleWebKit/525.13 (KHTML, like Gecko) Version/3.1 Safari/525.13"
119.84.246.117 - - [21/May/2026:03:19:28 +0800] "GET /wp-content/uploads/2025/07/1753456770-%E7%83%AD%E9%95%80%E9%94%8C%E5%8D%B7product_Single600.webp HTTP/1.1" 200 27502 "http://cqqizhou.com/" "Mozilla/5.0 (Windows; U; Windows NT 5.2) AppleWebKit/525.13 (KHTML, like Gecko) Version/3.1 Safari/525.13"
119.84.246.117 - - [21/May/2026:03:19:28 +0800] "GET /wp-content/uploads/2025/07/1753453127-%E4%BD%99%E5%8D%B7product_Single600%C3%97284.webp HTTP/1.1" 200 18744 "http://cqqizhou.com/" "Mozilla/5.0 (Windows; U; Windows NT 5.2) AppleWebKit/525.13 (KHTML, like Gecko) Version/3.1 Safari/525.13"
119.84.246.117 - - [21/May/2026:03:19:28 +0800] "GET /wp-content/uploads/2026/05/1779059685-1Article_images_W900px.webp HTTP/1.1" 200 50738 "http://cqqizhou.com/" "Mozilla/5.0 (Windows; U; Windows NT 5.2) AppleWebKit/525.13 (KHTML, like Gecko) Version/3.1 Safari/525.13"
119.84.246.117 - - [21/May/2026:03:19:28 +0800] "GET /wp-content/uploads/2026/04/1775865780-1Article_images_W900px.webp HTTP/1.1" 200 41840 "http://cqqizhou.com/" "Mozilla/5.0 (Windows; U; Windows NT 5.2) AppleWebKit/525.13 (KHTML, like Gecko) Version/3.1 Safari/525.13"
119.84.246.117 - - [21/May/2026:03:19:28 +0800] "GET /wp-content/uploads/2026/04/1777513410-1Article_images_W900px.webp HTTP/1.1" 200 30786 "http://cqqizhou.com/" "Mozilla/5.0 (Windows; U; Windows NT 5.2) AppleWebKit/525.13 (KHTML, like Gecko) Version/3.1 Safari/525.13"
119.84.246.117 - - [21/May/2026:03:19:28 +0800] "GET /wp-content/uploads/2026/04/1775698332-Article_images_W900px.webp HTTP/1.1" 200 49852 "http://cqqizhou.com/" "Mozilla/5.0 (Windows; U; Windows NT 5.2) AppleWebKit/525.13 (KHTML, like Gecko) Version/3.1 Safari/525.13"
119.84.246.117 - - [21/May/2026:03:19:28 +0800] "GET /wp-content/uploads/2026/02/1769999241-4.2%E7%B1%B3%E9%AB%98%E6%A0%8F%E8%B4%A7%E8%BD%A6.webp HTTP/1.1" 200 54794 "http://cqqizhou.com/" "Mozilla/5.0 (Windows; U; Windows NT 5.2) AppleWebKit/525.13 (KHTML, like Gecko) Version/3.1 Safari/525.13"
115.159.33.43 - - [21/May/2026:03:19:37 +0800] "GET / HTTP/1.1" 301 5 "-" "Mozilla/5.0 (Windows NT 10.0; Win64; x64) AppleWebKit/537.36 (KHTML, like Gecko) Chrome/79.0.3945.117 Safari/537.36"
36.133.115.36 - - [21/May/2026:03:24:47 +0800] "POST /wp-cron.php?doing_wp_cron=1779305087.5418479442596435546875 HTTP/1.1" 200 31 "-" "WordPress/6.9; http://cqqizhou.com"
34.55.69.128 - - [21/May/2026:03:24:47 +0800] "HEAD /wordpress/ HTTP/1.1" 404 0 "-" "Mozilla/5.0 (iPhone; CPU iPhone OS 17_5 like Mac OS X) AppleWebKit/605.1.15 (KHTML, like Gecko) Version/17.5 Mobile/15E148 Safari/604.1"
34.55.69.128 - - [21/May/2026:03:24:48 +0800] "HEAD /new/ HTTP/1.1" 301 0 "-" "Mozilla/5.0 (Windows NT 10.0; Win64; x64) AppleWebKit/537.36 (KHTML, like Gecko) Chrome/126.0.6478.70 Safari/537.36 Vivaldi/6.7.3200.25"
34.55.69.128 - - [21/May/2026:03:24:48 +0800] "HEAD /news HTTP/1.1" 200 0 "http://cqqizhou.com/new/" "Mozilla/5.0 (Windows NT 10.0; Win64; x64) AppleWebKit/537.36 (KHTML, like Gecko) Chrome/126.0.6478.70 Safari/537.36 Vivaldi/6.7.3200.25"
34.55.69.128 - - [21/May/2026:03:24:49 +0800] "HEAD / HTTP/1.1" 200 0 "-" "Mozilla/5.0 (Linux; Android 13; Infinix X688B) AppleWebKit/537.36 (KHTML, like Gecko) Chrome/124.0.6367.48 Mobile Safari/537.36"
34.55.69.128 - - [21/May/2026:03:24:50 +0800] "HEAD /blog/ HTTP/1.1" 404 0 "-" "Mozilla/5.0 (Windows NT 10.0; Win64; x64) AppleWebKit/537.36 (KHTML, like Gecko) Chrome/127.0.6534.42 Safari/537.36"
34.55.69.128 - - [21/May/2026:03:24:51 +0800] "HEAD /backup/ HTTP/1.1" 404 0 "-" "Mozilla/5.0 (Linux; Android 10; vivo 1904) AppleWebKit/537.36 (KHTML, like Gecko) Chrome/117.0.5938.60 Mobile Safari/537.36"
34.55.69.128 - - [21/May/2026:03:24:52 +0800] "HEAD /wp/ HTTP/1.1" 404 0 "-" "Mozilla/5.0 (Linux; Android 14; Samsung SM-A546B) AppleWebKit/537.36 (KHTML, like Gecko) Chrome/126.0.6478.14 Mobile Safari/537.36"
34.55.69.128 - - [21/May/2026:03:24:52 +0800] "HEAD /old/ HTTP/1.1" 404 0 "-" "Mozilla/5.0 (Linux; Android 14; Samsung SM-A546B) AppleWebKit/537.36 (KHTML, like Gecko) Chrome/126.0.6478.14 Mobile Safari/537.36"
36.133.115.36 - - [21/May/2026:04:06:07 +0800] "POST /wp-cron.php?doing_wp_cron=1779307567.4064280986785888671875 HTTP/1.1" 200 31 "-" "WordPress/6.9; http://cqqizhou.com"
45.148.10.67 - - [21/May/2026:04:06:07 +0800] "GET / HTTP/1.1" 200 35172 "-" "Mozilla/5.0 (Windows NT 10.0; Win64; x64) AppleWebKit/537.36 (KHTML, like Gecko) Chrome/131.0.0.0 Safari/537.36"
36.133.115.36 - - [21/May/2026:04:22:59 +0800] "POST /wp-cron.php?doing_wp_cron=1779308579.4203159809112548828125 HTTP/1.1" 200 31 "-" "WordPress/6.9; http://cqqizhou.com"
36.133.108.125 - - [21/May/2026:04:22:59 +0800] "HEAD /wp-config.php~ HTTP/1.1" 404 0 "-" "Mozilla/5.0 (Macintosh; U; Intel Mac OS X 10_6_6; en-gb) AppleWebKit/533.20.25 (KHTML, like Gecko) Version/5.0.4 Safari/533.20.27"
36.133.115.36 - - [21/May/2026:04:33:23 +0800] "POST /wp-cron.php?doing_wp_cron=1779309203.5894789695739746093750 HTTP/1.1" 200 31 "-" "WordPress/6.9; http://cqqizhou.com"
93.123.72.166 - - [21/May/2026:04:33:23 +0800] "GET /SDK/webLanguage HTTP/1.1" 301 5 "-" "Mozilla/5.0 (Windows NT 10.0; Win64; x64) AppleWebKit/537.36 (KHTML, like Gecko) Chrome/90.0.4430.85 Safari/537.36 Edg/90.0.818.46"
36.133.115.36 - - [21/May/2026:04:37:51 +0800] "POST /wp-cron.php?doing_wp_cron=1779309471.2881519794464111328125 HTTP/1.1" 200 31 "-" "WordPress/6.9; http://cqqizhou.com"
172.233.243.117 - - [21/May/2026:04:37:51 +0800] "GET /.env HTTP/1.1" 404 9409 "-" "Mozilla/5.0; Keydrop.io/1.0(onlyscans.com/about);"
172.233.243.117 - - [21/May/2026:04:37:53 +0800] "GET /.git/config HTTP/1.1" 404 9410 "-" "Mozilla/5.0; Keydrop.io/1.0(onlyscans.com/about);"
36.133.115.36 - - [21/May/2026:04:39:33 +0800] "POST /wp-cron.php?doing_wp_cron=1779309573.4795920848846435546875 HTTP/1.1" 200 31 "-" "WordPress/6.9; http://cqqizhou.com"
166.88.26.4 - - [21/May/2026:04:39:33 +0800] "GET /index.php/store/passport/login HTTP/1.1" 301 5 "-" "Mozilla/5.0 (Windows NT 10.0; WOW64; rv:48.0) Gecko/20100101 Firefox/48.0"
166.88.26.4 - - [21/May/2026:04:39:34 +0800] "GET /store/passport/login HTTP/1.1" 404 9411 "-" "Mozilla/5.0 (Windows NT 10.0; WOW64; rv:48.0) Gecko/20100101 Firefox/48.0"
36.133.115.36 - - [21/May/2026:04:41:17 +0800] "POST /wp-cron.php?doing_wp_cron=1779309677.8417398929595947265625 HTTP/1.1" 200 31 "-" "WordPress/6.9; http://cqqizhou.com"
120.197.95.37 - - [21/May/2026:04:41:17 +0800] "GET /robots.txt HTTP/1.1" 200 190 "-" "Mozilla/5.0 (Windows NT 10.0; Win64; x64) AppleWebKit/537.36 (KHTML, like Gecko) Chrome/56.0.3270.26 Safari/537.36 Edge/18.18362"
36.133.115.36 - - [21/May/2026:04:51:27 +0800] "POST /wp-cron.php?doing_wp_cron=1779310287.7842650413513183593750 HTTP/1.1" 200 31 "-" "WordPress/6.9; http://cqqizhou.com"
5.61.209.126 - - [21/May/2026:04:51:27 +0800] "GET /SDK/webLanguage HTTP/1.1" 301 5 "-" "Mozilla/5.0 (Windows NT 10.0; Win64; x64) AppleWebKit/537.36 (KHTML, like Gecko) Chrome/90.0.4430.85 Safari/537.36 Edg/90.0.818.46"
36.133.115.36 - - [21/May/2026:05:17:58 +0800] "POST /wp-cron.php?doing_wp_cron=1779311878.7231879234313964843750 HTTP/1.1" 200 31 "-" "WordPress/6.9; http://cqqizhou.com"
45.148.10.67 - - [21/May/2026:05:17:58 +0800] "GET / HTTP/1.1" 200 35172 "-" "Mozilla/5.0 (Windows NT 10.0; Win64; x64) AppleWebKit/537.36 (KHTML, like Gecko) Chrome/131.0.0.0 Safari/537.36"
202.189.14.116 - - [21/May/2026:05:18:14 +0800] "GET /phpmyadmin/index.php HTTP/1.1" 404 27 "-" "Mozilla/5.0 (Windows NT 10.0; WOW64) AppleWebKit/537.36 (KHTML, like Gecko) Chrome/69.0.3464.0 Safari/537.36"
202.189.14.116 - - [21/May/2026:05:18:14 +0800] "GET /pmd/index.php HTTP/1.1" 404 27 "-" "Mozilla/5.0 (Windows NT 10.0; WOW64) AppleWebKit/537.36 (KHTML, like Gecko) Chrome/69.0.3464.0 Safari/537.36"
202.189.14.116 - - [21/May/2026:05:18:14 +0800] "GET /phpmyadmin4.8.5/index.php HTTP/1.1" 404 27 "-" "Mozilla/5.0 (Windows NT 10.0; WOW64) AppleWebKit/537.36 (KHTML, like Gecko) Chrome/69.0.3464.0 Safari/537.36"
36.133.115.36 - - [21/May/2026:05:25:11 +0800] "POST /wp-cron.php?doing_wp_cron=1779312311.1978809833526611328125 HTTP/1.1" 200 31 "-" "WordPress/6.9; http://cqqizhou.com"
61.155.157.54 - - [21/May/2026:05:25:11 +0800] "GET / HTTP/1.1" 301 5 "-" "Mozilla/5.0 (Windows NT 10.0; Win64; x64) AppleWebKit/537.36 (KHTML, like Gecko) Chrome/100.0.4896.127 Safari/537.36"
61.155.157.54 - - [21/May/2026:05:25:11 +0800] "GET / HTTP/1.1" 200 41059 "-" "Mozilla/5.0 (Windows NT 10.0; Win64; x64) AppleWebKit/537.36 (KHTML, like Gecko) Chrome/100.0.4896.127 Safari/537.36"
36.133.115.36 - - [21/May/2026:05:44:43 +0800] "POST /wp-cron.php?doing_wp_cron=1779313483.3035631179809570312500 HTTP/1.1" 200 31 "-" "WordPress/6.9; http://cqqizhou.com"
143.20.185.242 - - [21/May/2026:05:44:43 +0800] "GET / HTTP/1.1" 200 108018 "-" "-"
121.91.179.204 - - [21/May/2026:06:44:18 +0800] "GET /wp-content/uploads/2025/12/1766388812-Article_images_2025072410-768x346.webp HTTP/1.1" 200 50104 "-" "Mozilla/5.0 (Macintosh; Intel Mac OS X 10_15_7) AppleWebKit/537.36 (KHTML, like Gecko) Chrome/130.0.0.0 Safari/537.36"
36.133.115.36 - - [21/May/2026:06:58:36 +0800] "POST /wp-cron.php?doing_wp_cron=1779317916.7966389656066894531250 HTTP/1.1" 200 31 "-" "WordPress/6.9; http://cqqizhou.com"
43.153.207.127 - - [21/May/2026:06:58:36 +0800] "GET / HTTP/1.1" 200 35172 "-" "Mozilla/5.0 (iPhone; CPU iPhone OS 13_2_3 like Mac OS X) AppleWebKit/605.1.15 (KHTML, like Gecko) Version/13.0.3 Mobile/15E148 Safari/604.1"
36.133.115.36 - - [21/May/2026:07:01:44 +0800] "POST /wp-cron.php?doing_wp_cron=1779318104.0742449760437011718750 HTTP/1.1" 200 31 "-" "WordPress/6.9; http://cqqizhou.com"
47.128.30.82 - - [21/May/2026:07:01:44 +0800] "GET /robots.txt HTTP/1.1" 200 190 "-" "Mozilla/5.0 (Linux; Android 5.0) AppleWebKit/537.36 (KHTML, like Gecko) Mobile Safari/537.36 (compatible; Bytespider; spider-feedback@bytedance.com)"
36.133.115.36 - - [21/May/2026:07:09:11 +0800] "POST /wp-cron.php?doing_wp_cron=1779318551.6240689754486083984375 HTTP/1.1" 200 31 "-" "WordPress/6.9; http://cqqizhou.com"
111.225.149.139 - - [21/May/2026:07:09:11 +0800] "GET /robots.txt HTTP/1.1" 200 190 "-" "Mozilla/5.0 (Linux; Android 5.0) AppleWebKit/537.36 (KHTML, like Gecko) Mobile Safari/537.36 (compatible; Bytespider; https://zhanzhang.toutiao.com/)"
36.133.115.36 - - [21/May/2026:07:55:47 +0800] "POST /wp-cron.php?doing_wp_cron=1779321347.4852230548858642578125 HTTP/1.1" 200 31 "-" "WordPress/6.9; http://cqqizhou.com"
112.42.80.170 - - [21/May/2026:07:55:47 +0800] "GET /contacts/ HTTP/1.1" 301 5 "-" "Mozilla/5.0 (Windows NT 10.0; Win64; x64) AppleWebKit/537.36 (KHTML, like Gecko) Chrome/136.0.0.0 Safari/537.36"
120.227.210.31 - - [21/May/2026:07:55:55 +0800] "GET /contacts/ HTTP/1.1" 301 5 "http://cqqizhou.com/contacts/" "Mozilla/5.0 (Windows NT 10.0; Win64; x64) AppleWebKit/537.36 (KHTML, like Gecko) Chrome/136.0.0.0 Safari/537.36"
120.227.210.31 - - [21/May/2026:07:55:55 +0800] "GET http://cqqizhou.com/contacts HTTP/1.1" 200 22096 "http://cqqizhou.com/contacts/" "Mozilla/5.0 (Windows NT 10.0; Win64; x64) AppleWebKit/537.36 (KHTML, like Gecko) Chrome/136.0.0.0 Safari/537.36"
36.133.115.36 - - [21/May/2026:07:59:14 +0800] "POST /wp-cron.php?doing_wp_cron=1779321554.4172790050506591796875 HTTP/1.1" 200 31 "-" "WordPress/6.9; http://cqqizhou.com"
85.209.217.45 - - [21/May/2026:07:59:14 +0800] "GET /news/portfolio-tag/ansteel-thyssen HTTP/1.1" 200 22984 "-" "Mozilla/5.0 (Windows NT 10.0; Win64; x64) AppleWebKit/537.36 (KHTML, like Gecko) Chrome/131.0.0.0 Safari/537.36 Edg/131.0.0.0"
121.91.191.113 - - [21/May/2026:08:01:43 +0800] "GET /wp-content/uploads/2025/12/1766388809-Article_images_202507247-768x432.webp HTTP/1.1" 200 59572 "-" "Mozilla/5.0 (Macintosh; Intel Mac OS X 10_15_7) AppleWebKit/537.36 (KHTML, like Gecko) Chrome/130.0.0.0 Safari/537.36"
91.98.178.17 - - [21/May/2026:08:06:40 +0800] "GET / HTTP/1.1" 200 41059 "-" "Mozilla/5.0 (Windows NT 10.0; Win64; x64) AppleWebKit/537.36 (KHTML, like Gecko) Chrome/116.0.0.0 Safari/537.36"
116.179.32.210 - - [21/May/2026:08:08:07 +0800] "GET /news/portfolio-category/remaining-rolls HTTP/1.1" 200 21581 "-" "Mozilla/5.0 (compatible; Baiduspider/2.0; +http://www.baidu.com/search/spider.html)"
101.30.118.89 - - [21/May/2026:08:16:47 +0800] "GET / HTTP/1.1" 200 41059 "-" "Mozilla/5.0 (Windows NT 6.1) AppleWebKit/537.36 (KHTML, like Gecko) Chrome/74.0.3729.6"
36.133.115.36 - - [21/May/2026:08:16:49 +0800] "POST /wp-cron.php?doing_wp_cron=1779322609.5893590450286865234375 HTTP/1.1" 200 31 "-" "WordPress/6.9; http://cqqizhou.com"
124.79.184.6 - - [21/May/2026:08:16:49 +0800] "GET / HTTP/1.1" 301 5 "-" "Mozilla/5.0 (Windows NT 10.0; Win64; x64) AppleWebKit/537.36 (KHTML, like Gecko) Chrome/80.0.3987.16"
124.79.184.6 - - [21/May/2026:08:16:49 +0800] "GET http://cqqizhou.com/ HTTP/1.1" 200 41059 "-" "Mozilla/5.0 (Windows NT 10.0; Win64; x64) AppleWebKit/537.36 (KHTML, like Gecko) Chrome/80.0.3987.16"
36.133.115.36 - - [21/May/2026:08:34:21 +0800] "POST /wp-cron.php?doing_wp_cron=1779323661.8666560649871826171875 HTTP/1.1" 200 31 "-" "WordPress/6.9; http://cqqizhou.com"
43.134.100.210 - - [21/May/2026:08:34:21 +0800] "GET / HTTP/1.1" 301 5 "-" "Mozilla/5.0 (iPhone; CPU iPhone OS 13_2_3 like Mac OS X) AppleWebKit/605.1.15 (KHTML, like Gecko) Version/13.0.3 Mobile/15E148 Safari/604.1"
43.134.100.210 - - [21/May/2026:08:34:23 +0800] "GET / HTTP/1.1" 200 35172 "http://36.133.115.36" "Mozilla/5.0 (iPhone; CPU iPhone OS 13_2_3 like Mac OS X) AppleWebKit/605.1.15 (KHTML, like Gecko) Version/13.0.3 Mobile/15E148 Safari/604.1"
36.133.115.36 - - [21/May/2026:08:40:07 +0800] "POST /wp-cron.php?doing_wp_cron=1779324007.1773009300231933593750 HTTP/1.1" 200 31 "-" "WordPress/6.9; http://cqqizhou.com"
36.133.108.119 - - [21/May/2026:08:40:07 +0800] "HEAD /wp-config.php.old HTTP/1.1" 404 0 "-" "Mozilla/5.0 (Windows; U; Windows NT 6.1; en-US) AppleWebKit/533.20.25 (KHTML, like Gecko) Version/5.0.4 Safari/533.20.27"
180.153.236.101 - - [21/May/2026:08:57:19 +0800] "GET / HTTP/1.1" 200 41059 "http://cqqizhou.com" "User-Agent:Mozilla/5.0 (Windows NT 10.0; Win64; x64) AppleWebKit/537.36 (KHTML, like Gecko) Chrome/140.0.0.0 Safari/537.36 Edg/140.0.0.0; 360Spider"
36.133.115.36 - - [21/May/2026:09:01:06 +0800] "POST /wp-cron.php?doing_wp_cron=1779325266.5964379310607910156250 HTTP/1.1" 200 31 "-" "WordPress/6.9; http://cqqizhou.com"
93.123.72.166 - - [21/May/2026:09:01:06 +0800] "GET /SDK/webLanguage HTTP/1.1" 301 5 "-" "Mozilla/5.0 (Windows NT 10.0; Win64; x64) AppleWebKit/537.36 (KHTML, like Gecko) Chrome/90.0.4430.85 Safari/537.36 Edg/90.0.818.46"
36.133.115.36 - - [21/May/2026:09:21:49 +0800] "POST /wp-cron.php?doing_wp_cron=1779326509.8012230396270751953125 HTTP/1.1" 200 31 "-" "WordPress/6.9; http://cqqizhou.com"
43.135.36.201 - - [21/May/2026:09:21:49 +0800] "GET / HTTP/1.1" 200 35172 "-" "Mozilla/5.0 (iPhone; CPU iPhone OS 13_2_3 like Mac OS X) AppleWebKit/605.1.15 (KHTML, like Gecko) Version/13.0.3 Mobile/15E148 Safari/604.1"
36.133.115.36 - - [21/May/2026:09:34:33 +0800] "POST /wp-cron.php?doing_wp_cron=1779327273.6958630084991455078125 HTTP/1.1" 200 31 "-" "WordPress/6.9; http://cqqizhou.com"
39.130.58.49 - - [21/May/2026:09:34:33 +0800] "GET /wp-admin/ HTTP/1.1" 302 5 "-" "Mozilla/5.0 (Windows NT 10.0; Win64; x64) AppleWebKit/537.36 (KHTML, like Gecko) Chrome/147.0.0.0 Safari/537.36 Edg/147.0.0.0"
39.130.58.49 - - [21/May/2026:09:34:34 +0800] "GET /wp-login.php?redirect_to=http%3A%2F%2Fcqqizhou.com%2Fwp-admin%2F&reauth=1 HTTP/1.1" 200 2853 "-" "Mozilla/5.0 (Windows NT 10.0; Win64; x64) AppleWebKit/537.36 (KHTML, like Gecko) Chrome/147.0.0.0 Safari/537.36 Edg/147.0.0.0"
36.133.115.36 - - [21/May/2026:09:35:35 +0800] "POST /wp-cron.php?doing_wp_cron=1779327334.9610409736633300781250 HTTP/1.1" 200 31 "-" "WordPress/6.9; http://cqqizhou.com"
39.130.58.49 - - [21/May/2026:09:35:35 +0800] "POST /wp-login.php HTTP/1.1" 302 5 "http://cqqizhou.com/wp-login.php?redirect_to=http%3A%2F%2Fcqqizhou.com%2Fwp-admin%2F&reauth=1" "Mozilla/5.0 (Windows NT 10.0; Win64; x64) AppleWebKit/537.36 (KHTML, like Gecko) Chrome/147.0.0.0 Safari/537.36 Edg/147.0.0.0"
39.130.58.49 - - [21/May/2026:09:35:41 +0800] "GET /wp-admin/ HTTP/1.1" 200 84052 "http://cqqizhou.com/wp-login.php?redirect_to=http%3A%2F%2Fcqqizhou.com%2Fwp-admin%2F&reauth=1" "Mozilla/5.0 (Windows NT 10.0; Win64; x64) AppleWebKit/537.36 (KHTML, like Gecko) Chrome/147.0.0.0 Safari/537.36 Edg/147.0.0.0"
36.133.115.36 - - [21/May/2026:09:36:42 +0800] "POST /wp-cron.php?doing_wp_cron=1779327402.6632139682769775390625 HTTP/1.1" 200 31 "-" "WordPress/6.9; http://cqqizhou.com"
39.130.58.49 - - [21/May/2026:09:36:42 +0800] "POST /wp-admin/admin-ajax.php HTTP/1.1" 200 78 "http://cqqizhou.com/wp-admin/" "Mozilla/5.0 (Windows NT 10.0; Win64; x64) AppleWebKit/537.36 (KHTML, like Gecko) Chrome/147.0.0.0 Safari/537.36 Edg/147.0.0.0"
39.130.58.49 - - [21/May/2026:09:36:43 +0800] "GET /wp-admin/edit.php HTTP/1.1" 200 86321 "http://cqqizhou.com/wp-admin/" "Mozilla/5.0 (Windows NT 10.0; Win64; x64) AppleWebKit/537.36 (KHTML, like Gecko) Chrome/147.0.0.0 Safari/537.36 Edg/147.0.0.0"
39.130.58.49 - - [21/May/2026:09:36:43 +0800] "GET /wp-content/uploads/2026/05/1779059685-1Article_images_W900px-150x150.webp HTTP/1.1" 304 0 "http://cqqizhou.com/wp-admin/edit.php" "Mozilla/5.0 (Windows NT 10.0; Win64; x64) AppleWebKit/537.36 (KHTML, like Gecko) Chrome/147.0.0.0 Safari/537.36 Edg/147.0.0.0"
39.130.58.49 - - [21/May/2026:09:36:43 +0800] "GET /wp-content/uploads/2026/04/1777513410-1Article_images_W900px-150x150.webp HTTP/1.1" 304 0 "http://cqqizhou.com/wp-admin/edit.php" "Mozilla/5.0 (Windows NT 10.0; Win64; x64) AppleWebKit/537.36 (KHTML, like Gecko) Chrome/147.0.0.0 Safari/537.36 Edg/147.0.0.0"
39.130.58.49 - - [21/May/2026:09:36:44 +0800] "POST /wp-admin/admin-ajax.php HTTP/1.1" 200 78 "http://cqqizhou.com/wp-admin/edit.php" "Mozilla/5.0 (Windows NT 10.0; Win64; x64) AppleWebKit/537.36 (KHTML, like Gecko) Chrome/147.0.0.0 Safari/537.36 Edg/147.0.0.0"
39.130.58.49 - - [21/May/2026:09:36:54 +0800] "POST /wp-admin/admin-ajax.php HTTP/1.1" 200 78 "http://cqqizhou.com/wp-admin/edit.php" "Mozilla/5.0 (Windows NT 10.0; Win64; x64) AppleWebKit/537.36 (KHTML, like Gecko) Chrome/147.0.0.0 Safari/537.36 Edg/147.0.0.0"
36.133.115.36 - - [21/May/2026:09:37:28 +0800] "POST /wp-cron.php?doing_wp_cron=1779327448.2294380664825439453125 HTTP/1.1" 200 31 "-" "WordPress/6.9; http://cqqizhou.com"
39.130.58.49 - - [21/May/2026:09:37:28 +0800] "POST /wp-admin/admin-ajax.php HTTP/1.1" 200 78 "http://cqqizhou.com/wp-admin/edit.php" "Mozilla/5.0 (Windows NT 10.0; Win64; x64) AppleWebKit/537.36 (KHTML, like Gecko) Chrome/147.0.0.0 Safari/537.36 Edg/147.0.0.0"
39.130.58.49 - - [21/May/2026:09:37:38 +0800] "POST /wp-admin/admin-ajax.php HTTP/1.1" 200 78 "http://cqqizhou.com/wp-admin/edit.php" "Mozilla/5.0 (Windows NT 10.0; Win64; x64) AppleWebKit/537.36 (KHTML, like Gecko) Chrome/147.0.0.0 Safari/537.36 Edg/147.0.0.0"
39.130.58.49 - - [21/May/2026:09:37:48 +0800] "POST /wp-admin/admin-ajax.php HTTP/1.1" 200 78 "http://cqqizhou.com/wp-admin/edit.php" "Mozilla/5.0 (Windows NT 10.0; Win64; x64) AppleWebKit/537.36 (KHTML, like Gecko) Chrome/147.0.0.0 Safari/537.36 Edg/147.0.0.0"
39.130.58.49 - - [21/May/2026:09:37:58 +0800] "POST /wp-admin/admin-ajax.php HTTP/1.1" 200 78 "http://cqqizhou.com/wp-admin/edit.php" "Mozilla/5.0 (Windows NT 10.0; Win64; x64) AppleWebKit/537.36 (KHTML, like Gecko) Chrome/147.0.0.0 Safari/537.36 Edg/147.0.0.0"
36.133.115.36 - - [21/May/2026:09:38:50 +0800] "POST /wp-cron.php?doing_wp_cron=1779327530.8646740913391113281250 HTTP/1.1" 200 31 "-" "WordPress/6.9; http://cqqizhou.com"
39.130.58.49 - - [21/May/2026:09:38:50 +0800] "POST /wp-admin/admin-ajax.php HTTP/1.1" 200 78 "http://cqqizhou.com/wp-admin/edit.php" "Mozilla/5.0 (Windows NT 10.0; Win64; x64) AppleWebKit/537.36 (KHTML, like Gecko) Chrome/147.0.0.0 Safari/537.36 Edg/147.0.0.0"
39.130.58.49 - - [21/May/2026:09:38:54 +0800] "GET /wp-admin/post-new.php HTTP/1.1" 200 203633 "http://cqqizhou.com/wp-admin/edit.php" "Mozilla/5.0 (Windows NT 10.0; Win64; x64) AppleWebKit/537.36 (KHTML, like Gecko) Chrome/147.0.0.0 Safari/537.36 Edg/147.0.0.0"
39.130.58.49 - - [21/May/2026:09:38:55 +0800] "GET /?action=kirki-styles&editor=1&ver=4.0 HTTP/1.1" 200 210 "http://cqqizhou.com/wp-admin/post-new.php" "Mozilla/5.0 (Windows NT 10.0; Win64; x64) AppleWebKit/537.36 (KHTML, like Gecko) Chrome/147.0.0.0 Safari/537.36 Edg/147.0.0.0"
39.130.58.49 - - [21/May/2026:09:38:56 +0800] "OPTIONS /wp-json/wp/v2/settings?_locale=user HTTP/1.1" 200 1301 "http://cqqizhou.com/wp-admin/post-new.php" "Mozilla/5.0 (Windows NT 10.0; Win64; x64) AppleWebKit/537.36 (KHTML, like Gecko) Chrome/147.0.0.0 Safari/537.36 Edg/147.0.0.0"
39.130.58.49 - - [21/May/2026:09:38:56 +0800] "GET /wp-json/wp/v2/users/1?context=view&_fields=id%2Cname&_locale=user HTTP/1.1" 200 54 "http://cqqizhou.com/wp-admin/post-new.php" "Mozilla/5.0 (Windows NT 10.0; Win64; x64) AppleWebKit/537.36 (KHTML, like Gecko) Chrome/147.0.0.0 Safari/537.36 Edg/147.0.0.0"
39.130.58.49 - - [21/May/2026:09:38:56 +0800] "GET /wp-json/wp/v2/taxonomies?context=edit&per_page=100&_locale=user HTTP/1.1" 200 1742 "http://cqqizhou.com/wp-admin/post-new.php" "Mozilla/5.0 (Windows NT 10.0; Win64; x64) AppleWebKit/537.36 (KHTML, like Gecko) Chrome/147.0.0.0 Safari/537.36 Edg/147.0.0.0"
39.130.58.49 - - [21/May/2026:09:38:56 +0800] "GET /wp-json/wp/v2/comments?context=edit&post=2575&type=note&status=all&per_page=100&_locale=user HTTP/1.1" 200 33 "http://cqqizhou.com/wp-admin/post-new.php" "Mozilla/5.0 (Windows NT 10.0; Win64; x64) AppleWebKit/537.36 (KHTML, like Gecko) Chrome/147.0.0.0 Safari/537.36 Edg/147.0.0.0"
39.130.58.49 - - [21/May/2026:09:38:56 +0800] "GET /wp-json/wp/v2/blocks?context=edit&per_page=100&page=1&_locale=user HTTP/1.1" 200 33 "http://cqqizhou.com/wp-admin/post-new.php" "Mozilla/5.0 (Windows NT 10.0; Win64; x64) AppleWebKit/537.36 (KHTML, like Gecko) Chrome/147.0.0.0 Safari/537.36 Edg/147.0.0.0"
39.130.58.49 - - [21/May/2026:09:38:57 +0800] "GET /wp-json/wp/v2/wp_pattern_category?context=view&per_page=100&_fields=id%2Cname%2Cdescription%2Cslug&_locale=user HTTP/1.1" 200 33 "http://cqqizhou.com/wp-admin/post-new.php" "Mozilla/5.0 (Windows NT 10.0; Win64; x64) AppleWebKit/537.36 (KHTML, like Gecko) Chrome/147.0.0.0 Safari/537.36 Edg/147.0.0.0"
39.130.58.49 - - [21/May/2026:09:38:57 +0800] "OPTIONS /wp-json/wp/v2/posts?_locale=user HTTP/1.1" 200 2962 "http://cqqizhou.com/wp-admin/post-new.php" "Mozilla/5.0 (Windows NT 10.0; Win64; x64) AppleWebKit/537.36 (KHTML, like Gecko) Chrome/147.0.0.0 Safari/537.36 Edg/147.0.0.0"
39.130.58.49 - - [21/May/2026:09:38:57 +0800] "GET /wp-json/wp/v2/categories?context=view&per_page=100&orderby=name&order=asc&_fields=id%2Cname%2Cparent&page=1&_locale=user HTTP/1.1" 200 144 "http://cqqizhou.com/wp-admin/post-new.php" "Mozilla/5.0 (Windows NT 10.0; Win64; x64) AppleWebKit/537.36 (KHTML, like Gecko) Chrome/147.0.0.0 Safari/537.36 Edg/147.0.0.0"
39.130.58.49 - - [21/May/2026:09:38:57 +0800] "GET /wp-json/wp/v2/pages/1665?context=edit&_locale=user HTTP/1.1" 200 764 "http://cqqizhou.com/wp-admin/post-new.php" "Mozilla/5.0 (Windows NT 10.0; Win64; x64) AppleWebKit/537.36 (KHTML, like Gecko) Chrome/147.0.0.0 Safari/537.36 Edg/147.0.0.0"
39.130.58.49 - - [21/May/2026:09:38:57 +0800] "GET /wp-json/wp/v2/tags?context=view&per_page=10&orderby=count&order=desc&hide_empty=true&_fields=id%2Cname%2Ccount&_locale=user HTTP/1.1" 200 143 "http://cqqizhou.com/wp-admin/post-new.php" "Mozilla/5.0 (Windows NT 10.0; Win64; x64) AppleWebKit/537.36 (KHTML, like Gecko) Chrome/147.0.0.0 Safari/537.36 Edg/147.0.0.0"
39.130.58.49 - - [21/May/2026:09:38:59 +0800] "GET /wp-json/wp/v2/block-patterns/patterns?_locale=user HTTP/1.1" 200 19860 "http://cqqizhou.com/wp-admin/post-new.php" "Mozilla/5.0 (Windows NT 10.0; Win64; x64) AppleWebKit/537.36 (KHTML, like Gecko) Chrome/147.0.0.0 Safari/537.36 Edg/147.0.0.0"
39.130.58.49 - - [21/May/2026:09:39:06 +0800] "POST /wp-admin/admin-ajax.php HTTP/1.1" 200 112 "http://cqqizhou.com/wp-admin/post-new.php" "Mozilla/5.0 (Windows NT 10.0; Win64; x64) AppleWebKit/537.36 (KHTML, like Gecko) Chrome/147.0.0.0 Safari/537.36 Edg/147.0.0.0"
36.133.115.36 - - [21/May/2026:09:39:56 +0800] "POST /wp-cron.php?doing_wp_cron=1779327596.9294450283050537109375 HTTP/1.1" 200 31 "-" "WordPress/6.9; http://cqqizhou.com"
39.130.58.49 - - [21/May/2026:09:39:56 +0800] "POST /wp-json/wp/v2/posts/2575/autosaves?_locale=user HTTP/1.1" 200 291 "http://cqqizhou.com/wp-admin/post-new.php" "Mozilla/5.0 (Windows NT 10.0; Win64; x64) AppleWebKit/537.36 (KHTML, like Gecko) Chrome/147.0.0.0 Safari/537.36 Edg/147.0.0.0"
124.117.60.135 - - [21/May/2026:09:40:06 +0800] "GET /contacts/ HTTP/1.1" 301 5 "-" "Mozilla/5.0 (Windows NT 10.0; Win64; x64) AppleWebKit/537.36 (KHTML, like Gecko) Chrome/136.0.0.0 Safari/537.36"
124.117.60.135 - - [21/May/2026:09:40:06 +0800] "GET http://cqqizhou.com/contacts HTTP/1.1" 200 22096 "-" "Mozilla/5.0 (Windows NT 10.0; Win64; x64) AppleWebKit/537.36 (KHTML, like Gecko) Chrome/136.0.0.0 Safari/537.36"
36.133.115.36 - - [21/May/2026:09:40:36 +0800] "POST /wp-cron.php?doing_wp_cron=1779327636.3341860771179199218750 HTTP/1.1" 200 31 "-" "WordPress/6.9; http://cqqizhou.com"
39.130.58.49 - - [21/May/2026:09:40:36 +0800] "POST /wp-admin/admin-ajax.php HTTP/1.1" 200 112 "http://cqqizhou.com/wp-admin/post.php?post=2575&action=edit" "Mozilla/5.0 (Windows NT 10.0; Win64; x64) AppleWebKit/537.36 (KHTML, like Gecko) Chrome/147.0.0.0 Safari/537.36 Edg/147.0.0.0"
39.130.58.49 - - [21/May/2026:09:40:37 +0800] "OPTIONS /wp-json/wp/v2/posts/?context=edit&_locale=user HTTP/1.1" 200 2962 "http://cqqizhou.com/wp-admin/post.php?post=2575&action=edit" "Mozilla/5.0 (Windows NT 10.0; Win64; x64) AppleWebKit/537.36 (KHTML, like Gecko) Chrome/147.0.0.0 Safari/537.36 Edg/147.0.0.0"
39.130.58.49 - - [21/May/2026:09:40:46 +0800] "POST /wp-admin/admin-ajax.php HTTP/1.1" 200 112 "http://cqqizhou.com/wp-admin/post.php?post=2575&action=edit" "Mozilla/5.0 (Windows NT 10.0; Win64; x64) AppleWebKit/537.36 (KHTML, like Gecko) Chrome/147.0.0.0 Safari/537.36 Edg/147.0.0.0"
39.130.58.49 - - [21/May/2026:09:40:56 +0800] "POST /wp-admin/admin-ajax.php HTTP/1.1" 200 112 "http://cqqizhou.com/wp-admin/post.php?post=2575&action=edit" "Mozilla/5.0 (Windows NT 10.0; Win64; x64) AppleWebKit/537.36 (KHTML, like Gecko) Chrome/147.0.0.0 Safari/537.36 Edg/147.0.0.0"
39.130.58.49 - - [21/May/2026:09:40:57 +0800] "POST /wp-json/wp/v2/posts/2575/autosaves?_locale=user HTTP/1.1" 200 662 "http://cqqizhou.com/wp-admin/post.php?post=2575&action=edit" "Mozilla/5.0 (Windows NT 10.0; Win64; x64) AppleWebKit/537.36 (KHTML, like Gecko) Chrome/147.0.0.0 Safari/537.36 Edg/147.0.0.0"
36.133.115.36 - - [21/May/2026:09:42:58 +0800] "POST /wp-cron.php?doing_wp_cron=1779327778.0095579624176025390625 HTTP/1.1" 200 31 "-" "WordPress/6.9; http://cqqizhou.com"
39.130.58.49 - - [21/May/2026:09:42:58 +0800] "POST /wp-admin/admin-ajax.php HTTP/1.1" 200 112 "http://cqqizhou.com/wp-admin/post.php?post=2575&action=edit" "Mozilla/5.0 (Windows NT 10.0; Win64; x64) AppleWebKit/537.36 (KHTML, like Gecko) Chrome/147.0.0.0 Safari/537.36 Edg/147.0.0.0"
36.133.115.36 - - [21/May/2026:09:44:59 +0800] "POST /wp-cron.php?doing_wp_cron=1779327899.0147271156311035156250 HTTP/1.1" 200 31 "-" "WordPress/6.9; http://cqqizhou.com"
39.130.58.49 - - [21/May/2026:09:44:59 +0800] "POST /wp-admin/admin-ajax.php HTTP/1.1" 200 112 "http://cqqizhou.com/wp-admin/post.php?post=2575&action=edit" "Mozilla/5.0 (Windows NT 10.0; Win64; x64) AppleWebKit/537.36 (KHTML, like Gecko) Chrome/147.0.0.0 Safari/537.36 Edg/147.0.0.0"
36.133.115.36 - - [21/May/2026:09:47:00 +0800] "POST /wp-cron.php?doing_wp_cron=1779328020.2085840702056884765625 HTTP/1.1" 200 31 "-" "WordPress/6.9; http://cqqizhou.com"
39.130.58.49 - - [21/May/2026:09:47:00 +0800] "POST /wp-admin/admin-ajax.php HTTP/1.1" 200 112 "http://cqqizhou.com/wp-admin/post.php?post=2575&action=edit" "Mozilla/5.0 (Windows NT 10.0; Win64; x64) AppleWebKit/537.36 (KHTML, like Gecko) Chrome/147.0.0.0 Safari/537.36 Edg/147.0.0.0"
36.133.115.36 - - [21/May/2026:09:49:01 +0800] "POST /wp-cron.php?doing_wp_cron=1779328141.2950570583343505859375 HTTP/1.1" 200 31 "-" "WordPress/6.9; http://cqqizhou.com"
39.130.58.49 - - [21/May/2026:09:49:01 +0800] "POST /wp-admin/admin-ajax.php HTTP/1.1" 200 112 "http://cqqizhou.com/wp-admin/post.php?post=2575&action=edit" "Mozilla/5.0 (Windows NT 10.0; Win64; x64) AppleWebKit/537.36 (KHTML, like Gecko) Chrome/147.0.0.0 Safari/537.36 Edg/147.0.0.0"
36.133.115.36 - - [21/May/2026:09:51:01 +0800] "POST /wp-cron.php?doing_wp_cron=1779328261.9281659126281738281250 HTTP/1.1" 200 31 "-" "WordPress/6.9; http://cqqizhou.com"
39.130.58.49 - - [21/May/2026:09:51:01 +0800] "POST /wp-admin/admin-ajax.php HTTP/1.1" 200 112 "http://cqqizhou.com/wp-admin/post.php?post=2575&action=edit" "Mozilla/5.0 (Windows NT 10.0; Win64; x64) AppleWebKit/537.36 (KHTML, like Gecko) Chrome/147.0.0.0 Safari/537.36 Edg/147.0.0.0"
36.133.115.36 - - [21/May/2026:09:53:38 +0800] "POST /wp-cron.php?doing_wp_cron=1779328418.8759119510650634765625 HTTP/1.1" 200 31 "-" "WordPress/6.9; http://cqqizhou.com"
39.130.58.49 - - [21/May/2026:09:53:38 +0800] "POST /wp-admin/admin-ajax.php HTTP/1.1" 200 112 "http://cqqizhou.com/wp-admin/post.php?post=2575&action=edit" "Mozilla/5.0 (Windows NT 10.0; Win64; x64) AppleWebKit/537.36 (KHTML, like Gecko) Chrome/147.0.0.0 Safari/537.36 Edg/147.0.0.0"
39.130.58.49 - - [21/May/2026:09:53:42 +0800] "POST /wp-admin/admin-ajax.php HTTP/1.1" 200 11094 "http://cqqizhou.com/wp-admin/post.php?post=2575&action=edit" "Mozilla/5.0 (Windows NT 10.0; Win64; x64) AppleWebKit/537.36 (KHTML, like Gecko) Chrome/147.0.0.0 Safari/537.36 Edg/147.0.0.0"
39.130.58.49 - - [21/May/2026:09:53:42 +0800] "GET /wp-content/uploads/2026/05/1779059685-1Article_images_W900px-300x169.webp HTTP/1.1" 304 0 "http://cqqizhou.com/wp-admin/post.php?post=2575&action=edit" "Mozilla/5.0 (Windows NT 10.0; Win64; x64) AppleWebKit/537.36 (KHTML, like Gecko) Chrome/147.0.0.0 Safari/537.36 Edg/147.0.0.0"
39.130.58.49 - - [21/May/2026:09:53:42 +0800] "GET /wp-content/uploads/2026/05/1779059684-2Article_images_W900px-300x225.webp HTTP/1.1" 304 0 "http://cqqizhou.com/wp-admin/post.php?post=2575&action=edit" "Mozilla/5.0 (Windows NT 10.0; Win64; x64) AppleWebKit/537.36 (KHTML, like Gecko) Chrome/147.0.0.0 Safari/537.36 Edg/147.0.0.0"
39.130.58.49 - - [21/May/2026:09:53:42 +0800] "GET /wp-content/uploads/2026/04/1777513411-2Article_images_W900px-300x225.webp HTTP/1.1" 304 0 "http://cqqizhou.com/wp-admin/post.php?post=2575&action=edit" "Mozilla/5.0 (Windows NT 10.0; Win64; x64) AppleWebKit/537.36 (KHTML, like Gecko) Chrome/147.0.0.0 Safari/537.36 Edg/147.0.0.0"
39.130.58.49 - - [21/May/2026:09:53:42 +0800] "GET /wp-content/uploads/2026/04/1777513410-1Article_images_W900px-300x169.webp HTTP/1.1" 304 0 "http://cqqizhou.com/wp-admin/post.php?post=2575&action=edit" "Mozilla/5.0 (Windows NT 10.0; Win64; x64) AppleWebKit/537.36 (KHTML, like Gecko) Chrome/147.0.0.0 Safari/537.36 Edg/147.0.0.0"
39.130.58.49 - - [21/May/2026:09:53:49 +0800] "POST /wp-admin/admin-ajax.php HTTP/1.1" 200 112 "http://cqqizhou.com/wp-admin/post.php?post=2575&action=edit" "Mozilla/5.0 (Windows NT 10.0; Win64; x64) AppleWebKit/537.36 (KHTML, like Gecko) Chrome/147.0.0.0 Safari/537.36 Edg/147.0.0.0"
45.148.10.67 - - [21/May/2026:09:54:07 +0800] "GET / HTTP/1.1" 200 35173 "-" "Mozilla/5.0 (Windows NT 10.0; Win64; x64) AppleWebKit/537.36 (KHTML, like Gecko) Chrome/131.0.0.0 Safari/537.36"
36.133.115.36 - - [21/May/2026:09:54:19 +0800] "POST /wp-cron.php?doing_wp_cron=1779328459.1996150016784667968750 HTTP/1.1" 200 31 "-" "WordPress/6.9; http://cqqizhou.com"
39.130.58.49 - - [21/May/2026:09:54:19 +0800] "POST /wp-admin/admin-ajax.php HTTP/1.1" 200 112 "http://cqqizhou.com/wp-admin/post.php?post=2575&action=edit" "Mozilla/5.0 (Windows NT 10.0; Win64; x64) AppleWebKit/537.36 (KHTML, like Gecko) Chrome/147.0.0.0 Safari/537.36 Edg/147.0.0.0"
39.130.58.49 - - [21/May/2026:09:54:19 +0800] "POST /wp-admin/async-upload.php HTTP/1.1" 200 684 "http://cqqizhou.com/wp-admin/post.php?post=2575&action=edit" "Mozilla/5.0 (Windows NT 10.0; Win64; x64) AppleWebKit/537.36 (KHTML, like Gecko) Chrome/147.0.0.0 Safari/537.36 Edg/147.0.0.0"
39.130.58.49 - - [21/May/2026:09:54:19 +0800] "GET /wp-content/uploads/2026/05/1779328459-3Article_images_W900px-300x155.webp HTTP/1.1" 200 6790 "http://cqqizhou.com/wp-admin/post.php?post=2575&action=edit" "Mozilla/5.0 (Windows NT 10.0; Win64; x64) AppleWebKit/537.36 (KHTML, like Gecko) Chrome/147.0.0.0 Safari/537.36 Edg/147.0.0.0"
39.130.58.49 - - [21/May/2026:09:54:20 +0800] "POST /wp-admin/async-upload.php HTTP/1.1" 200 684 "http://cqqizhou.com/wp-admin/post.php?post=2575&action=edit" "Mozilla/5.0 (Windows NT 10.0; Win64; x64) AppleWebKit/537.36 (KHTML, like Gecko) Chrome/147.0.0.0 Safari/537.36 Edg/147.0.0.0"
39.130.58.49 - - [21/May/2026:09:54:20 +0800] "GET /wp-content/uploads/2026/05/1779328460-2Article_images_W900px-300x225.webp HTTP/1.1" 200 7754 "http://cqqizhou.com/wp-admin/post.php?post=2575&action=edit" "Mozilla/5.0 (Windows NT 10.0; Win64; x64) AppleWebKit/537.36 (KHTML, like Gecko) Chrome/147.0.0.0 Safari/537.36 Edg/147.0.0.0"
39.130.58.49 - - [21/May/2026:09:54:21 +0800] "POST /wp-admin/async-upload.php HTTP/1.1" 200 683 "http://cqqizhou.com/wp-admin/post.php?post=2575&action=edit" "Mozilla/5.0 (Windows NT 10.0; Win64; x64) AppleWebKit/537.36 (KHTML, like Gecko) Chrome/147.0.0.0 Safari/537.36 Edg/147.0.0.0"
39.130.58.49 - - [21/May/2026:09:54:21 +0800] "GET /wp-content/uploads/2026/05/1779328461-1Article_images_W900px-300x169.webp HTTP/1.1" 200 10480 "http://cqqizhou.com/wp-admin/post.php?post=2575&action=edit" "Mozilla/5.0 (Windows NT 10.0; Win64; x64) AppleWebKit/537.36 (KHTML, like Gecko) Chrome/147.0.0.0 Safari/537.36 Edg/147.0.0.0"
39.130.58.49 - - [21/May/2026:09:54:23 +0800] "GET /wp-json/wp/v2/media/2578?context=view&_locale=user HTTP/1.1" 200 1057 "http://cqqizhou.com/wp-admin/post.php?post=2575&action=edit" "Mozilla/5.0 (Windows NT 10.0; Win64; x64) AppleWebKit/537.36 (KHTML, like Gecko) Chrome/147.0.0.0 Safari/537.36 Edg/147.0.0.0"
39.130.58.49 - - [21/May/2026:09:54:23 +0800] "GET /wp-content/uploads/2026/05/1779328461-1Article_images_W900px-150x150.webp HTTP/1.1" 200 5566 "http://cqqizhou.com/wp-admin/post.php?post=2575&action=edit" "Mozilla/5.0 (Windows NT 10.0; Win64; x64) AppleWebKit/537.36 (KHTML, like Gecko) Chrome/147.0.0.0 Safari/537.36 Edg/147.0.0.0"
39.130.58.49 - - [21/May/2026:09:54:29 +0800] "POST /wp-admin/admin-ajax.php HTTP/1.1" 200 112 "http://cqqizhou.com/wp-admin/post.php?post=2575&action=edit" "Mozilla/5.0 (Windows NT 10.0; Win64; x64) AppleWebKit/537.36 (KHTML, like Gecko) Chrome/147.0.0.0 Safari/537.36 Edg/147.0.0.0"
39.130.58.49 - - [21/May/2026:09:54:38 +0800] "POST /wp-json/wp/v2/posts/2575/autosaves?_locale=user HTTP/1.1" 200 664 "http://cqqizhou.com/wp-admin/post.php?post=2575&action=edit" "Mozilla/5.0 (Windows NT 10.0; Win64; x64) AppleWebKit/537.36 (KHTML, like Gecko) Chrome/147.0.0.0 Safari/537.36 Edg/147.0.0.0"
39.130.58.49 - - [21/May/2026:09:54:39 +0800] "POST /wp-admin/admin-ajax.php HTTP/1.1" 200 112 "http://cqqizhou.com/wp-admin/post.php?post=2575&action=edit" "Mozilla/5.0 (Windows NT 10.0; Win64; x64) AppleWebKit/537.36 (KHTML, like Gecko) Chrome/147.0.0.0 Safari/537.36 Edg/147.0.0.0"
39.130.58.49 - - [21/May/2026:09:54:50 +0800] "POST /wp-admin/admin-ajax.php HTTP/1.1" 200 112 "http://cqqizhou.com/wp-admin/post.php?post=2575&action=edit" "Mozilla/5.0 (Windows NT 10.0; Win64; x64) AppleWebKit/537.36 (KHTML, like Gecko) Chrome/147.0.0.0 Safari/537.36 Edg/147.0.0.0"
39.130.58.49 - - [21/May/2026:09:55:04 +0800] "POST /wp-admin/admin-ajax.php HTTP/1.1" 200 112 "http://cqqizhou.com/wp-admin/post.php?post=2575&action=edit" "Mozilla/5.0 (Windows NT 10.0; Win64; x64) AppleWebKit/537.36 (KHTML, like Gecko) Chrome/147.0.0.0 Safari/537.36 Edg/147.0.0.0"
36.133.115.36 - - [21/May/2026:09:55:14 +0800] "POST /wp-cron.php?doing_wp_cron=1779328514.9165968894958496093750 HTTP/1.1" 200 31 "-" "WordPress/6.9; http://cqqizhou.com"
39.130.58.49 - - [21/May/2026:09:55:14 +0800] "POST /wp-admin/admin-ajax.php HTTP/1.1" 200 112 "http://cqqizhou.com/wp-admin/post.php?post=2575&action=edit" "Mozilla/5.0 (Windows NT 10.0; Win64; x64) AppleWebKit/537.36 (KHTML, like Gecko) Chrome/147.0.0.0 Safari/537.36 Edg/147.0.0.0"
39.130.58.49 - - [21/May/2026:09:55:17 +0800] "POST /wp-admin/admin-ajax.php HTTP/1.1" 200 11041 "http://cqqizhou.com/wp-admin/post.php?post=2575&action=edit" "Mozilla/5.0 (Windows NT 10.0; Win64; x64) AppleWebKit/537.36 (KHTML, like Gecko) Chrome/147.0.0.0 Safari/537.36 Edg/147.0.0.0"
39.130.58.49 - - [21/May/2026:09:55:21 +0800] "GET /wp-content/uploads/2026/05/1779328460-2Article_images_W900px.webp HTTP/1.1" 200 25296 "http://cqqizhou.com/wp-admin/post.php?post=2575&action=edit" "Mozilla/5.0 (Windows NT 10.0; Win64; x64) AppleWebKit/537.36 (KHTML, like Gecko) Chrome/147.0.0.0 Safari/537.36 Edg/147.0.0.0"
39.130.58.49 - - [21/May/2026:09:55:22 +0800] "GET /wp-json/wp/v2/media/2577?context=view&_locale=user HTTP/1.1" 200 1056 "http://cqqizhou.com/wp-admin/post.php?post=2575&action=edit" "Mozilla/5.0 (Windows NT 10.0; Win64; x64) AppleWebKit/537.36 (KHTML, like Gecko) Chrome/147.0.0.0 Safari/537.36 Edg/147.0.0.0"
39.130.58.49 - - [21/May/2026:09:55:24 +0800] "POST /wp-admin/admin-ajax.php HTTP/1.1" 200 112 "http://cqqizhou.com/wp-admin/post.php?post=2575&action=edit" "Mozilla/5.0 (Windows NT 10.0; Win64; x64) AppleWebKit/537.36 (KHTML, like Gecko) Chrome/147.0.0.0 Safari/537.36 Edg/147.0.0.0"
39.130.58.49 - - [21/May/2026:09:55:34 +0800] "POST /wp-admin/admin-ajax.php HTTP/1.1" 200 112 "http://cqqizhou.com/wp-admin/post.php?post=2575&action=edit" "Mozilla/5.0 (Windows NT 10.0; Win64; x64) AppleWebKit/537.36 (KHTML, like Gecko) Chrome/147.0.0.0 Safari/537.36 Edg/147.0.0.0"
39.130.58.49 - - [21/May/2026:09:55:38 +0800] "POST /wp-json/wp/v2/posts/2575/autosaves?_locale=user HTTP/1.1" 200 2821 "http://cqqizhou.com/wp-admin/post.php?post=2575&action=edit" "Mozilla/5.0 (Windows NT 10.0; Win64; x64) AppleWebKit/537.36 (KHTML, like Gecko) Chrome/147.0.0.0 Safari/537.36 Edg/147.0.0.0"
39.130.58.49 - - [21/May/2026:09:55:48 +0800] "POST /wp-admin/admin-ajax.php HTTP/1.1" 200 112 "http://cqqizhou.com/wp-admin/post.php?post=2575&action=edit" "Mozilla/5.0 (Windows NT 10.0; Win64; x64) AppleWebKit/537.36 (KHTML, like Gecko) Chrome/147.0.0.0 Safari/537.36 Edg/147.0.0.0"
39.130.58.49 - - [21/May/2026:09:55:58 +0800] "POST /wp-admin/admin-ajax.php HTTP/1.1" 200 112 "http://cqqizhou.com/wp-admin/post.php?post=2575&action=edit" "Mozilla/5.0 (Windows NT 10.0; Win64; x64) AppleWebKit/537.36 (KHTML, like Gecko) Chrome/147.0.0.0 Safari/537.36 Edg/147.0.0.0"
39.130.58.49 - - [21/May/2026:09:56:01 +0800] "POST /wp-admin/admin-ajax.php HTTP/1.1" 200 11041 "http://cqqizhou.com/wp-admin/post.php?post=2575&action=edit" "Mozilla/5.0 (Windows NT 10.0; Win64; x64) AppleWebKit/537.36 (KHTML, like Gecko) Chrome/147.0.0.0 Safari/537.36 Edg/147.0.0.0"
39.130.58.49 - - [21/May/2026:09:56:04 +0800] "GET /wp-content/uploads/2026/05/1779328459-3Article_images_W900px.webp HTTP/1.1" 200 22742 "http://cqqizhou.com/wp-admin/post.php?post=2575&action=edit" "Mozilla/5.0 (Windows NT 10.0; Win64; x64) AppleWebKit/537.36 (KHTML, like Gecko) Chrome/147.0.0.0 Safari/537.36 Edg/147.0.0.0"
39.130.58.49 - - [21/May/2026:09:56:05 +0800] "GET /wp-json/wp/v2/media/2576?context=view&_locale=user HTTP/1.1" 200 1042 "http://cqqizhou.com/wp-admin/post.php?post=2575&action=edit" "Mozilla/5.0 (Windows NT 10.0; Win64; x64) AppleWebKit/537.36 (KHTML, like Gecko) Chrome/147.0.0.0 Safari/537.36 Edg/147.0.0.0"
36.133.115.36 - - [21/May/2026:09:56:08 +0800] "POST /wp-cron.php?doing_wp_cron=1779328568.2408499717712402343750 HTTP/1.1" 200 31 "-" "WordPress/6.9; http://cqqizhou.com"
39.130.58.49 - - [21/May/2026:09:56:08 +0800] "POST /wp-admin/admin-ajax.php HTTP/1.1" 200 112 "http://cqqizhou.com/wp-admin/post.php?post=2575&action=edit" "Mozilla/5.0 (Windows NT 10.0; Win64; x64) AppleWebKit/537.36 (KHTML, like Gecko) Chrome/147.0.0.0 Safari/537.36 Edg/147.0.0.0"
39.130.58.49 - - [21/May/2026:09:56:18 +0800] "POST /wp-admin/admin-ajax.php HTTP/1.1" 200 112 "http://cqqizhou.com/wp-admin/post.php?post=2575&action=edit" "Mozilla/5.0 (Windows NT 10.0; Win64; x64) AppleWebKit/537.36 (KHTML, like Gecko) Chrome/147.0.0.0 Safari/537.36 Edg/147.0.0.0"
39.130.58.49 - - [21/May/2026:09:56:39 +0800] "POST /wp-json/wp/v2/posts/2575/autosaves?_locale=user HTTP/1.1" 200 2878 "http://cqqizhou.com/wp-admin/post.php?post=2575&action=edit" "Mozilla/5.0 (Windows NT 10.0; Win64; x64) AppleWebKit/537.36 (KHTML, like Gecko) Chrome/147.0.0.0 Safari/537.36 Edg/147.0.0.0"
39.130.58.49 - - [21/May/2026:09:57:06 +0800] "POST /wp-admin/admin-ajax.php HTTP/1.1" 200 112 "http://cqqizhou.com/wp-admin/post.php?post=2575&action=edit" "Mozilla/5.0 (Windows NT 10.0; Win64; x64) AppleWebKit/537.36 (KHTML, like Gecko) Chrome/147.0.0.0 Safari/537.36 Edg/147.0.0.0"
36.133.115.36 - - [21/May/2026:09:57:16 +0800] "POST /wp-cron.php?doing_wp_cron=1779328636.0623579025268554687500 HTTP/1.1" 200 31 "-" "WordPress/6.9; http://cqqizhou.com"
39.130.58.49 - - [21/May/2026:09:57:16 +0800] "POST /wp-admin/admin-ajax.php HTTP/1.1" 200 112 "http://cqqizhou.com/wp-admin/post.php?post=2575&action=edit" "Mozilla/5.0 (Windows NT 10.0; Win64; x64) AppleWebKit/537.36 (KHTML, like Gecko) Chrome/147.0.0.0 Safari/537.36 Edg/147.0.0.0"
39.130.58.49 - - [21/May/2026:09:57:25 +0800] "POST /wp-admin/admin-ajax.php HTTP/1.1" 200 11041 "http://cqqizhou.com/wp-admin/post.php?post=2575&action=edit" "Mozilla/5.0 (Windows NT 10.0; Win64; x64) AppleWebKit/537.36 (KHTML, like Gecko) Chrome/147.0.0.0 Safari/537.36 Edg/147.0.0.0"
