HEX
Server: nginx/1.16.1
System: Linux ecs-04358622 4.19.90-2107.6.0.0100.oe1.bclinux.x86_64 #1 SMP Wed Dec 1 19:59:44 CST 2021 x86_64
User: nginx (994)
PHP: 8.0.0
Disabled: NONE
Upload Files
File: //home/logs/cqqizhou_access_2026-05-07.log
36.133.115.36 - - [07/May/2026:00:11:42 +0800] "POST /wp-cron.php?doing_wp_cron=1778083902.8714048862457275390625 HTTP/1.1" 200 31 "-" "WordPress/6.9; http://cqqizhou.com"
113.103.7.131 - - [07/May/2026:00:11:42 +0800] "GET /services/ HTTP/1.1" 301 5 "-" "Mozilla/5.0 (Windows NT 10.0; Win64; x64) AppleWebKit/537.36 (KHTML, like Gecko) Chrome/125.0.0.0 Safari/537.36"
113.103.7.131 - - [07/May/2026:00:11:46 +0800] "GET http://cqqizhou.com/services HTTP/1.1" 200 32226 "-" "Mozilla/5.0 (Windows NT 10.0; Win64; x64) AppleWebKit/537.36 (KHTML, like Gecko) Chrome/125.0.0.0 Safari/537.36"
42.49.155.15 - - [07/May/2026:00:11:50 +0800] "GET /services/ HTTP/1.1" 301 5 "-" "Mozilla/5.0 (Macintosh; Intel Mac OS X 10_15_7) AppleWebKit/537.36 (KHTML, like Gecko) Chrome/141.0.0.0 Safari/537.36 Edg/141.0.0.0"
42.49.155.15 - - [07/May/2026:00:11:50 +0800] "GET http://cqqizhou.com/services HTTP/1.1" 200 32226 "-" "Mozilla/5.0 (Macintosh; Intel Mac OS X 10_15_7) AppleWebKit/537.36 (KHTML, like Gecko) Chrome/141.0.0.0 Safari/537.36 Edg/141.0.0.0"
36.133.115.36 - - [07/May/2026:00:12:58 +0800] "POST /wp-cron.php?doing_wp_cron=1778083978.8558828830718994140625 HTTP/1.1" 200 31 "-" "WordPress/6.9; http://cqqizhou.com"
87.121.84.8 - - [07/May/2026:00:12:59 +0800] "GET / HTTP/1.1" 200 158912 "-" "-"
36.133.115.36 - - [07/May/2026:00:52:58 +0800] "POST /wp-cron.php?doing_wp_cron=1778086378.3782410621643066406250 HTTP/1.1" 200 31 "-" "WordPress/6.9; http://cqqizhou.com"
101.42.46.71 - - [07/May/2026:00:52:58 +0800] "GET / HTTP/1.1" 301 5 "-" "Mozilla/5.0 (iPhone; CPU iPhone OS 13_2_3 like Mac OS X) AppleWebKit/605.1.15 (KHTML, like Gecko) Version/13.0.3 Mobile/15E148 Safari/604.1"
101.42.46.71 - - [07/May/2026:00:53:00 +0800] "GET / HTTP/1.1" 200 35187 "http://www.cqqizhou.com" "Mozilla/5.0 (iPhone; CPU iPhone OS 13_2_3 like Mac OS X) AppleWebKit/605.1.15 (KHTML, like Gecko) Version/13.0.3 Mobile/15E148 Safari/604.1"
8.145.53.115 - - [07/May/2026:00:53:04 +0800] "GET / HTTP/1.1" 301 5 "-" "Mozilla/5.0 zgrab/0.x"
8.145.53.115 - - [07/May/2026:00:53:04 +0800] "GET / HTTP/1.1" 200 35623 "http://36.133.115.36/" "Mozilla/5.0 zgrab/0.x"
36.133.115.36 - - [07/May/2026:01:02:45 +0800] "POST /wp-cron.php?doing_wp_cron=1778086965.8401780128479003906250 HTTP/1.1" 200 31 "-" "WordPress/6.9; http://cqqizhou.com"
170.106.11.141 - - [07/May/2026:01:02:45 +0800] "GET / HTTP/1.1" 301 5 "-" "Mozilla/5.0 (iPhone; CPU iPhone OS 13_2_3 like Mac OS X) AppleWebKit/605.1.15 (KHTML, like Gecko) Version/13.0.3 Mobile/15E148 Safari/604.1"
170.106.11.141 - - [07/May/2026:01:02:49 +0800] "GET / HTTP/1.1" 200 35187 "http://36.133.115.36" "Mozilla/5.0 (iPhone; CPU iPhone OS 13_2_3 like Mac OS X) AppleWebKit/605.1.15 (KHTML, like Gecko) Version/13.0.3 Mobile/15E148 Safari/604.1"
36.133.115.36 - - [07/May/2026:01:14:10 +0800] "POST /wp-cron.php?doing_wp_cron=1778087650.0861129760742187500000 HTTP/1.1" 200 31 "-" "WordPress/6.9; http://cqqizhou.com"
220.181.108.165 - - [07/May/2026:01:14:10 +0800] "GET /wp-json/oembed/1.0/embed?url=http%3A%2F%2Fcqqizhou.com%2Fnews%2F2464 HTTP/1.1" 200 1300 "-" "Mozilla/5.0 (compatible; Baiduspider/2.0; +http://www.baidu.com/search/spider.html)"
36.133.115.36 - - [07/May/2026:01:17:37 +0800] "POST /wp-cron.php?doing_wp_cron=1778087857.4750649929046630859375 HTTP/1.1" 200 31 "-" "WordPress/6.9; http://cqqizhou.com"
113.181.133.110 - - [07/May/2026:01:17:37 +0800] "GET http://cqqizhou.com/news/page/1 HTTP/1.1" 301 5 "-" "Mozilla/5.0 (Macintosh; Intel Mac OS X 10_15_7) AppleWebKit/537.36 (KHTML, like Gecko) Chrome/131.0.0.0 Safari/537.36"
113.181.133.110 - - [07/May/2026:01:17:37 +0800] "GET http://cqqizhou.com/news HTTP/1.1" 200 20584 "-" "Mozilla/5.0 (Macintosh; Intel Mac OS X 10_15_7) AppleWebKit/537.36 (KHTML, like Gecko) Chrome/131.0.0.0 Safari/537.36"
36.133.115.36 - - [07/May/2026:01:18:25 +0800] "POST /wp-cron.php?doing_wp_cron=1778087904.9921259880065917968750 HTTP/1.1" 200 31 "-" "WordPress/6.9; http://cqqizhou.com"
14.231.120.97 - - [07/May/2026:01:18:25 +0800] "GET http://cqqizhou.com/logistics/ HTTP/1.1" 301 5 "-" "Mozilla/5.0 (Macintosh; Intel Mac OS X 10_15_7) AppleWebKit/537.36 (KHTML, like Gecko) Chrome/133.0.0.0 Safari/537.36"
14.231.120.97 - - [07/May/2026:01:18:25 +0800] "GET http://cqqizhou.com/logistics HTTP/1.1" 200 31723 "-" "Mozilla/5.0 (Macintosh; Intel Mac OS X 10_15_7) AppleWebKit/537.36 (KHTML, like Gecko) Chrome/133.0.0.0 Safari/537.36"
123.27.235.205 - - [07/May/2026:01:19:25 +0800] "GET http://cqqizhou.com/news/portfolio-category/cold-rolled-coil HTTP/1.1" 200 21646 "-" "Mozilla/5.0 (Windows NT 10.0; Win64; x64) AppleWebKit/537.36 (KHTML, like Gecko) Chrome/101.0.4951.67 Safari/537.36"
14.247.28.234 - - [07/May/2026:01:19:43 +0800] "GET http://cqqizhou.com/news/2165 HTTP/1.1" 200 27461 "-" "Mozilla/5.0 (Macintosh; Intel Mac OS X 10_15_7) AppleWebKit/537.36 (KHTML, like Gecko) Chrome/123.0.0.0 Safari/537.36"
72.255.32.61 - - [07/May/2026:01:20:24 +0800] "GET http://cqqizhou.com/news/portfolio-category/pickled-coil HTTP/1.1" 200 21628 "-" "Mozilla/5.0 (Windows NT 10.0; Win64; x64) AppleWebKit/537.36 (KHTML, like Gecko) Chrome/101.0.4951.67 Safari/537.36"
14.240.37.198 - - [07/May/2026:01:20:39 +0800] "GET http://cqqizhou.com/news/2215 HTTP/1.1" 200 20800 "-" "Mozilla/5.0 (Windows NT 10.0; Win64; x64) AppleWebKit/537.36 (KHTML, like Gecko) Chrome/104.0.0.0 Safari/537.36"
84.54.71.15 - - [07/May/2026:01:20:46 +0800] "GET http://cqqizhou.com/news/portfolio-category/pickled-coil HTTP/1.1" 200 21628 "-" "Mozilla/5.0 (Macintosh; Intel Mac OS X 10_15_7) AppleWebKit/537.36 (KHTML, like Gecko) Chrome/131.0.0.0 Safari/537.36"
14.169.213.93 - - [07/May/2026:01:20:47 +0800] "GET http://cqqizhou.com/company-news/page/2 HTTP/1.1" 200 26647 "-" "Mozilla/5.0 (Macintosh; Intel Mac OS X 10_15_7) AppleWebKit/537.36 (KHTML, like Gecko) Chrome/119.0.0.0 Safari/537.36"
123.24.42.218 - - [07/May/2026:01:21:05 +0800] "GET http://cqqizhou.com/news/2354 HTTP/1.1" 200 24878 "-" "Mozilla/5.0 (Windows NT 10.0; Win64; x64) AppleWebKit/537.36 (KHTML, like Gecko) Chrome/110.0.0.0 Safari/537.36"
14.169.146.203 - - [07/May/2026:01:29:01 +0800] "GET http://cqqizhou.com/news/2214 HTTP/1.1" 200 26369 "-" "Mozilla/5.0 (Macintosh; Intel Mac OS X 10_15_7) AppleWebKit/537.36 (KHTML, like Gecko) Chrome/123.0.0.0 Safari/537.36"
185.46.141.191 - - [07/May/2026:01:29:08 +0800] "GET http://cqqizhou.com/news/portfolio-category/hot-dip-galvanized-coil HTTP/1.1" 200 21651 "-" "Mozilla/5.0 (Macintosh; Intel Mac OS X 10_15_7) AppleWebKit/537.36 (KHTML, like Gecko) Chrome/123.0.0.0 Safari/537.36"
41.75.65.206 - - [07/May/2026:01:29:26 +0800] "GET http://cqqizhou.com/news/2339 HTTP/1.1" 200 25102 "-" "Mozilla/5.0 (Macintosh; Intel Mac OS X 10_15_7) AppleWebKit/537.36 (KHTML, like Gecko) Chrome/133.0.0.0 Safari/537.36"
41.82.156.246 - - [07/May/2026:01:29:37 +0800] "GET http://cqqizhou.com/news/portfolio-category/dual-phase-steel HTTP/1.1" 200 21639 "-" "Mozilla/5.0 (Windows NT 10.0; Win64; x64) AppleWebKit/537.36 (KHTML, like Gecko) Chrome/116.0.0.0 Safari/537.36"
36.133.115.36 - - [07/May/2026:01:29:47 +0800] "POST /wp-cron.php?doing_wp_cron=1778088587.3914170265197753906250 HTTP/1.1" 200 31 "-" "WordPress/6.9; http://cqqizhou.com"
1.178.120.45 - - [07/May/2026:01:29:47 +0800] "GET http://cqqizhou.com/services/ HTTP/1.1" 301 5 "-" "Mozilla/5.0 (Windows NT 10.0; Win64; x64) AppleWebKit/537.36 (KHTML, like Gecko) Chrome/116.0.0.0 Safari/537.36"
1.178.120.45 - - [07/May/2026:01:29:47 +0800] "GET http://cqqizhou.com/services HTTP/1.1" 200 32226 "-" "Mozilla/5.0 (Windows NT 10.0; Win64; x64) AppleWebKit/537.36 (KHTML, like Gecko) Chrome/116.0.0.0 Safari/537.36"
190.5.38.33 - - [07/May/2026:01:30:01 +0800] "GET http://cqqizhou.com/news/portfolio-category/remaining-rolls HTTP/1.1" 200 21617 "-" "Mozilla/5.0 (Windows NT 10.0; Win64; x64) AppleWebKit/537.36 (KHTML, like Gecko) Chrome/110.0.0.0 Safari/537.36"
14.172.73.187 - - [07/May/2026:01:30:11 +0800] "GET http://cqqizhou.com/news/2388 HTTP/1.1" 200 21292 "-" "Mozilla/5.0 (Windows NT 10.0; Win64; x64) AppleWebKit/537.36 (KHTML, like Gecko) Chrome/107.0.0.0 Safari/537.36"
5.0.3.235 - - [07/May/2026:01:30:22 +0800] "GET http://cqqizhou.com/material.html HTTP/1.1" 200 6459 "-" "Mozilla/5.0 (Windows NT 10.0; Win64; x64) AppleWebKit/537.36 (KHTML, like Gecko) Chrome/107.0.0.0 Safari/537.36"
36.133.115.36 - - [07/May/2026:01:30:33 +0800] "POST /wp-cron.php?doing_wp_cron=1778088632.9973709583282470703125 HTTP/1.1" 200 31 "-" "WordPress/6.9; http://cqqizhou.com"
113.183.117.140 - - [07/May/2026:01:30:33 +0800] "GET http://cqqizhou.com/2354/ HTTP/1.1" 301 5 "-" "Mozilla/5.0 (Windows NT 10.0; Win64; x64) AppleWebKit/537.36 (KHTML, like Gecko) Chrome/104.0.0.0 Safari/537.36"
113.183.117.140 - - [07/May/2026:01:30:33 +0800] "GET http://cqqizhou.com/news/2354 HTTP/1.1" 200 24878 "-" "Mozilla/5.0 (Windows NT 10.0; Win64; x64) AppleWebKit/537.36 (KHTML, like Gecko) Chrome/104.0.0.0 Safari/537.36"
14.191.16.120 - - [07/May/2026:01:30:54 +0800] "GET http://cqqizhou.com/news/tag/%E5%90%AF%E8%88%9F%E7%AE%A1%E7%90%86 HTTP/1.1" 200 22097 "-" "Mozilla/5.0 (Macintosh; Intel Mac OS X 10_15_7) AppleWebKit/537.36 (KHTML, like Gecko) Chrome/131.0.0.0 Safari/537.36"
103.192.156.34 - - [07/May/2026:01:31:07 +0800] "GET http://cqqizhou.com/news/2420 HTTP/1.1" 200 23938 "-" "Mozilla/5.0 (Macintosh; Intel Mac OS X 10_15_7) AppleWebKit/537.36 (KHTML, like Gecko) Chrome/123.0.0.0 Safari/537.36"
103.108.90.32 - - [07/May/2026:01:31:09 +0800] "GET http://cqqizhou.com/news/2231 HTTP/1.1" 200 24082 "-" "Mozilla/5.0 (Windows NT 10.0; Win64; x64) AppleWebKit/537.36 (KHTML, like Gecko) Chrome/104.0.0.0 Safari/537.36"
190.8.165.159 - - [07/May/2026:01:31:10 +0800] "GET http://cqqizhou.com/news/2440 HTTP/1.1" 200 26055 "-" "Mozilla/5.0 (Windows NT 10.0; Win64; x64) AppleWebKit/537.36 (KHTML, like Gecko) Chrome/100.0.4896.75 Safari/537.36"
14.172.192.23 - - [07/May/2026:01:31:21 +0800] "GET http://cqqizhou.com/news/2052 HTTP/1.1" 200 26205 "-" "Mozilla/5.0 (Windows NT 10.0; Win64; x64) AppleWebKit/537.36 (KHTML, like Gecko) Chrome/101.0.4951.67 Safari/537.36"
36.133.115.36 - - [07/May/2026:01:31:34 +0800] "POST /wp-cron.php?doing_wp_cron=1778088694.7421669960021972656250 HTTP/1.1" 200 31 "-" "WordPress/6.9; http://cqqizhou.com"
14.231.222.1 - - [07/May/2026:01:31:34 +0800] "GET http://cqqizhou.com/process/processing HTTP/1.1" 301 5 "-" "Mozilla/5.0 (Macintosh; Intel Mac OS X 10_15_7) AppleWebKit/537.36 (KHTML, like Gecko) Chrome/123.0.0.0 Safari/537.36"
14.231.222.1 - - [07/May/2026:01:31:35 +0800] "GET http://cqqizhou.com/services/processing HTTP/1.1" 200 23540 "-" "Mozilla/5.0 (Macintosh; Intel Mac OS X 10_15_7) AppleWebKit/537.36 (KHTML, like Gecko) Chrome/123.0.0.0 Safari/537.36"
14.227.223.140 - - [07/May/2026:01:31:46 +0800] "GET http://cqqizhou.com/news/tag/%E7%89%A9%E6%B5%81 HTTP/1.1" 200 21662 "-" "Mozilla/5.0 (Macintosh; Intel Mac OS X 10_15_7) AppleWebKit/537.36 (KHTML, like Gecko) Chrome/119.0.0.0 Safari/537.36"
36.133.115.36 - - [07/May/2026:01:32:13 +0800] "POST /wp-cron.php?doing_wp_cron=1778088733.8047280311584472656250 HTTP/1.1" 200 31 "-" "WordPress/6.9; http://cqqizhou.com"
36.133.108.119 - - [07/May/2026:01:32:13 +0800] "HEAD /nmaplowercheck1778013123 HTTP/1.1" 404 0 "-" "Mozilla/5.0 (Windows NT 6.1; WOW64) AppleWebKit/537.17 (KHTML, like Gecko) Chrome/24.0.1312.60 Safari/537.17"
180.153.236.47 - - [07/May/2026:01:40:45 +0800] "GET / HTTP/1.1" 200 35623 "http://cqqizhou.com" "User-Agent:Mozilla/5.0 (Windows NT 10.0; Win64; x64) AppleWebKit/537.36 (KHTML, like Gecko) Chrome/140.0.0.0 Safari/537.36 Edg/140.0.0.0; 360Spider"
36.133.115.36 - - [07/May/2026:01:44:39 +0800] "POST /wp-cron.php?doing_wp_cron=1778089479.9238460063934326171875 HTTP/1.1" 200 31 "-" "WordPress/6.9; http://cqqizhou.com"
115.159.33.43 - - [07/May/2026:01:44:39 +0800] "GET / HTTP/1.1" 301 5 "-" "Mozilla/5.0 (Windows NT 10.0; Win64; x64) AppleWebKit/537.36 (KHTML, like Gecko) Chrome/79.0.3945.117 Safari/537.36"
36.133.115.36 - - [07/May/2026:01:46:49 +0800] "POST /wp-cron.php?doing_wp_cron=1778089608.9739599227905273437500 HTTP/1.1" 200 31 "-" "WordPress/6.9; http://cqqizhou.com"
144.172.103.116 - - [07/May/2026:01:46:49 +0800] "GET / HTTP/1.0" 200 109870 "-" "Mozilla/5.0 (Windows; U; MSIE 9.0; Windows NT 9.0; en-US)"
36.133.115.36 - - [07/May/2026:01:58:23 +0800] "POST /wp-cron.php?doing_wp_cron=1778090303.7502160072326660156250 HTTP/1.1" 200 31 "-" "WordPress/6.9; http://cqqizhou.com"
116.171.90.168 - - [07/May/2026:01:58:23 +0800] "GET /contacts/ HTTP/1.1" 301 5 "-" "Mozilla/5.0 (Windows NT 10.0; Win64; x64) AppleWebKit/537.36 (KHTML, like Gecko) Chrome/136.0.0.0 Safari/537.36"
116.171.90.168 - - [07/May/2026:01:58:23 +0800] "GET http://cqqizhou.com/contacts HTTP/1.1" 200 22288 "-" "Mozilla/5.0 (Windows NT 10.0; Win64; x64) AppleWebKit/537.36 (KHTML, like Gecko) Chrome/136.0.0.0 Safari/537.36"
36.133.115.36 - - [07/May/2026:02:12:21 +0800] "POST /wp-cron.php?doing_wp_cron=1778091141.0409801006317138671875 HTTP/1.1" 200 31 "-" "WordPress/6.9; http://cqqizhou.com"
39.130.72.153 - - [07/May/2026:02:12:21 +0800] "GET /services/ HTTP/1.1" 301 5 "-" "Mozilla/5.0 (Windows NT 10.0; Win64; x64) AppleWebKit/537.36 (KHTML, like Gecko) Chrome/141.0.0.0 Safari/537.36"
39.130.72.153 - - [07/May/2026:02:12:21 +0800] "GET http://cqqizhou.com/services HTTP/1.1" 200 32226 "-" "Mozilla/5.0 (Windows NT 10.0; Win64; x64) AppleWebKit/537.36 (KHTML, like Gecko) Chrome/141.0.0.0 Safari/537.36"
36.133.115.36 - - [07/May/2026:02:36:31 +0800] "POST /wp-cron.php?doing_wp_cron=1778092591.9393990039825439453125 HTTP/1.1" 200 31 "-" "WordPress/6.9; http://cqqizhou.com"
74.7.227.6 - - [07/May/2026:02:36:31 +0800] "GET /wp-sitemap.xml HTTP/1.1" 501 253 "-" "Mozilla/5.0 AppleWebKit/537.36 (KHTML, like Gecko; compatible; GPTBot/1.3; +https://openai.com/gptbot)"
74.7.230.26 - - [07/May/2026:02:36:32 +0800] "GET /robots.txt HTTP/1.1" 200 190 "-" "Mozilla/5.0 (Macintosh; Intel Mac OS X 10_15_7) AppleWebKit/537.36 (KHTML, like Gecko) Chrome/131.0.0.0 Safari/537.36; compatible; OAI-SearchBot/1.3; robots.txt; +https://openai.com/searchbot"
36.133.115.36 - - [07/May/2026:02:46:20 +0800] "POST /wp-cron.php?doing_wp_cron=1778093180.5084619522094726562500 HTTP/1.1" 200 31 "-" "WordPress/6.9; http://cqqizhou.com"
87.121.84.8 - - [07/May/2026:02:46:21 +0800] "GET / HTTP/1.1" 200 158912 "-" "-"
36.133.115.36 - - [07/May/2026:02:53:08 +0800] "POST /wp-cron.php?doing_wp_cron=1778093588.0113759040832519531250 HTTP/1.1" 200 31 "-" "WordPress/6.9; http://cqqizhou.com"
213.139.77.127 - - [07/May/2026:02:53:08 +0800] "GET / HTTP/1.1" 301 5 "-" "Mozilla/5.0 (Kubuntu; Linux x86_64) AppleWebKit/537.36 (KHTML, like Gecko) Chrome/122.0.0.0 Safari/537.36"
213.139.77.127 - - [07/May/2026:02:53:09 +0800] "GET / HTTP/1.1" 200 35623 "http://36.133.115.36:80" "Mozilla/5.0 (Kubuntu; Linux x86_64) AppleWebKit/537.36 (KHTML, like Gecko) Chrome/122.0.0.0 Safari/537.36"
213.139.77.127 - - [07/May/2026:02:53:11 +0800] "GET /zentao/ HTTP/1.1" 301 5 "http://36.133.115.36:80" "Mozilla/5.0 (iPhone; CPU iPhone OS 12_0 like Mac OS X) AppleWebKit/605.1.15 (KHTML, like Gecko) Version/12.0 Mobile/15E148 Safari/604.1"
213.139.77.127 - - [07/May/2026:02:53:12 +0800] "GET /zentao/ HTTP/1.1" 404 9580 "http://36.133.115.36:80" "Mozilla/5.0 (iPhone; CPU iPhone OS 12_0 like Mac OS X) AppleWebKit/605.1.15 (KHTML, like Gecko) Version/12.0 Mobile/15E148 Safari/604.1"
213.139.77.127 - - [07/May/2026:02:53:13 +0800] "GET /zentaopms/ HTTP/1.1" 301 5 "http://36.133.115.36:80" "Mozilla/5.0 (iPhone; CPU iPhone OS 12_0 like Mac OS X) AppleWebKit/605.1.15 (KHTML, like Gecko) Version/12.0 Mobile/15E148 Safari/604.1"
213.139.77.127 - - [07/May/2026:02:53:14 +0800] "GET /zentaopms/ HTTP/1.1" 404 9581 "http://36.133.115.36:80" "Mozilla/5.0 (iPhone; CPU iPhone OS 12_0 like Mac OS X) AppleWebKit/605.1.15 (KHTML, like Gecko) Version/12.0 Mobile/15E148 Safari/604.1"
213.139.77.127 - - [07/May/2026:02:53:15 +0800] "GET /cgi-bin/luci/avalon/page/index HTTP/1.1" 301 5 "http://36.133.115.36:80" "Mozilla/5.0 (Windows Phone 10.0; Android 6.0.1; Microsoft; RM-1152) AppleWebKit/537.36 (KHTML, like Gecko) Chrome/52.0.2743.116 Mobile Safari/537.36 Edge/15.15254"
36.133.108.119 - - [07/May/2026:02:53:16 +0800] "HEAD /HNAP1 HTTP/1.1" 404 0 "-" "Mozilla/5.0 (Windows NT 6.1) AppleWebKit/537.36 (KHTML, like Gecko) Chrome/27.0.1453.90 Safari/537.36"
213.139.77.127 - - [07/May/2026:02:53:16 +0800] "GET /cgi-bin/luci/avalon/page/index HTTP/1.1" 404 9580 "http://36.133.115.36:80" "Mozilla/5.0 (Windows Phone 10.0; Android 6.0.1; Microsoft; RM-1152) AppleWebKit/537.36 (KHTML, like Gecko) Chrome/52.0.2743.116 Mobile Safari/537.36 Edge/15.15254"
213.139.77.127 - - [07/May/2026:02:53:17 +0800] "GET /minio/ HTTP/1.1" 301 5 "http://36.133.115.36:80" "Mozilla/5.0 (Windows Phone 10.0; Android 6.0.1; Microsoft; RM-1152) AppleWebKit/537.36 (KHTML, like Gecko) Chrome/52.0.2743.116 Mobile Safari/537.36 Edge/15.15254"
213.139.77.127 - - [07/May/2026:02:53:18 +0800] "GET /minio/ HTTP/1.1" 404 9580 "http://36.133.115.36:80" "Mozilla/5.0 (Windows Phone 10.0; Android 6.0.1; Microsoft; RM-1152) AppleWebKit/537.36 (KHTML, like Gecko) Chrome/52.0.2743.116 Mobile Safari/537.36 Edge/15.15254"
213.139.77.127 - - [07/May/2026:02:53:19 +0800] "GET /ipa/migration/index.html HTTP/1.1" 301 5 "http://36.133.115.36:80" "Mozilla/5.0 (Linux; Android 7.0; Pixel C Build/NRD90M; wv) AppleWebKit/537.36 (KHTML, like Gecko) Version/4.0 Chrome/52.0.2743.98 Safari/537.36"
213.139.77.127 - - [07/May/2026:02:53:20 +0800] "GET /ipa/migration/index.html HTTP/1.1" 404 9579 "http://36.133.115.36:80" "Mozilla/5.0 (Linux; Android 7.0; Pixel C Build/NRD90M; wv) AppleWebKit/537.36 (KHTML, like Gecko) Version/4.0 Chrome/52.0.2743.98 Safari/537.36"
213.139.77.127 - - [07/May/2026:02:53:20 +0800] "GET /ipa/config/ssbrowser.html HTTP/1.1" 301 5 "http://36.133.115.36:80" "Mozilla/5.0 (Windows Phone 10.0; Android 6.0.1; Microsoft; RM-1152) AppleWebKit/537.36 (KHTML, like Gecko) Chrome/52.0.2743.116 Mobile Safari/537.36 Edge/15.15254"
213.139.77.127 - - [07/May/2026:02:53:22 +0800] "GET /ipa/config/ssbrowser.html HTTP/1.1" 404 9580 "http://36.133.115.36:80" "Mozilla/5.0 (Windows Phone 10.0; Android 6.0.1; Microsoft; RM-1152) AppleWebKit/537.36 (KHTML, like Gecko) Chrome/52.0.2743.116 Mobile Safari/537.36 Edge/15.15254"
213.139.77.127 - - [07/May/2026:02:53:23 +0800] "GET /ipa/migration/migration.py HTTP/1.1" 301 5 "http://36.133.115.36:80" "Mozilla/5.0 (compatible; Googlebot/2.1; +http://www.google.com/bot.html)"
213.139.77.127 - - [07/May/2026:02:53:24 +0800] "GET /ipa/migration/migration.py HTTP/1.1" 404 9580 "http://36.133.115.36:80" "Mozilla/5.0 (compatible; Googlebot/2.1; +http://www.google.com/bot.html)"
213.139.77.127 - - [07/May/2026:02:53:25 +0800] "GET /defaultroot/evo/ipad/login.jsp HTTP/1.1" 301 5 "http://36.133.115.36:80" "Mozilla/5.0 (compatible; Yahoo! Slurp; http://help.yahoo.com/help/us/ysearch/slurp)"
213.139.77.127 - - [07/May/2026:02:53:26 +0800] "GET /defaultroot/evo/ipad/login.jsp HTTP/1.1" 404 9580 "http://36.133.115.36:80" "Mozilla/5.0 (compatible; Yahoo! Slurp; http://help.yahoo.com/help/us/ysearch/slurp)"
213.139.77.127 - - [07/May/2026:02:53:27 +0800] "GET /WebReport/ReportServer HTTP/1.1" 301 5 "http://36.133.115.36:80" "Mozilla/5.0 (Windows NT 10.0; Win64; x64) AppleWebKit/537.36 (KHTML, like Gecko) Chrome/42.0.2311.135 Safari/537.36 Edge/12.246"
213.139.77.127 - - [07/May/2026:02:53:28 +0800] "GET /WebReport/ReportServer HTTP/1.1" 404 9580 "http://36.133.115.36:80" "Mozilla/5.0 (Windows NT 10.0; Win64; x64) AppleWebKit/537.36 (KHTML, like Gecko) Chrome/42.0.2311.135 Safari/537.36 Edge/12.246"
213.139.77.127 - - [07/May/2026:02:53:29 +0800] "GET /ReportServer HTTP/1.1" 301 5 "http://36.133.115.36:80" "Mozilla/5.0 (X11; Ubuntu; Linux x86_64; rv:15.0) Gecko/20100101 Firefox/15.0.1"
213.139.77.127 - - [07/May/2026:02:53:30 +0800] "GET /ReportServer HTTP/1.1" 404 9578 "http://36.133.115.36:80" "Mozilla/5.0 (X11; Ubuntu; Linux x86_64; rv:15.0) Gecko/20100101 Firefox/15.0.1"
213.139.77.127 - - [07/May/2026:02:53:30 +0800] "GET /webroot/decision/login HTTP/1.1" 301 5 "http://36.133.115.36:80" "Mozilla/5.0 (X11; Ubuntu; Linux x86_64; rv:15.0) Gecko/20100101 Firefox/15.0.1"
213.139.77.127 - - [07/May/2026:02:53:31 +0800] "GET /webroot/decision/login HTTP/1.1" 404 9579 "http://36.133.115.36:80" "Mozilla/5.0 (X11; Ubuntu; Linux x86_64; rv:15.0) Gecko/20100101 Firefox/15.0.1"
213.139.77.127 - - [07/May/2026:02:53:32 +0800] "GET /.asp HTTP/1.1" 301 5 "http://36.133.115.36:80" "Mozilla/5.0 (iPhone; CPU iPhone OS 12_0 like Mac OS X) AppleWebKit/605.1.15 (KHTML, like Gecko) Version/12.0 Mobile/15E148 Safari/604.1"
213.139.77.127 - - [07/May/2026:02:53:33 +0800] "GET /.asp HTTP/1.1" 404 9580 "http://36.133.115.36:80" "Mozilla/5.0 (iPhone; CPU iPhone OS 12_0 like Mac OS X) AppleWebKit/605.1.15 (KHTML, like Gecko) Version/12.0 Mobile/15E148 Safari/604.1"
213.139.77.127 - - [07/May/2026:02:53:34 +0800] "GET /bea_wls_internal/ HTTP/1.1" 301 5 "http://36.133.115.36:80" "Mozilla/5.0 (Windows Phone 10.0; Android 6.0.1; Microsoft; RM-1152) AppleWebKit/537.36 (KHTML, like Gecko) Chrome/52.0.2743.116 Mobile Safari/537.36 Edge/15.15254"
213.139.77.127 - - [07/May/2026:02:53:35 +0800] "GET /bea_wls_internal/ HTTP/1.1" 404 9580 "http://36.133.115.36:80" "Mozilla/5.0 (Windows Phone 10.0; Android 6.0.1; Microsoft; RM-1152) AppleWebKit/537.36 (KHTML, like Gecko) Chrome/52.0.2743.116 Mobile Safari/537.36 Edge/15.15254"
213.139.77.127 - - [07/May/2026:02:53:36 +0800] "GET /functionRouter HTTP/1.1" 301 5 "http://36.133.115.36:80" "Mozilla/5.0 (Linux; Android 8.0.0; SM-G960F Build/R16NW) AppleWebKit/537.36 (KHTML, like Gecko) Chrome/62.0.3202.84 Mobile Safari/537.36"
213.139.77.127 - - [07/May/2026:02:53:37 +0800] "GET /functionRouter HTTP/1.1" 404 9580 "http://36.133.115.36:80" "Mozilla/5.0 (Linux; Android 8.0.0; SM-G960F Build/R16NW) AppleWebKit/537.36 (KHTML, like Gecko) Chrome/62.0.3202.84 Mobile Safari/537.36"
213.139.77.127 - - [07/May/2026:02:53:38 +0800] "GET /version HTTP/1.1" 301 5 "http://36.133.115.36:80" "Mozilla/5.0 (X11; Ubuntu; Linux x86_64; rv:15.0) Gecko/20100101 Firefox/15.0.1"
213.139.77.127 - - [07/May/2026:02:53:39 +0800] "GET /version HTTP/1.1" 404 9580 "http://36.133.115.36:80" "Mozilla/5.0 (X11; Ubuntu; Linux x86_64; rv:15.0) Gecko/20100101 Firefox/15.0.1"
213.139.77.127 - - [07/May/2026:02:53:40 +0800] "GET /zabbix/ HTTP/1.1" 301 5 "http://36.133.115.36:80" "Mozilla/5.0 (Windows NT 6.1; WOW64) AppleWebKit/537.36 (KHTML, like Gecko) Chrome/47.0.2526.111 Safari/537.36"
213.139.77.127 - - [07/May/2026:02:53:41 +0800] "GET /zabbix/ HTTP/1.1" 404 9580 "http://36.133.115.36:80" "Mozilla/5.0 (Windows NT 6.1; WOW64) AppleWebKit/537.36 (KHTML, like Gecko) Chrome/47.0.2526.111 Safari/537.36"
213.139.77.127 - - [07/May/2026:02:53:42 +0800] "GET /demo/form.jsp HTTP/1.1" 301 5 "http://36.133.115.36:80" "Mozilla/5.0 (Linux; Android 8.0.0; SM-G960F Build/R16NW) AppleWebKit/537.36 (KHTML, like Gecko) Chrome/62.0.3202.84 Mobile Safari/537.36"
213.139.77.127 - - [07/May/2026:02:53:43 +0800] "GET /demo/form.jsp HTTP/1.1" 404 9580 "http://36.133.115.36:80" "Mozilla/5.0 (Linux; Android 8.0.0; SM-G960F Build/R16NW) AppleWebKit/537.36 (KHTML, like Gecko) Chrome/62.0.3202.84 Mobile Safari/537.36"
213.139.77.127 - - [07/May/2026:02:53:44 +0800] "GET /ht-login.jsp HTTP/1.1" 301 5 "http://36.133.115.36:80" "Mozilla/5.0 (compatible; bingbot/2.0; +http://www.bing.com/bingbot.htm)"
213.139.77.127 - - [07/May/2026:02:53:45 +0800] "GET /ht-login.jsp HTTP/1.1" 404 9580 "http://36.133.115.36:80" "Mozilla/5.0 (compatible; bingbot/2.0; +http://www.bing.com/bingbot.htm)"
213.139.77.127 - - [07/May/2026:02:53:45 +0800] "GET /login/login.php HTTP/1.1" 404 47 "http://36.133.115.36:80" "Mozilla/5.0 (compatible; Yahoo! Slurp; http://help.yahoo.com/help/us/ysearch/slurp)"
213.139.77.127 - - [07/May/2026:02:53:46 +0800] "GET /geoserver/web/ HTTP/1.1" 301 5 "http://36.133.115.36:80" "Mozilla/5.0 (compatible; Yahoo! Slurp; http://help.yahoo.com/help/us/ysearch/slurp)"
213.139.77.127 - - [07/May/2026:02:53:47 +0800] "GET /geoserver/web/ HTTP/1.1" 404 9580 "http://36.133.115.36:80" "Mozilla/5.0 (compatible; Yahoo! Slurp; http://help.yahoo.com/help/us/ysearch/slurp)"
213.139.77.127 - - [07/May/2026:02:53:47 +0800] "GET /nacos/ HTTP/1.1" 301 5 "http://36.133.115.36:80" "Mozilla/5.0 (X11; CrOS x86_64 8172.45.0) AppleWebKit/537.36 (KHTML, like Gecko) Chrome/51.0.2704.64 Safari/537.36"
213.139.77.127 - - [07/May/2026:02:53:48 +0800] "GET /nacos/ HTTP/1.1" 404 9580 "http://36.133.115.36:80" "Mozilla/5.0 (X11; CrOS x86_64 8172.45.0) AppleWebKit/537.36 (KHTML, like Gecko) Chrome/51.0.2704.64 Safari/537.36"
213.139.77.127 - - [07/May/2026:02:53:49 +0800] "GET /api/nacos/ HTTP/1.1" 301 5 "http://36.133.115.36:80" "Mozilla/5.0 (Macintosh; Intel Mac OS X 10_11_2) AppleWebKit/601.3.9 (KHTML, like Gecko) Version/9.0.2 Safari/601.3.9"
213.139.77.127 - - [07/May/2026:02:53:50 +0800] "GET /api/nacos/ HTTP/1.1" 404 9579 "http://36.133.115.36:80" "Mozilla/5.0 (Macintosh; Intel Mac OS X 10_11_2) AppleWebKit/601.3.9 (KHTML, like Gecko) Version/9.0.2 Safari/601.3.9"
213.139.77.127 - - [07/May/2026:02:53:51 +0800] "GET /error HTTP/1.1" 301 5 "http://36.133.115.36:80" "Mozilla/5.0 (compatible; bingbot/2.0; +http://www.bing.com/bingbot.htm)"
213.139.77.127 - - [07/May/2026:02:53:52 +0800] "GET /error HTTP/1.1" 404 9580 "http://36.133.115.36:80" "Mozilla/5.0 (compatible; bingbot/2.0; +http://www.bing.com/bingbot.htm)"
213.139.77.127 - - [07/May/2026:02:53:53 +0800] "GET /api/error/ HTTP/1.1" 301 5 "http://36.133.115.36:80" "Mozilla/5.0 (compatible; Googlebot/2.1; +http://www.google.com/bot.html)"
213.139.77.127 - - [07/May/2026:02:53:54 +0800] "GET /api/error/ HTTP/1.1" 404 9581 "http://36.133.115.36:80" "Mozilla/5.0 (compatible; Googlebot/2.1; +http://www.google.com/bot.html)"
213.139.77.127 - - [07/May/2026:02:53:55 +0800] "GET /gateway/error/ HTTP/1.1" 301 5 "http://36.133.115.36:80" "Mozilla/5.0 (compatible; bingbot/2.0; +http://www.bing.com/bingbot.htm)"
213.139.77.127 - - [07/May/2026:02:53:56 +0800] "GET /gateway/error/ HTTP/1.1" 404 9580 "http://36.133.115.36:80" "Mozilla/5.0 (compatible; bingbot/2.0; +http://www.bing.com/bingbot.htm)"
213.139.77.127 - - [07/May/2026:02:53:57 +0800] "GET /smartbi/vision/index.jsp HTTP/1.1" 301 5 "http://36.133.115.36:80" "Mozilla/5.0 (Linux; Android 8.0.0; SM-G960F Build/R16NW) AppleWebKit/537.36 (KHTML, like Gecko) Chrome/62.0.3202.84 Mobile Safari/537.36"
213.139.77.127 - - [07/May/2026:02:53:58 +0800] "GET /smartbi/vision/index.jsp HTTP/1.1" 404 9580 "http://36.133.115.36:80" "Mozilla/5.0 (Linux; Android 8.0.0; SM-G960F Build/R16NW) AppleWebKit/537.36 (KHTML, like Gecko) Chrome/62.0.3202.84 Mobile Safari/537.36"
213.139.77.127 - - [07/May/2026:02:53:59 +0800] "GET /vision/index.jsp HTTP/1.1" 301 5 "http://36.133.115.36:80" "Mozilla/5.0 (compatible; bingbot/2.0; +http://www.bing.com/bingbot.htm)"
213.139.77.127 - - [07/May/2026:02:54:00 +0800] "GET /vision/index.jsp HTTP/1.1" 404 9579 "http://36.133.115.36:80" "Mozilla/5.0 (compatible; bingbot/2.0; +http://www.bing.com/bingbot.htm)"
213.139.77.127 - - [07/May/2026:02:54:00 +0800] "GET /manager/html HTTP/1.1" 301 5 "http://36.133.115.36:80" "Mozilla/5.0 (compatible; Yahoo! Slurp; http://help.yahoo.com/help/us/ysearch/slurp)"
213.139.77.127 - - [07/May/2026:02:54:01 +0800] "GET /manager/html HTTP/1.1" 404 9580 "http://36.133.115.36:80" "Mozilla/5.0 (compatible; Yahoo! Slurp; http://help.yahoo.com/help/us/ysearch/slurp)"
213.139.77.127 - - [07/May/2026:02:54:02 +0800] "GET /res/jeecms/img/ HTTP/1.1" 301 5 "http://36.133.115.36:80" "Mozilla/5.0 (Linux; Android 7.0; Pixel C Build/NRD90M; wv) AppleWebKit/537.36 (KHTML, like Gecko) Version/4.0 Chrome/52.0.2743.98 Safari/537.36"
213.139.77.127 - - [07/May/2026:02:54:03 +0800] "GET /res/jeecms/img/ HTTP/1.1" 404 9580 "http://36.133.115.36:80" "Mozilla/5.0 (Linux; Android 7.0; Pixel C Build/NRD90M; wv) AppleWebKit/537.36 (KHTML, like Gecko) Version/4.0 Chrome/52.0.2743.98 Safari/537.36"
213.139.77.127 - - [07/May/2026:02:54:04 +0800] "GET /cgi-bin/welcome HTTP/1.1" 301 5 "http://36.133.115.36:80" "Mozilla/5.0 (X11; Ubuntu; Linux x86_64; rv:15.0) Gecko/20100101 Firefox/15.0.1"
213.139.77.127 - - [07/May/2026:02:54:05 +0800] "GET /cgi-bin/welcome HTTP/1.1" 404 9580 "http://36.133.115.36:80" "Mozilla/5.0 (X11; Ubuntu; Linux x86_64; rv:15.0) Gecko/20100101 Firefox/15.0.1"
213.139.77.127 - - [07/May/2026:02:54:06 +0800] "GET /wui/index.html HTTP/1.1" 301 5 "http://36.133.115.36:80" "Mozilla/5.0 (Linux; Android 7.0; Pixel C Build/NRD90M; wv) AppleWebKit/537.36 (KHTML, like Gecko) Version/4.0 Chrome/52.0.2743.98 Safari/537.36"
213.139.77.127 - - [07/May/2026:02:54:07 +0800] "GET /wui/index.html HTTP/1.1" 404 9580 "http://36.133.115.36:80" "Mozilla/5.0 (Linux; Android 7.0; Pixel C Build/NRD90M; wv) AppleWebKit/537.36 (KHTML, like Gecko) Version/4.0 Chrome/52.0.2743.98 Safari/537.36"
36.133.115.36 - - [07/May/2026:02:54:08 +0800] "POST /wp-cron.php?doing_wp_cron=1778093648.2629339694976806640625 HTTP/1.1" 200 31 "-" "WordPress/6.9; http://cqqizhou.com"
213.139.77.127 - - [07/May/2026:02:54:08 +0800] "GET /phpmyadmin/ HTTP/1.1" 301 5 "http://36.133.115.36:80" "Mozilla/5.0 (compatible; Googlebot/2.1; +http://www.google.com/bot.html)"
213.139.77.127 - - [07/May/2026:02:54:09 +0800] "GET /phpmyadmin/ HTTP/1.1" 404 9580 "http://36.133.115.36:80" "Mozilla/5.0 (compatible; Googlebot/2.1; +http://www.google.com/bot.html)"
213.139.77.127 - - [07/May/2026:02:54:10 +0800] "GET /pma/ HTTP/1.1" 301 5 "http://36.133.115.36:80" "Mozilla/5.0 (compatible; Yahoo! Slurp; http://help.yahoo.com/help/us/ysearch/slurp)"
213.139.77.127 - - [07/May/2026:02:54:11 +0800] "GET /pma/ HTTP/1.1" 404 9580 "http://36.133.115.36:80" "Mozilla/5.0 (compatible; Yahoo! Slurp; http://help.yahoo.com/help/us/ysearch/slurp)"
213.139.77.127 - - [07/May/2026:02:54:12 +0800] "GET /druid/index.html HTTP/1.1" 301 5 "http://36.133.115.36:80" "Mozilla/5.0 (Macintosh; Intel Mac OS X 10_11_2) AppleWebKit/601.3.9 (KHTML, like Gecko) Version/9.0.2 Safari/601.3.9"
213.139.77.127 - - [07/May/2026:02:54:13 +0800] "GET /druid/index.html HTTP/1.1" 404 9580 "http://36.133.115.36:80" "Mozilla/5.0 (Macintosh; Intel Mac OS X 10_11_2) AppleWebKit/601.3.9 (KHTML, like Gecko) Version/9.0.2 Safari/601.3.9"
213.139.77.127 - - [07/May/2026:02:54:14 +0800] "GET /?a=WKtwuea&c=2RVM&m=fv3C&s=ba5a HTTP/1.1" 200 17809 "http://36.133.115.36:80" "Mozilla/5.0 (iPhone; CPU iPhone OS 12_0 like Mac OS X) AppleWebKit/605.1.15 (KHTML, like Gecko) Version/12.0 Mobile/15E148 Safari/604.1"
213.139.77.127 - - [07/May/2026:02:54:15 +0800] "GET /xxl-job-admin/toLogin HTTP/1.1" 301 5 "http://36.133.115.36:80" "Mozilla/5.0 (Macintosh; Intel Mac OS X 10_11_2) AppleWebKit/601.3.9 (KHTML, like Gecko) Version/9.0.2 Safari/601.3.9"
213.139.77.127 - - [07/May/2026:02:54:16 +0800] "GET /xxl-job-admin/toLogin HTTP/1.1" 404 9580 "http://36.133.115.36:80" "Mozilla/5.0 (Macintosh; Intel Mac OS X 10_11_2) AppleWebKit/601.3.9 (KHTML, like Gecko) Version/9.0.2 Safari/601.3.9"
213.139.77.127 - - [07/May/2026:02:54:17 +0800] "GET /xxl-job/toLogin HTTP/1.1" 301 5 "http://36.133.115.36:80" "Mozilla/5.0 (Macintosh; Intel Mac OS X 10_11_2) AppleWebKit/601.3.9 (KHTML, like Gecko) Version/9.0.2 Safari/601.3.9"
213.139.77.127 - - [07/May/2026:02:54:18 +0800] "GET /xxl-job/toLogin HTTP/1.1" 404 9580 "http://36.133.115.36:80" "Mozilla/5.0 (Macintosh; Intel Mac OS X 10_11_2) AppleWebKit/601.3.9 (KHTML, like Gecko) Version/9.0.2 Safari/601.3.9"
213.139.77.127 - - [07/May/2026:02:54:19 +0800] "GET /xxl/toLogin HTTP/1.1" 301 5 "http://36.133.115.36:80" "Mozilla/5.0 (X11; Ubuntu; Linux x86_64; rv:15.0) Gecko/20100101 Firefox/15.0.1"
213.139.77.127 - - [07/May/2026:02:54:20 +0800] "GET /xxl/toLogin HTTP/1.1" 404 9579 "http://36.133.115.36:80" "Mozilla/5.0 (X11; Ubuntu; Linux x86_64; rv:15.0) Gecko/20100101 Firefox/15.0.1"
213.139.77.127 - - [07/May/2026:02:54:21 +0800] "GET / HTTP/1.1" 200 35187 "http://36.133.115.36:80" "Mozilla/5.0 (Linux; Android 7.0; Pixel C Build/NRD90M; wv) AppleWebKit/537.36 (KHTML, like Gecko) Version/4.0 Chrome/52.0.2743.98 Safari/537.36"
213.139.77.127 - - [07/May/2026:02:54:28 +0800] "GET /jenkins/login HTTP/1.1" 301 5 "http://36.133.115.36:80" "Mozilla/5.0 (iPhone; CPU iPhone OS 12_0 like Mac OS X) AppleWebKit/605.1.15 (KHTML, like Gecko) Version/12.0 Mobile/15E148 Safari/604.1"
213.139.77.127 - - [07/May/2026:02:54:29 +0800] "GET /jenkins/login HTTP/1.1" 404 9580 "http://36.133.115.36:80" "Mozilla/5.0 (iPhone; CPU iPhone OS 12_0 like Mac OS X) AppleWebKit/605.1.15 (KHTML, like Gecko) Version/12.0 Mobile/15E148 Safari/604.1"
213.139.77.127 - - [07/May/2026:02:54:30 +0800] "GET /arcgis/ HTTP/1.1" 301 5 "http://36.133.115.36:80" "Mozilla/5.0 (X11; Ubuntu; Linux x86_64; rv:15.0) Gecko/20100101 Firefox/15.0.1"
213.139.77.127 - - [07/May/2026:02:54:31 +0800] "GET /arcgis/ HTTP/1.1" 404 9580 "http://36.133.115.36:80" "Mozilla/5.0 (X11; Ubuntu; Linux x86_64; rv:15.0) Gecko/20100101 Firefox/15.0.1"
213.139.77.127 - - [07/May/2026:02:54:32 +0800] "GET /goforms/menu HTTP/1.1" 301 5 "http://36.133.115.36:80" "Mozilla/5.0 (compatible; bingbot/2.0; +http://www.bing.com/bingbot.htm)"
213.139.77.127 - - [07/May/2026:02:54:33 +0800] "GET /goforms/menu HTTP/1.1" 404 9580 "http://36.133.115.36:80" "Mozilla/5.0 (compatible; bingbot/2.0; +http://www.bing.com/bingbot.htm)"
213.139.77.127 - - [07/May/2026:02:54:34 +0800] "GET /harbor/ HTTP/1.1" 301 5 "http://36.133.115.36:80" "Mozilla/5.0 (compatible; bingbot/2.0; +http://www.bing.com/bingbot.htm)"
213.139.77.127 - - [07/May/2026:02:54:35 +0800] "GET /harbor/ HTTP/1.1" 404 9581 "http://36.133.115.36:80" "Mozilla/5.0 (compatible; bingbot/2.0; +http://www.bing.com/bingbot.htm)"
36.133.115.36 - - [07/May/2026:02:57:35 +0800] "POST /wp-cron.php?doing_wp_cron=1778093855.3479480743408203125000 HTTP/1.1" 200 31 "-" "WordPress/6.9; http://cqqizhou.com"
36.133.108.119 - - [07/May/2026:02:57:35 +0800] "HEAD /evox/about HTTP/1.1" 404 0 "-" "Mozilla/5.0 (X11; Linux x86_64) AppleWebKit/537.36 (KHTML, like Gecko) Chrome/41.0.2227.0 Safari/537.36"
36.133.115.36 - - [07/May/2026:03:06:09 +0800] "POST /wp-cron.php?doing_wp_cron=1778094369.2180581092834472656250 HTTP/1.1" 200 31 "-" "WordPress/6.9; http://cqqizhou.com"
120.197.95.34 - - [07/May/2026:03:06:09 +0800] "GET /robots.txt HTTP/1.1" 200 190 "-" "Mozilla/5.0 (Windows NT 10.0; Win64; x64) AppleWebKit/537.36 (KHTML, like Gecko) Chrome/87.0.3836.34 Safari/537.36"
36.133.115.36 - - [07/May/2026:03:19:12 +0800] "POST /wp-cron.php?doing_wp_cron=1778095152.3875999450683593750000 HTTP/1.1" 200 31 "-" "WordPress/6.9; http://cqqizhou.com"
45.207.34.222 - - [07/May/2026:03:19:12 +0800] "GET /login HTTP/1.1" 301 5 "-" "Go-http-client/1.1"
45.207.34.222 - - [07/May/2026:03:19:13 +0800] "GET /login HTTP/1.1" 302 5 "http://36.133.115.36:80/login" "Go-http-client/1.1"
45.207.34.222 - - [07/May/2026:03:19:14 +0800] "GET /wp-login.php HTTP/1.1" 200 2853 "http://36.133.115.36/login" "Go-http-client/1.1"
36.133.115.36 - - [07/May/2026:03:21:33 +0800] "POST /wp-cron.php?doing_wp_cron=1778095293.7285299301147460937500 HTTP/1.1" 200 31 "-" "WordPress/6.9; http://cqqizhou.com"
183.207.48.154 - - [07/May/2026:03:21:33 +0800] "GET / HTTP/1.1" 301 5 "-" "Mozilla/5.0 (Windows NT 10.0; Win64; x64) AppleWebKit/537.36 (KHTML, like Gecko) Chrome/59.0.3071.104 Safari/537.36"
183.207.48.154 - - [07/May/2026:03:21:34 +0800] "GET / HTTP/1.1" 200 160571 "-" "Mozilla/5.0 (Windows NT 10.0; Win64; x64) AppleWebKit/537.36 (KHTML, like Gecko) Chrome/59.0.3071.104 Safari/537.36"
43.134.189.190 - - [07/May/2026:03:37:50 +0800] "GET /?details_id=cnxhacker HTTP/1.1" 301 5 "-" "Mozilla/5.0 (X11; Ubuntu; Linux x86_64; rv:127.0) Gecko/20100101 Firefox/127.0"
36.133.115.36 - - [07/May/2026:03:37:50 +0800] "POST /wp-cron.php?doing_wp_cron=1778096270.7401909828186035156250 HTTP/1.1" 200 31 "-" "WordPress/6.9; http://cqqizhou.com"
43.134.189.190 - - [07/May/2026:03:37:50 +0800] "GET /?templates_id=cnxhacker HTTP/1.1" 301 5 "-" "Mozilla/5.0 (Macintosh; Intel Mac OS X 10_15_7) AppleWebKit/605.1.15 (KHTML, like Gecko) Version/17.5 Safari/605.9.17"
106.8.138.77 - - [07/May/2026:03:58:05 +0800] "GET /wp-content/uploads/2026/04/1775865780-1Article_images_W900px.webp HTTP/1.1" 200 41840 "http://cqqizhou.com/news/2559" "YisouSpider"
124.239.12.106 - - [07/May/2026:03:58:05 +0800] "GET /wp-content/uploads/2026/04/1777513411-2Article_images_W900px.webp HTTP/1.1" 200 50748 "http://cqqizhou.com/news/2559" "YisouSpider"
116.132.252.85 - - [07/May/2026:03:58:06 +0800] "GET /wp-content/uploads/2026/04/1777513410-1Article_images_W900px.webp HTTP/1.1" 200 30786 "http://cqqizhou.com/news/2559" "YisouSpider"
36.133.115.36 - - [07/May/2026:04:20:38 +0800] "POST /wp-cron.php?doing_wp_cron=1778098838.7942049503326416015625 HTTP/1.1" 200 31 "-" "WordPress/6.9; http://cqqizhou.com"
119.84.246.117 - - [07/May/2026:04:20:38 +0800] "GET / HTTP/1.1" 301 5 "-" "Mozilla/5.0 (Windows NT 6.1; WOW64; rv:12.0) Gecko/20100101 Firefox/12.0"
119.84.246.117 - - [07/May/2026:04:20:38 +0800] "GET / HTTP/1.1" 200 160571 "-" "Mozilla/5.0 (Windows NT 6.1; WOW64; rv:12.0) Gecko/20100101 Firefox/12.0"
119.84.246.117 - - [07/May/2026:04:20:39 +0800] "GET / HTTP/1.1" 301 5 "-" "Mozilla/5.0 (Windows NT 6.1; WOW64) AppleWebKit/537.1 (KHTML, like Gecko) Chrome/21.0.1180.89 Safari/537.1"
119.84.246.117 - - [07/May/2026:04:20:40 +0800] "GET / HTTP/1.1" 200 160571 "-" "Mozilla/5.0 (Windows NT 6.1; WOW64) AppleWebKit/537.1 (KHTML, like Gecko) Chrome/21.0.1180.89 Safari/537.1"
119.84.246.117 - - [07/May/2026:04:20:45 +0800] "GET / HTTP/1.1" 301 5 "-" "Mozilla/5.0 (Windows NT 6.1; WOW64; rv:14.0) Gecko/20100101 Firefox/14.0.1"
119.84.246.117 - - [07/May/2026:04:20:45 +0800] "GET / HTTP/1.1" 200 160571 "-" "Mozilla/5.0 (Windows NT 6.1; WOW64; rv:14.0) Gecko/20100101 Firefox/14.0.1"
36.133.115.36 - - [07/May/2026:04:23:01 +0800] "POST /wp-cron.php?doing_wp_cron=1778098981.0349750518798828125000 HTTP/1.1" 200 31 "-" "WordPress/6.9; http://cqqizhou.com"
43.159.138.217 - - [07/May/2026:04:23:01 +0800] "GET / HTTP/1.1" 200 35187 "-" "Mozilla/5.0 (iPhone; CPU iPhone OS 13_2_3 like Mac OS X) AppleWebKit/605.1.15 (KHTML, like Gecko) Version/13.0.3 Mobile/15E148 Safari/604.1"
36.133.115.36 - - [07/May/2026:04:50:51 +0800] "POST /wp-cron.php?doing_wp_cron=1778100651.4978361129760742187500 HTTP/1.1" 200 31 "-" "WordPress/6.9; http://cqqizhou.com"
110.249.201.43 - - [07/May/2026:04:50:51 +0800] "GET /robots.txt HTTP/1.1" 200 190 "-" "Mozilla/5.0 (Linux; Android 5.0) AppleWebKit/537.36 (KHTML, like Gecko) Mobile Safari/537.36 (compatible; Bytespider; https://zhanzhang.toutiao.com/)"
36.133.115.36 - - [07/May/2026:04:55:13 +0800] "POST /wp-cron.php?doing_wp_cron=1778100913.5849370956420898437500 HTTP/1.1" 200 31 "-" "WordPress/6.9; http://cqqizhou.com"
45.148.10.67 - - [07/May/2026:04:55:13 +0800] "GET / HTTP/1.1" 200 35188 "-" "Mozilla/5.0 (Windows NT 10.0; Win64; x64) AppleWebKit/537.36 (KHTML, like Gecko) Chrome/131.0.0.0 Safari/537.36"
36.133.115.36 - - [07/May/2026:05:04:09 +0800] "POST /wp-cron.php?doing_wp_cron=1778101449.1590540409088134765625 HTTP/1.1" 200 31 "-" "WordPress/6.9; http://cqqizhou.com"
101.70.101.186 - - [07/May/2026:05:04:09 +0800] "GET /contacts/ HTTP/1.1" 301 5 "-" "Mozilla/5.0 (Windows NT 10.0; Win64; x64) AppleWebKit/537.36 (KHTML, like Gecko) Chrome/136.0.0.0 Safari/537.36"
101.70.101.186 - - [07/May/2026:05:04:09 +0800] "GET http://cqqizhou.com/contacts HTTP/1.1" 200 22288 "-" "Mozilla/5.0 (Windows NT 10.0; Win64; x64) AppleWebKit/537.36 (KHTML, like Gecko) Chrome/136.0.0.0 Safari/537.36"
36.133.115.36 - - [07/May/2026:05:07:10 +0800] "POST /wp-cron.php?doing_wp_cron=1778101630.7853589057922363281250 HTTP/1.1" 200 31 "-" "WordPress/6.9; http://cqqizhou.com"
34.168.94.172 - - [07/May/2026:05:07:10 +0800] "HEAD /wordpress/ HTTP/1.1" 404 0 "-" "Mozilla/5.0 (Windows NT 10.0; WOW64) AppleWebKit/537.36 (KHTML, like Gecko) Chrome/118.0.5993.90 Safari/537.36"
34.168.94.172 - - [07/May/2026:05:07:11 +0800] "HEAD /blog/ HTTP/1.1" 404 0 "-" "Mozilla/5.0 (Macintosh; Intel Mac OS X 14_5) AppleWebKit/605.1.15 (KHTML, like Gecko) Version/17.5 Safari/605.1.15"
34.168.94.172 - - [07/May/2026:05:07:12 +0800] "HEAD /backup/ HTTP/1.1" 404 0 "-" "Mozilla/5.0 (X11; Fedora; Linux x86_64; rv:125.0) Gecko/20100101 Firefox/125.0"
34.168.94.172 - - [07/May/2026:05:07:13 +0800] "HEAD /old/ HTTP/1.1" 404 0 "-" "Mozilla/5.0 (Windows NT 10.0; Win64; x64) AppleWebKit/537.36 (KHTML, like Gecko) Chrome/126.0.6478.70 Safari/537.36 Vivaldi/6.7.3200.25"
34.168.94.172 - - [07/May/2026:05:07:14 +0800] "HEAD /wp/ HTTP/1.1" 404 0 "-" "Mozilla/5.0 (Linux; Android 13; Nokia G42 5G) AppleWebKit/537.36 (KHTML, like Gecko) Chrome/126.0.6478.41 Mobile Safari/537.36"
34.168.94.172 - - [07/May/2026:05:07:14 +0800] "HEAD / HTTP/1.1" 200 0 "-" "Mozilla/5.0 (Linux; Android 14; RMX3842) AppleWebKit/537.36 (KHTML, like Gecko) Chrome/126.0.6478.44 Mobile Safari/537.36"
34.168.94.172 - - [07/May/2026:05:07:15 +0800] "HEAD /new/ HTTP/1.1" 301 0 "-" "Mozilla/5.0 (Linux; Android 13; Nokia G42 5G) AppleWebKit/537.36 (KHTML, like Gecko) Chrome/126.0.6478.41 Mobile Safari/537.36"
34.168.94.172 - - [07/May/2026:05:07:16 +0800] "HEAD /news HTTP/1.1" 200 0 "http://cqqizhou.com/new/" "Mozilla/5.0 (Linux; Android 13; Nokia G42 5G) AppleWebKit/537.36 (KHTML, like Gecko) Chrome/126.0.6478.41 Mobile Safari/537.36"
36.133.115.36 - - [07/May/2026:05:18:59 +0800] "POST /wp-cron.php?doing_wp_cron=1778102339.0918788909912109375000 HTTP/1.1" 200 31 "-" "WordPress/6.9; http://cqqizhou.com"
45.135.193.206 - - [07/May/2026:05:18:59 +0800] "GET / HTTP/1.0" 301 0 "-" "0day"
36.133.115.36 - - [07/May/2026:05:29:06 +0800] "POST /wp-cron.php?doing_wp_cron=1778102946.6351668834686279296875 HTTP/1.1" 200 31 "-" "WordPress/6.9; http://cqqizhou.com"
103.152.159.168 - - [07/May/2026:05:29:11 +0800] "GET /boaform/admin/formLogin?username=user&psd=user HTTP/1.0" 404 33731 "-" "-"
36.133.115.36 - - [07/May/2026:06:04:35 +0800] "POST /wp-cron.php?doing_wp_cron=1778105075.3945810794830322265625 HTTP/1.1" 200 31 "-" "WordPress/6.9; http://cqqizhou.com"
176.31.139.21 - - [07/May/2026:06:04:35 +0800] "GET /robots.txt HTTP/1.1" 200 190 "-" "Mozilla/5.0 (compatible; AhrefsBot/7.0; +http://ahrefs.com/robot/)"
51.195.244.244 - - [07/May/2026:06:04:37 +0800] "GET /news/2388 HTTP/1.1" 200 21292 "-" "Mozilla/5.0 (compatible; AhrefsBot/7.0; +http://ahrefs.com/robot/)"
45.148.10.67 - - [07/May/2026:06:04:52 +0800] "GET / HTTP/1.1" 200 35187 "-" "Mozilla/5.0 (Windows NT 10.0; Win64; x64) AppleWebKit/537.36 (KHTML, like Gecko) Chrome/131.0.0.0 Safari/537.36"
198.244.183.130 - - [07/May/2026:06:06:24 +0800] "GET /wp-content/uploads/2025/12/1766647831-Article_images_202512254.webp HTTP/1.1" 200 55610 "-" "Mozilla/5.0 (compatible; AhrefsBot/7.0; +http://ahrefs.com/robot/)"
198.244.240.137 - - [07/May/2026:06:06:27 +0800] "GET /wp-content/uploads/2025/12/1766647831-Article_images_202512253.webp HTTP/1.1" 200 115480 "-" "Mozilla/5.0 (compatible; AhrefsBot/7.0; +http://ahrefs.com/robot/)"
54.38.147.22 - - [07/May/2026:06:06:31 +0800] "GET /wp-content/uploads/2025/12/1766647830-Article_images_202512252.webp HTTP/1.1" 200 84832 "-" "Mozilla/5.0 (compatible; AhrefsBot/7.0; +http://ahrefs.com/robot/)"
198.244.226.113 - - [07/May/2026:06:06:35 +0800] "GET /wp-content/uploads/2025/12/1766647832-Article_images_W900%C3%97500px20251225.webp HTTP/1.1" 200 44582 "-" "Mozilla/5.0 (compatible; AhrefsBot/7.0; +http://ahrefs.com/robot/)"
198.244.240.207 - - [07/May/2026:06:06:37 +0800] "GET /wp-content/uploads/2025/12/1766647829-Article_images_202512251.webp HTTP/1.1" 200 53246 "-" "Mozilla/5.0 (compatible; AhrefsBot/7.0; +http://ahrefs.com/robot/)"
220.181.108.144 - - [07/May/2026:07:19:19 +0800] "GET /news/2534 HTTP/1.1" 200 24707 "-" "Mozilla/5.0 (compatible; Baiduspider/2.0; +http://www.baidu.com/search/spider.html)"
36.133.115.36 - - [07/May/2026:07:39:16 +0800] "POST /wp-cron.php?doing_wp_cron=1778110756.8721060752868652343750 HTTP/1.1" 200 31 "-" "WordPress/6.9; http://cqqizhou.com"
51.68.111.217 - - [07/May/2026:07:39:16 +0800] "GET /robots.txt HTTP/1.1" 200 190 "-" "Mozilla/5.0 (compatible; MJ12bot/v2.0.5; http://mj12bot.com/)"
51.68.111.217 - - [07/May/2026:07:39:17 +0800] "GET / HTTP/1.1" 200 35623 "-" "Mozilla/5.0 (compatible; MJ12bot/v2.0.5; http://mj12bot.com/)"
36.133.115.36 - - [07/May/2026:07:58:50 +0800] "POST /wp-cron.php?doing_wp_cron=1778111930.2027161121368408203125 HTTP/1.1" 200 31 "-" "WordPress/6.9; http://cqqizhou.com"
5.61.209.88 - - [07/May/2026:07:58:50 +0800] "GET /SDK/webLanguage HTTP/1.1" 301 5 "-" "Mozilla/5.0 (Windows NT 10.0; Win64; x64) AppleWebKit/537.36 (KHTML, like Gecko) Chrome/90.0.4430.85 Safari/537.36 Edg/90.0.818.46"
36.133.115.36 - - [07/May/2026:08:02:47 +0800] "POST /wp-cron.php?doing_wp_cron=1778112167.9327700138092041015625 HTTP/1.1" 200 31 "-" "WordPress/6.9; http://cqqizhou.com"
45.148.10.67 - - [07/May/2026:08:02:47 +0800] "GET / HTTP/1.1" 200 35184 "-" "Mozilla/5.0 (Windows NT 10.0; Win64; x64) AppleWebKit/537.36 (KHTML, like Gecko) Chrome/131.0.0.0 Safari/537.36"
116.179.32.201 - - [07/May/2026:08:16:54 +0800] "GET /news/2052 HTTP/1.1" 200 26205 "-" "Mozilla/5.0 (compatible; Baiduspider/2.0; +http://www.baidu.com/search/spider.html)"
123.189.191.124 - - [07/May/2026:08:18:05 +0800] "GET http://cqqizhou.com/wp-content/uploads/2026/01/1769511379-Article_images_W900%C3%97500px202601271.webp HTTP/1.1" 200 67912 "http://cqqizhou.com/" "Mozilla/5.0 (Windows NT 10.0; Win64; x64) AppleWebKit/537.36 (KHTML, like Gecko) Chrome/117.0.0.0 Safari/537.36"
115.58.209.230 - - [07/May/2026:08:23:11 +0800] "GET /wp-content/uploads/2025/07/1750945650-honor300%C3%97206_6.webp HTTP/1.1" 200 66306 "http://cqqizhou.com/" "Mozilla/5.0 (Windows NT 10.0; Win64; x64) AppleWebKit/537.36 (KHTML, like Gecko) Chrome/105.0.0.0 Safari/537.3"
1.12.240.213 - - [07/May/2026:08:23:11 +0800] "GET /wp-content/uploads/2025/07/1750945650-honor300%C3%97206_6.webp HTTP/1.1" 200 66306 "http://cqqizhou.com/" "Mozilla/5.0 (Windows NT 10.0; Win64; x64) AppleWebKit/537.36 (KHTML, like Gecko) Chrome/105.0.0.0 Safari/537.3"
36.133.115.36 - - [07/May/2026:08:41:03 +0800] "POST /wp-cron.php?doing_wp_cron=1778114463.8936278820037841796875 HTTP/1.1" 200 31 "-" "WordPress/6.9; http://cqqizhou.com"
45.148.10.67 - - [07/May/2026:08:41:03 +0800] "GET / HTTP/1.1" 200 35184 "-" "Mozilla/5.0 (Windows NT 10.0; Win64; x64) AppleWebKit/537.36 (KHTML, like Gecko) Chrome/131.0.0.0 Safari/537.36"
36.133.115.36 - - [07/May/2026:09:11:16 +0800] "POST /wp-cron.php?doing_wp_cron=1778116276.2791049480438232421875 HTTP/1.1" 200 31 "-" "WordPress/6.9; http://cqqizhou.com"
119.84.246.117 - - [07/May/2026:09:11:16 +0800] "GET / HTTP/1.1" 301 5 "-" "-"
119.84.246.117 - - [07/May/2026:09:11:16 +0800] "GET / HTTP/1.1" 200 160571 "-" "-"
119.84.246.117 - - [07/May/2026:09:11:18 +0800] "GET / HTTP/1.1" 301 5 "-" "Mozilla/5.0 (Windows NT 6.1; WOW64) AppleWebKit/536.11 (KHTML, like Gecko) Chrome/20.0.1132.57 Safari/536.11"
119.84.246.117 - - [07/May/2026:09:11:18 +0800] "GET / HTTP/1.1" 200 35623 "-" "Mozilla/5.0 (Windows NT 6.1; WOW64) AppleWebKit/536.11 (KHTML, like Gecko) Chrome/20.0.1132.57 Safari/536.11"
119.84.246.117 - - [07/May/2026:09:11:18 +0800] "GET /wp-content/uploads/2025/07/1753453096-%E5%8F%8C%E7%9B%B8%E9%92%A2product_Single600%C3%97284.webp HTTP/1.1" 200 14562 "http://cqqizhou.com/" "Mozilla/5.0 (Windows NT 6.1; WOW64) AppleWebKit/536.11 (KHTML, like Gecko) Chrome/20.0.1132.57 Safari/536.11"
119.84.246.117 - - [07/May/2026:09:11:18 +0800] "GET /wp-content/uploads/2025/07/1753456723-%E5%8F%8C%E7%9B%B8%E9%92%A2roduct_Single600.webp HTTP/1.1" 200 22790 "http://cqqizhou.com/" "Mozilla/5.0 (Windows NT 6.1; WOW64) AppleWebKit/536.11 (KHTML, like Gecko) Chrome/20.0.1132.57 Safari/536.11"
119.84.246.117 - - [07/May/2026:09:11:18 +0800] "GET /wp-content/uploads/2025/07/1751425283-qizhou.kf_.qq_.com_.webp HTTP/1.1" 200 16864 "http://cqqizhou.com/" "Mozilla/5.0 (Windows NT 6.1; WOW64) AppleWebKit/536.11 (KHTML, like Gecko) Chrome/20.0.1132.57 Safari/536.11"
119.84.246.117 - - [07/May/2026:09:11:18 +0800] "GET /wp-content/uploads/2025/07/1753456770-%E7%83%AD%E9%95%80%E9%94%8C%E5%8D%B7product_Single600.webp HTTP/1.1" 200 27502 "http://cqqizhou.com/" "Mozilla/5.0 (Windows NT 6.1; WOW64) AppleWebKit/536.11 (KHTML, like Gecko) Chrome/20.0.1132.57 Safari/536.11"
119.84.246.117 - - [07/May/2026:09:11:18 +0800] "GET /wp-content/uploads/2025/07/1753453127-%E4%BD%99%E5%8D%B7product_Single600%C3%97284.webp HTTP/1.1" 200 18744 "http://cqqizhou.com/" "Mozilla/5.0 (Windows NT 6.1; WOW64) AppleWebKit/536.11 (KHTML, like Gecko) Chrome/20.0.1132.57 Safari/536.11"
119.84.246.117 - - [07/May/2026:09:11:18 +0800] "GET /wp-content/uploads/2026/04/1777513410-1Article_images_W900px.webp HTTP/1.1" 200 30786 "http://cqqizhou.com/" "Mozilla/5.0 (Windows NT 6.1; WOW64) AppleWebKit/536.11 (KHTML, like Gecko) Chrome/20.0.1132.57 Safari/536.11"
119.84.246.117 - - [07/May/2026:09:11:18 +0800] "GET /wp-content/uploads/2026/04/1775865780-1Article_images_W900px.webp HTTP/1.1" 200 41840 "http://cqqizhou.com/" "Mozilla/5.0 (Windows NT 6.1; WOW64) AppleWebKit/536.11 (KHTML, like Gecko) Chrome/20.0.1132.57 Safari/536.11"
119.84.246.117 - - [07/May/2026:09:11:18 +0800] "GET /wp-content/uploads/2026/04/1775698332-Article_images_W900px.webp HTTP/1.1" 200 49852 "http://cqqizhou.com/" "Mozilla/5.0 (Windows NT 6.1; WOW64) AppleWebKit/536.11 (KHTML, like Gecko) Chrome/20.0.1132.57 Safari/536.11"
