112.32.124.128 - - [07/May/2026:19:19:23 +0800] "GET /robots.txt HTTP/1.1" 200 190 "-" "Mozilla/5.0 (Macintosh; Intel Mac OS X 10_15_7) AppleWebKit/537.36 (KHTML, like Gecko) Chrome/120.0.0.0 Safari/537.36 Edg/120.0.0.0"
112.12.247.127 - - [07/May/2026:19:19:25 +0800] "GET /sitemap.xml HTTP/1.1" 200 556 "-" "Mozilla/5.0 (Macintosh; Intel Mac OS X 10_15_7) AppleWebKit/537.36 (KHTML, like Gecko) Chrome/120.0.0.0 Safari/537.36 Edg/120.0.0.0"
36.133.115.36 - - [07/May/2026:20:39:15 +0800] "POST /wp-cron.php?doing_wp_cron=1778157555.5579750537872314453125 HTTP/1.1" 200 31 "-" "WordPress/6.9; http://cqqizhou.com"
45.148.10.67 - - [07/May/2026:20:39:15 +0800] "GET / HTTP/1.1" 200 35184 "-" "Mozilla/5.0 (Windows NT 10.0; Win64; x64) AppleWebKit/537.36 (KHTML, like Gecko) Chrome/131.0.0.0 Safari/537.36"
36.133.115.36 - - [07/May/2026:20:42:30 +0800] "POST /wp-cron.php?doing_wp_cron=1778157750.5107579231262207031250 HTTP/1.1" 200 31 "-" "WordPress/6.9; http://cqqizhou.com"
47.128.30.87 - - [07/May/2026:20:42:30 +0800] "GET /robots.txt HTTP/1.1" 200 190 "-" "Mozilla/5.0 (Linux; Android 5.0) AppleWebKit/537.36 (KHTML, like Gecko) Mobile Safari/537.36 (compatible; Bytespider; spider-feedback@bytedance.com)"
36.133.115.36 - - [07/May/2026:20:44:41 +0800] "POST /wp-cron.php?doing_wp_cron=1778157881.1381039619445800781250 HTTP/1.1" 200 31 "-" "WordPress/6.9; http://cqqizhou.com"
5.61.209.88 - - [07/May/2026:20:44:41 +0800] "GET /SDK/webLanguage HTTP/1.1" 301 5 "-" "Mozilla/5.0 (Windows NT 10.0; Win64; x64) AppleWebKit/537.36 (KHTML, like Gecko) Chrome/90.0.4430.85 Safari/537.36 Edg/90.0.818.46"
3.18.212.83 - - [07/May/2026:20:45:07 +0800] "GET / HTTP/1.1" 200 35623 "-" "curl/8.3.0"
36.133.115.36 - - [07/May/2026:21:03:33 +0800] "POST /wp-cron.php?doing_wp_cron=1778159013.4211490154266357421875 HTTP/1.1" 200 31 "-" "WordPress/6.9; http://cqqizhou.com"
139.59.250.101 - - [07/May/2026:21:03:33 +0800] "GET / HTTP/1.1" 301 5 "-" "Mozilla/5.0 (Windows NT 10.0; Win64; x64) AppleWebKit/537.36 (KHTML, like Gecko) Chrome/140.0.0.0 Safari/537.36"
139.59.250.101 - - [07/May/2026:21:03:34 +0800] "GET /robots.txt HTTP/1.1" 200 190 "-" "Mozilla/5.0 (Windows NT 10.0; Win64; x64) AppleWebKit/537.36 (KHTML, like Gecko) Chrome/140.0.0.0 Safari/537.36"
139.59.250.101 - - [07/May/2026:21:03:34 +0800] "GET /.well-known/security.txt HTTP/1.1" 404 9580 "-" "Mozilla/5.0 (Windows NT 10.0; Win64; x64) AppleWebKit/537.36 (KHTML, like Gecko) Chrome/140.0.0.0 Safari/537.36"
139.59.250.101 - - [07/May/2026:21:03:35 +0800] "GET /favicon HTTP/1.1" 404 9579 "-" "Mozilla/5.0 (Windows NT 10.0; Win64; x64) AppleWebKit/537.36 (KHTML, like Gecko) Chrome/140.0.0.0 Safari/537.36"
139.59.250.101 - - [07/May/2026:21:03:35 +0800] "GET /security.txt HTTP/1.1" 200 20204 "-" "Mozilla/5.0 (Windows NT 10.0; Win64; x64) AppleWebKit/537.36 (KHTML, like Gecko) Chrome/140.0.0.0 Safari/537.36"
36.133.115.36 - - [07/May/2026:21:14:15 +0800] "POST /wp-cron.php?doing_wp_cron=1778159655.8629701137542724609375 HTTP/1.1" 200 31 "-" "WordPress/6.9; http://cqqizhou.com"
43.135.144.81 - - [07/May/2026:21:14:15 +0800] "GET / HTTP/1.1" 301 5 "-" "Mozilla/5.0 (iPhone; CPU iPhone OS 13_2_3 like Mac OS X) AppleWebKit/605.1.15 (KHTML, like Gecko) Version/13.0.3 Mobile/15E148 Safari/604.1"
43.135.144.81 - - [07/May/2026:21:14:18 +0800] "GET / HTTP/1.1" 200 35184 "http://www.cqqizhou.com" "Mozilla/5.0 (iPhone; CPU iPhone OS 13_2_3 like Mac OS X) AppleWebKit/605.1.15 (KHTML, like Gecko) Version/13.0.3 Mobile/15E148 Safari/604.1"
36.133.115.36 - - [07/May/2026:21:17:04 +0800] "POST /wp-cron.php?doing_wp_cron=1778159824.7870819568634033203125 HTTP/1.1" 200 31 "-" "WordPress/6.9; http://cqqizhou.com"
5.61.209.88 - - [07/May/2026:21:17:04 +0800] "GET /SDK/webLanguage HTTP/1.1" 301 5 "-" "Mozilla/5.0 (Windows NT 10.0; Win64; x64) AppleWebKit/537.36 (KHTML, like Gecko) Chrome/90.0.4430.85 Safari/537.36 Edg/90.0.818.46"
36.133.115.36 - - [07/May/2026:21:50:19 +0800] "POST /wp-cron.php?doing_wp_cron=1778161818.9881389141082763671875 HTTP/1.1" 200 31 "-" "WordPress/6.9; http://cqqizhou.com"
106.75.13.117 - - [07/May/2026:21:50:19 +0800] "GET /version HTTP/1.1" 301 5 "-" "-"
106.75.13.117 - - [07/May/2026:21:50:20 +0800] "GET / HTTP/1.1" 200 158912 "-" "-"
106.75.13.117 - - [07/May/2026:21:50:21 +0800] "GET / HTTP/1.1" 200 158912 "-" "-"
106.75.13.117 - - [07/May/2026:21:50:22 +0800] "GET /v1 HTTP/1.1" 301 5 "-" "-"
106.75.13.117 - - [07/May/2026:21:50:23 +0800] "GET / HTTP/1.1" 200 158912 "-" "-"
36.133.115.36 - - [07/May/2026:21:59:01 +0800] "POST /wp-cron.php?doing_wp_cron=1778162341.8684039115905761718750 HTTP/1.1" 200 31 "-" "WordPress/6.9; http://cqqizhou.com"
213.177.179.91 - - [07/May/2026:21:59:01 +0800] "GET / HTTP/1.1" 301 5 "-" "Mozilla/5.0 (Windows NT 10.0; rv:102.0) Gecko/20100101 Firefox/102.0"
213.177.179.91 - - [07/May/2026:21:59:03 +0800] "GET / HTTP/1.1" 200 35623 "-" "Mozilla/5.0 (Windows NT 10.0; rv:102.0) Gecko/20100101 Firefox/102.0"
36.133.115.36 - - [07/May/2026:22:01:03 +0800] "POST /wp-cron.php?doing_wp_cron=1778162463.2223689556121826171875 HTTP/1.1" 200 31 "-" "WordPress/6.9; http://cqqizhou.com"
185.191.171.11 - - [07/May/2026:22:01:03 +0800] "GET /robots.txt HTTP/1.1" 200 190 "-" "Mozilla/5.0 (compatible; SemrushBot/7~bl; +http://www.semrush.com/bot.html)"
36.133.115.36 - - [07/May/2026:22:02:57 +0800] "POST /wp-cron.php?doing_wp_cron=1778162577.3181350231170654296875 HTTP/1.1" 200 31 "-" "WordPress/6.9; http://cqqizhou.com"
34.22.167.184 - - [07/May/2026:22:02:57 +0800] "GET / HTTP/1.1" 200 35185 "-" "Mozilla/5.0 (Windows NT 10.0; Win64; x64) AppleWebKit/537.36 (KHTML, like Gecko) Chrome/127.0.0.0 Safari/537.36"
34.78.120.71 - - [07/May/2026:22:03:15 +0800] "OPTIONS / HTTP/1.1" 405 150 "-" "Mozilla/5.0 (compatible)"
34.78.120.71 - - [07/May/2026:22:03:16 +0800] "GXLX / HTTP/1.1" 405 150 "-" "Mozilla/5.0 (compatible)"
36.133.115.36 - - [07/May/2026:22:03:17 +0800] "POST /wp-cron.php?doing_wp_cron=1778162597.6373529434204101562500 HTTP/1.1" 200 31 "-" "WordPress/6.9; http://cqqizhou.com"
34.78.120.71 - - [07/May/2026:22:03:17 +0800] "GET / HTTP/1.1" 301 5 "-" "Mozilla/5.0 (compatible)"
34.78.120.71 - - [07/May/2026:22:03:18 +0800] "HEAD / HTTP/1.1" 301 0 "-" "Mozilla/5.0 (compatible)"
34.78.120.71 - - [07/May/2026:22:03:21 +0800] "POST / HTTP/1.1" 200 158912 "-" "Mozilla/5.0 (compatible)"
34.78.120.71 - - [07/May/2026:22:03:21 +0800] "OPTIONS / HTTP/1.1" 405 150 "-" "Mozilla/5.0 (compatible)"
116.179.32.87 - - [07/May/2026:22:10:13 +0800] "GET /news/2535 HTTP/1.1" 200 20316 "-" "Mozilla/5.0 (compatible; Baiduspider/2.0; +http://www.baidu.com/search/spider.html)"
36.133.115.36 - - [07/May/2026:22:10:38 +0800] "POST /wp-cron.php?doing_wp_cron=1778163038.5573520660400390625000 HTTP/1.1" 200 31 "-" "WordPress/6.9; http://cqqizhou.com"
185.177.72.16 - - [07/May/2026:22:10:38 +0800] "GET /development/%2eenv%2eproduction HTTP/1.1" 404 9580 "-" "curl/8.7.1"
185.177.72.16 - - [07/May/2026:22:10:39 +0800] "GET /var/logs/debug%2elog HTTP/1.1" 404 9580 "-" "curl/8.7.1"
185.177.72.16 - - [07/May/2026:22:10:41 +0800] "GET /vendor/github%2ecom/gobuffalo/envy/%2eenv HTTP/1.1" 404 9579 "-" "curl/8.7.1"
185.177.72.16 - - [07/May/2026:22:10:42 +0800] "GET /core/%2egit/config HTTP/1.1" 404 9579 "-" "curl/8.7.1"
185.177.72.16 - - [07/May/2026:22:10:43 +0800] "GET /laravel%2elog%2eorig%2ebak HTTP/1.1" 404 9579 "-" "curl/8.7.1"
185.177.72.16 - - [07/May/2026:22:10:44 +0800] "GET /boxes/oracle-vagrant-boxes/OLCNE/%2eenv HTTP/1.1" 404 9580 "-" "curl/8.7.1"
185.177.72.16 - - [07/May/2026:22:10:45 +0800] "GET /drupal/sites/%2egit/config HTTP/1.1" 404 9580 "-" "curl/8.7.1"
185.177.72.16 - - [07/May/2026:22:10:46 +0800] "GET /legacy/tests/9%2e1%2e1/%2eenv HTTP/1.1" 404 9579 "-" "curl/8.7.1"
185.177.72.16 - - [07/May/2026:22:10:47 +0800] "GET /HUNIV_migration/%2eenv HTTP/1.1" 404 9580 "-" "curl/8.7.1"
185.177.72.16 - - [07/May/2026:22:10:48 +0800] "GET /asset_img/%2eenv HTTP/1.1" 404 9580 "-" "curl/8.7.1"
185.177.72.16 - - [07/May/2026:22:10:49 +0800] "GET /%2eenv%2ebak%2esave HTTP/1.1" 404 9580 "-" "curl/8.7.1"
185.177.72.16 - - [07/May/2026:22:10:51 +0800] "GET /api/config/db%2eenv HTTP/1.1" 404 9579 "-" "curl/8.7.1"
185.177.72.16 - - [07/May/2026:22:10:52 +0800] "GET /product/%2eenv%2elocal HTTP/1.1" 404 9580 "-" "curl/8.7.1"
185.177.72.16 - - [07/May/2026:22:10:53 +0800] "GET /theme/%2eenv HTTP/1.1" 404 9580 "-" "curl/8.7.1"
185.177.72.16 - - [07/May/2026:22:10:54 +0800] "GET /lib/%2egit/config HTTP/1.1" 404 9580 "-" "curl/8.7.1"
185.177.72.16 - - [07/May/2026:22:10:55 +0800] "GET /api/keys/settings%2eenv HTTP/1.1" 404 9580 "-" "curl/8.7.1"
185.177.72.16 - - [07/May/2026:22:10:56 +0800] "GET /ios_app/%2eenv HTTP/1.1" 404 9580 "-" "curl/8.7.1"
185.177.72.16 - - [07/May/2026:22:10:57 +0800] "GET /remix-cloudflare-pages-demo-5co/actuator/env HTTP/1.1" 404 9580 "-" "curl/8.7.1"
185.177.72.16 - - [07/May/2026:22:10:58 +0800] "GET /storage/logs/rails%2elog HTTP/1.1" 404 9580 "-" "curl/8.7.1"
185.177.72.16 - - [07/May/2026:22:10:59 +0800] "GET /backups/%2eenv HTTP/1.1" 404 9580 "-" "curl/8.7.1"
185.177.72.16 - - [07/May/2026:22:11:00 +0800] "GET /basic-network/%2eenv HTTP/1.1" 404 9579 "-" "curl/8.7.1"
185.177.72.16 - - [07/May/2026:22:11:02 +0800] "GET /admin/old/wp-config%2ebak HTTP/1.1" 404 9579 "-" "curl/8.7.1"
185.177.72.16 - - [07/May/2026:22:11:03 +0800] "GET /config/private/aws_credentials%2ejson HTTP/1.1" 404 9579 "-" "curl/8.7.1"
185.177.72.16 - - [07/May/2026:22:11:04 +0800] "GET /api/data/config%2ebak HTTP/1.1" 404 9580 "-" "curl/8.7.1"
185.177.72.16 - - [07/May/2026:22:11:05 +0800] "GET /common/%2egit/config HTTP/1.1" 404 9580 "-" "curl/8.7.1"
185.177.72.16 - - [07/May/2026:22:11:06 +0800] "GET /v2/%2eenv HTTP/1.1" 404 9579 "-" "curl/8.7.1"
185.177.72.16 - - [07/May/2026:22:11:07 +0800] "GET /next%2econfig%2emjs%2ebak HTTP/1.1" 404 9580 "-" "curl/8.7.1"
185.177.72.16 - - [07/May/2026:22:11:07 +0800] "GET /mailer/crm/phpinfo%2ephp HTTP/1.1" 404 47 "-" "curl/8.7.1"
36.133.115.36 - - [07/May/2026:22:11:08 +0800] "POST /wp-cron.php?doing_wp_cron=1778163068.6321640014648437500000 HTTP/1.1" 200 31 "-" "WordPress/6.9; http://cqqizhou.com"
185.177.72.16 - - [07/May/2026:22:11:08 +0800] "GET /mailer%2exml%2ebak HTTP/1.1" 404 9580 "-" "curl/8.7.1"
185.177.72.16 - - [07/May/2026:22:11:09 +0800] "GET /cp/%2eenv HTTP/1.1" 404 9580 "-" "curl/8.7.1"
185.177.72.16 - - [07/May/2026:22:11:10 +0800] "GET /config/php/users%2ebak HTTP/1.1" 404 9579 "-" "curl/8.7.1"
185.177.72.16 - - [07/May/2026:22:11:12 +0800] "GET /conta/%2egit/config HTTP/1.1" 404 9580 "-" "curl/8.7.1"
185.177.72.16 - - [07/May/2026:22:11:13 +0800] "GET /api/%2eenv%2esample HTTP/1.1" 404 9580 "-" "curl/8.7.1"
185.177.72.16 - - [07/May/2026:22:11:14 +0800] "GET /config/test/users%2ebak HTTP/1.1" 404 9580 "-" "curl/8.7.1"
185.177.72.16 - - [07/May/2026:22:11:15 +0800] "GET /data/dump%2esql HTTP/1.1" 404 9580 "-" "curl/8.7.1"
185.177.72.16 - - [07/May/2026:22:11:16 +0800] "GET /%2essh/config%2ebak HTTP/1.1" 404 9580 "-" "curl/8.7.1"
185.177.72.16 - - [07/May/2026:22:11:17 +0800] "GET /storage/logs/sendgrid%2elog HTTP/1.1" 404 9580 "-" "curl/8.7.1"
185.177.72.16 - - [07/May/2026:22:11:18 +0800] "GET /dump%2esqlite HTTP/1.1" 404 9580 "-" "curl/8.7.1"
185.177.72.16 - - [07/May/2026:22:11:20 +0800] "GET /phpinfo%2ephp%2eorig%2ebak HTTP/1.1" 404 9579 "-" "curl/8.7.1"
185.177.72.16 - - [07/May/2026:22:11:21 +0800] "GET /lemonldap-ng-doc/%2eenv HTTP/1.1" 404 9579 "-" "curl/8.7.1"
185.177.72.16 - - [07/May/2026:22:11:22 +0800] "GET /examples/02-complex-example/%2eenv HTTP/1.1" 404 9580 "-" "curl/8.7.1"
185.177.72.16 - - [07/May/2026:22:11:23 +0800] "GET /wp-includes/%2eenv HTTP/1.1" 404 9580 "-" "curl/8.7.1"
185.177.72.16 - - [07/May/2026:22:11:24 +0800] "GET /services/laravel%2elog HTTP/1.1" 404 9580 "-" "curl/8.7.1"
185.177.72.16 - - [07/May/2026:22:11:25 +0800] "GET /beta/%2eenv%2eproduction HTTP/1.1" 404 9580 "-" "curl/8.7.1"
185.177.72.16 - - [07/May/2026:22:11:26 +0800] "GET /examples/with-dotenv/%2eenv HTTP/1.1" 404 9580 "-" "curl/8.7.1"
185.177.72.16 - - [07/May/2026:22:11:27 +0800] "GET /api/config/readme%2esql HTTP/1.1" 404 9580 "-" "curl/8.7.1"
185.177.72.16 - - [07/May/2026:22:11:28 +0800] "GET /storage/logs/postmark%2elog HTTP/1.1" 404 9580 "-" "curl/8.7.1"
185.177.72.16 - - [07/May/2026:22:11:29 +0800] "GET /vendor/github%2ecom/subosito/gotenv/%2eenv HTTP/1.1" 404 9580 "-" "curl/8.7.1"
185.177.72.16 - - [07/May/2026:22:11:31 +0800] "GET /config/%2eenv%2eprod HTTP/1.1" 404 9579 "-" "curl/8.7.1"
185.177.72.16 - - [07/May/2026:22:11:32 +0800] "GET /collab-connect-web-application/server/%2eenv HTTP/1.1" 404 9580 "-" "curl/8.7.1"
185.177.72.16 - - [07/May/2026:22:11:33 +0800] "GET /staging/%2eenv HTTP/1.1" 404 9580 "-" "curl/8.7.1"
185.177.72.16 - - [07/May/2026:22:11:35 +0800] "GET /product/%2eenv%2eproduction HTTP/1.1" 404 9580 "-" "curl/8.7.1"
185.177.72.16 - - [07/May/2026:22:11:36 +0800] "GET /MyRentals%2eWeb/ClientApp/%2eenv HTTP/1.1" 404 9580 "-" "curl/8.7.1"
185.177.72.16 - - [07/May/2026:22:11:37 +0800] "GET /cms/%2egit/config HTTP/1.1" 404 9580 "-" "curl/8.7.1"
185.177.72.16 - - [07/May/2026:22:11:38 +0800] "GET /api/admin/v3/%2egit/config HTTP/1.1" 404 9580 "-" "curl/8.7.1"
185.177.72.16 - - [07/May/2026:22:11:39 +0800] "GET /core/config/site%2ebak HTTP/1.1" 404 9580 "-" "curl/8.7.1"
185.177.72.16 - - [07/May/2026:22:11:40 +0800] "GET /mailer/dev/phpinfo%2ephp HTTP/1.1" 404 47 "-" "curl/8.7.1"
185.177.72.16 - - [07/May/2026:22:11:41 +0800] "GET /$(pwd)/%2eenv%2estaging HTTP/1.1" 404 9579 "-" "curl/8.7.1"
185.177.72.16 - - [07/May/2026:22:11:42 +0800] "GET /%2eenv%2ebak%2etemplate HTTP/1.1" 404 9579 "-" "curl/8.7.1"
185.177.72.16 - - [07/May/2026:22:11:43 +0800] "GET /a/%2egit/config HTTP/1.1" 404 9579 "-" "curl/8.7.1"
185.177.72.16 - - [07/May/2026:22:11:44 +0800] "GET /admin/old/config%2ebak HTTP/1.1" 404 9580 "-" "curl/8.7.1"
185.177.72.16 - - [07/May/2026:22:11:45 +0800] "GET /config/backup/secret%2ebak HTTP/1.1" 404 9579 "-" "curl/8.7.1"
185.177.72.16 - - [07/May/2026:22:11:46 +0800] "GET /dev/laravel%2elog HTTP/1.1" 404 9579 "-" "curl/8.7.1"
185.177.72.16 - - [07/May/2026:22:11:46 +0800] "GET /api/keys/test%2ephp HTTP/1.1" 404 47 "-" "curl/8.7.1"
185.177.72.16 - - [07/May/2026:22:11:47 +0800] "GET /backups/database%2esql HTTP/1.1" 404 9579 "-" "curl/8.7.1"
185.177.72.16 - - [07/May/2026:22:11:48 +0800] "GET /%2eenv%2ebackup HTTP/1.1" 404 9579 "-" "curl/8.7.1"
185.177.72.16 - - [07/May/2026:22:11:49 +0800] "GET /var/www/html/public/%2eenv HTTP/1.1" 404 9579 "-" "curl/8.7.1"
185.177.72.16 - - [07/May/2026:22:11:50 +0800] "GET /%2essh/public%2ekey%2ebak HTTP/1.1" 404 9578 "-" "curl/8.7.1"
185.177.72.16 - - [07/May/2026:22:11:51 +0800] "GET /deployment/%2eenv%2elocal HTTP/1.1" 404 9579 "-" "curl/8.7.1"
185.177.72.16 - - [07/May/2026:22:11:52 +0800] "GET /aws_credentials%2eini HTTP/1.1" 404 9579 "-" "curl/8.7.1"
185.177.72.16 - - [07/May/2026:22:11:53 +0800] "GET /laravel/core/%2eenv HTTP/1.1" 404 9579 "-" "curl/8.7.1"
185.177.72.16 - - [07/May/2026:22:11:54 +0800] "GET /config/backup/secret%2esql HTTP/1.1" 404 9580 "-" "curl/8.7.1"
185.177.72.16 - - [07/May/2026:22:11:55 +0800] "GET /api/keys/db%2ebak HTTP/1.1" 404 9579 "-" "curl/8.7.1"
185.177.72.16 - - [07/May/2026:22:11:56 +0800] "GET /site/%2eenv%2ebak HTTP/1.1" 404 9579 "-" "curl/8.7.1"
185.177.72.16 - - [07/May/2026:22:11:57 +0800] "GET /admin/log/error%2elog HTTP/1.1" 404 9579 "-" "curl/8.7.1"
185.177.72.16 - - [07/May/2026:22:11:58 +0800] "GET /storage/%2eenv%2estaging HTTP/1.1" 404 9579 "-" "curl/8.7.1"
185.177.72.16 - - [07/May/2026:22:11:59 +0800] "GET /config/new/log%2ebak HTTP/1.1" 404 9579 "-" "curl/8.7.1"
185.177.72.16 - - [07/May/2026:22:12:00 +0800] "GET /api/json/config%2ebak HTTP/1.1" 404 9579 "-" "curl/8.7.1"
185.177.72.16 - - [07/May/2026:22:12:01 +0800] "GET /ClientApp/%2eenv HTTP/1.1" 404 9579 "-" "curl/8.7.1"
185.177.72.16 - - [07/May/2026:22:12:03 +0800] "GET /src/config%2ephp%2ebak HTTP/1.1" 404 9579 "-" "curl/8.7.1"
185.177.72.16 - - [07/May/2026:22:12:04 +0800] "GET /config/backup/readme%2ebak HTTP/1.1" 404 9579 "-" "curl/8.7.1"
185.177.72.16 - - [07/May/2026:22:12:05 +0800] "GET /core/config/debug%2elog HTTP/1.1" 404 9580 "-" "curl/8.7.1"
185.177.72.16 - - [07/May/2026:22:12:06 +0800] "GET /cron/config%2eenv HTTP/1.1" 404 9579 "-" "curl/8.7.1"
185.177.72.16 - - [07/May/2026:22:12:07 +0800] "GET /testing/%2eenv HTTP/1.1" 404 9580 "-" "curl/8.7.1"
36.133.115.36 - - [07/May/2026:22:12:08 +0800] "POST /wp-cron.php?doing_wp_cron=1778163128.4704198837280273437500 HTTP/1.1" 200 31 "-" "WordPress/6.9; http://cqqizhou.com"
185.177.72.16 - - [07/May/2026:22:12:08 +0800] "GET /repository/%2eenv HTTP/1.1" 404 9580 "-" "curl/8.7.1"
185.177.72.16 - - [07/May/2026:22:12:09 +0800] "GET /scripts/%2eenv HTTP/1.1" 404 9580 "-" "curl/8.7.1"
185.177.72.16 - - [07/May/2026:22:12:10 +0800] "GET /www-data/%2eenv HTTP/1.1" 404 9579 "-" "curl/8.7.1"
185.177.72.16 - - [07/May/2026:22:12:11 +0800] "GET /tests/default_settings/v12%2e0/%2eenv HTTP/1.1" 404 9579 "-" "curl/8.7.1"
185.177.72.16 - - [07/May/2026:22:12:12 +0800] "GET /config/test/index%2ebak HTTP/1.1" 404 9579 "-" "curl/8.7.1"
185.177.72.16 - - [07/May/2026:22:12:13 +0800] "GET /info/%2eenv HTTP/1.1" 404 9579 "-" "curl/8.7.1"
185.177.72.16 - - [07/May/2026:22:12:14 +0800] "GET /wp-content/dump%2esql HTTP/1.1" 404 9580 "-" "curl/8.7.1"
185.177.72.16 - - [07/May/2026:22:12:15 +0800] "GET /client/src/%2eenv HTTP/1.1" 404 9580 "-" "curl/8.7.1"
185.177.72.16 - - [07/May/2026:22:12:16 +0800] "GET /clientes/laravel_inbox/%2eenv HTTP/1.1" 404 9579 "-" "curl/8.7.1"
185.177.72.16 - - [07/May/2026:22:12:17 +0800] "GET /api/config%2ebak HTTP/1.1" 404 9580 "-" "curl/8.7.1"
185.177.72.16 - - [07/May/2026:22:12:19 +0800] "GET /config/secrets/log%2ebak HTTP/1.1" 404 9580 "-" "curl/8.7.1"
185.177.72.16 - - [07/May/2026:22:12:20 +0800] "GET /database/%2eenv HTTP/1.1" 404 9579 "-" "curl/8.7.1"
185.177.72.16 - - [07/May/2026:22:12:21 +0800] "GET /backup/aws%2ejson HTTP/1.1" 404 9579 "-" "curl/8.7.1"
185.177.72.16 - - [07/May/2026:22:12:22 +0800] "GET /acme-challenge/%2eenv HTTP/1.1" 404 9579 "-" "curl/8.7.1"
185.177.72.16 - - [07/May/2026:22:12:23 +0800] "GET /%2ecpanel/caches/config/%2eenv HTTP/1.1" 404 9579 "-" "curl/8.7.1"
185.177.72.16 - - [07/May/2026:22:12:24 +0800] "GET /functions/%2egit/config HTTP/1.1" 404 9580 "-" "curl/8.7.1"
45.148.10.67 - - [07/May/2026:22:12:33 +0800] "GET / HTTP/1.1" 200 35184 "-" "Mozilla/5.0 (Windows NT 10.0; Win64; x64) AppleWebKit/537.36 (KHTML, like Gecko) Chrome/131.0.0.0 Safari/537.36"
36.133.115.36 - - [07/May/2026:22:19:50 +0800] "POST /wp-cron.php?doing_wp_cron=1778163590.2210071086883544921875 HTTP/1.1" 200 31 "-" "WordPress/6.9; http://cqqizhou.com"
193.70.34.35 - - [07/May/2026:22:19:50 +0800] "GET /robots.txt HTTP/1.0" 200 378 "-" "Mozilla/5.0 (compatible; MJ12bot/v1.4.8; http://mj12bot.com/)"
120.211.196.167 - - [07/May/2026:22:40:20 +0800] "GET / HTTP/1.1" 200 160571 "-" "Mozilla/5.0 (Macintosh; Intel Mac OS X 10_15_7) AppleWebKit/537.36 (KHTML, like Gecko) Chrome/120.0.0.0 Safari/537.36 Edg/120.0.0.0"
36.133.115.36 - - [07/May/2026:22:40:41 +0800] "POST /wp-cron.php?doing_wp_cron=1778164841.4430019855499267578125 HTTP/1.1" 200 31 "-" "WordPress/6.9; http://cqqizhou.com"
60.27.86.67 - - [07/May/2026:22:40:41 +0800] "GET /robots.txt HTTP/1.1" 200 190 "-" "Mozilla/5.0 (Macintosh; Intel Mac OS X 10_15_7) AppleWebKit/537.36 (KHTML, like Gecko) Chrome/120.0.0.0 Safari/537.36 Edg/120.0.0.0"
42.228.226.217 - - [07/May/2026:22:40:42 +0800] "GET /sitemap.xml HTTP/1.1" 200 556 "-" "Mozilla/5.0 (Macintosh; Intel Mac OS X 10_15_7) AppleWebKit/537.36 (KHTML, like Gecko) Chrome/120.0.0.0 Safari/537.36 Edg/120.0.0.0"
116.148.2.26 - - [07/May/2026:22:40:44 +0800] "GET /config.json HTTP/1.1" 404 9581 "-" "Mozilla/5.0 (Macintosh; Intel Mac OS X 10_7_0) AppleWebKit/535.11 (KHTML, like Gecko) Chrome/17.0.963.56 Safari/535.11"
1.30.27.209 - - [07/May/2026:22:40:48 +0800] "GET /wp-content/plugins/kirki/readme.txt HTTP/1.1" 200 8129 "-" "Mozilla/5.0 (compatible; MSIE 9.0; Windows NT 6.1; Trident/3.1)"
120.82.83.209 - - [07/May/2026:22:40:49 +0800] "GET /wp-content/plugins/elementor-pro/readme.txt HTTP/1.1" 200 337 "-" "Mozilla/5.0 (compatible; MSIE 9.0; Windows NT 6.1; Trident/3.1)"
1.31.67.126 - - [07/May/2026:22:40:50 +0800] "GET /wp-content/plugins/*\x22,\x22/readme.txt HTTP/1.1" 404 9579 "-" "Mozilla/5.0 (compatible; MSIE 9.0; Windows NT 6.1; Trident/3.1)"
36.133.115.36 - - [07/May/2026:22:41:50 +0800] "POST /wp-cron.php?doing_wp_cron=1778164910.3928151130676269531250 HTTP/1.1" 200 31 "-" "WordPress/6.9; http://cqqizhou.com"
18.208.181.202 - - [07/May/2026:22:41:50 +0800] "GET / HTTP/1.1" 301 5 "-" "Mozilla/5.0 (Windows NT 10.0; Win64; x64) AppleWebKit/537.36 (KHTML, like Gecko) Chrome/136.0.0.0 Safari/537.36"
39.174.6.40 - - [07/May/2026:22:42:24 +0800] "GET /wp-content/plugins/elementor/readme.txt HTTP/1.1" 200 10514 "-" "Mozilla/5.0 (compatible; MSIE 9.0; Windows NT 6.1; Trident/3.1)"
36.133.115.36 - - [07/May/2026:22:44:03 +0800] "POST /wp-cron.php?doing_wp_cron=1778165043.8147399425506591796875 HTTP/1.1" 200 31 "-" "WordPress/6.9; http://cqqizhou.com"
120.227.196.222 - - [07/May/2026:22:44:03 +0800] "GET /contacts/ HTTP/1.1" 301 5 "-" "Mozilla/5.0 (Windows NT 10.0; Win64; x64) AppleWebKit/537.36 (KHTML, like Gecko) Chrome/136.0.0.0 Safari/537.36"
120.227.196.222 - - [07/May/2026:22:44:03 +0800] "GET http://cqqizhou.com/contacts HTTP/1.1" 200 22288 "-" "Mozilla/5.0 (Windows NT 10.0; Win64; x64) AppleWebKit/537.36 (KHTML, like Gecko) Chrome/136.0.0.0 Safari/537.36"
36.133.115.36 - - [07/May/2026:23:07:01 +0800] "POST /wp-cron.php?doing_wp_cron=1778166421.1298389434814453125000 HTTP/1.1" 200 31 "-" "WordPress/6.9; http://cqqizhou.com"
178.128.62.241 - - [07/May/2026:23:07:01 +0800] "GET /wp-login.php HTTP/1.1" 200 2853 "-" "Mozilla/5.0 (Macintosh; Intel Mac OS X 10_15_7; rv:119.0) Gecko/20100101 Firefox/119.0"
36.133.115.36 - - [07/May/2026:23:07:09 +0800] "POST /wp-cron.php?doing_wp_cron=1778166429.4706850051879882812500 HTTP/1.1" 200 31 "-" "WordPress/6.9; http://cqqizhou.com"
178.128.62.241 - - [07/May/2026:23:07:09 +0800] "POST /wp-login.php HTTP/1.1" 200 3058 "http://cqqizhou.com/wp-login.php" "Mozilla/5.0 (Macintosh; Intel Mac OS X 10_15_7) AppleWebKit/605.1.15 (KHTML, like Gecko) Version/17.2 Safari/605.1.15"
178.128.62.241 - - [07/May/2026:23:07:18 +0800] "POST /wp-login.php HTTP/1.1" 200 3059 "http://cqqizhou.com/wp-login.php" "Mozilla/5.0 (Macintosh; Intel Mac OS X 13_6_1) AppleWebKit/537.36 (KHTML, like Gecko) Chrome/121.0.0.0 Safari/537.36"
178.128.62.241 - - [07/May/2026:23:07:25 +0800] "POST /wp-login.php HTTP/1.1" 200 3053 "http://cqqizhou.com/wp-login.php" "Mozilla/5.0 (Macintosh; Intel Mac OS X 10_15_7; rv:118.0) Gecko/20100101 Firefox/118.0"
178.128.62.241 - - [07/May/2026:23:07:32 +0800] "POST /wp-login.php HTTP/1.1" 200 3055 "http://cqqizhou.com/wp-login.php" "Mozilla/5.0 (Macintosh; Intel Mac OS X 10_15_7) AppleWebKit/537.36 (KHTML, like Gecko) Chrome/118.0.0.0 Safari/537.36"
178.128.62.241 - - [07/May/2026:23:07:55 +0800] "POST /wp-login.php HTTP/1.1" 200 3059 "http://cqqizhou.com/wp-login.php" "Mozilla/5.0 (Macintosh; Intel Mac OS X 10_15_7) AppleWebKit/605.1.15 (KHTML, like Gecko) Version/17.1 Safari/605.1.15"
178.128.62.241 - - [07/May/2026:23:08:04 +0800] "POST /wp-login.php HTTP/1.1" 200 3055 "http://cqqizhou.com/wp-login.php" "Mozilla/5.0 (Macintosh; Intel Mac OS X 10_15_7) AppleWebKit/605.1.15 (KHTML, like Gecko) Version/17.2 Safari/605.1.15"
36.133.115.36 - - [07/May/2026:23:08:14 +0800] "POST /wp-cron.php?doing_wp_cron=1778166494.4470710754394531250000 HTTP/1.1" 200 31 "-" "WordPress/6.9; http://cqqizhou.com"
178.128.62.241 - - [07/May/2026:23:08:14 +0800] "POST /wp-login.php HTTP/1.1" 200 3056 "http://cqqizhou.com/wp-login.php" "Mozilla/5.0 (X11; Linux x86_64) AppleWebKit/537.36 (KHTML, like Gecko) Chrome/118.0.0.0 Safari/537.36"
178.128.62.241 - - [07/May/2026:23:08:23 +0800] "POST /wp-login.php HTTP/1.1" 200 3057 "http://cqqizhou.com/wp-login.php" "Mozilla/5.0 (Windows NT 11.0; Win64; x64; rv:120.0) Gecko/20100101 Firefox/120.0"
178.128.62.241 - - [07/May/2026:23:08:31 +0800] "POST /wp-login.php HTTP/1.1" 200 3056 "http://cqqizhou.com/wp-login.php" "Mozilla/5.0 (X11; Ubuntu; Linux x86_64) AppleWebKit/537.36 (KHTML, like Gecko) Chrome/120.0.0.0 Safari/537.36"
178.128.62.241 - - [07/May/2026:23:08:39 +0800] "POST /wp-login.php HTTP/1.1" 200 3058 "http://cqqizhou.com/wp-login.php" "Mozilla/5.0 (Macintosh; Intel Mac OS X 13_6_1) AppleWebKit/605.1.15 (KHTML, like Gecko) Version/17.0 Safari/605.1.15"
178.128.62.241 - - [07/May/2026:23:08:48 +0800] "POST /wp-login.php HTTP/1.1" 200 3057 "http://cqqizhou.com/wp-login.php" "Mozilla/5.0 (Macintosh; Intel Mac OS X 10_15_7) AppleWebKit/605.1.15 (KHTML, like Gecko) Version/17.0 Safari/605.1.15"
178.128.62.241 - - [07/May/2026:23:08:57 +0800] "POST /wp-login.php HTTP/1.1" 200 3054 "http://cqqizhou.com/wp-login.php" "Mozilla/5.0 (Windows NT 11.0; Win64; x64) AppleWebKit/537.36 (KHTML, like Gecko) Chrome/121.0.0.0 Safari/537.36"
178.128.62.241 - - [07/May/2026:23:09:06 +0800] "POST /wp-login.php HTTP/1.1" 200 3053 "http://cqqizhou.com/wp-login.php" "Mozilla/5.0 (Macintosh; Intel Mac OS X 13_6_1) AppleWebKit/537.36 (KHTML, like Gecko) Chrome/120.0.0.0 Safari/537.36"
36.133.115.36 - - [07/May/2026:23:09:16 +0800] "POST /wp-cron.php?doing_wp_cron=1778166556.2728090286254882812500 HTTP/1.1" 200 31 "-" "WordPress/6.9; http://cqqizhou.com"
178.128.62.241 - - [07/May/2026:23:09:16 +0800] "POST /wp-login.php HTTP/1.1" 200 3062 "http://cqqizhou.com/wp-login.php" "Mozilla/5.0 (Windows NT 10.0; Win64; x64; rv:118.0) Gecko/20100101 Firefox/118.0"
178.128.62.241 - - [07/May/2026:23:09:24 +0800] "POST /wp-login.php HTTP/1.1" 200 3052 "http://cqqizhou.com/wp-login.php" "Mozilla/5.0 (Macintosh; Intel Mac OS X 10_15_7) AppleWebKit/537.36 (KHTML, like Gecko) Chrome/119.0.0.0 Safari/537.36"
178.128.62.241 - - [07/May/2026:23:09:31 +0800] "POST /wp-login.php HTTP/1.1" 200 3056 "http://cqqizhou.com/wp-login.php" "Mozilla/5.0 (Windows NT 11.0; Win64; x64) AppleWebKit/537.36 (KHTML, like Gecko) Chrome/121.0.0.0 Safari/537.36"
178.128.62.241 - - [07/May/2026:23:09:40 +0800] "POST /wp-login.php HTTP/1.1" 200 3055 "http://cqqizhou.com/wp-login.php" "Mozilla/5.0 (Macintosh; Intel Mac OS X 13_6_1; rv:118.0) Gecko/20100101 Firefox/118.0"
178.128.62.241 - - [07/May/2026:23:09:48 +0800] "POST /wp-login.php HTTP/1.1" 200 3059 "http://cqqizhou.com/wp-login.php" "Mozilla/5.0 (Macintosh; Intel Mac OS X 10_15_7) AppleWebKit/605.1.15 (KHTML, like Gecko) Version/16.6 Safari/605.1.15"
178.128.62.241 - - [07/May/2026:23:09:57 +0800] "POST /wp-login.php HTTP/1.1" 200 3058 "http://cqqizhou.com/wp-login.php" "Mozilla/5.0 (Macintosh; Intel Mac OS X 10_15_7) AppleWebKit/605.1.15 (KHTML, like Gecko) Version/16.6 Safari/605.1.15"
178.128.62.241 - - [07/May/2026:23:10:05 +0800] "POST /wp-login.php HTTP/1.1" 200 3057 "http://cqqizhou.com/wp-login.php" "Mozilla/5.0 (Macintosh; Intel Mac OS X 10_15_7) AppleWebKit/537.36 (KHTML, like Gecko) Chrome/120.0.0.0 Safari/537.36"
36.133.115.36 - - [07/May/2026:23:10:14 +0800] "POST /wp-cron.php?doing_wp_cron=1778166614.6901090145111083984375 HTTP/1.1" 200 31 "-" "WordPress/6.9; http://cqqizhou.com"
178.128.62.241 - - [07/May/2026:23:10:14 +0800] "POST /wp-login.php HTTP/1.1" 200 3053 "http://cqqizhou.com/wp-login.php" "Mozilla/5.0 (Windows NT 10.0; Win64; x64) AppleWebKit/537.36 (KHTML, like Gecko) Chrome/119.0.0.0 Safari/537.36"
178.128.62.241 - - [07/May/2026:23:10:23 +0800] "POST /wp-login.php HTTP/1.1" 200 3055 "http://cqqizhou.com/wp-login.php" "Mozilla/5.0 (Windows NT 11.0; Win64; x64) AppleWebKit/537.36 (KHTML, like Gecko) Chrome/118.0.0.0 Safari/537.36"
178.128.62.241 - - [07/May/2026:23:10:32 +0800] "POST /wp-login.php HTTP/1.1" 200 3053 "http://cqqizhou.com/wp-login.php" "Mozilla/5.0 (X11; Linux x86_64) AppleWebKit/537.36 (KHTML, like Gecko) Chrome/120.0.0.0 Safari/537.36"
178.128.62.241 - - [07/May/2026:23:10:42 +0800] "POST /wp-login.php HTTP/1.1" 200 3002 "http://cqqizhou.com/wp-login.php" "Mozilla/5.0 (Windows NT 11.0; Win64; x64; rv:118.0) Gecko/20100101 Firefox/118.0"
178.128.62.241 - - [07/May/2026:23:10:54 +0800] "POST /wp-login.php HTTP/1.1" 200 3059 "http://cqqizhou.com/wp-login.php" "Mozilla/5.0 (Macintosh; Intel Mac OS X 13_6_1) AppleWebKit/605.1.15 (KHTML, like Gecko) Version/17.0 Safari/605.1.15"
178.128.62.241 - - [07/May/2026:23:11:02 +0800] "POST /wp-login.php HTTP/1.1" 200 3063 "http://cqqizhou.com/wp-login.php" "Mozilla/5.0 (Macintosh; Intel Mac OS X 10_15_7; rv:118.0) Gecko/20100101 Firefox/118.0"
36.133.115.36 - - [07/May/2026:23:11:11 +0800] "POST /wp-cron.php?doing_wp_cron=1778166671.2636520862579345703125 HTTP/1.1" 200 31 "-" "WordPress/6.9; http://cqqizhou.com"
178.128.62.241 - - [07/May/2026:23:11:11 +0800] "POST /wp-login.php HTTP/1.1" 200 3055 "http://cqqizhou.com/wp-login.php" "Mozilla/5.0 (Windows NT 10.0; Win64; x64) AppleWebKit/537.36 (KHTML, like Gecko) Chrome/121.0.0.0 Safari/537.36"
178.128.62.241 - - [07/May/2026:23:11:20 +0800] "POST /wp-login.php HTTP/1.1" 200 3055 "http://cqqizhou.com/wp-login.php" "Mozilla/5.0 (Macintosh; Intel Mac OS X 13_6_1; rv:119.0) Gecko/20100101 Firefox/119.0"
178.128.62.241 - - [07/May/2026:23:11:30 +0800] "POST /wp-login.php HTTP/1.1" 200 3058 "http://cqqizhou.com/wp-login.php" "Mozilla/5.0 (Windows NT 11.0; Win64; x64; rv:121.0) Gecko/20100101 Firefox/121.0"
178.128.62.241 - - [07/May/2026:23:11:40 +0800] "POST /wp-login.php HTTP/1.1" 200 3057 "http://cqqizhou.com/wp-login.php" "Mozilla/5.0 (Windows NT 10.0; Win64; x64; rv:121.0) Gecko/20100101 Firefox/121.0"
178.128.62.241 - - [07/May/2026:23:11:53 +0800] "POST /wp-login.php HTTP/1.1" 200 3055 "http://cqqizhou.com/wp-login.php" "Mozilla/5.0 (Windows NT 11.0; Win64; x64; rv:120.0) Gecko/20100101 Firefox/120.0"
178.128.62.241 - - [07/May/2026:23:12:04 +0800] "POST /wp-login.php HTTP/1.1" 200 3057 "http://cqqizhou.com/wp-login.php" "Mozilla/5.0 (Macintosh; Intel Mac OS X 13_6_1) AppleWebKit/605.1.15 (KHTML, like Gecko) Version/17.0 Safari/605.1.15"
36.133.115.36 - - [07/May/2026:23:12:14 +0800] "POST /wp-cron.php?doing_wp_cron=1778166734.8258059024810791015625 HTTP/1.1" 200 31 "-" "WordPress/6.9; http://cqqizhou.com"
178.128.62.241 - - [07/May/2026:23:12:14 +0800] "POST /wp-login.php HTTP/1.1" 200 3002 "http://cqqizhou.com/wp-login.php" "Mozilla/5.0 (Macintosh; Intel Mac OS X 10_15_7) AppleWebKit/605.1.15 (KHTML, like Gecko) Version/17.0 Safari/605.1.15"
178.128.62.241 - - [07/May/2026:23:12:22 +0800] "POST /wp-login.php HTTP/1.1" 200 3056 "http://cqqizhou.com/wp-login.php" "Mozilla/5.0 (Windows NT 10.0; Win64; x64) AppleWebKit/537.36 (KHTML, like Gecko) Chrome/119.0.0.0 Safari/537.36"
178.128.62.241 - - [07/May/2026:23:12:34 +0800] "POST /wp-login.php HTTP/1.1" 200 3052 "http://cqqizhou.com/wp-login.php" "Mozilla/5.0 (Macintosh; Intel Mac OS X 10_15_7) AppleWebKit/605.1.15 (KHTML, like Gecko) Version/17.1 Safari/605.1.15"
178.128.62.241 - - [07/May/2026:23:12:43 +0800] "POST /wp-login.php HTTP/1.1" 200 3002 "http://cqqizhou.com/wp-login.php" "Mozilla/5.0 (X11; Ubuntu; Linux x86_64) AppleWebKit/537.36 (KHTML, like Gecko) Chrome/121.0.0.0 Safari/537.36"
178.128.62.241 - - [07/May/2026:23:12:52 +0800] "POST /wp-login.php HTTP/1.1" 200 3065 "http://cqqizhou.com/wp-login.php" "Mozilla/5.0 (Windows NT 11.0; Win64; x64; rv:118.0) Gecko/20100101 Firefox/118.0"
178.128.62.241 - - [07/May/2026:23:13:00 +0800] "POST /wp-login.php HTTP/1.1" 200 3058 "http://cqqizhou.com/wp-login.php" "Mozilla/5.0 (X11; Linux x86_64) AppleWebKit/537.36 (KHTML, like Gecko) Chrome/118.0.0.0 Safari/537.36"
36.133.115.36 - - [07/May/2026:23:13:24 +0800] "POST /wp-cron.php?doing_wp_cron=1778166804.7309300899505615234375 HTTP/1.1" 200 31 "-" "WordPress/6.9; http://cqqizhou.com"
178.128.62.241 - - [07/May/2026:23:13:24 +0800] "POST /wp-login.php HTTP/1.1" 200 3052 "http://cqqizhou.com/wp-login.php" "Mozilla/5.0 (Windows NT 10.0; Win64; x64) AppleWebKit/537.36 (KHTML, like Gecko) Chrome/118.0.0.0 Safari/537.36"
178.128.62.241 - - [07/May/2026:23:13:33 +0800] "POST /wp-login.php HTTP/1.1" 200 3059 "http://cqqizhou.com/wp-login.php" "Mozilla/5.0 (X11; Ubuntu; Linux x86_64) AppleWebKit/537.36 (KHTML, like Gecko) Chrome/119.0.0.0 Safari/537.36"
178.128.62.241 - - [07/May/2026:23:13:41 +0800] "POST /wp-login.php HTTP/1.1" 200 3056 "http://cqqizhou.com/wp-login.php" "Mozilla/5.0 (Windows NT 11.0; Win64; x64) AppleWebKit/537.36 (KHTML, like Gecko) Chrome/119.0.0.0 Safari/537.36"
178.128.62.241 - - [07/May/2026:23:13:50 +0800] "POST /wp-login.php HTTP/1.1" 200 3058 "http://cqqizhou.com/wp-login.php" "Mozilla/5.0 (X11; Linux x86_64) AppleWebKit/537.36 (KHTML, like Gecko) Chrome/120.0.0.0 Safari/537.36"
178.128.62.241 - - [07/May/2026:23:13:59 +0800] "POST /wp-login.php HTTP/1.1" 200 3002 "http://cqqizhou.com/wp-login.php" "Mozilla/5.0 (Macintosh; Intel Mac OS X 10_15_7) AppleWebKit/537.36 (KHTML, like Gecko) Chrome/120.0.0.0 Safari/537.36"
36.133.115.36 - - [07/May/2026:23:14:09 +0800] "POST /wp-cron.php?doing_wp_cron=1778166849.9242041110992431640625 HTTP/1.1" 200 31 "-" "WordPress/6.9; http://cqqizhou.com"
178.128.62.241 - - [07/May/2026:23:14:09 +0800] "POST /wp-login.php HTTP/1.1" 200 3064 "http://cqqizhou.com/wp-login.php" "Mozilla/5.0 (X11; Linux x86_64) AppleWebKit/537.36 (KHTML, like Gecko) Chrome/118.0.0.0 Safari/537.36"
178.128.62.241 - - [07/May/2026:23:14:20 +0800] "POST /wp-login.php HTTP/1.1" 200 3054 "http://cqqizhou.com/wp-login.php" "Mozilla/5.0 (Windows NT 10.0; Win64; x64) AppleWebKit/537.36 (KHTML, like Gecko) Chrome/118.0.0.0 Safari/537.36"
178.128.62.241 - - [07/May/2026:23:14:31 +0800] "POST /wp-login.php HTTP/1.1" 200 2968 "http://cqqizhou.com/wp-login.php" "Mozilla/5.0 (Windows NT 11.0; Win64; x64; rv:120.0) Gecko/20100101 Firefox/120.0"
178.128.62.241 - - [07/May/2026:23:14:42 +0800] "POST /wp-login.php HTTP/1.1" 200 3058 "http://cqqizhou.com/wp-login.php" "Mozilla/5.0 (Macintosh; Intel Mac OS X 13_6_1; rv:121.0) Gecko/20100101 Firefox/121.0"
178.128.62.241 - - [07/May/2026:23:14:52 +0800] "POST /wp-login.php HTTP/1.1" 200 3055 "http://cqqizhou.com/wp-login.php" "Mozilla/5.0 (Macintosh; Intel Mac OS X 13_6_1) AppleWebKit/537.36 (KHTML, like Gecko) Chrome/121.0.0.0 Safari/537.36"
178.128.62.241 - - [07/May/2026:23:15:01 +0800] "POST /wp-login.php HTTP/1.1" 200 3054 "http://cqqizhou.com/wp-login.php" "Mozilla/5.0 (Windows NT 10.0; Win64; x64; rv:119.0) Gecko/20100101 Firefox/119.0"
36.133.115.36 - - [07/May/2026:23:15:18 +0800] "POST /wp-cron.php?doing_wp_cron=1778166918.8799729347229003906250 HTTP/1.1" 200 31 "-" "WordPress/6.9; http://cqqizhou.com"
178.128.62.241 - - [07/May/2026:23:15:18 +0800] "POST /wp-login.php HTTP/1.1" 200 3056 "http://cqqizhou.com/wp-login.php" "Mozilla/5.0 (Macintosh; Intel Mac OS X 13_6_1) AppleWebKit/605.1.15 (KHTML, like Gecko) Version/16.6 Safari/605.1.15"
178.128.62.241 - - [07/May/2026:23:15:28 +0800] "POST /wp-login.php HTTP/1.1" 200 3052 "http://cqqizhou.com/wp-login.php" "Mozilla/5.0 (Macintosh; Intel Mac OS X 13_6_1) AppleWebKit/537.36 (KHTML, like Gecko) Chrome/119.0.0.0 Safari/537.36"
178.128.62.241 - - [07/May/2026:23:15:37 +0800] "POST /wp-login.php HTTP/1.1" 200 3057 "http://cqqizhou.com/wp-login.php" "Mozilla/5.0 (Windows NT 10.0; Win64; x64) AppleWebKit/537.36 (KHTML, like Gecko) Chrome/119.0.0.0 Safari/537.36"
178.128.62.241 - - [07/May/2026:23:15:47 +0800] "POST /wp-login.php HTTP/1.1" 200 3056 "http://cqqizhou.com/wp-login.php" "Mozilla/5.0 (Windows NT 11.0; Win64; x64; rv:120.0) Gecko/20100101 Firefox/120.0"
178.128.62.241 - - [07/May/2026:23:15:57 +0800] "POST /wp-login.php HTTP/1.1" 200 3060 "http://cqqizhou.com/wp-login.php" "Mozilla/5.0 (Macintosh; Intel Mac OS X 10_15_7) AppleWebKit/605.1.15 (KHTML, like Gecko) Version/17.2 Safari/605.1.15"
178.128.62.241 - - [07/May/2026:23:16:07 +0800] "POST /wp-login.php HTTP/1.1" 200 3053 "http://cqqizhou.com/wp-login.php" "Mozilla/5.0 (Macintosh; Intel Mac OS X 13_6_1; rv:121.0) Gecko/20100101 Firefox/121.0"
36.133.115.36 - - [07/May/2026:23:16:21 +0800] "POST /wp-cron.php?doing_wp_cron=1778166981.4710159301757812500000 HTTP/1.1" 200 31 "-" "WordPress/6.9; http://cqqizhou.com"
178.128.62.241 - - [07/May/2026:23:16:21 +0800] "POST /wp-login.php HTTP/1.1" 200 3053 "http://cqqizhou.com/wp-login.php" "Mozilla/5.0 (Windows NT 10.0; Win64; x64; rv:121.0) Gecko/20100101 Firefox/121.0"
178.128.62.241 - - [07/May/2026:23:16:32 +0800] "POST /wp-login.php HTTP/1.1" 200 3054 "http://cqqizhou.com/wp-login.php" "Mozilla/5.0 (Macintosh; Intel Mac OS X 10_15_7) AppleWebKit/605.1.15 (KHTML, like Gecko) Version/17.0 Safari/605.1.15"
178.128.62.241 - - [07/May/2026:23:16:42 +0800] "POST /wp-login.php HTTP/1.1" 200 3057 "http://cqqizhou.com/wp-login.php" "Mozilla/5.0 (Windows NT 11.0; Win64; x64) AppleWebKit/537.36 (KHTML, like Gecko) Chrome/119.0.0.0 Safari/537.36"
178.128.62.241 - - [07/May/2026:23:16:51 +0800] "POST /wp-login.php HTTP/1.1" 200 3053 "http://cqqizhou.com/wp-login.php" "Mozilla/5.0 (Windows NT 10.0; Win64; x64) AppleWebKit/537.36 (KHTML, like Gecko) Chrome/121.0.0.0 Safari/537.36"
178.128.62.241 - - [07/May/2026:23:17:02 +0800] "POST /wp-login.php HTTP/1.1" 200 3060 "http://cqqizhou.com/wp-login.php" "Mozilla/5.0 (Macintosh; Intel Mac OS X 13_6_1) AppleWebKit/605.1.15 (KHTML, like Gecko) Version/17.0 Safari/605.1.15"
36.133.115.36 - - [07/May/2026:23:17:12 +0800] "POST /wp-cron.php?doing_wp_cron=1778167032.0147500038146972656250 HTTP/1.1" 200 31 "-" "WordPress/6.9; http://cqqizhou.com"
178.128.62.241 - - [07/May/2026:23:17:12 +0800] "POST /wp-login.php HTTP/1.1" 200 3053 "http://cqqizhou.com/wp-login.php" "Mozilla/5.0 (Macintosh; Intel Mac OS X 10_15_7) AppleWebKit/537.36 (KHTML, like Gecko) Chrome/121.0.0.0 Safari/537.36"
178.128.62.241 - - [07/May/2026:23:17:23 +0800] "POST /wp-login.php HTTP/1.1" 200 3055 "http://cqqizhou.com/wp-login.php" "Mozilla/5.0 (X11; Ubuntu; Linux x86_64) AppleWebKit/537.36 (KHTML, like Gecko) Chrome/119.0.0.0 Safari/537.36"
178.128.62.241 - - [07/May/2026:23:17:35 +0800] "POST /wp-login.php HTTP/1.1" 200 3057 "http://cqqizhou.com/wp-login.php" "Mozilla/5.0 (Macintosh; Intel Mac OS X 13_6_1) AppleWebKit/537.36 (KHTML, like Gecko) Chrome/120.0.0.0 Safari/537.36"
178.128.62.241 - - [07/May/2026:23:17:50 +0800] "POST /wp-login.php HTTP/1.1" 200 3053 "http://cqqizhou.com/wp-login.php" "Mozilla/5.0 (X11; Ubuntu; Linux x86_64) AppleWebKit/537.36 (KHTML, like Gecko) Chrome/120.0.0.0 Safari/537.36"
178.128.62.241 - - [07/May/2026:23:18:01 +0800] "POST /wp-login.php HTTP/1.1" 200 3054 "http://cqqizhou.com/wp-login.php" "Mozilla/5.0 (X11; Linux x86_64) AppleWebKit/537.36 (KHTML, like Gecko) Chrome/120.0.0.0 Safari/537.36"
36.133.115.36 - - [07/May/2026:23:18:12 +0800] "POST /wp-cron.php?doing_wp_cron=1778167092.3323259353637695312500 HTTP/1.1" 200 31 "-" "WordPress/6.9; http://cqqizhou.com"
178.128.62.241 - - [07/May/2026:23:18:12 +0800] "POST /wp-login.php HTTP/1.1" 200 3056 "http://cqqizhou.com/wp-login.php" "Mozilla/5.0 (Macintosh; Intel Mac OS X 10_15_7; rv:120.0) Gecko/20100101 Firefox/120.0"
178.128.62.241 - - [07/May/2026:23:18:24 +0800] "POST /wp-login.php HTTP/1.1" 200 3055 "http://cqqizhou.com/wp-login.php" "Mozilla/5.0 (Macintosh; Intel Mac OS X 10_15_7; rv:121.0) Gecko/20100101 Firefox/121.0"
178.128.62.241 - - [07/May/2026:23:18:36 +0800] "POST /wp-login.php HTTP/1.1" 200 3054 "http://cqqizhou.com/wp-login.php" "Mozilla/5.0 (Macintosh; Intel Mac OS X 10_15_7; rv:118.0) Gecko/20100101 Firefox/118.0"
178.128.62.241 - - [07/May/2026:23:19:03 +0800] "POST /wp-login.php HTTP/1.1" 200 3062 "http://cqqizhou.com/wp-login.php" "Mozilla/5.0 (Windows NT 10.0; Win64; x64) AppleWebKit/537.36 (KHTML, like Gecko) Chrome/118.0.0.0 Safari/537.36"
36.133.115.36 - - [07/May/2026:23:19:18 +0800] "POST /wp-cron.php?doing_wp_cron=1778167158.4875469207763671875000 HTTP/1.1" 200 31 "-" "WordPress/6.9; http://cqqizhou.com"
178.128.62.241 - - [07/May/2026:23:19:18 +0800] "POST /wp-login.php HTTP/1.1" 200 3056 "http://cqqizhou.com/wp-login.php" "Mozilla/5.0 (Windows NT 10.0; Win64; x64; rv:118.0) Gecko/20100101 Firefox/118.0"
178.128.62.241 - - [07/May/2026:23:19:31 +0800] "POST /wp-login.php HTTP/1.1" 200 3055 "http://cqqizhou.com/wp-login.php" "Mozilla/5.0 (Windows NT 10.0; Win64; x64; rv:119.0) Gecko/20100101 Firefox/119.0"
178.128.62.241 - - [07/May/2026:23:19:47 +0800] "POST /wp-login.php HTTP/1.1" 200 3058 "http://cqqizhou.com/wp-login.php" "Mozilla/5.0 (Macintosh; Intel Mac OS X 13_6_1) AppleWebKit/605.1.15 (KHTML, like Gecko) Version/17.0 Safari/605.1.15"
178.128.62.241 - - [07/May/2026:23:19:58 +0800] "POST /wp-login.php HTTP/1.1" 200 3060 "http://cqqizhou.com/wp-login.php" "Mozilla/5.0 (Macintosh; Intel Mac OS X 10_15_7) AppleWebKit/605.1.15 (KHTML, like Gecko) Version/17.1 Safari/605.1.15"
36.133.115.36 - - [07/May/2026:23:20:14 +0800] "POST /wp-cron.php?doing_wp_cron=1778167214.3888719081878662109375 HTTP/1.1" 200 31 "-" "WordPress/6.9; http://cqqizhou.com"
178.128.62.241 - - [07/May/2026:23:20:14 +0800] "POST /wp-login.php HTTP/1.1" 200 3057 "http://cqqizhou.com/wp-login.php" "Mozilla/5.0 (X11; Linux x86_64) AppleWebKit/537.36 (KHTML, like Gecko) Chrome/120.0.0.0 Safari/537.36"
178.128.62.241 - - [07/May/2026:23:20:28 +0800] "POST /wp-login.php HTTP/1.1" 200 3002 "http://cqqizhou.com/wp-login.php" "Mozilla/5.0 (Windows NT 10.0; Win64; x64) AppleWebKit/537.36 (KHTML, like Gecko) Chrome/119.0.0.0 Safari/537.36"
178.128.62.241 - - [07/May/2026:23:20:40 +0800] "POST /wp-login.php HTTP/1.1" 200 3053 "http://cqqizhou.com/wp-login.php" "Mozilla/5.0 (Windows NT 11.0; Win64; x64) AppleWebKit/537.36 (KHTML, like Gecko) Chrome/120.0.0.0 Safari/537.36"
178.128.62.241 - - [07/May/2026:23:20:51 +0800] "POST /wp-login.php HTTP/1.1" 200 3058 "http://cqqizhou.com/wp-login.php" "Mozilla/5.0 (Macintosh; Intel Mac OS X 10_15_7; rv:119.0) Gecko/20100101 Firefox/119.0"
178.128.62.241 - - [07/May/2026:23:21:03 +0800] "POST /wp-login.php HTTP/1.1" 200 3054 "http://cqqizhou.com/wp-login.php" "Mozilla/5.0 (Macintosh; Intel Mac OS X 13_6_1) AppleWebKit/537.36 (KHTML, like Gecko) Chrome/120.0.0.0 Safari/537.36"
36.133.115.36 - - [07/May/2026:23:21:14 +0800] "POST /wp-cron.php?doing_wp_cron=1778167274.5930359363555908203125 HTTP/1.1" 200 31 "-" "WordPress/6.9; http://cqqizhou.com"
178.128.62.241 - - [07/May/2026:23:21:14 +0800] "POST /wp-login.php HTTP/1.1" 200 3054 "http://cqqizhou.com/wp-login.php" "Mozilla/5.0 (Macintosh; Intel Mac OS X 13_6_1) AppleWebKit/537.36 (KHTML, like Gecko) Chrome/121.0.0.0 Safari/537.36"
178.128.62.241 - - [07/May/2026:23:21:26 +0800] "POST /wp-login.php HTTP/1.1" 200 3002 "http://cqqizhou.com/wp-login.php" "Mozilla/5.0 (Macintosh; Intel Mac OS X 13_6_1; rv:118.0) Gecko/20100101 Firefox/118.0"
178.128.62.241 - - [07/May/2026:23:21:39 +0800] "POST /wp-login.php HTTP/1.1" 200 3060 "http://cqqizhou.com/wp-login.php" "Mozilla/5.0 (Macintosh; Intel Mac OS X 10_15_7; rv:118.0) Gecko/20100101 Firefox/118.0"
178.128.62.241 - - [07/May/2026:23:21:51 +0800] "POST /wp-login.php HTTP/1.1" 200 3060 "http://cqqizhou.com/wp-login.php" "Mozilla/5.0 (Macintosh; Intel Mac OS X 13_6_1) AppleWebKit/605.1.15 (KHTML, like Gecko) Version/17.1 Safari/605.1.15"
178.128.62.241 - - [07/May/2026:23:22:03 +0800] "POST /wp-login.php HTTP/1.1" 200 2968 "http://cqqizhou.com/wp-login.php" "Mozilla/5.0 (Windows NT 11.0; Win64; x64; rv:119.0) Gecko/20100101 Firefox/119.0"
36.133.115.36 - - [07/May/2026:23:22:13 +0800] "POST /wp-cron.php?doing_wp_cron=1778167333.9611389636993408203125 HTTP/1.1" 200 31 "-" "WordPress/6.9; http://cqqizhou.com"
178.128.62.241 - - [07/May/2026:23:22:13 +0800] "POST /wp-login.php HTTP/1.1" 200 3002 "http://cqqizhou.com/wp-login.php" "Mozilla/5.0 (Windows NT 10.0; Win64; x64) AppleWebKit/537.36 (KHTML, like Gecko) Chrome/119.0.0.0 Safari/537.36"
178.128.62.241 - - [07/May/2026:23:22:28 +0800] "POST /wp-login.php HTTP/1.1" 200 3055 "http://cqqizhou.com/wp-login.php" "Mozilla/5.0 (Macintosh; Intel Mac OS X 10_15_7) AppleWebKit/537.36 (KHTML, like Gecko) Chrome/119.0.0.0 Safari/537.36"
178.128.62.241 - - [07/May/2026:23:22:38 +0800] "POST /wp-login.php HTTP/1.1" 200 3058 "http://cqqizhou.com/wp-login.php" "Mozilla/5.0 (Windows NT 10.0; Win64; x64; rv:119.0) Gecko/20100101 Firefox/119.0"
178.128.62.241 - - [07/May/2026:23:22:48 +0800] "POST /wp-login.php HTTP/1.1" 200 3056 "http://cqqizhou.com/wp-login.php" "Mozilla/5.0 (Windows NT 10.0; Win64; x64; rv:118.0) Gecko/20100101 Firefox/118.0"
178.128.62.241 - - [07/May/2026:23:23:00 +0800] "POST /wp-login.php HTTP/1.1" 200 2968 "http://cqqizhou.com/wp-login.php" "Mozilla/5.0 (Windows NT 10.0; Win64; x64) AppleWebKit/537.36 (KHTML, like Gecko) Chrome/120.0.0.0 Safari/537.36"
36.133.115.36 - - [07/May/2026:23:23:11 +0800] "POST /wp-cron.php?doing_wp_cron=1778167391.5108909606933593750000 HTTP/1.1" 200 31 "-" "WordPress/6.9; http://cqqizhou.com"
178.128.62.241 - - [07/May/2026:23:23:11 +0800] "POST /wp-login.php HTTP/1.1" 200 3058 "http://cqqizhou.com/wp-login.php" "Mozilla/5.0 (Macintosh; Intel Mac OS X 10_15_7) AppleWebKit/537.36 (KHTML, like Gecko) Chrome/119.0.0.0 Safari/537.36"
178.128.62.241 - - [07/May/2026:23:23:21 +0800] "POST /wp-login.php HTTP/1.1" 200 3055 "http://cqqizhou.com/wp-login.php" "Mozilla/5.0 (Macintosh; Intel Mac OS X 13_6_1) AppleWebKit/605.1.15 (KHTML, like Gecko) Version/16.6 Safari/605.1.15"
178.128.62.241 - - [07/May/2026:23:23:32 +0800] "POST /wp-login.php HTTP/1.1" 200 3053 "http://cqqizhou.com/wp-login.php" "Mozilla/5.0 (Windows NT 10.0; Win64; x64; rv:119.0) Gecko/20100101 Firefox/119.0"
178.128.62.241 - - [07/May/2026:23:23:46 +0800] "POST /wp-login.php HTTP/1.1" 200 3058 "http://cqqizhou.com/wp-login.php" "Mozilla/5.0 (Windows NT 11.0; Win64; x64) AppleWebKit/537.36 (KHTML, like Gecko) Chrome/119.0.0.0 Safari/537.36"
178.128.62.241 - - [07/May/2026:23:23:56 +0800] "POST /wp-login.php HTTP/1.1" 200 3054 "http://cqqizhou.com/wp-login.php" "Mozilla/5.0 (X11; Ubuntu; Linux x86_64) AppleWebKit/537.36 (KHTML, like Gecko) Chrome/118.0.0.0 Safari/537.36"
36.133.115.36 - - [07/May/2026:23:24:20 +0800] "POST /wp-cron.php?doing_wp_cron=1778167460.5345571041107177734375 HTTP/1.1" 200 31 "-" "WordPress/6.9; http://cqqizhou.com"
178.128.62.241 - - [07/May/2026:23:24:20 +0800] "POST /wp-login.php HTTP/1.1" 200 3054 "http://cqqizhou.com/wp-login.php" "Mozilla/5.0 (Macintosh; Intel Mac OS X 10_15_7) AppleWebKit/605.1.15 (KHTML, like Gecko) Version/17.2 Safari/605.1.15"
178.128.62.241 - - [07/May/2026:23:24:33 +0800] "POST /wp-login.php HTTP/1.1" 200 2968 "http://cqqizhou.com/wp-login.php" "Mozilla/5.0 (Macintosh; Intel Mac OS X 10_15_7) AppleWebKit/605.1.15 (KHTML, like Gecko) Version/16.6 Safari/605.1.15"
178.128.62.241 - - [07/May/2026:23:24:44 +0800] "POST /wp-login.php HTTP/1.1" 200 3059 "http://cqqizhou.com/wp-login.php" "Mozilla/5.0 (Windows NT 11.0; Win64; x64; rv:120.0) Gecko/20100101 Firefox/120.0"
178.128.62.241 - - [07/May/2026:23:24:55 +0800] "POST /wp-login.php HTTP/1.1" 200 3055 "http://cqqizhou.com/wp-login.php" "Mozilla/5.0 (Windows NT 10.0; Win64; x64) AppleWebKit/537.36 (KHTML, like Gecko) Chrome/121.0.0.0 Safari/537.36"
178.128.62.241 - - [07/May/2026:23:25:07 +0800] "POST /wp-login.php HTTP/1.1" 200 3055 "http://cqqizhou.com/wp-login.php" "Mozilla/5.0 (Windows NT 10.0; Win64; x64) AppleWebKit/537.36 (KHTML, like Gecko) Chrome/119.0.0.0 Safari/537.36"
36.133.115.36 - - [07/May/2026:23:25:23 +0800] "POST /wp-cron.php?doing_wp_cron=1778167523.0480289459228515625000 HTTP/1.1" 200 31 "-" "WordPress/6.9; http://cqqizhou.com"
178.128.62.241 - - [07/May/2026:23:25:23 +0800] "POST /wp-login.php HTTP/1.1" 200 3057 "http://cqqizhou.com/wp-login.php" "Mozilla/5.0 (X11; Ubuntu; Linux x86_64) AppleWebKit/537.36 (KHTML, like Gecko) Chrome/120.0.0.0 Safari/537.36"
178.128.62.241 - - [07/May/2026:23:25:41 +0800] "POST /wp-login.php HTTP/1.1" 200 3058 "http://cqqizhou.com/wp-login.php" "Mozilla/5.0 (Macintosh; Intel Mac OS X 13_6_1; rv:119.0) Gecko/20100101 Firefox/119.0"
178.128.62.241 - - [07/May/2026:23:25:52 +0800] "POST /wp-login.php HTTP/1.1" 200 3003 "http://cqqizhou.com/wp-login.php" "Mozilla/5.0 (X11; Ubuntu; Linux x86_64) AppleWebKit/537.36 (KHTML, like Gecko) Chrome/121.0.0.0 Safari/537.36"
178.128.62.241 - - [07/May/2026:23:26:01 +0800] "POST /wp-login.php HTTP/1.1" 200 3057 "http://cqqizhou.com/wp-login.php" "Mozilla/5.0 (Windows NT 11.0; Win64; x64) AppleWebKit/537.36 (KHTML, like Gecko) Chrome/121.0.0.0 Safari/537.36"
36.133.115.36 - - [07/May/2026:23:26:11 +0800] "POST /wp-cron.php?doing_wp_cron=1778167571.6449940204620361328125 HTTP/1.1" 200 31 "-" "WordPress/6.9; http://cqqizhou.com"
178.128.62.241 - - [07/May/2026:23:26:11 +0800] "POST /wp-login.php HTTP/1.1" 200 3052 "http://cqqizhou.com/wp-login.php" "Mozilla/5.0 (Macintosh; Intel Mac OS X 13_6_1; rv:119.0) Gecko/20100101 Firefox/119.0"
178.128.62.241 - - [07/May/2026:23:26:20 +0800] "POST /wp-login.php HTTP/1.1" 200 3058 "http://cqqizhou.com/wp-login.php" "Mozilla/5.0 (Macintosh; Intel Mac OS X 10_15_7) AppleWebKit/605.1.15 (KHTML, like Gecko) Version/17.2 Safari/605.1.15"
178.128.62.241 - - [07/May/2026:23:26:28 +0800] "POST /wp-login.php HTTP/1.1" 200 3055 "http://cqqizhou.com/wp-login.php" "Mozilla/5.0 (Macintosh; Intel Mac OS X 13_6_1) AppleWebKit/537.36 (KHTML, like Gecko) Chrome/120.0.0.0 Safari/537.36"
178.128.62.241 - - [07/May/2026:23:26:35 +0800] "POST /wp-login.php HTTP/1.1" 200 3055 "http://cqqizhou.com/wp-login.php" "Mozilla/5.0 (Macintosh; Intel Mac OS X 13_6_1) AppleWebKit/537.36 (KHTML, like Gecko) Chrome/118.0.0.0 Safari/537.36"
178.128.62.241 - - [07/May/2026:23:26:43 +0800] "POST /wp-login.php HTTP/1.1" 200 3059 "http://cqqizhou.com/wp-login.php" "Mozilla/5.0 (Macintosh; Intel Mac OS X 10_15_7) AppleWebKit/537.36 (KHTML, like Gecko) Chrome/120.0.0.0 Safari/537.36"
