27.29.178.10 - - [06/May/2026:18:17:01 +0800] "POST /kindeditor/php/upload_json_upload.php?dir=file HTTP/1.1" 404 47 "-" "Mozilla/5.0 (Windows NT 10.0; Win64; x64; rv:141.0) Gecko/20100101 Firefox/141.0"
27.29.183.21 - - [06/May/2026:18:17:01 +0800] "POST /wp-content/plugins/kindeditor/php/upload_json.php?dir=file HTTP/1.1" 404 47 "-" "Mozilla/5.0 (Windows NT 10.0; Win64; x64) Edg/141.0.0.0"
27.29.178.10 - - [06/May/2026:18:17:01 +0800] "POST /wp-content/plugins/kindeditor/upload_json.php?dir=file HTTP/1.1" 404 47 "-" "Mozilla/5.0 (Windows NT 10.0; Win64; x64; Trident/7.0; rv:11.0) like Gecko"
27.29.178.10 - - [06/May/2026:18:17:01 +0800] "POST /wp-content/plugins/editor/kindeditor/upload_json.php?dir=file HTTP/1.1" 404 47 "-" "Mozilla/5.0 (Windows NT 10.0; Win64; x64; Trident/7.0; rv:11.0) like Gecko"
27.29.178.10 - - [06/May/2026:18:17:02 +0800] "POST /wp-content/plugins/kindeditor/asp.net/upload_json.ashx?dir=file HTTP/1.1" 404 9580 "-" "Mozilla/5.0 (Windows NT 10.0; Win64; x64) Edg/141.0.0.0"
27.29.178.10 - - [06/May/2026:18:17:02 +0800] "POST /components/com_kindeditor/upload_json.php?dir=file HTTP/1.1" 404 47 "-" "Mozilla/5.0 (Windows NT 10.0; Win64; x64) Edg/141.0.0.0"
27.29.183.21 - - [06/May/2026:18:17:02 +0800] "POST /components/com_editor/kindeditor/upload_json.php?dir=file HTTP/1.1" 404 47 "-" "Mozilla/5.0 (Windows NT 10.0; Win64; x64) AppleWebKit/537.36 (KHTML, like Gecko) Chrome/141.0.0.0 Safari/537.36"
27.29.183.21 - - [06/May/2026:18:17:02 +0800] "POST /plus/kindeditor/upload_json.php?dir=file HTTP/1.1" 404 47 "-" "Mozilla/5.0 (Windows NT 10.0; Win64; x64; Trident/7.0; rv:11.0) like Gecko"
27.29.183.21 - - [06/May/2026:18:17:02 +0800] "POST /plus/upload_json.php?dir=file HTTP/1.1" 404 47 "-" "Mozilla/5.0 (Windows NT 10.0; Win64; x64; rv:141.0) Gecko/20100101 Firefox/141.0"
27.29.183.21 - - [06/May/2026:18:17:02 +0800] "POST /dede/kindeditor/upload_json.php?dir=file HTTP/1.1" 404 47 "-" "Mozilla/5.0 (Windows NT 10.0; Win64; x64) AppleWebKit/537.36 (KHTML, like Gecko) Chrome/141.0.0.0 Safari/537.36"
27.29.178.10 - - [06/May/2026:18:17:02 +0800] "POST /source/plugin/kindeditor/upload_json.php?dir=file HTTP/1.1" 404 47 "-" "Mozilla/5.0 (Windows NT 10.0; Win64; x64) Edg/141.0.0.0"
27.29.183.21 - - [06/May/2026:18:17:02 +0800] "POST /plugin/kindeditor/upload_json.php?dir=file HTTP/1.1" 404 47 "-" "Mozilla/5.0 (Windows NT 10.0; Win64; x64; Trident/7.0; rv:11.0) like Gecko"
27.29.183.21 - - [06/May/2026:18:17:02 +0800] "POST /ecshop/kindeditor/upload_json.php?dir=file HTTP/1.1" 404 47 "-" "Mozilla/5.0 (Windows NT 10.0; Win64; x64) Edg/141.0.0.0"
27.29.178.10 - - [06/May/2026:18:17:02 +0800] "POST /sites/all/modules/kindeditor/upload_json.php?dir=file HTTP/1.1" 404 47 "-" "Mozilla/5.0 (Windows NT 10.0; Win64; x64) Edg/141.0.0.0"
27.29.178.10 - - [06/May/2026:18:17:02 +0800] "POST /sites/default/files/kindeditor/upload_json.php?dir=file HTTP/1.1" 404 47 "-" "Mozilla/5.0 (Windows NT 10.0; Win64; x64; rv:141.0) Gecko/20100101 Firefox/141.0"
27.29.178.10 - - [06/May/2026:18:17:02 +0800] "POST /kindeditor/attach/upload_json.php?dir=file HTTP/1.1" 404 47 "-" "Mozilla/5.0 (Windows NT 10.0; Win64; x64; rv:141.0) Gecko/20100101 Firefox/141.0"
27.29.183.21 - - [06/May/2026:18:17:02 +0800] "POST /kindeditor/attachment/upload_json.php?dir=file HTTP/1.1" 404 47 "-" "Mozilla/5.0 (Windows NT 10.0; Win64; x64; Trident/7.0; rv:11.0) like Gecko"
27.29.178.10 - - [06/May/2026:18:17:02 +0800] "POST /kindeditor/fileupload/upload_json.php?dir=file HTTP/1.1" 404 47 "-" "Mozilla/5.0 (Windows NT 10.0; Win64; x64; rv:141.0) Gecko/20100101 Firefox/141.0"
27.29.183.21 - - [06/May/2026:18:17:02 +0800] "POST /uploadify/kindeditor/upload_json.php?dir=file HTTP/1.1" 404 47 "-" "Mozilla/5.0 (Windows NT 10.0; Win64; x64) AppleWebKit/537.36 (KHTML, like Gecko) Chrome/141.0.0.0 Safari/537.36"
27.29.183.21 - - [06/May/2026:18:17:03 +0800] "POST /admin/editor/kindeditor/php/upload_json.php?dir=file HTTP/1.1" 404 47 "-" "Mozilla/5.0 (Windows NT 10.0; Win64; x64) AppleWebKit/537.36 (KHTML, like Gecko) Chrome/141.0.0.0 Safari/537.36"
27.29.183.21 - - [06/May/2026:18:17:03 +0800] "POST /admin/static/kindeditor/asp.net/upload_json.ashx?dir=file HTTP/1.1" 404 9580 "-" "Mozilla/5.0 (Windows NT 10.0; Win64; x64; rv:141.0) Gecko/20100101 Firefox/141.0"
27.29.183.21 - - [06/May/2026:18:17:04 +0800] "POST /plugins/kind/editor/jsp/upload_json.jsp?dir=media HTTP/1.1" 404 9580 "-" "Mozilla/5.0 (Windows NT 10.0; Win64; x64) AppleWebKit/537.36 (KHTML, like Gecko) Chrome/141.0.0.0 Safari/537.36"
27.29.183.21 - - [06/May/2026:18:17:04 +0800] "POST /static/plugins/kindeditor/upload_json.php?dir=flash HTTP/1.1" 404 47 "-" "Mozilla/5.0 (Windows NT 10.0; Win64; x64; Trident/7.0; rv:11.0) like Gecko"
27.29.183.21 - - [06/May/2026:18:17:04 +0800] "POST /attachment/kindeditor/php/upload_json.php?dir=file HTTP/1.1" 404 47 "-" "Mozilla/5.0 (Windows NT 10.0; Win64; x64; Trident/7.0; rv:11.0) like Gecko"
27.29.178.10 - - [06/May/2026:18:17:04 +0800] "POST /editor/upload_json.php?dir=file HTTP/1.1" 404 47 "-" "Mozilla/5.0 (Windows NT 10.0; Win64; x64) Edg/141.0.0.0"
27.29.183.21 - - [06/May/2026:18:17:05 +0800] "POST /editor/upload_json.asp?dir=file HTTP/1.1" 404 9580 "-" "Mozilla/5.0 (Windows NT 10.0; Win64; x64; Trident/7.0; rv:11.0) like Gecko"
27.29.183.21 - - [06/May/2026:18:17:06 +0800] "POST /editor/upload_json.jsp?dir=file HTTP/1.1" 404 9579 "-" "Mozilla/5.0 (Windows NT 10.0; Win64; x64; Trident/7.0; rv:11.0) like Gecko"
27.29.178.10 - - [06/May/2026:18:17:07 +0800] "POST /editor/upload_json.ashx?dir=file HTTP/1.1" 404 9580 "-" "Mozilla/5.0 (Windows NT 10.0; Win64; x64; rv:141.0) Gecko/20100101 Firefox/141.0"
27.29.178.10 - - [06/May/2026:18:17:07 +0800] "POST /kindeditor/test/upload_json.php?dir=file HTTP/1.1" 404 47 "-" "Mozilla/5.0 (Windows NT 10.0; Win64; x64) Edg/141.0.0.0"
27.29.183.21 - - [06/May/2026:18:17:07 +0800] "POST /kindeditor/dev/upload_json.php?dir=file HTTP/1.1" 404 47 "-" "Mozilla/5.0 (Windows NT 10.0; Win64; x64) AppleWebKit/537.36 (KHTML, like Gecko) Chrome/141.0.0.0 Safari/537.36"
36.133.115.36 - - [06/May/2026:18:17:08 +0800] "POST /wp-cron.php?doing_wp_cron=1778062628.1150701045989990234375 HTTP/1.1" 200 31 "-" "WordPress/6.9; http://cqqizhou.com"
27.29.183.21 - - [06/May/2026:18:17:08 +0800] "POST /kindeditor/test/upload_json.ashx?dir=file HTTP/1.1" 404 9580 "-" "Mozilla/5.0 (Windows NT 10.0; Win64; x64) Edg/141.0.0.0"
27.29.178.10 - - [06/May/2026:18:17:09 +0800] "POST /kindeditor/test/upload_json.asp?dir=file HTTP/1.1" 404 9580 "-" "Mozilla/5.0 (Windows NT 10.0; Win64; x64; rv:141.0) Gecko/20100101 Firefox/141.0"
27.29.178.10 - - [06/May/2026:18:17:09 +0800] "POST /editor/kindeditor/php/upload_json_file.php?dir=file HTTP/1.1" 404 47 "-" "Mozilla/5.0 (Windows NT 10.0; Win64; x64; rv:141.0) Gecko/20100101 Firefox/141.0"
27.29.183.21 - - [06/May/2026:18:17:09 +0800] "POST /kindeditor/php/upload_json_file_v2.php?dir=file HTTP/1.1" 404 47 "-" "Mozilla/5.0 (Windows NT 10.0; Win64; x64; rv:141.0) Gecko/20100101 Firefox/141.0"
27.29.178.10 - - [06/May/2026:18:17:09 +0800] "POST /kindeditor/attachments/upload_json.php?dir=file HTTP/1.1" 404 47 "-" "Mozilla/5.0 (Windows NT 10.0; Win64; x64; Trident/7.0; rv:11.0) like Gecko"
27.29.178.10 - - [06/May/2026:18:17:09 +0800] "POST /kindeditor/asset/upload_json.php?dir=file HTTP/1.1" 404 47 "-" "Mozilla/5.0 (Windows NT 10.0; Win64; x64; Trident/7.0; rv:11.0) like Gecko"
27.29.183.21 - - [06/May/2026:18:17:10 +0800] "POST /admin/kindeditor-4.1.4/asp.net/upload_json.asp?dir=file HTTP/1.1" 404 9579 "-" "Mozilla/5.0 (Windows NT 10.0; Win64; x64) Edg/141.0.0.0"
27.29.183.21 - - [06/May/2026:18:17:10 +0800] "POST /admin/kindeditor-4.1.7/asp.net/upload_json.asp?dir=file HTTP/1.1" 404 9579 "-" "Mozilla/5.0 (Windows NT 10.0; Win64; x64; Trident/7.0; rv:11.0) like Gecko"
27.29.183.21 - - [06/May/2026:18:17:11 +0800] "POST /admin/kindeditor/asp.net/upload_json.asp?dir=file HTTP/1.1" 404 9580 "-" "Mozilla/5.0 (Windows NT 10.0; Win64; x64) Edg/141.0.0.0"
203.119.241.32 - - [06/May/2026:18:17:12 +0800] "GET / HTTP/1.1" 200 35623 "-" "Mozilla/5.0 (Windows NT 10.0; Win64; x64) AppleWebKit/537.36 (KHTML, like Gecko) Chrome/94.0.6529.103 Safari/537.36"
27.29.183.21 - - [06/May/2026:18:17:12 +0800] "POST /areas/admin/kindeditor/asp.net/upload_json.ashx?dir=file HTTP/1.1" 404 9580 "-" "Mozilla/5.0 (Windows NT 10.0; Win64; x64; rv:141.0) Gecko/20100101 Firefox/141.0"
203.119.241.32 - - [06/May/2026:18:17:12 +0800] "GET / HTTP/1.1" 200 35623 "-" "Mozilla/5.0 (Windows NT 10.0; Win64; x64) AppleWebKit/537.36 (KHTML, like Gecko) Chrome/80.0.3366.100 Safari/537.36"
27.29.183.21 - - [06/May/2026:18:17:13 +0800] "POST /areas/base/scripts/plugin/kindeditor-4.1.10/asp.net/upload_json.asp?dir=file HTTP/1.1" 404 9580 "-" "Mozilla/5.0 (Windows NT 10.0; Win64; x64; Trident/7.0; rv:11.0) like Gecko"
27.29.178.10 - - [06/May/2026:18:17:13 +0800] "POST /content/scripts/plugins/kindeditor/.net/upload_json.ashx?dir=file HTTP/1.1" 404 9580 "-" "Mozilla/5.0 (Windows NT 10.0; Win64; x64; Trident/7.0; rv:11.0) like Gecko"
27.29.183.21 - - [06/May/2026:18:17:14 +0800] "POST /k_editer/asp.net/upload_json.asp?dir=file HTTP/1.1" 404 9581 "-" "Mozilla/5.0 (Windows NT 10.0; Win64; x64; rv:141.0) Gecko/20100101 Firefox/141.0"
27.29.183.21 - - [06/May/2026:18:17:14 +0800] "POST /public/admin/kindeditor/php/upload_json.php?dir=file HTTP/1.1" 404 47 "-" "Mozilla/5.0 (Windows NT 10.0; Win64; x64; rv:141.0) Gecko/20100101 Firefox/141.0"
27.29.183.21 - - [06/May/2026:18:17:14 +0800] "POST /public/admin/js/kindeditor/php/upload_json.php?dir=file HTTP/1.1" 404 47 "-" "Mozilla/5.0 (Windows NT 10.0; Win64; x64; rv:141.0) Gecko/20100101 Firefox/141.0"
27.29.178.10 - - [06/May/2026:18:17:14 +0800] "POST /public/admin/kindeditor-4.1.10/php/upload_json.php?dir=file HTTP/1.1" 404 47 "-" "Mozilla/5.0 (Windows NT 10.0; Win64; x64) Edg/141.0.0.0"
27.29.178.10 - - [06/May/2026:18:17:15 +0800] "POST /public/js/editor/php/upload_json.php?dir=file HTTP/1.1" 404 47 "-" "Mozilla/5.0 (Windows NT 10.0; Win64; x64; Trident/7.0; rv:11.0) like Gecko"
27.29.178.10 - - [06/May/2026:18:17:15 +0800] "POST /public/static/js/kindeditor/php/upload_json.php?dir=file HTTP/1.1" 404 47 "-" "Mozilla/5.0 (Windows NT 10.0; Win64; x64; Trident/7.0; rv:11.0) like Gecko"
27.29.183.21 - - [06/May/2026:18:17:15 +0800] "POST /public/webui/kindeditor/php/upload_json.php?dir=file HTTP/1.1" 404 47 "-" "Mozilla/5.0 (Windows NT 10.0; Win64; x64) Edg/141.0.0.0"
27.29.183.21 - - [06/May/2026:18:17:15 +0800] "POST /public/plugins/kindeditor/php/upload_json.php?dir=file HTTP/1.1" 404 47 "-" "Mozilla/5.0 (Windows NT 10.0; Win64; x64; rv:141.0) Gecko/20100101 Firefox/141.0"
27.29.178.10 - - [06/May/2026:18:17:15 +0800] "POST /public/statics/js/kindeditor/php/upload_json.php?dir=file HTTP/1.1" 404 47 "-" "Mozilla/5.0 (Windows NT 10.0; Win64; x64) AppleWebKit/537.36 (KHTML, like Gecko) Chrome/141.0.0.0 Safari/537.36"
27.29.183.21 - - [06/May/2026:18:17:15 +0800] "POST /admin/public/admin/js/kindeditor/php/upload_json.php?dir=file HTTP/1.1" 404 47 "-" "Mozilla/5.0 (Windows NT 10.0; Win64; x64; rv:141.0) Gecko/20100101 Firefox/141.0"
220.181.108.92 - - [06/May/2026:18:17:15 +0800] "GET /news/tag/%E5%8D%9A%E8%81%94%E8%BE%BE HTTP/1.1" 200 19146 "-" "Mozilla/5.0 (compatible; Baiduspider/2.0; +http://www.baidu.com/search/spider.html)"
27.29.178.10 - - [06/May/2026:18:17:16 +0800] "POST /admin/js/kindeditor-4.1.10/asp.net/upload_json.asp?dir=file HTTP/1.1" 404 9580 "-" "Mozilla/5.0 (Windows NT 10.0; Win64; x64) AppleWebKit/537.36 (KHTML, like Gecko) Chrome/141.0.0.0 Safari/537.36"
27.29.178.10 - - [06/May/2026:18:17:16 +0800] "POST /admin/kindeditor-4.1.10/asp/upload_json.asp?dir=file HTTP/1.1" 404 9580 "-" "Mozilla/5.0 (Windows NT 10.0; Win64; x64; Trident/7.0; rv:11.0) like Gecko"
27.29.183.21 - - [06/May/2026:18:17:17 +0800] "POST /admin1234/kindeditor/asp/upload_json.asp?dir=file HTTP/1.1" 404 9580 "-" "Mozilla/5.0 (Windows NT 10.0; Win64; x64) Edg/141.0.0.0"
27.29.183.21 - - [06/May/2026:18:17:18 +0800] "POST /admin_x/kindeditor/asp/upload_json.asp?dir=file HTTP/1.1" 404 9580 "-" "Mozilla/5.0 (Windows NT 10.0; Win64; x64; Trident/7.0; rv:11.0) like Gecko"
27.29.178.10 - - [06/May/2026:18:17:18 +0800] "POST /adminfx/kindeditor/php/upload_json.php?dir=file HTTP/1.1" 404 47 "-" "Mozilla/5.0 (Windows NT 10.0; Win64; x64; rv:141.0) Gecko/20100101 Firefox/141.0"
27.29.178.10 - - [06/May/2026:18:17:18 +0800] "POST /assets/kindeditor/php/upload_json.php?dir=file HTTP/1.1" 404 47 "-" "Mozilla/5.0 (Windows NT 10.0; Win64; x64) AppleWebKit/537.36 (KHTML, like Gecko) Chrome/141.0.0.0 Safari/537.36"
27.29.183.21 - - [06/May/2026:18:17:19 +0800] "POST /backmgr/js/kindeditor/asp.net/upload_json.asp?dir=file HTTP/1.1" 404 9580 "-" "Mozilla/5.0 (Windows NT 10.0; Win64; x64) AppleWebKit/537.36 (KHTML, like Gecko) Chrome/141.0.0.0 Safari/537.36"
27.29.178.10 - - [06/May/2026:18:17:20 +0800] "POST /bianjiqi/asp/upload_json.asp?dir=file HTTP/1.1" 404 9579 "-" "Mozilla/5.0 (Windows NT 10.0; Win64; x64) Edg/141.0.0.0"
27.29.183.21 - - [06/May/2026:18:17:21 +0800] "POST /chen_shi/edit/asp/upload_json.asp?dir=file HTTP/1.1" 404 9580 "-" "Mozilla/5.0 (Windows NT 10.0; Win64; x64) AppleWebKit/537.36 (KHTML, like Gecko) Chrome/141.0.0.0 Safari/537.36"
27.29.178.10 - - [06/May/2026:18:17:21 +0800] "POST /content/kindeditor-4.1.7/asp.net/upload_json.asp?dir=file HTTP/1.1" 404 9580 "-" "Mozilla/5.0 (Windows NT 10.0; Win64; x64; Trident/7.0; rv:11.0) like Gecko"
27.29.183.21 - - [06/May/2026:18:17:21 +0800] "POST /cssviews/adminview/js/kindeditor/php/upload_json.php?dir=file HTTP/1.1" 404 47 "-" "Mozilla/5.0 (Windows NT 10.0; Win64; x64) Edg/141.0.0.0"
27.29.183.21 - - [06/May/2026:18:17:21 +0800] "POST /e/admin/kindeditor/php/upload_json.php?dir=file HTTP/1.1" 404 47 "-" "Mozilla/5.0 (Windows NT 10.0; Win64; x64) Edg/141.0.0.0"
27.29.178.10 - - [06/May/2026:18:17:22 +0800] "POST /e/kindeditor/php/upload_json.php?dir=file HTTP/1.1" 404 47 "-" "Mozilla/5.0 (Windows NT 10.0; Win64; x64) AppleWebKit/537.36 (KHTML, like Gecko) Chrome/141.0.0.0 Safari/537.36"
27.29.178.10 - - [06/May/2026:18:17:22 +0800] "POST /editor/kindeditor/asp/upload_json.asp?dir=file HTTP/1.1" 404 9580 "-" "Mozilla/5.0 (Windows NT 10.0; Win64; x64; rv:141.0) Gecko/20100101 Firefox/141.0"
27.29.183.21 - - [06/May/2026:18:17:22 +0800] "POST /extensions/kindeditor/php/upload_json.php?dir=file HTTP/1.1" 404 47 "-" "Mozilla/5.0 (Windows NT 10.0; Win64; x64; rv:141.0) Gecko/20100101 Firefox/141.0"
27.29.178.10 - - [06/May/2026:18:17:23 +0800] "POST /htgldl/kindeditor/asp.net/upload_json.asp?dir=file HTTP/1.1" 404 9580 "-" "Mozilla/5.0 (Windows NT 10.0; Win64; x64; rv:141.0) Gecko/20100101 Firefox/141.0"
27.29.178.10 - - [06/May/2026:18:17:23 +0800] "POST /hx/include/kindeditor/php/upload_json.php?dir=file HTTP/1.1" 404 47 "-" "Mozilla/5.0 (Windows NT 10.0; Win64; x64; rv:141.0) Gecko/20100101 Firefox/141.0"
27.29.178.10 - - [06/May/2026:18:17:24 +0800] "POST /image/kindeditor/asp/upload_json.asp?dir=file HTTP/1.1" 404 9581 "-" "Mozilla/5.0 (Windows NT 10.0; Win64; x64) AppleWebKit/537.36 (KHTML, like Gecko) Chrome/141.0.0.0 Safari/537.36"
27.29.178.10 - - [06/May/2026:18:17:24 +0800] "POST /inc/editor/kindeditor/php/upload_json.php?dir=file HTTP/1.1" 404 47 "-" "Mozilla/5.0 (Windows NT 10.0; Win64; x64; rv:141.0) Gecko/20100101 Firefox/141.0"
27.29.178.10 - - [06/May/2026:18:17:25 +0800] "POST /include/kindeditor/examples/uploadbutton.html HTTP/1.1" 404 9580 "-" "Mozilla/5.0 (Windows NT 10.0; Win64; x64) Edg/141.0.0.0"
27.29.183.21 - - [06/May/2026:18:17:25 +0800] "POST /include/kindeditor/php/upload_json.php?dir=file HTTP/1.1" 404 47 "-" "Mozilla/5.0 (Windows NT 10.0; Win64; x64; Trident/7.0; rv:11.0) like Gecko"
27.29.178.10 - - [06/May/2026:18:17:25 +0800] "POST /includes/kindeditor/php/upload_json.php?dir=file HTTP/1.1" 404 47 "-" "Mozilla/5.0 (Windows NT 10.0; Win64; x64) AppleWebKit/537.36 (KHTML, like Gecko) Chrome/141.0.0.0 Safari/537.36"
27.29.178.10 - - [06/May/2026:18:17:26 +0800] "POST /js/kindeditor-4.1.10/asp.net/upload_json.asp?dir=file HTTP/1.1" 404 9580 "-" "Mozilla/5.0 (Windows NT 10.0; Win64; x64) AppleWebKit/537.36 (KHTML, like Gecko) Chrome/141.0.0.0 Safari/537.36"
27.29.183.21 - - [06/May/2026:18:17:27 +0800] "POST /kindeditor-4.1.10/asp.net/upload_json.ashx?dir=file HTTP/1.1" 404 9580 "-" "Mozilla/5.0 (Windows NT 10.0; Win64; x64) Edg/141.0.0.0"
27.29.178.10 - - [06/May/2026:18:17:28 +0800] "POST /kindeditor-4.1.7/asp.net/upload_json.asp?dir=file HTTP/1.1" 404 9580 "-" "Mozilla/5.0 (Windows NT 10.0; Win64; x64; Trident/7.0; rv:11.0) like Gecko"
27.29.178.10 - - [06/May/2026:18:17:28 +0800] "POST /kindeditor/asp.net/upload_json.asp?dir=file HTTP/1.1" 404 9580 "-" "Mozilla/5.0 (Windows NT 10.0; Win64; x64) Edg/141.0.0.0"
27.29.178.10 - - [06/May/2026:18:17:28 +0800] "POST /libs/kindeditor/php/upload_json.php?dir=file HTTP/1.1" 404 47 "-" "Mozilla/5.0 (Windows NT 10.0; Win64; x64) Edg/141.0.0.0"
27.29.183.21 - - [06/May/2026:18:17:29 +0800] "POST /m/admin/kindeditor/asp/upload_json.asp?dir=file HTTP/1.1" 404 9580 "-" "Mozilla/5.0 (Windows NT 10.0; Win64; x64; Trident/7.0; rv:11.0) like Gecko"
27.29.178.10 - - [06/May/2026:18:17:33 +0800] "POST /m/kindeditor/asp/upload_json.asp?dir=file HTTP/1.1" 404 9580 "-" "Mozilla/5.0 (Windows NT 10.0; Win64; x64; Trident/7.0; rv:11.0) like Gecko"
27.29.178.10 - - [06/May/2026:18:17:34 +0800] "POST /manage/kindeditor/asp.net/upload_json.ashx?dir=file HTTP/1.1" 404 9581 "-" "Mozilla/5.0 (Windows NT 10.0; Win64; x64; rv:141.0) Gecko/20100101 Firefox/141.0"
27.29.178.10 - - [06/May/2026:18:17:35 +0800] "POST /manage/kindeditor/asp/upload_json.asp?dir=file HTTP/1.1" 404 9580 "-" "Mozilla/5.0 (Windows NT 10.0; Win64; x64) Edg/141.0.0.0"
27.29.183.21 - - [06/May/2026:18:17:35 +0800] "POST /manage/kindeditor/php/upload_json.php?dir=file HTTP/1.1" 404 47 "-" "Mozilla/5.0 (Windows NT 10.0; Win64; x64; Trident/7.0; rv:11.0) like Gecko"
27.29.183.21 - - [06/May/2026:18:17:35 +0800] "POST /public/extend/kindeditor/php/upload_json.php?dir=file HTTP/1.1" 404 47 "-" "Mozilla/5.0 (Windows NT 10.0; Win64; x64; Trident/7.0; rv:11.0) like Gecko"
27.29.183.21 - - [06/May/2026:18:17:36 +0800] "POST /recreation/themes/kindeditor/asp.net/upload_json.asp?dir=file HTTP/1.1" 404 9580 "-" "Mozilla/5.0 (Windows NT 10.0; Win64; x64) Edg/141.0.0.0"
27.29.183.21 - - [06/May/2026:18:17:36 +0800] "POST /resources/kindeditor/php/upload_json.php?dir=file HTTP/1.1" 404 47 "-" "Mozilla/5.0 (Windows NT 10.0; Win64; x64; Trident/7.0; rv:11.0) like Gecko"
27.29.178.10 - - [06/May/2026:18:17:36 +0800] "POST /scripts/kindeditor-4.1.7/asp.net/upload_json.asp?dir=file HTTP/1.1" 404 9580 "-" "Mozilla/5.0 (Windows NT 10.0; Win64; x64) AppleWebKit/537.36 (KHTML, like Gecko) Chrome/141.0.0.0 Safari/537.36"
27.29.183.21 - - [06/May/2026:18:17:36 +0800] "POST /shidu/public/js/kindeditor/php/upload_json.php?dir=file HTTP/1.1" 404 47 "-" "Mozilla/5.0 (Windows NT 10.0; Win64; x64) Edg/141.0.0.0"
27.29.183.21 - - [06/May/2026:18:17:36 +0800] "POST /static/admin/kindeditor/php/upload_json.php?dir=file HTTP/1.1" 404 47 "-" "Mozilla/5.0 (Windows NT 10.0; Win64; x64; rv:141.0) Gecko/20100101 Firefox/141.0"
27.29.178.10 - - [06/May/2026:18:17:37 +0800] "POST /static/assets/js/kindeditor/jsp/upload_json.jsp?dir=file HTTP/1.1" 404 9580 "-" "Mozilla/5.0 (Windows NT 10.0; Win64; x64; Trident/7.0; rv:11.0) like Gecko"
27.29.183.21 - - [06/May/2026:18:17:37 +0800] "POST /static/js/kindeditor/php/upload_json.php?dir=file HTTP/1.1" 404 47 "-" "Mozilla/5.0 (Windows NT 10.0; Win64; x64) Edg/141.0.0.0"
27.29.178.10 - - [06/May/2026:18:17:38 +0800] "POST /tempc/admin/kindeditor-3.5.5-zh_cn/asp/upload_json.asp?dir=file HTTP/1.1" 404 9580 "-" "Mozilla/5.0 (Windows NT 10.0; Win64; x64; Trident/7.0; rv:11.0) like Gecko"
27.29.183.21 - - [06/May/2026:18:17:38 +0800] "POST /tempc/admin/kindeditor-3.5.5-zh_cn/php/upload_json.php?dir=file HTTP/1.1" 404 47 "-" "Mozilla/5.0 (Windows NT 10.0; Win64; x64) Edg/141.0.0.0"
27.29.183.21 - - [06/May/2026:18:17:38 +0800] "POST /ui/kindeditor/php/upload_json.php?dir=file HTTP/1.1" 404 47 "-" "Mozilla/5.0 (Windows NT 10.0; Win64; x64) AppleWebKit/537.36 (KHTML, like Gecko) Chrome/141.0.0.0 Safari/537.36"
27.29.178.10 - - [06/May/2026:18:17:38 +0800] "POST /vendor/plugins/kindeditor/php/upload_json.php?dir=file HTTP/1.1" 404 47 "-" "Mozilla/5.0 (Windows NT 10.0; Win64; x64; rv:141.0) Gecko/20100101 Firefox/141.0"
27.29.183.21 - - [06/May/2026:18:17:38 +0800] "POST /view/admin/kindeditor/php/upload_json.php?dir=file HTTP/1.1" 404 47 "-" "Mozilla/5.0 (Windows NT 10.0; Win64; x64; rv:141.0) Gecko/20100101 Firefox/141.0"
27.29.178.10 - - [06/May/2026:18:17:38 +0800] "POST /kindeditor-4.1/php/upload_json.php?dir=file HTTP/1.1" 404 47 "-" "Mozilla/5.0 (Windows NT 10.0; Win64; x64; Trident/7.0; rv:11.0) like Gecko"
27.29.178.10 - - [06/May/2026:18:17:38 +0800] "POST /kindeditor-4.1.1/php/upload_json.php?dir=file HTTP/1.1" 404 47 "-" "Mozilla/5.0 (Windows NT 10.0; Win64; x64; Trident/7.0; rv:11.0) like Gecko"
27.29.178.10 - - [06/May/2026:18:17:39 +0800] "POST /kindeditor-4.1.10/php/upload_json.php?dir=file HTTP/1.1" 404 47 "-" "Mozilla/5.0 (Windows NT 10.0; Win64; x64; rv:141.0) Gecko/20100101 Firefox/141.0"
27.29.183.21 - - [06/May/2026:18:17:39 +0800] "POST /kindeditor-4.1.11/php/upload_json.php?dir=file HTTP/1.1" 404 47 "-" "Mozilla/5.0 (Windows NT 10.0; Win64; x64) AppleWebKit/537.36 (KHTML, like Gecko) Chrome/141.0.0.0 Safari/537.36"
27.29.178.10 - - [06/May/2026:18:17:39 +0800] "POST /kindeditor-4.1.12/php/upload_json.php?dir=file HTTP/1.1" 404 47 "-" "Mozilla/5.0 (Windows NT 10.0; Win64; x64) AppleWebKit/537.36 (KHTML, like Gecko) Chrome/141.0.0.0 Safari/537.36"
27.29.183.21 - - [06/May/2026:18:17:39 +0800] "POST /kindeditor-4.1.2/php/upload_json.php?dir=file HTTP/1.1" 404 47 "-" "Mozilla/5.0 (Windows NT 10.0; Win64; x64) AppleWebKit/537.36 (KHTML, like Gecko) Chrome/141.0.0.0 Safari/537.36"
27.29.178.10 - - [06/May/2026:18:17:39 +0800] "POST /kindeditor-4.1.3/php/upload_json.php?dir=file HTTP/1.1" 404 47 "-" "Mozilla/5.0 (Windows NT 10.0; Win64; x64) AppleWebKit/537.36 (KHTML, like Gecko) Chrome/141.0.0.0 Safari/537.36"
27.29.178.10 - - [06/May/2026:18:17:39 +0800] "POST /kindeditor-4.1.4/php/upload_json.php?dir=file HTTP/1.1" 404 47 "-" "Mozilla/5.0 (Windows NT 10.0; Win64; x64) Edg/141.0.0.0"
27.29.178.10 - - [06/May/2026:18:17:39 +0800] "POST /kindeditor-4.1.5/php/upload_json.php?dir=file HTTP/1.1" 404 47 "-" "Mozilla/5.0 (Windows NT 10.0; Win64; x64; Trident/7.0; rv:11.0) like Gecko"
27.29.183.21 - - [06/May/2026:18:17:39 +0800] "POST /kindeditor-4.1.6/php/upload_json.php?dir=file HTTP/1.1" 404 47 "-" "Mozilla/5.0 (Windows NT 10.0; Win64; x64) AppleWebKit/537.36 (KHTML, like Gecko) Chrome/141.0.0.0 Safari/537.36"
27.29.183.21 - - [06/May/2026:18:17:39 +0800] "POST /kindeditor-4.1.7/php/upload_json.php?dir=file HTTP/1.1" 404 47 "-" "Mozilla/5.0 (Windows NT 10.0; Win64; x64) AppleWebKit/537.36 (KHTML, like Gecko) Chrome/141.0.0.0 Safari/537.36"
27.29.178.10 - - [06/May/2026:18:17:39 +0800] "POST /kindeditor-4.1.8/php/upload_json.php?dir=file HTTP/1.1" 404 47 "-" "Mozilla/5.0 (Windows NT 10.0; Win64; x64; rv:141.0) Gecko/20100101 Firefox/141.0"
27.29.178.10 - - [06/May/2026:18:17:39 +0800] "POST /kindeditor-4.1.9/php/upload_json.php?dir=file HTTP/1.1" 404 47 "-" "Mozilla/5.0 (Windows NT 10.0; Win64; x64; rv:141.0) Gecko/20100101 Firefox/141.0"
27.29.183.21 - - [06/May/2026:18:17:39 +0800] "POST /kindeditor-3.5/php/upload_json.php?dir=file HTTP/1.1" 404 47 "-" "Mozilla/5.0 (Windows NT 10.0; Win64; x64; Trident/7.0; rv:11.0) like Gecko"
27.29.183.21 - - [06/May/2026:18:17:39 +0800] "POST /kindeditor-3.5.1/php/upload_json.php?dir=file HTTP/1.1" 404 47 "-" "Mozilla/5.0 (Windows NT 10.0; Win64; x64) AppleWebKit/537.36 (KHTML, like Gecko) Chrome/141.0.0.0 Safari/537.36"
27.29.178.10 - - [06/May/2026:18:17:40 +0800] "POST /kindeditor-3.5.2/php/upload_json.php?dir=file HTTP/1.1" 404 47 "-" "Mozilla/5.0 (Windows NT 10.0; Win64; x64; rv:141.0) Gecko/20100101 Firefox/141.0"
27.29.178.10 - - [06/May/2026:18:17:40 +0800] "POST /kindeditor-3.5.3/php/upload_json.php?dir=file HTTP/1.1" 404 47 "-" "Mozilla/5.0 (Windows NT 10.0; Win64; x64) AppleWebKit/537.36 (KHTML, like Gecko) Chrome/141.0.0.0 Safari/537.36"
27.29.183.21 - - [06/May/2026:18:17:40 +0800] "POST /kindeditor-3.5.4/php/upload_json.php?dir=file HTTP/1.1" 404 47 "-" "Mozilla/5.0 (Windows NT 10.0; Win64; x64) AppleWebKit/537.36 (KHTML, like Gecko) Chrome/141.0.0.0 Safari/537.36"
27.29.178.10 - - [06/May/2026:18:17:40 +0800] "POST /kindeditor-3.5.5/php/upload_json.php?dir=file HTTP/1.1" 404 47 "-" "Mozilla/5.0 (Windows NT 10.0; Win64; x64) Edg/141.0.0.0"
27.29.178.10 - - [06/May/2026:18:17:40 +0800] "POST /kindeditor-3.5.6/php/upload_json.php?dir=file HTTP/1.1" 404 47 "-" "Mozilla/5.0 (Windows NT 10.0; Win64; x64; Trident/7.0; rv:11.0) like Gecko"
27.29.178.10 - - [06/May/2026:18:17:40 +0800] "POST /kindeditor-3.5.7/php/upload_json.php?dir=file HTTP/1.1" 404 47 "-" "Mozilla/5.0 (Windows NT 10.0; Win64; x64; rv:141.0) Gecko/20100101 Firefox/141.0"
27.29.178.10 - - [06/May/2026:18:17:40 +0800] "POST /kindeditor-3.5.8/php/upload_json.php?dir=file HTTP/1.1" 404 47 "-" "Mozilla/5.0 (Windows NT 10.0; Win64; x64; Trident/7.0; rv:11.0) like Gecko"
27.29.178.10 - - [06/May/2026:18:17:40 +0800] "POST /kindeditor-3.5.9/php/upload_json.php?dir=file HTTP/1.1" 404 47 "-" "Mozilla/5.0 (Windows NT 10.0; Win64; x64; rv:141.0) Gecko/20100101 Firefox/141.0"
27.29.183.21 - - [06/May/2026:18:17:40 +0800] "POST /kindeditor-v4/php/upload_json.php?dir=file HTTP/1.1" 404 47 "-" "Mozilla/5.0 (Windows NT 10.0; Win64; x64; Trident/7.0; rv:11.0) like Gecko"
27.29.183.21 - - [06/May/2026:18:17:40 +0800] "POST /kindeditor-v3/php/upload_json.php?dir=file HTTP/1.1" 404 47 "-" "Mozilla/5.0 (Windows NT 10.0; Win64; x64; Trident/7.0; rv:11.0) like Gecko"
27.29.178.10 - - [06/May/2026:18:17:40 +0800] "POST /kindeditor-v2/php/upload_json.php?dir=file HTTP/1.1" 404 47 "-" "Mozilla/5.0 (Windows NT 10.0; Win64; x64; rv:141.0) Gecko/20100101 Firefox/141.0"
27.29.178.10 - - [06/May/2026:18:17:40 +0800] "POST /dede/kindeditor/php/upload_json.php?dir=file HTTP/1.1" 404 47 "-" "Mozilla/5.0 (Windows NT 10.0; Win64; x64; Trident/7.0; rv:11.0) like Gecko"
27.29.183.21 - - [06/May/2026:18:17:40 +0800] "POST /dede/plus/kindeditor/php/upload_json.php?dir=file HTTP/1.1" 404 47 "-" "Mozilla/5.0 (Windows NT 10.0; Win64; x64) AppleWebKit/537.36 (KHTML, like Gecko) Chrome/141.0.0.0 Safari/537.36"
27.29.183.21 - - [06/May/2026:18:17:40 +0800] "POST /dede/include/kindeditor/php/upload_json.php?dir=file HTTP/1.1" 404 47 "-" "Mozilla/5.0 (Windows NT 10.0; Win64; x64; Trident/7.0; rv:11.0) like Gecko"
27.29.178.10 - - [06/May/2026:18:17:40 +0800] "POST /dede/inc/kindeditor/php/upload_json.php?dir=file HTTP/1.1" 404 47 "-" "Mozilla/5.0 (Windows NT 10.0; Win64; x64) Edg/141.0.0.0"
27.29.183.21 - - [06/May/2026:18:17:40 +0800] "POST /dede/editor/kindeditor/php/upload_json.php?dir=file HTTP/1.1" 404 47 "-" "Mozilla/5.0 (Windows NT 10.0; Win64; x64; rv:141.0) Gecko/20100101 Firefox/141.0"
27.29.183.21 - - [06/May/2026:18:17:41 +0800] "POST /dede/kindeditor/asp/upload_json.asp?dir=file HTTP/1.1" 404 9580 "-" "Mozilla/5.0 (Windows NT 10.0; Win64; x64) AppleWebKit/537.36 (KHTML, like Gecko) Chrome/141.0.0.0 Safari/537.36"
27.29.178.10 - - [06/May/2026:18:17:41 +0800] "POST /dede/a/kindeditor/php/upload_json.php?dir=file HTTP/1.1" 404 47 "-" "Mozilla/5.0 (Windows NT 10.0; Win64; x64; rv:141.0) Gecko/20100101 Firefox/141.0"
27.29.178.10 - - [06/May/2026:18:17:41 +0800] "POST /dede/kindeditor4.1/php/upload_json.php?dir=file HTTP/1.1" 404 47 "-" "Mozilla/5.0 (Windows NT 10.0; Win64; x64; rv:141.0) Gecko/20100101 Firefox/141.0"
27.29.183.21 - - [06/May/2026:18:17:41 +0800] "POST /dedecms/kindeditor/php/upload_json.php?dir=file HTTP/1.1" 404 47 "-" "Mozilla/5.0 (Windows NT 10.0; Win64; x64) Edg/141.0.0.0"
27.29.178.10 - - [06/May/2026:18:17:41 +0800] "POST /dedecms53/kindeditor/php/upload_json.php?dir=file HTTP/1.1" 404 47 "-" "Mozilla/5.0 (Windows NT 10.0; Win64; x64) AppleWebKit/537.36 (KHTML, like Gecko) Chrome/141.0.0.0 Safari/537.36"
27.29.178.10 - - [06/May/2026:18:17:42 +0800] "POST /dedecms55/kindeditor/php/upload_json.php?dir=file HTTP/1.1" 404 47 "-" "Mozilla/5.0 (Windows NT 10.0; Win64; x64; rv:141.0) Gecko/20100101 Firefox/141.0"
27.29.183.21 - - [06/May/2026:18:17:42 +0800] "POST /dedecms56/kindeditor/php/upload_json.php?dir=file HTTP/1.1" 404 47 "-" "Mozilla/5.0 (Windows NT 10.0; Win64; x64; rv:141.0) Gecko/20100101 Firefox/141.0"
27.29.178.10 - - [06/May/2026:18:17:42 +0800] "POST /dedecms57/kindeditor/php/upload_json.php?dir=file HTTP/1.1" 404 47 "-" "Mozilla/5.0 (Windows NT 10.0; Win64; x64; rv:141.0) Gecko/20100101 Firefox/141.0"
27.29.178.10 - - [06/May/2026:18:17:42 +0800] "POST /dedecms58/kindeditor/php/upload_json.php?dir=file HTTP/1.1" 404 47 "-" "Mozilla/5.0 (Windows NT 10.0; Win64; x64; Trident/7.0; rv:11.0) like Gecko"
27.29.178.10 - - [06/May/2026:18:17:42 +0800] "POST /e/data/kindeditor/php/upload_json.php?dir=file HTTP/1.1" 404 47 "-" "Mozilla/5.0 (Windows NT 10.0; Win64; x64; rv:141.0) Gecko/20100101 Firefox/141.0"
27.29.183.21 - - [06/May/2026:18:17:42 +0800] "POST /e/inc/kindeditor/php/upload_json.php?dir=file HTTP/1.1" 404 47 "-" "Mozilla/5.0 (Windows NT 10.0; Win64; x64) AppleWebKit/537.36 (KHTML, like Gecko) Chrome/141.0.0.0 Safari/537.36"
27.29.183.21 - - [06/May/2026:18:17:42 +0800] "POST /e/editor/kindeditor/php/upload_json.php?dir=file HTTP/1.1" 404 47 "-" "Mozilla/5.0 (Windows NT 10.0; Win64; x64) Edg/141.0.0.0"
27.29.183.21 - - [06/May/2026:18:17:42 +0800] "POST /e/empirecms/kindeditor/php/upload_json.php?dir=file HTTP/1.1" 404 47 "-" "Mozilla/5.0 (Windows NT 10.0; Win64; x64) Edg/141.0.0.0"
27.29.178.10 - - [06/May/2026:18:17:42 +0800] "POST /empirecms/kindeditor/php/upload_json.php?dir=file HTTP/1.1" 404 47 "-" "Mozilla/5.0 (Windows NT 10.0; Win64; x64; Trident/7.0; rv:11.0) like Gecko"
27.29.178.10 - - [06/May/2026:18:17:42 +0800] "POST /empire/kindeditor/php/upload_json.php?dir=file HTTP/1.1" 404 47 "-" "Mozilla/5.0 (Windows NT 10.0; Win64; x64; Trident/7.0; rv:11.0) like Gecko"
27.29.178.10 - - [06/May/2026:18:17:42 +0800] "POST /ecms/kindeditor/php/upload_json.php?dir=file HTTP/1.1" 404 47 "-" "Mozilla/5.0 (Windows NT 10.0; Win64; x64) Edg/141.0.0.0"
27.29.183.21 - - [06/May/2026:18:17:42 +0800] "POST /phpcms/kindeditor/php/upload_json.php?dir=file HTTP/1.1" 404 47 "-" "Mozilla/5.0 (Windows NT 10.0; Win64; x64; rv:141.0) Gecko/20100101 Firefox/141.0"
27.29.178.10 - - [06/May/2026:18:17:42 +0800] "POST /phpcms/editor/kindeditor/php/upload_json.php?dir=file HTTP/1.1" 404 47 "-" "Mozilla/5.0 (Windows NT 10.0; Win64; x64) AppleWebKit/537.36 (KHTML, like Gecko) Chrome/141.0.0.0 Safari/537.36"
27.29.183.21 - - [06/May/2026:18:17:42 +0800] "POST /phpcms/statics/kindeditor/php/upload_json.php?dir=file HTTP/1.1" 404 47 "-" "Mozilla/5.0 (Windows NT 10.0; Win64; x64; rv:141.0) Gecko/20100101 Firefox/141.0"
27.29.178.10 - - [06/May/2026:18:17:42 +0800] "POST /phpcms/plugins/kindeditor/php/upload_json.php?dir=file HTTP/1.1" 404 47 "-" "Mozilla/5.0 (Windows NT 10.0; Win64; x64; Trident/7.0; rv:11.0) like Gecko"
27.29.178.10 - - [06/May/2026:18:17:42 +0800] "POST /phpcms/libs/kindeditor/php/upload_json.php?dir=file HTTP/1.1" 404 47 "-" "Mozilla/5.0 (Windows NT 10.0; Win64; x64) AppleWebKit/537.36 (KHTML, like Gecko) Chrome/141.0.0.0 Safari/537.36"
27.29.183.21 - - [06/May/2026:18:17:42 +0800] "POST /phpcms2007/kindeditor/php/upload_json.php?dir=file HTTP/1.1" 404 47 "-" "Mozilla/5.0 (Windows NT 10.0; Win64; x64; Trident/7.0; rv:11.0) like Gecko"
27.29.183.21 - - [06/May/2026:18:17:43 +0800] "POST /phpcms2008/kindeditor/php/upload_json.php?dir=file HTTP/1.1" 404 47 "-" "Mozilla/5.0 (Windows NT 10.0; Win64; x64; rv:141.0) Gecko/20100101 Firefox/141.0"
27.29.178.10 - - [06/May/2026:18:17:43 +0800] "POST /phpcmsv9/kindeditor/php/upload_json.php?dir=file HTTP/1.1" 404 47 "-" "Mozilla/5.0 (Windows NT 10.0; Win64; x64; rv:141.0) Gecko/20100101 Firefox/141.0"
27.29.183.21 - - [06/May/2026:18:17:43 +0800] "POST /static/image/kindeditor/php/upload_json.php?dir=file HTTP/1.1" 404 47 "-" "Mozilla/5.0 (Windows NT 10.0; Win64; x64) Edg/141.0.0.0"
27.29.178.10 - - [06/May/2026:18:17:43 +0800] "POST /static/editor/kindeditor/php/upload_json.php?dir=file HTTP/1.1" 404 47 "-" "Mozilla/5.0 (Windows NT 10.0; Win64; x64) AppleWebKit/537.36 (KHTML, like Gecko) Chrome/141.0.0.0 Safari/537.36"
27.29.178.10 - - [06/May/2026:18:17:43 +0800] "POST /data/kindeditor/php/upload_json.php?dir=file HTTP/1.1" 404 47 "-" "Mozilla/5.0 (Windows NT 10.0; Win64; x64; Trident/7.0; rv:11.0) like Gecko"
27.29.178.10 - - [06/May/2026:18:17:43 +0800] "POST /data/attachment/kindeditor/php/upload_json.php?dir=file HTTP/1.1" 404 47 "-" "Mozilla/5.0 (Windows NT 10.0; Win64; x64; rv:141.0) Gecko/20100101 Firefox/141.0"
27.29.183.21 - - [06/May/2026:18:17:43 +0800] "POST /forum/kindeditor/php/upload_json.php?dir=file HTTP/1.1" 404 47 "-" "Mozilla/5.0 (Windows NT 10.0; Win64; x64) AppleWebKit/537.36 (KHTML, like Gecko) Chrome/141.0.0.0 Safari/537.36"
27.29.178.10 - - [06/May/2026:18:17:43 +0800] "POST /bbs/kindeditor/php/upload_json.php?dir=file HTTP/1.1" 404 47 "-" "Mozilla/5.0 (Windows NT 10.0; Win64; x64) AppleWebKit/537.36 (KHTML, like Gecko) Chrome/141.0.0.0 Safari/537.36"
27.29.183.21 - - [06/May/2026:18:17:43 +0800] "POST /discuz/kindeditor/php/upload_json.php?dir=file HTTP/1.1" 404 47 "-" "Mozilla/5.0 (Windows NT 10.0; Win64; x64; Trident/7.0; rv:11.0) like Gecko"
27.29.178.10 - - [06/May/2026:18:17:44 +0800] "POST /wp-content/plugins/kindeditor/asp/upload_json.asp?dir=file HTTP/1.1" 404 9581 "-" "Mozilla/5.0 (Windows NT 10.0; Win64; x64; Trident/7.0; rv:11.0) like Gecko"
27.29.178.10 - - [06/May/2026:18:17:45 +0800] "POST /wp-content/plugins/kindeditor/jsp/upload_json.jsp?dir=file HTTP/1.1" 404 9580 "-" "Mozilla/5.0 (Windows NT 10.0; Win64; x64; Trident/7.0; rv:11.0) like Gecko"
27.29.178.10 - - [06/May/2026:18:17:45 +0800] "POST /wp-content/themes/kindeditor/php/upload_json.php?dir=file HTTP/1.1" 404 47 "-" "Mozilla/5.0 (Windows NT 10.0; Win64; x64; Trident/7.0; rv:11.0) like Gecko"
27.29.178.10 - - [06/May/2026:18:17:45 +0800] "POST /wp-content/uploads/kindeditor/php/upload_json.php?dir=file HTTP/1.1" 404 47 "-" "Mozilla/5.0 (Windows NT 10.0; Win64; x64; rv:141.0) Gecko/20100101 Firefox/141.0"
27.29.183.21 - - [06/May/2026:18:17:45 +0800] "POST /wp-content/editor/kindeditor/php/upload_json.php?dir=file HTTP/1.1" 404 47 "-" "Mozilla/5.0 (Windows NT 10.0; Win64; x64) Edg/141.0.0.0"
27.29.178.10 - - [06/May/2026:18:17:45 +0800] "POST /wp-admin/kindeditor/php/upload_json.php?dir=file HTTP/1.1" 404 47 "-" "Mozilla/5.0 (Windows NT 10.0; Win64; x64; Trident/7.0; rv:11.0) like Gecko"
27.29.178.10 - - [06/May/2026:18:17:45 +0800] "POST /wp-includes/kindeditor/php/upload_json.php?dir=file HTTP/1.1" 404 47 "-" "Mozilla/5.0 (Windows NT 10.0; Win64; x64) AppleWebKit/537.36 (KHTML, like Gecko) Chrome/141.0.0.0 Safari/537.36"
27.29.178.10 - - [06/May/2026:18:17:45 +0800] "POST /plugins/editors/kindeditor/upload_json.php?dir=file HTTP/1.1" 404 47 "-" "Mozilla/5.0 (Windows NT 10.0; Win64; x64) Edg/141.0.0.0"
27.29.183.21 - - [06/May/2026:18:17:45 +0800] "POST /plugins/content/kindeditor/upload_json.php?dir=file HTTP/1.1" 404 47 "-" "Mozilla/5.0 (Windows NT 10.0; Win64; x64) Edg/141.0.0.0"
27.29.183.21 - - [06/May/2026:18:17:45 +0800] "POST /media/kindeditor/upload_json.php?dir=file HTTP/1.1" 404 47 "-" "Mozilla/5.0 (Windows NT 10.0; Win64; x64) AppleWebKit/537.36 (KHTML, like Gecko) Chrome/141.0.0.0 Safari/537.36"
27.29.183.21 - - [06/May/2026:18:17:45 +0800] "POST /images/kindeditor/upload_json.php?dir=file HTTP/1.1" 404 47 "-" "Mozilla/5.0 (Windows NT 10.0; Win64; x64) Edg/141.0.0.0"
27.29.178.10 - - [06/May/2026:18:17:45 +0800] "POST /templates/kindeditor/upload_json.php?dir=file HTTP/1.1" 404 47 "-" "Mozilla/5.0 (Windows NT 10.0; Win64; x64) AppleWebKit/537.36 (KHTML, like Gecko) Chrome/141.0.0.0 Safari/537.36"
27.29.178.10 - - [06/May/2026:18:17:45 +0800] "POST /thinkphp/kindeditor/php/upload_json.php?dir=file HTTP/1.1" 404 47 "-" "Mozilla/5.0 (Windows NT 10.0; Win64; x64; Trident/7.0; rv:11.0) like Gecko"
27.29.183.21 - - [06/May/2026:18:17:46 +0800] "POST /application/kindeditor/php/upload_json.php?dir=file HTTP/1.1" 404 47 "-" "Mozilla/5.0 (Windows NT 10.0; Win64; x64) Edg/141.0.0.0"
27.29.183.21 - - [06/May/2026:18:17:46 +0800] "POST /app/kindeditor/php/upload_json.php?dir=file HTTP/1.1" 404 47 "-" "Mozilla/5.0 (Windows NT 10.0; Win64; x64; rv:141.0) Gecko/20100101 Firefox/141.0"
27.29.178.10 - - [06/May/2026:18:17:46 +0800] "POST /module/kindeditor/php/upload_json.php?dir=file HTTP/1.1" 404 47 "-" "Mozilla/5.0 (Windows NT 10.0; Win64; x64) AppleWebKit/537.36 (KHTML, like Gecko) Chrome/141.0.0.0 Safari/537.36"
27.29.183.21 - - [06/May/2026:18:17:46 +0800] "POST /controller/kindeditor/php/upload_json.php?dir=file HTTP/1.1" 404 47 "-" "Mozilla/5.0 (Windows NT 10.0; Win64; x64) Edg/141.0.0.0"
27.29.183.21 - - [06/May/2026:18:17:46 +0800] "POST /model/kindeditor/php/upload_json.php?dir=file HTTP/1.1" 404 47 "-" "Mozilla/5.0 (Windows NT 10.0; Win64; x64; Trident/7.0; rv:11.0) like Gecko"
27.29.178.10 - - [06/May/2026:18:17:46 +0800] "POST /view/kindeditor/php/upload_json.php?dir=file HTTP/1.1" 404 47 "-" "Mozilla/5.0 (Windows NT 10.0; Win64; x64; rv:141.0) Gecko/20100101 Firefox/141.0"
27.29.183.21 - - [06/May/2026:18:17:46 +0800] "POST /vendor/kindeditor/php/upload_json.php?dir=file HTTP/1.1" 404 47 "-" "Mozilla/5.0 (Windows NT 10.0; Win64; x64; rv:141.0) Gecko/20100101 Firefox/141.0"
27.29.178.10 - - [06/May/2026:18:17:46 +0800] "POST /laravel/kindeditor/php/upload_json.php?dir=file HTTP/1.1" 404 47 "-" "Mozilla/5.0 (Windows NT 10.0; Win64; x64; rv:141.0) Gecko/20100101 Firefox/141.0"
27.29.178.10 - - [06/May/2026:18:17:46 +0800] "POST /storage/kindeditor/php/upload_json.php?dir=file HTTP/1.1" 404 47 "-" "Mozilla/5.0 (Windows NT 10.0; Win64; x64) AppleWebKit/537.36 (KHTML, like Gecko) Chrome/141.0.0.0 Safari/537.36"
27.29.178.10 - - [06/May/2026:18:17:46 +0800] "POST /phpwind/kindeditor/php/upload_json.php?dir=file HTTP/1.1" 404 47 "-" "Mozilla/5.0 (Windows NT 10.0; Win64; x64; rv:141.0) Gecko/20100101 Firefox/141.0"
27.29.178.10 - - [06/May/2026:18:17:46 +0800] "POST /phpwind8/kindeditor/php/upload_json.php?dir=file HTTP/1.1" 404 47 "-" "Mozilla/5.0 (Windows NT 10.0; Win64; x64) Edg/141.0.0.0"
27.29.178.10 - - [06/May/2026:18:17:46 +0800] "POST /phpwind9/kindeditor/php/upload_json.php?dir=file HTTP/1.1" 404 47 "-" "Mozilla/5.0 (Windows NT 10.0; Win64; x64; Trident/7.0; rv:11.0) like Gecko"
27.29.178.10 - - [06/May/2026:18:17:46 +0800] "POST /pw/kindeditor/php/upload_json.php?dir=file HTTP/1.1" 404 47 "-" "Mozilla/5.0 (Windows NT 10.0; Win64; x64; Trident/7.0; rv:11.0) like Gecko"
27.29.178.10 - - [06/May/2026:18:17:46 +0800] "POST /modules/kindeditor/upload_json.php?dir=file HTTP/1.1" 404 47 "-" "Mozilla/5.0 (Windows NT 10.0; Win64; x64) Edg/141.0.0.0"
27.29.183.21 - - [06/May/2026:18:17:46 +0800] "POST /themes/kindeditor/upload_json.php?dir=file HTTP/1.1" 404 47 "-" "Mozilla/5.0 (Windows NT 10.0; Win64; x64; rv:141.0) Gecko/20100101 Firefox/141.0"
27.29.178.10 - - [06/May/2026:18:17:46 +0800] "POST /profiles/kindeditor/upload_json.php?dir=file HTTP/1.1" 404 47 "-" "Mozilla/5.0 (Windows NT 10.0; Win64; x64; rv:141.0) Gecko/20100101 Firefox/141.0"
27.29.178.10 - - [06/May/2026:18:17:46 +0800] "POST /ecshop/kindeditor/php/upload_json.php?dir=file HTTP/1.1" 404 47 "-" "Mozilla/5.0 (Windows NT 10.0; Win64; x64; Trident/7.0; rv:11.0) like Gecko"
27.29.178.10 - - [06/May/2026:18:17:47 +0800] "POST /ecshop/editor/kindeditor/php/upload_json.php?dir=file HTTP/1.1" 404 47 "-" "Mozilla/5.0 (Windows NT 10.0; Win64; x64; Trident/7.0; rv:11.0) like Gecko"
27.29.183.21 - - [06/May/2026:18:17:47 +0800] "POST /ecshop/js/kindeditor/php/upload_json.php?dir=file HTTP/1.1" 404 47 "-" "Mozilla/5.0 (Windows NT 10.0; Win64; x64; rv:141.0) Gecko/20100101 Firefox/141.0"
27.29.178.10 - - [06/May/2026:18:17:47 +0800] "POST /ecshop/admin/kindeditor/php/upload_json.php?dir=file HTTP/1.1" 404 47 "-" "Mozilla/5.0 (Windows NT 10.0; Win64; x64; Trident/7.0; rv:11.0) like Gecko"
27.29.183.21 - - [06/May/2026:18:17:47 +0800] "POST /shopex/kindeditor/php/upload_json.php?dir=file HTTP/1.1" 404 47 "-" "Mozilla/5.0 (Windows NT 10.0; Win64; x64; Trident/7.0; rv:11.0) like Gecko"
27.29.178.10 - - [06/May/2026:18:17:47 +0800] "POST /shopex/editor/kindeditor/php/upload_json.php?dir=file HTTP/1.1" 404 47 "-" "Mozilla/5.0 (Windows NT 10.0; Win64; x64) Edg/141.0.0.0"
27.29.183.21 - - [06/May/2026:18:17:47 +0800] "POST /shopex/core/kindeditor/php/upload_json.php?dir=file HTTP/1.1" 404 47 "-" "Mozilla/5.0 (Windows NT 10.0; Win64; x64; rv:141.0) Gecko/20100101 Firefox/141.0"
27.29.178.10 - - [06/May/2026:18:17:47 +0800] "POST /hdwiki/kindeditor/php/upload_json.php?dir=file HTTP/1.1" 404 47 "-" "Mozilla/5.0 (Windows NT 10.0; Win64; x64) Edg/141.0.0.0"
27.29.183.21 - - [06/May/2026:18:17:47 +0800] "POST /php168/kindeditor/php/upload_json.php?dir=file HTTP/1.1" 404 47 "-" "Mozilla/5.0 (Windows NT 10.0; Win64; x64; Trident/7.0; rv:11.0) like Gecko"
27.29.183.21 - - [06/May/2026:18:17:47 +0800] "POST /kesion/kindeditor/php/upload_json.php?dir=file HTTP/1.1" 404 47 "-" "Mozilla/5.0 (Windows NT 10.0; Win64; x64) AppleWebKit/537.36 (KHTML, like Gecko) Chrome/141.0.0.0 Safari/537.36"
27.29.178.10 - - [06/May/2026:18:17:47 +0800] "POST /cmseasy/kindeditor/php/upload_json.php?dir=file HTTP/1.1" 404 47 "-" "Mozilla/5.0 (Windows NT 10.0; Win64; x64) Edg/141.0.0.0"
27.29.183.21 - - [06/May/2026:18:17:47 +0800] "POST /wordpress/kindeditor/php/upload_json.php?dir=file HTTP/1.1" 404 47 "-" "Mozilla/5.0 (Windows NT 10.0; Win64; x64) AppleWebKit/537.36 (KHTML, like Gecko) Chrome/141.0.0.0 Safari/537.36"
27.29.178.10 - - [06/May/2026:18:17:47 +0800] "POST /typecho/kindeditor/php/upload_json.php?dir=file HTTP/1.1" 404 47 "-" "Mozilla/5.0 (Windows NT 10.0; Win64; x64; rv:141.0) Gecko/20100101 Firefox/141.0"
27.29.178.10 - - [06/May/2026:18:17:47 +0800] "POST /manager/kindeditor/php/upload_json.php?dir=file HTTP/1.1" 404 47 "-" "Mozilla/5.0 (Windows NT 10.0; Win64; x64; Trident/7.0; rv:11.0) like Gecko"
27.29.178.10 - - [06/May/2026:18:17:47 +0800] "POST /console/kindeditor/php/upload_json.php?dir=file HTTP/1.1" 404 47 "-" "Mozilla/5.0 (Windows NT 10.0; Win64; x64) AppleWebKit/537.36 (KHTML, like Gecko) Chrome/141.0.0.0 Safari/537.36"
27.29.183.21 - - [06/May/2026:18:17:47 +0800] "POST /backend/kindeditor/php/upload_json.php?dir=file HTTP/1.1" 404 47 "-" "Mozilla/5.0 (Windows NT 10.0; Win64; x64; Trident/7.0; rv:11.0) like Gecko"
27.29.183.21 - - [06/May/2026:18:17:47 +0800] "POST /system/kindeditor/php/upload_json.php?dir=file HTTP/1.1" 404 47 "-" "Mozilla/5.0 (Windows NT 10.0; Win64; x64; Trident/7.0; rv:11.0) like Gecko"
27.29.183.21 - - [06/May/2026:18:17:48 +0800] "POST /control/kindeditor/php/upload_json.php?dir=file HTTP/1.1" 404 47 "-" "Mozilla/5.0 (Windows NT 10.0; Win64; x64) AppleWebKit/537.36 (KHTML, like Gecko) Chrome/141.0.0.0 Safari/537.36"
27.29.178.10 - - [06/May/2026:18:17:48 +0800] "POST /css/kindeditor/php/upload_json.php?dir=file HTTP/1.1" 404 47 "-" "Mozilla/5.0 (Windows NT 10.0; Win64; x64; Trident/7.0; rv:11.0) like Gecko"
27.29.183.21 - - [06/May/2026:18:17:48 +0800] "POST /images/kindeditor/php/upload_json.php?dir=file HTTP/1.1" 404 47 "-" "Mozilla/5.0 (Windows NT 10.0; Win64; x64; rv:141.0) Gecko/20100101 Firefox/141.0"
27.29.178.10 - - [06/May/2026:18:17:48 +0800] "POST /upload/kindeditor/php/upload_json.php?dir=file HTTP/1.1" 404 47 "-" "Mozilla/5.0 (Windows NT 10.0; Win64; x64; Trident/7.0; rv:11.0) like Gecko"
27.29.178.10 - - [06/May/2026:18:17:48 +0800] "POST /uploads/kindeditor/php/upload_json.php?dir=file HTTP/1.1" 404 47 "-" "Mozilla/5.0 (Windows NT 10.0; Win64; x64; rv:141.0) Gecko/20100101 Firefox/141.0"
27.29.178.10 - - [06/May/2026:18:17:49 +0800] "POST /static/kindeditor/asp/upload_json.asp?dir=file HTTP/1.1" 404 9580 "-" "Mozilla/5.0 (Windows NT 10.0; Win64; x64; rv:141.0) Gecko/20100101 Firefox/141.0"
27.29.178.10 - - [06/May/2026:18:17:49 +0800] "POST /static/kindeditor/asp.net/upload_json.ashx?dir=file HTTP/1.1" 404 9580 "-" "Mozilla/5.0 (Windows NT 10.0; Win64; x64) Edg/141.0.0.0"
27.29.183.21 - - [06/May/2026:18:17:50 +0800] "POST /static/kindeditor/jsp/upload_json.jsp?dir=file HTTP/1.1" 404 9579 "-" "Mozilla/5.0 (Windows NT 10.0; Win64; x64; Trident/7.0; rv:11.0) like Gecko"
27.29.183.21 - - [06/May/2026:18:17:51 +0800] "POST /kindeditor/upload_json?dir=file HTTP/1.1" 404 9580 "-" "Mozilla/5.0 (Windows NT 10.0; Win64; x64; Trident/7.0; rv:11.0) like Gecko"
27.29.183.21 - - [06/May/2026:18:17:51 +0800] "POST /keditor/upload_json.php?dir=file HTTP/1.1" 404 47 "-" "Mozilla/5.0 (Windows NT 10.0; Win64; x64) AppleWebKit/537.36 (KHTML, like Gecko) Chrome/141.0.0.0 Safari/537.36"
27.29.183.21 - - [06/May/2026:18:17:52 +0800] "POST /keditor/upload_json.asp?dir=file HTTP/1.1" 404 9580 "-" "Mozilla/5.0 (Windows NT 10.0; Win64; x64) AppleWebKit/537.36 (KHTML, like Gecko) Chrome/141.0.0.0 Safari/537.36"
27.29.178.10 - - [06/May/2026:18:17:53 +0800] "POST /keditor/upload_json.ashx?dir=file HTTP/1.1" 404 9580 "-" "Mozilla/5.0 (Windows NT 10.0; Win64; x64) Edg/141.0.0.0"
27.29.178.10 - - [06/May/2026:18:17:53 +0800] "POST /keditor/upload_json.jsp?dir=file HTTP/1.1" 404 9580 "-" "Mozilla/5.0 (Windows NT 10.0; Win64; x64) AppleWebKit/537.36 (KHTML, like Gecko) Chrome/141.0.0.0 Safari/537.36"
27.29.183.21 - - [06/May/2026:18:17:54 +0800] "POST /kindeditor-4.1/asp/upload_json.asp?dir=file HTTP/1.1" 404 9581 "-" "Mozilla/5.0 (Windows NT 10.0; Win64; x64; rv:141.0) Gecko/20100101 Firefox/141.0"
27.29.183.21 - - [06/May/2026:18:17:55 +0800] "POST /kindeditor-4.1/asp.net/upload_json.ashx?dir=file HTTP/1.1" 404 9581 "-" "Mozilla/5.0 (Windows NT 10.0; Win64; x64) Edg/141.0.0.0"
27.29.178.10 - - [06/May/2026:18:17:56 +0800] "POST /kindeditor-4.1/jsp/upload_json.jsp?dir=file HTTP/1.1" 404 9580 "-" "Mozilla/5.0 (Windows NT 10.0; Win64; x64) AppleWebKit/537.36 (KHTML, like Gecko) Chrome/141.0.0.0 Safari/537.36"
27.29.183.21 - - [06/May/2026:18:17:57 +0800] "POST /kindeditor-4.1.10/asp/upload_json.asp?dir=file HTTP/1.1" 404 9580 "-" "Mozilla/5.0 (Windows NT 10.0; Win64; x64; Trident/7.0; rv:11.0) like Gecko"
27.29.178.10 - - [06/May/2026:18:17:57 +0800] "POST /kindeditor-4.1.10/jsp/upload_json.jsp?dir=file HTTP/1.1" 404 9580 "-" "Mozilla/5.0 (Windows NT 10.0; Win64; x64) AppleWebKit/537.36 (KHTML, like Gecko) Chrome/141.0.0.0 Safari/537.36"
27.29.183.21 - - [06/May/2026:18:17:58 +0800] "POST /kindeditor-3.5/asp/upload_json.asp?dir=file HTTP/1.1" 404 9580 "-" "Mozilla/5.0 (Windows NT 10.0; Win64; x64) Edg/141.0.0.0"
27.29.178.10 - - [06/May/2026:18:17:59 +0800] "POST /kindeditor-3.5/asp.net/upload_json.ashx?dir=file HTTP/1.1" 404 9580 "-" "Mozilla/5.0 (Windows NT 10.0; Win64; x64; Trident/7.0; rv:11.0) like Gecko"
27.29.183.21 - - [06/May/2026:18:18:00 +0800] "POST /kindeditor-3.5/jsp/upload_json.jsp?dir=file HTTP/1.1" 404 9579 "-" "Mozilla/5.0 (Windows NT 10.0; Win64; x64; rv:141.0) Gecko/20100101 Firefox/141.0"
27.29.178.10 - - [06/May/2026:18:18:01 +0800] "POST /dede/kindeditor/asp.net/upload_json.ashx?dir=file HTTP/1.1" 404 9580 "-" "Mozilla/5.0 (Windows NT 10.0; Win64; x64; Trident/7.0; rv:11.0) like Gecko"
27.29.178.10 - - [06/May/2026:18:18:01 +0800] "POST /dede/kindeditor/jsp/upload_json.jsp?dir=file HTTP/1.1" 404 9580 "-" "Mozilla/5.0 (Windows NT 10.0; Win64; x64) AppleWebKit/537.36 (KHTML, like Gecko) Chrome/141.0.0.0 Safari/537.36"
27.29.183.21 - - [06/May/2026:18:18:02 +0800] "POST /dede/plus/kindeditor/asp/upload_json.asp?dir=file HTTP/1.1" 404 9580 "-" "Mozilla/5.0 (Windows NT 10.0; Win64; x64) Edg/141.0.0.0"
27.29.178.10 - - [06/May/2026:18:18:03 +0800] "POST /e/kindeditor/asp/upload_json.asp?dir=file HTTP/1.1" 404 9580 "-" "Mozilla/5.0 (Windows NT 10.0; Win64; x64) Edg/141.0.0.0"
27.29.183.21 - - [06/May/2026:18:18:04 +0800] "POST /e/kindeditor/asp.net/upload_json.ashx?dir=file HTTP/1.1" 404 9581 "-" "Mozilla/5.0 (Windows NT 10.0; Win64; x64; Trident/7.0; rv:11.0) like Gecko"
27.29.183.21 - - [06/May/2026:18:18:05 +0800] "POST /e/kindeditor/jsp/upload_json.jsp?dir=file HTTP/1.1" 404 9580 "-" "Mozilla/5.0 (Windows NT 10.0; Win64; x64; Trident/7.0; rv:11.0) like Gecko"
27.29.183.21 - - [06/May/2026:18:18:05 +0800] "POST /e/admin/kindeditor/asp/upload_json.asp?dir=file HTTP/1.1" 404 9580 "-" "Mozilla/5.0 (Windows NT 10.0; Win64; x64; Trident/7.0; rv:11.0) like Gecko"
27.29.178.10 - - [06/May/2026:18:18:06 +0800] "POST /phpcms/kindeditor/asp/upload_json.asp?dir=file HTTP/1.1" 404 9580 "-" "Mozilla/5.0 (Windows NT 10.0; Win64; x64) Edg/141.0.0.0"
27.29.183.21 - - [06/May/2026:18:18:07 +0800] "POST /phpcms/kindeditor/asp.net/upload_json.ashx?dir=file HTTP/1.1" 404 9580 "-" "Mozilla/5.0 (Windows NT 10.0; Win64; x64; Trident/7.0; rv:11.0) like Gecko"
36.133.115.36 - - [06/May/2026:18:18:08 +0800] "POST /wp-cron.php?doing_wp_cron=1778062688.2240860462188720703125 HTTP/1.1" 200 31 "-" "WordPress/6.9; http://cqqizhou.com"
27.29.183.21 - - [06/May/2026:18:18:08 +0800] "POST /phpcms/kindeditor/jsp/upload_json.jsp?dir=file HTTP/1.1" 404 9580 "-" "Mozilla/5.0 (Windows NT 10.0; Win64; x64; Trident/7.0; rv:11.0) like Gecko"
27.29.178.10 - - [06/May/2026:18:18:09 +0800] "POST /manage/kindeditor/jsp/upload_json.jsp?dir=file HTTP/1.1" 404 9580 "-" "Mozilla/5.0 (Windows NT 10.0; Win64; x64; Trident/7.0; rv:11.0) like Gecko"
27.29.178.10 - - [06/May/2026:18:18:09 +0800] "POST /manager/kindeditor/asp/upload_json.asp?dir=file HTTP/1.1" 404 9580 "-" "Mozilla/5.0 (Windows NT 10.0; Win64; x64) AppleWebKit/537.36 (KHTML, like Gecko) Chrome/141.0.0.0 Safari/537.36"
