47.95.198.251 - - [06/May/2026:13:55:36 +0800] "GET /channel/in-store/code-set HTTP/1.1" 404 9580 "-" "Mozilla/5.0 (Windows NT 10.0; Win64; x64)"
36.133.115.36 - - [06/May/2026:14:06:27 +0800] "POST /wp-cron.php?doing_wp_cron=1778047587.3792600631713867187500 HTTP/1.1" 200 31 "-" "WordPress/6.9; http://cqqizhou.com"
156.245.205.68 - - [06/May/2026:14:06:27 +0800] "GET / HTTP/1.1" 301 5 "-" "Mozilla/5.0 (Linux; Android 11; CPH2185) AppleWebKit/537.36 (KHTML, like Gecko) Chrome/91.0.4472.101 Mobile Safari/537.36"
156.245.205.68 - - [06/May/2026:14:06:30 +0800] "GET / HTTP/1.1" 200 35184 "-" "Mozilla/5.0 (Linux; Android 11; CPH2185) AppleWebKit/537.36 (KHTML, like Gecko) Chrome/91.0.4472.101 Mobile Safari/537.36"
198.244.240.179 - - [06/May/2026:14:08:04 +0800] "GET /news/2547 HTTP/1.1" 200 21491 "-" "Mozilla/5.0 (compatible; AhrefsBot/7.0; +http://ahrefs.com/robot/)"
36.133.115.36 - - [06/May/2026:14:08:19 +0800] "POST /wp-cron.php?doing_wp_cron=1778047699.5374019145965576171875 HTTP/1.1" 200 31 "-" "WordPress/6.9; http://cqqizhou.com"
120.241.209.247 - - [06/May/2026:14:08:19 +0800] "GET /2418/ HTTP/1.1" 301 5 "-" "Mozilla/5.0 (Windows NT 10.0; Win64; x64) AppleWebKit/537.36 (KHTML, like Gecko) Chrome/131.0.0.0 Safari/537.36"
183.56.147.186 - - [06/May/2026:14:08:30 +0800] "GET /2418/ HTTP/1.1" 301 5 "-" "Mozilla/5.0 (Windows NT 10.0; Win64; x64) AppleWebKit/537.36 (KHTML, like Gecko) Chrome/131.0.0.0 Safari/537.36"
183.56.147.186 - - [06/May/2026:14:08:30 +0800] "GET /news/2418 HTTP/1.1" 200 27816 "http://cqqizhou.com/2418/" "Mozilla/5.0 (Windows NT 10.0; Win64; x64) AppleWebKit/537.36 (KHTML, like Gecko) Chrome/131.0.0.0 Safari/537.36"
36.133.115.36 - - [06/May/2026:14:18:51 +0800] "POST /wp-cron.php?doing_wp_cron=1778048331.7551438808441162109375 HTTP/1.1" 200 31 "-" "WordPress/6.9; http://cqqizhou.com"
5.61.209.107 - - [06/May/2026:14:18:51 +0800] "GET /SDK/webLanguage HTTP/1.1" 301 5 "-" "Mozilla/5.0 (Windows NT 10.0; Win64; x64) AppleWebKit/537.36 (KHTML, like Gecko) Chrome/90.0.4430.85 Safari/537.36 Edg/90.0.818.46"
220.181.108.175 - - [06/May/2026:14:20:10 +0800] "GET /news/portfolio-tag/ansteel-thyssen HTTP/1.1" 200 23031 "-" "Mozilla/5.0 (compatible; Baiduspider/2.0; +http://www.baidu.com/search/spider.html)"
116.179.37.20 - - [06/May/2026:14:20:11 +0800] "GET /wp-content/uploads/2025/07/1753453096-%E5%8F%8C%E7%9B%B8%E9%92%A2product_Single600%C3%97284.webp HTTP/1.1" 200 14562 "http://cqqizhou.com/news/portfolio-tag/ansteel-thyssen" "Mozilla/5.0 (compatible; Baiduspider-render/2.0; +http://www.baidu.com/search/spider.html)"
116.179.37.232 - - [06/May/2026:14:20:11 +0800] "GET /wp-content/uploads/2025/07/1753453029-%E9%85%B8%E6%B4%97%E5%8D%B7product_Single600.webp HTTP/1.1" 200 17156 "http://cqqizhou.com/news/portfolio-tag/ansteel-thyssen" "Mozilla/5.0 (compatible; Baiduspider-render/2.0; +http://www.baidu.com/search/spider.html)"
36.133.115.36 - - [06/May/2026:14:21:51 +0800] "POST /wp-cron.php?doing_wp_cron=1778048511.1753809452056884765625 HTTP/1.1" 200 31 "-" "WordPress/6.9; http://cqqizhou.com"
45.148.10.67 - - [06/May/2026:14:21:51 +0800] "GET / HTTP/1.1" 200 35184 "-" "Mozilla/5.0 (Windows NT 10.0; Win64; x64) AppleWebKit/537.36 (KHTML, like Gecko) Chrome/131.0.0.0 Safari/537.36"
36.133.115.36 - - [06/May/2026:14:24:35 +0800] "POST /wp-cron.php?doing_wp_cron=1778048675.9215159416198730468750 HTTP/1.1" 200 31 "-" "WordPress/6.9; http://cqqizhou.com"
183.207.45.108 - - [06/May/2026:14:24:35 +0800] "GET / HTTP/1.1" 301 5 "-" "Mozilla/5.0 (Windows NT 10.0; Win64; x64) AppleWebKit/537.36 (KHTML, like Gecko) Chrome/59.0.3071.104 Safari/537.36"
183.207.45.108 - - [06/May/2026:14:24:36 +0800] "GET / HTTP/1.1" 200 160571 "-" "Mozilla/5.0 (Windows NT 10.0; Win64; x64) AppleWebKit/537.36 (KHTML, like Gecko) Chrome/59.0.3071.104 Safari/537.36"
36.133.115.36 - - [06/May/2026:14:40:56 +0800] "POST /wp-cron.php?doing_wp_cron=1778049656.4215838909149169921875 HTTP/1.1" 200 31 "-" "WordPress/6.9; http://cqqizhou.com"
43.160.240.216 - - [06/May/2026:14:40:56 +0800] "GET / HTTP/1.1" 301 5 "-" "Mozilla/5.0 (iPhone; CPU iPhone OS 13_2_3 like Mac OS X) AppleWebKit/605.1.15 (KHTML, like Gecko) Version/13.0.3 Mobile/15E148 Safari/604.1"
43.160.240.216 - - [06/May/2026:14:40:58 +0800] "GET / HTTP/1.1" 200 35184 "http://36.133.115.36" "Mozilla/5.0 (iPhone; CPU iPhone OS 13_2_3 like Mac OS X) AppleWebKit/605.1.15 (KHTML, like Gecko) Version/13.0.3 Mobile/15E148 Safari/604.1"
36.133.115.36 - - [06/May/2026:14:53:54 +0800] "POST /wp-cron.php?doing_wp_cron=1778050434.5804669857025146484375 HTTP/1.1" 200 31 "-" "WordPress/6.9; http://cqqizhou.com"
134.209.91.243 - - [06/May/2026:14:53:54 +0800] "GET / HTTP/1.1" 301 5 "-" "Mozilla/5.0 (Windows NT 10.0; Win64; x64; rv:149.0) Gecko/20100101 Firefox/149.0"
36.133.115.36 - - [06/May/2026:14:55:44 +0800] "POST /wp-cron.php?doing_wp_cron=1778050544.5190660953521728515625 HTTP/1.1" 200 31 "-" "WordPress/6.9; http://cqqizhou.com"
165.227.40.19 - - [06/May/2026:14:55:44 +0800] "GET / HTTP/1.1" 301 5 "-" "Mozilla/5.0 (Windows NT 10.0; Win64; x64; rv:149.0) Gecko/20100101 Firefox/149.0"
36.133.115.36 - - [06/May/2026:15:00:23 +0800] "POST /wp-cron.php?doing_wp_cron=1778050823.5392549037933349609375 HTTP/1.1" 200 31 "-" "WordPress/6.9; http://cqqizhou.com"
34.62.226.114 - - [06/May/2026:15:00:23 +0800] "GET / HTTP/1.1" 200 35184 "-" "Mozilla/5.0 (Windows NT 10.0; Win64; x64) AppleWebKit/537.36 (KHTML, like Gecko) Chrome/127.0.0.0 Safari/537.36"
34.34.158.250 - - [06/May/2026:15:00:27 +0800] "OPTIONS / HTTP/1.1" 405 150 "-" "Mozilla/5.0 (compatible)"
34.34.158.250 - - [06/May/2026:15:00:28 +0800] "SXQH / HTTP/1.1" 405 150 "-" "Mozilla/5.0 (compatible)"
34.34.158.250 - - [06/May/2026:15:00:29 +0800] "GET / HTTP/1.1" 301 5 "-" "Mozilla/5.0 (compatible)"
34.34.158.250 - - [06/May/2026:15:00:30 +0800] "HEAD / HTTP/1.1" 301 0 "-" "Mozilla/5.0 (compatible)"
34.34.158.250 - - [06/May/2026:15:00:32 +0800] "POST / HTTP/1.1" 200 158912 "-" "Mozilla/5.0 (compatible)"
34.34.158.250 - - [06/May/2026:15:00:33 +0800] "OPTIONS / HTTP/1.1" 405 150 "-" "Mozilla/5.0 (compatible)"
37.99.69.61 - - [06/May/2026:15:09:08 +0800] "GET /wp-content/uploads/2026/03/1772790943-2Article_images_W900px.webp HTTP/1.1" 200 45662 "-" "Mozilla/5.0 (Windows NT 10.0; Win64; x64) AppleWebKit/537.36 (KHTML, like Gecko) Chrome/143.0.0.0 Safari/537.36 Edg/143.0.0.0"
36.133.115.36 - - [06/May/2026:15:13:41 +0800] "POST /wp-cron.php?doing_wp_cron=1778051621.5698220729827880859375 HTTP/1.1" 200 31 "-" "WordPress/6.9; http://cqqizhou.com"
43.130.111.40 - - [06/May/2026:15:13:41 +0800] "GET / HTTP/1.1" 200 35185 "-" "Mozilla/5.0 (iPhone; CPU iPhone OS 13_2_3 like Mac OS X) AppleWebKit/605.1.15 (KHTML, like Gecko) Version/13.0.3 Mobile/15E148 Safari/604.1"
122.231.221.14 - - [06/May/2026:15:23:20 +0800] "GET /news/2418 HTTP/1.1" 200 27816 "-" "Mozilla/5.0 (Macintosh; Intel Mac OS X 10_15_7) AppleWebKit/537.36 (KHTML, like Gecko) Chrome/147.0.0.0 Safari/537.36"
121.237.36.31 - - [06/May/2026:15:25:31 +0800] "GET / HTTP/1.1" 200 35623 "-" "Opera/9.80 (Windows NT 5.2; U; ru) Presto/2.6.30 Version/10.61"
121.237.36.31 - - [06/May/2026:15:28:54 +0800] "GET / HTTP/1.1" 200 35623 "-" "Mozilla/5.0 (Macintosh; Intel Mac OS X 10_11) AppleWebKit/601.1.27 (KHTML, like Gecko) Chrome/47.0.2526.106 Safari/601.1.27"
36.133.115.36 - - [06/May/2026:15:49:40 +0800] "POST /wp-cron.php?doing_wp_cron=1778053780.2107970714569091796875 HTTP/1.1" 200 31 "-" "WordPress/6.9; http://cqqizhou.com"
173.239.240.217 - - [06/May/2026:15:49:40 +0800] "GET /contacts/ HTTP/1.1" 301 5 "-" "Mozilla/5.0 (Windows NT 10.0; Win64; x64) AppleWebKit/537.36 (KHTML, like Gecko) Chrome/133.0.6943.141 Safari/537.36"
173.239.240.211 - - [06/May/2026:15:49:42 +0800] "GET /contacts HTTP/1.1" 200 22288 "http://cqqizhou.com/contacts/" "Mozilla/5.0 (Windows NT 10.0; Win64; x64) AppleWebKit/537.36 (KHTML, like Gecko) Chrome/133.0.6943.141 Safari/537.36"
173.239.240.210 - - [06/May/2026:15:49:44 +0800] "POST /wp-json/contact-form-7/v1/contact-forms/158/feedback HTTP/1.1" 200 219 "http://cqqizhou.com/contacts" "Mozilla/5.0 (Windows NT 10.0; Win64; x64) AppleWebKit/537.36 (KHTML, like Gecko) Chrome/133.0.6943.141 Safari/537.36"
36.133.115.36 - - [06/May/2026:16:09:40 +0800] "POST /wp-cron.php?doing_wp_cron=1778054980.9002571105957031250000 HTTP/1.1" 200 31 "-" "WordPress/6.9; http://cqqizhou.com"
223.97.17.111 - - [06/May/2026:16:09:40 +0800] "GET /portfolio-tag/ansteel-thyssen/ HTTP/1.1" 404 9580 "-" "Mozilla/5.0 (Macintosh; Intel Mac OS X 10_15_7) AppleWebKit/537.36 (KHTML, like Gecko) Chrome/140.0.0.0 Safari/537.36"
125.80.164.101 - - [06/May/2026:16:27:12 +0800] "GET /about HTTP/1.1" 200 25031 "-" "Mozilla/5.0 (Windows NT 10.0; Win64; x64) AppleWebKit/537.36 (KHTML, like Gecko) Chrome/147.0.0.0 Safari/537.36 Edg/147.0.0.0"
125.80.164.101 - - [06/May/2026:16:27:27 +0800] "GET /services HTTP/1.1" 200 32226 "http://cqqizhou.com/about" "Mozilla/5.0 (Windows NT 10.0; Win64; x64) AppleWebKit/537.36 (KHTML, like Gecko) Chrome/147.0.0.0 Safari/537.36 Edg/147.0.0.0"
125.80.164.101 - - [06/May/2026:16:27:28 +0800] "GET /wp-content/uploads/2025/07/1751829518-Precision-processing-services800x500.webp HTTP/1.1" 200 28964 "http://cqqizhou.com/services" "Mozilla/5.0 (Windows NT 10.0; Win64; x64) AppleWebKit/537.36 (KHTML, like Gecko) Chrome/147.0.0.0 Safari/537.36 Edg/147.0.0.0"
125.80.164.101 - - [06/May/2026:16:27:28 +0800] "GET /wp-content/uploads/2025/07/1750174127-Marketing1920x800_3.webp HTTP/1.1" 200 52790 "http://cqqizhou.com/wp-content/uploads/elementor/css/post-1659.css?ver=1777513961" "Mozilla/5.0 (Windows NT 10.0; Win64; x64) AppleWebKit/537.36 (KHTML, like Gecko) Chrome/147.0.0.0 Safari/537.36 Edg/147.0.0.0"
125.80.164.101 - - [06/May/2026:16:27:29 +0800] "GET /wp-content/uploads/2025/12/1764853155-ISO2-731x1024.webp HTTP/1.1" 200 91446 "http://cqqizhou.com/services" "Mozilla/5.0 (Windows NT 10.0; Win64; x64) AppleWebKit/537.36 (KHTML, like Gecko) Chrome/147.0.0.0 Safari/537.36 Edg/147.0.0.0"
125.80.164.101 - - [06/May/2026:16:27:29 +0800] "GET /wp-content/uploads/2025/12/1764853157-ISO3-731x1024.webp HTTP/1.1" 200 105856 "http://cqqizhou.com/services" "Mozilla/5.0 (Windows NT 10.0; Win64; x64) AppleWebKit/537.36 (KHTML, like Gecko) Chrome/147.0.0.0 Safari/537.36 Edg/147.0.0.0"
125.80.164.101 - - [06/May/2026:16:27:30 +0800] "GET /wp-content/uploads/2025/12/1764853152-ISO1-731x1024.webp HTTP/1.1" 200 111032 "http://cqqizhou.com/services" "Mozilla/5.0 (Windows NT 10.0; Win64; x64) AppleWebKit/537.36 (KHTML, like Gecko) Chrome/147.0.0.0 Safari/537.36 Edg/147.0.0.0"
125.80.164.101 - - [06/May/2026:16:27:31 +0800] "GET /wp-content/uploads/2025/07/1753405252-Services_Banner2000%C3%97400px2.webp HTTP/1.1" 200 23730 "http://cqqizhou.com/wp-content/uploads/elementor/css/post-1659.css?ver=1777513961" "Mozilla/5.0 (Windows NT 10.0; Win64; x64) AppleWebKit/537.36 (KHTML, like Gecko) Chrome/147.0.0.0 Safari/537.36 Edg/147.0.0.0"
125.80.164.101 - - [06/May/2026:16:27:37 +0800] "GET /wp-content/uploads/2025/07/1751829454-Smart-warehousing800x500.webp HTTP/1.1" 200 79504 "http://cqqizhou.com/services" "Mozilla/5.0 (Windows NT 10.0; Win64; x64) AppleWebKit/537.36 (KHTML, like Gecko) Chrome/147.0.0.0 Safari/537.36 Edg/147.0.0.0"
125.80.164.101 - - [06/May/2026:16:28:43 +0800] "GET /logistics HTTP/1.1" 200 31723 "http://cqqizhou.com/services" "Mozilla/5.0 (Windows NT 10.0; Win64; x64) AppleWebKit/537.36 (KHTML, like Gecko) Chrome/147.0.0.0 Safari/537.36 Edg/147.0.0.0"
125.80.164.101 - - [06/May/2026:16:28:43 +0800] "GET /wp-content/uploads/2026/01/1767696162-qizhoutruck3.webp HTTP/1.1" 200 19026 "http://cqqizhou.com/logistics" "Mozilla/5.0 (Windows NT 10.0; Win64; x64) AppleWebKit/537.36 (KHTML, like Gecko) Chrome/147.0.0.0 Safari/537.36 Edg/147.0.0.0"
125.80.164.101 - - [06/May/2026:16:28:43 +0800] "GET /wp-content/uploads/2025/11/1762864381-QZ_Photo-7.webp HTTP/1.1" 200 129922 "http://cqqizhou.com/logistics" "Mozilla/5.0 (Windows NT 10.0; Win64; x64) AppleWebKit/537.36 (KHTML, like Gecko) Chrome/147.0.0.0 Safari/537.36 Edg/147.0.0.0"
125.80.164.101 - - [06/May/2026:16:28:44 +0800] "GET /wp-content/uploads/2025/12/1765862012-DSC20251216131140.webp HTTP/1.1" 200 78744 "http://cqqizhou.com/logistics" "Mozilla/5.0 (Windows NT 10.0; Win64; x64) AppleWebKit/537.36 (KHTML, like Gecko) Chrome/147.0.0.0 Safari/537.36 Edg/147.0.0.0"
125.80.164.101 - - [06/May/2026:16:28:44 +0800] "GET /wp-content/uploads/logistics/Conatiner-5.webp HTTP/1.1" 200 63396 "http://cqqizhou.com/logistics" "Mozilla/5.0 (Windows NT 10.0; Win64; x64) AppleWebKit/537.36 (KHTML, like Gecko) Chrome/147.0.0.0 Safari/537.36 Edg/147.0.0.0"
36.133.115.36 - - [06/May/2026:16:28:45 +0800] "POST /wp-cron.php?doing_wp_cron=1778056125.8912470340728759765625 HTTP/1.1" 200 31 "-" "WordPress/6.9; http://cqqizhou.com"
125.80.164.101 - - [06/May/2026:16:28:45 +0800] "GET /wp-json/contact-form-7/v1/contact-forms/1444/feedback/schema HTTP/1.1" 200 270 "http://cqqizhou.com/logistics" "Mozilla/5.0 (Windows NT 10.0; Win64; x64) AppleWebKit/537.36 (KHTML, like Gecko) Chrome/147.0.0.0 Safari/537.36 Edg/147.0.0.0"
125.80.164.101 - - [06/May/2026:16:28:46 +0800] "GET /wp-content/uploads/2026/01/1767696142-aojiaqiao20260104.webp HTTP/1.1" 200 184988 "http://cqqizhou.com/wp-content/uploads/elementor/css/post-1959.css?ver=1777513994" "Mozilla/5.0 (Windows NT 10.0; Win64; x64) AppleWebKit/537.36 (KHTML, like Gecko) Chrome/147.0.0.0 Safari/537.36 Edg/147.0.0.0"
125.80.164.101 - - [06/May/2026:16:28:50 +0800] "GET /wp-json/contact-form-7/v1/contact-forms/1444/refill HTTP/1.1" 200 33 "http://cqqizhou.com/logistics" "Mozilla/5.0 (Windows NT 10.0; Win64; x64) AppleWebKit/537.36 (KHTML, like Gecko) Chrome/147.0.0.0 Safari/537.36 Edg/147.0.0.0"
125.80.164.101 - - [06/May/2026:16:28:56 +0800] "GET /wp-content/uploads/2026/02/1770009968-9.6%E7%B1%B3%E4%BD%8E%E6%A0%8F%E5%B9%B3%E6%9D%BF%E8%B4%A7%E8%BD%A6.webp HTTP/1.1" 200 56690 "http://cqqizhou.com/logistics" "Mozilla/5.0 (Windows NT 10.0; Win64; x64) AppleWebKit/537.36 (KHTML, like Gecko) Chrome/147.0.0.0 Safari/537.36 Edg/147.0.0.0"
125.80.164.101 - - [06/May/2026:16:28:56 +0800] "GET /wp-content/uploads/2026/02/1769999241-4.2%E7%B1%B3%E9%AB%98%E6%A0%8F%E8%B4%A7%E8%BD%A6.webp HTTP/1.1" 304 0 "http://cqqizhou.com/logistics" "Mozilla/5.0 (Windows NT 10.0; Win64; x64) AppleWebKit/537.36 (KHTML, like Gecko) Chrome/147.0.0.0 Safari/537.36 Edg/147.0.0.0"
125.80.164.101 - - [06/May/2026:16:28:56 +0800] "GET /wp-content/uploads/2026/02/1769999335-17.5%E7%B1%B3%E5%B9%B3%E6%9D%BF%E8%B4%A7%E8%BD%A6.webp HTTP/1.1" 200 56978 "http://cqqizhou.com/logistics" "Mozilla/5.0 (Windows NT 10.0; Win64; x64) AppleWebKit/537.36 (KHTML, like Gecko) Chrome/147.0.0.0 Safari/537.36 Edg/147.0.0.0"
125.80.164.101 - - [06/May/2026:16:28:59 +0800] "GET /wp-content/uploads/2026/01/1767618076-Logistics_BG2508.webp HTTP/1.1" 200 94788 "http://cqqizhou.com/wp-content/uploads/elementor/css/post-1959.css?ver=1777513994" "Mozilla/5.0 (Windows NT 10.0; Win64; x64) AppleWebKit/537.36 (KHTML, like Gecko) Chrome/147.0.0.0 Safari/537.36 Edg/147.0.0.0"
125.80.164.101 - - [06/May/2026:16:29:03 +0800] "GET /media HTTP/1.1" 200 26814 "http://cqqizhou.com/logistics" "Mozilla/5.0 (Windows NT 10.0; Win64; x64) AppleWebKit/537.36 (KHTML, like Gecko) Chrome/147.0.0.0 Safari/537.36 Edg/147.0.0.0"
125.80.164.101 - - [06/May/2026:16:29:04 +0800] "GET /wp-content/uploads/2026/04/1775865780-1Article_images_W900px.webp HTTP/1.1" 304 0 "http://cqqizhou.com/media" "Mozilla/5.0 (Windows NT 10.0; Win64; x64) AppleWebKit/537.36 (KHTML, like Gecko) Chrome/147.0.0.0 Safari/537.36 Edg/147.0.0.0"
125.80.164.101 - - [06/May/2026:16:29:04 +0800] "GET /wp-content/uploads/2026/04/1777513410-1Article_images_W900px.webp HTTP/1.1" 200 30786 "http://cqqizhou.com/media" "Mozilla/5.0 (Windows NT 10.0; Win64; x64) AppleWebKit/537.36 (KHTML, like Gecko) Chrome/147.0.0.0 Safari/537.36 Edg/147.0.0.0"
125.80.164.101 - - [06/May/2026:16:29:04 +0800] "GET /wp-content/uploads/2026/04/1775698332-Article_images_W900px.webp HTTP/1.1" 304 0 "http://cqqizhou.com/media" "Mozilla/5.0 (Windows NT 10.0; Win64; x64) AppleWebKit/537.36 (KHTML, like Gecko) Chrome/147.0.0.0 Safari/537.36 Edg/147.0.0.0"
125.80.164.101 - - [06/May/2026:16:29:04 +0800] "GET /wp-content/uploads/2026/04/1775698332-Article_images_W900px-300x169.webp HTTP/1.1" 200 12710 "http://cqqizhou.com/media" "Mozilla/5.0 (Windows NT 10.0; Win64; x64) AppleWebKit/537.36 (KHTML, like Gecko) Chrome/147.0.0.0 Safari/537.36 Edg/147.0.0.0"
125.80.164.101 - - [06/May/2026:16:29:12 +0800] "GET /wp-json/contact-form-7/v1/contact-forms/1444/refill HTTP/1.1" 200 33 "http://cqqizhou.com/logistics" "Mozilla/5.0 (Windows NT 10.0; Win64; x64) AppleWebKit/537.36 (KHTML, like Gecko) Chrome/147.0.0.0 Safari/537.36 Edg/147.0.0.0"
36.133.115.36 - - [06/May/2026:16:29:12 +0800] "POST /wp-cron.php?doing_wp_cron=1778056152.0385329723358154296875 HTTP/1.1" 200 31 "-" "WordPress/6.9; http://cqqizhou.com"
125.80.164.101 - - [06/May/2026:16:29:12 +0800] "GET /wp-json/contact-form-7/v1/contact-forms/1444/feedback/schema HTTP/1.1" 200 270 "http://cqqizhou.com/logistics" "Mozilla/5.0 (Windows NT 10.0; Win64; x64) AppleWebKit/537.36 (KHTML, like Gecko) Chrome/147.0.0.0 Safari/537.36 Edg/147.0.0.0"
125.80.164.101 - - [06/May/2026:16:30:12 +0800] "GET /wp-content/uploads/2025/07/1751829454-Smart-warehousing800x500.webp HTTP/1.1" 200 79504 "http://cqqizhou.com/services" "Mozilla/5.0 (Windows NT 10.0; Win64; x64) AppleWebKit/537.36 (KHTML, like Gecko) Chrome/147.0.0.0 Safari/537.36 Edg/147.0.0.0"
36.133.115.36 - - [06/May/2026:16:34:18 +0800] "POST /wp-cron.php?doing_wp_cron=1778056458.0241489410400390625000 HTTP/1.1" 200 31 "-" "WordPress/6.9; http://cqqizhou.com"
111.225.149.13 - - [06/May/2026:16:34:18 +0800] "GET /robots.txt HTTP/1.1" 200 190 "-" "Mozilla/5.0 (Linux; Android 5.0) AppleWebKit/537.36 (KHTML, like Gecko) Mobile Safari/537.36 (compatible; Bytespider; https://zhanzhang.toutiao.com/)"
220.181.108.144 - - [06/May/2026:16:37:45 +0800] "GET /news/2361 HTTP/1.1" 200 25533 "-" "Mozilla/5.0 (compatible; Baiduspider/2.0; +http://www.baidu.com/search/spider.html)"
36.133.115.36 - - [06/May/2026:16:51:40 +0800] "POST /wp-cron.php?doing_wp_cron=1778057500.7605679035186767578125 HTTP/1.1" 200 31 "-" "WordPress/6.9; http://cqqizhou.com"
87.121.84.8 - - [06/May/2026:16:51:41 +0800] "GET / HTTP/1.1" 200 158912 "-" "Mozilla/1.0"
125.80.164.101 - - [06/May/2026:17:20:33 +0800] "GET /wp-json/contact-form-7/v1/contact-forms/1444/refill HTTP/1.1" 200 33 "http://cqqizhou.com/logistics" "Mozilla/5.0 (Windows NT 10.0; Win64; x64) AppleWebKit/537.36 (KHTML, like Gecko) Chrome/147.0.0.0 Safari/537.36 Edg/147.0.0.0"
36.133.115.36 - - [06/May/2026:17:20:33 +0800] "POST /wp-cron.php?doing_wp_cron=1778059233.2876000404357910156250 HTTP/1.1" 200 31 "-" "WordPress/6.9; http://cqqizhou.com"
125.80.164.101 - - [06/May/2026:17:20:33 +0800] "GET /wp-json/contact-form-7/v1/contact-forms/1444/feedback/schema HTTP/1.1" 200 270 "http://cqqizhou.com/logistics" "Mozilla/5.0 (Windows NT 10.0; Win64; x64) AppleWebKit/537.36 (KHTML, like Gecko) Chrome/147.0.0.0 Safari/537.36 Edg/147.0.0.0"
125.80.164.101 - - [06/May/2026:17:21:25 +0800] "GET /wp-content/uploads/2025/12/1765265398-qizhou_Slider_3840%C3%972160_20251209-scaled.webp HTTP/1.1" 200 175208 "http://cqqizhou.com/wp-content/uploads/elementor/css/post-1659.css?ver=1777513961" "Mozilla/5.0 (Windows NT 10.0; Win64; x64) AppleWebKit/537.36 (KHTML, like Gecko) Chrome/147.0.0.0 Safari/537.36 Edg/147.0.0.0"
36.133.115.36 - - [06/May/2026:17:22:45 +0800] "POST /wp-cron.php?doing_wp_cron=1778059365.5835809707641601562500 HTTP/1.1" 200 31 "-" "WordPress/6.9; http://cqqizhou.com"
15.235.96.28 - - [06/May/2026:17:22:45 +0800] "GET /robots.txt HTTP/1.1" 200 190 "-" "Mozilla/5.0 (compatible; AhrefsBot/7.0; +http://ahrefs.com/robot/)"
51.195.244.237 - - [06/May/2026:17:22:47 +0800] "GET /company-news HTTP/1.1" 200 26435 "-" "Mozilla/5.0 (compatible; AhrefsBot/7.0; +http://ahrefs.com/robot/)"
36.133.115.36 - - [06/May/2026:17:27:16 +0800] "POST /wp-cron.php?doing_wp_cron=1778059636.5790419578552246093750 HTTP/1.1" 200 31 "-" "WordPress/6.9; http://cqqizhou.com"
113.236.72.207 - - [06/May/2026:17:27:16 +0800] "GET /services/ HTTP/1.1" 301 5 "-" "Mozilla/5.0 (Macintosh; Intel Mac OS X 10_15_7) AppleWebKit/537.36 (KHTML, like Gecko) Chrome/143.0.0.0 Safari/537.36 Edg/143.0.0.0"
113.236.72.207 - - [06/May/2026:17:27:16 +0800] "GET http://cqqizhou.com/services HTTP/1.1" 200 32226 "-" "Mozilla/5.0 (Macintosh; Intel Mac OS X 10_15_7) AppleWebKit/537.36 (KHTML, like Gecko) Chrome/143.0.0.0 Safari/537.36 Edg/143.0.0.0"
165.227.185.16 - - [06/May/2026:17:34:48 +0800] "GET /.docker/config.json HTTP/1.1" 404 9580 "-" "Mozilla/5.0 (X11; Linux x86_64) AppleWebKit/537.36 (KHTML, like Gecko) Chrome/121.0 Safari/537.36"
165.227.185.16 - - [06/May/2026:17:34:48 +0800] "GET /sitemap_index.xml HTTP/1.1" 404 9580 "-" "Mozilla/5.0 (X11; Linux x86_64) AppleWebKit/537.36 (KHTML, like Gecko) Chrome/121.0 Safari/537.36"
36.133.115.36 - - [06/May/2026:17:34:48 +0800] "POST /wp-cron.php?doing_wp_cron=1778060088.0858829021453857421875 HTTP/1.1" 200 31 "-" "WordPress/6.9; http://cqqizhou.com"
165.227.185.16 - - [06/May/2026:17:34:48 +0800] "GET /.well-known/security.txt HTTP/1.1" 404 9580 "-" "Mozilla/5.0 (X11; Linux x86_64) AppleWebKit/537.36 (KHTML, like Gecko) Chrome/121.0 Safari/537.36"
165.227.185.16 - - [06/May/2026:17:34:48 +0800] "GET /wp-config.php.bak HTTP/1.1" 404 9580 "-" "Mozilla/5.0 (X11; Linux x86_64) AppleWebKit/537.36 (KHTML, like Gecko) Chrome/121.0 Safari/537.36"
165.227.185.16 - - [06/May/2026:17:34:48 +0800] "GET /composer.json HTTP/1.1" 404 9580 "-" "Mozilla/5.0 (X11; Linux x86_64) AppleWebKit/537.36 (KHTML, like Gecko) Chrome/121.0 Safari/537.36"
165.227.185.16 - - [06/May/2026:17:34:48 +0800] "GET /.env HTTP/1.1" 404 9580 "-" "Mozilla/5.0 (X11; Linux x86_64) AppleWebKit/537.36 (KHTML, like Gecko) Chrome/121.0 Safari/537.36"
165.227.185.16 - - [06/May/2026:17:34:49 +0800] "GET /robots.txt HTTP/1.1" 200 190 "-" "Mozilla/5.0 (X11; Linux x86_64) AppleWebKit/537.36 (KHTML, like Gecko) Chrome/121.0 Safari/537.36"
165.227.185.16 - - [06/May/2026:17:34:49 +0800] "GET /sitemap.xml HTTP/1.1" 200 556 "-" "Mozilla/5.0 (X11; Linux x86_64) AppleWebKit/537.36 (KHTML, like Gecko) Chrome/121.0 Safari/537.36"
165.227.185.16 - - [06/May/2026:17:34:49 +0800] "GET /credentials.json HTTP/1.1" 404 9580 "-" "Mozilla/5.0 (X11; Linux x86_64) AppleWebKit/537.36 (KHTML, like Gecko) Chrome/121.0 Safari/537.36"
165.227.185.16 - - [06/May/2026:17:34:49 +0800] "GET /config.json HTTP/1.1" 404 9580 "-" "Mozilla/5.0 (X11; Linux x86_64) AppleWebKit/537.36 (KHTML, like Gecko) Chrome/121.0 Safari/537.36"
165.227.185.16 - - [06/May/2026:17:34:49 +0800] "GET /firebase.json HTTP/1.1" 404 9580 "-" "Mozilla/5.0 (X11; Linux x86_64) AppleWebKit/537.36 (KHTML, like Gecko) Chrome/121.0 Safari/537.36"
165.227.185.16 - - [06/May/2026:17:34:49 +0800] "GET /serviceAccountKey.json HTTP/1.1" 404 9580 "-" "Mozilla/5.0 (X11; Linux x86_64) AppleWebKit/537.36 (KHTML, like Gecko) Chrome/121.0 Safari/537.36"
165.227.185.16 - - [06/May/2026:17:34:49 +0800] "GET /firebase-admin.json HTTP/1.1" 404 9580 "-" "Mozilla/5.0 (X11; Linux x86_64) AppleWebKit/537.36 (KHTML, like Gecko) Chrome/121.0 Safari/537.36"
165.227.185.16 - - [06/May/2026:17:34:49 +0800] "GET /key.pem HTTP/1.1" 404 9580 "-" "Mozilla/5.0 (X11; Linux x86_64) AppleWebKit/537.36 (KHTML, like Gecko) Chrome/121.0 Safari/537.36"
165.227.185.16 - - [06/May/2026:17:34:50 +0800] "GET /server.key HTTP/1.1" 404 9579 "-" "Mozilla/5.0 (X11; Linux x86_64) AppleWebKit/537.36 (KHTML, like Gecko) Chrome/121.0 Safari/537.36"
165.227.185.16 - - [06/May/2026:17:34:50 +0800] "GET /cert.pem HTTP/1.1" 404 9579 "-" "Mozilla/5.0 (X11; Linux x86_64) AppleWebKit/537.36 (KHTML, like Gecko) Chrome/121.0 Safari/537.36"
165.227.185.16 - - [06/May/2026:17:34:50 +0800] "GET /private.key HTTP/1.1" 404 9579 "-" "Mozilla/5.0 (X11; Linux x86_64) AppleWebKit/537.36 (KHTML, like Gecko) Chrome/121.0 Safari/537.36"
165.227.185.16 - - [06/May/2026:17:34:50 +0800] "GET /privatekey.key HTTP/1.1" 404 9579 "-" "Mozilla/5.0 (X11; Linux x86_64) AppleWebKit/537.36 (KHTML, like Gecko) Chrome/121.0 Safari/537.36"
165.227.185.16 - - [06/May/2026:17:34:50 +0800] "GET /private.pem HTTP/1.1" 404 9579 "-" "Mozilla/5.0 (X11; Linux x86_64) AppleWebKit/537.36 (KHTML, like Gecko) Chrome/121.0 Safari/537.36"
165.227.185.16 - - [06/May/2026:17:34:50 +0800] "GET /id_rsa.pem HTTP/1.1" 404 9579 "-" "Mozilla/5.0 (X11; Linux x86_64) AppleWebKit/537.36 (KHTML, like Gecko) Chrome/121.0 Safari/537.36"
165.227.185.16 - - [06/May/2026:17:34:50 +0800] "GET /backup.sql HTTP/1.1" 404 9579 "-" "Mozilla/5.0 (X11; Linux x86_64) AppleWebKit/537.36 (KHTML, like Gecko) Chrome/121.0 Safari/537.36"
165.227.185.16 - - [06/May/2026:17:34:50 +0800] "GET /dump.sql HTTP/1.1" 404 9579 "-" "Mozilla/5.0 (X11; Linux x86_64) AppleWebKit/537.36 (KHTML, like Gecko) Chrome/121.0 Safari/537.36"
165.227.185.16 - - [06/May/2026:17:34:51 +0800] "GET / HTTP/1.1" 301 5 "-" "Mozilla/5.0 (X11; Linux x86_64) AppleWebKit/537.36 (KHTML, like Gecko) Chrome/121.0 Safari/537.36"
165.227.185.16 - - [06/May/2026:17:34:51 +0800] "GET /db.sql HTTP/1.1" 404 9579 "-" "Mozilla/5.0 (X11; Linux x86_64) AppleWebKit/537.36 (KHTML, like Gecko) Chrome/121.0 Safari/537.36"
165.227.185.16 - - [06/May/2026:17:34:51 +0800] "GET /.env.local HTTP/1.1" 404 9579 "-" "Mozilla/5.0 (X11; Linux x86_64) AppleWebKit/537.36 (KHTML, like Gecko) Chrome/121.0 Safari/537.36"
165.227.185.16 - - [06/May/2026:17:34:51 +0800] "GET /.env.production HTTP/1.1" 404 9579 "-" "Mozilla/5.0 (X11; Linux x86_64) AppleWebKit/537.36 (KHTML, like Gecko) Chrome/121.0 Safari/537.36"
165.227.185.16 - - [06/May/2026:17:34:51 +0800] "GET /.env.development HTTP/1.1" 404 9579 "-" "Mozilla/5.0 (X11; Linux x86_64) AppleWebKit/537.36 (KHTML, like Gecko) Chrome/121.0 Safari/537.36"
165.227.185.16 - - [06/May/2026:17:34:51 +0800] "GET /.git/HEAD HTTP/1.1" 404 9579 "-" "Mozilla/5.0 (X11; Linux x86_64) AppleWebKit/537.36 (KHTML, like Gecko) Chrome/121.0 Safari/537.36"
165.227.185.16 - - [06/May/2026:17:34:51 +0800] "GET /.git/config HTTP/1.1" 404 9579 "-" "Mozilla/5.0 (X11; Linux x86_64) AppleWebKit/537.36 (KHTML, like Gecko) Chrome/121.0 Safari/537.36"
165.227.185.16 - - [06/May/2026:17:34:51 +0800] "GET /.svn/entries HTTP/1.1" 404 9579 "-" "Mozilla/5.0 (X11; Linux x86_64) AppleWebKit/537.36 (KHTML, like Gecko) Chrome/121.0 Safari/537.36"
165.227.185.16 - - [06/May/2026:17:34:52 +0800] "GET / HTTP/1.1" 200 35623 "http://36.133.115.36/" "Mozilla/5.0 (X11; Linux x86_64) AppleWebKit/537.36 (KHTML, like Gecko) Chrome/121.0 Safari/537.36"
165.227.185.16 - - [06/May/2026:17:34:52 +0800] "GET /.npmrc HTTP/1.1" 404 9580 "-" "Mozilla/5.0 (X11; Linux x86_64) AppleWebKit/537.36 (KHTML, like Gecko) Chrome/121.0 Safari/537.36"
165.227.185.16 - - [06/May/2026:17:34:52 +0800] "GET /.aws/credentials HTTP/1.1" 404 9580 "-" "Mozilla/5.0 (X11; Linux x86_64) AppleWebKit/537.36 (KHTML, like Gecko) Chrome/121.0 Safari/537.36"
165.227.185.16 - - [06/May/2026:17:34:52 +0800] "GET /.ssh/id_rsa HTTP/1.1" 404 9580 "-" "Mozilla/5.0 (X11; Linux x86_64) AppleWebKit/537.36 (KHTML, like Gecko) Chrome/121.0 Safari/537.36"
165.227.185.16 - - [06/May/2026:17:34:52 +0800] "GET /.ssh/id_ed25519 HTTP/1.1" 404 9580 "-" "Mozilla/5.0 (X11; Linux x86_64) AppleWebKit/537.36 (KHTML, like Gecko) Chrome/121.0 Safari/537.36"
165.227.185.16 - - [06/May/2026:17:34:52 +0800] "GET /server-status HTTP/1.1" 404 9580 "-" "Mozilla/5.0 (X11; Linux x86_64) AppleWebKit/537.36 (KHTML, like Gecko) Chrome/121.0 Safari/537.36"
165.227.185.16 - - [06/May/2026:17:34:52 +0800] "GET /actuator/env HTTP/1.1" 404 9580 "-" "Mozilla/5.0 (X11; Linux x86_64) AppleWebKit/537.36 (KHTML, like Gecko) Chrome/121.0 Safari/537.36"
165.227.185.16 - - [06/May/2026:17:34:52 +0800] "GET /actuator/health HTTP/1.1" 404 9580 "-" "Mozilla/5.0 (X11; Linux x86_64) AppleWebKit/537.36 (KHTML, like Gecko) Chrome/121.0 Safari/537.36"
165.227.185.16 - - [06/May/2026:17:34:52 +0800] "GET /phpinfo.php HTTP/1.1" 404 47 "-" "Mozilla/5.0 (X11; Linux x86_64) AppleWebKit/537.36 (KHTML, like Gecko) Chrome/121.0 Safari/537.36"
165.227.185.16 - - [06/May/2026:17:34:53 +0800] "GET /actuator/heapdump HTTP/1.1" 404 9580 "-" "Mozilla/5.0 (X11; Linux x86_64) AppleWebKit/537.36 (KHTML, like Gecko) Chrome/121.0 Safari/537.36"
165.227.185.16 - - [06/May/2026:17:34:53 +0800] "GET /actuator/configprops HTTP/1.1" 404 9580 "-" "Mozilla/5.0 (X11; Linux x86_64) AppleWebKit/537.36 (KHTML, like Gecko) Chrome/121.0 Safari/537.36"
165.227.185.16 - - [06/May/2026:17:34:53 +0800] "GET /wp-config.php~ HTTP/1.1" 404 9580 "-" "Mozilla/5.0 (X11; Linux x86_64) AppleWebKit/537.36 (KHTML, like Gecko) Chrome/121.0 Safari/537.36"
165.227.185.16 - - [06/May/2026:17:34:53 +0800] "GET /composer.lock HTTP/1.1" 404 9580 "-" "Mozilla/5.0 (X11; Linux x86_64) AppleWebKit/537.36 (KHTML, like Gecko) Chrome/121.0 Safari/537.36"
165.227.185.16 - - [06/May/2026:17:34:53 +0800] "GET /server.crt HTTP/1.1" 404 9580 "-" "Mozilla/5.0 (X11; Linux x86_64) AppleWebKit/537.36 (KHTML, like Gecko) Chrome/121.0 Safari/537.36"
165.227.185.16 - - [06/May/2026:17:34:53 +0800] "GET /wp-includes/ HTTP/1.1" 403 548 "-" "Mozilla/5.0 (X11; Linux x86_64) AppleWebKit/537.36 (KHTML, like Gecko) Chrome/121.0 Safari/537.36"
165.227.185.16 - - [06/May/2026:17:34:53 +0800] "GET /id_rsa HTTP/1.1" 404 9580 "-" "Mozilla/5.0 (X11; Linux x86_64) AppleWebKit/537.36 (KHTML, like Gecko) Chrome/121.0 Safari/537.36"
165.227.185.16 - - [06/May/2026:17:34:53 +0800] "GET /wp-admin/ HTTP/1.1" 302 5 "-" "Mozilla/5.0 (X11; Linux x86_64) AppleWebKit/537.36 (KHTML, like Gecko) Chrome/121.0 Safari/537.36"
165.227.185.16 - - [06/May/2026:17:34:53 +0800] "GET /key HTTP/1.1" 404 9580 "-" "Mozilla/5.0 (X11; Linux x86_64) AppleWebKit/537.36 (KHTML, like Gecko) Chrome/121.0 Safari/537.36"
165.227.185.16 - - [06/May/2026:17:34:53 +0800] "GET /wp-content/plugins/ HTTP/1.1" 200 31 "-" "Mozilla/5.0 (X11; Linux x86_64) AppleWebKit/537.36 (KHTML, like Gecko) Chrome/121.0 Safari/537.36"
165.227.185.16 - - [06/May/2026:17:34:53 +0800] "GET /wp-content/themes/ HTTP/1.1" 200 31 "-" "Mozilla/5.0 (X11; Linux x86_64) AppleWebKit/537.36 (KHTML, like Gecko) Chrome/121.0 Safari/537.36"
165.227.185.16 - - [06/May/2026:17:34:53 +0800] "GET /wp-content/cache/ HTTP/1.1" 403 548 "-" "Mozilla/5.0 (X11; Linux x86_64) AppleWebKit/537.36 (KHTML, like Gecko) Chrome/121.0 Safari/537.36"
165.227.185.16 - - [06/May/2026:17:34:54 +0800] "GET /cgi-bin/ HTTP/1.1" 404 9580 "-" "Mozilla/5.0 (X11; Linux x86_64) AppleWebKit/537.36 (KHTML, like Gecko) Chrome/121.0 Safari/537.36"
165.227.185.16 - - [06/May/2026:17:34:54 +0800] "GET /wp-login.php?redirect_to=http%3A%2F%2F36.133.115.36%2Fwp-admin%2F&reauth=1 HTTP/1.1" 200 2866 "http://36.133.115.36/wp-admin/" "Mozilla/5.0 (X11; Linux x86_64) AppleWebKit/537.36 (KHTML, like Gecko) Chrome/121.0 Safari/537.36"
165.227.185.16 - - [06/May/2026:17:34:54 +0800] "GET /feed/ HTTP/1.1" 301 5 "-" "Mozilla/5.0 (X11; Linux x86_64) AppleWebKit/537.36 (KHTML, like Gecko) Chrome/121.0 Safari/537.36"
165.227.185.16 - - [06/May/2026:17:34:54 +0800] "GET /author/ HTTP/1.1" 404 9580 "-" "Mozilla/5.0 (X11; Linux x86_64) AppleWebKit/537.36 (KHTML, like Gecko) Chrome/121.0 Safari/537.36"
165.227.185.16 - - [06/May/2026:17:34:54 +0800] "GET /trackback/ HTTP/1.1" 404 9580 "-" "Mozilla/5.0 (X11; Linux x86_64) AppleWebKit/537.36 (KHTML, like Gecko) Chrome/121.0 Safari/537.36"
165.227.185.16 - - [06/May/2026:17:34:54 +0800] "GET /comments/ HTTP/1.1" 404 9580 "-" "Mozilla/5.0 (X11; Linux x86_64) AppleWebKit/537.36 (KHTML, like Gecko) Chrome/121.0 Safari/537.36"
165.227.185.16 - - [06/May/2026:17:34:54 +0800] "GET /search/ HTTP/1.1" 404 9580 "-" "Mozilla/5.0 (X11; Linux x86_64) AppleWebKit/537.36 (KHTML, like Gecko) Chrome/121.0 Safari/537.36"
165.227.185.16 - - [06/May/2026:17:34:55 +0800] "GET /services HTTP/1.1" 200 26395 "-" "Mozilla/5.0 (X11; Linux x86_64) AppleWebKit/537.36 (KHTML, like Gecko) Chrome/121.0 Safari/537.36"
165.227.185.16 - - [06/May/2026:17:34:55 +0800] "GET /contacts/ HTTP/1.1" 301 5 "-" "Mozilla/5.0 (X11; Linux x86_64) AppleWebKit/537.36 (KHTML, like Gecko) Chrome/121.0 Safari/537.36"
165.227.185.16 - - [06/May/2026:17:34:55 +0800] "GET /feed HTTP/1.1" 200 46937 "http://36.133.115.36/feed/" "Mozilla/5.0 (X11; Linux x86_64) AppleWebKit/537.36 (KHTML, like Gecko) Chrome/121.0 Safari/537.36"
165.227.185.16 - - [06/May/2026:17:34:55 +0800] "GET /logistics HTTP/1.1" 200 25858 "-" "Mozilla/5.0 (X11; Linux x86_64) AppleWebKit/537.36 (KHTML, like Gecko) Chrome/121.0 Safari/537.36"
165.227.185.16 - - [06/May/2026:17:34:55 +0800] "GET /wp-admin/admin-ajax.php HTTP/1.1" 400 11 "-" "Mozilla/5.0 (X11; Linux x86_64) AppleWebKit/537.36 (KHTML, like Gecko) Chrome/121.0 Safari/537.36"
165.227.185.16 - - [06/May/2026:17:34:55 +0800] "GET /bug HTTP/1.1" 200 12170 "-" "Mozilla/5.0 (X11; Linux x86_64) AppleWebKit/537.36 (KHTML, like Gecko) Chrome/121.0 Safari/537.36"
165.227.185.16 - - [06/May/2026:17:34:56 +0800] "GET /process/processing HTTP/1.1" 404 9580 "-" "Mozilla/5.0 (X11; Linux x86_64) AppleWebKit/537.36 (KHTML, like Gecko) Chrome/121.0 Safari/537.36"
165.227.185.16 - - [06/May/2026:17:34:56 +0800] "GET /2388/ HTTP/1.1" 404 9580 "-" "Mozilla/5.0 (X11; Linux x86_64) AppleWebKit/537.36 (KHTML, like Gecko) Chrome/121.0 Safari/537.36"
165.227.185.16 - - [06/May/2026:17:34:56 +0800] "GET /contacts HTTP/1.1" 200 19138 "http://36.133.115.36/contacts/" "Mozilla/5.0 (X11; Linux x86_64) AppleWebKit/537.36 (KHTML, like Gecko) Chrome/121.0 Safari/537.36"
165.227.185.16 - - [06/May/2026:17:34:56 +0800] "GET /2354/ HTTP/1.1" 404 9580 "-" "Mozilla/5.0 (X11; Linux x86_64) AppleWebKit/537.36 (KHTML, like Gecko) Chrome/121.0 Safari/537.36"
165.227.185.16 - - [06/May/2026:17:34:57 +0800] "GET /contacts HTTP/1.1" 200 19138 "-" "Mozilla/5.0 (X11; Linux x86_64) AppleWebKit/537.36 (KHTML, like Gecko) Chrome/121.0 Safari/537.36"
36.133.115.36 - - [06/May/2026:18:14:05 +0800] "POST /wp-cron.php?doing_wp_cron=1778062445.3231790065765380859375 HTTP/1.1" 200 31 "-" "WordPress/6.9; http://cqqizhou.com"
36.133.108.119 - - [06/May/2026:18:14:05 +0800] "HEAD /A001/ HTTP/1.1" 404 0 "-" "Mozilla/5.0 (Macintosh; Intel Mac OS X 10_8_3) AppleWebKit/537.36 (KHTML, like Gecko) Chrome/27.0.1453.93 Safari/537.36"
27.29.183.21 - - [06/May/2026:18:14:40 +0800] "HEAD / HTTP/1.1" 200 0 "https://www.google.com/" "Mozilla/5.0 (Macintosh; Intel Mac OS X 10_15_7) AppleWebKit/605.1.15 (KHTML, like Gecko) Version/17.4 Safari/605.1.15"
36.133.115.36 - - [06/May/2026:18:15:16 +0800] "POST /wp-cron.php?doing_wp_cron=1778062516.2647340297698974609375 HTTP/1.1" 200 31 "-" "WordPress/6.9; http://cqqizhou.com"
27.29.178.10 - - [06/May/2026:18:15:16 +0800] "GET /?_t=1778062508900 HTTP/1.1" 200 35183 "https://www.google.com/" "Mozilla/5.0 (iPhone; CPU iPhone OS 17_4 like Mac OS X) AppleWebKit/605.1.15 (KHTML, like Gecko) Version/17.0 Mobile/15E148 Safari/604.1"
120.241.1.99 - - [06/May/2026:18:15:17 +0800] "GET / HTTP/1.1" 200 35183 "-" "Mozilla/5.0 (iPhone; CPU iPhone OS 15_7_8 like Mac OS X; zh-CN) AppleWebKit/605.1.15 (KHTML, like Gecko) Mobile/19H364 UCBrowser/18.4.7.3065 Mobile  AliApp(TUnionSDK/0.1.20.4)"
223.73.173.135 - - [06/May/2026:18:15:17 +0800] "GET / HTTP/1.1" 200 35183 "-" "Mozilla/5.0 (iPhone; CPU iPhone OS 15_7_8 like Mac OS X; zh-CN) AppleWebKit/605.1.15 (KHTML, like Gecko) Mobile/19H364 UCBrowser/18.4.7.3065 Mobile  AliApp(TUnionSDK/0.1.20.4)"
223.73.173.135 - - [06/May/2026:18:15:18 +0800] "GET /wp-content/uploads/2025/07/1751425283-qizhou.kf_.qq_.com_.webp HTTP/1.1" 200 16864 "http://cqqizhou.com/" "Mozilla/5.0 (iPhone; CPU iPhone OS 15_7_8 like Mac OS X; zh-CN) AppleWebKit/605.1.15 (KHTML, like Gecko) Mobile/19H364 UCBrowser/18.4.7.3065 Mobile  AliApp(TUnionSDK/0.1.20.4)"
223.73.173.135 - - [06/May/2026:18:15:18 +0800] "GET /wp-content/uploads/2025/07/1751425283-qizhou.kf_.qq_.com_.webp HTTP/1.1" 200 16864 "http://cqqizhou.com/" "Mozilla/5.0 (iPhone; CPU iPhone OS 15_7_8 like Mac OS X; zh-CN) AppleWebKit/605.1.15 (KHTML, like Gecko) Mobile/19H364 UCBrowser/18.4.7.3065 Mobile  AliApp(TUnionSDK/0.1.20.4)"
223.73.173.135 - - [06/May/2026:18:15:20 +0800] "GET /wp-content/uploads/2025/07/1753456723-%E5%8F%8C%E7%9B%B8%E9%92%A2roduct_Single600.webp HTTP/1.1" 200 22790 "http://cqqizhou.com/" "Mozilla/5.0 (iPhone; CPU iPhone OS 15_7_8 like Mac OS X; zh-CN) AppleWebKit/605.1.15 (KHTML, like Gecko) Mobile/19H364 UCBrowser/18.4.7.3065 Mobile  AliApp(TUnionSDK/0.1.20.4)"
223.73.173.135 - - [06/May/2026:18:15:20 +0800] "GET /wp-content/uploads/2025/07/1753453127-%E4%BD%99%E5%8D%B7product_Single600%C3%97284.webp HTTP/1.1" 200 18744 "http://cqqizhou.com/" "Mozilla/5.0 (iPhone; CPU iPhone OS 15_7_8 like Mac OS X; zh-CN) AppleWebKit/605.1.15 (KHTML, like Gecko) Mobile/19H364 UCBrowser/18.4.7.3065 Mobile  AliApp(TUnionSDK/0.1.20.4)"
223.73.173.135 - - [06/May/2026:18:15:20 +0800] "GET /wp-content/uploads/2025/07/1753453096-%E5%8F%8C%E7%9B%B8%E9%92%A2product_Single600%C3%97284.webp HTTP/1.1" 200 14562 "http://cqqizhou.com/" "Mozilla/5.0 (iPhone; CPU iPhone OS 15_7_8 like Mac OS X; zh-CN) AppleWebKit/605.1.15 (KHTML, like Gecko) Mobile/19H364 UCBrowser/18.4.7.3065 Mobile  AliApp(TUnionSDK/0.1.20.4)"
223.73.173.135 - - [06/May/2026:18:15:20 +0800] "GET /wp-content/uploads/2025/07/1753456770-%E7%83%AD%E9%95%80%E9%94%8C%E5%8D%B7product_Single600.webp HTTP/1.1" 200 27502 "http://cqqizhou.com/" "Mozilla/5.0 (iPhone; CPU iPhone OS 15_7_8 like Mac OS X; zh-CN) AppleWebKit/605.1.15 (KHTML, like Gecko) Mobile/19H364 UCBrowser/18.4.7.3065 Mobile  AliApp(TUnionSDK/0.1.20.4)"
27.29.178.10 - - [06/May/2026:18:16:28 +0800] "GET / HTTP/1.1" 200 35623 "-" "Mozilla/5.0 (Windows NT 10.0; Win64; x64) AppleWebKit/537.36 (KHTML, like Gecko) Chrome/141.0.0.0 Safari/537.36"
36.133.115.36 - - [06/May/2026:18:16:29 +0800] "POST /wp-cron.php?doing_wp_cron=1778062589.0407440662384033203125 HTTP/1.1" 200 31 "-" "WordPress/6.9; http://cqqizhou.com"
27.29.178.10 - - [06/May/2026:18:16:29 +0800] "POST /kindeditor/asp/upload_json.asp?dir=file HTTP/1.1" 404 9580 "-" "Mozilla/5.0 (Windows NT 10.0; Win64; x64) Edg/141.0.0.0"
27.29.178.10 - - [06/May/2026:18:16:29 +0800] "POST /kindeditor/php/upload_json.php?dir=file HTTP/1.1" 404 47 "-" "Mozilla/5.0 (Windows NT 10.0; Win64; x64) Edg/141.0.0.0"
27.29.178.10 - - [06/May/2026:18:16:30 +0800] "POST /kindeditor/jsp/upload_json.jsp?dir=file HTTP/1.1" 404 9580 "-" "Mozilla/5.0 (Windows NT 10.0; Win64; x64) Edg/141.0.0.0"
27.29.178.10 - - [06/May/2026:18:16:30 +0800] "POST /kindeditor/asp.net/upload_json.ashx?dir=file HTTP/1.1" 404 9579 "-" "Mozilla/5.0 (Windows NT 10.0; Win64; x64) Edg/141.0.0.0"
27.29.183.21 - - [06/May/2026:18:16:31 +0800] "POST /asp/upload_json.asp?dir=file HTTP/1.1" 404 9580 "-" "Mozilla/5.0 (Windows NT 10.0; Win64; x64; rv:141.0) Gecko/20100101 Firefox/141.0"
27.29.183.21 - - [06/May/2026:18:16:31 +0800] "POST /php/upload_json.php?dir=file HTTP/1.1" 404 47 "-" "Mozilla/5.0 (Windows NT 10.0; Win64; x64; Trident/7.0; rv:11.0) like Gecko"
27.29.183.21 - - [06/May/2026:18:16:32 +0800] "POST /jsp/upload_json.jsp?dir=file HTTP/1.1" 404 9580 "-" "Mozilla/5.0 (Windows NT 10.0; Win64; x64) Edg/141.0.0.0"
27.29.183.21 - - [06/May/2026:18:16:33 +0800] "POST /asp.net/upload_json.ashx?dir=file HTTP/1.1" 404 9580 "-" "Mozilla/5.0 (Windows NT 10.0; Win64; x64) AppleWebKit/537.36 (KHTML, like Gecko) Chrome/141.0.0.0 Safari/537.36"
27.29.183.21 - - [06/May/2026:18:16:34 +0800] "POST /kindeditor/upload_json.ashx?dir=file HTTP/1.1" 404 9581 "-" "Mozilla/5.0 (Windows NT 10.0; Win64; x64; Trident/7.0; rv:11.0) like Gecko"
27.29.178.10 - - [06/May/2026:18:16:34 +0800] "POST /kindeditor/upload_json.php?dir=file HTTP/1.1" 404 47 "-" "Mozilla/5.0 (Windows NT 10.0; Win64; x64; Trident/7.0; rv:11.0) like Gecko"
27.29.178.10 - - [06/May/2026:18:16:34 +0800] "POST /kindeditor/upload_json.asp?dir=file HTTP/1.1" 404 9581 "-" "Mozilla/5.0 (Windows NT 10.0; Win64; x64) Edg/141.0.0.0"
27.29.178.10 - - [06/May/2026:18:16:35 +0800] "POST /kindeditor/upload_json.jsp?dir=file HTTP/1.1" 404 9580 "-" "Mozilla/5.0 (Windows NT 10.0; Win64; x64) Edg/141.0.0.0"
27.29.178.10 - - [06/May/2026:18:16:36 +0800] "POST /upload_json.ashx?dir=file HTTP/1.1" 404 9580 "-" "Mozilla/5.0 (Windows NT 10.0; Win64; x64) Edg/141.0.0.0"
27.29.178.10 - - [06/May/2026:18:16:36 +0800] "POST /upload_json.php?dir=file HTTP/1.1" 404 47 "-" "Mozilla/5.0 (Windows NT 10.0; Win64; x64; Trident/7.0; rv:11.0) like Gecko"
27.29.178.10 - - [06/May/2026:18:16:37 +0800] "POST /upload_json.asp?dir=file HTTP/1.1" 404 9580 "-" "Mozilla/5.0 (Windows NT 10.0; Win64; x64) Edg/141.0.0.0"
27.29.178.10 - - [06/May/2026:18:16:38 +0800] "POST /upload_json.jsp?dir=file HTTP/1.1" 404 9580 "-" "Mozilla/5.0 (Windows NT 10.0; Win64; x64; rv:141.0) Gecko/20100101 Firefox/141.0"
27.29.178.10 - - [06/May/2026:18:16:39 +0800] "POST /admin/upload_json.ashx?dir=file HTTP/1.1" 404 9580 "-" "Mozilla/5.0 (Windows NT 10.0; Win64; x64) AppleWebKit/537.36 (KHTML, like Gecko) Chrome/141.0.0.0 Safari/537.36"
27.29.183.21 - - [06/May/2026:18:16:39 +0800] "POST /admin/upload_json.php?dir=file HTTP/1.1" 404 47 "-" "Mozilla/5.0 (Windows NT 10.0; Win64; x64; rv:141.0) Gecko/20100101 Firefox/141.0"
27.29.183.21 - - [06/May/2026:18:16:40 +0800] "POST /admin/upload_json.asp?dir=file HTTP/1.1" 404 9579 "-" "Mozilla/5.0 (Windows NT 10.0; Win64; x64) AppleWebKit/537.36 (KHTML, like Gecko) Chrome/141.0.0.0 Safari/537.36"
27.29.178.10 - - [06/May/2026:18:16:40 +0800] "POST /admin/upload_json.jsp?dir=file HTTP/1.1" 404 9579 "-" "Mozilla/5.0 (Windows NT 10.0; Win64; x64; rv:141.0) Gecko/20100101 Firefox/141.0"
27.29.183.21 - - [06/May/2026:18:16:41 +0800] "POST /public/kindeditor/asp/upload_json.asp?dir=file HTTP/1.1" 404 9579 "-" "Mozilla/5.0 (Windows NT 10.0; Win64; x64; rv:141.0) Gecko/20100101 Firefox/141.0"
27.29.178.10 - - [06/May/2026:18:16:41 +0800] "POST /public/kindeditor/php/upload_json.php?dir=file HTTP/1.1" 404 47 "-" "Mozilla/5.0 (Windows NT 10.0; Win64; x64) AppleWebKit/537.36 (KHTML, like Gecko) Chrome/141.0.0.0 Safari/537.36"
27.29.183.21 - - [06/May/2026:18:16:42 +0800] "POST /public/kindeditor/jsp/upload_json.jsp?dir=file HTTP/1.1" 404 9580 "-" "Mozilla/5.0 (Windows NT 10.0; Win64; x64) AppleWebKit/537.36 (KHTML, like Gecko) Chrome/141.0.0.0 Safari/537.36"
27.29.183.21 - - [06/May/2026:18:16:43 +0800] "POST /public/kindeditor/asp.net/upload_json.ashx?dir=file HTTP/1.1" 404 9580 "-" "Mozilla/5.0 (Windows NT 10.0; Win64; x64) AppleWebKit/537.36 (KHTML, like Gecko) Chrome/141.0.0.0 Safari/537.36"
27.29.183.21 - - [06/May/2026:18:16:44 +0800] "POST /public/js/kindeditor/asp/upload_json.asp?dir=file HTTP/1.1" 404 9580 "-" "Mozilla/5.0 (Windows NT 10.0; Win64; x64; Trident/7.0; rv:11.0) like Gecko"
27.29.183.21 - - [06/May/2026:18:16:44 +0800] "POST /public/js/kindeditor/php/upload_json.php?dir=file HTTP/1.1" 404 47 "-" "Mozilla/5.0 (Windows NT 10.0; Win64; x64; Trident/7.0; rv:11.0) like Gecko"
27.29.183.21 - - [06/May/2026:18:16:45 +0800] "POST /public/js/kindeditor/jsp/upload_json.jsp?dir=file HTTP/1.1" 404 9580 "-" "Mozilla/5.0 (Windows NT 10.0; Win64; x64) Edg/141.0.0.0"
27.29.183.21 - - [06/May/2026:18:16:45 +0800] "POST /public/js/kindeditor/asp.net/upload_json.ashx?dir=file HTTP/1.1" 404 9580 "-" "Mozilla/5.0 (Windows NT 10.0; Win64; x64; rv:141.0) Gecko/20100101 Firefox/141.0"
27.29.183.21 - - [06/May/2026:18:16:46 +0800] "POST /admin/js/kindeditor/asp/upload_json.asp?dir=file HTTP/1.1" 404 9580 "-" "Mozilla/5.0 (Windows NT 10.0; Win64; x64; rv:141.0) Gecko/20100101 Firefox/141.0"
27.29.183.21 - - [06/May/2026:18:16:46 +0800] "POST /admin/js/kindeditor/php/upload_json.php?dir=file HTTP/1.1" 404 47 "-" "Mozilla/5.0 (Windows NT 10.0; Win64; x64; rv:141.0) Gecko/20100101 Firefox/141.0"
27.29.178.10 - - [06/May/2026:18:16:47 +0800] "POST /admin/js/kindeditor/jsp/upload_json.jsp?dir=file HTTP/1.1" 404 9580 "-" "Mozilla/5.0 (Windows NT 10.0; Win64; x64) Edg/141.0.0.0"
27.29.183.21 - - [06/May/2026:18:16:48 +0800] "POST /admin/js/kindeditor/asp.net/upload_json.ashx?dir=file HTTP/1.1" 404 9580 "-" "Mozilla/5.0 (Windows NT 10.0; Win64; x64) AppleWebKit/537.36 (KHTML, like Gecko) Chrome/141.0.0.0 Safari/537.36"
27.29.183.21 - - [06/May/2026:18:16:49 +0800] "POST /admin/kindeditor/asp/upload_json.asp?dir=file HTTP/1.1" 404 9580 "-" "Mozilla/5.0 (Windows NT 10.0; Win64; x64; rv:141.0) Gecko/20100101 Firefox/141.0"
27.29.183.21 - - [06/May/2026:18:16:49 +0800] "POST /admin/kindeditor/php/upload_json.php?dir=file HTTP/1.1" 404 47 "-" "Mozilla/5.0 (Windows NT 10.0; Win64; x64; Trident/7.0; rv:11.0) like Gecko"
27.29.178.10 - - [06/May/2026:18:16:50 +0800] "POST /admin/kindeditor/jsp/upload_json.jsp?dir=file HTTP/1.1" 404 9578 "-" "Mozilla/5.0 (Windows NT 10.0; Win64; x64; rv:141.0) Gecko/20100101 Firefox/141.0"
27.29.178.10 - - [06/May/2026:18:16:51 +0800] "POST /admin/kindeditor/asp.net/upload_json.ashx?dir=file HTTP/1.1" 404 9579 "-" "Mozilla/5.0 (Windows NT 10.0; Win64; x64; rv:141.0) Gecko/20100101 Firefox/141.0"
27.29.183.21 - - [06/May/2026:18:16:52 +0800] "POST /js/kindeditor/asp/upload_json.asp?dir=file HTTP/1.1" 404 9580 "-" "Mozilla/5.0 (Windows NT 10.0; Win64; x64; rv:141.0) Gecko/20100101 Firefox/141.0"
27.29.178.10 - - [06/May/2026:18:16:52 +0800] "POST /js/kindeditor/php/upload_json.php?dir=file HTTP/1.1" 404 47 "-" "Mozilla/5.0 (Windows NT 10.0; Win64; x64) Edg/141.0.0.0"
27.29.178.10 - - [06/May/2026:18:16:52 +0800] "POST /js/kindeditor/jsp/upload_json.jsp?dir=file HTTP/1.1" 404 9580 "-" "Mozilla/5.0 (Windows NT 10.0; Win64; x64) AppleWebKit/537.36 (KHTML, like Gecko) Chrome/141.0.0.0 Safari/537.36"
27.29.183.21 - - [06/May/2026:18:16:53 +0800] "POST /js/kindeditor/asp.net/upload_json.ashx?dir=file HTTP/1.1" 404 9580 "-" "Mozilla/5.0 (Windows NT 10.0; Win64; x64; Trident/7.0; rv:11.0) like Gecko"
27.29.183.21 - - [06/May/2026:18:16:53 +0800] "POST /editor/php/upload_json.php?dir=file HTTP/1.1" 404 47 "-" "Mozilla/5.0 (Windows NT 10.0; Win64; x64; Trident/7.0; rv:11.0) like Gecko"
27.29.178.10 - - [06/May/2026:18:16:54 +0800] "POST /editor/asp/upload_json.asp?dir=file HTTP/1.1" 404 9580 "-" "Mozilla/5.0 (Windows NT 10.0; Win64; x64) Edg/141.0.0.0"
27.29.178.10 - - [06/May/2026:18:16:55 +0800] "POST /editor/jsp/upload_json.jsp?dir=file HTTP/1.1" 404 9580 "-" "Mozilla/5.0 (Windows NT 10.0; Win64; x64; Trident/7.0; rv:11.0) like Gecko"
27.29.178.10 - - [06/May/2026:18:16:56 +0800] "POST /editor/asp.net/upload_json.ashx?dir=file HTTP/1.1" 404 9579 "-" "Mozilla/5.0 (Windows NT 10.0; Win64; x64; Trident/7.0; rv:11.0) like Gecko"
27.29.178.10 - - [06/May/2026:18:16:56 +0800] "POST /kind/php/upload_json.php?dir=file HTTP/1.1" 404 47 "-" "Mozilla/5.0 (Windows NT 10.0; Win64; x64) AppleWebKit/537.36 (KHTML, like Gecko) Chrome/141.0.0.0 Safari/537.36"
27.29.178.10 - - [06/May/2026:18:16:57 +0800] "POST /kind/asp/upload_json.asp?dir=file HTTP/1.1" 404 9580 "-" "Mozilla/5.0 (Windows NT 10.0; Win64; x64) Edg/141.0.0.0"
27.29.178.10 - - [06/May/2026:18:16:57 +0800] "POST /kind/jsp/upload_json.jsp?dir=file HTTP/1.1" 404 9580 "-" "Mozilla/5.0 (Windows NT 10.0; Win64; x64) AppleWebKit/537.36 (KHTML, like Gecko) Chrome/141.0.0.0 Safari/537.36"
27.29.178.10 - - [06/May/2026:18:16:58 +0800] "POST /kind/asp.net/upload_json.ashx?dir=file HTTP/1.1" 404 9580 "-" "Mozilla/5.0 (Windows NT 10.0; Win64; x64) Edg/141.0.0.0"
27.29.183.21 - - [06/May/2026:18:16:58 +0800] "POST /admin/editor/php/upload_json.php?dir=file HTTP/1.1" 404 47 "-" "Mozilla/5.0 (Windows NT 10.0; Win64; x64; Trident/7.0; rv:11.0) like Gecko"
27.29.178.10 - - [06/May/2026:18:16:59 +0800] "POST /admin/editor/upload_json.ashx?dir=file HTTP/1.1" 404 9580 "-" "Mozilla/5.0 (Windows NT 10.0; Win64; x64) Edg/141.0.0.0"
27.29.183.21 - - [06/May/2026:18:16:59 +0800] "POST /static/kindeditor/php/upload_json.php?dir=file HTTP/1.1" 404 47 "-" "Mozilla/5.0 (Windows NT 10.0; Win64; x64; rv:141.0) Gecko/20100101 Firefox/141.0"
27.29.183.21 - - [06/May/2026:18:16:59 +0800] "POST /statics/kindeditor/php/upload_json.php?dir=file HTTP/1.1" 404 47 "-" "Mozilla/5.0 (Windows NT 10.0; Win64; x64; rv:141.0) Gecko/20100101 Firefox/141.0"
27.29.178.10 - - [06/May/2026:18:16:59 +0800] "POST /static/editor/upload_json.php?dir=file HTTP/1.1" 404 47 "-" "Mozilla/5.0 (Windows NT 10.0; Win64; x64; rv:141.0) Gecko/20100101 Firefox/141.0"
27.29.183.21 - - [06/May/2026:18:16:59 +0800] "POST /assets/kindeditor/upload_json.php?dir=file HTTP/1.1" 404 47 "-" "Mozilla/5.0 (Windows NT 10.0; Win64; x64; Trident/7.0; rv:11.0) like Gecko"
27.29.183.21 - - [06/May/2026:18:17:00 +0800] "POST /assets/editor/upload_json.ashx?dir=file HTTP/1.1" 404 9579 "-" "Mozilla/5.0 (Windows NT 10.0; Win64; x64; rv:141.0) Gecko/20100101 Firefox/141.0"
27.29.183.21 - - [06/May/2026:18:17:00 +0800] "POST /plugins/kindeditor/php/upload_json.php?dir=file HTTP/1.1" 404 47 "-" "Mozilla/5.0 (Windows NT 10.0; Win64; x64; Trident/7.0; rv:11.0) like Gecko"
27.29.178.10 - - [06/May/2026:18:17:00 +0800] "POST /plugins/editor/upload_json.php?dir=file HTTP/1.1" 404 47 "-" "Mozilla/5.0 (Windows NT 10.0; Win64; x64) Edg/141.0.0.0"
27.29.178.10 - - [06/May/2026:18:17:00 +0800] "POST /plus/kindeditor/php/upload_json.php?dir=file HTTP/1.1" 404 47 "-" "Mozilla/5.0 (Windows NT 10.0; Win64; x64; rv:141.0) Gecko/20100101 Firefox/141.0"
27.29.178.10 - - [06/May/2026:18:17:00 +0800] "POST /uploads/kindeditor/upload_json.php?dir=file HTTP/1.1" 404 47 "-" "Mozilla/5.0 (Windows NT 10.0; Win64; x64) AppleWebKit/537.36 (KHTML, like Gecko) Chrome/141.0.0.0 Safari/537.36"
27.29.183.21 - - [06/May/2026:18:17:01 +0800] "POST /upload/kindeditor/upload_json.php?dir=file HTTP/1.1" 404 47 "-" "Mozilla/5.0 (Windows NT 10.0; Win64; x64) AppleWebKit/537.36 (KHTML, like Gecko) Chrome/141.0.0.0 Safari/537.36"
