154.12.28.88 - - [25/Apr/2026:12:02:09 +0800] "POST /wp-login.php HTTP/1.1" 200 2987 "http://36.133.115.36/wp-login.php" "Mozilla/5.0 (Windows NT 10.0; Win64; x64) AppleWebKit/537.36 (KHTML, like Gecko) Chrome/120.0.0.0 Safari/537.36"
154.12.28.88 - - [25/Apr/2026:12:02:10 +0800] "GET /wp-login.php HTTP/1.1" 200 2853 "-" "Mozilla/5.0 (Windows NT 10.0; Win64; x64) AppleWebKit/537.36 (KHTML, like Gecko) Chrome/120.0.0.0 Safari/537.36"
154.12.28.88 - - [25/Apr/2026:12:02:11 +0800] "POST /wp-login.php HTTP/1.1" 200 3063 "http://36.133.115.36/wp-login.php" "Mozilla/5.0 (Windows NT 11.0; Win64; x64) AppleWebKit/537.36 (KHTML, like Gecko) Chrome/121.0.0.0 Safari/537.36"
154.12.28.88 - - [25/Apr/2026:12:02:12 +0800] "POST /wp-login.php HTTP/1.1" 200 2999 "http://36.133.115.36/wp-login.php" "Mozilla/5.0 (Windows NT 11.0; Win64; x64) AppleWebKit/537.36 (KHTML, like Gecko) Chrome/121.0.0.0 Safari/537.36"
154.12.28.88 - - [25/Apr/2026:12:02:13 +0800] "POST /wp-login.php HTTP/1.1" 200 2987 "http://36.133.115.36/wp-login.php" "Mozilla/5.0 (Windows NT 11.0; Win64; x64) AppleWebKit/537.36 (KHTML, like Gecko) Chrome/121.0.0.0 Safari/537.36"
154.12.28.88 - - [25/Apr/2026:12:02:14 +0800] "GET /wp-login.php HTTP/1.1" 200 2853 "-" "Mozilla/5.0 (Windows NT 10.0; Win64; x64) AppleWebKit/537.36 (KHTML, like Gecko) Chrome/120.0.0.0 Safari/537.36"
154.12.28.88 - - [25/Apr/2026:12:02:15 +0800] "POST /wp-login.php HTTP/1.1" 200 3062 "http://36.133.115.36/wp-login.php" "Mozilla/5.0 (X11; Linux x86_64) AppleWebKit/537.36 (KHTML, like Gecko) Chrome/120.0.0.0 Safari/537.36"
154.12.28.88 - - [25/Apr/2026:12:02:15 +0800] "POST /wp-login.php HTTP/1.1" 200 2999 "http://36.133.115.36/wp-login.php" "Mozilla/5.0 (X11; Linux x86_64) AppleWebKit/537.36 (KHTML, like Gecko) Chrome/120.0.0.0 Safari/537.36"
154.12.28.88 - - [25/Apr/2026:12:02:16 +0800] "POST /wp-login.php HTTP/1.1" 200 2987 "http://36.133.115.36/wp-login.php" "Mozilla/5.0 (X11; Linux x86_64) AppleWebKit/537.36 (KHTML, like Gecko) Chrome/120.0.0.0 Safari/537.36"
154.12.28.88 - - [25/Apr/2026:12:02:17 +0800] "GET /wp-login.php HTTP/1.1" 200 2853 "-" "Mozilla/5.0 (X11; Linux x86_64) AppleWebKit/537.36 (KHTML, like Gecko) Chrome/120.0.0.0 Safari/537.36"
154.12.28.88 - - [25/Apr/2026:12:02:18 +0800] "POST /wp-login.php HTTP/1.1" 200 3063 "http://36.133.115.36/wp-login.php" "Mozilla/5.0 (Windows NT 10.0; Win64; x64; rv:121.0) Gecko/20100101 Firefox/121.0"
154.12.28.88 - - [25/Apr/2026:12:02:19 +0800] "POST /wp-login.php HTTP/1.1" 200 2999 "http://36.133.115.36/wp-login.php" "Mozilla/5.0 (Windows NT 10.0; Win64; x64; rv:121.0) Gecko/20100101 Firefox/121.0"
154.12.28.88 - - [25/Apr/2026:12:02:20 +0800] "POST /wp-login.php HTTP/1.1" 200 2987 "http://36.133.115.36/wp-login.php" "Mozilla/5.0 (Windows NT 10.0; Win64; x64; rv:121.0) Gecko/20100101 Firefox/121.0"
154.12.28.88 - - [25/Apr/2026:12:02:21 +0800] "GET /wp-login.php HTTP/1.1" 200 2853 "-" "Mozilla/5.0 (Windows NT 11.0; Win64; x64) AppleWebKit/537.36 (KHTML, like Gecko) Chrome/121.0.0.0 Safari/537.36"
154.12.28.88 - - [25/Apr/2026:12:02:22 +0800] "POST /wp-login.php HTTP/1.1" 200 3063 "http://36.133.115.36/wp-login.php" "Mozilla/5.0 (Windows NT 10.0; Win64; x64) AppleWebKit/537.36 (KHTML, like Gecko) Chrome/120.0.0.0 Safari/537.36"
154.12.28.88 - - [25/Apr/2026:12:02:23 +0800] "POST /wp-login.php HTTP/1.1" 200 2999 "http://36.133.115.36/wp-login.php" "Mozilla/5.0 (Windows NT 10.0; Win64; x64) AppleWebKit/537.36 (KHTML, like Gecko) Chrome/120.0.0.0 Safari/537.36"
154.12.28.88 - - [25/Apr/2026:12:02:24 +0800] "POST /wp-login.php HTTP/1.1" 200 2987 "http://36.133.115.36/wp-login.php" "Mozilla/5.0 (Windows NT 10.0; Win64; x64) AppleWebKit/537.36 (KHTML, like Gecko) Chrome/120.0.0.0 Safari/537.36"
154.12.28.88 - - [25/Apr/2026:12:02:25 +0800] "GET /wp-login.php HTTP/1.1" 200 2853 "-" "Mozilla/5.0 (Windows NT 11.0; Win64; x64) AppleWebKit/537.36 (KHTML, like Gecko) Chrome/121.0.0.0 Safari/537.36"
154.12.28.88 - - [25/Apr/2026:12:02:26 +0800] "POST /wp-login.php HTTP/1.1" 200 3064 "http://36.133.115.36/wp-login.php" "Mozilla/5.0 (Macintosh; Intel Mac OS X 10_15_7) AppleWebKit/537.36 (KHTML, like Gecko) Chrome/120.0.0.0 Safari/537.36"
154.12.28.88 - - [25/Apr/2026:12:02:27 +0800] "POST /wp-login.php HTTP/1.1" 200 2999 "http://36.133.115.36/wp-login.php" "Mozilla/5.0 (Macintosh; Intel Mac OS X 10_15_7) AppleWebKit/537.36 (KHTML, like Gecko) Chrome/120.0.0.0 Safari/537.36"
154.12.28.88 - - [25/Apr/2026:12:02:28 +0800] "POST /wp-login.php HTTP/1.1" 200 2987 "http://36.133.115.36/wp-login.php" "Mozilla/5.0 (Macintosh; Intel Mac OS X 10_15_7) AppleWebKit/537.36 (KHTML, like Gecko) Chrome/120.0.0.0 Safari/537.36"
154.12.28.88 - - [25/Apr/2026:12:02:29 +0800] "GET /wp-login.php HTTP/1.1" 200 2853 "-" "Mozilla/5.0 (X11; Linux x86_64) AppleWebKit/537.36 (KHTML, like Gecko) Chrome/120.0.0.0 Safari/537.36"
154.12.28.88 - - [25/Apr/2026:12:02:30 +0800] "POST /wp-login.php HTTP/1.1" 200 3062 "http://36.133.115.36/wp-login.php" "Mozilla/5.0 (Windows NT 11.0; Win64; x64) AppleWebKit/537.36 (KHTML, like Gecko) Chrome/121.0.0.0 Safari/537.36"
154.12.28.88 - - [25/Apr/2026:12:02:31 +0800] "POST /wp-login.php HTTP/1.1" 200 2999 "http://36.133.115.36/wp-login.php" "Mozilla/5.0 (Windows NT 11.0; Win64; x64) AppleWebKit/537.36 (KHTML, like Gecko) Chrome/121.0.0.0 Safari/537.36"
154.12.28.88 - - [25/Apr/2026:12:02:32 +0800] "POST /wp-login.php HTTP/1.1" 200 2987 "http://36.133.115.36/wp-login.php" "Mozilla/5.0 (Windows NT 11.0; Win64; x64) AppleWebKit/537.36 (KHTML, like Gecko) Chrome/121.0.0.0 Safari/537.36"
154.12.28.88 - - [25/Apr/2026:12:02:32 +0800] "GET /wp-login.php HTTP/1.1" 200 2853 "-" "Mozilla/5.0 (X11; Linux x86_64) AppleWebKit/537.36 (KHTML, like Gecko) Chrome/120.0.0.0 Safari/537.36"
154.12.28.88 - - [25/Apr/2026:12:02:33 +0800] "POST /wp-login.php HTTP/1.1" 200 3063 "http://36.133.115.36/wp-login.php" "Mozilla/5.0 (X11; Linux x86_64) AppleWebKit/537.36 (KHTML, like Gecko) Chrome/120.0.0.0 Safari/537.36"
154.12.28.88 - - [25/Apr/2026:12:02:34 +0800] "POST /wp-login.php HTTP/1.1" 200 2999 "http://36.133.115.36/wp-login.php" "Mozilla/5.0 (X11; Linux x86_64) AppleWebKit/537.36 (KHTML, like Gecko) Chrome/120.0.0.0 Safari/537.36"
154.12.28.88 - - [25/Apr/2026:12:02:35 +0800] "POST /wp-login.php HTTP/1.1" 200 2987 "http://36.133.115.36/wp-login.php" "Mozilla/5.0 (X11; Linux x86_64) AppleWebKit/537.36 (KHTML, like Gecko) Chrome/120.0.0.0 Safari/537.36"
154.12.28.88 - - [25/Apr/2026:12:02:36 +0800] "GET /wp-login.php HTTP/1.1" 200 2853 "-" "Mozilla/5.0 (X11; Linux x86_64) AppleWebKit/537.36 (KHTML, like Gecko) Chrome/120.0.0.0 Safari/537.36"
154.12.28.88 - - [25/Apr/2026:12:02:37 +0800] "POST /wp-login.php HTTP/1.1" 200 3062 "http://36.133.115.36/wp-login.php" "Mozilla/5.0 (Windows NT 10.0; Win64; x64; rv:121.0) Gecko/20100101 Firefox/121.0"
154.12.28.88 - - [25/Apr/2026:12:02:38 +0800] "POST /wp-login.php HTTP/1.1" 200 2999 "http://36.133.115.36/wp-login.php" "Mozilla/5.0 (Windows NT 10.0; Win64; x64; rv:121.0) Gecko/20100101 Firefox/121.0"
154.12.28.88 - - [25/Apr/2026:12:02:39 +0800] "POST /wp-login.php HTTP/1.1" 200 2987 "http://36.133.115.36/wp-login.php" "Mozilla/5.0 (Windows NT 10.0; Win64; x64; rv:121.0) Gecko/20100101 Firefox/121.0"
154.12.28.88 - - [25/Apr/2026:12:02:40 +0800] "GET /wp-login.php HTTP/1.1" 200 2853 "-" "Mozilla/5.0 (Windows NT 10.0; Win64; x64) AppleWebKit/537.36 (KHTML, like Gecko) Chrome/120.0.0.0 Safari/537.36"
154.12.28.88 - - [25/Apr/2026:12:02:41 +0800] "POST /wp-login.php HTTP/1.1" 200 3063 "http://36.133.115.36/wp-login.php" "Mozilla/5.0 (X11; Linux x86_64) AppleWebKit/537.36 (KHTML, like Gecko) Chrome/120.0.0.0 Safari/537.36"
154.12.28.88 - - [25/Apr/2026:12:02:42 +0800] "POST /wp-login.php HTTP/1.1" 200 2999 "http://36.133.115.36/wp-login.php" "Mozilla/5.0 (X11; Linux x86_64) AppleWebKit/537.36 (KHTML, like Gecko) Chrome/120.0.0.0 Safari/537.36"
154.12.28.88 - - [25/Apr/2026:12:02:43 +0800] "POST /wp-login.php HTTP/1.1" 200 2987 "http://36.133.115.36/wp-login.php" "Mozilla/5.0 (X11; Linux x86_64) AppleWebKit/537.36 (KHTML, like Gecko) Chrome/120.0.0.0 Safari/537.36"
154.12.28.88 - - [25/Apr/2026:12:02:44 +0800] "GET /wp-login.php HTTP/1.1" 200 2853 "-" "Mozilla/5.0 (Windows NT 11.0; Win64; x64) AppleWebKit/537.36 (KHTML, like Gecko) Chrome/121.0.0.0 Safari/537.36"
154.12.28.88 - - [25/Apr/2026:12:02:45 +0800] "POST /wp-login.php HTTP/1.1" 200 3062 "http://36.133.115.36/wp-login.php" "Mozilla/5.0 (Windows NT 10.0; Win64; x64; rv:121.0) Gecko/20100101 Firefox/121.0"
154.12.28.88 - - [25/Apr/2026:12:02:46 +0800] "POST /wp-login.php HTTP/1.1" 200 2999 "http://36.133.115.36/wp-login.php" "Mozilla/5.0 (Windows NT 10.0; Win64; x64; rv:121.0) Gecko/20100101 Firefox/121.0"
154.12.28.88 - - [25/Apr/2026:12:02:47 +0800] "POST /wp-login.php HTTP/1.1" 200 2987 "http://36.133.115.36/wp-login.php" "Mozilla/5.0 (Windows NT 10.0; Win64; x64; rv:121.0) Gecko/20100101 Firefox/121.0"
154.12.28.88 - - [25/Apr/2026:12:02:48 +0800] "GET /wp-login.php HTTP/1.1" 200 2853 "-" "Mozilla/5.0 (X11; Linux x86_64) AppleWebKit/537.36 (KHTML, like Gecko) Chrome/120.0.0.0 Safari/537.36"
154.12.28.88 - - [25/Apr/2026:12:02:49 +0800] "POST /wp-login.php HTTP/1.1" 200 3063 "http://36.133.115.36/wp-login.php" "Mozilla/5.0 (Macintosh; Intel Mac OS X 10_15_7) AppleWebKit/537.36 (KHTML, like Gecko) Chrome/120.0.0.0 Safari/537.36"
154.12.28.88 - - [25/Apr/2026:12:02:49 +0800] "POST /wp-login.php HTTP/1.1" 200 2999 "http://36.133.115.36/wp-login.php" "Mozilla/5.0 (Macintosh; Intel Mac OS X 10_15_7) AppleWebKit/537.36 (KHTML, like Gecko) Chrome/120.0.0.0 Safari/537.36"
154.12.28.88 - - [25/Apr/2026:12:02:50 +0800] "POST /wp-login.php HTTP/1.1" 200 2987 "http://36.133.115.36/wp-login.php" "Mozilla/5.0 (Macintosh; Intel Mac OS X 10_15_7) AppleWebKit/537.36 (KHTML, like Gecko) Chrome/120.0.0.0 Safari/537.36"
154.12.28.88 - - [25/Apr/2026:12:02:51 +0800] "GET /wp-login.php HTTP/1.1" 200 2853 "-" "Mozilla/5.0 (X11; Linux x86_64) AppleWebKit/537.36 (KHTML, like Gecko) Chrome/120.0.0.0 Safari/537.36"
154.12.28.88 - - [25/Apr/2026:12:02:52 +0800] "POST /wp-login.php HTTP/1.1" 200 3062 "http://36.133.115.36/wp-login.php" "Mozilla/5.0 (Windows NT 10.0; Win64; x64; rv:121.0) Gecko/20100101 Firefox/121.0"
154.12.28.88 - - [25/Apr/2026:12:02:53 +0800] "POST /wp-login.php HTTP/1.1" 200 2999 "http://36.133.115.36/wp-login.php" "Mozilla/5.0 (Windows NT 10.0; Win64; x64; rv:121.0) Gecko/20100101 Firefox/121.0"
154.12.28.88 - - [25/Apr/2026:12:02:54 +0800] "POST /wp-login.php HTTP/1.1" 200 2987 "http://36.133.115.36/wp-login.php" "Mozilla/5.0 (Windows NT 10.0; Win64; x64; rv:121.0) Gecko/20100101 Firefox/121.0"
154.12.28.88 - - [25/Apr/2026:12:02:55 +0800] "GET /wp-login.php HTTP/1.1" 200 2853 "-" "Mozilla/5.0 (Macintosh; Intel Mac OS X 10_15_7) AppleWebKit/537.36 (KHTML, like Gecko) Chrome/120.0.0.0 Safari/537.36"
154.12.28.88 - - [25/Apr/2026:12:02:55 +0800] "POST /wp-login.php HTTP/1.1" 200 3063 "http://36.133.115.36/wp-login.php" "Mozilla/5.0 (Windows NT 11.0; Win64; x64) AppleWebKit/537.36 (KHTML, like Gecko) Chrome/121.0.0.0 Safari/537.36"
154.12.28.88 - - [25/Apr/2026:12:02:57 +0800] "POST /wp-login.php HTTP/1.1" 200 2999 "http://36.133.115.36/wp-login.php" "Mozilla/5.0 (Windows NT 11.0; Win64; x64) AppleWebKit/537.36 (KHTML, like Gecko) Chrome/121.0.0.0 Safari/537.36"
154.12.28.88 - - [25/Apr/2026:12:02:57 +0800] "POST /wp-login.php HTTP/1.1" 200 2987 "http://36.133.115.36/wp-login.php" "Mozilla/5.0 (Windows NT 11.0; Win64; x64) AppleWebKit/537.36 (KHTML, like Gecko) Chrome/121.0.0.0 Safari/537.36"
123.147.244.242 - - [25/Apr/2026:12:02:58 +0800] "GET /about/ HTTP/1.1" 301 5 "-" "Mozilla/5.0 (iPhone; CPU iPhone OS 18_7 like Mac OS X) AppleWebKit/605.1.15 (KHTML, like Gecko) Version/26.3 Mobile/15E148 Safari/604.1"
154.12.28.88 - - [25/Apr/2026:12:02:59 +0800] "GET /wp-login.php HTTP/1.1" 200 2853 "-" "Mozilla/5.0 (Windows NT 11.0; Win64; x64) AppleWebKit/537.36 (KHTML, like Gecko) Chrome/121.0.0.0 Safari/537.36"
123.147.244.242 - - [25/Apr/2026:12:02:59 +0800] "GET /about HTTP/1.1" 200 24161 "-" "Mozilla/5.0 (iPhone; CPU iPhone OS 18_7 like Mac OS X) AppleWebKit/605.1.15 (KHTML, like Gecko) Version/26.3 Mobile/15E148 Safari/604.1"
123.147.244.242 - - [25/Apr/2026:12:02:59 +0800] "GET /wp-content/uploads/2025/07/1750649803-qizhou800x500_2.webp HTTP/1.1" 200 63616 "http://cqqizhou.com/about" "Mozilla/5.0 (iPhone; CPU iPhone OS 18_7 like Mac OS X) AppleWebKit/605.1.15 (KHTML, like Gecko) Version/26.3 Mobile/15E148 Safari/604.1"
123.147.244.242 - - [25/Apr/2026:12:02:59 +0800] "GET /wp-content/uploads/2025/07/1750671806-partner5_200x50.webp HTTP/1.1" 200 2840 "http://cqqizhou.com/about" "Mozilla/5.0 (iPhone; CPU iPhone OS 18_7 like Mac OS X) AppleWebKit/605.1.15 (KHTML, like Gecko) Version/26.3 Mobile/15E148 Safari/604.1"
123.147.244.242 - - [25/Apr/2026:12:02:59 +0800] "GET /wp-content/uploads/elementor/thumbs/1751209300-Hello-Qizhou3-r91b71mdtei8mab1rr8x739cnvi1mafuaga3vbed3o.webp HTTP/1.1" 200 39120 "http://cqqizhou.com/about" "Mozilla/5.0 (iPhone; CPU iPhone OS 18_7 like Mac OS X) AppleWebKit/605.1.15 (KHTML, like Gecko) Version/26.3 Mobile/15E148 Safari/604.1"
123.147.244.242 - - [25/Apr/2026:12:02:59 +0800] "GET /wp-content/uploads/2025/07/1750671805-partner4_200x50.webp HTTP/1.1" 200 2390 "http://cqqizhou.com/about" "Mozilla/5.0 (iPhone; CPU iPhone OS 18_7 like Mac OS X) AppleWebKit/605.1.15 (KHTML, like Gecko) Version/26.3 Mobile/15E148 Safari/604.1"
123.147.244.242 - - [25/Apr/2026:12:02:59 +0800] "GET /wp-content/uploads/2025/07/1750671808-partner6_200x50.webp HTTP/1.1" 200 3004 "http://cqqizhou.com/about" "Mozilla/5.0 (iPhone; CPU iPhone OS 18_7 like Mac OS X) AppleWebKit/605.1.15 (KHTML, like Gecko) Version/26.3 Mobile/15E148 Safari/604.1"
123.147.244.242 - - [25/Apr/2026:12:02:59 +0800] "GET /wp-content/uploads/2025/06/1750755307-qizhoucangku2000x400_2025624.webp HTTP/1.1" 200 45470 "http://cqqizhou.com/about" "Mozilla/5.0 (iPhone; CPU iPhone OS 18_7 like Mac OS X) AppleWebKit/605.1.15 (KHTML, like Gecko) Version/26.3 Mobile/15E148 Safari/604.1"
123.147.244.242 - - [25/Apr/2026:12:02:59 +0800] "GET /wp-content/uploads/elementor/thumbs/1751373145-About_Qizhoudalou_W800px-r91b70ok8huvvdr4ynxnf302e8ie3iydlh6ag9ew82.webp HTTP/1.1" 200 37938 "http://cqqizhou.com/about" "Mozilla/5.0 (iPhone; CPU iPhone OS 18_7 like Mac OS X) AppleWebKit/605.1.15 (KHTML, like Gecko) Version/26.3 Mobile/15E148 Safari/604.1"
123.147.244.242 - - [25/Apr/2026:12:02:59 +0800] "GET /wp-content/uploads/2025/07/1750945417-honor300%C3%97206_1.webp HTTP/1.1" 200 57666 "http://cqqizhou.com/about" "Mozilla/5.0 (iPhone; CPU iPhone OS 18_7 like Mac OS X) AppleWebKit/605.1.15 (KHTML, like Gecko) Version/26.3 Mobile/15E148 Safari/604.1"
123.147.244.242 - - [25/Apr/2026:12:02:59 +0800] "GET /wp-content/uploads/2025/07/1750945444-honor300%C3%97206_2.webp HTTP/1.1" 200 71296 "http://cqqizhou.com/about" "Mozilla/5.0 (iPhone; CPU iPhone OS 18_7 like Mac OS X) AppleWebKit/605.1.15 (KHTML, like Gecko) Version/26.3 Mobile/15E148 Safari/604.1"
123.147.244.242 - - [25/Apr/2026:12:02:59 +0800] "GET /wp-content/uploads/2025/07/1750671801-partner2_200x50.webp HTTP/1.1" 200 3946 "http://cqqizhou.com/about" "Mozilla/5.0 (iPhone; CPU iPhone OS 18_7 like Mac OS X) AppleWebKit/605.1.15 (KHTML, like Gecko) Version/26.3 Mobile/15E148 Safari/604.1"
123.147.244.242 - - [25/Apr/2026:12:02:59 +0800] "GET /wp-content/uploads/2025/07/1750671803-partner3_200x50.webp HTTP/1.1" 200 4414 "http://cqqizhou.com/about" "Mozilla/5.0 (iPhone; CPU iPhone OS 18_7 like Mac OS X) AppleWebKit/605.1.15 (KHTML, like Gecko) Version/26.3 Mobile/15E148 Safari/604.1"
154.12.28.88 - - [25/Apr/2026:12:02:59 +0800] "POST /wp-login.php HTTP/1.1" 200 3062 "http://36.133.115.36/wp-login.php" "Mozilla/5.0 (Windows NT 11.0; Win64; x64) AppleWebKit/537.36 (KHTML, like Gecko) Chrome/121.0.0.0 Safari/537.36"
123.147.244.242 - - [25/Apr/2026:12:02:59 +0800] "GET /wp-content/uploads/2025/07/1750671800-partner1_200x50.webp HTTP/1.1" 200 2244 "http://cqqizhou.com/about" "Mozilla/5.0 (iPhone; CPU iPhone OS 18_7 like Mac OS X) AppleWebKit/605.1.15 (KHTML, like Gecko) Version/26.3 Mobile/15E148 Safari/604.1"
123.147.244.242 - - [25/Apr/2026:12:02:59 +0800] "GET /wp-content/uploads/2025/07/1751425283-qizhou.kf_.qq_.com_.webp HTTP/1.1" 200 16864 "http://cqqizhou.com/about" "Mozilla/5.0 (iPhone; CPU iPhone OS 18_7 like Mac OS X) AppleWebKit/605.1.15 (KHTML, like Gecko) Version/26.3 Mobile/15E148 Safari/604.1"
154.12.28.88 - - [25/Apr/2026:12:03:00 +0800] "POST /wp-login.php HTTP/1.1" 200 2999 "http://36.133.115.36/wp-login.php" "Mozilla/5.0 (Windows NT 11.0; Win64; x64) AppleWebKit/537.36 (KHTML, like Gecko) Chrome/121.0.0.0 Safari/537.36"
154.12.28.88 - - [25/Apr/2026:12:03:01 +0800] "POST /wp-login.php HTTP/1.1" 200 2987 "http://36.133.115.36/wp-login.php" "Mozilla/5.0 (Windows NT 11.0; Win64; x64) AppleWebKit/537.36 (KHTML, like Gecko) Chrome/121.0.0.0 Safari/537.36"
154.12.28.88 - - [25/Apr/2026:12:03:02 +0800] "GET /wp-login.php HTTP/1.1" 200 2853 "-" "Mozilla/5.0 (Windows NT 10.0; Win64; x64) AppleWebKit/537.36 (KHTML, like Gecko) Chrome/120.0.0.0 Safari/537.36"
154.12.28.88 - - [25/Apr/2026:12:03:03 +0800] "POST /wp-login.php HTTP/1.1" 200 3063 "http://36.133.115.36/wp-login.php" "Mozilla/5.0 (Windows NT 11.0; Win64; x64) AppleWebKit/537.36 (KHTML, like Gecko) Chrome/121.0.0.0 Safari/537.36"
154.12.28.88 - - [25/Apr/2026:12:03:04 +0800] "POST /wp-login.php HTTP/1.1" 200 2999 "http://36.133.115.36/wp-login.php" "Mozilla/5.0 (Windows NT 11.0; Win64; x64) AppleWebKit/537.36 (KHTML, like Gecko) Chrome/121.0.0.0 Safari/537.36"
154.12.28.88 - - [25/Apr/2026:12:03:05 +0800] "POST /wp-login.php HTTP/1.1" 200 2987 "http://36.133.115.36/wp-login.php" "Mozilla/5.0 (Windows NT 11.0; Win64; x64) AppleWebKit/537.36 (KHTML, like Gecko) Chrome/121.0.0.0 Safari/537.36"
154.12.28.88 - - [25/Apr/2026:12:03:06 +0800] "GET /wp-login.php HTTP/1.1" 200 2853 "-" "Mozilla/5.0 (Windows NT 10.0; Win64; x64) AppleWebKit/537.36 (KHTML, like Gecko) Chrome/120.0.0.0 Safari/537.36"
154.12.28.88 - - [25/Apr/2026:12:03:07 +0800] "POST /wp-login.php HTTP/1.1" 200 3059 "http://36.133.115.36/wp-login.php" "Mozilla/5.0 (Windows NT 10.0; Win64; x64) AppleWebKit/537.36 (KHTML, like Gecko) Chrome/120.0.0.0 Safari/537.36"
154.12.28.88 - - [25/Apr/2026:12:03:07 +0800] "POST /wp-login.php HTTP/1.1" 200 2999 "http://36.133.115.36/wp-login.php" "Mozilla/5.0 (Windows NT 10.0; Win64; x64) AppleWebKit/537.36 (KHTML, like Gecko) Chrome/120.0.0.0 Safari/537.36"
36.133.115.36 - - [25/Apr/2026:12:03:08 +0800] "POST /wp-cron.php?doing_wp_cron=1777089788.7772490978240966796875 HTTP/1.1" 200 31 "-" "WordPress/6.9; http://cqqizhou.com"
154.12.28.88 - - [25/Apr/2026:12:03:08 +0800] "POST /wp-login.php HTTP/1.1" 200 2987 "http://36.133.115.36/wp-login.php" "Mozilla/5.0 (Windows NT 10.0; Win64; x64) AppleWebKit/537.36 (KHTML, like Gecko) Chrome/120.0.0.0 Safari/537.36"
154.12.28.88 - - [25/Apr/2026:12:03:09 +0800] "GET /wp-login.php HTTP/1.1" 200 2853 "-" "Mozilla/5.0 (Windows NT 10.0; Win64; x64; rv:121.0) Gecko/20100101 Firefox/121.0"
154.12.28.88 - - [25/Apr/2026:12:03:10 +0800] "POST /wp-login.php HTTP/1.1" 200 3059 "http://36.133.115.36/wp-login.php" "Mozilla/5.0 (Windows NT 10.0; Win64; x64; rv:121.0) Gecko/20100101 Firefox/121.0"
154.12.28.88 - - [25/Apr/2026:12:03:11 +0800] "POST /wp-login.php HTTP/1.1" 200 2999 "http://36.133.115.36/wp-login.php" "Mozilla/5.0 (Windows NT 10.0; Win64; x64; rv:121.0) Gecko/20100101 Firefox/121.0"
154.12.28.88 - - [25/Apr/2026:12:03:12 +0800] "POST /wp-login.php HTTP/1.1" 200 2987 "http://36.133.115.36/wp-login.php" "Mozilla/5.0 (Windows NT 10.0; Win64; x64; rv:121.0) Gecko/20100101 Firefox/121.0"
123.147.244.242 - - [25/Apr/2026:12:03:12 +0800] "GET /logistics HTTP/1.1" 200 25341 "http://cqqizhou.com/about" "Mozilla/5.0 (iPhone; CPU iPhone OS 18_7 like Mac OS X) AppleWebKit/605.1.15 (KHTML, like Gecko) Version/26.3 Mobile/15E148 Safari/604.1"
123.147.244.242 - - [25/Apr/2026:12:03:12 +0800] "GET /wp-content/uploads/2026/01/1767696162-qizhoutruck3.webp HTTP/1.1" 200 19026 "http://cqqizhou.com/logistics" "Mozilla/5.0 (iPhone; CPU iPhone OS 18_7 like Mac OS X) AppleWebKit/605.1.15 (KHTML, like Gecko) Version/26.3 Mobile/15E148 Safari/604.1"
123.147.244.242 - - [25/Apr/2026:12:03:12 +0800] "GET /wp-content/uploads/2025/11/1762864381-QZ_Photo-7-1536x1024.webp HTTP/1.1" 200 155402 "http://cqqizhou.com/logistics" "Mozilla/5.0 (iPhone; CPU iPhone OS 18_7 like Mac OS X) AppleWebKit/605.1.15 (KHTML, like Gecko) Version/26.3 Mobile/15E148 Safari/604.1"
123.147.244.242 - - [25/Apr/2026:12:03:12 +0800] "GET /wp-content/uploads/2025/12/1765862012-DSC20251216131140.webp HTTP/1.1" 200 78744 "http://cqqizhou.com/logistics" "Mozilla/5.0 (iPhone; CPU iPhone OS 18_7 like Mac OS X) AppleWebKit/605.1.15 (KHTML, like Gecko) Version/26.3 Mobile/15E148 Safari/604.1"
123.147.244.242 - - [25/Apr/2026:12:03:12 +0800] "GET /wp-content/uploads/2026/01/1767696142-aojiaqiao20260104.webp HTTP/1.1" 200 184988 "http://cqqizhou.com/logistics" "Mozilla/5.0 (iPhone; CPU iPhone OS 18_7 like Mac OS X) AppleWebKit/605.1.15 (KHTML, like Gecko) Version/26.3 Mobile/15E148 Safari/604.1"
154.12.28.88 - - [25/Apr/2026:12:03:13 +0800] "GET /wp-login.php HTTP/1.1" 200 2853 "-" "Mozilla/5.0 (Windows NT 10.0; Win64; x64) AppleWebKit/537.36 (KHTML, like Gecko) Chrome/120.0.0.0 Safari/537.36"
123.147.244.242 - - [25/Apr/2026:12:03:13 +0800] "GET /wp-json/contact-form-7/v1/contact-forms/1444/feedback/schema HTTP/1.1" 200 270 "http://cqqizhou.com/logistics" "Mozilla/5.0 (iPhone; CPU iPhone OS 18_7 like Mac OS X) AppleWebKit/605.1.15 (KHTML, like Gecko) Version/26.3 Mobile/15E148 Safari/604.1"
154.12.28.88 - - [25/Apr/2026:12:03:14 +0800] "POST /wp-login.php HTTP/1.1" 200 3059 "http://36.133.115.36/wp-login.php" "Mozilla/5.0 (Macintosh; Intel Mac OS X 10_15_7) AppleWebKit/537.36 (KHTML, like Gecko) Chrome/120.0.0.0 Safari/537.36"
154.12.28.88 - - [25/Apr/2026:12:03:15 +0800] "POST /wp-login.php HTTP/1.1" 200 2999 "http://36.133.115.36/wp-login.php" "Mozilla/5.0 (Macintosh; Intel Mac OS X 10_15_7) AppleWebKit/537.36 (KHTML, like Gecko) Chrome/120.0.0.0 Safari/537.36"
154.12.28.88 - - [25/Apr/2026:12:03:15 +0800] "POST /wp-login.php HTTP/1.1" 200 2987 "http://36.133.115.36/wp-login.php" "Mozilla/5.0 (Macintosh; Intel Mac OS X 10_15_7) AppleWebKit/537.36 (KHTML, like Gecko) Chrome/120.0.0.0 Safari/537.36"
154.12.28.88 - - [25/Apr/2026:12:03:16 +0800] "GET /wp-login.php HTTP/1.1" 200 2853 "-" "Mozilla/5.0 (Windows NT 10.0; Win64; x64) AppleWebKit/537.36 (KHTML, like Gecko) Chrome/120.0.0.0 Safari/537.36"
154.12.28.88 - - [25/Apr/2026:12:03:17 +0800] "POST /wp-login.php HTTP/1.1" 200 3059 "http://36.133.115.36/wp-login.php" "Mozilla/5.0 (Windows NT 10.0; Win64; x64) AppleWebKit/537.36 (KHTML, like Gecko) Chrome/120.0.0.0 Safari/537.36"
154.12.28.88 - - [25/Apr/2026:12:03:18 +0800] "POST /wp-login.php HTTP/1.1" 200 2999 "http://36.133.115.36/wp-login.php" "Mozilla/5.0 (Windows NT 10.0; Win64; x64) AppleWebKit/537.36 (KHTML, like Gecko) Chrome/120.0.0.0 Safari/537.36"
154.12.28.88 - - [25/Apr/2026:12:03:19 +0800] "POST /wp-login.php HTTP/1.1" 200 2987 "http://36.133.115.36/wp-login.php" "Mozilla/5.0 (Windows NT 10.0; Win64; x64) AppleWebKit/537.36 (KHTML, like Gecko) Chrome/120.0.0.0 Safari/537.36"
154.12.28.88 - - [25/Apr/2026:12:03:20 +0800] "GET /wp-login.php HTTP/1.1" 200 2853 "-" "Mozilla/5.0 (Windows NT 11.0; Win64; x64) AppleWebKit/537.36 (KHTML, like Gecko) Chrome/121.0.0.0 Safari/537.36"
123.147.244.242 - - [25/Apr/2026:12:03:20 +0800] "GET /wp-json/contact-form-7/v1/contact-forms/1444/refill HTTP/1.1" 200 33 "http://cqqizhou.com/logistics" "Mozilla/5.0 (iPhone; CPU iPhone OS 18_7 like Mac OS X) AppleWebKit/605.1.15 (KHTML, like Gecko) Version/26.3 Mobile/15E148 Safari/604.1"
154.12.28.88 - - [25/Apr/2026:12:03:21 +0800] "POST /wp-login.php HTTP/1.1" 200 3059 "http://36.133.115.36/wp-login.php" "Mozilla/5.0 (Windows NT 10.0; Win64; x64) AppleWebKit/537.36 (KHTML, like Gecko) Chrome/120.0.0.0 Safari/537.36"
154.12.28.88 - - [25/Apr/2026:12:03:22 +0800] "POST /wp-login.php HTTP/1.1" 200 2999 "http://36.133.115.36/wp-login.php" "Mozilla/5.0 (Windows NT 10.0; Win64; x64) AppleWebKit/537.36 (KHTML, like Gecko) Chrome/120.0.0.0 Safari/537.36"
154.12.28.88 - - [25/Apr/2026:12:03:23 +0800] "POST /wp-login.php HTTP/1.1" 200 2987 "http://36.133.115.36/wp-login.php" "Mozilla/5.0 (Windows NT 10.0; Win64; x64) AppleWebKit/537.36 (KHTML, like Gecko) Chrome/120.0.0.0 Safari/537.36"
154.12.28.88 - - [25/Apr/2026:12:03:23 +0800] "GET /wp-login.php HTTP/1.1" 200 2853 "-" "Mozilla/5.0 (Windows NT 10.0; Win64; x64; rv:121.0) Gecko/20100101 Firefox/121.0"
154.12.28.88 - - [25/Apr/2026:12:03:24 +0800] "POST /wp-login.php HTTP/1.1" 200 3059 "http://36.133.115.36/wp-login.php" "Mozilla/5.0 (Windows NT 11.0; Win64; x64) AppleWebKit/537.36 (KHTML, like Gecko) Chrome/121.0.0.0 Safari/537.36"
123.147.244.242 - - [25/Apr/2026:12:03:24 +0800] "GET /wp-content/uploads/logistics/Conatiner-5.webp HTTP/1.1" 200 63396 "http://cqqizhou.com/logistics" "Mozilla/5.0 (iPhone; CPU iPhone OS 18_7 like Mac OS X) AppleWebKit/605.1.15 (KHTML, like Gecko) Version/26.3 Mobile/15E148 Safari/604.1"
154.12.28.88 - - [25/Apr/2026:12:03:25 +0800] "POST /wp-login.php HTTP/1.1" 200 2999 "http://36.133.115.36/wp-login.php" "Mozilla/5.0 (Windows NT 11.0; Win64; x64) AppleWebKit/537.36 (KHTML, like Gecko) Chrome/121.0.0.0 Safari/537.36"
154.12.28.88 - - [25/Apr/2026:12:03:26 +0800] "POST /wp-login.php HTTP/1.1" 200 2987 "http://36.133.115.36/wp-login.php" "Mozilla/5.0 (Windows NT 11.0; Win64; x64) AppleWebKit/537.36 (KHTML, like Gecko) Chrome/121.0.0.0 Safari/537.36"
154.12.28.88 - - [25/Apr/2026:12:03:27 +0800] "GET /wp-login.php HTTP/1.1" 200 2853 "-" "Mozilla/5.0 (Windows NT 10.0; Win64; x64; rv:121.0) Gecko/20100101 Firefox/121.0"
154.12.28.88 - - [25/Apr/2026:12:03:28 +0800] "POST /wp-login.php HTTP/1.1" 200 3065 "http://36.133.115.36/wp-login.php" "Mozilla/5.0 (Macintosh; Intel Mac OS X 10_15_7) AppleWebKit/537.36 (KHTML, like Gecko) Chrome/120.0.0.0 Safari/537.36"
154.12.28.88 - - [25/Apr/2026:12:03:28 +0800] "POST /wp-login.php HTTP/1.1" 200 2999 "http://36.133.115.36/wp-login.php" "Mozilla/5.0 (Macintosh; Intel Mac OS X 10_15_7) AppleWebKit/537.36 (KHTML, like Gecko) Chrome/120.0.0.0 Safari/537.36"
123.147.244.242 - - [25/Apr/2026:12:03:29 +0800] "GET /wp-content/uploads/2026/02/1769999241-4.2%E7%B1%B3%E9%AB%98%E6%A0%8F%E8%B4%A7%E8%BD%A6.webp HTTP/1.1" 200 54794 "http://cqqizhou.com/logistics" "Mozilla/5.0 (iPhone; CPU iPhone OS 18_7 like Mac OS X) AppleWebKit/605.1.15 (KHTML, like Gecko) Version/26.3 Mobile/15E148 Safari/604.1"
123.147.244.242 - - [25/Apr/2026:12:03:29 +0800] "GET /wp-content/uploads/2026/02/1769999335-17.5%E7%B1%B3%E5%B9%B3%E6%9D%BF%E8%B4%A7%E8%BD%A6.webp HTTP/1.1" 200 56978 "http://cqqizhou.com/logistics" "Mozilla/5.0 (iPhone; CPU iPhone OS 18_7 like Mac OS X) AppleWebKit/605.1.15 (KHTML, like Gecko) Version/26.3 Mobile/15E148 Safari/604.1"
123.147.244.242 - - [25/Apr/2026:12:03:29 +0800] "GET /wp-content/uploads/2026/02/1770009968-9.6%E7%B1%B3%E4%BD%8E%E6%A0%8F%E5%B9%B3%E6%9D%BF%E8%B4%A7%E8%BD%A6.webp HTTP/1.1" 200 56690 "http://cqqizhou.com/logistics" "Mozilla/5.0 (iPhone; CPU iPhone OS 18_7 like Mac OS X) AppleWebKit/605.1.15 (KHTML, like Gecko) Version/26.3 Mobile/15E148 Safari/604.1"
154.12.28.88 - - [25/Apr/2026:12:03:29 +0800] "POST /wp-login.php HTTP/1.1" 200 2987 "http://36.133.115.36/wp-login.php" "Mozilla/5.0 (Macintosh; Intel Mac OS X 10_15_7) AppleWebKit/537.36 (KHTML, like Gecko) Chrome/120.0.0.0 Safari/537.36"
154.12.28.88 - - [25/Apr/2026:12:03:30 +0800] "GET /wp-login.php HTTP/1.1" 200 2853 "-" "Mozilla/5.0 (Windows NT 10.0; Win64; x64) AppleWebKit/537.36 (KHTML, like Gecko) Chrome/120.0.0.0 Safari/537.36"
154.12.28.88 - - [25/Apr/2026:12:03:31 +0800] "POST /wp-login.php HTTP/1.1" 200 3065 "http://36.133.115.36/wp-login.php" "Mozilla/5.0 (Windows NT 10.0; Win64; x64) AppleWebKit/537.36 (KHTML, like Gecko) Chrome/120.0.0.0 Safari/537.36"
154.12.28.88 - - [25/Apr/2026:12:03:32 +0800] "POST /wp-login.php HTTP/1.1" 200 2999 "http://36.133.115.36/wp-login.php" "Mozilla/5.0 (Windows NT 10.0; Win64; x64) AppleWebKit/537.36 (KHTML, like Gecko) Chrome/120.0.0.0 Safari/537.36"
154.12.28.88 - - [25/Apr/2026:12:03:33 +0800] "POST /wp-login.php HTTP/1.1" 200 2987 "http://36.133.115.36/wp-login.php" "Mozilla/5.0 (Windows NT 10.0; Win64; x64) AppleWebKit/537.36 (KHTML, like Gecko) Chrome/120.0.0.0 Safari/537.36"
154.12.28.88 - - [25/Apr/2026:12:03:34 +0800] "GET /wp-login.php HTTP/1.1" 200 2853 "-" "Mozilla/5.0 (Windows NT 10.0; Win64; x64) AppleWebKit/537.36 (KHTML, like Gecko) Chrome/120.0.0.0 Safari/537.36"
154.12.28.88 - - [25/Apr/2026:12:03:34 +0800] "POST /wp-login.php HTTP/1.1" 200 3065 "http://36.133.115.36/wp-login.php" "Mozilla/5.0 (Windows NT 11.0; Win64; x64) AppleWebKit/537.36 (KHTML, like Gecko) Chrome/121.0.0.0 Safari/537.36"
154.12.28.88 - - [25/Apr/2026:12:03:35 +0800] "POST /wp-login.php HTTP/1.1" 200 2999 "http://36.133.115.36/wp-login.php" "Mozilla/5.0 (Windows NT 11.0; Win64; x64) AppleWebKit/537.36 (KHTML, like Gecko) Chrome/121.0.0.0 Safari/537.36"
154.12.28.88 - - [25/Apr/2026:12:03:36 +0800] "POST /wp-login.php HTTP/1.1" 200 2987 "http://36.133.115.36/wp-login.php" "Mozilla/5.0 (Windows NT 11.0; Win64; x64) AppleWebKit/537.36 (KHTML, like Gecko) Chrome/121.0.0.0 Safari/537.36"
154.12.28.88 - - [25/Apr/2026:12:03:37 +0800] "GET /wp-login.php HTTP/1.1" 200 2853 "-" "Mozilla/5.0 (Windows NT 10.0; Win64; x64; rv:121.0) Gecko/20100101 Firefox/121.0"
154.12.28.88 - - [25/Apr/2026:12:03:38 +0800] "POST /wp-login.php HTTP/1.1" 200 3065 "http://36.133.115.36/wp-login.php" "Mozilla/5.0 (Macintosh; Intel Mac OS X 10_15_7) AppleWebKit/537.36 (KHTML, like Gecko) Chrome/120.0.0.0 Safari/537.36"
123.147.244.242 - - [25/Apr/2026:12:03:38 +0800] "GET /about HTTP/1.1" 200 24161 "http://cqqizhou.com/logistics" "Mozilla/5.0 (iPhone; CPU iPhone OS 18_7 like Mac OS X) AppleWebKit/605.1.15 (KHTML, like Gecko) Version/26.3 Mobile/15E148 Safari/604.1"
154.12.28.88 - - [25/Apr/2026:12:03:39 +0800] "POST /wp-login.php HTTP/1.1" 200 2999 "http://36.133.115.36/wp-login.php" "Mozilla/5.0 (Macintosh; Intel Mac OS X 10_15_7) AppleWebKit/537.36 (KHTML, like Gecko) Chrome/120.0.0.0 Safari/537.36"
154.12.28.88 - - [25/Apr/2026:12:03:40 +0800] "POST /wp-login.php HTTP/1.1" 200 2987 "http://36.133.115.36/wp-login.php" "Mozilla/5.0 (Macintosh; Intel Mac OS X 10_15_7) AppleWebKit/537.36 (KHTML, like Gecko) Chrome/120.0.0.0 Safari/537.36"
154.12.28.88 - - [25/Apr/2026:12:03:41 +0800] "GET /wp-login.php HTTP/1.1" 200 2853 "-" "Mozilla/5.0 (Windows NT 10.0; Win64; x64) AppleWebKit/537.36 (KHTML, like Gecko) Chrome/120.0.0.0 Safari/537.36"
154.12.28.88 - - [25/Apr/2026:12:03:42 +0800] "POST /wp-login.php HTTP/1.1" 200 3065 "http://36.133.115.36/wp-login.php" "Mozilla/5.0 (X11; Linux x86_64) AppleWebKit/537.36 (KHTML, like Gecko) Chrome/120.0.0.0 Safari/537.36"
154.12.28.88 - - [25/Apr/2026:12:03:43 +0800] "POST /wp-login.php HTTP/1.1" 200 2999 "http://36.133.115.36/wp-login.php" "Mozilla/5.0 (X11; Linux x86_64) AppleWebKit/537.36 (KHTML, like Gecko) Chrome/120.0.0.0 Safari/537.36"
154.12.28.88 - - [25/Apr/2026:12:03:43 +0800] "POST /wp-login.php HTTP/1.1" 200 2987 "http://36.133.115.36/wp-login.php" "Mozilla/5.0 (X11; Linux x86_64) AppleWebKit/537.36 (KHTML, like Gecko) Chrome/120.0.0.0 Safari/537.36"
154.12.28.88 - - [25/Apr/2026:12:03:44 +0800] "GET /wp-login.php HTTP/1.1" 200 2853 "-" "Mozilla/5.0 (Windows NT 10.0; Win64; x64; rv:121.0) Gecko/20100101 Firefox/121.0"
154.12.28.88 - - [25/Apr/2026:12:03:45 +0800] "POST /wp-login.php HTTP/1.1" 200 3010 "http://36.133.115.36/wp-login.php" "Mozilla/5.0 (Windows NT 10.0; Win64; x64) AppleWebKit/537.36 (KHTML, like Gecko) Chrome/120.0.0.0 Safari/537.36"
154.12.28.88 - - [25/Apr/2026:12:03:46 +0800] "POST /wp-login.php HTTP/1.1" 200 2999 "http://36.133.115.36/wp-login.php" "Mozilla/5.0 (Windows NT 10.0; Win64; x64) AppleWebKit/537.36 (KHTML, like Gecko) Chrome/120.0.0.0 Safari/537.36"
154.12.28.88 - - [25/Apr/2026:12:03:47 +0800] "POST /wp-login.php HTTP/1.1" 200 2987 "http://36.133.115.36/wp-login.php" "Mozilla/5.0 (Windows NT 10.0; Win64; x64) AppleWebKit/537.36 (KHTML, like Gecko) Chrome/120.0.0.0 Safari/537.36"
154.12.28.88 - - [25/Apr/2026:12:03:48 +0800] "GET /wp-login.php HTTP/1.1" 200 2853 "-" "Mozilla/5.0 (Macintosh; Intel Mac OS X 10_15_7) AppleWebKit/537.36 (KHTML, like Gecko) Chrome/120.0.0.0 Safari/537.36"
154.12.28.88 - - [25/Apr/2026:12:03:49 +0800] "POST /wp-login.php HTTP/1.1" 200 3065 "http://36.133.115.36/wp-login.php" "Mozilla/5.0 (Windows NT 10.0; Win64; x64; rv:121.0) Gecko/20100101 Firefox/121.0"
154.12.28.88 - - [25/Apr/2026:12:03:50 +0800] "POST /wp-login.php HTTP/1.1" 200 2999 "http://36.133.115.36/wp-login.php" "Mozilla/5.0 (Windows NT 10.0; Win64; x64; rv:121.0) Gecko/20100101 Firefox/121.0"
154.12.28.88 - - [25/Apr/2026:12:03:51 +0800] "POST /wp-login.php HTTP/1.1" 200 2987 "http://36.133.115.36/wp-login.php" "Mozilla/5.0 (Windows NT 10.0; Win64; x64; rv:121.0) Gecko/20100101 Firefox/121.0"
154.12.28.88 - - [25/Apr/2026:12:03:52 +0800] "GET /wp-login.php HTTP/1.1" 200 2853 "-" "Mozilla/5.0 (Windows NT 10.0; Win64; x64) AppleWebKit/537.36 (KHTML, like Gecko) Chrome/120.0.0.0 Safari/537.36"
154.12.28.88 - - [25/Apr/2026:12:03:53 +0800] "POST /wp-login.php HTTP/1.1" 200 3010 "http://36.133.115.36/wp-login.php" "Mozilla/5.0 (Windows NT 10.0; Win64; x64; rv:121.0) Gecko/20100101 Firefox/121.0"
154.12.28.88 - - [25/Apr/2026:12:03:54 +0800] "POST /wp-login.php HTTP/1.1" 200 2999 "http://36.133.115.36/wp-login.php" "Mozilla/5.0 (Windows NT 10.0; Win64; x64; rv:121.0) Gecko/20100101 Firefox/121.0"
154.12.28.88 - - [25/Apr/2026:12:03:55 +0800] "POST /wp-login.php HTTP/1.1" 200 2987 "http://36.133.115.36/wp-login.php" "Mozilla/5.0 (Windows NT 10.0; Win64; x64; rv:121.0) Gecko/20100101 Firefox/121.0"
123.147.244.242 - - [25/Apr/2026:12:03:55 +0800] "GET /wp-content/uploads/2025/07/1750656103-Visionr2000x800_20250623131702.webp HTTP/1.1" 200 57650 "http://cqqizhou.com/about" "Mozilla/5.0 (iPhone; CPU iPhone OS 18_7 like Mac OS X) AppleWebKit/605.1.15 (KHTML, like Gecko) Version/26.3 Mobile/15E148 Safari/604.1"
154.12.28.88 - - [25/Apr/2026:12:03:56 +0800] "GET /wp-login.php HTTP/1.1" 200 2853 "-" "Mozilla/5.0 (Macintosh; Intel Mac OS X 10_15_7) AppleWebKit/537.36 (KHTML, like Gecko) Chrome/120.0.0.0 Safari/537.36"
154.12.28.88 - - [25/Apr/2026:12:03:56 +0800] "POST /wp-login.php HTTP/1.1" 200 3065 "http://36.133.115.36/wp-login.php" "Mozilla/5.0 (Macintosh; Intel Mac OS X 10_15_7) AppleWebKit/537.36 (KHTML, like Gecko) Chrome/120.0.0.0 Safari/537.36"
154.12.28.88 - - [25/Apr/2026:12:03:57 +0800] "POST /wp-login.php HTTP/1.1" 200 2999 "http://36.133.115.36/wp-login.php" "Mozilla/5.0 (Macintosh; Intel Mac OS X 10_15_7) AppleWebKit/537.36 (KHTML, like Gecko) Chrome/120.0.0.0 Safari/537.36"
154.12.28.88 - - [25/Apr/2026:12:03:58 +0800] "POST /wp-login.php HTTP/1.1" 200 2987 "http://36.133.115.36/wp-login.php" "Mozilla/5.0 (Macintosh; Intel Mac OS X 10_15_7) AppleWebKit/537.36 (KHTML, like Gecko) Chrome/120.0.0.0 Safari/537.36"
154.12.28.88 - - [25/Apr/2026:12:03:59 +0800] "GET /wp-login.php HTTP/1.1" 200 2853 "-" "Mozilla/5.0 (Windows NT 10.0; Win64; x64) AppleWebKit/537.36 (KHTML, like Gecko) Chrome/120.0.0.0 Safari/537.36"
154.12.28.88 - - [25/Apr/2026:12:04:00 +0800] "POST /wp-login.php HTTP/1.1" 200 3010 "http://36.133.115.36/wp-login.php" "Mozilla/5.0 (Macintosh; Intel Mac OS X 10_15_7) AppleWebKit/537.36 (KHTML, like Gecko) Chrome/120.0.0.0 Safari/537.36"
123.147.244.242 - - [25/Apr/2026:12:04:00 +0800] "GET /wp-content/uploads/2025/07/1750945514-honor300%C3%97206_3.webp HTTP/1.1" 200 74124 "http://cqqizhou.com/about" "Mozilla/5.0 (iPhone; CPU iPhone OS 18_7 like Mac OS X) AppleWebKit/605.1.15 (KHTML, like Gecko) Version/26.3 Mobile/15E148 Safari/604.1"
154.12.28.88 - - [25/Apr/2026:12:04:01 +0800] "POST /wp-login.php HTTP/1.1" 200 2999 "http://36.133.115.36/wp-login.php" "Mozilla/5.0 (Macintosh; Intel Mac OS X 10_15_7) AppleWebKit/537.36 (KHTML, like Gecko) Chrome/120.0.0.0 Safari/537.36"
123.147.244.242 - - [25/Apr/2026:12:04:02 +0800] "GET /wp-content/uploads/2025/07/1750945616-honor300%C3%97206_4.webp HTTP/1.1" 200 33814 "http://cqqizhou.com/about" "Mozilla/5.0 (iPhone; CPU iPhone OS 18_7 like Mac OS X) AppleWebKit/605.1.15 (KHTML, like Gecko) Version/26.3 Mobile/15E148 Safari/604.1"
154.12.28.88 - - [25/Apr/2026:12:04:02 +0800] "POST /wp-login.php HTTP/1.1" 200 2987 "http://36.133.115.36/wp-login.php" "Mozilla/5.0 (Macintosh; Intel Mac OS X 10_15_7) AppleWebKit/537.36 (KHTML, like Gecko) Chrome/120.0.0.0 Safari/537.36"
123.147.244.242 - - [25/Apr/2026:12:04:02 +0800] "GET /wp-content/uploads/2025/07/1750945637-honor300%C3%97206_5.webp HTTP/1.1" 200 77368 "http://cqqizhou.com/about" "Mozilla/5.0 (iPhone; CPU iPhone OS 18_7 like Mac OS X) AppleWebKit/605.1.15 (KHTML, like Gecko) Version/26.3 Mobile/15E148 Safari/604.1"
123.147.244.242 - - [25/Apr/2026:12:04:02 +0800] "GET /wp-content/uploads/2025/07/1750945650-honor300%C3%97206_6.webp HTTP/1.1" 200 66306 "http://cqqizhou.com/about" "Mozilla/5.0 (iPhone; CPU iPhone OS 18_7 like Mac OS X) AppleWebKit/605.1.15 (KHTML, like Gecko) Version/26.3 Mobile/15E148 Safari/604.1"
154.12.28.88 - - [25/Apr/2026:12:04:02 +0800] "GET /wp-login.php HTTP/1.1" 200 2853 "-" "Mozilla/5.0 (Windows NT 10.0; Win64; x64; rv:121.0) Gecko/20100101 Firefox/121.0"
154.12.28.88 - - [25/Apr/2026:12:04:03 +0800] "POST /wp-login.php HTTP/1.1" 200 3065 "http://36.133.115.36/wp-login.php" "Mozilla/5.0 (Windows NT 11.0; Win64; x64) AppleWebKit/537.36 (KHTML, like Gecko) Chrome/121.0.0.0 Safari/537.36"
154.12.28.88 - - [25/Apr/2026:12:04:04 +0800] "POST /wp-login.php HTTP/1.1" 200 2999 "http://36.133.115.36/wp-login.php" "Mozilla/5.0 (Windows NT 11.0; Win64; x64) AppleWebKit/537.36 (KHTML, like Gecko) Chrome/121.0.0.0 Safari/537.36"
154.12.28.88 - - [25/Apr/2026:12:04:05 +0800] "POST /wp-login.php HTTP/1.1" 200 2987 "http://36.133.115.36/wp-login.php" "Mozilla/5.0 (Windows NT 11.0; Win64; x64) AppleWebKit/537.36 (KHTML, like Gecko) Chrome/121.0.0.0 Safari/537.36"
154.12.28.88 - - [25/Apr/2026:12:04:06 +0800] "GET /wp-login.php HTTP/1.1" 200 2853 "-" "Mozilla/5.0 (X11; Linux x86_64) AppleWebKit/537.36 (KHTML, like Gecko) Chrome/120.0.0.0 Safari/537.36"
154.12.28.88 - - [25/Apr/2026:12:04:07 +0800] "POST /wp-login.php HTTP/1.1" 200 3010 "http://36.133.115.36/wp-login.php" "Mozilla/5.0 (X11; Linux x86_64) AppleWebKit/537.36 (KHTML, like Gecko) Chrome/120.0.0.0 Safari/537.36"
36.133.115.36 - - [25/Apr/2026:12:04:08 +0800] "POST /wp-cron.php?doing_wp_cron=1777089848.4483280181884765625000 HTTP/1.1" 200 31 "-" "WordPress/6.9; http://cqqizhou.com"
154.12.28.88 - - [25/Apr/2026:12:04:08 +0800] "POST /wp-login.php HTTP/1.1" 200 2999 "http://36.133.115.36/wp-login.php" "Mozilla/5.0 (X11; Linux x86_64) AppleWebKit/537.36 (KHTML, like Gecko) Chrome/120.0.0.0 Safari/537.36"
154.12.28.88 - - [25/Apr/2026:12:04:09 +0800] "POST /wp-login.php HTTP/1.1" 200 2987 "http://36.133.115.36/wp-login.php" "Mozilla/5.0 (X11; Linux x86_64) AppleWebKit/537.36 (KHTML, like Gecko) Chrome/120.0.0.0 Safari/537.36"
154.12.28.88 - - [25/Apr/2026:12:04:10 +0800] "GET /wp-login.php HTTP/1.1" 200 2853 "-" "Mozilla/5.0 (Macintosh; Intel Mac OS X 10_15_7) AppleWebKit/537.36 (KHTML, like Gecko) Chrome/120.0.0.0 Safari/537.36"
154.12.28.88 - - [25/Apr/2026:12:04:11 +0800] "POST /wp-login.php HTTP/1.1" 200 3065 "http://36.133.115.36/wp-login.php" "Mozilla/5.0 (Windows NT 10.0; Win64; x64) AppleWebKit/537.36 (KHTML, like Gecko) Chrome/120.0.0.0 Safari/537.36"
154.12.28.88 - - [25/Apr/2026:12:04:11 +0800] "POST /wp-login.php HTTP/1.1" 200 2999 "http://36.133.115.36/wp-login.php" "Mozilla/5.0 (Windows NT 10.0; Win64; x64) AppleWebKit/537.36 (KHTML, like Gecko) Chrome/120.0.0.0 Safari/537.36"
154.12.28.88 - - [25/Apr/2026:12:04:12 +0800] "POST /wp-login.php HTTP/1.1" 200 2987 "http://36.133.115.36/wp-login.php" "Mozilla/5.0 (Windows NT 10.0; Win64; x64) AppleWebKit/537.36 (KHTML, like Gecko) Chrome/120.0.0.0 Safari/537.36"
154.12.28.88 - - [25/Apr/2026:12:04:13 +0800] "GET /wp-login.php HTTP/1.1" 200 2853 "-" "Mozilla/5.0 (X11; Linux x86_64) AppleWebKit/537.36 (KHTML, like Gecko) Chrome/120.0.0.0 Safari/537.36"
154.12.28.88 - - [25/Apr/2026:12:04:14 +0800] "POST /wp-login.php HTTP/1.1" 200 3010 "http://36.133.115.36/wp-login.php" "Mozilla/5.0 (Windows NT 10.0; Win64; x64; rv:121.0) Gecko/20100101 Firefox/121.0"
154.12.28.88 - - [25/Apr/2026:12:04:15 +0800] "POST /wp-login.php HTTP/1.1" 200 2999 "http://36.133.115.36/wp-login.php" "Mozilla/5.0 (Windows NT 10.0; Win64; x64; rv:121.0) Gecko/20100101 Firefox/121.0"
154.12.28.88 - - [25/Apr/2026:12:04:16 +0800] "POST /wp-login.php HTTP/1.1" 200 2987 "http://36.133.115.36/wp-login.php" "Mozilla/5.0 (Windows NT 10.0; Win64; x64; rv:121.0) Gecko/20100101 Firefox/121.0"
154.12.28.88 - - [25/Apr/2026:12:04:17 +0800] "GET /wp-login.php HTTP/1.1" 200 2853 "-" "Mozilla/5.0 (Windows NT 10.0; Win64; x64; rv:121.0) Gecko/20100101 Firefox/121.0"
154.12.28.88 - - [25/Apr/2026:12:04:18 +0800] "POST /wp-login.php HTTP/1.1" 200 3065 "http://36.133.115.36/wp-login.php" "Mozilla/5.0 (X11; Linux x86_64) AppleWebKit/537.36 (KHTML, like Gecko) Chrome/120.0.0.0 Safari/537.36"
154.12.28.88 - - [25/Apr/2026:12:04:19 +0800] "POST /wp-login.php HTTP/1.1" 200 2999 "http://36.133.115.36/wp-login.php" "Mozilla/5.0 (X11; Linux x86_64) AppleWebKit/537.36 (KHTML, like Gecko) Chrome/120.0.0.0 Safari/537.36"
154.12.28.88 - - [25/Apr/2026:12:04:19 +0800] "POST /wp-login.php HTTP/1.1" 200 2987 "http://36.133.115.36/wp-login.php" "Mozilla/5.0 (X11; Linux x86_64) AppleWebKit/537.36 (KHTML, like Gecko) Chrome/120.0.0.0 Safari/537.36"
154.12.28.88 - - [25/Apr/2026:12:04:20 +0800] "GET /wp-login.php HTTP/1.1" 200 2853 "-" "Mozilla/5.0 (X11; Linux x86_64) AppleWebKit/537.36 (KHTML, like Gecko) Chrome/120.0.0.0 Safari/537.36"
154.12.28.88 - - [25/Apr/2026:12:04:21 +0800] "POST /wp-login.php HTTP/1.1" 200 3010 "http://36.133.115.36/wp-login.php" "Mozilla/5.0 (Macintosh; Intel Mac OS X 10_15_7) AppleWebKit/537.36 (KHTML, like Gecko) Chrome/120.0.0.0 Safari/537.36"
154.12.28.88 - - [25/Apr/2026:12:04:22 +0800] "POST /wp-login.php HTTP/1.1" 200 2999 "http://36.133.115.36/wp-login.php" "Mozilla/5.0 (Macintosh; Intel Mac OS X 10_15_7) AppleWebKit/537.36 (KHTML, like Gecko) Chrome/120.0.0.0 Safari/537.36"
154.12.28.88 - - [25/Apr/2026:12:04:23 +0800] "POST /wp-login.php HTTP/1.1" 200 2987 "http://36.133.115.36/wp-login.php" "Mozilla/5.0 (Macintosh; Intel Mac OS X 10_15_7) AppleWebKit/537.36 (KHTML, like Gecko) Chrome/120.0.0.0 Safari/537.36"
154.12.28.88 - - [25/Apr/2026:12:04:24 +0800] "GET /wp-login.php HTTP/1.1" 200 2853 "-" "Mozilla/5.0 (Windows NT 11.0; Win64; x64) AppleWebKit/537.36 (KHTML, like Gecko) Chrome/121.0.0.0 Safari/537.36"
154.12.28.88 - - [25/Apr/2026:12:04:25 +0800] "POST /wp-login.php HTTP/1.1" 200 3065 "http://36.133.115.36/wp-login.php" "Mozilla/5.0 (X11; Linux x86_64) AppleWebKit/537.36 (KHTML, like Gecko) Chrome/120.0.0.0 Safari/537.36"
154.12.28.88 - - [25/Apr/2026:12:04:26 +0800] "POST /wp-login.php HTTP/1.1" 200 2999 "http://36.133.115.36/wp-login.php" "Mozilla/5.0 (X11; Linux x86_64) AppleWebKit/537.36 (KHTML, like Gecko) Chrome/120.0.0.0 Safari/537.36"
154.12.28.88 - - [25/Apr/2026:12:04:27 +0800] "POST /wp-login.php HTTP/1.1" 200 2987 "http://36.133.115.36/wp-login.php" "Mozilla/5.0 (X11; Linux x86_64) AppleWebKit/537.36 (KHTML, like Gecko) Chrome/120.0.0.0 Safari/537.36"
154.12.28.88 - - [25/Apr/2026:12:04:28 +0800] "GET /wp-login.php HTTP/1.1" 200 2853 "-" "Mozilla/5.0 (Windows NT 11.0; Win64; x64) AppleWebKit/537.36 (KHTML, like Gecko) Chrome/121.0.0.0 Safari/537.36"
154.12.28.88 - - [25/Apr/2026:12:04:28 +0800] "POST /wp-login.php HTTP/1.1" 200 3010 "http://36.133.115.36/wp-login.php" "Mozilla/5.0 (Windows NT 10.0; Win64; x64; rv:121.0) Gecko/20100101 Firefox/121.0"
154.12.28.88 - - [25/Apr/2026:12:04:29 +0800] "POST /wp-login.php HTTP/1.1" 200 2999 "http://36.133.115.36/wp-login.php" "Mozilla/5.0 (Windows NT 10.0; Win64; x64; rv:121.0) Gecko/20100101 Firefox/121.0"
154.12.28.88 - - [25/Apr/2026:12:04:30 +0800] "POST /wp-login.php HTTP/1.1" 200 2987 "http://36.133.115.36/wp-login.php" "Mozilla/5.0 (Windows NT 10.0; Win64; x64; rv:121.0) Gecko/20100101 Firefox/121.0"
154.12.28.88 - - [25/Apr/2026:12:04:31 +0800] "GET /wp-login.php HTTP/1.1" 200 2853 "-" "Mozilla/5.0 (Windows NT 11.0; Win64; x64) AppleWebKit/537.36 (KHTML, like Gecko) Chrome/121.0.0.0 Safari/537.36"
154.12.28.88 - - [25/Apr/2026:12:04:32 +0800] "POST /wp-login.php HTTP/1.1" 200 3065 "http://36.133.115.36/wp-login.php" "Mozilla/5.0 (Windows NT 10.0; Win64; x64; rv:121.0) Gecko/20100101 Firefox/121.0"
154.12.28.88 - - [25/Apr/2026:12:04:33 +0800] "POST /wp-login.php HTTP/1.1" 200 2999 "http://36.133.115.36/wp-login.php" "Mozilla/5.0 (Windows NT 10.0; Win64; x64; rv:121.0) Gecko/20100101 Firefox/121.0"
154.12.28.88 - - [25/Apr/2026:12:04:34 +0800] "POST /wp-login.php HTTP/1.1" 200 2987 "http://36.133.115.36/wp-login.php" "Mozilla/5.0 (Windows NT 10.0; Win64; x64; rv:121.0) Gecko/20100101 Firefox/121.0"
154.12.28.88 - - [25/Apr/2026:12:04:35 +0800] "GET /wp-login.php HTTP/1.1" 200 2853 "-" "Mozilla/5.0 (X11; Linux x86_64) AppleWebKit/537.36 (KHTML, like Gecko) Chrome/120.0.0.0 Safari/537.36"
154.12.28.88 - - [25/Apr/2026:12:04:36 +0800] "POST /wp-login.php HTTP/1.1" 200 3010 "http://36.133.115.36/wp-login.php" "Mozilla/5.0 (Macintosh; Intel Mac OS X 10_15_7) AppleWebKit/537.36 (KHTML, like Gecko) Chrome/120.0.0.0 Safari/537.36"
154.12.28.88 - - [25/Apr/2026:12:04:37 +0800] "POST /wp-login.php HTTP/1.1" 200 2999 "http://36.133.115.36/wp-login.php" "Mozilla/5.0 (Macintosh; Intel Mac OS X 10_15_7) AppleWebKit/537.36 (KHTML, like Gecko) Chrome/120.0.0.0 Safari/537.36"
154.12.28.88 - - [25/Apr/2026:12:04:38 +0800] "POST /wp-login.php HTTP/1.1" 200 2987 "http://36.133.115.36/wp-login.php" "Mozilla/5.0 (Macintosh; Intel Mac OS X 10_15_7) AppleWebKit/537.36 (KHTML, like Gecko) Chrome/120.0.0.0 Safari/537.36"
154.12.28.88 - - [25/Apr/2026:12:04:39 +0800] "GET /wp-login.php HTTP/1.1" 200 2853 "-" "Mozilla/5.0 (Windows NT 10.0; Win64; x64) AppleWebKit/537.36 (KHTML, like Gecko) Chrome/120.0.0.0 Safari/537.36"
154.12.28.88 - - [25/Apr/2026:12:04:40 +0800] "POST /wp-login.php HTTP/1.1" 200 3065 "http://36.133.115.36/wp-login.php" "Mozilla/5.0 (Macintosh; Intel Mac OS X 10_15_7) AppleWebKit/537.36 (KHTML, like Gecko) Chrome/120.0.0.0 Safari/537.36"
154.12.28.88 - - [25/Apr/2026:12:04:41 +0800] "POST /wp-login.php HTTP/1.1" 200 2999 "http://36.133.115.36/wp-login.php" "Mozilla/5.0 (Macintosh; Intel Mac OS X 10_15_7) AppleWebKit/537.36 (KHTML, like Gecko) Chrome/120.0.0.0 Safari/537.36"
154.12.28.88 - - [25/Apr/2026:12:04:42 +0800] "POST /wp-login.php HTTP/1.1" 200 2987 "http://36.133.115.36/wp-login.php" "Mozilla/5.0 (Macintosh; Intel Mac OS X 10_15_7) AppleWebKit/537.36 (KHTML, like Gecko) Chrome/120.0.0.0 Safari/537.36"
154.12.28.88 - - [25/Apr/2026:12:04:43 +0800] "GET /wp-login.php HTTP/1.1" 200 2853 "-" "Mozilla/5.0 (Macintosh; Intel Mac OS X 10_15_7) AppleWebKit/537.36 (KHTML, like Gecko) Chrome/120.0.0.0 Safari/537.36"
154.12.28.88 - - [25/Apr/2026:12:04:44 +0800] "POST /wp-login.php HTTP/1.1" 200 3065 "http://36.133.115.36/wp-login.php" "Mozilla/5.0 (Windows NT 11.0; Win64; x64) AppleWebKit/537.36 (KHTML, like Gecko) Chrome/121.0.0.0 Safari/537.36"
154.12.28.88 - - [25/Apr/2026:12:04:44 +0800] "POST /wp-login.php HTTP/1.1" 200 2999 "http://36.133.115.36/wp-login.php" "Mozilla/5.0 (Windows NT 11.0; Win64; x64) AppleWebKit/537.36 (KHTML, like Gecko) Chrome/121.0.0.0 Safari/537.36"
154.12.28.88 - - [25/Apr/2026:12:04:45 +0800] "POST /wp-login.php HTTP/1.1" 200 2987 "http://36.133.115.36/wp-login.php" "Mozilla/5.0 (Windows NT 11.0; Win64; x64) AppleWebKit/537.36 (KHTML, like Gecko) Chrome/121.0.0.0 Safari/537.36"
154.12.28.88 - - [25/Apr/2026:12:04:46 +0800] "GET /wp-login.php HTTP/1.1" 200 2853 "-" "Mozilla/5.0 (Windows NT 10.0; Win64; x64; rv:121.0) Gecko/20100101 Firefox/121.0"
154.12.28.88 - - [25/Apr/2026:12:04:48 +0800] "POST /wp-login.php HTTP/1.1" 200 3010 "http://36.133.115.36/wp-login.php" "Mozilla/5.0 (Windows NT 10.0; Win64; x64) AppleWebKit/537.36 (KHTML, like Gecko) Chrome/120.0.0.0 Safari/537.36"
154.12.28.88 - - [25/Apr/2026:12:04:49 +0800] "POST /wp-login.php HTTP/1.1" 200 2999 "http://36.133.115.36/wp-login.php" "Mozilla/5.0 (Windows NT 10.0; Win64; x64) AppleWebKit/537.36 (KHTML, like Gecko) Chrome/120.0.0.0 Safari/537.36"
154.12.28.88 - - [25/Apr/2026:12:04:49 +0800] "POST /wp-login.php HTTP/1.1" 200 2987 "http://36.133.115.36/wp-login.php" "Mozilla/5.0 (Windows NT 10.0; Win64; x64) AppleWebKit/537.36 (KHTML, like Gecko) Chrome/120.0.0.0 Safari/537.36"
154.12.28.88 - - [25/Apr/2026:12:04:50 +0800] "GET /wp-login.php HTTP/1.1" 200 2853 "-" "Mozilla/5.0 (Windows NT 11.0; Win64; x64) AppleWebKit/537.36 (KHTML, like Gecko) Chrome/121.0.0.0 Safari/537.36"
154.12.28.88 - - [25/Apr/2026:12:04:51 +0800] "POST /wp-login.php HTTP/1.1" 200 3010 "http://36.133.115.36/wp-login.php" "Mozilla/5.0 (X11; Linux x86_64) AppleWebKit/537.36 (KHTML, like Gecko) Chrome/120.0.0.0 Safari/537.36"
154.12.28.88 - - [25/Apr/2026:12:04:52 +0800] "POST /wp-login.php HTTP/1.1" 200 2999 "http://36.133.115.36/wp-login.php" "Mozilla/5.0 (X11; Linux x86_64) AppleWebKit/537.36 (KHTML, like Gecko) Chrome/120.0.0.0 Safari/537.36"
154.12.28.88 - - [25/Apr/2026:12:04:53 +0800] "POST /wp-login.php HTTP/1.1" 200 2987 "http://36.133.115.36/wp-login.php" "Mozilla/5.0 (X11; Linux x86_64) AppleWebKit/537.36 (KHTML, like Gecko) Chrome/120.0.0.0 Safari/537.36"
154.12.28.88 - - [25/Apr/2026:12:04:54 +0800] "GET /wp-login.php HTTP/1.1" 200 2853 "-" "Mozilla/5.0 (Macintosh; Intel Mac OS X 10_15_7) AppleWebKit/537.36 (KHTML, like Gecko) Chrome/120.0.0.0 Safari/537.36"
