104.243.41.28 - - [25/Apr/2026:11:52:17 +0800] "GET /docs HTTP/1.1" 404 8949 "-" "Umai-Scanner/2.0 (+https://umai.entelijan.com/methodology)"
154.12.28.88 - - [25/Apr/2026:11:52:18 +0800] "POST /wp-login.php HTTP/1.1" 200 2987 "http://36.133.115.36/wp-login.php" "Mozilla/5.0 (Windows NT 10.0; Win64; x64) AppleWebKit/537.36 (KHTML, like Gecko) Chrome/120.0.0.0 Safari/537.36"
104.243.41.28 - - [25/Apr/2026:11:52:19 +0800] "GET /openapi.json HTTP/1.1" 404 8949 "-" "Umai-Scanner/2.0 (+https://umai.entelijan.com/methodology)"
154.12.28.88 - - [25/Apr/2026:11:52:19 +0800] "GET /wp-login.php HTTP/1.1" 200 2853 "-" "Mozilla/5.0 (Windows NT 10.0; Win64; x64) AppleWebKit/537.36 (KHTML, like Gecko) Chrome/120.0.0.0 Safari/537.36"
154.12.28.88 - - [25/Apr/2026:11:52:20 +0800] "POST /wp-login.php HTTP/1.1" 200 3063 "http://36.133.115.36/wp-login.php" "Mozilla/5.0 (Windows NT 10.0; Win64; x64) AppleWebKit/537.36 (KHTML, like Gecko) Chrome/120.0.0.0 Safari/537.36"
104.243.41.28 - - [25/Apr/2026:11:52:20 +0800] "GET /metrics HTTP/1.1" 404 8948 "-" "Umai-Scanner/2.0 (+https://umai.entelijan.com/methodology)"
154.12.28.88 - - [25/Apr/2026:11:52:21 +0800] "POST /wp-login.php HTTP/1.1" 200 2999 "http://36.133.115.36/wp-login.php" "Mozilla/5.0 (Windows NT 10.0; Win64; x64) AppleWebKit/537.36 (KHTML, like Gecko) Chrome/120.0.0.0 Safari/537.36"
104.243.41.28 - - [25/Apr/2026:11:52:21 +0800] "GET /.well-known/mcp.json HTTP/1.1" 404 8949 "-" "Umai-Scanner/2.0 (+https://umai.entelijan.com/methodology)"
154.12.28.88 - - [25/Apr/2026:11:52:22 +0800] "POST /wp-login.php HTTP/1.1" 200 2987 "http://36.133.115.36/wp-login.php" "Mozilla/5.0 (Windows NT 10.0; Win64; x64) AppleWebKit/537.36 (KHTML, like Gecko) Chrome/120.0.0.0 Safari/537.36"
104.243.41.28 - - [25/Apr/2026:11:52:23 +0800] "GET /.well-known/ai-plugin.json HTTP/1.1" 404 8949 "-" "Umai-Scanner/2.0 (+https://umai.entelijan.com/methodology)"
154.12.28.88 - - [25/Apr/2026:11:52:23 +0800] "GET /wp-login.php HTTP/1.1" 200 2853 "-" "Mozilla/5.0 (Macintosh; Intel Mac OS X 10_15_7) AppleWebKit/537.36 (KHTML, like Gecko) Chrome/120.0.0.0 Safari/537.36"
104.243.41.28 - - [25/Apr/2026:11:52:24 +0800] "GET /api/2.0/mlflow/experiments/list HTTP/1.1" 404 8950 "-" "Umai-Scanner/2.0 (+https://umai.entelijan.com/methodology)"
154.12.28.88 - - [25/Apr/2026:11:52:24 +0800] "POST /wp-login.php HTTP/1.1" 200 3010 "http://36.133.115.36/wp-login.php" "Mozilla/5.0 (Windows NT 10.0; Win64; x64) AppleWebKit/537.36 (KHTML, like Gecko) Chrome/120.0.0.0 Safari/537.36"
154.12.28.88 - - [25/Apr/2026:11:52:25 +0800] "POST /wp-login.php HTTP/1.1" 200 2999 "http://36.133.115.36/wp-login.php" "Mozilla/5.0 (Windows NT 10.0; Win64; x64) AppleWebKit/537.36 (KHTML, like Gecko) Chrome/120.0.0.0 Safari/537.36"
104.243.41.28 - - [25/Apr/2026:11:52:25 +0800] "GET /api/kernels HTTP/1.1" 404 8949 "-" "Umai-Scanner/2.0 (+https://umai.entelijan.com/methodology)"
154.12.28.88 - - [25/Apr/2026:11:52:26 +0800] "POST /wp-login.php HTTP/1.1" 200 2987 "http://36.133.115.36/wp-login.php" "Mozilla/5.0 (Windows NT 10.0; Win64; x64) AppleWebKit/537.36 (KHTML, like Gecko) Chrome/120.0.0.0 Safari/537.36"
104.243.41.28 - - [25/Apr/2026:11:52:26 +0800] "GET /sse HTTP/1.1" 404 8949 "-" "Umai-Scanner/2.0 (+https://umai.entelijan.com/methodology)"
154.12.28.88 - - [25/Apr/2026:11:52:27 +0800] "GET /wp-login.php HTTP/1.1" 200 2853 "-" "Mozilla/5.0 (Windows NT 11.0; Win64; x64) AppleWebKit/537.36 (KHTML, like Gecko) Chrome/121.0.0.0 Safari/537.36"
104.243.41.28 - - [25/Apr/2026:11:52:27 +0800] "GET /api/agents HTTP/1.1" 404 8949 "-" "Umai-Scanner/2.0 (+https://umai.entelijan.com/methodology)"
154.12.28.88 - - [25/Apr/2026:11:52:28 +0800] "POST /wp-login.php HTTP/1.1" 200 3068 "http://36.133.115.36/wp-login.php" "Mozilla/5.0 (Macintosh; Intel Mac OS X 10_15_7) AppleWebKit/537.36 (KHTML, like Gecko) Chrome/120.0.0.0 Safari/537.36"
104.243.41.28 - - [25/Apr/2026:11:52:28 +0800] "GET /health HTTP/1.1" 404 8949 "-" "Umai-Scanner/2.0 (+https://umai.entelijan.com/methodology)"
154.12.28.88 - - [25/Apr/2026:11:52:28 +0800] "POST /wp-login.php HTTP/1.1" 200 2999 "http://36.133.115.36/wp-login.php" "Mozilla/5.0 (Macintosh; Intel Mac OS X 10_15_7) AppleWebKit/537.36 (KHTML, like Gecko) Chrome/120.0.0.0 Safari/537.36"
154.12.28.88 - - [25/Apr/2026:11:52:29 +0800] "POST /wp-login.php HTTP/1.1" 200 2987 "http://36.133.115.36/wp-login.php" "Mozilla/5.0 (Macintosh; Intel Mac OS X 10_15_7) AppleWebKit/537.36 (KHTML, like Gecko) Chrome/120.0.0.0 Safari/537.36"
104.243.41.28 - - [25/Apr/2026:11:52:29 +0800] "GET /api/v1/version HTTP/1.1" 404 8949 "-" "Umai-Scanner/2.0 (+https://umai.entelijan.com/methodology)"
154.12.28.88 - - [25/Apr/2026:11:52:30 +0800] "GET /wp-login.php HTTP/1.1" 200 2853 "-" "Mozilla/5.0 (X11; Linux x86_64) AppleWebKit/537.36 (KHTML, like Gecko) Chrome/120.0.0.0 Safari/537.36"
104.243.41.28 - - [25/Apr/2026:11:52:30 +0800] "GET / HTTP/1.1" 301 5 "-" "Umai-Scanner/2.0 (+https://umai.entelijan.com/methodology)"
154.12.28.88 - - [25/Apr/2026:11:52:31 +0800] "POST /wp-login.php HTTP/1.1" 200 3062 "http://36.133.115.36/wp-login.php" "Mozilla/5.0 (Macintosh; Intel Mac OS X 10_15_7) AppleWebKit/537.36 (KHTML, like Gecko) Chrome/120.0.0.0 Safari/537.36"
104.243.41.28 - - [25/Apr/2026:11:52:32 +0800] "GET / HTTP/1.1" 301 5 "-" "Umai-Scanner/2.0 (+https://umai.entelijan.com/methodology)"
154.12.28.88 - - [25/Apr/2026:11:52:32 +0800] "POST /wp-login.php HTTP/1.1" 200 2999 "http://36.133.115.36/wp-login.php" "Mozilla/5.0 (Macintosh; Intel Mac OS X 10_15_7) AppleWebKit/537.36 (KHTML, like Gecko) Chrome/120.0.0.0 Safari/537.36"
104.243.41.28 - - [25/Apr/2026:11:52:33 +0800] "GET / HTTP/1.1" 301 5 "-" "Umai-Scanner/2.0 (+https://umai.entelijan.com/methodology)"
154.12.28.88 - - [25/Apr/2026:11:52:33 +0800] "POST /wp-login.php HTTP/1.1" 200 2987 "http://36.133.115.36/wp-login.php" "Mozilla/5.0 (Macintosh; Intel Mac OS X 10_15_7) AppleWebKit/537.36 (KHTML, like Gecko) Chrome/120.0.0.0 Safari/537.36"
154.12.28.88 - - [25/Apr/2026:11:52:34 +0800] "GET /wp-login.php HTTP/1.1" 200 2853 "-" "Mozilla/5.0 (Windows NT 11.0; Win64; x64) AppleWebKit/537.36 (KHTML, like Gecko) Chrome/121.0.0.0 Safari/537.36"
104.243.41.28 - - [25/Apr/2026:11:52:34 +0800] "GET / HTTP/1.1" 301 5 "-" "Umai-Scanner/2.0 (+https://umai.entelijan.com/methodology)"
154.12.28.88 - - [25/Apr/2026:11:52:35 +0800] "POST /wp-login.php HTTP/1.1" 200 3064 "http://36.133.115.36/wp-login.php" "Mozilla/5.0 (X11; Linux x86_64) AppleWebKit/537.36 (KHTML, like Gecko) Chrome/120.0.0.0 Safari/537.36"
104.243.41.28 - - [25/Apr/2026:11:52:35 +0800] "GET /api/config HTTP/1.1" 404 8950 "-" "Umai-Scanner/2.0 (+https://umai.entelijan.com/methodology)"
154.12.28.88 - - [25/Apr/2026:11:52:36 +0800] "POST /wp-login.php HTTP/1.1" 200 2999 "http://36.133.115.36/wp-login.php" "Mozilla/5.0 (X11; Linux x86_64) AppleWebKit/537.36 (KHTML, like Gecko) Chrome/120.0.0.0 Safari/537.36"
154.12.28.88 - - [25/Apr/2026:11:52:36 +0800] "POST /wp-login.php HTTP/1.1" 200 2987 "http://36.133.115.36/wp-login.php" "Mozilla/5.0 (X11; Linux x86_64) AppleWebKit/537.36 (KHTML, like Gecko) Chrome/120.0.0.0 Safari/537.36"
104.243.41.28 - - [25/Apr/2026:11:52:37 +0800] "GET /streaming/webrtc-client/ HTTP/1.1" 404 8949 "-" "Umai-Scanner/2.0 (+https://umai.entelijan.com/methodology)"
154.12.28.88 - - [25/Apr/2026:11:52:38 +0800] "GET /wp-login.php HTTP/1.1" 200 2853 "-" "Mozilla/5.0 (Macintosh; Intel Mac OS X 10_15_7) AppleWebKit/537.36 (KHTML, like Gecko) Chrome/120.0.0.0 Safari/537.36"
104.243.41.28 - - [25/Apr/2026:11:52:38 +0800] "GET / HTTP/1.1" 301 5 "-" "Umai-Scanner/2.0 (+https://umai.entelijan.com/methodology)"
154.12.28.88 - - [25/Apr/2026:11:52:39 +0800] "POST /wp-login.php HTTP/1.1" 200 3010 "http://36.133.115.36/wp-login.php" "Mozilla/5.0 (Macintosh; Intel Mac OS X 10_15_7) AppleWebKit/537.36 (KHTML, like Gecko) Chrome/120.0.0.0 Safari/537.36"
104.243.41.28 - - [25/Apr/2026:11:52:39 +0800] "GET / HTTP/1.1" 301 5 "-" "Umai-Scanner/2.0 (+https://umai.entelijan.com/methodology)"
154.12.28.88 - - [25/Apr/2026:11:52:39 +0800] "POST /wp-login.php HTTP/1.1" 200 2999 "http://36.133.115.36/wp-login.php" "Mozilla/5.0 (Macintosh; Intel Mac OS X 10_15_7) AppleWebKit/537.36 (KHTML, like Gecko) Chrome/120.0.0.0 Safari/537.36"
104.243.41.28 - - [25/Apr/2026:11:52:40 +0800] "GET / HTTP/1.1" 301 5 "-" "Umai-Scanner/2.0 (+https://umai.entelijan.com/methodology)"
154.12.28.88 - - [25/Apr/2026:11:52:41 +0800] "POST /wp-login.php HTTP/1.1" 200 2987 "http://36.133.115.36/wp-login.php" "Mozilla/5.0 (Macintosh; Intel Mac OS X 10_15_7) AppleWebKit/537.36 (KHTML, like Gecko) Chrome/120.0.0.0 Safari/537.36"
104.243.41.28 - - [25/Apr/2026:11:52:41 +0800] "GET /api/v1/pipelines HTTP/1.1" 404 8949 "-" "Umai-Scanner/2.0 (+https://umai.entelijan.com/methodology)"
154.12.28.88 - - [25/Apr/2026:11:52:41 +0800] "GET /wp-login.php HTTP/1.1" 200 2853 "-" "Mozilla/5.0 (Windows NT 10.0; Win64; x64; rv:121.0) Gecko/20100101 Firefox/121.0"
154.12.28.88 - - [25/Apr/2026:11:52:42 +0800] "POST /wp-login.php HTTP/1.1" 200 3064 "http://36.133.115.36/wp-login.php" "Mozilla/5.0 (Macintosh; Intel Mac OS X 10_15_7) AppleWebKit/537.36 (KHTML, like Gecko) Chrome/120.0.0.0 Safari/537.36"
104.243.41.28 - - [25/Apr/2026:11:52:42 +0800] "GET /ISAPI/Smart/capabilities HTTP/1.1" 404 8949 "-" "Umai-Scanner/2.0 (+https://umai.entelijan.com/methodology)"
154.12.28.88 - - [25/Apr/2026:11:52:43 +0800] "POST /wp-login.php HTTP/1.1" 200 2999 "http://36.133.115.36/wp-login.php" "Mozilla/5.0 (Macintosh; Intel Mac OS X 10_15_7) AppleWebKit/537.36 (KHTML, like Gecko) Chrome/120.0.0.0 Safari/537.36"
104.243.41.28 - - [25/Apr/2026:11:52:44 +0800] "GET /ISAPI/Event/triggers HTTP/1.1" 404 8950 "-" "Umai-Scanner/2.0 (+https://umai.entelijan.com/methodology)"
154.12.28.88 - - [25/Apr/2026:11:52:44 +0800] "POST /wp-login.php HTTP/1.1" 200 2987 "http://36.133.115.36/wp-login.php" "Mozilla/5.0 (Macintosh; Intel Mac OS X 10_15_7) AppleWebKit/537.36 (KHTML, like Gecko) Chrome/120.0.0.0 Safari/537.36"
104.243.41.28 - - [25/Apr/2026:11:52:45 +0800] "GET /ISAPI/Intelligent/FDLib HTTP/1.1" 404 8949 "-" "Umai-Scanner/2.0 (+https://umai.entelijan.com/methodology)"
154.12.28.88 - - [25/Apr/2026:11:52:45 +0800] "GET /wp-login.php HTTP/1.1" 200 2853 "-" "Mozilla/5.0 (Windows NT 10.0; Win64; x64; rv:121.0) Gecko/20100101 Firefox/121.0"
154.12.28.88 - - [25/Apr/2026:11:52:46 +0800] "POST /wp-login.php HTTP/1.1" 200 3061 "http://36.133.115.36/wp-login.php" "Mozilla/5.0 (Windows NT 10.0; Win64; x64) AppleWebKit/537.36 (KHTML, like Gecko) Chrome/120.0.0.0 Safari/537.36"
104.243.41.28 - - [25/Apr/2026:11:52:46 +0800] "GET /ISAPI/Traffic/channels/1/capabilities HTTP/1.1" 404 8949 "-" "Umai-Scanner/2.0 (+https://umai.entelijan.com/methodology)"
154.12.28.88 - - [25/Apr/2026:11:52:47 +0800] "POST /wp-login.php HTTP/1.1" 200 2999 "http://36.133.115.36/wp-login.php" "Mozilla/5.0 (Windows NT 10.0; Win64; x64) AppleWebKit/537.36 (KHTML, like Gecko) Chrome/120.0.0.0 Safari/537.36"
104.243.41.28 - - [25/Apr/2026:11:52:47 +0800] "GET /cgi-bin/configManager.cgi?action=getConfig&name=VideoAnalyseRule HTTP/1.1" 404 8949 "-" "Umai-Scanner/2.0 (+https://umai.entelijan.com/methodology)"
154.12.28.88 - - [25/Apr/2026:11:52:48 +0800] "POST /wp-login.php HTTP/1.1" 200 2987 "http://36.133.115.36/wp-login.php" "Mozilla/5.0 (Windows NT 10.0; Win64; x64) AppleWebKit/537.36 (KHTML, like Gecko) Chrome/120.0.0.0 Safari/537.36"
154.12.28.88 - - [25/Apr/2026:11:52:49 +0800] "GET /wp-login.php HTTP/1.1" 200 2853 "-" "Mozilla/5.0 (Windows NT 11.0; Win64; x64) AppleWebKit/537.36 (KHTML, like Gecko) Chrome/121.0.0.0 Safari/537.36"
104.243.41.28 - - [25/Apr/2026:11:52:49 +0800] "GET /cgi-bin/configManager.cgi?action=getConfig&name=SmartMotionDetect HTTP/1.1" 404 8949 "-" "Umai-Scanner/2.0 (+https://umai.entelijan.com/methodology)"
154.12.28.88 - - [25/Apr/2026:11:52:49 +0800] "POST /wp-login.php HTTP/1.1" 200 3065 "http://36.133.115.36/wp-login.php" "Mozilla/5.0 (Windows NT 10.0; Win64; x64; rv:121.0) Gecko/20100101 Firefox/121.0"
104.243.41.28 - - [25/Apr/2026:11:52:50 +0800] "GET /cgi-bin/configManager.cgi?action=getConfig&name=FaceDetect HTTP/1.1" 404 8948 "-" "Umai-Scanner/2.0 (+https://umai.entelijan.com/methodology)"
154.12.28.88 - - [25/Apr/2026:11:52:50 +0800] "POST /wp-login.php HTTP/1.1" 200 2999 "http://36.133.115.36/wp-login.php" "Mozilla/5.0 (Windows NT 10.0; Win64; x64; rv:121.0) Gecko/20100101 Firefox/121.0"
104.243.41.28 - - [25/Apr/2026:11:52:51 +0800] "GET /cgi-bin/configManager.cgi?action=getConfig&name=IVS HTTP/1.1" 404 8949 "-" "Umai-Scanner/2.0 (+https://umai.entelijan.com/methodology)"
154.12.28.88 - - [25/Apr/2026:11:52:51 +0800] "POST /wp-login.php HTTP/1.1" 200 2987 "http://36.133.115.36/wp-login.php" "Mozilla/5.0 (Windows NT 10.0; Win64; x64; rv:121.0) Gecko/20100101 Firefox/121.0"
154.12.28.88 - - [25/Apr/2026:11:52:52 +0800] "GET /wp-login.php HTTP/1.1" 200 2853 "-" "Mozilla/5.0 (Windows NT 10.0; Win64; x64; rv:121.0) Gecko/20100101 Firefox/121.0"
104.243.41.28 - - [25/Apr/2026:11:52:52 +0800] "GET /cgi-bin/configManager.cgi?action=getConfig&name=Traffic HTTP/1.1" 404 8949 "-" "Umai-Scanner/2.0 (+https://umai.entelijan.com/methodology)"
154.12.28.88 - - [25/Apr/2026:11:52:53 +0800] "POST /wp-login.php HTTP/1.1" 200 3060 "http://36.133.115.36/wp-login.php" "Mozilla/5.0 (Windows NT 10.0; Win64; x64) AppleWebKit/537.36 (KHTML, like Gecko) Chrome/120.0.0.0 Safari/537.36"
104.243.41.28 - - [25/Apr/2026:11:52:53 +0800] "GET /cgi-bin/configManager.cgi?action=getConfig&name=HeatMap HTTP/1.1" 404 8949 "-" "Umai-Scanner/2.0 (+https://umai.entelijan.com/methodology)"
154.12.28.88 - - [25/Apr/2026:11:52:54 +0800] "POST /wp-login.php HTTP/1.1" 200 2999 "http://36.133.115.36/wp-login.php" "Mozilla/5.0 (Windows NT 10.0; Win64; x64) AppleWebKit/537.36 (KHTML, like Gecko) Chrome/120.0.0.0 Safari/537.36"
154.12.28.88 - - [25/Apr/2026:11:52:55 +0800] "POST /wp-login.php HTTP/1.1" 200 2987 "http://36.133.115.36/wp-login.php" "Mozilla/5.0 (Windows NT 10.0; Win64; x64) AppleWebKit/537.36 (KHTML, like Gecko) Chrome/120.0.0.0 Safari/537.36"
104.243.41.28 - - [25/Apr/2026:11:52:55 +0800] "GET /cgi-bin/configManager.cgi?action=getConfig&name=SmartDetect HTTP/1.1" 404 8950 "-" "Umai-Scanner/2.0 (+https://umai.entelijan.com/methodology)"
154.12.28.88 - - [25/Apr/2026:11:52:56 +0800] "GET /wp-login.php HTTP/1.1" 200 2853 "-" "Mozilla/5.0 (Windows NT 11.0; Win64; x64) AppleWebKit/537.36 (KHTML, like Gecko) Chrome/121.0.0.0 Safari/537.36"
104.243.41.28 - - [25/Apr/2026:11:52:56 +0800] "GET /cgi-bin/eventManager.cgi?action=getEventIndexes&code=VideoAnalyse HTTP/1.1" 404 8949 "-" "Umai-Scanner/2.0 (+https://umai.entelijan.com/methodology)"
154.12.28.88 - - [25/Apr/2026:11:52:57 +0800] "POST /wp-login.php HTTP/1.1" 200 3065 "http://36.133.115.36/wp-login.php" "Mozilla/5.0 (Macintosh; Intel Mac OS X 10_15_7) AppleWebKit/537.36 (KHTML, like Gecko) Chrome/120.0.0.0 Safari/537.36"
154.12.28.88 - - [25/Apr/2026:11:52:58 +0800] "POST /wp-login.php HTTP/1.1" 200 2999 "http://36.133.115.36/wp-login.php" "Mozilla/5.0 (Macintosh; Intel Mac OS X 10_15_7) AppleWebKit/537.36 (KHTML, like Gecko) Chrome/120.0.0.0 Safari/537.36"
104.243.41.28 - - [25/Apr/2026:11:52:58 +0800] "GET /cgi-bin/eventManager.cgi?action=getEventIndexes&code=FaceDetection HTTP/1.1" 404 8950 "-" "Umai-Scanner/2.0 (+https://umai.entelijan.com/methodology)"
154.12.28.88 - - [25/Apr/2026:11:52:59 +0800] "POST /wp-login.php HTTP/1.1" 200 2987 "http://36.133.115.36/wp-login.php" "Mozilla/5.0 (Macintosh; Intel Mac OS X 10_15_7) AppleWebKit/537.36 (KHTML, like Gecko) Chrome/120.0.0.0 Safari/537.36"
104.243.41.28 - - [25/Apr/2026:11:52:59 +0800] "GET /cgi-bin/eventManager.cgi?action=getEventIndexes&code=SmartMotionDetect HTTP/1.1" 404 8950 "-" "Umai-Scanner/2.0 (+https://umai.entelijan.com/methodology)"
154.12.28.88 - - [25/Apr/2026:11:53:00 +0800] "GET /wp-login.php HTTP/1.1" 200 2853 "-" "Mozilla/5.0 (Windows NT 11.0; Win64; x64) AppleWebKit/537.36 (KHTML, like Gecko) Chrome/121.0.0.0 Safari/537.36"
154.12.28.88 - - [25/Apr/2026:11:53:01 +0800] "POST /wp-login.php HTTP/1.1" 200 3064 "http://36.133.115.36/wp-login.php" "Mozilla/5.0 (Windows NT 10.0; Win64; x64; rv:121.0) Gecko/20100101 Firefox/121.0"
104.243.41.28 - - [25/Apr/2026:11:53:01 +0800] "GET /axis-cgi/applications/list.cgi HTTP/1.1" 404 8949 "-" "Umai-Scanner/2.0 (+https://umai.entelijan.com/methodology)"
154.12.28.88 - - [25/Apr/2026:11:53:02 +0800] "POST /wp-login.php HTTP/1.1" 200 2999 "http://36.133.115.36/wp-login.php" "Mozilla/5.0 (Windows NT 10.0; Win64; x64; rv:121.0) Gecko/20100101 Firefox/121.0"
104.243.41.28 - - [25/Apr/2026:11:53:02 +0800] "GET /axis-cgi/analytics/axis-object-analytics/configuration.cgi HTTP/1.1" 404 8949 "-" "Umai-Scanner/2.0 (+https://umai.entelijan.com/methodology)"
154.12.28.88 - - [25/Apr/2026:11:53:03 +0800] "POST /wp-login.php HTTP/1.1" 200 2987 "http://36.133.115.36/wp-login.php" "Mozilla/5.0 (Windows NT 10.0; Win64; x64; rv:121.0) Gecko/20100101 Firefox/121.0"
104.243.41.28 - - [25/Apr/2026:11:53:03 +0800] "GET /axis-cgi/analytics/axis-object-analytics/status.cgi HTTP/1.1" 404 8949 "-" "Umai-Scanner/2.0 (+https://umai.entelijan.com/methodology)"
154.12.28.88 - - [25/Apr/2026:11:53:03 +0800] "GET /wp-login.php HTTP/1.1" 200 2853 "-" "Mozilla/5.0 (X11; Linux x86_64) AppleWebKit/537.36 (KHTML, like Gecko) Chrome/120.0.0.0 Safari/537.36"
154.12.28.88 - - [25/Apr/2026:11:53:04 +0800] "POST /wp-login.php HTTP/1.1" 200 3067 "http://36.133.115.36/wp-login.php" "Mozilla/5.0 (Windows NT 10.0; Win64; x64) AppleWebKit/537.36 (KHTML, like Gecko) Chrome/120.0.0.0 Safari/537.36"
104.243.41.28 - - [25/Apr/2026:11:53:04 +0800] "GET /stw-cgi/system.cgi?msubmenu=deviceinfo&action=view HTTP/1.1" 404 8950 "-" "Umai-Scanner/2.0 (+https://umai.entelijan.com/methodology)"
154.12.28.88 - - [25/Apr/2026:11:53:05 +0800] "POST /wp-login.php HTTP/1.1" 200 2999 "http://36.133.115.36/wp-login.php" "Mozilla/5.0 (Windows NT 10.0; Win64; x64) AppleWebKit/537.36 (KHTML, like Gecko) Chrome/120.0.0.0 Safari/537.36"
104.243.41.28 - - [25/Apr/2026:11:53:06 +0800] "GET /cgi-bin/event.cgi HTTP/1.1" 404 8949 "-" "Umai-Scanner/2.0 (+https://umai.entelijan.com/methodology)"
154.12.28.88 - - [25/Apr/2026:11:53:06 +0800] "POST /wp-login.php HTTP/1.1" 200 2987 "http://36.133.115.36/wp-login.php" "Mozilla/5.0 (Windows NT 10.0; Win64; x64) AppleWebKit/537.36 (KHTML, like Gecko) Chrome/120.0.0.0 Safari/537.36"
104.243.41.28 - - [25/Apr/2026:11:53:07 +0800] "GET /cgi-bin/analytics.cgi HTTP/1.1" 404 8950 "-" "Umai-Scanner/2.0 (+https://umai.entelijan.com/methodology)"
154.12.28.88 - - [25/Apr/2026:11:53:07 +0800] "GET /wp-login.php HTTP/1.1" 200 2853 "-" "Mozilla/5.0 (Macintosh; Intel Mac OS X 10_15_7) AppleWebKit/537.36 (KHTML, like Gecko) Chrome/120.0.0.0 Safari/537.36"
104.243.41.28 - - [25/Apr/2026:11:53:08 +0800] "GET /LAPI/V1.0/System/Capabilities HTTP/1.1" 404 8950 "-" "Umai-Scanner/2.0 (+https://umai.entelijan.com/methodology)"
154.12.28.88 - - [25/Apr/2026:11:53:08 +0800] "POST /wp-login.php HTTP/1.1" 200 3010 "http://36.133.115.36/wp-login.php" "Mozilla/5.0 (Windows NT 11.0; Win64; x64) AppleWebKit/537.36 (KHTML, like Gecko) Chrome/121.0.0.0 Safari/537.36"
36.133.115.36 - - [25/Apr/2026:11:53:10 +0800] "POST /wp-cron.php?doing_wp_cron=1777089189.9985051155090332031250 HTTP/1.1" 200 31 "-" "WordPress/6.9; http://cqqizhou.com"
104.243.41.28 - - [25/Apr/2026:11:53:10 +0800] "GET /LAPI/V1.0/Smart/Capabilities HTTP/1.1" 404 8950 "-" "Umai-Scanner/2.0 (+https://umai.entelijan.com/methodology)"
36.133.115.36 - - [25/Apr/2026:11:53:10 +0800] "POST /wp-cron.php?doing_wp_cron=1777089190.0822679996490478515625 HTTP/1.1" 200 31 "-" "WordPress/6.9; http://cqqizhou.com"
154.12.28.88 - - [25/Apr/2026:11:53:10 +0800] "POST /wp-login.php HTTP/1.1" 200 2999 "http://36.133.115.36/wp-login.php" "Mozilla/5.0 (Windows NT 11.0; Win64; x64) AppleWebKit/537.36 (KHTML, like Gecko) Chrome/121.0.0.0 Safari/537.36"
154.12.28.88 - - [25/Apr/2026:11:53:11 +0800] "POST /wp-login.php HTTP/1.1" 200 2987 "http://36.133.115.36/wp-login.php" "Mozilla/5.0 (Windows NT 11.0; Win64; x64) AppleWebKit/537.36 (KHTML, like Gecko) Chrome/121.0.0.0 Safari/537.36"
104.243.41.28 - - [25/Apr/2026:11:53:11 +0800] "GET /cgi-bin/admin/getparam.cgi?Media.VASIP HTTP/1.1" 404 8949 "-" "Umai-Scanner/2.0 (+https://umai.entelijan.com/methodology)"
154.12.28.88 - - [25/Apr/2026:11:53:11 +0800] "GET /wp-login.php HTTP/1.1" 200 2853 "-" "Mozilla/5.0 (Windows NT 10.0; Win64; x64) AppleWebKit/537.36 (KHTML, like Gecko) Chrome/120.0.0.0 Safari/537.36"
104.243.41.28 - - [25/Apr/2026:11:53:12 +0800] "GET /cgi-bin/admin/getparam.cgi?VCA HTTP/1.1" 404 8949 "-" "Umai-Scanner/2.0 (+https://umai.entelijan.com/methodology)"
154.12.28.88 - - [25/Apr/2026:11:53:12 +0800] "POST /wp-login.php HTTP/1.1" 200 3014 "http://36.133.115.36/wp-login.php" "Mozilla/5.0 (Windows NT 10.0; Win64; x64) AppleWebKit/537.36 (KHTML, like Gecko) Chrome/120.0.0.0 Safari/537.36"
104.243.41.28 - - [25/Apr/2026:11:53:13 +0800] "GET /cgi-bin/getinfo?item=capability HTTP/1.1" 404 8949 "-" "Umai-Scanner/2.0 (+https://umai.entelijan.com/methodology)"
154.12.28.88 - - [25/Apr/2026:11:53:13 +0800] "POST /wp-login.php HTTP/1.1" 200 2999 "http://36.133.115.36/wp-login.php" "Mozilla/5.0 (Windows NT 10.0; Win64; x64) AppleWebKit/537.36 (KHTML, like Gecko) Chrome/120.0.0.0 Safari/537.36"
154.12.28.88 - - [25/Apr/2026:11:53:14 +0800] "POST /wp-login.php HTTP/1.1" 200 2987 "http://36.133.115.36/wp-login.php" "Mozilla/5.0 (Windows NT 10.0; Win64; x64) AppleWebKit/537.36 (KHTML, like Gecko) Chrome/120.0.0.0 Safari/537.36"
104.243.41.28 - - [25/Apr/2026:11:53:15 +0800] "GET /cgi-bin/getinfo?FILE=1 HTTP/1.1" 404 8950 "-" "Umai-Scanner/2.0 (+https://umai.entelijan.com/methodology)"
154.12.28.88 - - [25/Apr/2026:11:53:15 +0800] "GET /wp-login.php HTTP/1.1" 200 2853 "-" "Mozilla/5.0 (Windows NT 11.0; Win64; x64) AppleWebKit/537.36 (KHTML, like Gecko) Chrome/121.0.0.0 Safari/537.36"
104.243.41.28 - - [25/Apr/2026:11:53:16 +0800] "GET /api.cgi?cmd=GetAiCfg HTTP/1.1" 404 8949 "-" "Umai-Scanner/2.0 (+https://umai.entelijan.com/methodology)"
154.12.28.88 - - [25/Apr/2026:11:53:16 +0800] "POST /wp-login.php HTTP/1.1" 200 3070 "http://36.133.115.36/wp-login.php" "Mozilla/5.0 (Macintosh; Intel Mac OS X 10_15_7) AppleWebKit/537.36 (KHTML, like Gecko) Chrome/120.0.0.0 Safari/537.36"
104.243.41.28 - - [25/Apr/2026:11:53:17 +0800] "GET /api.cgi?cmd=GetAbility HTTP/1.1" 404 8950 "-" "Umai-Scanner/2.0 (+https://umai.entelijan.com/methodology)"
154.12.28.88 - - [25/Apr/2026:11:53:17 +0800] "POST /wp-login.php HTTP/1.1" 200 2999 "http://36.133.115.36/wp-login.php" "Mozilla/5.0 (Macintosh; Intel Mac OS X 10_15_7) AppleWebKit/537.36 (KHTML, like Gecko) Chrome/120.0.0.0 Safari/537.36"
104.243.41.28 - - [25/Apr/2026:11:53:18 +0800] "GET /api/cam/analytics HTTP/1.1" 404 8950 "-" "Umai-Scanner/2.0 (+https://umai.entelijan.com/methodology)"
154.12.28.88 - - [25/Apr/2026:11:53:18 +0800] "POST /wp-login.php HTTP/1.1" 200 2987 "http://36.133.115.36/wp-login.php" "Mozilla/5.0 (Macintosh; Intel Mac OS X 10_15_7) AppleWebKit/537.36 (KHTML, like Gecko) Chrome/120.0.0.0 Safari/537.36"
154.12.28.88 - - [25/Apr/2026:11:53:19 +0800] "GET /wp-login.php HTTP/1.1" 200 2853 "-" "Mozilla/5.0 (Windows NT 10.0; Win64; x64; rv:121.0) Gecko/20100101 Firefox/121.0"
104.243.41.28 - - [25/Apr/2026:11:53:19 +0800] "GET /api/analytics/capabilities HTTP/1.1" 404 8950 "-" "Umai-Scanner/2.0 (+https://umai.entelijan.com/methodology)"
154.12.28.88 - - [25/Apr/2026:11:53:20 +0800] "POST /wp-login.php HTTP/1.1" 200 3061 "http://36.133.115.36/wp-login.php" "Mozilla/5.0 (Windows NT 11.0; Win64; x64) AppleWebKit/537.36 (KHTML, like Gecko) Chrome/121.0.0.0 Safari/537.36"
104.243.41.28 - - [25/Apr/2026:11:53:20 +0800] "GET /api/ai/capabilities HTTP/1.1" 404 8948 "-" "Umai-Scanner/2.0 (+https://umai.entelijan.com/methodology)"
154.12.28.88 - - [25/Apr/2026:11:53:21 +0800] "POST /wp-login.php HTTP/1.1" 200 2999 "http://36.133.115.36/wp-login.php" "Mozilla/5.0 (Windows NT 11.0; Win64; x64) AppleWebKit/537.36 (KHTML, like Gecko) Chrome/121.0.0.0 Safari/537.36"
104.243.41.28 - - [25/Apr/2026:11:53:21 +0800] "GET /control/settings.cs HTTP/1.1" 404 8949 "-" "Umai-Scanner/2.0 (+https://umai.entelijan.com/methodology)"
154.12.28.88 - - [25/Apr/2026:11:53:22 +0800] "POST /wp-login.php HTTP/1.1" 200 2987 "http://36.133.115.36/wp-login.php" "Mozilla/5.0 (Windows NT 11.0; Win64; x64) AppleWebKit/537.36 (KHTML, like Gecko) Chrome/121.0.0.0 Safari/537.36"
104.243.41.28 - - [25/Apr/2026:11:53:23 +0800] "GET /SDCAPI/V1.0/Smart/Capabilities HTTP/1.1" 404 8949 "-" "Umai-Scanner/2.0 (+https://umai.entelijan.com/methodology)"
154.12.28.88 - - [25/Apr/2026:11:53:23 +0800] "GET /wp-login.php HTTP/1.1" 200 2853 "-" "Mozilla/5.0 (X11; Linux x86_64) AppleWebKit/537.36 (KHTML, like Gecko) Chrome/120.0.0.0 Safari/537.36"
104.243.41.28 - - [25/Apr/2026:11:53:24 +0800] "GET /onvif/device_service HTTP/1.1" 404 8950 "-" "Umai-Scanner/2.0 (+https://umai.entelijan.com/methodology)"
154.12.28.88 - - [25/Apr/2026:11:53:24 +0800] "POST /wp-login.php HTTP/1.1" 200 3063 "http://36.133.115.36/wp-login.php" "Mozilla/5.0 (Windows NT 11.0; Win64; x64) AppleWebKit/537.36 (KHTML, like Gecko) Chrome/121.0.0.0 Safari/537.36"
154.12.28.88 - - [25/Apr/2026:11:53:25 +0800] "POST /wp-login.php HTTP/1.1" 200 2999 "http://36.133.115.36/wp-login.php" "Mozilla/5.0 (Windows NT 11.0; Win64; x64) AppleWebKit/537.36 (KHTML, like Gecko) Chrome/121.0.0.0 Safari/537.36"
104.243.41.28 - - [25/Apr/2026:11:53:25 +0800] "GET /onvif/events_service HTTP/1.1" 404 8949 "-" "Umai-Scanner/2.0 (+https://umai.entelijan.com/methodology)"
154.12.28.88 - - [25/Apr/2026:11:53:26 +0800] "POST /wp-login.php HTTP/1.1" 200 2987 "http://36.133.115.36/wp-login.php" "Mozilla/5.0 (Windows NT 11.0; Win64; x64) AppleWebKit/537.36 (KHTML, like Gecko) Chrome/121.0.0.0 Safari/537.36"
104.243.41.28 - - [25/Apr/2026:11:53:26 +0800] "GET /api/config HTTP/1.1" 404 8949 "-" "Umai-Scanner/2.0 (+https://umai.entelijan.com/methodology)"
154.12.28.88 - - [25/Apr/2026:11:53:27 +0800] "GET /wp-login.php HTTP/1.1" 200 2853 "-" "Mozilla/5.0 (Windows NT 10.0; Win64; x64; rv:121.0) Gecko/20100101 Firefox/121.0"
154.12.28.88 - - [25/Apr/2026:11:53:28 +0800] "POST /wp-login.php HTTP/1.1" 200 3061 "http://36.133.115.36/wp-login.php" "Mozilla/5.0 (Windows NT 11.0; Win64; x64) AppleWebKit/537.36 (KHTML, like Gecko) Chrome/121.0.0.0 Safari/537.36"
154.12.28.88 - - [25/Apr/2026:11:53:28 +0800] "POST /wp-login.php HTTP/1.1" 200 2999 "http://36.133.115.36/wp-login.php" "Mozilla/5.0 (Windows NT 11.0; Win64; x64) AppleWebKit/537.36 (KHTML, like Gecko) Chrome/121.0.0.0 Safari/537.36"
154.12.28.88 - - [25/Apr/2026:11:53:29 +0800] "POST /wp-login.php HTTP/1.1" 200 2987 "http://36.133.115.36/wp-login.php" "Mozilla/5.0 (Windows NT 11.0; Win64; x64) AppleWebKit/537.36 (KHTML, like Gecko) Chrome/121.0.0.0 Safari/537.36"
154.12.28.88 - - [25/Apr/2026:11:53:30 +0800] "GET /wp-login.php HTTP/1.1" 200 2853 "-" "Mozilla/5.0 (Windows NT 11.0; Win64; x64) AppleWebKit/537.36 (KHTML, like Gecko) Chrome/121.0.0.0 Safari/537.36"
154.12.28.88 - - [25/Apr/2026:11:53:31 +0800] "POST /wp-login.php HTTP/1.1" 200 2976 "http://36.133.115.36/wp-login.php" "Mozilla/5.0 (Windows NT 11.0; Win64; x64) AppleWebKit/537.36 (KHTML, like Gecko) Chrome/121.0.0.0 Safari/537.36"
154.12.28.88 - - [25/Apr/2026:11:53:32 +0800] "POST /wp-login.php HTTP/1.1" 200 2999 "http://36.133.115.36/wp-login.php" "Mozilla/5.0 (Windows NT 11.0; Win64; x64) AppleWebKit/537.36 (KHTML, like Gecko) Chrome/121.0.0.0 Safari/537.36"
154.12.28.88 - - [25/Apr/2026:11:53:33 +0800] "POST /wp-login.php HTTP/1.1" 200 2987 "http://36.133.115.36/wp-login.php" "Mozilla/5.0 (Windows NT 11.0; Win64; x64) AppleWebKit/537.36 (KHTML, like Gecko) Chrome/121.0.0.0 Safari/537.36"
154.12.28.88 - - [25/Apr/2026:11:53:34 +0800] "GET /wp-login.php HTTP/1.1" 200 2853 "-" "Mozilla/5.0 (Macintosh; Intel Mac OS X 10_15_7) AppleWebKit/537.36 (KHTML, like Gecko) Chrome/120.0.0.0 Safari/537.36"
154.12.28.88 - - [25/Apr/2026:11:53:35 +0800] "POST /wp-login.php HTTP/1.1" 200 3061 "http://36.133.115.36/wp-login.php" "Mozilla/5.0 (Windows NT 10.0; Win64; x64) AppleWebKit/537.36 (KHTML, like Gecko) Chrome/120.0.0.0 Safari/537.36"
154.12.28.88 - - [25/Apr/2026:11:53:36 +0800] "POST /wp-login.php HTTP/1.1" 200 2999 "http://36.133.115.36/wp-login.php" "Mozilla/5.0 (Windows NT 10.0; Win64; x64) AppleWebKit/537.36 (KHTML, like Gecko) Chrome/120.0.0.0 Safari/537.36"
154.12.28.88 - - [25/Apr/2026:11:53:37 +0800] "POST /wp-login.php HTTP/1.1" 200 2987 "http://36.133.115.36/wp-login.php" "Mozilla/5.0 (Windows NT 10.0; Win64; x64) AppleWebKit/537.36 (KHTML, like Gecko) Chrome/120.0.0.0 Safari/537.36"
154.12.28.88 - - [25/Apr/2026:11:53:38 +0800] "GET /wp-login.php HTTP/1.1" 200 2853 "-" "Mozilla/5.0 (Windows NT 11.0; Win64; x64) AppleWebKit/537.36 (KHTML, like Gecko) Chrome/121.0.0.0 Safari/537.36"
154.12.28.88 - - [25/Apr/2026:11:53:39 +0800] "POST /wp-login.php HTTP/1.1" 200 3062 "http://36.133.115.36/wp-login.php" "Mozilla/5.0 (Windows NT 10.0; Win64; x64) AppleWebKit/537.36 (KHTML, like Gecko) Chrome/120.0.0.0 Safari/537.36"
154.12.28.88 - - [25/Apr/2026:11:53:40 +0800] "POST /wp-login.php HTTP/1.1" 200 2999 "http://36.133.115.36/wp-login.php" "Mozilla/5.0 (Windows NT 10.0; Win64; x64) AppleWebKit/537.36 (KHTML, like Gecko) Chrome/120.0.0.0 Safari/537.36"
154.12.28.88 - - [25/Apr/2026:11:53:41 +0800] "POST /wp-login.php HTTP/1.1" 200 2987 "http://36.133.115.36/wp-login.php" "Mozilla/5.0 (Windows NT 10.0; Win64; x64) AppleWebKit/537.36 (KHTML, like Gecko) Chrome/120.0.0.0 Safari/537.36"
154.12.28.88 - - [25/Apr/2026:11:53:42 +0800] "GET /wp-login.php HTTP/1.1" 200 2853 "-" "Mozilla/5.0 (Windows NT 10.0; Win64; x64) AppleWebKit/537.36 (KHTML, like Gecko) Chrome/120.0.0.0 Safari/537.36"
154.12.28.88 - - [25/Apr/2026:11:53:43 +0800] "POST /wp-login.php HTTP/1.1" 200 3010 "http://36.133.115.36/wp-login.php" "Mozilla/5.0 (Macintosh; Intel Mac OS X 10_15_7) AppleWebKit/537.36 (KHTML, like Gecko) Chrome/120.0.0.0 Safari/537.36"
154.12.28.88 - - [25/Apr/2026:11:53:44 +0800] "POST /wp-login.php HTTP/1.1" 200 2999 "http://36.133.115.36/wp-login.php" "Mozilla/5.0 (Macintosh; Intel Mac OS X 10_15_7) AppleWebKit/537.36 (KHTML, like Gecko) Chrome/120.0.0.0 Safari/537.36"
154.12.28.88 - - [25/Apr/2026:11:53:45 +0800] "POST /wp-login.php HTTP/1.1" 200 2987 "http://36.133.115.36/wp-login.php" "Mozilla/5.0 (Macintosh; Intel Mac OS X 10_15_7) AppleWebKit/537.36 (KHTML, like Gecko) Chrome/120.0.0.0 Safari/537.36"
154.12.28.88 - - [25/Apr/2026:11:53:46 +0800] "GET /wp-login.php HTTP/1.1" 200 2853 "-" "Mozilla/5.0 (Windows NT 10.0; Win64; x64) AppleWebKit/537.36 (KHTML, like Gecko) Chrome/120.0.0.0 Safari/537.36"
154.12.28.88 - - [25/Apr/2026:11:53:47 +0800] "POST /wp-login.php HTTP/1.1" 200 3066 "http://36.133.115.36/wp-login.php" "Mozilla/5.0 (Windows NT 10.0; Win64; x64; rv:121.0) Gecko/20100101 Firefox/121.0"
154.12.28.88 - - [25/Apr/2026:11:53:48 +0800] "POST /wp-login.php HTTP/1.1" 200 2999 "http://36.133.115.36/wp-login.php" "Mozilla/5.0 (Windows NT 10.0; Win64; x64; rv:121.0) Gecko/20100101 Firefox/121.0"
154.12.28.88 - - [25/Apr/2026:11:53:49 +0800] "POST /wp-login.php HTTP/1.1" 200 2987 "http://36.133.115.36/wp-login.php" "Mozilla/5.0 (Windows NT 10.0; Win64; x64; rv:121.0) Gecko/20100101 Firefox/121.0"
154.12.28.88 - - [25/Apr/2026:11:53:50 +0800] "GET /wp-login.php HTTP/1.1" 200 2853 "-" "Mozilla/5.0 (Macintosh; Intel Mac OS X 10_15_7) AppleWebKit/537.36 (KHTML, like Gecko) Chrome/120.0.0.0 Safari/537.36"
154.12.28.88 - - [25/Apr/2026:11:53:50 +0800] "POST /wp-login.php HTTP/1.1" 200 3070 "http://36.133.115.36/wp-login.php" "Mozilla/5.0 (Windows NT 10.0; Win64; x64) AppleWebKit/537.36 (KHTML, like Gecko) Chrome/120.0.0.0 Safari/537.36"
154.12.28.88 - - [25/Apr/2026:11:53:51 +0800] "POST /wp-login.php HTTP/1.1" 200 2999 "http://36.133.115.36/wp-login.php" "Mozilla/5.0 (Windows NT 10.0; Win64; x64) AppleWebKit/537.36 (KHTML, like Gecko) Chrome/120.0.0.0 Safari/537.36"
154.12.28.88 - - [25/Apr/2026:11:53:52 +0800] "POST /wp-login.php HTTP/1.1" 200 2987 "http://36.133.115.36/wp-login.php" "Mozilla/5.0 (Windows NT 10.0; Win64; x64) AppleWebKit/537.36 (KHTML, like Gecko) Chrome/120.0.0.0 Safari/537.36"
154.12.28.88 - - [25/Apr/2026:11:53:53 +0800] "GET /wp-login.php HTTP/1.1" 200 2853 "-" "Mozilla/5.0 (Windows NT 11.0; Win64; x64) AppleWebKit/537.36 (KHTML, like Gecko) Chrome/121.0.0.0 Safari/537.36"
154.12.28.88 - - [25/Apr/2026:11:53:54 +0800] "POST /wp-login.php HTTP/1.1" 200 3064 "http://36.133.115.36/wp-login.php" "Mozilla/5.0 (X11; Linux x86_64) AppleWebKit/537.36 (KHTML, like Gecko) Chrome/120.0.0.0 Safari/537.36"
154.12.28.88 - - [25/Apr/2026:11:53:55 +0800] "POST /wp-login.php HTTP/1.1" 200 2999 "http://36.133.115.36/wp-login.php" "Mozilla/5.0 (X11; Linux x86_64) AppleWebKit/537.36 (KHTML, like Gecko) Chrome/120.0.0.0 Safari/537.36"
154.12.28.88 - - [25/Apr/2026:11:53:56 +0800] "POST /wp-login.php HTTP/1.1" 200 2987 "http://36.133.115.36/wp-login.php" "Mozilla/5.0 (X11; Linux x86_64) AppleWebKit/537.36 (KHTML, like Gecko) Chrome/120.0.0.0 Safari/537.36"
154.12.28.88 - - [25/Apr/2026:11:53:56 +0800] "GET /wp-login.php HTTP/1.1" 200 2853 "-" "Mozilla/5.0 (X11; Linux x86_64) AppleWebKit/537.36 (KHTML, like Gecko) Chrome/120.0.0.0 Safari/537.36"
154.12.28.88 - - [25/Apr/2026:11:53:57 +0800] "POST /wp-login.php HTTP/1.1" 200 3063 "http://36.133.115.36/wp-login.php" "Mozilla/5.0 (Windows NT 10.0; Win64; x64) AppleWebKit/537.36 (KHTML, like Gecko) Chrome/120.0.0.0 Safari/537.36"
154.12.28.88 - - [25/Apr/2026:11:53:58 +0800] "POST /wp-login.php HTTP/1.1" 200 2999 "http://36.133.115.36/wp-login.php" "Mozilla/5.0 (Windows NT 10.0; Win64; x64) AppleWebKit/537.36 (KHTML, like Gecko) Chrome/120.0.0.0 Safari/537.36"
154.12.28.88 - - [25/Apr/2026:11:53:59 +0800] "POST /wp-login.php HTTP/1.1" 200 2987 "http://36.133.115.36/wp-login.php" "Mozilla/5.0 (Windows NT 10.0; Win64; x64) AppleWebKit/537.36 (KHTML, like Gecko) Chrome/120.0.0.0 Safari/537.36"
154.12.28.88 - - [25/Apr/2026:11:54:00 +0800] "GET /wp-login.php HTTP/1.1" 200 2853 "-" "Mozilla/5.0 (X11; Linux x86_64) AppleWebKit/537.36 (KHTML, like Gecko) Chrome/120.0.0.0 Safari/537.36"
154.12.28.88 - - [25/Apr/2026:11:54:01 +0800] "POST /wp-login.php HTTP/1.1" 200 3063 "http://36.133.115.36/wp-login.php" "Mozilla/5.0 (Windows NT 10.0; Win64; x64) AppleWebKit/537.36 (KHTML, like Gecko) Chrome/120.0.0.0 Safari/537.36"
154.12.28.88 - - [25/Apr/2026:11:54:02 +0800] "POST /wp-login.php HTTP/1.1" 200 2999 "http://36.133.115.36/wp-login.php" "Mozilla/5.0 (Windows NT 10.0; Win64; x64) AppleWebKit/537.36 (KHTML, like Gecko) Chrome/120.0.0.0 Safari/537.36"
154.12.28.88 - - [25/Apr/2026:11:54:02 +0800] "POST /wp-login.php HTTP/1.1" 200 2987 "http://36.133.115.36/wp-login.php" "Mozilla/5.0 (Windows NT 10.0; Win64; x64) AppleWebKit/537.36 (KHTML, like Gecko) Chrome/120.0.0.0 Safari/537.36"
154.12.28.88 - - [25/Apr/2026:11:54:03 +0800] "GET /wp-login.php HTTP/1.1" 200 2853 "-" "Mozilla/5.0 (Windows NT 10.0; Win64; x64) AppleWebKit/537.36 (KHTML, like Gecko) Chrome/120.0.0.0 Safari/537.36"
154.12.28.88 - - [25/Apr/2026:11:54:04 +0800] "POST /wp-login.php HTTP/1.1" 200 3010 "http://36.133.115.36/wp-login.php" "Mozilla/5.0 (Macintosh; Intel Mac OS X 10_15_7) AppleWebKit/537.36 (KHTML, like Gecko) Chrome/120.0.0.0 Safari/537.36"
154.12.28.88 - - [25/Apr/2026:11:54:05 +0800] "POST /wp-login.php HTTP/1.1" 200 2999 "http://36.133.115.36/wp-login.php" "Mozilla/5.0 (Macintosh; Intel Mac OS X 10_15_7) AppleWebKit/537.36 (KHTML, like Gecko) Chrome/120.0.0.0 Safari/537.36"
154.12.28.88 - - [25/Apr/2026:11:54:06 +0800] "POST /wp-login.php HTTP/1.1" 200 2987 "http://36.133.115.36/wp-login.php" "Mozilla/5.0 (Macintosh; Intel Mac OS X 10_15_7) AppleWebKit/537.36 (KHTML, like Gecko) Chrome/120.0.0.0 Safari/537.36"
154.12.28.88 - - [25/Apr/2026:11:54:07 +0800] "GET /wp-login.php HTTP/1.1" 200 2853 "-" "Mozilla/5.0 (Macintosh; Intel Mac OS X 10_15_7) AppleWebKit/537.36 (KHTML, like Gecko) Chrome/120.0.0.0 Safari/537.36"
36.133.115.36 - - [25/Apr/2026:11:54:08 +0800] "POST /wp-cron.php?doing_wp_cron=1777089248.6342558860778808593750 HTTP/1.1" 200 31 "-" "WordPress/6.9; http://cqqizhou.com"
154.12.28.88 - - [25/Apr/2026:11:54:08 +0800] "POST /wp-login.php HTTP/1.1" 200 3010 "http://36.133.115.36/wp-login.php" "Mozilla/5.0 (Macintosh; Intel Mac OS X 10_15_7) AppleWebKit/537.36 (KHTML, like Gecko) Chrome/120.0.0.0 Safari/537.36"
154.12.28.88 - - [25/Apr/2026:11:54:09 +0800] "POST /wp-login.php HTTP/1.1" 200 2999 "http://36.133.115.36/wp-login.php" "Mozilla/5.0 (Macintosh; Intel Mac OS X 10_15_7) AppleWebKit/537.36 (KHTML, like Gecko) Chrome/120.0.0.0 Safari/537.36"
154.12.28.88 - - [25/Apr/2026:11:54:10 +0800] "POST /wp-login.php HTTP/1.1" 200 2987 "http://36.133.115.36/wp-login.php" "Mozilla/5.0 (Macintosh; Intel Mac OS X 10_15_7) AppleWebKit/537.36 (KHTML, like Gecko) Chrome/120.0.0.0 Safari/537.36"
154.12.28.88 - - [25/Apr/2026:11:54:11 +0800] "GET /wp-login.php HTTP/1.1" 200 2853 "-" "Mozilla/5.0 (Windows NT 10.0; Win64; x64) AppleWebKit/537.36 (KHTML, like Gecko) Chrome/120.0.0.0 Safari/537.36"
154.12.28.88 - - [25/Apr/2026:11:54:12 +0800] "POST /wp-login.php HTTP/1.1" 200 3010 "http://36.133.115.36/wp-login.php" "Mozilla/5.0 (Macintosh; Intel Mac OS X 10_15_7) AppleWebKit/537.36 (KHTML, like Gecko) Chrome/120.0.0.0 Safari/537.36"
154.12.28.88 - - [25/Apr/2026:11:54:13 +0800] "POST /wp-login.php HTTP/1.1" 200 2999 "http://36.133.115.36/wp-login.php" "Mozilla/5.0 (Macintosh; Intel Mac OS X 10_15_7) AppleWebKit/537.36 (KHTML, like Gecko) Chrome/120.0.0.0 Safari/537.36"
154.12.28.88 - - [25/Apr/2026:11:54:14 +0800] "POST /wp-login.php HTTP/1.1" 200 2987 "http://36.133.115.36/wp-login.php" "Mozilla/5.0 (Macintosh; Intel Mac OS X 10_15_7) AppleWebKit/537.36 (KHTML, like Gecko) Chrome/120.0.0.0 Safari/537.36"
154.12.28.88 - - [25/Apr/2026:11:54:15 +0800] "GET /wp-login.php HTTP/1.1" 200 2853 "-" "Mozilla/5.0 (Windows NT 10.0; Win64; x64) AppleWebKit/537.36 (KHTML, like Gecko) Chrome/120.0.0.0 Safari/537.36"
154.12.28.88 - - [25/Apr/2026:11:54:16 +0800] "POST /wp-login.php HTTP/1.1" 200 3070 "http://36.133.115.36/wp-login.php" "Mozilla/5.0 (X11; Linux x86_64) AppleWebKit/537.36 (KHTML, like Gecko) Chrome/120.0.0.0 Safari/537.36"
154.12.28.88 - - [25/Apr/2026:11:54:17 +0800] "POST /wp-login.php HTTP/1.1" 200 2999 "http://36.133.115.36/wp-login.php" "Mozilla/5.0 (X11; Linux x86_64) AppleWebKit/537.36 (KHTML, like Gecko) Chrome/120.0.0.0 Safari/537.36"
154.12.28.88 - - [25/Apr/2026:11:54:17 +0800] "POST /wp-login.php HTTP/1.1" 200 2987 "http://36.133.115.36/wp-login.php" "Mozilla/5.0 (X11; Linux x86_64) AppleWebKit/537.36 (KHTML, like Gecko) Chrome/120.0.0.0 Safari/537.36"
154.12.28.88 - - [25/Apr/2026:11:54:18 +0800] "GET /wp-login.php HTTP/1.1" 200 2853 "-" "Mozilla/5.0 (Windows NT 11.0; Win64; x64) AppleWebKit/537.36 (KHTML, like Gecko) Chrome/121.0.0.0 Safari/537.36"
154.12.28.88 - - [25/Apr/2026:11:54:19 +0800] "POST /wp-login.php HTTP/1.1" 200 3071 "http://36.133.115.36/wp-login.php" "Mozilla/5.0 (Windows NT 10.0; Win64; x64; rv:121.0) Gecko/20100101 Firefox/121.0"
154.12.28.88 - - [25/Apr/2026:11:54:20 +0800] "POST /wp-login.php HTTP/1.1" 200 2999 "http://36.133.115.36/wp-login.php" "Mozilla/5.0 (Windows NT 10.0; Win64; x64; rv:121.0) Gecko/20100101 Firefox/121.0"
154.12.28.88 - - [25/Apr/2026:11:54:21 +0800] "POST /wp-login.php HTTP/1.1" 200 2987 "http://36.133.115.36/wp-login.php" "Mozilla/5.0 (Windows NT 10.0; Win64; x64; rv:121.0) Gecko/20100101 Firefox/121.0"
154.12.28.88 - - [25/Apr/2026:11:54:22 +0800] "GET /wp-login.php HTTP/1.1" 200 2853 "-" "Mozilla/5.0 (Macintosh; Intel Mac OS X 10_15_7) AppleWebKit/537.36 (KHTML, like Gecko) Chrome/120.0.0.0 Safari/537.36"
154.12.28.88 - - [25/Apr/2026:11:54:23 +0800] "POST /wp-login.php HTTP/1.1" 200 3066 "http://36.133.115.36/wp-login.php" "Mozilla/5.0 (Windows NT 10.0; Win64; x64) AppleWebKit/537.36 (KHTML, like Gecko) Chrome/120.0.0.0 Safari/537.36"
154.12.28.88 - - [25/Apr/2026:11:54:24 +0800] "POST /wp-login.php HTTP/1.1" 200 2999 "http://36.133.115.36/wp-login.php" "Mozilla/5.0 (Windows NT 10.0; Win64; x64) AppleWebKit/537.36 (KHTML, like Gecko) Chrome/120.0.0.0 Safari/537.36"
154.12.28.88 - - [25/Apr/2026:11:54:25 +0800] "POST /wp-login.php HTTP/1.1" 200 2987 "http://36.133.115.36/wp-login.php" "Mozilla/5.0 (Windows NT 10.0; Win64; x64) AppleWebKit/537.36 (KHTML, like Gecko) Chrome/120.0.0.0 Safari/537.36"
154.12.28.88 - - [25/Apr/2026:11:54:26 +0800] "GET /wp-login.php HTTP/1.1" 200 2853 "-" "Mozilla/5.0 (X11; Linux x86_64) AppleWebKit/537.36 (KHTML, like Gecko) Chrome/120.0.0.0 Safari/537.36"
154.12.28.88 - - [25/Apr/2026:11:54:27 +0800] "POST /wp-login.php HTTP/1.1" 200 3010 "http://36.133.115.36/wp-login.php" "Mozilla/5.0 (X11; Linux x86_64) AppleWebKit/537.36 (KHTML, like Gecko) Chrome/120.0.0.0 Safari/537.36"
154.12.28.88 - - [25/Apr/2026:11:54:28 +0800] "POST /wp-login.php HTTP/1.1" 200 2999 "http://36.133.115.36/wp-login.php" "Mozilla/5.0 (X11; Linux x86_64) AppleWebKit/537.36 (KHTML, like Gecko) Chrome/120.0.0.0 Safari/537.36"
154.12.28.88 - - [25/Apr/2026:11:54:29 +0800] "POST /wp-login.php HTTP/1.1" 200 2987 "http://36.133.115.36/wp-login.php" "Mozilla/5.0 (X11; Linux x86_64) AppleWebKit/537.36 (KHTML, like Gecko) Chrome/120.0.0.0 Safari/537.36"
154.12.28.88 - - [25/Apr/2026:11:54:30 +0800] "GET /wp-login.php HTTP/1.1" 200 2853 "-" "Mozilla/5.0 (Windows NT 10.0; Win64; x64) AppleWebKit/537.36 (KHTML, like Gecko) Chrome/120.0.0.0 Safari/537.36"
154.12.28.88 - - [25/Apr/2026:11:54:31 +0800] "POST /wp-login.php HTTP/1.1" 200 3064 "http://36.133.115.36/wp-login.php" "Mozilla/5.0 (Windows NT 11.0; Win64; x64) AppleWebKit/537.36 (KHTML, like Gecko) Chrome/121.0.0.0 Safari/537.36"
154.12.28.88 - - [25/Apr/2026:11:54:32 +0800] "POST /wp-login.php HTTP/1.1" 200 2999 "http://36.133.115.36/wp-login.php" "Mozilla/5.0 (Windows NT 11.0; Win64; x64) AppleWebKit/537.36 (KHTML, like Gecko) Chrome/121.0.0.0 Safari/537.36"
154.12.28.88 - - [25/Apr/2026:11:54:33 +0800] "POST /wp-login.php HTTP/1.1" 200 2987 "http://36.133.115.36/wp-login.php" "Mozilla/5.0 (Windows NT 11.0; Win64; x64) AppleWebKit/537.36 (KHTML, like Gecko) Chrome/121.0.0.0 Safari/537.36"
154.12.28.88 - - [25/Apr/2026:11:54:33 +0800] "GET /wp-login.php HTTP/1.1" 200 2853 "-" "Mozilla/5.0 (X11; Linux x86_64) AppleWebKit/537.36 (KHTML, like Gecko) Chrome/120.0.0.0 Safari/537.36"
154.12.28.88 - - [25/Apr/2026:11:54:35 +0800] "POST /wp-login.php HTTP/1.1" 200 3066 "http://36.133.115.36/wp-login.php" "Mozilla/5.0 (Windows NT 11.0; Win64; x64) AppleWebKit/537.36 (KHTML, like Gecko) Chrome/121.0.0.0 Safari/537.36"
154.12.28.88 - - [25/Apr/2026:11:54:35 +0800] "POST /wp-login.php HTTP/1.1" 200 2999 "http://36.133.115.36/wp-login.php" "Mozilla/5.0 (Windows NT 11.0; Win64; x64) AppleWebKit/537.36 (KHTML, like Gecko) Chrome/121.0.0.0 Safari/537.36"
154.12.28.88 - - [25/Apr/2026:11:54:36 +0800] "POST /wp-login.php HTTP/1.1" 200 2987 "http://36.133.115.36/wp-login.php" "Mozilla/5.0 (Windows NT 11.0; Win64; x64) AppleWebKit/537.36 (KHTML, like Gecko) Chrome/121.0.0.0 Safari/537.36"
154.12.28.88 - - [25/Apr/2026:11:54:37 +0800] "GET /wp-login.php HTTP/1.1" 200 2853 "-" "Mozilla/5.0 (X11; Linux x86_64) AppleWebKit/537.36 (KHTML, like Gecko) Chrome/120.0.0.0 Safari/537.36"
154.12.28.88 - - [25/Apr/2026:11:54:38 +0800] "POST /wp-login.php HTTP/1.1" 200 3062 "http://36.133.115.36/wp-login.php" "Mozilla/5.0 (Windows NT 11.0; Win64; x64) AppleWebKit/537.36 (KHTML, like Gecko) Chrome/121.0.0.0 Safari/537.36"
154.12.28.88 - - [25/Apr/2026:11:54:39 +0800] "POST /wp-login.php HTTP/1.1" 200 2999 "http://36.133.115.36/wp-login.php" "Mozilla/5.0 (Windows NT 11.0; Win64; x64) AppleWebKit/537.36 (KHTML, like Gecko) Chrome/121.0.0.0 Safari/537.36"
154.12.28.88 - - [25/Apr/2026:11:54:40 +0800] "POST /wp-login.php HTTP/1.1" 200 2987 "http://36.133.115.36/wp-login.php" "Mozilla/5.0 (Windows NT 11.0; Win64; x64) AppleWebKit/537.36 (KHTML, like Gecko) Chrome/121.0.0.0 Safari/537.36"
154.12.28.88 - - [25/Apr/2026:11:54:41 +0800] "GET /wp-login.php HTTP/1.1" 200 2853 "-" "Mozilla/5.0 (Windows NT 11.0; Win64; x64) AppleWebKit/537.36 (KHTML, like Gecko) Chrome/121.0.0.0 Safari/537.36"
154.12.28.88 - - [25/Apr/2026:11:54:42 +0800] "POST /wp-login.php HTTP/1.1" 200 3064 "http://36.133.115.36/wp-login.php" "Mozilla/5.0 (X11; Linux x86_64) AppleWebKit/537.36 (KHTML, like Gecko) Chrome/120.0.0.0 Safari/537.36"
154.12.28.88 - - [25/Apr/2026:11:54:43 +0800] "POST /wp-login.php HTTP/1.1" 200 2999 "http://36.133.115.36/wp-login.php" "Mozilla/5.0 (X11; Linux x86_64) AppleWebKit/537.36 (KHTML, like Gecko) Chrome/120.0.0.0 Safari/537.36"
154.12.28.88 - - [25/Apr/2026:11:54:44 +0800] "POST /wp-login.php HTTP/1.1" 200 2987 "http://36.133.115.36/wp-login.php" "Mozilla/5.0 (X11; Linux x86_64) AppleWebKit/537.36 (KHTML, like Gecko) Chrome/120.0.0.0 Safari/537.36"
154.12.28.88 - - [25/Apr/2026:11:54:45 +0800] "GET /wp-login.php HTTP/1.1" 200 2853 "-" "Mozilla/5.0 (Windows NT 11.0; Win64; x64) AppleWebKit/537.36 (KHTML, like Gecko) Chrome/121.0.0.0 Safari/537.36"
154.12.28.88 - - [25/Apr/2026:11:54:46 +0800] "POST /wp-login.php HTTP/1.1" 200 3064 "http://36.133.115.36/wp-login.php" "Mozilla/5.0 (Windows NT 10.0; Win64; x64) AppleWebKit/537.36 (KHTML, like Gecko) Chrome/120.0.0.0 Safari/537.36"
154.12.28.88 - - [25/Apr/2026:11:54:47 +0800] "POST /wp-login.php HTTP/1.1" 200 2999 "http://36.133.115.36/wp-login.php" "Mozilla/5.0 (Windows NT 10.0; Win64; x64) AppleWebKit/537.36 (KHTML, like Gecko) Chrome/120.0.0.0 Safari/537.36"
154.12.28.88 - - [25/Apr/2026:11:54:48 +0800] "POST /wp-login.php HTTP/1.1" 200 2987 "http://36.133.115.36/wp-login.php" "Mozilla/5.0 (Windows NT 10.0; Win64; x64) AppleWebKit/537.36 (KHTML, like Gecko) Chrome/120.0.0.0 Safari/537.36"
154.12.28.88 - - [25/Apr/2026:11:54:49 +0800] "GET /wp-login.php HTTP/1.1" 200 2853 "-" "Mozilla/5.0 (Windows NT 11.0; Win64; x64) AppleWebKit/537.36 (KHTML, like Gecko) Chrome/121.0.0.0 Safari/537.36"
154.12.28.88 - - [25/Apr/2026:11:54:50 +0800] "POST /wp-login.php HTTP/1.1" 200 3010 "http://36.133.115.36/wp-login.php" "Mozilla/5.0 (Windows NT 10.0; Win64; x64) AppleWebKit/537.36 (KHTML, like Gecko) Chrome/120.0.0.0 Safari/537.36"
154.12.28.88 - - [25/Apr/2026:11:54:51 +0800] "POST /wp-login.php HTTP/1.1" 200 2999 "http://36.133.115.36/wp-login.php" "Mozilla/5.0 (Windows NT 10.0; Win64; x64) AppleWebKit/537.36 (KHTML, like Gecko) Chrome/120.0.0.0 Safari/537.36"
154.12.28.88 - - [25/Apr/2026:11:54:52 +0800] "POST /wp-login.php HTTP/1.1" 200 2987 "http://36.133.115.36/wp-login.php" "Mozilla/5.0 (Windows NT 10.0; Win64; x64) AppleWebKit/537.36 (KHTML, like Gecko) Chrome/120.0.0.0 Safari/537.36"
154.12.28.88 - - [25/Apr/2026:11:54:53 +0800] "GET /wp-login.php HTTP/1.1" 200 2853 "-" "Mozilla/5.0 (Windows NT 11.0; Win64; x64) AppleWebKit/537.36 (KHTML, like Gecko) Chrome/121.0.0.0 Safari/537.36"
154.12.28.88 - - [25/Apr/2026:11:54:54 +0800] "POST /wp-login.php HTTP/1.1" 200 3063 "http://36.133.115.36/wp-login.php" "Mozilla/5.0 (X11; Linux x86_64) AppleWebKit/537.36 (KHTML, like Gecko) Chrome/120.0.0.0 Safari/537.36"
154.12.28.88 - - [25/Apr/2026:11:54:54 +0800] "POST /wp-login.php HTTP/1.1" 200 2999 "http://36.133.115.36/wp-login.php" "Mozilla/5.0 (X11; Linux x86_64) AppleWebKit/537.36 (KHTML, like Gecko) Chrome/120.0.0.0 Safari/537.36"
154.12.28.88 - - [25/Apr/2026:11:54:55 +0800] "POST /wp-login.php HTTP/1.1" 200 2987 "http://36.133.115.36/wp-login.php" "Mozilla/5.0 (X11; Linux x86_64) AppleWebKit/537.36 (KHTML, like Gecko) Chrome/120.0.0.0 Safari/537.36"
154.12.28.88 - - [25/Apr/2026:11:54:56 +0800] "GET /wp-login.php HTTP/1.1" 200 2853 "-" "Mozilla/5.0 (X11; Linux x86_64) AppleWebKit/537.36 (KHTML, like Gecko) Chrome/120.0.0.0 Safari/537.36"
154.12.28.88 - - [25/Apr/2026:11:54:57 +0800] "POST /wp-login.php HTTP/1.1" 200 2976 "http://36.133.115.36/wp-login.php" "Mozilla/5.0 (Windows NT 11.0; Win64; x64) AppleWebKit/537.36 (KHTML, like Gecko) Chrome/121.0.0.0 Safari/537.36"
154.12.28.88 - - [25/Apr/2026:11:54:58 +0800] "POST /wp-login.php HTTP/1.1" 200 2999 "http://36.133.115.36/wp-login.php" "Mozilla/5.0 (Windows NT 11.0; Win64; x64) AppleWebKit/537.36 (KHTML, like Gecko) Chrome/121.0.0.0 Safari/537.36"
154.12.28.88 - - [25/Apr/2026:11:54:59 +0800] "POST /wp-login.php HTTP/1.1" 200 2987 "http://36.133.115.36/wp-login.php" "Mozilla/5.0 (Windows NT 11.0; Win64; x64) AppleWebKit/537.36 (KHTML, like Gecko) Chrome/121.0.0.0 Safari/537.36"
154.12.28.88 - - [25/Apr/2026:11:55:00 +0800] "GET /wp-login.php HTTP/1.1" 200 2853 "-" "Mozilla/5.0 (Macintosh; Intel Mac OS X 10_15_7) AppleWebKit/537.36 (KHTML, like Gecko) Chrome/120.0.0.0 Safari/537.36"
154.12.28.88 - - [25/Apr/2026:11:55:01 +0800] "POST /wp-login.php HTTP/1.1" 200 3064 "http://36.133.115.36/wp-login.php" "Mozilla/5.0 (Macintosh; Intel Mac OS X 10_15_7) AppleWebKit/537.36 (KHTML, like Gecko) Chrome/120.0.0.0 Safari/537.36"
154.12.28.88 - - [25/Apr/2026:11:55:02 +0800] "POST /wp-login.php HTTP/1.1" 200 2999 "http://36.133.115.36/wp-login.php" "Mozilla/5.0 (Macintosh; Intel Mac OS X 10_15_7) AppleWebKit/537.36 (KHTML, like Gecko) Chrome/120.0.0.0 Safari/537.36"
154.12.28.88 - - [25/Apr/2026:11:55:03 +0800] "POST /wp-login.php HTTP/1.1" 200 2987 "http://36.133.115.36/wp-login.php" "Mozilla/5.0 (Macintosh; Intel Mac OS X 10_15_7) AppleWebKit/537.36 (KHTML, like Gecko) Chrome/120.0.0.0 Safari/537.36"
154.12.28.88 - - [25/Apr/2026:11:55:04 +0800] "GET /wp-login.php HTTP/1.1" 200 2853 "-" "Mozilla/5.0 (Windows NT 10.0; Win64; x64) AppleWebKit/537.36 (KHTML, like Gecko) Chrome/120.0.0.0 Safari/537.36"
154.12.28.88 - - [25/Apr/2026:11:55:05 +0800] "POST /wp-login.php HTTP/1.1" 200 3066 "http://36.133.115.36/wp-login.php" "Mozilla/5.0 (Macintosh; Intel Mac OS X 10_15_7) AppleWebKit/537.36 (KHTML, like Gecko) Chrome/120.0.0.0 Safari/537.36"
