File: //home/logs/cqqizhou_access_2026-04-25.log
2.56.74.244 - - [25/Apr/2026:00:10:53 +0800] "GET /wp-content/uploads/2025/11/1762864369-QZ_Photo-11.webp HTTP/1.1" 200 240198 "-" "Mozilla/5.0 (compatible; crawler)"
112.10.221.165 - - [25/Apr/2026:00:22:15 +0800] "GET /news/page/4 HTTP/1.1" 200 23193 "-" "Mozilla/5.0 (Macintosh; Intel Mac OS X 10_15_7) AppleWebKit/537.36 (KHTML, like Gecko) Chrome/140.0.0.0 Safari/537.36"
36.133.115.36 - - [25/Apr/2026:01:07:32 +0800] "POST /wp-cron.php?doing_wp_cron=1777050452.0133171081542968750000 HTTP/1.1" 200 31 "-" "WordPress/6.9; http://cqqizhou.com"
36.151.149.215 - - [25/Apr/2026:01:07:32 +0800] "GET / HTTP/1.1" 301 5 "-" "Mozilla/5.0 (Windows NT 6.2; WOW64) AppleWebKit/537.36 (KHTML like Gecko) Chrome/46.0.2486.0 Safari/537.36 Edge/13.9200"
36.151.149.215 - - [25/Apr/2026:01:07:34 +0800] "GET / HTTP/1.1" 200 35159 "-" "Mozilla/5.0 (Windows NT 6.2; WOW64) AppleWebKit/537.36 (KHTML like Gecko) Chrome/46.0.2486.0 Safari/537.36 Edge/13.9200"
36.151.149.215 - - [25/Apr/2026:01:07:57 +0800] "GET /login.rsp HTTP/1.1" 404 8948 "-" "Mozilla/5.0 (Windows NT 6.2; WOW64) AppleWebKit/537.36 (KHTML like Gecko) Chrome/46.0.2486.0 Safari/537.36 Edge/13.9200"
36.133.115.36 - - [25/Apr/2026:01:24:45 +0800] "POST /wp-cron.php?doing_wp_cron=1777051485.8014769554138183593750 HTTP/1.1" 200 31 "-" "WordPress/6.9; http://cqqizhou.com"
144.31.151.48 - - [25/Apr/2026:01:24:45 +0800] "HEAD /wordpress HTTP/1.1" 404 0 "-" "Mozilla/5.0 (Windows NT 10.0; Win64; x64) AppleWebKit/537.36 (KHTML, like Gecko) Chrome/74.0.3729.169 Safari/537.36"
144.31.151.48 - - [25/Apr/2026:01:24:46 +0800] "HEAD /Wordpress HTTP/1.1" 404 0 "-" "Mozilla/5.0 (Windows NT 10.0; Win64; x64) AppleWebKit/537.36 (KHTML, like Gecko) Chrome/74.0.3729.169 Safari/537.36"
144.31.151.48 - - [25/Apr/2026:01:24:47 +0800] "HEAD /WORDPRESS HTTP/1.1" 404 0 "-" "Mozilla/5.0 (Windows NT 10.0; Win64; x64) AppleWebKit/537.36 (KHTML, like Gecko) Chrome/74.0.3729.169 Safari/537.36"
144.31.151.48 - - [25/Apr/2026:01:24:48 +0800] "HEAD /WordPress HTTP/1.1" 404 0 "-" "Mozilla/5.0 (Windows NT 10.0; Win64; x64) AppleWebKit/537.36 (KHTML, like Gecko) Chrome/74.0.3729.169 Safari/537.36"
144.31.151.48 - - [25/Apr/2026:01:24:49 +0800] "HEAD /wp HTTP/1.1" 404 0 "-" "Mozilla/5.0 (Windows NT 10.0; Win64; x64) AppleWebKit/537.36 (KHTML, like Gecko) Chrome/74.0.3729.169 Safari/537.36"
144.31.151.48 - - [25/Apr/2026:01:24:50 +0800] "HEAD /Wp HTTP/1.1" 404 0 "-" "Mozilla/5.0 (Windows NT 10.0; Win64; x64) AppleWebKit/537.36 (KHTML, like Gecko) Chrome/74.0.3729.169 Safari/537.36"
144.31.151.48 - - [25/Apr/2026:01:24:51 +0800] "HEAD /WP HTTP/1.1" 404 0 "-" "Mozilla/5.0 (Windows NT 10.0; Win64; x64) AppleWebKit/537.36 (KHTML, like Gecko) Chrome/74.0.3729.169 Safari/537.36"
144.31.151.48 - - [25/Apr/2026:01:24:52 +0800] "HEAD /old HTTP/1.1" 404 0 "-" "Mozilla/5.0 (Windows NT 10.0; Win64; x64) AppleWebKit/537.36 (KHTML, like Gecko) Chrome/74.0.3729.169 Safari/537.36"
144.31.151.48 - - [25/Apr/2026:01:24:54 +0800] "HEAD /Old HTTP/1.1" 404 0 "-" "Mozilla/5.0 (Windows NT 10.0; Win64; x64) AppleWebKit/537.36 (KHTML, like Gecko) Chrome/74.0.3729.169 Safari/537.36"
144.31.151.48 - - [25/Apr/2026:01:24:55 +0800] "HEAD /OLD HTTP/1.1" 404 0 "-" "Mozilla/5.0 (Windows NT 10.0; Win64; x64) AppleWebKit/537.36 (KHTML, like Gecko) Chrome/74.0.3729.169 Safari/537.36"
144.31.151.48 - - [25/Apr/2026:01:24:56 +0800] "HEAD /oldsite HTTP/1.1" 404 0 "-" "Mozilla/5.0 (Windows NT 10.0; Win64; x64) AppleWebKit/537.36 (KHTML, like Gecko) Chrome/74.0.3729.169 Safari/537.36"
144.31.151.48 - - [25/Apr/2026:01:24:57 +0800] "HEAD /new HTTP/1.1" 301 0 "-" "Mozilla/5.0 (Windows NT 10.0; Win64; x64) AppleWebKit/537.36 (KHTML, like Gecko) Chrome/74.0.3729.169 Safari/537.36"
144.31.151.48 - - [25/Apr/2026:01:24:57 +0800] "HEAD /news HTTP/1.1" 200 0 "http://cqqizhou.com/new" "Mozilla/5.0 (Windows NT 10.0; Win64; x64) AppleWebKit/537.36 (KHTML, like Gecko) Chrome/74.0.3729.169 Safari/537.36"
144.31.151.48 - - [25/Apr/2026:01:24:58 +0800] "HEAD /New HTTP/1.1" 301 0 "-" "Mozilla/5.0 (Windows NT 10.0; Win64; x64) AppleWebKit/537.36 (KHTML, like Gecko) Chrome/74.0.3729.169 Safari/537.36"
144.31.151.48 - - [25/Apr/2026:01:24:59 +0800] "HEAD /news HTTP/1.1" 200 0 "http://cqqizhou.com/New" "Mozilla/5.0 (Windows NT 10.0; Win64; x64) AppleWebKit/537.36 (KHTML, like Gecko) Chrome/74.0.3729.169 Safari/537.36"
144.31.151.48 - - [25/Apr/2026:01:25:00 +0800] "HEAD /NEW HTTP/1.1" 301 0 "-" "Mozilla/5.0 (Windows NT 10.0; Win64; x64) AppleWebKit/537.36 (KHTML, like Gecko) Chrome/74.0.3729.169 Safari/537.36"
144.31.151.48 - - [25/Apr/2026:01:25:00 +0800] "HEAD /news HTTP/1.1" 200 0 "http://cqqizhou.com/NEW" "Mozilla/5.0 (Windows NT 10.0; Win64; x64) AppleWebKit/537.36 (KHTML, like Gecko) Chrome/74.0.3729.169 Safari/537.36"
144.31.151.48 - - [25/Apr/2026:01:25:01 +0800] "HEAD /wp-old HTTP/1.1" 404 0 "-" "Mozilla/5.0 (Windows NT 10.0; Win64; x64) AppleWebKit/537.36 (KHTML, like Gecko) Chrome/74.0.3729.169 Safari/537.36"
144.31.151.48 - - [25/Apr/2026:01:25:02 +0800] "HEAD /2022 HTTP/1.1" 404 0 "-" "Mozilla/5.0 (Windows NT 10.0; Win64; x64) AppleWebKit/537.36 (KHTML, like Gecko) Chrome/74.0.3729.169 Safari/537.36"
144.31.151.48 - - [25/Apr/2026:01:25:03 +0800] "HEAD /2023 HTTP/1.1" 404 0 "-" "Mozilla/5.0 (Windows NT 10.0; Win64; x64) AppleWebKit/537.36 (KHTML, like Gecko) Chrome/74.0.3729.169 Safari/537.36"
144.31.151.48 - - [25/Apr/2026:01:25:04 +0800] "HEAD /2024 HTTP/1.1" 404 0 "-" "Mozilla/5.0 (Windows NT 10.0; Win64; x64) AppleWebKit/537.36 (KHTML, like Gecko) Chrome/74.0.3729.169 Safari/537.36"
144.31.151.48 - - [25/Apr/2026:01:25:05 +0800] "HEAD /2017 HTTP/1.1" 404 0 "-" "Mozilla/5.0 (Windows NT 10.0; Win64; x64) AppleWebKit/537.36 (KHTML, like Gecko) Chrome/74.0.3729.169 Safari/537.36"
144.31.151.48 - - [25/Apr/2026:01:25:06 +0800] "HEAD /2020 HTTP/1.1" 404 0 "-" "Mozilla/5.0 (Windows NT 10.0; Win64; x64) AppleWebKit/537.36 (KHTML, like Gecko) Chrome/74.0.3729.169 Safari/537.36"
144.31.151.48 - - [25/Apr/2026:01:25:07 +0800] "HEAD /2019 HTTP/1.1" 404 0 "-" "Mozilla/5.0 (Windows NT 10.0; Win64; x64) AppleWebKit/537.36 (KHTML, like Gecko) Chrome/74.0.3729.169 Safari/537.36"
36.133.115.36 - - [25/Apr/2026:01:25:08 +0800] "POST /wp-cron.php?doing_wp_cron=1777051508.5118169784545898437500 HTTP/1.1" 200 31 "-" "WordPress/6.9; http://cqqizhou.com"
144.31.151.48 - - [25/Apr/2026:01:25:08 +0800] "HEAD /2018 HTTP/1.1" 404 0 "-" "Mozilla/5.0 (Windows NT 10.0; Win64; x64) AppleWebKit/537.36 (KHTML, like Gecko) Chrome/74.0.3729.169 Safari/537.36"
144.31.151.48 - - [25/Apr/2026:01:25:09 +0800] "HEAD /backup HTTP/1.1" 404 0 "-" "Mozilla/5.0 (Windows NT 10.0; Win64; x64) AppleWebKit/537.36 (KHTML, like Gecko) Chrome/74.0.3729.169 Safari/537.36"
144.31.151.48 - - [25/Apr/2026:01:25:10 +0800] "HEAD /test HTTP/1.1" 404 0 "-" "Mozilla/5.0 (Windows NT 10.0; Win64; x64) AppleWebKit/537.36 (KHTML, like Gecko) Chrome/74.0.3729.169 Safari/537.36"
144.31.151.48 - - [25/Apr/2026:01:25:11 +0800] "HEAD /Test HTTP/1.1" 404 0 "-" "Mozilla/5.0 (Windows NT 10.0; Win64; x64) AppleWebKit/537.36 (KHTML, like Gecko) Chrome/74.0.3729.169 Safari/537.36"
144.31.151.48 - - [25/Apr/2026:01:25:12 +0800] "HEAD /TEST HTTP/1.1" 404 0 "-" "Mozilla/5.0 (Windows NT 10.0; Win64; x64) AppleWebKit/537.36 (KHTML, like Gecko) Chrome/74.0.3729.169 Safari/537.36"
144.31.151.48 - - [25/Apr/2026:01:25:13 +0800] "HEAD /demo HTTP/1.1" 404 0 "-" "Mozilla/5.0 (Windows NT 10.0; Win64; x64) AppleWebKit/537.36 (KHTML, like Gecko) Chrome/74.0.3729.169 Safari/537.36"
144.31.151.48 - - [25/Apr/2026:01:25:15 +0800] "HEAD /bc HTTP/1.1" 404 0 "-" "Mozilla/5.0 (Windows NT 10.0; Win64; x64) AppleWebKit/537.36 (KHTML, like Gecko) Chrome/74.0.3729.169 Safari/537.36"
144.31.151.48 - - [25/Apr/2026:01:25:16 +0800] "HEAD /www HTTP/1.1" 404 0 "-" "Mozilla/5.0 (Windows NT 10.0; Win64; x64) AppleWebKit/537.36 (KHTML, like Gecko) Chrome/74.0.3729.169 Safari/537.36"
144.31.151.48 - - [25/Apr/2026:01:25:17 +0800] "HEAD /WWW HTTP/1.1" 404 0 "-" "Mozilla/5.0 (Windows NT 10.0; Win64; x64) AppleWebKit/537.36 (KHTML, like Gecko) Chrome/74.0.3729.169 Safari/537.36"
144.31.151.48 - - [25/Apr/2026:01:25:18 +0800] "HEAD /Www HTTP/1.1" 404 0 "-" "Mozilla/5.0 (Windows NT 10.0; Win64; x64) AppleWebKit/537.36 (KHTML, like Gecko) Chrome/74.0.3729.169 Safari/537.36"
144.31.151.48 - - [25/Apr/2026:01:25:19 +0800] "HEAD /2021 HTTP/1.1" 404 0 "-" "Mozilla/5.0 (Windows NT 10.0; Win64; x64) AppleWebKit/537.36 (KHTML, like Gecko) Chrome/74.0.3729.169 Safari/537.36"
144.31.151.48 - - [25/Apr/2026:01:25:20 +0800] "HEAD /main HTTP/1.1" 404 0 "-" "Mozilla/5.0 (Windows NT 10.0; Win64; x64) AppleWebKit/537.36 (KHTML, like Gecko) Chrome/74.0.3729.169 Safari/537.36"
144.31.151.48 - - [25/Apr/2026:01:25:21 +0800] "HEAD /old-site HTTP/1.1" 404 0 "-" "Mozilla/5.0 (Windows NT 10.0; Win64; x64) AppleWebKit/537.36 (KHTML, like Gecko) Chrome/74.0.3729.169 Safari/537.36"
144.31.151.48 - - [25/Apr/2026:01:25:22 +0800] "HEAD /bk HTTP/1.1" 404 0 "-" "Mozilla/5.0 (Windows NT 10.0; Win64; x64) AppleWebKit/537.36 (KHTML, like Gecko) Chrome/74.0.3729.169 Safari/537.36"
144.31.151.48 - - [25/Apr/2026:01:25:23 +0800] "HEAD /Backup HTTP/1.1" 404 0 "-" "Mozilla/5.0 (Windows NT 10.0; Win64; x64) AppleWebKit/537.36 (KHTML, like Gecko) Chrome/74.0.3729.169 Safari/537.36"
144.31.151.48 - - [25/Apr/2026:01:25:24 +0800] "HEAD /BACKUP HTTP/1.1" 404 0 "-" "Mozilla/5.0 (Windows NT 10.0; Win64; x64) AppleWebKit/537.36 (KHTML, like Gecko) Chrome/74.0.3729.169 Safari/537.36"
144.31.151.48 - - [25/Apr/2026:01:25:25 +0800] "HEAD /SHOP HTTP/1.1" 404 0 "-" "Mozilla/5.0 (Windows NT 10.0; Win64; x64) AppleWebKit/537.36 (KHTML, like Gecko) Chrome/74.0.3729.169 Safari/537.36"
144.31.151.48 - - [25/Apr/2026:01:25:26 +0800] "HEAD /Shop HTTP/1.1" 404 0 "-" "Mozilla/5.0 (Windows NT 10.0; Win64; x64) AppleWebKit/537.36 (KHTML, like Gecko) Chrome/74.0.3729.169 Safari/537.36"
144.31.151.48 - - [25/Apr/2026:01:25:27 +0800] "HEAD /shop HTTP/1.1" 404 0 "-" "Mozilla/5.0 (Windows NT 10.0; Win64; x64) AppleWebKit/537.36 (KHTML, like Gecko) Chrome/74.0.3729.169 Safari/537.36"
144.31.151.48 - - [25/Apr/2026:01:25:28 +0800] "HEAD /bak HTTP/1.1" 404 0 "-" "Mozilla/5.0 (Windows NT 10.0; Win64; x64) AppleWebKit/537.36 (KHTML, like Gecko) Chrome/74.0.3729.169 Safari/537.36"
144.31.151.48 - - [25/Apr/2026:01:25:29 +0800] "HEAD /sitio HTTP/1.1" 404 0 "-" "Mozilla/5.0 (Windows NT 10.0; Win64; x64) AppleWebKit/537.36 (KHTML, like Gecko) Chrome/74.0.3729.169 Safari/537.36"
144.31.151.48 - - [25/Apr/2026:01:25:30 +0800] "HEAD /bac HTTP/1.1" 404 0 "-" "Mozilla/5.0 (Windows NT 10.0; Win64; x64) AppleWebKit/537.36 (KHTML, like Gecko) Chrome/74.0.3729.169 Safari/537.36"
144.31.151.48 - - [25/Apr/2026:01:25:31 +0800] "HEAD /sito HTTP/1.1" 404 0 "-" "Mozilla/5.0 (Windows NT 10.0; Win64; x64) AppleWebKit/537.36 (KHTML, like Gecko) Chrome/74.0.3729.169 Safari/537.36"
144.31.151.48 - - [25/Apr/2026:01:25:32 +0800] "HEAD /site HTTP/1.1" 404 0 "-" "Mozilla/5.0 (Windows NT 10.0; Win64; x64) AppleWebKit/537.36 (KHTML, like Gecko) Chrome/74.0.3729.169 Safari/537.36"
144.31.151.48 - - [25/Apr/2026:01:25:33 +0800] "HEAD /Site HTTP/1.1" 404 0 "-" "Mozilla/5.0 (Windows NT 10.0; Win64; x64) AppleWebKit/537.36 (KHTML, like Gecko) Chrome/74.0.3729.169 Safari/537.36"
144.31.151.48 - - [25/Apr/2026:01:25:34 +0800] "HEAD /SITE HTTP/1.1" 404 0 "-" "Mozilla/5.0 (Windows NT 10.0; Win64; x64) AppleWebKit/537.36 (KHTML, like Gecko) Chrome/74.0.3729.169 Safari/537.36"
144.31.151.48 - - [25/Apr/2026:01:25:35 +0800] "HEAD /blog HTTP/1.1" 404 0 "-" "Mozilla/5.0 (Windows NT 10.0; Win64; x64) AppleWebKit/537.36 (KHTML, like Gecko) Chrome/74.0.3729.169 Safari/537.36"
144.31.151.48 - - [25/Apr/2026:01:25:36 +0800] "HEAD /BLOG HTTP/1.1" 404 0 "-" "Mozilla/5.0 (Windows NT 10.0; Win64; x64) AppleWebKit/537.36 (KHTML, like Gecko) Chrome/74.0.3729.169 Safari/537.36"
144.31.151.48 - - [25/Apr/2026:01:25:37 +0800] "HEAD /Blog HTTP/1.1" 404 0 "-" "Mozilla/5.0 (Windows NT 10.0; Win64; x64) AppleWebKit/537.36 (KHTML, like Gecko) Chrome/74.0.3729.169 Safari/537.36"
36.133.115.36 - - [25/Apr/2026:01:38:17 +0800] "POST /wp-cron.php?doing_wp_cron=1777052297.1768369674682617187500 HTTP/1.1" 200 31 "-" "WordPress/6.9; http://cqqizhou.com"
115.159.33.43 - - [25/Apr/2026:01:38:17 +0800] "GET / HTTP/1.1" 301 5 "-" "Mozilla/5.0 (Windows NT 10.0; Win64; x64) AppleWebKit/537.36 (KHTML, like Gecko) Chrome/79.0.3945.117 Safari/537.36"
36.133.115.36 - - [25/Apr/2026:01:49:44 +0800] "POST /wp-cron.php?doing_wp_cron=1777052984.1623029708862304687500 HTTP/1.1" 200 31 "-" "WordPress/6.9; http://cqqizhou.com"
157.148.43.66 - - [25/Apr/2026:01:49:44 +0800] "GET /process/processing HTTP/1.1" 301 5 "-" "Mozilla/5.0 (Windows NT 10.0; Win64; x64) AppleWebKit/537.36 (KHTML, like Gecko) Chrome/106.0.5249.119 Safari/537.36"
14.29.109.253 - - [25/Apr/2026:01:49:44 +0800] "GET /services/processing HTTP/1.1" 200 23053 "-" "Mozilla/5.0 (Windows NT 10.0; Win64; x64) AppleWebKit/537.36 (KHTML, like Gecko) Chrome/106.0.5249.119 Safari/537.36"
36.133.115.36 - - [25/Apr/2026:02:10:18 +0800] "POST /wp-cron.php?doing_wp_cron=1777054218.6404309272766113281250 HTTP/1.1" 200 31 "-" "WordPress/6.9; http://cqqizhou.com"
35.243.162.10 - - [25/Apr/2026:02:10:18 +0800] "HEAD /backup/ HTTP/1.1" 404 0 "-" "Mozilla/5.0 (iPad; CPU OS 17_4 like Mac OS X) AppleWebKit/605.1.15 (KHTML, like Gecko) Version/17.4 Mobile/15E148 Safari/604.1"
35.243.162.10 - - [25/Apr/2026:02:10:19 +0800] "HEAD /blog/ HTTP/1.1" 404 0 "-" "Mozilla/5.0 (Linux; Android 14; Samsung SM-A546B) AppleWebKit/537.36 (KHTML, like Gecko) Chrome/126.0.6478.14 Mobile Safari/537.36"
35.243.162.10 - - [25/Apr/2026:02:10:20 +0800] "HEAD / HTTP/1.1" 200 0 "-" "Mozilla/5.0 (Windows NT 10.0; Win64; x64) AppleWebKit/537.36 (KHTML, like Gecko) Chrome/127.0.6534.42 Safari/537.36"
35.243.162.10 - - [25/Apr/2026:02:10:21 +0800] "HEAD /old/ HTTP/1.1" 404 0 "-" "Mozilla/5.0 (Linux; Android 13; Nokia G42 5G) AppleWebKit/537.36 (KHTML, like Gecko) Chrome/126.0.6478.41 Mobile Safari/537.36"
35.243.162.10 - - [25/Apr/2026:02:10:22 +0800] "HEAD /new/ HTTP/1.1" 301 0 "-" "Mozilla/5.0 (Linux; Android 13; Pixel 7a) AppleWebKit/537.36 (KHTML, like Gecko) Chrome/124.0.6367.82 Mobile Safari/537.36"
35.243.162.10 - - [25/Apr/2026:02:10:23 +0800] "HEAD /news HTTP/1.1" 200 0 "http://cqqizhou.com/new/" "Mozilla/5.0 (Linux; Android 13; Pixel 7a) AppleWebKit/537.36 (KHTML, like Gecko) Chrome/124.0.6367.82 Mobile Safari/537.36"
35.243.162.10 - - [25/Apr/2026:02:10:24 +0800] "HEAD /wp/ HTTP/1.1" 404 0 "-" "Mozilla/5.0 (Windows NT 10.0; WOW64) AppleWebKit/537.36 (KHTML, like Gecko) Chrome/118.0.5993.90 Safari/537.36"
35.243.162.10 - - [25/Apr/2026:02:10:25 +0800] "HEAD /wordpress/ HTTP/1.1" 404 0 "-" "Mozilla/5.0 (X11; Linux x86_64) AppleWebKit/537.36 (KHTML, like Gecko) Chrome/125.0.6422.76 Safari/537.36"
74.7.227.148 - - [25/Apr/2026:02:10:59 +0800] "GET /wp-sitemap.xml HTTP/1.1" 501 253 "-" "Mozilla/5.0 AppleWebKit/537.36 (KHTML, like Gecko; compatible; GPTBot/1.3; +https://openai.com/gptbot)"
112.26.214.186 - - [25/Apr/2026:02:17:46 +0800] "GET /services HTTP/1.1" 200 31707 "-" "Mozilla/5.0 (Windows NT 10.0; Win64; x64) AppleWebKit/537.36 (KHTML, like Gecko) Chrome/142.0.0.0 Safari/537.36"
112.26.214.186 - - [25/Apr/2026:02:17:48 +0800] "POST /wp-admin/admin-ajax.php HTTP/1.1" 499 0 "http://cqqizhou.com/services" "Mozilla/5.0 (Windows NT 10.0; Win64; x64) AppleWebKit/537.36 (KHTML, like Gecko) Chrome/142.0.0.0 Safari/537.36"
36.133.115.36 - - [25/Apr/2026:02:17:49 +0800] "POST /wp-cron.php?doing_wp_cron=1777054669.4598770141601562500000 HTTP/1.1" 200 31 "-" "WordPress/6.9; http://cqqizhou.com"
120.241.209.205 - - [25/Apr/2026:02:19:14 +0800] "GET /services HTTP/1.1" 200 31707 "-" "Mozilla/5.0 (Windows NT 10.0; Win64; x64) AppleWebKit/537.36 (KHTML, like Gecko) Chrome/112.0.0.0 Safari/537.36"
36.133.115.36 - - [25/Apr/2026:02:42:54 +0800] "POST /wp-cron.php?doing_wp_cron=1777056174.8524689674377441406250 HTTP/1.1" 200 31 "-" "WordPress/6.9; http://cqqizhou.com"
176.65.139.8 - - [25/Apr/2026:02:42:55 +0800] "GET / HTTP/1.0" 200 109870 "-" "Mozilla/5.0 (X11; Ubuntu; Linux x86_64; rv:71.0) Gecko/20100101 Firefox/71.0"
36.133.115.36 - - [25/Apr/2026:02:44:00 +0800] "POST /wp-cron.php?doing_wp_cron=1777056240.1608850955963134765625 HTTP/1.1" 200 31 "-" "WordPress/6.9; http://cqqizhou.com"
103.244.148.247 - - [25/Apr/2026:02:44:00 +0800] "GET / HTTP/1.1" 301 5 "-" "Mozilla/5.0 (Windows NT 10.0) AppleWebKit/537.36 Chrome/120.0.0.0 Safari/537.36"
117.162.200.111 - - [25/Apr/2026:03:00:32 +0800] "GET /news/2552 HTTP/1.1" 200 25322 "-" "Mozilla/5.0 (Macintosh; Intel Mac OS X 10_15_7) AppleWebKit/537.36 (KHTML, like Gecko) Chrome/140.0.0.0 Safari/537.36"
36.133.115.36 - - [25/Apr/2026:03:09:25 +0800] "POST /wp-cron.php?doing_wp_cron=1777057765.5107729434967041015625 HTTP/1.1" 200 31 "-" "WordPress/6.9; http://cqqizhou.com"
117.33.163.216 - - [25/Apr/2026:03:09:25 +0800] "GET / HTTP/1.1" 301 5 "-" "Mozilla/5.0 (iPhone; CPU iPhone OS 13_2_3 like Mac OS X) AppleWebKit/605.1.15 (KHTML, like Gecko) Version/13.0.3 Mobile/15E148 Safari/604.1"
117.33.163.216 - - [25/Apr/2026:03:09:28 +0800] "GET / HTTP/1.1" 200 34722 "http://www.cqqizhou.com" "Mozilla/5.0 (iPhone; CPU iPhone OS 13_2_3 like Mac OS X) AppleWebKit/605.1.15 (KHTML, like Gecko) Version/13.0.3 Mobile/15E148 Safari/604.1"
36.133.115.36 - - [25/Apr/2026:03:20:19 +0800] "POST /wp-cron.php?doing_wp_cron=1777058419.5674090385437011718750 HTTP/1.1" 200 31 "-" "WordPress/6.9; http://cqqizhou.com"
183.207.45.122 - - [25/Apr/2026:03:20:19 +0800] "GET / HTTP/1.1" 301 5 "-" "Mozilla/5.0 (Windows NT 10.0; Win64; x64) AppleWebKit/537.36 (KHTML, like Gecko) Chrome/59.0.3071.104 Safari/537.36"
183.207.45.122 - - [25/Apr/2026:03:20:19 +0800] "GET / HTTP/1.1" 200 158581 "-" "Mozilla/5.0 (Windows NT 10.0; Win64; x64) AppleWebKit/537.36 (KHTML, like Gecko) Chrome/59.0.3071.104 Safari/537.36"
180.97.39.108 - - [25/Apr/2026:03:20:30 +0800] "GET / HTTP/1.1" 301 5 "http://m.baidu.com/s?wd=decide9j6" "pc"
180.97.39.107 - - [25/Apr/2026:03:20:31 +0800] "GET / HTTP/1.1" 200 35159 "http://m.baidu.com/s?wd=decide9j6" "pc"
185.247.137.15 - - [25/Apr/2026:03:48:36 +0800] "GET / HTTP/1.1" 200 35159 "-" "Mozilla/5.0 (compatible; InternetMeasurement/1.0; +https://internet-measurement.com/)"
15.204.183.221 - - [25/Apr/2026:03:58:19 +0800] "GET / HTTP/1.1" 200 35159 "-" "Mozilla/5.0 (Windows NT 10.0; Win64; x64) AppleWebKit/537.36 (KHTML, like Gecko) Chrome/145.0.0.0 Safari/537.36"
36.133.115.36 - - [25/Apr/2026:04:23:57 +0800] "POST /wp-cron.php?doing_wp_cron=1777062237.6791939735412597656250 HTTP/1.1" 200 31 "-" "WordPress/6.9; http://cqqizhou.com"
120.241.209.199 - - [25/Apr/2026:04:23:57 +0800] "GET / HTTP/1.1" 301 5 "-" "Mozilla/5.0 (Windows NT 10.0; Win64; x64) AppleWebKit/537.36 (KHTML, like Gecko) Chrome/107.0.0.0 Safari/537.36"
36.133.115.36 - - [25/Apr/2026:04:24:09 +0800] "POST /wp-cron.php?doing_wp_cron=1777062249.5686700344085693359375 HTTP/1.1" 200 31 "-" "WordPress/6.9; http://cqqizhou.com"
157.148.35.235 - - [25/Apr/2026:04:24:09 +0800] "GET / HTTP/1.1" 301 5 "-" "Mozilla/5.0 (Windows NT 10.0; Win64; x64) AppleWebKit/537.36 (KHTML, like Gecko) Chrome/124.0.0.0 Safari/537.36"
157.148.35.235 - - [25/Apr/2026:04:24:09 +0800] "GET / HTTP/1.1" 200 35159 "http://www.cqqizhou.com" "Mozilla/5.0 (Windows NT 10.0; Win64; x64) AppleWebKit/537.36 (KHTML, like Gecko) Chrome/124.0.0.0 Safari/537.36"
36.133.115.36 - - [25/Apr/2026:04:45:56 +0800] "POST /wp-cron.php?doing_wp_cron=1777063556.3181049823760986328125 HTTP/1.1" 200 31 "-" "WordPress/6.9; http://cqqizhou.com"
176.65.139.8 - - [25/Apr/2026:04:45:56 +0800] "GET / HTTP/1.0" 200 109870 "-" "Mozilla/5.0 (X11; Ubuntu; Linux x86_64; rv:71.0) Gecko/20100101 Firefox/71.0"
36.133.115.36 - - [25/Apr/2026:04:46:31 +0800] "POST /wp-cron.php?doing_wp_cron=1777063591.0234689712524414062500 HTTP/1.1" 200 31 "-" "WordPress/6.9; http://cqqizhou.com"
103.233.10.5 - - [25/Apr/2026:04:46:31 +0800] "POST /wp-admin/admin-ajax.php?action=img_upload HTTP/1.1" 400 11 "-" "python-requests/2.31.0"
36.133.115.36 - - [25/Apr/2026:04:54:42 +0800] "POST /wp-cron.php?doing_wp_cron=1777064082.4036519527435302734375 HTTP/1.1" 200 31 "-" "WordPress/6.9; http://cqqizhou.com"
35.234.43.37 - - [25/Apr/2026:04:54:42 +0800] "GET / HTTP/1.1" 301 5 "-" "Go-http-client/1.1"
35.234.43.37 - - [25/Apr/2026:04:54:42 +0800] "GET / HTTP/1.1" 200 35159 "http://36.133.115.36" "Go-http-client/1.1"
36.133.115.36 - - [25/Apr/2026:05:03:53 +0800] "POST /wp-cron.php?doing_wp_cron=1777064633.2494308948516845703125 HTTP/1.1" 200 31 "-" "WordPress/6.9; http://cqqizhou.com"
15.204.183.221 - - [25/Apr/2026:05:03:53 +0800] "GET / HTTP/1.1" 301 5 "-" "Mozilla/5.0 (Windows NT 10.0; Win64; x64) AppleWebKit/537.36 (KHTML, like Gecko) Chrome/145.0.0.0 Safari/537.36"
15.204.183.221 - - [25/Apr/2026:05:03:55 +0800] "GET / HTTP/1.1" 200 35159 "http://www.cqqizhou.com/" "Mozilla/5.0 (Windows NT 10.0; Win64; x64) AppleWebKit/537.36 (KHTML, like Gecko) Chrome/145.0.0.0 Safari/537.36"
36.133.115.36 - - [25/Apr/2026:06:17:08 +0800] "POST /wp-cron.php?doing_wp_cron=1777069028.6449120044708251953125 HTTP/1.1" 200 31 "-" "WordPress/6.9; http://cqqizhou.com"
119.84.246.117 - - [25/Apr/2026:06:17:08 +0800] "GET / HTTP/1.1" 301 5 "-" "Mozilla/5.0 (Windows NT 6.1; WOW64) AppleWebKit/535.11 (KHTML, like Gecko) Chrome/17.0.963.84 Safari/535.11 SE 2.X MetaSr 1.0"
119.84.246.117 - - [25/Apr/2026:06:17:08 +0800] "GET / HTTP/1.1" 200 158581 "-" "Mozilla/5.0 (Windows NT 6.1; WOW64) AppleWebKit/535.11 (KHTML, like Gecko) Chrome/17.0.963.84 Safari/535.11 SE 2.X MetaSr 1.0"
119.84.246.117 - - [25/Apr/2026:06:17:10 +0800] "GET / HTTP/1.1" 301 5 "-" "Mozilla/5.0 (Windows NT 6.1) AppleWebKit/535.12 (KHTML, like Gecko) Maxthon/3.4.2.3000 Chrome/18.0.966.0 Safari/535.12"
119.84.246.117 - - [25/Apr/2026:06:17:10 +0800] "GET / HTTP/1.1" 200 158581 "-" "Mozilla/5.0 (Windows NT 6.1) AppleWebKit/535.12 (KHTML, like Gecko) Maxthon/3.4.2.3000 Chrome/18.0.966.0 Safari/535.12"
119.84.246.117 - - [25/Apr/2026:06:17:11 +0800] "GET / HTTP/1.1" 301 5 "-" "Mozilla/5.0 (Windows NT 6.1; WOW64) AppleWebKit/535.11 (KHTML, like Gecko) Chrome/17.0.963.84 Safari/535.11 SE 2.X MetaSr 1.0"
119.84.246.117 - - [25/Apr/2026:06:17:11 +0800] "GET / HTTP/1.1" 200 158581 "-" "Mozilla/5.0 (Windows NT 6.1; WOW64) AppleWebKit/535.11 (KHTML, like Gecko) Chrome/17.0.963.84 Safari/535.11 SE 2.X MetaSr 1.0"
36.133.115.36 - - [25/Apr/2026:06:25:53 +0800] "POST /wp-cron.php?doing_wp_cron=1777069553.7269520759582519531250 HTTP/1.1" 200 31 "-" "WordPress/6.9; http://cqqizhou.com"
47.128.31.127 - - [25/Apr/2026:06:25:53 +0800] "GET /robots.txt HTTP/1.1" 200 190 "-" "Mozilla/5.0 (Linux; Android 5.0) AppleWebKit/537.36 (KHTML, like Gecko) Mobile Safari/537.36 (compatible; Bytespider; spider-feedback@bytedance.com)"
36.133.115.36 - - [25/Apr/2026:06:30:18 +0800] "POST /wp-cron.php?doing_wp_cron=1777069818.7556309700012207031250 HTTP/1.1" 200 31 "-" "WordPress/6.9; http://cqqizhou.com"
139.59.132.107 - - [25/Apr/2026:06:30:18 +0800] "GET / HTTP/1.0" 301 0 "-" "-"
139.59.132.107 - - [25/Apr/2026:06:30:20 +0800] "GET / HTTP/1.0" 301 0 "-" "-"
139.59.132.107 - - [25/Apr/2026:06:30:20 +0800] "GET /odinhttpcall1777069813 HTTP/1.1" 404 31365 "-" "Mozilla/5.0 (compatible; Odin; https://docs.getodin.com/)"
139.59.132.107 - - [25/Apr/2026:06:30:21 +0800] "POST /sdk HTTP/1.1" 404 31365 "-" "Mozilla/5.0 (compatible; Odin; https://docs.getodin.com/)"
139.59.132.107 - - [25/Apr/2026:06:30:22 +0800] "GET /evox/about HTTP/1.1" 404 31365 "-" "Mozilla/5.0 (compatible; Odin; https://docs.getodin.com/)"
139.59.132.107 - - [25/Apr/2026:06:30:22 +0800] "GET /HNAP1 HTTP/1.1" 404 31365 "-" "Mozilla/5.0 (compatible; Odin; https://docs.getodin.com/)"
139.59.132.107 - - [25/Apr/2026:06:30:23 +0800] "GET / HTTP/1.0" 301 0 "-" "-"
139.59.132.107 - - [25/Apr/2026:06:30:24 +0800] "GET / HTTP/1.1" 301 5 "-" "-"
142.93.106.11 - - [25/Apr/2026:06:30:26 +0800] "GET /cgi-bin/authLogin.cgi HTTP/1.1" 301 5 "-" "Go-http-client/1.1"
161.35.209.125 - - [25/Apr/2026:06:30:26 +0800] "GET /query?q=SHOW+DIAGNOSTICS HTTP/1.1" 301 5 "-" "Go-http-client/1.1"
139.59.149.56 - - [25/Apr/2026:06:30:26 +0800] "GET /solr/admin/info/system HTTP/1.1" 301 5 "-" "Go-http-client/1.1"
161.35.209.125 - - [25/Apr/2026:06:30:26 +0800] "GET / HTTP/1.1" 301 5 "-" "Mozilla/5.0 (compatible; Odin; https://docs.getodin.com/)"
207.154.198.244 - - [25/Apr/2026:06:30:26 +0800] "GET /v2/_catalog HTTP/1.1" 301 5 "-" "Go-http-client/1.1"
161.35.209.125 - - [25/Apr/2026:06:30:27 +0800] "GET / HTTP/1.1" 200 35159 "http://36.133.115.36" "Mozilla/5.0 (compatible; Odin; https://docs.getodin.com/)"
142.93.106.11 - - [25/Apr/2026:06:30:27 +0800] "GET /cgi-bin/authLogin.cgi HTTP/1.1" 404 31365 "http://36.133.115.36:80/cgi-bin/authLogin.cgi" "Go-http-client/1.1"
161.35.209.125 - - [25/Apr/2026:06:30:27 +0800] "GET /query?q=SHOW+DIAGNOSTICS HTTP/1.1" 404 31365 "http://36.133.115.36:80/query?q=SHOW+DIAGNOSTICS" "Go-http-client/1.1"
207.154.198.244 - - [25/Apr/2026:06:30:27 +0800] "GET /v2/_catalog HTTP/1.1" 404 31365 "http://36.133.115.36:80/v2/_catalog" "Go-http-client/1.1"
139.59.149.56 - - [25/Apr/2026:06:30:27 +0800] "GET /solr/admin/info/system HTTP/1.1" 404 31365 "http://36.133.115.36:80/solr/admin/info/system" "Go-http-client/1.1"
139.59.149.56 - - [25/Apr/2026:06:30:29 +0800] "GET /solr/admin/cores?action=STATUS&wt=json HTTP/1.1" 301 5 "-" "Go-http-client/1.1"
68.183.223.205 - - [25/Apr/2026:06:30:29 +0800] "GET / HTTP/1.1" 200 34723 "-" "Go-http-client/1.1"
139.59.149.56 - - [25/Apr/2026:06:30:30 +0800] "GET /solr/admin/cores?action=STATUS&wt=json HTTP/1.1" 404 31365 "http://36.133.115.36:80/solr/admin/cores?action=STATUS&wt=json" "Go-http-client/1.1"
36.133.115.36 - - [25/Apr/2026:06:50:39 +0800] "POST /wp-cron.php?doing_wp_cron=1777071039.7702450752258300781250 HTTP/1.1" 200 31 "-" "WordPress/6.9; http://cqqizhou.com"
51.161.37.215 - - [25/Apr/2026:06:50:39 +0800] "GET /robots.txt HTTP/1.1" 200 190 "-" "Mozilla/5.0 (compatible; AhrefsBot/7.0; +http://ahrefs.com/robot/)"
51.195.215.221 - - [25/Apr/2026:06:50:41 +0800] "GET /news/2464 HTTP/1.1" 200 23552 "-" "Mozilla/5.0 (compatible; AhrefsBot/7.0; +http://ahrefs.com/robot/)"
222.184.219.15 - - [25/Apr/2026:07:03:36 +0800] "GET /news/tag/%e5%8d%9a%e8%81%94%e8%be%be HTTP/1.1" 200 18544 "-" "Mozilla/5.0 (Macintosh; Intel Mac OS X 10_15_7) AppleWebKit/537.36 (KHTML, like Gecko) Chrome/140.0.0.0 Safari/537.36"
121.237.36.31 - - [25/Apr/2026:07:07:57 +0800] "GET / HTTP/1.1" 200 35159 "-" "Mozilla/5.0 (Macintosh; Intel Mac OS X 10_11) AppleWebKit/601.1.27 (KHTML, like Gecko) Chrome/47.0.2526.106 Safari/601.1.27"
121.237.36.31 - - [25/Apr/2026:07:08:07 +0800] "GET / HTTP/1.1" 200 35159 "-" "Mozilla/5.0 (X11; Linux i686) AppleWebKit/535.11 (KHTML, like Gecko) Chrome/17.0.963.66 Safari/535.11"
36.133.115.36 - - [25/Apr/2026:07:08:27 +0800] "POST /wp-cron.php?doing_wp_cron=1777072107.3811450004577636718750 HTTP/1.1" 200 31 "-" "WordPress/6.9; http://cqqizhou.com"
121.237.36.31 - - [25/Apr/2026:07:08:27 +0800] "GET / HTTP/1.1" 200 34723 "-" "Dalvik/2.1.0 (Linux; U; Android 9.0; ZTE BA520 Build/MRA58K)"
36.133.115.36 - - [25/Apr/2026:08:01:27 +0800] "POST /wp-cron.php?doing_wp_cron=1777075287.4586451053619384765625 HTTP/1.1" 200 31 "-" "WordPress/6.9; http://cqqizhou.com"
43.135.144.81 - - [25/Apr/2026:08:01:27 +0800] "GET / HTTP/1.1" 301 5 "-" "Mozilla/5.0 (iPhone; CPU iPhone OS 13_2_3 like Mac OS X) AppleWebKit/605.1.15 (KHTML, like Gecko) Version/13.0.3 Mobile/15E148 Safari/604.1"
43.135.144.81 - - [25/Apr/2026:08:01:29 +0800] "GET / HTTP/1.1" 200 34724 "http://www.cqqizhou.com" "Mozilla/5.0 (iPhone; CPU iPhone OS 13_2_3 like Mac OS X) AppleWebKit/605.1.15 (KHTML, like Gecko) Version/13.0.3 Mobile/15E148 Safari/604.1"
36.133.115.36 - - [25/Apr/2026:08:02:41 +0800] "POST /wp-cron.php?doing_wp_cron=1777075361.7709650993347167968750 HTTP/1.1" 200 31 "-" "WordPress/6.9; http://cqqizhou.com"
162.216.150.106 - - [25/Apr/2026:08:02:41 +0800] "GET / HTTP/1.1" 200 34723 "-" "Hello from Palo Alto Networks, find out more about our scans in https://docs-cortex.paloaltonetworks.com/r/1/Cortex-Xpanse/Scanning-activity"
5.61.209.107 - - [25/Apr/2026:08:03:01 +0800] "GET /SDK/webLanguage HTTP/1.1" 301 5 "-" "Mozilla/5.0 (Windows NT 10.0; Win64; x64) AppleWebKit/537.36 (KHTML, like Gecko) Chrome/90.0.4430.85 Safari/537.36 Edg/90.0.818.46"
36.133.115.36 - - [25/Apr/2026:08:14:16 +0800] "POST /wp-cron.php?doing_wp_cron=1777076056.2986559867858886718750 HTTP/1.1" 200 31 "-" "WordPress/6.9; http://cqqizhou.com"
176.65.139.156 - - [25/Apr/2026:08:14:16 +0800] "GET / HTTP/1.1" 301 5 "-" "Mozilla/5.0 (Windows NT 10.0; Win64; x64) AppleWebKit/537.36 (KHTML, like Gecko) Chrome/90.0.4430.85 Safari/537.36 Edg/90.0.818.46"
36.133.115.36 - - [25/Apr/2026:08:17:31 +0800] "POST /wp-cron.php?doing_wp_cron=1777076251.8885729312896728515625 HTTP/1.1" 200 31 "-" "WordPress/6.9; http://cqqizhou.com"
175.166.166.170 - - [25/Apr/2026:08:17:31 +0800] "GET /services/qzgyl@cq-qizhou.com HTTP/1.1" 404 8949 "-" "Mozilla/5.0 (Macintosh; Intel Mac OS X 10_15_7) AppleWebKit/537.36 (KHTML, like Gecko) Chrome/140.0.0.0 Safari/537.36"
185.242.3.48 - - [25/Apr/2026:08:25:39 +0800] "GET / HTTP/1.1" 200 158581 "-" "-"
36.133.115.36 - - [25/Apr/2026:08:25:41 +0800] "POST /wp-cron.php?doing_wp_cron=1777076741.1203880310058593750000 HTTP/1.1" 200 31 "-" "WordPress/6.9; http://cqqizhou.com"
185.242.3.48 - - [25/Apr/2026:08:25:41 +0800] "GET /wordpress HTTP/1.1" 404 31365 "-" "-"
185.242.3.48 - - [25/Apr/2026:08:25:47 +0800] "GET /wordpress HTTP/1.1" 404 31365 "-" "-"
185.242.3.48 - - [25/Apr/2026:08:25:49 +0800] "GET /wp HTTP/1.1" 404 31365 "-" "-"
185.242.3.48 - - [25/Apr/2026:08:25:52 +0800] "GET /wp-admin/setup-config.php HTTP/1.1" 409 2667 "-" "-"
185.242.3.48 - - [25/Apr/2026:08:25:53 +0800] "GET /wp-admin/install.php HTTP/1.1" 200 1259 "-" "-"
185.242.3.48 - - [25/Apr/2026:08:25:54 +0800] "GET /blog HTTP/1.1" 404 31365 "-" "-"
185.242.3.48 - - [25/Apr/2026:08:25:59 +0800] "GET /new HTTP/1.1" 301 5 "-" "-"
185.242.3.48 - - [25/Apr/2026:08:25:59 +0800] "GET /news HTTP/1.1" 200 86724 "-" "-"
185.242.3.48 - - [25/Apr/2026:08:26:03 +0800] "GET /old HTTP/1.1" 404 31365 "-" "-"
185.242.3.48 - - [25/Apr/2026:08:26:05 +0800] "GET /newsite HTTP/1.1" 404 31365 "-" "-"
36.133.115.36 - - [25/Apr/2026:08:26:08 +0800] "POST /wp-cron.php?doing_wp_cron=1777076768.1557979583740234375000 HTTP/1.1" 200 31 "-" "WordPress/6.9; http://cqqizhou.com"
185.242.3.48 - - [25/Apr/2026:08:26:08 +0800] "GET /test HTTP/1.1" 404 31365 "-" "-"
185.242.3.48 - - [25/Apr/2026:08:26:10 +0800] "GET /core HTTP/1.1" 404 31365 "-" "-"
185.242.3.48 - - [25/Apr/2026:08:26:15 +0800] "GET /testing HTTP/1.1" 404 31365 "-" "-"
185.242.3.48 - - [25/Apr/2026:08:26:20 +0800] "GET /home HTTP/1.1" 301 5 "-" "-"
185.242.3.48 - - [25/Apr/2026:08:26:25 +0800] "GET / HTTP/1.1" 200 138443 "-" "-"
43.155.195.141 - - [25/Apr/2026:08:26:26 +0800] "GET /wp-admin/admin-ajax.php HTTP/1.1" 400 11 "-" "Mozilla/5.0 (iPhone; CPU iPhone OS 13_2_3 like Mac OS X) AppleWebKit/605.1.15 (KHTML, like Gecko) Version/13.0.3 Mobile/15E148 Safari/604.1"
185.242.3.48 - - [25/Apr/2026:08:26:28 +0800] "GET / HTTP/1.1" 200 158581 "-" "-"
36.133.115.36 - - [25/Apr/2026:08:43:07 +0800] "POST /wp-cron.php?doing_wp_cron=1777077787.3227949142456054687500 HTTP/1.1" 200 31 "-" "WordPress/6.9; http://cqqizhou.com"
120.226.82.111 - - [25/Apr/2026:08:43:07 +0800] "GET /process/processing HTTP/1.1" 301 5 "-" "Mozilla/5.0 (Windows NT 10.0; Win64; x64) AppleWebKit/537.36 (KHTML, like Gecko) Chrome/142.0.0.0 Safari/537.36"
120.226.82.111 - - [25/Apr/2026:08:43:07 +0800] "GET /services/processing HTTP/1.1" 200 23053 "-" "Mozilla/5.0 (Windows NT 10.0; Win64; x64) AppleWebKit/537.36 (KHTML, like Gecko) Chrome/142.0.0.0 Safari/537.36"
120.226.82.111 - - [25/Apr/2026:08:43:10 +0800] "POST /wp-admin/admin-ajax.php HTTP/1.1" 499 0 "http://cqqizhou.com/services/processing" "Mozilla/5.0 (Windows NT 10.0; Win64; x64) AppleWebKit/537.36 (KHTML, like Gecko) Chrome/142.0.0.0 Safari/537.36"
36.133.115.36 - - [25/Apr/2026:08:50:54 +0800] "POST /wp-cron.php?doing_wp_cron=1777078254.2986140251159667968750 HTTP/1.1" 200 31 "-" "WordPress/6.9; http://cqqizhou.com"
111.63.211.161 - - [25/Apr/2026:08:50:54 +0800] "GET /2418/ HTTP/1.1" 301 5 "-" "Go-http-client/1.1"
111.63.211.161 - - [25/Apr/2026:08:50:54 +0800] "GET /news/2418 HTTP/1.1" 200 92061 "http://cqqizhou.com/2418/" "Go-http-client/1.1"
36.133.115.36 - - [25/Apr/2026:08:57:04 +0800] "POST /wp-cron.php?doing_wp_cron=1777078624.5456099510192871093750 HTTP/1.1" 200 31 "-" "WordPress/6.9; http://cqqizhou.com"
43.166.131.228 - - [25/Apr/2026:08:57:04 +0800] "GET /services/ HTTP/1.1" 301 5 "-" "Mozilla/5.0 (iPhone; CPU iPhone OS 13_2_3 like Mac OS X) AppleWebKit/605.1.15 (KHTML, like Gecko) Version/13.0.3 Mobile/15E148 Safari/604.1"
43.166.131.228 - - [25/Apr/2026:08:57:07 +0800] "GET /services HTTP/1.1" 200 25885 "http://cqqizhou.com/services/" "Mozilla/5.0 (iPhone; CPU iPhone OS 13_2_3 like Mac OS X) AppleWebKit/605.1.15 (KHTML, like Gecko) Version/13.0.3 Mobile/15E148 Safari/604.1"
36.133.115.36 - - [25/Apr/2026:09:00:22 +0800] "POST /wp-cron.php?doing_wp_cron=1777078822.4575510025024414062500 HTTP/1.1" 200 31 "-" "WordPress/6.9; http://cqqizhou.com"
36.133.108.121 - - [25/Apr/2026:09:00:22 +0800] "HEAD / HTTP/1.1" 301 0 "-" "Mozilla/5.0 (Macintosh; U; Intel Mac OS X 10_6_7; en-us) AppleWebKit/534.16+ (KHTML, like Gecko) Version/5.0.3 Safari/533.19.4"
36.133.115.36 - - [25/Apr/2026:09:02:22 +0800] "POST /wp-cron.php?doing_wp_cron=1777078942.3635179996490478515625 HTTP/1.1" 200 31 "-" "WordPress/6.9; http://cqqizhou.com"
43.128.149.102 - - [25/Apr/2026:09:02:22 +0800] "GET / HTTP/1.1" 200 34724 "-" "Mozilla/5.0 (iPhone; CPU iPhone OS 13_2_3 like Mac OS X) AppleWebKit/605.1.15 (KHTML, like Gecko) Version/13.0.3 Mobile/15E148 Safari/604.1"
36.133.115.36 - - [25/Apr/2026:09:04:00 +0800] "POST /wp-cron.php?doing_wp_cron=1777079040.2908608913421630859375 HTTP/1.1" 200 31 "-" "WordPress/6.9; http://cqqizhou.com"
43.155.27.244 - - [25/Apr/2026:09:04:00 +0800] "GET /news/portfolio-category/dual-phase-steel HTTP/1.1" 200 17690 "-" "Mozilla/5.0 (iPhone; CPU iPhone OS 13_2_3 like Mac OS X) AppleWebKit/605.1.15 (KHTML, like Gecko) Version/13.0.3 Mobile/15E148 Safari/604.1"
36.133.115.36 - - [25/Apr/2026:09:16:27 +0800] "POST /wp-cron.php?doing_wp_cron=1777079787.7109599113464355468750 HTTP/1.1" 200 31 "-" "WordPress/6.9; http://cqqizhou.com"
176.65.132.117 - - [25/Apr/2026:09:16:27 +0800] "GET /login HTTP/1.1" 301 5 "-" "Go-http-client/1.1"
176.65.132.117 - - [25/Apr/2026:09:16:28 +0800] "GET /login HTTP/1.1" 302 5 "http://36.133.115.36:80/login" "Go-http-client/1.1"
176.65.132.117 - - [25/Apr/2026:09:16:30 +0800] "GET /wp-login.php HTTP/1.1" 200 2853 "http://36.133.115.36/login" "Go-http-client/1.1"
36.133.115.36 - - [25/Apr/2026:09:18:03 +0800] "POST /wp-cron.php?doing_wp_cron=1777079883.4273419380187988281250 HTTP/1.1" 200 31 "-" "WordPress/6.9; http://cqqizhou.com"
119.28.177.175 - - [25/Apr/2026:09:18:03 +0800] "GET / HTTP/1.1" 200 34724 "-" "Mozilla/5.0 (iPhone; CPU iPhone OS 13_2_3 like Mac OS X) AppleWebKit/605.1.15 (KHTML, like Gecko) Version/13.0.3 Mobile/15E148 Safari/604.1"
129.226.213.145 - - [25/Apr/2026:09:27:08 +0800] "GET /wp-content/uploads/2025/12/1764853157-ISO3.webp HTTP/1.1" 200 225894 "-" "Mozilla/5.0 (iPhone; CPU iPhone OS 13_2_3 like Mac OS X) AppleWebKit/605.1.15 (KHTML, like Gecko) Version/13.0.3 Mobile/15E148 Safari/604.1"
36.133.115.36 - - [25/Apr/2026:09:30:37 +0800] "POST /wp-cron.php?doing_wp_cron=1777080637.0585920810699462890625 HTTP/1.1" 200 31 "-" "WordPress/6.9; http://cqqizhou.com"
49.234.192.248 - - [25/Apr/2026:09:30:37 +0800] "GET / HTTP/1.1" 200 34724 "-" "Mozilla/5.0 (iPhone; CPU iPhone OS 13_2_3 like Mac OS X) AppleWebKit/605.1.15 (KHTML, like Gecko) Version/13.0.3 Mobile/15E148 Safari/604.1"
36.133.115.36 - - [25/Apr/2026:09:37:08 +0800] "POST /wp-cron.php?doing_wp_cron=1777081028.7423069477081298828125 HTTP/1.1" 200 31 "-" "WordPress/6.9; http://cqqizhou.com"
43.130.139.177 - - [25/Apr/2026:09:37:08 +0800] "GET / HTTP/1.1" 200 34723 "-" "Mozilla/5.0 (iPhone; CPU iPhone OS 13_2_3 like Mac OS X) AppleWebKit/605.1.15 (KHTML, like Gecko) Version/13.0.3 Mobile/15E148 Safari/604.1"
54.217.83.13 - - [25/Apr/2026:09:49:50 +0800] "GET / HTTP/1.1" 200 35159 "-" "Mozilla/5.0 (Macintosh; Intel Mac OS X 10_15_7) AppleWebKit/537.36 (KHTML, like Gecko) Chrome/119.0.0.0 Safari/537.36"
36.133.115.36 - - [25/Apr/2026:09:50:13 +0800] "POST /wp-cron.php?doing_wp_cron=1777081813.1218149662017822265625 HTTP/1.1" 200 31 "-" "WordPress/6.9; http://cqqizhou.com"
115.133.247.67 - - [25/Apr/2026:09:50:13 +0800] "GET /.env HTTP/1.1" 404 8949 "-" "Mozilla/5.0"
36.133.115.36 - - [25/Apr/2026:09:56:50 +0800] "POST /wp-cron.php?doing_wp_cron=1777082210.7745239734649658203125 HTTP/1.1" 200 31 "-" "WordPress/6.9; http://cqqizhou.com"
120.92.54.122 - - [25/Apr/2026:09:56:50 +0800] "GET / HTTP/1.1" 301 5 "-" "Mozilla/5.0 (Windows NT 10.0; Win64; x64) AppleWebKit/537.36 (KHTML, like Gecko) Chrome/91.0.4472.124 Safari/537.36"
120.92.54.122 - - [25/Apr/2026:09:56:51 +0800] "GET / HTTP/1.1" 200 35159 "-" "Mozilla/5.0 (Windows NT 10.0; Win64; x64) AppleWebKit/537.36 (KHTML, like Gecko) Chrome/91.0.4472.124 Safari/537.36"
120.92.54.122 - - [25/Apr/2026:09:56:58 +0800] "GET / HTTP/1.1" 304 0 "-" "Mozilla/5.0 (Windows NT 10.0; Win64; x64) AppleWebKit/537.36 (KHTML, like Gecko) Chrome/91.0.4472.124 Safari/537.36"
120.92.54.122 - - [25/Apr/2026:09:57:13 +0800] "GET /about HTTP/1.1" 200 24536 "-" "Mozilla/5.0 (Windows NT 10.0; Win64; x64) AppleWebKit/537.36 (KHTML, like Gecko) Chrome/91.0.4472.124 Safari/537.36"
36.133.115.36 - - [25/Apr/2026:09:57:25 +0800] "POST /wp-cron.php?doing_wp_cron=1777082245.0769150257110595703125 HTTP/1.1" 200 31 "-" "WordPress/6.9; http://cqqizhou.com"
120.92.54.122 - - [25/Apr/2026:09:57:25 +0800] "GET /contacts/ HTTP/1.1" 301 5 "-" "Mozilla/5.0 (Windows NT 10.0; Win64; x64) AppleWebKit/537.36 (KHTML, like Gecko) Chrome/91.0.4472.124 Safari/537.36"
120.92.54.122 - - [25/Apr/2026:09:57:25 +0800] "GET /contacts HTTP/1.1" 200 21617 "-" "Mozilla/5.0 (Windows NT 10.0; Win64; x64) AppleWebKit/537.36 (KHTML, like Gecko) Chrome/91.0.4472.124 Safari/537.36"
120.92.54.122 - - [25/Apr/2026:09:57:26 +0800] "GET /wp-json/contact-form-7/v1/contact-forms/158/refill HTTP/1.1" 200 33 "http://cqqizhou.com/contacts" "Mozilla/5.0 (Windows NT 10.0; Win64; x64) AppleWebKit/537.36 (KHTML, like Gecko) Chrome/91.0.4472.124 Safari/537.36"
120.92.54.122 - - [25/Apr/2026:09:57:26 +0800] "GET /wp-json/contact-form-7/v1/contact-forms/158/feedback/schema HTTP/1.1" 200 358 "http://cqqizhou.com/contacts" "Mozilla/5.0 (Windows NT 10.0; Win64; x64) AppleWebKit/537.36 (KHTML, like Gecko) Chrome/91.0.4472.124 Safari/537.36"
36.133.115.36 - - [25/Apr/2026:10:16:12 +0800] "POST /wp-cron.php?doing_wp_cron=1777083372.6937530040740966796875 HTTP/1.1" 200 31 "-" "WordPress/6.9; http://cqqizhou.com"
111.225.149.150 - - [25/Apr/2026:10:16:12 +0800] "GET /robots.txt HTTP/1.1" 200 190 "-" "Mozilla/5.0 (Linux; Android 5.0) AppleWebKit/537.36 (KHTML, like Gecko) Mobile Safari/537.36 (compatible; Bytespider; https://zhanzhang.toutiao.com/)"
36.133.115.36 - - [25/Apr/2026:10:20:01 +0800] "POST /wp-cron.php?doing_wp_cron=1777083601.3537499904632568359375 HTTP/1.1" 200 31 "-" "WordPress/6.9; http://cqqizhou.com"
120.15.24.16 - - [25/Apr/2026:10:20:01 +0800] "GET / HTTP/1.1" 301 5 "-" "Mozilla/5.0 (Macintosh; Intel Mac OS X 10_15_7) AppleWebKit/537.36 (KHTML, like Gecko) Chrome/106.0.0.0 Safari/537.36"
120.15.24.16 - - [25/Apr/2026:10:20:01 +0800] "GET http://cqqizhou.com/ HTTP/1.1" 200 35159 "-" "Mozilla/5.0 (Macintosh; Intel Mac OS X 10_15_7) AppleWebKit/537.36 (KHTML, like Gecko) Chrome/106.0.0.0 Safari/537.36"
36.133.115.36 - - [25/Apr/2026:10:25:39 +0800] "POST /wp-cron.php?doing_wp_cron=1777083939.0249450206756591796875 HTTP/1.1" 200 31 "-" "WordPress/6.9; http://cqqizhou.com"
43.155.188.157 - - [25/Apr/2026:10:25:39 +0800] "GET /logistics/ HTTP/1.1" 301 5 "-" "Mozilla/5.0 (iPhone; CPU iPhone OS 13_2_3 like Mac OS X) AppleWebKit/605.1.15 (KHTML, like Gecko) Version/13.0.3 Mobile/15E148 Safari/604.1"
43.155.188.157 - - [25/Apr/2026:10:25:46 +0800] "GET /logistics HTTP/1.1" 200 25341 "http://cqqizhou.com/logistics/" "Mozilla/5.0 (iPhone; CPU iPhone OS 13_2_3 like Mac OS X) AppleWebKit/605.1.15 (KHTML, like Gecko) Version/13.0.3 Mobile/15E148 Safari/604.1"
170.106.187.106 - - [25/Apr/2026:10:47:07 +0800] "GET /wp-content/uploads/2025/12/1765862012-DSC20251216131140-300x169.webp HTTP/1.1" 200 16938 "-" "Mozilla/5.0 (iPhone; CPU iPhone OS 13_2_3 like Mac OS X) AppleWebKit/605.1.15 (KHTML, like Gecko) Version/13.0.3 Mobile/15E148 Safari/604.1"
36.133.115.36 - - [25/Apr/2026:11:01:01 +0800] "POST /wp-cron.php?doing_wp_cron=1777086061.3019690513610839843750 HTTP/1.1" 200 31 "-" "WordPress/6.9; http://cqqizhou.com"
119.84.246.117 - - [25/Apr/2026:11:01:01 +0800] "GET / HTTP/1.1" 301 5 "-" "-"
119.84.246.117 - - [25/Apr/2026:11:01:01 +0800] "GET / HTTP/1.1" 200 158581 "-" "-"
119.84.246.117 - - [25/Apr/2026:11:01:03 +0800] "GET / HTTP/1.1" 301 5 "-" "Mozilla/5.0 (Windows NT 6.1; WOW64) AppleWebKit/535.11 (KHTML, like Gecko) Chrome/17.0.963.84 Safari/535.11 SE 2.X MetaSr 1.0"
119.84.246.117 - - [25/Apr/2026:11:01:03 +0800] "GET / HTTP/1.1" 200 35159 "-" "Mozilla/5.0 (Windows NT 6.1; WOW64) AppleWebKit/535.11 (KHTML, like Gecko) Chrome/17.0.963.84 Safari/535.11 SE 2.X MetaSr 1.0"
119.84.246.117 - - [25/Apr/2026:11:01:03 +0800] "GET /wp-content/uploads/2025/07/1751425283-qizhou.kf_.qq_.com_.webp HTTP/1.1" 200 16864 "http://cqqizhou.com/" "Mozilla/5.0 (Windows NT 6.1; WOW64) AppleWebKit/535.11 (KHTML, like Gecko) Chrome/17.0.963.84 Safari/535.11 SE 2.X MetaSr 1.0"
119.84.246.117 - - [25/Apr/2026:11:01:03 +0800] "GET /wp-content/uploads/2025/07/1753456723-%E5%8F%8C%E7%9B%B8%E9%92%A2roduct_Single600.webp HTTP/1.1" 200 22790 "http://cqqizhou.com/" "Mozilla/5.0 (Windows NT 6.1; WOW64) AppleWebKit/535.11 (KHTML, like Gecko) Chrome/17.0.963.84 Safari/535.11 SE 2.X MetaSr 1.0"
119.84.246.117 - - [25/Apr/2026:11:01:03 +0800] "GET /wp-content/uploads/2025/07/1753453096-%E5%8F%8C%E7%9B%B8%E9%92%A2product_Single600%C3%97284.webp HTTP/1.1" 200 14562 "http://cqqizhou.com/" "Mozilla/5.0 (Windows NT 6.1; WOW64) AppleWebKit/535.11 (KHTML, like Gecko) Chrome/17.0.963.84 Safari/535.11 SE 2.X MetaSr 1.0"
119.84.246.117 - - [25/Apr/2026:11:01:03 +0800] "GET /wp-content/uploads/2025/07/1753456770-%E7%83%AD%E9%95%80%E9%94%8C%E5%8D%B7product_Single600.webp HTTP/1.1" 200 27502 "http://cqqizhou.com/" "Mozilla/5.0 (Windows NT 6.1; WOW64) AppleWebKit/535.11 (KHTML, like Gecko) Chrome/17.0.963.84 Safari/535.11 SE 2.X MetaSr 1.0"
119.84.246.117 - - [25/Apr/2026:11:01:03 +0800] "GET /wp-content/uploads/2025/07/1753453127-%E4%BD%99%E5%8D%B7product_Single600%C3%97284.webp HTTP/1.1" 200 18744 "http://cqqizhou.com/" "Mozilla/5.0 (Windows NT 6.1; WOW64) AppleWebKit/535.11 (KHTML, like Gecko) Chrome/17.0.963.84 Safari/535.11 SE 2.X MetaSr 1.0"
119.84.246.117 - - [25/Apr/2026:11:01:03 +0800] "GET /wp-content/uploads/2026/04/1775865780-1Article_images_W900px.webp HTTP/1.1" 200 41840 "http://cqqizhou.com/" "Mozilla/5.0 (Windows NT 6.1; WOW64) AppleWebKit/535.11 (KHTML, like Gecko) Chrome/17.0.963.84 Safari/535.11 SE 2.X MetaSr 1.0"
119.84.246.117 - - [25/Apr/2026:11:01:03 +0800] "GET /wp-content/uploads/2026/04/1775195054-1Article_images_W900px.webp HTTP/1.1" 200 25562 "http://cqqizhou.com/" "Mozilla/5.0 (Windows NT 6.1; WOW64) AppleWebKit/535.11 (KHTML, like Gecko) Chrome/17.0.963.84 Safari/535.11 SE 2.X MetaSr 1.0"
119.84.246.117 - - [25/Apr/2026:11:01:03 +0800] "GET /wp-content/uploads/2026/04/1775698332-Article_images_W900px.webp HTTP/1.1" 200 49852 "http://cqqizhou.com/" "Mozilla/5.0 (Windows NT 6.1; WOW64) AppleWebKit/535.11 (KHTML, like Gecko) Chrome/17.0.963.84 Safari/535.11 SE 2.X MetaSr 1.0"
119.84.246.117 - - [25/Apr/2026:11:01:03 +0800] "GET /wp-content/uploads/2026/02/1769999241-4.2%E7%B1%B3%E9%AB%98%E6%A0%8F%E8%B4%A7%E8%BD%A6.webp HTTP/1.1" 200 54794 "http://cqqizhou.com/" "Mozilla/5.0 (Windows NT 6.1; WOW64) AppleWebKit/535.11 (KHTML, like Gecko) Chrome/17.0.963.84 Safari/535.11 SE 2.X MetaSr 1.0"
119.84.246.117 - - [25/Apr/2026:11:01:03 +0800] "GET /wp-content/uploads/2025/07/1751864664-Logistics800x500_1.webp HTTP/1.1" 200 76914 "http://cqqizhou.com/" "Mozilla/5.0 (Windows NT 6.1; WOW64) AppleWebKit/535.11 (KHTML, like Gecko) Chrome/17.0.963.84 Safari/535.11 SE 2.X MetaSr 1.0"
36.133.115.36 - - [25/Apr/2026:11:05:58 +0800] "POST /wp-cron.php?doing_wp_cron=1777086358.1190838813781738281250 HTTP/1.1" 200 31 "-" "WordPress/6.9; http://cqqizhou.com"
43.130.32.245 - - [25/Apr/2026:11:05:58 +0800] "GET /wp-json/oembed/1.0/embed?url=http%3A%2F%2Fcqqizhou.com%2Flogistics HTTP/1.1" 200 1146 "-" "Mozilla/5.0 (iPhone; CPU iPhone OS 13_2_3 like Mac OS X) AppleWebKit/605.1.15 (KHTML, like Gecko) Version/13.0.3 Mobile/15E148 Safari/604.1"
36.133.115.36 - - [25/Apr/2026:11:08:18 +0800] "POST /wp-cron.php?doing_wp_cron=1777086498.0616199970245361328125 HTTP/1.1" 200 31 "-" "WordPress/6.9; http://cqqizhou.com"
176.65.139.156 - - [25/Apr/2026:11:08:36 +0800] "GET / HTTP/1.1" 200 109837 "-" "-"
14.29.109.105 - - [25/Apr/2026:11:19:09 +0800] "GET /material.html HTTP/1.1" 200 6459 "-" "Mozilla/5.0 (Windows NT 10.0; Win64; x64) AppleWebKit/537.36 (KHTML, like Gecko) Chrome/110.0.0.0 Safari/537.36"
49.51.36.179 - - [25/Apr/2026:11:26:47 +0800] "GET /wp-content/uploads/logistics/Conatiner-5.webp HTTP/1.1" 200 63396 "-" "Mozilla/5.0 (iPhone; CPU iPhone OS 13_2_3 like Mac OS X) AppleWebKit/605.1.15 (KHTML, like Gecko) Version/13.0.3 Mobile/15E148 Safari/604.1"
36.133.115.36 - - [25/Apr/2026:11:45:02 +0800] "POST /wp-cron.php?doing_wp_cron=1777088702.8146688938140869140625 HTTP/1.1" 200 31 "-" "WordPress/6.9; http://cqqizhou.com"
154.12.28.88 - - [25/Apr/2026:11:45:02 +0800] "GET /wp-login.php HTTP/1.1" 200 2853 "-" "Mozilla/5.0 (Windows NT 11.0; Win64; x64) AppleWebKit/537.36 (KHTML, like Gecko) Chrome/121.0.0.0 Safari/537.36"
154.12.28.88 - - [25/Apr/2026:11:45:04 +0800] "GET /?author=1 HTTP/1.1" 200 19752 "-" "Mozilla/5.0 (Windows NT 10.0; Win64; x64) AppleWebKit/537.36 (KHTML, like Gecko) Chrome/120.0.0.0 Safari/537.36"
154.12.28.88 - - [25/Apr/2026:11:45:05 +0800] "GET /?author=2 HTTP/1.1" 404 8950 "-" "Mozilla/5.0 (Macintosh; Intel Mac OS X 10_15_7) AppleWebKit/537.36 (KHTML, like Gecko) Chrome/120.0.0.0 Safari/537.36"
154.12.28.88 - - [25/Apr/2026:11:45:06 +0800] "GET /?author=3 HTTP/1.1" 404 8949 "-" "Mozilla/5.0 (Windows NT 10.0; Win64; x64) AppleWebKit/537.36 (KHTML, like Gecko) Chrome/120.0.0.0 Safari/537.36"
154.12.28.88 - - [25/Apr/2026:11:45:07 +0800] "GET /?author=4 HTTP/1.1" 404 8949 "-" "Mozilla/5.0 (X11; Linux x86_64) AppleWebKit/537.36 (KHTML, like Gecko) Chrome/120.0.0.0 Safari/537.36"
36.133.115.36 - - [25/Apr/2026:11:45:08 +0800] "POST /wp-cron.php?doing_wp_cron=1777088708.8665449619293212890625 HTTP/1.1" 200 31 "-" "WordPress/6.9; http://cqqizhou.com"
154.12.28.88 - - [25/Apr/2026:11:45:08 +0800] "GET /?author=5 HTTP/1.1" 404 8948 "-" "Mozilla/5.0 (Macintosh; Intel Mac OS X 10_15_7) AppleWebKit/537.36 (KHTML, like Gecko) Chrome/120.0.0.0 Safari/537.36"
154.12.28.88 - - [25/Apr/2026:11:45:10 +0800] "GET /?author=6 HTTP/1.1" 404 8950 "-" "Mozilla/5.0 (Windows NT 10.0; Win64; x64; rv:121.0) Gecko/20100101 Firefox/121.0"
154.12.28.88 - - [25/Apr/2026:11:45:11 +0800] "GET /?author=7 HTTP/1.1" 404 8949 "-" "Mozilla/5.0 (Macintosh; Intel Mac OS X 10_15_7) AppleWebKit/537.36 (KHTML, like Gecko) Chrome/120.0.0.0 Safari/537.36"
154.12.28.88 - - [25/Apr/2026:11:45:12 +0800] "GET /?author=8 HTTP/1.1" 404 8949 "-" "Mozilla/5.0 (Windows NT 10.0; Win64; x64; rv:121.0) Gecko/20100101 Firefox/121.0"
154.12.28.88 - - [25/Apr/2026:11:45:13 +0800] "GET /?author=9 HTTP/1.1" 404 8949 "-" "Mozilla/5.0 (Macintosh; Intel Mac OS X 10_15_7) AppleWebKit/537.36 (KHTML, like Gecko) Chrome/120.0.0.0 Safari/537.36"
154.12.28.88 - - [25/Apr/2026:11:45:14 +0800] "GET /?author=10 HTTP/1.1" 404 8950 "-" "Mozilla/5.0 (Windows NT 10.0; Win64; x64; rv:121.0) Gecko/20100101 Firefox/121.0"
154.12.28.88 - - [25/Apr/2026:11:45:15 +0800] "GET /?author=11 HTTP/1.1" 404 8950 "-" "Mozilla/5.0 (X11; Linux x86_64) AppleWebKit/537.36 (KHTML, like Gecko) Chrome/120.0.0.0 Safari/537.36"
154.12.28.88 - - [25/Apr/2026:11:45:17 +0800] "GET /?author=12 HTTP/1.1" 404 8949 "-" "Mozilla/5.0 (Windows NT 10.0; Win64; x64) AppleWebKit/537.36 (KHTML, like Gecko) Chrome/120.0.0.0 Safari/537.36"
154.12.28.88 - - [25/Apr/2026:11:45:18 +0800] "GET /?author=13 HTTP/1.1" 404 8950 "-" "Mozilla/5.0 (Macintosh; Intel Mac OS X 10_15_7) AppleWebKit/537.36 (KHTML, like Gecko) Chrome/120.0.0.0 Safari/537.36"
154.12.28.88 - - [25/Apr/2026:11:45:19 +0800] "GET /?author=14 HTTP/1.1" 404 8950 "-" "Mozilla/5.0 (Windows NT 10.0; Win64; x64) AppleWebKit/537.36 (KHTML, like Gecko) Chrome/120.0.0.0 Safari/537.36"
154.12.28.88 - - [25/Apr/2026:11:45:20 +0800] "GET /?author=15 HTTP/1.1" 404 8947 "-" "Mozilla/5.0 (Windows NT 10.0; Win64; x64; rv:121.0) Gecko/20100101 Firefox/121.0"
154.12.28.88 - - [25/Apr/2026:11:45:21 +0800] "GET /?author=16 HTTP/1.1" 404 8949 "-" "Mozilla/5.0 (Windows NT 10.0; Win64; x64) AppleWebKit/537.36 (KHTML, like Gecko) Chrome/120.0.0.0 Safari/537.36"
154.12.28.88 - - [25/Apr/2026:11:45:23 +0800] "GET /?author=17 HTTP/1.1" 404 8950 "-" "Mozilla/5.0 (Macintosh; Intel Mac OS X 10_15_7) AppleWebKit/537.36 (KHTML, like Gecko) Chrome/120.0.0.0 Safari/537.36"
154.12.28.88 - - [25/Apr/2026:11:45:24 +0800] "GET /?author=18 HTTP/1.1" 404 8950 "-" "Mozilla/5.0 (Macintosh; Intel Mac OS X 10_15_7) AppleWebKit/537.36 (KHTML, like Gecko) Chrome/120.0.0.0 Safari/537.36"
