178.128.21.252 - - [17/Apr/2026:02:43:05 +0800] "POST /xmlrpc.php HTTP/1.1" 200 415 "-" "Mozilla/5.0 (Windows NT 10.0; Win64; x64) AppleWebKit/537.36 (KHTML, like Gecko) Chrome/95.0.4638.69 Safari/537.36"
178.128.21.252 - - [17/Apr/2026:02:43:06 +0800] "POST /xmlrpc.php HTTP/1.1" 200 415 "-" "Mozilla/5.0 (Windows NT 10.0; Win64; x64) AppleWebKit/537.36 (KHTML, like Gecko) Chrome/95.0.4638.69 Safari/537.36"
178.128.21.252 - - [17/Apr/2026:02:43:07 +0800] "POST /xmlrpc.php HTTP/1.1" 200 415 "-" "Mozilla/5.0 (Windows NT 10.0; Win64; x64) AppleWebKit/537.36 (KHTML, like Gecko) Chrome/95.0.4638.69 Safari/537.36"
36.133.115.36 - - [17/Apr/2026:02:43:08 +0800] "POST /wp-cron.php?doing_wp_cron=1776364988.0092420578002929687500 HTTP/1.1" 200 31 "-" "WordPress/6.9; http://cqqizhou.com"
178.128.21.252 - - [17/Apr/2026:02:43:08 +0800] "POST /xmlrpc.php HTTP/1.1" 200 415 "-" "Mozilla/5.0 (Windows NT 10.0; Win64; x64) AppleWebKit/537.36 (KHTML, like Gecko) Chrome/95.0.4638.69 Safari/537.36"
178.128.21.252 - - [17/Apr/2026:02:43:09 +0800] "POST /xmlrpc.php HTTP/1.1" 200 415 "-" "Mozilla/5.0 (Windows NT 10.0; Win64; x64) AppleWebKit/537.36 (KHTML, like Gecko) Chrome/95.0.4638.69 Safari/537.36"
178.128.21.252 - - [17/Apr/2026:02:43:10 +0800] "POST /xmlrpc.php HTTP/1.1" 200 415 "-" "Mozilla/5.0 (Windows NT 10.0; Win64; x64) AppleWebKit/537.36 (KHTML, like Gecko) Chrome/95.0.4638.69 Safari/537.36"
178.128.21.252 - - [17/Apr/2026:02:43:11 +0800] "POST /xmlrpc.php HTTP/1.1" 200 415 "-" "Mozilla/5.0 (Windows NT 10.0; Win64; x64) AppleWebKit/537.36 (KHTML, like Gecko) Chrome/95.0.4638.69 Safari/537.36"
178.128.21.252 - - [17/Apr/2026:02:43:12 +0800] "POST /xmlrpc.php HTTP/1.1" 200 415 "-" "Mozilla/5.0 (Windows NT 10.0; Win64; x64) AppleWebKit/537.36 (KHTML, like Gecko) Chrome/95.0.4638.69 Safari/537.36"
178.128.21.252 - - [17/Apr/2026:02:43:13 +0800] "POST /xmlrpc.php HTTP/1.1" 200 415 "-" "Mozilla/5.0 (Windows NT 10.0; Win64; x64) AppleWebKit/537.36 (KHTML, like Gecko) Chrome/95.0.4638.69 Safari/537.36"
178.128.21.252 - - [17/Apr/2026:02:43:13 +0800] "POST /xmlrpc.php HTTP/1.1" 200 415 "-" "Mozilla/5.0 (Windows NT 10.0; Win64; x64) AppleWebKit/537.36 (KHTML, like Gecko) Chrome/95.0.4638.69 Safari/537.36"
178.128.21.252 - - [17/Apr/2026:02:43:14 +0800] "POST /xmlrpc.php HTTP/1.1" 200 415 "-" "Mozilla/5.0 (Windows NT 10.0; Win64; x64) AppleWebKit/537.36 (KHTML, like Gecko) Chrome/95.0.4638.69 Safari/537.36"
178.128.21.252 - - [17/Apr/2026:02:43:15 +0800] "POST /xmlrpc.php HTTP/1.1" 200 415 "-" "Mozilla/5.0 (Windows NT 10.0; Win64; x64) AppleWebKit/537.36 (KHTML, like Gecko) Chrome/95.0.4638.69 Safari/537.36"
178.128.21.252 - - [17/Apr/2026:02:43:16 +0800] "POST /xmlrpc.php HTTP/1.1" 200 415 "-" "Mozilla/5.0 (Windows NT 10.0; Win64; x64) AppleWebKit/537.36 (KHTML, like Gecko) Chrome/95.0.4638.69 Safari/537.36"
178.128.21.252 - - [17/Apr/2026:02:43:17 +0800] "POST /xmlrpc.php HTTP/1.1" 200 415 "-" "Mozilla/5.0 (Windows NT 10.0; Win64; x64) AppleWebKit/537.36 (KHTML, like Gecko) Chrome/95.0.4638.69 Safari/537.36"
178.128.21.252 - - [17/Apr/2026:02:43:18 +0800] "POST /xmlrpc.php HTTP/1.1" 200 415 "-" "Mozilla/5.0 (Windows NT 10.0; Win64; x64) AppleWebKit/537.36 (KHTML, like Gecko) Chrome/95.0.4638.69 Safari/537.36"
178.128.21.252 - - [17/Apr/2026:02:43:19 +0800] "POST /xmlrpc.php HTTP/1.1" 200 415 "-" "Mozilla/5.0 (Windows NT 10.0; Win64; x64) AppleWebKit/537.36 (KHTML, like Gecko) Chrome/95.0.4638.69 Safari/537.36"
178.128.21.252 - - [17/Apr/2026:02:43:20 +0800] "POST /xmlrpc.php HTTP/1.1" 200 415 "-" "Mozilla/5.0 (Windows NT 10.0; Win64; x64) AppleWebKit/537.36 (KHTML, like Gecko) Chrome/95.0.4638.69 Safari/537.36"
178.128.21.252 - - [17/Apr/2026:02:43:21 +0800] "POST /xmlrpc.php HTTP/1.1" 200 415 "-" "Mozilla/5.0 (Windows NT 10.0; Win64; x64) AppleWebKit/537.36 (KHTML, like Gecko) Chrome/95.0.4638.69 Safari/537.36"
178.128.21.252 - - [17/Apr/2026:02:43:22 +0800] "POST /xmlrpc.php HTTP/1.1" 200 415 "-" "Mozilla/5.0 (Windows NT 10.0; Win64; x64) AppleWebKit/537.36 (KHTML, like Gecko) Chrome/95.0.4638.69 Safari/537.36"
178.128.21.252 - - [17/Apr/2026:02:43:22 +0800] "POST /xmlrpc.php HTTP/1.1" 200 415 "-" "Mozilla/5.0 (Windows NT 10.0; Win64; x64) AppleWebKit/537.36 (KHTML, like Gecko) Chrome/95.0.4638.69 Safari/537.36"
178.128.21.252 - - [17/Apr/2026:02:43:23 +0800] "POST /xmlrpc.php HTTP/1.1" 200 415 "-" "Mozilla/5.0 (Windows NT 10.0; Win64; x64) AppleWebKit/537.36 (KHTML, like Gecko) Chrome/95.0.4638.69 Safari/537.36"
178.128.21.252 - - [17/Apr/2026:02:43:24 +0800] "POST /xmlrpc.php HTTP/1.1" 200 415 "-" "Mozilla/5.0 (Windows NT 10.0; Win64; x64) AppleWebKit/537.36 (KHTML, like Gecko) Chrome/95.0.4638.69 Safari/537.36"
178.128.21.252 - - [17/Apr/2026:02:43:25 +0800] "POST /xmlrpc.php HTTP/1.1" 200 415 "-" "Mozilla/5.0 (Windows NT 10.0; Win64; x64) AppleWebKit/537.36 (KHTML, like Gecko) Chrome/95.0.4638.69 Safari/537.36"
178.128.21.252 - - [17/Apr/2026:02:43:26 +0800] "POST /xmlrpc.php HTTP/1.1" 200 415 "-" "Mozilla/5.0 (Windows NT 10.0; Win64; x64) AppleWebKit/537.36 (KHTML, like Gecko) Chrome/95.0.4638.69 Safari/537.36"
178.128.21.252 - - [17/Apr/2026:02:43:27 +0800] "POST /xmlrpc.php HTTP/1.1" 200 415 "-" "Mozilla/5.0 (Windows NT 10.0; Win64; x64) AppleWebKit/537.36 (KHTML, like Gecko) Chrome/95.0.4638.69 Safari/537.36"
178.128.21.252 - - [17/Apr/2026:02:43:28 +0800] "POST /xmlrpc.php HTTP/1.1" 200 415 "-" "Mozilla/5.0 (Windows NT 10.0; Win64; x64) AppleWebKit/537.36 (KHTML, like Gecko) Chrome/95.0.4638.69 Safari/537.36"
178.128.21.252 - - [17/Apr/2026:02:43:29 +0800] "POST /xmlrpc.php HTTP/1.1" 200 415 "-" "Mozilla/5.0 (Windows NT 10.0; Win64; x64) AppleWebKit/537.36 (KHTML, like Gecko) Chrome/95.0.4638.69 Safari/537.36"
178.128.21.252 - - [17/Apr/2026:02:43:30 +0800] "POST /xmlrpc.php HTTP/1.1" 200 415 "-" "Mozilla/5.0 (Windows NT 10.0; Win64; x64) AppleWebKit/537.36 (KHTML, like Gecko) Chrome/95.0.4638.69 Safari/537.36"
178.128.21.252 - - [17/Apr/2026:02:43:31 +0800] "POST /xmlrpc.php HTTP/1.1" 200 415 "-" "Mozilla/5.0 (Windows NT 10.0; Win64; x64) AppleWebKit/537.36 (KHTML, like Gecko) Chrome/95.0.4638.69 Safari/537.36"
178.128.21.252 - - [17/Apr/2026:02:43:32 +0800] "POST /xmlrpc.php HTTP/1.1" 200 415 "-" "Mozilla/5.0 (Windows NT 10.0; Win64; x64) AppleWebKit/537.36 (KHTML, like Gecko) Chrome/95.0.4638.69 Safari/537.36"
178.128.21.252 - - [17/Apr/2026:02:43:32 +0800] "POST /xmlrpc.php HTTP/1.1" 200 415 "-" "Mozilla/5.0 (Windows NT 10.0; Win64; x64) AppleWebKit/537.36 (KHTML, like Gecko) Chrome/95.0.4638.69 Safari/537.36"
178.128.21.252 - - [17/Apr/2026:02:43:33 +0800] "POST /xmlrpc.php HTTP/1.1" 200 415 "-" "Mozilla/5.0 (Windows NT 10.0; Win64; x64) AppleWebKit/537.36 (KHTML, like Gecko) Chrome/95.0.4638.69 Safari/537.36"
178.128.21.252 - - [17/Apr/2026:02:43:34 +0800] "POST /xmlrpc.php HTTP/1.1" 200 415 "-" "Mozilla/5.0 (Windows NT 10.0; Win64; x64) AppleWebKit/537.36 (KHTML, like Gecko) Chrome/95.0.4638.69 Safari/537.36"
178.128.21.252 - - [17/Apr/2026:02:43:35 +0800] "POST /xmlrpc.php HTTP/1.1" 200 415 "-" "Mozilla/5.0 (Windows NT 10.0; Win64; x64) AppleWebKit/537.36 (KHTML, like Gecko) Chrome/95.0.4638.69 Safari/537.36"
178.128.21.252 - - [17/Apr/2026:02:43:36 +0800] "POST /xmlrpc.php HTTP/1.1" 200 415 "-" "Mozilla/5.0 (Windows NT 10.0; Win64; x64) AppleWebKit/537.36 (KHTML, like Gecko) Chrome/95.0.4638.69 Safari/537.36"
178.128.21.252 - - [17/Apr/2026:02:43:37 +0800] "POST /xmlrpc.php HTTP/1.1" 200 415 "-" "Mozilla/5.0 (Windows NT 10.0; Win64; x64) AppleWebKit/537.36 (KHTML, like Gecko) Chrome/95.0.4638.69 Safari/537.36"
178.128.21.252 - - [17/Apr/2026:02:43:38 +0800] "POST /xmlrpc.php HTTP/1.1" 200 415 "-" "Mozilla/5.0 (Windows NT 10.0; Win64; x64) AppleWebKit/537.36 (KHTML, like Gecko) Chrome/95.0.4638.69 Safari/537.36"
178.128.21.252 - - [17/Apr/2026:02:43:39 +0800] "POST /xmlrpc.php HTTP/1.1" 200 415 "-" "Mozilla/5.0 (Windows NT 10.0; Win64; x64) AppleWebKit/537.36 (KHTML, like Gecko) Chrome/95.0.4638.69 Safari/537.36"
178.128.21.252 - - [17/Apr/2026:02:43:40 +0800] "POST /xmlrpc.php HTTP/1.1" 200 415 "-" "Mozilla/5.0 (Windows NT 10.0; Win64; x64) AppleWebKit/537.36 (KHTML, like Gecko) Chrome/95.0.4638.69 Safari/537.36"
178.128.21.252 - - [17/Apr/2026:02:43:41 +0800] "POST /xmlrpc.php HTTP/1.1" 200 415 "-" "Mozilla/5.0 (Windows NT 10.0; Win64; x64) AppleWebKit/537.36 (KHTML, like Gecko) Chrome/95.0.4638.69 Safari/537.36"
178.128.21.252 - - [17/Apr/2026:02:43:41 +0800] "POST /xmlrpc.php HTTP/1.1" 200 415 "-" "Mozilla/5.0 (Windows NT 10.0; Win64; x64) AppleWebKit/537.36 (KHTML, like Gecko) Chrome/95.0.4638.69 Safari/537.36"
178.128.21.252 - - [17/Apr/2026:02:43:42 +0800] "POST /xmlrpc.php HTTP/1.1" 200 415 "-" "Mozilla/5.0 (Windows NT 10.0; Win64; x64) AppleWebKit/537.36 (KHTML, like Gecko) Chrome/95.0.4638.69 Safari/537.36"
178.128.21.252 - - [17/Apr/2026:02:43:43 +0800] "POST /xmlrpc.php HTTP/1.1" 200 415 "-" "Mozilla/5.0 (Windows NT 10.0; Win64; x64) AppleWebKit/537.36 (KHTML, like Gecko) Chrome/95.0.4638.69 Safari/537.36"
178.128.21.252 - - [17/Apr/2026:02:43:44 +0800] "POST /xmlrpc.php HTTP/1.1" 200 415 "-" "Mozilla/5.0 (Windows NT 10.0; Win64; x64) AppleWebKit/537.36 (KHTML, like Gecko) Chrome/95.0.4638.69 Safari/537.36"
178.128.21.252 - - [17/Apr/2026:02:43:45 +0800] "POST /xmlrpc.php HTTP/1.1" 200 415 "-" "Mozilla/5.0 (Windows NT 10.0; Win64; x64) AppleWebKit/537.36 (KHTML, like Gecko) Chrome/95.0.4638.69 Safari/537.36"
178.128.21.252 - - [17/Apr/2026:02:43:46 +0800] "POST /xmlrpc.php HTTP/1.1" 200 415 "-" "Mozilla/5.0 (Windows NT 10.0; Win64; x64) AppleWebKit/537.36 (KHTML, like Gecko) Chrome/95.0.4638.69 Safari/537.36"
178.128.21.252 - - [17/Apr/2026:02:43:47 +0800] "POST /xmlrpc.php HTTP/1.1" 200 415 "-" "Mozilla/5.0 (Windows NT 10.0; Win64; x64) AppleWebKit/537.36 (KHTML, like Gecko) Chrome/95.0.4638.69 Safari/537.36"
178.128.21.252 - - [17/Apr/2026:02:43:47 +0800] "POST /xmlrpc.php HTTP/1.1" 200 415 "-" "Mozilla/5.0 (Windows NT 10.0; Win64; x64) AppleWebKit/537.36 (KHTML, like Gecko) Chrome/95.0.4638.69 Safari/537.36"
178.128.21.252 - - [17/Apr/2026:02:43:48 +0800] "POST /xmlrpc.php HTTP/1.1" 200 415 "-" "Mozilla/5.0 (Windows NT 10.0; Win64; x64) AppleWebKit/537.36 (KHTML, like Gecko) Chrome/95.0.4638.69 Safari/537.36"
178.128.21.252 - - [17/Apr/2026:02:43:49 +0800] "POST /xmlrpc.php HTTP/1.1" 200 415 "-" "Mozilla/5.0 (Windows NT 10.0; Win64; x64) AppleWebKit/537.36 (KHTML, like Gecko) Chrome/95.0.4638.69 Safari/537.36"
178.128.21.252 - - [17/Apr/2026:02:43:50 +0800] "POST /xmlrpc.php HTTP/1.1" 200 415 "-" "Mozilla/5.0 (Windows NT 10.0; Win64; x64) AppleWebKit/537.36 (KHTML, like Gecko) Chrome/95.0.4638.69 Safari/537.36"
178.128.21.252 - - [17/Apr/2026:02:43:51 +0800] "POST /xmlrpc.php HTTP/1.1" 200 415 "-" "Mozilla/5.0 (Windows NT 10.0; Win64; x64) AppleWebKit/537.36 (KHTML, like Gecko) Chrome/95.0.4638.69 Safari/537.36"
178.128.21.252 - - [17/Apr/2026:02:43:52 +0800] "POST /xmlrpc.php HTTP/1.1" 200 415 "-" "Mozilla/5.0 (Windows NT 10.0; Win64; x64) AppleWebKit/537.36 (KHTML, like Gecko) Chrome/95.0.4638.69 Safari/537.36"
178.128.21.252 - - [17/Apr/2026:02:43:53 +0800] "POST /xmlrpc.php HTTP/1.1" 200 415 "-" "Mozilla/5.0 (Windows NT 10.0; Win64; x64) AppleWebKit/537.36 (KHTML, like Gecko) Chrome/95.0.4638.69 Safari/537.36"
178.128.21.252 - - [17/Apr/2026:02:43:53 +0800] "POST /xmlrpc.php HTTP/1.1" 200 415 "-" "Mozilla/5.0 (Windows NT 10.0; Win64; x64) AppleWebKit/537.36 (KHTML, like Gecko) Chrome/95.0.4638.69 Safari/537.36"
198.244.168.107 - - [17/Apr/2026:02:44:13 +0800] "GET /wp-content/uploads/2026/04/1775698332-Article_images_W900px-300x169.webp HTTP/1.1" 200 12710 "-" "Mozilla/5.0 (compatible; AhrefsBot/7.0; +http://ahrefs.com/robot/)"
198.244.168.181 - - [17/Apr/2026:02:44:14 +0800] "GET /wp-content/uploads/2026/02/1769999241-4.2%E7%B1%B3%E9%AB%98%E6%A0%8F%E8%B4%A7%E8%BD%A6-300x169.webp HTTP/1.1" 200 12930 "-" "Mozilla/5.0 (compatible; AhrefsBot/7.0; +http://ahrefs.com/robot/)"
198.244.183.238 - - [17/Apr/2026:02:44:16 +0800] "GET /wp-content/uploads/2026/04/1775865780-1Article_images_W900px-300x169.webp HTTP/1.1" 200 10634 "-" "Mozilla/5.0 (compatible; AhrefsBot/7.0; +http://ahrefs.com/robot/)"
36.133.115.36 - - [17/Apr/2026:02:46:57 +0800] "POST /wp-cron.php?doing_wp_cron=1776365217.2604250907897949218750 HTTP/1.1" 200 31 "-" "WordPress/6.9; http://cqqizhou.com"
43.153.48.240 - - [17/Apr/2026:02:46:57 +0800] "GET /bug HTTP/1.1" 200 11690 "-" "Mozilla/5.0 (iPhone; CPU iPhone OS 13_2_3 like Mac OS X) AppleWebKit/605.1.15 (KHTML, like Gecko) Version/13.0.3 Mobile/15E148 Safari/604.1"
36.133.115.36 - - [17/Apr/2026:02:54:57 +0800] "POST /wp-cron.php?doing_wp_cron=1776365697.6182389259338378906250 HTTP/1.1" 200 31 "-" "WordPress/6.9; http://cqqizhou.com"
182.44.9.147 - - [17/Apr/2026:02:54:57 +0800] "GET / HTTP/1.1" 301 5 "-" "Mozilla/5.0 (iPhone; CPU iPhone OS 13_2_3 like Mac OS X) AppleWebKit/605.1.15 (KHTML, like Gecko) Version/13.0.3 Mobile/15E148 Safari/604.1"
36.133.115.36 - - [17/Apr/2026:03:13:46 +0800] "POST /wp-cron.php?doing_wp_cron=1776366826.4838581085205078125000 HTTP/1.1" 200 31 "-" "WordPress/6.9; http://cqqizhou.com"
115.159.33.43 - - [17/Apr/2026:03:13:46 +0800] "GET / HTTP/1.1" 301 5 "-" "Mozilla/5.0 (Windows NT 10.0; Win64; x64) AppleWebKit/537.36 (KHTML, like Gecko) Chrome/79.0.3945.117 Safari/537.36"
36.133.115.36 - - [17/Apr/2026:03:14:48 +0800] "POST /wp-cron.php?doing_wp_cron=1776366888.8465290069580078125000 HTTP/1.1" 200 31 "-" "WordPress/6.9; http://cqqizhou.com"
43.156.202.34 - - [17/Apr/2026:03:14:48 +0800] "GET /news/portfolio HTTP/1.1" 200 17098 "-" "Mozilla/5.0 (iPhone; CPU iPhone OS 13_2_3 like Mac OS X) AppleWebKit/605.1.15 (KHTML, like Gecko) Version/13.0.3 Mobile/15E148 Safari/604.1"
36.133.115.36 - - [17/Apr/2026:03:29:09 +0800] "POST /wp-cron.php?doing_wp_cron=1776367749.3402779102325439453125 HTTP/1.1" 200 31 "-" "WordPress/6.9; http://cqqizhou.com"
116.113.237.253 - - [17/Apr/2026:03:29:09 +0800] "GET /Ly9jcXFpemhvdS5jb20vd3AtY29udGVudC91cGxvYWRzLzIwMjYvMDEvMTc2ODI4MDI3MC1hbnF1YW5fU2xpZGVyXzM4NDDDlzIxNjBfMjAyNjAxMTQtc2NhbGVkLndlYnA= HTTP/1.1" 404 8949 "-" "Mozilla/5.0 (Windows NT 6.1) AppleWebKit/537.36 (KHTML, like Gecko) Chrome/70.0.3538.67"
48.192.92.24 - - [17/Apr/2026:03:30:11 +0800] "GET /news/2155 HTTP/1.1" 200 28990 "-" "Mozilla/5.0 (Windows NT 10.0; Win64; x64) AppleWebKit/537.36 (KHTML, like Gecko) Chrome/131.0.0.0 Safari/537.36 Edg/131.0.0.0"
36.133.115.36 - - [17/Apr/2026:03:34:39 +0800] "POST /wp-cron.php?doing_wp_cron=1776368079.3996329307556152343750 HTTP/1.1" 200 31 "-" "WordPress/6.9; http://cqqizhou.com"
159.89.84.111 - - [17/Apr/2026:03:34:39 +0800] "POST /boaform/admin/formLogin HTTP/1.1" 404 8949 "http://36.133.115.36:80/admin/login.asp" "Mozilla/5.0 (X11; Ubuntu; Linux x86_64; rv:71.0) Gecko/20100101 Firefox/71.0"
36.133.115.36 - - [17/Apr/2026:03:37:06 +0800] "POST /wp-cron.php?doing_wp_cron=1776368226.1398200988769531250000 HTTP/1.1" 200 31 "-" "WordPress/6.9; http://cqqizhou.com"
43.131.253.14 - - [17/Apr/2026:03:37:06 +0800] "GET /feed HTTP/1.1" 200 46957 "-" "Mozilla/5.0 (iPhone; CPU iPhone OS 13_2_3 like Mac OS X) AppleWebKit/605.1.15 (KHTML, like Gecko) Version/13.0.3 Mobile/15E148 Safari/604.1"
36.133.115.36 - - [17/Apr/2026:03:39:08 +0800] "POST /wp-cron.php?doing_wp_cron=1776368348.1736690998077392578125 HTTP/1.1" 200 31 "-" "WordPress/6.9; http://cqqizhou.com"
103.85.188.186 - - [17/Apr/2026:03:39:08 +0800] "GET / HTTP/1.1" 301 5 "-" "Mozilla/5.0 (Windows NT 10.0; Win64; x64) AppleWebKit/537.36 (KHTML, like Gecko) Chrome/97.0.4280.67 Safari/537.36 Edg/97.0.664.52"
103.85.188.186 - - [17/Apr/2026:03:39:08 +0800] "GET / HTTP/1.1" 200 35158 "-" "Mozilla/5.0 (Windows NT 10.0; Win64; x64) AppleWebKit/537.36 (KHTML, like Gecko) Chrome/97.0.4280.67 Safari/537.36 Edg/97.0.664.52"
112.244.62.4 - - [17/Apr/2026:03:39:13 +0800] "GET /Ly9jcXFpemhvdS5jb20vd3AtY29udGVudC91cGxvYWRzLzIwMjYvMDEvMTc2ODI3NjExOS1xaXpob3VqaWFnb25nX1NsaWRlcl8zODQww5cyMTYwXzIwMjYwMTEzLXNjYWxlZC53ZWJw HTTP/1.1" 404 8949 "-" "Mozilla/5.0 (Windows NT 6.1; Win64; x64) AppleWebKit/537.36 (KHTML, like Gecko) Chrome/74.0.3729.6"
36.133.115.36 - - [17/Apr/2026:03:45:44 +0800] "POST /wp-cron.php?doing_wp_cron=1776368744.1602199077606201171875 HTTP/1.1" 200 31 "-" "WordPress/6.9; http://cqqizhou.com"
112.90.14.29 - - [17/Apr/2026:03:45:44 +0800] "GET /media/3 HTTP/1.1" 200 26160 "-" "Mozilla/5.0 (Windows NT 10.0; Win64; x64) AppleWebKit/537.36 (KHTML, like Gecko) Chrome/133.0.0.0 Safari/537.36"
36.133.115.36 - - [17/Apr/2026:03:46:47 +0800] "POST /wp-cron.php?doing_wp_cron=1776368807.4439649581909179687500 HTTP/1.1" 200 31 "-" "WordPress/6.9; http://cqqizhou.com"
43.166.238.12 - - [17/Apr/2026:03:46:47 +0800] "GET /media HTTP/1.1" 200 26031 "-" "Mozilla/5.0 (iPhone; CPU iPhone OS 13_2_3 like Mac OS X) AppleWebKit/605.1.15 (KHTML, like Gecko) Version/13.0.3 Mobile/15E148 Safari/604.1"
36.133.115.36 - - [17/Apr/2026:03:55:02 +0800] "POST /wp-cron.php?doing_wp_cron=1776369302.5042479038238525390625 HTTP/1.1" 200 31 "-" "WordPress/6.9; http://cqqizhou.com"
43.153.215.224 - - [17/Apr/2026:03:55:02 +0800] "GET /news HTTP/1.1" 200 19757 "-" "Mozilla/5.0 (iPhone; CPU iPhone OS 13_2_3 like Mac OS X) AppleWebKit/605.1.15 (KHTML, like Gecko) Version/13.0.3 Mobile/15E148 Safari/604.1"
36.133.115.36 - - [17/Apr/2026:04:09:52 +0800] "POST /wp-cron.php?doing_wp_cron=1776370192.4935259819030761718750 HTTP/1.1" 200 31 "-" "WordPress/6.9; http://cqqizhou.com"
43.135.142.37 - - [17/Apr/2026:04:09:52 +0800] "GET /news/portfolio-category/cold-rolled-coil HTTP/1.1" 200 17701 "-" "Mozilla/5.0 (iPhone; CPU iPhone OS 13_2_3 like Mac OS X) AppleWebKit/605.1.15 (KHTML, like Gecko) Version/13.0.3 Mobile/15E148 Safari/604.1"
36.133.115.36 - - [17/Apr/2026:04:15:35 +0800] "POST /wp-cron.php?doing_wp_cron=1776370535.2322249412536621093750 HTTP/1.1" 200 31 "-" "WordPress/6.9; http://cqqizhou.com"
43.153.123.4 - - [17/Apr/2026:04:15:35 +0800] "GET / HTTP/1.1" 200 34725 "-" "Mozilla/5.0 (iPhone; CPU iPhone OS 13_2_3 like Mac OS X) AppleWebKit/605.1.15 (KHTML, like Gecko) Version/13.0.3 Mobile/15E148 Safari/604.1"
36.133.115.36 - - [17/Apr/2026:04:16:30 +0800] "POST /wp-cron.php?doing_wp_cron=1776370590.2529389858245849609375 HTTP/1.1" 200 31 "-" "WordPress/6.9; http://cqqizhou.com"
198.244.226.13 - - [17/Apr/2026:04:16:30 +0800] "GET /services/qzgyl@cq-qizhou.com HTTP/1.1" 404 8948 "-" "Mozilla/5.0 (compatible; AhrefsBot/7.0; +http://ahrefs.com/robot/)"
36.133.108.119 - - [17/Apr/2026:04:32:30 +0800] "HEAD /test5.php HTTP/1.1" 404 0 "-" "Mozilla/5.0 (Windows NT 6.1) AppleWebKit/537.36 (KHTML, like Gecko) Chrome/27.0.1453.90 Safari/537.36"
36.133.115.36 - - [17/Apr/2026:04:53:30 +0800] "POST /wp-cron.php?doing_wp_cron=1776372810.1086010932922363281250 HTTP/1.1" 200 31 "-" "WordPress/6.9; http://cqqizhou.com"
119.84.246.117 - - [17/Apr/2026:04:53:30 +0800] "GET / HTTP/1.1" 301 5 "-" "-"
119.84.246.117 - - [17/Apr/2026:04:53:30 +0800] "GET / HTTP/1.1" 200 158581 "-" "-"
119.84.246.117 - - [17/Apr/2026:04:53:32 +0800] "GET / HTTP/1.1" 301 5 "-" "Mozilla/5.0 (Windows NT 6.1) AppleWebKit/535.11 (KHTML, like Gecko) Chrome/17.0.963.84 Safari/535.11 LBBROWSER"
119.84.246.117 - - [17/Apr/2026:04:53:32 +0800] "GET / HTTP/1.1" 200 35158 "-" "Mozilla/5.0 (Windows NT 6.1) AppleWebKit/535.11 (KHTML, like Gecko) Chrome/17.0.963.84 Safari/535.11 LBBROWSER"
119.84.246.117 - - [17/Apr/2026:04:53:32 +0800] "GET /wp-content/uploads/2025/07/1751425283-qizhou.kf_.qq_.com_.webp HTTP/1.1" 200 16864 "http://cqqizhou.com/" "Mozilla/5.0 (Windows NT 6.1) AppleWebKit/535.11 (KHTML, like Gecko) Chrome/17.0.963.84 Safari/535.11 LBBROWSER"
119.84.246.117 - - [17/Apr/2026:04:53:32 +0800] "GET /wp-content/uploads/2025/07/1753453096-%E5%8F%8C%E7%9B%B8%E9%92%A2product_Single600%C3%97284.webp HTTP/1.1" 200 14562 "http://cqqizhou.com/" "Mozilla/5.0 (Windows NT 6.1) AppleWebKit/535.11 (KHTML, like Gecko) Chrome/17.0.963.84 Safari/535.11 LBBROWSER"
119.84.246.117 - - [17/Apr/2026:04:53:32 +0800] "GET /wp-content/uploads/2025/07/1753456723-%E5%8F%8C%E7%9B%B8%E9%92%A2roduct_Single600.webp HTTP/1.1" 200 22790 "http://cqqizhou.com/" "Mozilla/5.0 (Windows NT 6.1) AppleWebKit/535.11 (KHTML, like Gecko) Chrome/17.0.963.84 Safari/535.11 LBBROWSER"
119.84.246.117 - - [17/Apr/2026:04:53:32 +0800] "GET /wp-content/uploads/2025/07/1753456770-%E7%83%AD%E9%95%80%E9%94%8C%E5%8D%B7product_Single600.webp HTTP/1.1" 200 27502 "http://cqqizhou.com/" "Mozilla/5.0 (Windows NT 6.1) AppleWebKit/535.11 (KHTML, like Gecko) Chrome/17.0.963.84 Safari/535.11 LBBROWSER"
119.84.246.117 - - [17/Apr/2026:04:53:32 +0800] "GET /wp-content/uploads/2026/04/1775698332-Article_images_W900px.webp HTTP/1.1" 200 49852 "http://cqqizhou.com/" "Mozilla/5.0 (Windows NT 6.1) AppleWebKit/535.11 (KHTML, like Gecko) Chrome/17.0.963.84 Safari/535.11 LBBROWSER"
119.84.246.117 - - [17/Apr/2026:04:53:32 +0800] "GET /wp-content/uploads/2026/02/1769999241-4.2%E7%B1%B3%E9%AB%98%E6%A0%8F%E8%B4%A7%E8%BD%A6.webp HTTP/1.1" 200 54794 "http://cqqizhou.com/" "Mozilla/5.0 (Windows NT 6.1) AppleWebKit/535.11 (KHTML, like Gecko) Chrome/17.0.963.84 Safari/535.11 LBBROWSER"
119.84.246.117 - - [17/Apr/2026:04:53:32 +0800] "GET /wp-content/uploads/2025/07/1753453127-%E4%BD%99%E5%8D%B7product_Single600%C3%97284.webp HTTP/1.1" 200 18744 "http://cqqizhou.com/" "Mozilla/5.0 (Windows NT 6.1) AppleWebKit/535.11 (KHTML, like Gecko) Chrome/17.0.963.84 Safari/535.11 LBBROWSER"
119.84.246.117 - - [17/Apr/2026:04:53:32 +0800] "GET /wp-content/uploads/2026/04/1775865780-1Article_images_W900px.webp HTTP/1.1" 200 41840 "http://cqqizhou.com/" "Mozilla/5.0 (Windows NT 6.1) AppleWebKit/535.11 (KHTML, like Gecko) Chrome/17.0.963.84 Safari/535.11 LBBROWSER"
119.84.246.117 - - [17/Apr/2026:04:53:32 +0800] "GET /wp-content/uploads/2026/04/1775195054-1Article_images_W900px.webp HTTP/1.1" 200 25562 "http://cqqizhou.com/" "Mozilla/5.0 (Windows NT 6.1) AppleWebKit/535.11 (KHTML, like Gecko) Chrome/17.0.963.84 Safari/535.11 LBBROWSER"
119.84.246.117 - - [17/Apr/2026:04:53:32 +0800] "GET /wp-content/uploads/2025/07/1751864664-Logistics800x500_1.webp HTTP/1.1" 200 76914 "http://cqqizhou.com/" "Mozilla/5.0 (Windows NT 6.1) AppleWebKit/535.11 (KHTML, like Gecko) Chrome/17.0.963.84 Safari/535.11 LBBROWSER"
36.133.115.36 - - [17/Apr/2026:05:00:14 +0800] "POST /wp-cron.php?doing_wp_cron=1776373214.8239240646362304687500 HTTP/1.1" 200 31 "-" "WordPress/6.9; http://cqqizhou.com"
170.106.84.136 - - [17/Apr/2026:05:00:14 +0800] "GET /comments/feed HTTP/1.1" 200 703 "-" "Mozilla/5.0 (iPhone; CPU iPhone OS 13_2_3 like Mac OS X) AppleWebKit/605.1.15 (KHTML, like Gecko) Version/13.0.3 Mobile/15E148 Safari/604.1"
118.193.58.125 - - [17/Apr/2026:05:00:21 +0800] "GET / HTTP/1.1" 301 5 "-" "Mozilla/5.0 (Macintosh; Intel Mac OS X 10_15_7) AppleWebKit/537.36 (KHTML, like Gecko) Chrome/120.0.0.0 Safari/537.36 Edg/120.0.0.0"
135.119.112.69 - - [17/Apr/2026:05:00:40 +0800] "GET /manager/html HTTP/1.1" 404 8947 "-" "Mozilla/5.0 zgrab/0.x"
118.193.58.125 - - [17/Apr/2026:05:00:41 +0800] "GET /robots.txt HTTP/1.1" 200 190 "-" "Mozilla/5.0 (Macintosh; Intel Mac OS X 10_15_7) AppleWebKit/537.36 (KHTML, like Gecko) Chrome/120.0.0.0 Safari/537.36 Edg/120.0.0.0"
118.193.58.125 - - [17/Apr/2026:05:00:43 +0800] "GET /sitemap.xml HTTP/1.1" 200 556 "-" "Mozilla/5.0 (Macintosh; Intel Mac OS X 10_15_7) AppleWebKit/537.36 (KHTML, like Gecko) Chrome/120.0.0.0 Safari/537.36 Edg/120.0.0.0"
36.133.108.119 - - [17/Apr/2026:05:21:55 +0800] "HEAD /test6.php HTTP/1.1" 404 0 "-" "Mozilla/5.0 (X11; Linux x86_64) AppleWebKit/537.36 (KHTML, like Gecko) Chrome/41.0.2227.0 Safari/537.36"
122.188.45.37 - - [17/Apr/2026:06:26:26 +0800] "GET /news/2418 HTTP/1.1" 200 27268 "-" "Mozilla/5.0 (Windows NT 10.0; Win64; x64) AppleWebKit/537.36 (KHTML, like Gecko) Chrome/142.0.0.0 Safari/537.36"
122.188.45.37 - - [17/Apr/2026:06:26:27 +0800] "GET /wp-content/uploads/2026/04/1775698332-Article_images_W900px.webp HTTP/1.1" 200 49852 "http://cqqizhou.com/news/2418" "Mozilla/5.0 (Windows NT 10.0; Win64; x64) AppleWebKit/537.36 (KHTML, like Gecko) Chrome/142.0.0.0 Safari/537.36"
122.188.45.37 - - [17/Apr/2026:06:26:27 +0800] "GET /wp-content/uploads/2026/04/1775195054-1Article_images_W900px.webp HTTP/1.1" 200 25562 "http://cqqizhou.com/news/2418" "Mozilla/5.0 (Windows NT 10.0; Win64; x64) AppleWebKit/537.36 (KHTML, like Gecko) Chrome/142.0.0.0 Safari/537.36"
122.188.45.37 - - [17/Apr/2026:06:26:27 +0800] "GET /wp-content/uploads/revslider/slider-1/1750861156-logistics_Slider_3840%C3%972160_20250625191356-scaled-2048x1152.webp HTTP/1.1" 200 121796 "http://cqqizhou.com/news/2418" "Mozilla/5.0 (Windows NT 10.0; Win64; x64) AppleWebKit/537.36 (KHTML, like Gecko) Chrome/142.0.0.0 Safari/537.36"
122.188.45.37 - - [17/Apr/2026:06:26:27 +0800] "GET /wp-content/uploads/2025/07/1751425283-qizhou.kf_.qq_.com_.webp HTTP/1.1" 200 16864 "http://cqqizhou.com/news/2418" "Mozilla/5.0 (Windows NT 10.0; Win64; x64) AppleWebKit/537.36 (KHTML, like Gecko) Chrome/142.0.0.0 Safari/537.36"
122.188.45.37 - - [17/Apr/2026:06:26:27 +0800] "GET /wp-content/uploads/2025/07/1753410289-News2000%C3%97400_202571.webp HTTP/1.1" 200 17830 "http://cqqizhou.com/news/2418" "Mozilla/5.0 (Windows NT 10.0; Win64; x64) AppleWebKit/537.36 (KHTML, like Gecko) Chrome/142.0.0.0 Safari/537.36"
122.188.45.37 - - [17/Apr/2026:06:26:28 +0800] "POST /wp-admin/admin-ajax.php HTTP/1.1" 499 0 "http://cqqizhou.com/news/2418" "Mozilla/5.0 (Windows NT 10.0; Win64; x64) AppleWebKit/537.36 (KHTML, like Gecko) Chrome/142.0.0.0 Safari/537.36"
36.133.115.36 - - [17/Apr/2026:06:26:28 +0800] "POST /wp-cron.php?doing_wp_cron=1776378388.8105618953704833984375 HTTP/1.1" 200 31 "-" "WordPress/6.9; http://cqqizhou.com"
36.133.108.121 - - [17/Apr/2026:06:32:28 +0800] "HEAD /test7.php HTTP/1.1" 404 0 "-" "Mozilla/5.0 (X11; Ubuntu; Linux x86_64; rv:24.0) Gecko/20100101 Firefox/24.0"
36.133.115.36 - - [17/Apr/2026:06:34:04 +0800] "POST /wp-cron.php?doing_wp_cron=1776378844.6852440834045410156250 HTTP/1.1" 200 31 "-" "WordPress/6.9; http://cqqizhou.com"
36.101.160.138 - - [17/Apr/2026:06:34:04 +0800] "GET http://cqqizhou.com/wp-content/uploads/2026/03/1772713922-Article_images_W900px-300x167.webp%20300w,%20http://cqqizhou.com/wp-content/uploads/2026/03/1772713922-Article_images_W900px-768x427.webp%20768w,%20http://cqqizhou.com/wp-content/uploads/2026/03/1772713922-Article_images_W900px.webp%20900w HTTP/1.1" 301 5 "http://cqqizhou.com/" "Mozilla/5.0 (Windows NT 10.0; Win64; x64) AppleWebKit/537.36 (KHTML, like Gecko) Chrome/117.0.0.0 Safari/537.36"
36.101.160.138 - - [17/Apr/2026:06:34:06 +0800] "GET http://cqqizhou.com/wp-content/uploads/2026/03/1772713922-Article_images_W900px-300x167.webp%20300w,%20http:/cqqizhou.com/wp-content/uploads/2026/03/1772713922-Article_images_W900px-768x427.webp%20768w,%20http:/cqqizhou.com/wp-content/uploads/2026/03/1772713922-Article_images_W900px.webp%20900w HTTP/1.1" 404 8949 "http://cqqizhou.com/" "Mozilla/5.0 (Windows NT 10.0; Win64; x64) AppleWebKit/537.36 (KHTML, like Gecko) Chrome/117.0.0.0 Safari/537.36"
124.221.55.134 - - [17/Apr/2026:06:34:07 +0800] "GET /wp-content/uploads/2026/03/1772713922-Article_images_W900px-300x167.webp%20300w,%20http://cqqizhou.com/wp-content/uploads/2026/03/1772713922-Article_images_W900px-768x427.webp%20768w,%20http://cqqizhou.com/wp-content/uploads/2026/03/1772713922-Article_images_W900px.webp%20900w HTTP/1.1" 301 5 "http://cqqizhou.com/" "Mozilla/5.0 (Windows NT 10.0; Win64; x64) AppleWebKit/537.36 (KHTML, like Gecko) Chrome/117.0.0.0 Safari/537.36"
36.133.115.36 - - [17/Apr/2026:06:34:08 +0800] "POST /wp-cron.php?doing_wp_cron=1776378848.1151878833770751953125 HTTP/1.1" 200 31 "-" "WordPress/6.9; http://cqqizhou.com"
124.221.55.134 - - [17/Apr/2026:06:34:08 +0800] "GET /wp-content/uploads/2026/03/1772713922-Article_images_W900px-300x167.webp%20300w,%20http:/cqqizhou.com/wp-content/uploads/2026/03/1772713922-Article_images_W900px-768x427.webp%20768w,%20http:/cqqizhou.com/wp-content/uploads/2026/03/1772713922-Article_images_W900px.webp%20900w HTTP/1.1" 404 8949 "http://cqqizhou.com/" "Mozilla/5.0 (Windows NT 10.0; Win64; x64) AppleWebKit/537.36 (KHTML, like Gecko) Chrome/117.0.0.0 Safari/537.36"
36.133.115.36 - - [17/Apr/2026:06:35:17 +0800] "POST /wp-cron.php?doing_wp_cron=1776378917.1705789566040039062500 HTTP/1.1" 200 31 "-" "WordPress/6.9; http://cqqizhou.com"
198.244.242.155 - - [17/Apr/2026:06:35:17 +0800] "GET /portfolio-tag/pangang/ HTTP/1.1" 404 8949 "-" "Mozilla/5.0 (compatible; AhrefsBot/7.0; +http://ahrefs.com/robot/)"
36.133.115.36 - - [17/Apr/2026:06:37:57 +0800] "POST /wp-cron.php?doing_wp_cron=1776379077.3908081054687500000000 HTTP/1.1" 200 31 "-" "WordPress/6.9; http://cqqizhou.com"
222.93.12.0 - - [17/Apr/2026:06:37:57 +0800] "GET http://cqqizhou.com/wp-content/uploads/2026/02/1772086672-%E5%BC%80%E5%B7%A5%E5%A4%A7%E5%90%89%E5%B0%81%E9%9D%A2%E5%A4%B4%E5%9B%BEArticle_images_W900%C3%97500px-300x167.webp%20300w,%20http://cqqizhou.com/wp-content/uploads/2026/02/1772086672-%E5%BC%80%E5%B7%A5%E5%A4%A7%E5%90%89%E5%B0%81%E9%9D%A2%E5%A4%B4%E5%9B%BEArticle_images_W900%C3%97500px-768x427.webp%20768w,%20http://cqqizhou.com/wp-content/uploads/2026/02/1772086672-%E5%BC%80%E5%B7%A5%E5%A4%A7%E5%90%89%E5%B0%81%E9%9D%A2%E5%A4%B4%E5%9B%BEArticle_images_W900%C3%97500px.webp%20900w HTTP/1.1" 301 5 "http://cqqizhou.com/" "Mozilla/5.0 (Windows NT 10.0; Win64; x64) AppleWebKit/537.36 (KHTML, like Gecko) Chrome/107.0.0.0 Safari/537.36"
222.93.12.0 - - [17/Apr/2026:06:38:00 +0800] "GET http://cqqizhou.com/wp-content/uploads/2026/02/1772086672-%E5%BC%80%E5%B7%A5%E5%A4%A7%E5%90%89%E5%B0%81%E9%9D%A2%E5%A4%B4%E5%9B%BEArticle_images_W900%C3%97500px-300x167.webp%20300w,%20http:/cqqizhou.com/wp-content/uploads/2026/02/1772086672-%E5%BC%80%E5%B7%A5%E5%A4%A7%E5%90%89%E5%B0%81%E9%9D%A2%E5%A4%B4%E5%9B%BEArticle_images_W900%C3%97500px-768x427.webp%20768w,%20http:/cqqizhou.com/wp-content/uploads/2026/02/1772086672-%E5%BC%80%E5%B7%A5%E5%A4%A7%E5%90%89%E5%B0%81%E9%9D%A2%E5%A4%B4%E5%9B%BEArticle_images_W900%C3%97500px.webp%20900w HTTP/1.1" 404 8948 "http://cqqizhou.com/" "Mozilla/5.0 (Windows NT 10.0; Win64; x64) AppleWebKit/537.36 (KHTML, like Gecko) Chrome/107.0.0.0 Safari/537.36"
82.157.2.195 - - [17/Apr/2026:06:38:03 +0800] "GET /wp-content/uploads/2026/02/1772086672-%E5%BC%80%E5%B7%A5%E5%A4%A7%E5%90%89%E5%B0%81%E9%9D%A2%E5%A4%B4%E5%9B%BEArticle_images_W900%C3%97500px-300x167.webp%20300w,%20http://cqqizhou.com/wp-content/uploads/2026/02/1772086672-%E5%BC%80%E5%B7%A5%E5%A4%A7%E5%90%89%E5%B0%81%E9%9D%A2%E5%A4%B4%E5%9B%BEArticle_images_W900%C3%97500px-768x427.webp%20768w,%20http://cqqizhou.com/wp-content/uploads/2026/02/1772086672-%E5%BC%80%E5%B7%A5%E5%A4%A7%E5%90%89%E5%B0%81%E9%9D%A2%E5%A4%B4%E5%9B%BEArticle_images_W900%C3%97500px.webp%20900w HTTP/1.1" 301 5 "http://cqqizhou.com/" "Mozilla/5.0 (Windows NT 10.0; Win64; x64) AppleWebKit/537.36 (KHTML, like Gecko) Chrome/107.0.0.0 Safari/537.36"
82.157.2.195 - - [17/Apr/2026:06:38:04 +0800] "GET /wp-content/uploads/2026/02/1772086672-%E5%BC%80%E5%B7%A5%E5%A4%A7%E5%90%89%E5%B0%81%E9%9D%A2%E5%A4%B4%E5%9B%BEArticle_images_W900%C3%97500px-300x167.webp%20300w,%20http:/cqqizhou.com/wp-content/uploads/2026/02/1772086672-%E5%BC%80%E5%B7%A5%E5%A4%A7%E5%90%89%E5%B0%81%E9%9D%A2%E5%A4%B4%E5%9B%BEArticle_images_W900%C3%97500px-768x427.webp%20768w,%20http:/cqqizhou.com/wp-content/uploads/2026/02/1772086672-%E5%BC%80%E5%B7%A5%E5%A4%A7%E5%90%89%E5%B0%81%E9%9D%A2%E5%A4%B4%E5%9B%BEArticle_images_W900%C3%97500px.webp%20900w HTTP/1.1" 404 8950 "http://cqqizhou.com/" "Mozilla/5.0 (Windows NT 10.0; Win64; x64) AppleWebKit/537.36 (KHTML, like Gecko) Chrome/107.0.0.0 Safari/537.36"
36.133.115.36 - - [17/Apr/2026:06:41:55 +0800] "POST /wp-cron.php?doing_wp_cron=1776379315.7378480434417724609375 HTTP/1.1" 200 31 "-" "WordPress/6.9; http://cqqizhou.com"
121.237.36.31 - - [17/Apr/2026:06:41:55 +0800] "GET / HTTP/1.1" 200 34725 "-" "Mozilla/5.0 (Linux; U; Android 8.0.0; zh-CN; MI 5 Build/OPR1.170623.032) AppleWebKit/537.36 (KHTML, like Gecko) Version/4.0 Chrome/57.0.2987.108 UCBrowser/12.1.0.990 Mobile Safari/537.36"
121.237.36.28 - - [17/Apr/2026:06:42:25 +0800] "GET / HTTP/1.1" 200 35158 "-" "Mozilla/5.0 (Macintosh; Intel Mac OS X 10_11) AppleWebKit/601.1.27 (KHTML, like Gecko) Chrome/47.0.2526.106 Safari/601.1.27"
36.133.115.36 - - [17/Apr/2026:06:43:27 +0800] "POST /wp-cron.php?doing_wp_cron=1776379407.0738940238952636718750 HTTP/1.1" 200 31 "-" "WordPress/6.9; http://cqqizhou.com"
116.132.236.117 - - [17/Apr/2026:06:43:27 +0800] "GET /robots.txt HTTP/1.1" 200 190 "-" "YisouSpider"
36.133.115.36 - - [17/Apr/2026:07:05:48 +0800] "POST /wp-cron.php?doing_wp_cron=1776380748.1231369972229003906250 HTTP/1.1" 200 31 "-" "WordPress/6.9; http://cqqizhou.com"
111.31.150.91 - - [17/Apr/2026:07:05:48 +0800] "GET /company-news/ HTTP/1.1" 301 5 "-" "Mozilla/5.0 (Windows NT 10.0; Win64; x64) AppleWebKit/537.36 (KHTML, like Gecko) Chrome/142.0.0.0 Safari/537.36"
111.31.150.91 - - [17/Apr/2026:07:05:48 +0800] "GET /company-news HTTP/1.1" 200 25863 "-" "Mozilla/5.0 (Windows NT 10.0; Win64; x64) AppleWebKit/537.36 (KHTML, like Gecko) Chrome/142.0.0.0 Safari/537.36"
111.31.150.91 - - [17/Apr/2026:07:05:50 +0800] "POST /wp-admin/admin-ajax.php HTTP/1.1" 499 0 "http://cqqizhou.com/company-news" "Mozilla/5.0 (Windows NT 10.0; Win64; x64) AppleWebKit/537.36 (KHTML, like Gecko) Chrome/142.0.0.0 Safari/537.36"
36.133.115.36 - - [17/Apr/2026:07:16:35 +0800] "POST /wp-cron.php?doing_wp_cron=1776381395.8481869697570800781250 HTTP/1.1" 200 31 "-" "WordPress/6.9; http://cqqizhou.com"
36.133.108.119 - - [17/Apr/2026:07:16:35 +0800] "HEAD /run/.env HTTP/1.1" 404 0 "-" "Mozilla/5.0 (iPad; CPU OS 6_0 like Mac OS X) AppleWebKit/536.26 (KHTML, like Gecko) Version/6.0 Mobile/10A5355d Safari/8536.25"
36.133.108.125 - - [17/Apr/2026:07:31:42 +0800] "HEAD /test8.php HTTP/1.1" 404 0 "-" "Mozilla/4.0 (compatible; MSIE 8.0; Windows NT 6.1; WOW64; Trident/4.0; SLCC2; Media Center PC 6.0; InfoPath.2; MS-RTC LM 8"
182.35.5.95 - - [17/Apr/2026:07:43:18 +0800] "GET /news/2155 HTTP/1.1" 200 28990 "-" "Mozilla/5.0 (Windows NT 10.0; Win64; x64) AppleWebKit/537.36 (KHTML, like Gecko) Chrome/99.0.4844.51 Safari/537.36"
36.133.115.36 - - [17/Apr/2026:07:51:01 +0800] "POST /wp-cron.php?doing_wp_cron=1776383461.1104550361633300781250 HTTP/1.1" 200 31 "-" "WordPress/6.9; http://cqqizhou.com"
121.233.221.209 - - [17/Apr/2026:07:51:01 +0800] "GET /contacts/ HTTP/1.1" 301 5 "-" "Mozilla/5.0 (Windows NT 10.0; Win64; x64) AppleWebKit/537.36 (KHTML, like Gecko) Chrome/136.0.0.0 Safari/537.36"
121.233.221.209 - - [17/Apr/2026:07:51:01 +0800] "GET http://cqqizhou.com/contacts HTTP/1.1" 200 21618 "-" "Mozilla/5.0 (Windows NT 10.0; Win64; x64) AppleWebKit/537.36 (KHTML, like Gecko) Chrome/136.0.0.0 Safari/537.36"
36.133.115.36 - - [17/Apr/2026:07:52:50 +0800] "POST /wp-cron.php?doing_wp_cron=1776383570.8925271034240722656250 HTTP/1.1" 200 31 "-" "WordPress/6.9; http://cqqizhou.com"
43.166.238.12 - - [17/Apr/2026:07:52:50 +0800] "GET / HTTP/1.1" 200 34725 "-" "Mozilla/5.0 (iPhone; CPU iPhone OS 13_2_3 like Mac OS X) AppleWebKit/605.1.15 (KHTML, like Gecko) Version/13.0.3 Mobile/15E148 Safari/604.1"
113.187.187.137 - - [17/Apr/2026:07:56:29 +0800] "GET http://cqqizhou.com/news/portfolio-tag/pangang HTTP/1.1" 200 21042 "-" "Mozilla/5.0 (Windows NT 10.0; Win64; x64; rv:123.0) Gecko/20100101 Firefox/123.0"
186.121.238.234 - - [17/Apr/2026:07:57:12 +0800] "GET http://cqqizhou.com/services/processing HTTP/1.1" 200 23044 "-" "Mozilla/5.0 (Windows NT 10.0; Win64; x64) AppleWebKit/537.36 (KHTML, like Gecko) Chrome/122.0.0.0 Safari/537.36"
14.189.202.154 - - [17/Apr/2026:07:57:25 +0800] "GET http://cqqizhou.com/news/portfolio HTTP/1.1" 200 20687 "-" "Mozilla/5.0 (Windows NT 10.0; Win64; x64; rv:123.0) Gecko/20100101 Firefox/123.0"
14.162.55.238 - - [17/Apr/2026:07:57:43 +0800] "GET http://cqqizhou.com/news/portfolio-tag/ansteel-thyssen HTTP/1.1" 200 22468 "-" "Mozilla/5.0 (Windows NT 10.0; Win64; x64) AppleWebKit/537.36 (KHTML, like Gecko) Chrome/121.0.0.0 Safari/537.36 Edg/121.0.0.0 Trailer/93.3.3695.30"
36.133.115.36 - - [17/Apr/2026:07:57:59 +0800] "POST /wp-cron.php?doing_wp_cron=1776383879.8178899288177490234375 HTTP/1.1" 200 31 "-" "WordPress/6.9; http://cqqizhou.com"
207.204.103.4 - - [17/Apr/2026:07:57:59 +0800] "GET http://cqqizhou.com/company-news/page/1 HTTP/1.1" 301 5 "-" "Mozilla/5.0 (Windows NT 10.0; Win64; x64) AppleWebKit/537.36 (KHTML, like Gecko) Chrome/122.0.0.0 Safari/537.36"
36.133.115.36 - - [17/Apr/2026:07:58:11 +0800] "POST /wp-cron.php?doing_wp_cron=1776383891.3007500171661376953125 HTTP/1.1" 200 31 "-" "WordPress/6.9; http://cqqizhou.com"
113.171.211.32 - - [17/Apr/2026:07:58:11 +0800] "GET http://cqqizhou.com/news/portfolio/pickled-coil HTTP/1.1" 200 18773 "-" "Mozilla/5.0 (Linux; Android 10; K) AppleWebKit/537.36 (KHTML, like Gecko) Chrome/122.0.0.0 Mobile Safari/537.36"
36.133.115.36 - - [17/Apr/2026:08:08:30 +0800] "POST /wp-cron.php?doing_wp_cron=1776384510.3873178958892822265625 HTTP/1.1" 200 31 "-" "WordPress/6.9; http://cqqizhou.com"
119.185.11.245 - - [17/Apr/2026:08:08:30 +0800] "GET /contacts/ HTTP/1.1" 301 5 "-" "Mozilla/5.0 (Windows NT 10.0; Win64; x64) AppleWebKit/537.36 (KHTML, like Gecko) Chrome/136.0.0.0 Safari/537.36"
119.185.11.245 - - [17/Apr/2026:08:08:30 +0800] "GET http://cqqizhou.com/contacts HTTP/1.1" 200 21618 "-" "Mozilla/5.0 (Windows NT 10.0; Win64; x64) AppleWebKit/537.36 (KHTML, like Gecko) Chrome/136.0.0.0 Safari/537.36"
36.133.115.36 - - [17/Apr/2026:08:14:17 +0800] "POST /wp-cron.php?doing_wp_cron=1776384857.6465020179748535156250 HTTP/1.1" 200 31 "-" "WordPress/6.9; http://cqqizhou.com"
110.249.202.198 - - [17/Apr/2026:08:14:17 +0800] "GET /robots.txt HTTP/1.1" 200 190 "-" "Mozilla/5.0 (Linux; Android 5.0) AppleWebKit/537.36 (KHTML, like Gecko) Mobile Safari/537.36 (compatible; Bytespider; https://zhanzhang.toutiao.com/)"
36.133.115.36 - - [17/Apr/2026:08:15:26 +0800] "POST /wp-cron.php?doing_wp_cron=1776384926.6091430187225341796875 HTTP/1.1" 200 31 "-" "WordPress/6.9; http://cqqizhou.com"
43.167.245.18 - - [17/Apr/2026:08:15:26 +0800] "GET /news/portfolio/hot-dip-galvanized-coil HTTP/1.1" 200 18919 "-" "Mozilla/5.0 (iPhone; CPU iPhone OS 13_2_3 like Mac OS X) AppleWebKit/605.1.15 (KHTML, like Gecko) Version/13.0.3 Mobile/15E148 Safari/604.1"
36.133.108.125 - - [17/Apr/2026:08:15:39 +0800] "HEAD /test9.php HTTP/1.1" 404 0 "-" "Mozilla/5.0 (compatible; MSIE 9.0; Windows NT 6.1; Trident/5.0; yie8)"
36.133.115.36 - - [17/Apr/2026:08:17:09 +0800] "POST /wp-cron.php?doing_wp_cron=1776385029.2627720832824707031250 HTTP/1.1" 200 31 "-" "WordPress/6.9; http://cqqizhou.com"
198.244.168.162 - - [17/Apr/2026:08:17:09 +0800] "GET /robots.txt HTTP/1.1" 200 190 "-" "Mozilla/5.0 (compatible; AhrefsBot/7.0; +http://ahrefs.com/robot/)"
51.195.183.60 - - [17/Apr/2026:08:17:10 +0800] "GET /news/2159 HTTP/1.1" 200 28712 "-" "Mozilla/5.0 (compatible; AhrefsBot/7.0; +http://ahrefs.com/robot/)"
36.133.115.36 - - [17/Apr/2026:08:31:26 +0800] "POST /wp-cron.php?doing_wp_cron=1776385886.5745251178741455078125 HTTP/1.1" 200 31 "-" "WordPress/6.9; http://cqqizhou.com"
216.180.246.124 - - [17/Apr/2026:08:31:26 +0800] "GET / HTTP/1.0" 301 0 "-" "Mozilla/5.0 (compatible; GenomeCrawlerd/1.0; +https://www.nokia.com/genomecrawler)"
216.180.246.124 - - [17/Apr/2026:08:32:02 +0800] "GET / HTTP/1.0" 301 0 "-" "Mozilla/5.0 (compatible; GenomeCrawlerd/1.0; +https://www.nokia.com/genomecrawler)"
36.133.115.36 - - [17/Apr/2026:08:32:43 +0800] "POST /wp-cron.php?doing_wp_cron=1776385963.0906820297241210937500 HTTP/1.1" 200 31 "-" "WordPress/6.9; http://cqqizhou.com"
216.180.246.124 - - [17/Apr/2026:08:32:43 +0800] "GET / HTTP/1.0" 301 0 "-" "Mozilla/5.0 (compatible; GenomeCrawlerd/1.0; +https://www.nokia.com/genomecrawler)"
36.133.115.36 - - [17/Apr/2026:08:33:22 +0800] "POST /wp-cron.php?doing_wp_cron=1776386002.6559269428253173828125 HTTP/1.1" 200 31 "-" "WordPress/6.9; http://cqqizhou.com"
216.180.246.124 - - [17/Apr/2026:08:33:22 +0800] "GET / HTTP/1.0" 301 0 "-" "Mozilla/5.0 (compatible; GenomeCrawlerd/1.0; +https://www.nokia.com/genomecrawler)"
36.133.115.36 - - [17/Apr/2026:08:35:08 +0800] "POST /wp-cron.php?doing_wp_cron=1776386108.4051361083984375000000 HTTP/1.1" 200 31 "-" "WordPress/6.9; http://cqqizhou.com"
216.180.246.124 - - [17/Apr/2026:08:35:08 +0800] "GET / HTTP/1.1" 301 5 "-" "Mozilla/5.0 (compatible; GenomeCrawlerd/1.0; +https://www.nokia.com/genomecrawler)"
36.133.108.121 - - [17/Apr/2026:08:38:26 +0800] "HEAD /test_info.php HTTP/1.1" 404 0 "-" "Mozilla/5.0 (X11; Ubuntu; Linux x86_64; rv:24.0) Gecko/20100101 Firefox/24.0"
36.133.115.36 - - [17/Apr/2026:08:46:26 +0800] "POST /wp-cron.php?doing_wp_cron=1776386786.3060500621795654296875 HTTP/1.1" 200 31 "-" "WordPress/6.9; http://cqqizhou.com"
43.153.10.13 - - [17/Apr/2026:08:46:26 +0800] "GET /news/portfolio-category/remaining-rolls HTTP/1.1" 200 17694 "-" "Mozilla/5.0 (iPhone; CPU iPhone OS 13_2_3 like Mac OS X) AppleWebKit/605.1.15 (KHTML, like Gecko) Version/13.0.3 Mobile/15E148 Safari/604.1"
104.253.168.175 - - [17/Apr/2026:09:06:23 +0800] "GET /wp-content/uploads/2026/01/1768280270-anquan_Slider_3840%C3%972160_20260114-scaled.webp HTTP/1.1" 200 198126 "-" "Mozilla/5.0 (compatible; crawler)"
36.133.115.36 - - [17/Apr/2026:09:10:21 +0800] "POST /wp-cron.php?doing_wp_cron=1776388221.6476659774780273437500 HTTP/1.1" 200 31 "-" "WordPress/6.9; http://cqqizhou.com"
121.229.185.160 - - [17/Apr/2026:09:10:21 +0800] "GET / HTTP/1.1" 200 34726 "-" "Mozilla/5.0 (iPhone; CPU iPhone OS 13_2_3 like Mac OS X) AppleWebKit/605.1.15 (KHTML, like Gecko) Version/13.0.3 Mobile/15E148 Safari/604.1"
36.133.115.36 - - [17/Apr/2026:09:26:41 +0800] "POST /wp-cron.php?doing_wp_cron=1776389201.1025180816650390625000 HTTP/1.1" 200 31 "-" "WordPress/6.9; http://cqqizhou.com"
36.133.108.121 - - [17/Apr/2026:09:26:41 +0800] "HEAD /rust-backend/.env HTTP/1.1" 404 0 "-" "Mozilla/5.0 (iPad; U; CPU OS 3_2 like Mac OS X; en-us) AppleWebKit/531.21.10 (KHTML, like Gecko) Version/4.0.4 Mobile/7B334b Safari/531.21.10"
36.133.108.119 - - [17/Apr/2026:09:35:14 +0800] "HEAD /test_info1.php HTTP/1.1" 404 0 "-" "Mozilla/5.0 (iPad; CPU OS 6_0 like Mac OS X) AppleWebKit/536.26 (KHTML, like Gecko) Version/6.0 Mobile/10A5355d Safari/8536.25"
36.133.115.36 - - [17/Apr/2026:09:37:02 +0800] "POST /wp-cron.php?doing_wp_cron=1776389822.2393510341644287109375 HTTP/1.1" 200 31 "-" "WordPress/6.9; http://cqqizhou.com"
43.131.32.36 - - [17/Apr/2026:09:37:02 +0800] "GET /news/2534 HTTP/1.1" 200 20136 "-" "Mozilla/5.0 (iPhone; CPU iPhone OS 13_2_3 like Mac OS X) AppleWebKit/605.1.15 (KHTML, like Gecko) Version/13.0.3 Mobile/15E148 Safari/604.1"
36.133.115.36 - - [17/Apr/2026:09:40:21 +0800] "POST /wp-cron.php?doing_wp_cron=1776390021.1944870948791503906250 HTTP/1.1" 200 31 "-" "WordPress/6.9; http://cqqizhou.com"
43.166.244.192 - - [17/Apr/2026:09:40:21 +0800] "GET / HTTP/1.1" 200 34726 "-" "Mozilla/5.0 (iPhone; CPU iPhone OS 13_2_3 like Mac OS X) AppleWebKit/605.1.15 (KHTML, like Gecko) Version/13.0.3 Mobile/15E148 Safari/604.1"
36.133.115.36 - - [17/Apr/2026:09:47:43 +0800] "POST /wp-cron.php?doing_wp_cron=1776390463.2128438949584960937500 HTTP/1.1" 200 31 "-" "WordPress/6.9; http://cqqizhou.com"
43.165.189.206 - - [17/Apr/2026:09:47:43 +0800] "GET /news/2547 HTTP/1.1" 200 20621 "-" "Mozilla/5.0 (iPhone; CPU iPhone OS 13_2_3 like Mac OS X) AppleWebKit/605.1.15 (KHTML, like Gecko) Version/13.0.3 Mobile/15E148 Safari/604.1"
36.133.115.36 - - [17/Apr/2026:09:54:59 +0800] "POST /wp-cron.php?doing_wp_cron=1776390899.0835039615631103515625 HTTP/1.1" 200 31 "-" "WordPress/6.9; http://cqqizhou.com"
114.119.128.233 - - [17/Apr/2026:09:54:59 +0800] "GET /wp-sitemap.xml HTTP/1.1" 501 253 "-" "Mozilla/5.0 (Linux; Android 7.0;) AppleWebKit/537.36 (KHTML, like Gecko) Mobile Safari/537.36 (compatible; PetalBot;+https://webmaster.petalsearch.com/site/petalbot)"
36.133.115.36 - - [17/Apr/2026:09:55:31 +0800] "POST /wp-cron.php?doing_wp_cron=1776390930.9849588871002197265625 HTTP/1.1" 200 31 "-" "WordPress/6.9; http://cqqizhou.com"
36.133.108.121 - - [17/Apr/2026:09:55:31 +0800] "HEAD /__debug__ HTTP/1.1" 404 0 "-" "Mozilla/5.0 (Macintosh; U; Intel Mac OS X 10_6_7; en-us) AppleWebKit/534.16+ (KHTML, like Gecko) Version/5.0.3 Safari/533.19.4"
36.133.115.36 - - [17/Apr/2026:09:56:36 +0800] "POST /wp-cron.php?doing_wp_cron=1776390996.6053800582885742187500 HTTP/1.1" 200 31 "-" "WordPress/6.9; http://cqqizhou.com"
187.63.239.195 - - [17/Apr/2026:09:56:36 +0800] "GET / HTTP/1.1" 301 5 "-" "Go-http-client/1.1"
187.63.239.195 - - [17/Apr/2026:09:56:38 +0800] "GET / HTTP/1.1" 200 35158 "http://36.133.115.36" "Go-http-client/1.1"
42.83.147.55 - - [17/Apr/2026:10:12:21 +0800] "GET / HTTP/1.1" 200 35158 "-" "Mozilla/5.0 (Windows NT 6.1; Win64; x64) AppleWebKit/537.36 (KHTML, like Gecko)Chrome/74.0.3729.169 Safari/537.36"
36.133.115.36 - - [17/Apr/2026:10:13:48 +0800] "POST /wp-cron.php?doing_wp_cron=1776392028.6798560619354248046875 HTTP/1.1" 200 31 "-" "WordPress/6.9; http://cqqizhou.com"
114.119.158.146 - - [17/Apr/2026:10:13:48 +0800] "GET /wp-sitemap.xml HTTP/1.1" 501 253 "-" "Mozilla/5.0 (Linux; Android 7.0;) AppleWebKit/537.36 (KHTML, like Gecko) Mobile Safari/537.36 (compatible; PetalBot;+https://webmaster.petalsearch.com/site/petalbot)"
150.109.230.210 - - [17/Apr/2026:10:15:55 +0800] "GET /wp-content/uploads/2025/07/1751864664-Logistics800x500_1-768x480.webp HTTP/1.1" 200 83946 "-" "Mozilla/5.0 (iPhone; CPU iPhone OS 13_2_3 like Mac OS X) AppleWebKit/605.1.15 (KHTML, like Gecko) Version/13.0.3 Mobile/15E148 Safari/604.1"
36.133.115.36 - - [17/Apr/2026:10:20:43 +0800] "POST /wp-cron.php?doing_wp_cron=1776392443.8662450313568115234375 HTTP/1.1" 200 31 "-" "WordPress/6.9; http://cqqizhou.com"
36.64.14.250 - - [17/Apr/2026:10:20:44 +0800] "GET / HTTP/1.1" 200 156922 "-" "Mozilla/5.0 (Macintosh; Intel Mac OS X 10_11_6) AppleWebKit/601.7.7 (KHTML, like Gecko) Version/9.1.2 Safari/601.7.7"
223.91.95.62 - - [17/Apr/2026:10:28:59 +0800] "GET / HTTP/1.1" 200 35158 "-" "Mozilla/5.0 (Windows NT 6.2) AppleWebKit/537.36 (KHTML, like Gecko) Chrome/83.0.4103.14"
36.133.115.36 - - [17/Apr/2026:10:29:03 +0800] "POST /wp-cron.php?doing_wp_cron=1776392943.4200611114501953125000 HTTP/1.1" 200 31 "-" "WordPress/6.9; http://cqqizhou.com"
120.43.103.212 - - [17/Apr/2026:10:29:03 +0800] "GET / HTTP/1.1" 301 5 "-" "Mozilla/5.0 (Windows NT 6.2; WOW64) AppleWebKit/537.36 (KHTML, like Gecko) Chrome/75.0.3770.140"
120.43.103.212 - - [17/Apr/2026:10:29:03 +0800] "GET http://cqqizhou.com/ HTTP/1.1" 200 35158 "-" "Mozilla/5.0 (Windows NT 6.2; WOW64) AppleWebKit/537.36 (KHTML, like Gecko) Chrome/75.0.3770.140"
36.133.115.36 - - [17/Apr/2026:10:36:52 +0800] "POST /wp-cron.php?doing_wp_cron=1776393412.3292291164398193359375 HTTP/1.1" 200 31 "-" "WordPress/6.9; http://cqqizhou.com"
129.226.213.145 - - [17/Apr/2026:10:36:52 +0800] "GET /news/tag/%e5%8d%9a%e8%81%94%e8%be%be HTTP/1.1" 200 18303 "-" "Mozilla/5.0 (iPhone; CPU iPhone OS 13_2_3 like Mac OS X) AppleWebKit/605.1.15 (KHTML, like Gecko) Version/13.0.3 Mobile/15E148 Safari/604.1"
36.133.108.125 - - [17/Apr/2026:10:39:21 +0800] "HEAD /test_info2.php HTTP/1.1" 404 0 "-" "Mozilla/5.0 (compatible; MSIE 9.0; Windows NT 6.1; Trident/5.0; yie8)"
36.133.115.36 - - [17/Apr/2026:10:47:16 +0800] "POST /wp-cron.php?doing_wp_cron=1776394036.9227728843688964843750 HTTP/1.1" 200 31 "-" "WordPress/6.9; http://cqqizhou.com"
43.130.9.111 - - [17/Apr/2026:10:47:16 +0800] "GET /news/2496 HTTP/1.1" 200 23923 "-" "Mozilla/5.0 (iPhone; CPU iPhone OS 13_2_3 like Mac OS X) AppleWebKit/605.1.15 (KHTML, like Gecko) Version/13.0.3 Mobile/15E148 Safari/604.1"
223.115.224.5 - - [17/Apr/2026:10:59:02 +0800] "GET http://cqqizhou.com/wp-content/uploads/2025/07/1750945616-honor300%C3%97206_4.webp HTTP/1.1" 200 33814 "http://cqqizhou.com/" "Mozilla/5.0 (Windows NT 10.0; Win64; x64) AppleWebKit/537.36 (KHTML, like Gecko) Chrome/104.0.5112.81 Safari/537.36"
198.244.240.156 - - [17/Apr/2026:11:04:57 +0800] "GET /services HTTP/1.1" 200 31707 "-" "Mozilla/5.0 (compatible; AhrefsBot/7.0; +http://ahrefs.com/robot/)"
36.133.115.36 - - [17/Apr/2026:11:05:31 +0800] "POST /wp-cron.php?doing_wp_cron=1776395131.0422430038452148437500 HTTP/1.1" 200 31 "-" "WordPress/6.9; http://cqqizhou.com"
43.163.104.54 - - [17/Apr/2026:11:05:31 +0800] "GET / HTTP/1.1" 301 5 "-" "Mozilla/5.0 (iPhone; CPU iPhone OS 13_2_3 like Mac OS X) AppleWebKit/605.1.15 (KHTML, like Gecko) Version/13.0.3 Mobile/15E148 Safari/604.1"
43.163.104.54 - - [17/Apr/2026:11:05:33 +0800] "GET / HTTP/1.1" 200 34726 "http://www.cqqizhou.com" "Mozilla/5.0 (iPhone; CPU iPhone OS 13_2_3 like Mac OS X) AppleWebKit/605.1.15 (KHTML, like Gecko) Version/13.0.3 Mobile/15E148 Safari/604.1"
198.244.242.52 - - [17/Apr/2026:11:09:10 +0800] "GET /wp-content/uploads/2025/12/1764853155-ISO2-214x300.webp HTTP/1.1" 200 12682 "-" "Mozilla/5.0 (compatible; AhrefsBot/7.0; +http://ahrefs.com/robot/)"
198.244.242.142 - - [17/Apr/2026:11:09:11 +0800] "GET /wp-content/uploads/2025/12/1764853152-ISO1-214x300.webp HTTP/1.1" 200 13812 "-" "Mozilla/5.0 (compatible; AhrefsBot/7.0; +http://ahrefs.com/robot/)"
51.195.215.242 - - [17/Apr/2026:11:09:28 +0800] "GET /wp-content/uploads/2025/12/1764853157-ISO3-214x300.webp HTTP/1.1" 200 13896 "-" "Mozilla/5.0 (compatible; AhrefsBot/7.0; +http://ahrefs.com/robot/)"
51.195.183.37 - - [17/Apr/2026:11:09:40 +0800] "GET /wp-content/uploads/2025/07/1751829518-Precision-processing-services800x500.webp HTTP/1.1" 200 28964 "-" "Mozilla/5.0 (compatible; AhrefsBot/7.0; +http://ahrefs.com/robot/)"
36.133.115.36 - - [17/Apr/2026:11:10:21 +0800] "POST /wp-cron.php?doing_wp_cron=1776395421.5243310928344726562500 HTTP/1.1" 200 31 "-" "WordPress/6.9; http://cqqizhou.com"
114.119.139.25 - - [17/Apr/2026:11:10:21 +0800] "GET /wp-sitemap.xml HTTP/1.1" 501 253 "-" "Mozilla/5.0 (Linux; Android 7.0;) AppleWebKit/537.36 (KHTML, like Gecko) Mobile Safari/537.36 (compatible; PetalBot;+https://webmaster.petalsearch.com/site/petalbot)"
