120.245.122.183 - - [17/Apr/2026:14:25:04 +0800] "GET http://cqqizhou.com/wp-content/uploads/2025/07/1750945637-honor300%C3%97206_5.webp HTTP/1.1" 200 77368 "http://cqqizhou.com/" "Mozilla/5.0 (Windows NT 10.0; Win64; x64) AppleWebKit/537.36 (KHTML, like Gecko) Chrome/116.0.0.0 Safari/537.36"
36.133.115.36 - - [17/Apr/2026:14:36:11 +0800] "POST /wp-cron.php?doing_wp_cron=1776407771.5679199695587158203125 HTTP/1.1" 200 31 "-" "WordPress/6.9; http://cqqizhou.com"
195.201.203.147 - - [17/Apr/2026:14:36:11 +0800] "GET /wp-login.php HTTP/1.1" 200 2853 "https://duckduckgo.com/" "Mozilla/5.0 (Windows NT 11.0; Win64; x64) AppleWebKit/537.36 (KHTML, like Gecko) Chrome/120.0.0.0 Safari/537.36"
195.201.203.147 - - [17/Apr/2026:14:36:14 +0800] "POST /wp-login.php HTTP/1.1" 200 3052 "http://cqqizhou.com/wp-login.php" "Mozilla/5.0 (Macintosh; Intel Mac OS X 13_6_1) AppleWebKit/605.1.15 (KHTML, like Gecko) Version/17.0 Safari/605.1.15"
195.201.203.147 - - [17/Apr/2026:14:36:17 +0800] "POST /wp-login.php HTTP/1.1" 200 3061 "http://cqqizhou.com/wp-login.php" "Mozilla/5.0 (Windows NT 10.0; Win64; x64) AppleWebKit/537.36 (KHTML, like Gecko) Chrome/121.0.0.0 Safari/537.36"
195.201.203.147 - - [17/Apr/2026:14:36:19 +0800] "POST /wp-login.php HTTP/1.1" 200 3058 "http://cqqizhou.com/wp-login.php" "Mozilla/5.0 (Macintosh; Intel Mac OS X 10_15_7; rv:121.0) Gecko/20100101 Firefox/121.0"
195.201.203.147 - - [17/Apr/2026:14:36:22 +0800] "POST /wp-login.php HTTP/1.1" 200 3055 "http://cqqizhou.com/wp-login.php" "Mozilla/5.0 (Windows NT 10.0; Win64; x64; rv:118.0) Gecko/20100101 Firefox/118.0"
195.201.203.147 - - [17/Apr/2026:14:36:24 +0800] "POST /wp-login.php HTTP/1.1" 200 3056 "http://cqqizhou.com/wp-login.php" "Mozilla/5.0 (Macintosh; Intel Mac OS X 13_6_1) AppleWebKit/605.1.15 (KHTML, like Gecko) Version/16.6 Safari/605.1.15"
195.201.203.147 - - [17/Apr/2026:14:36:26 +0800] "POST /wp-login.php HTTP/1.1" 200 3054 "http://cqqizhou.com/wp-login.php" "Mozilla/5.0 (Macintosh; Intel Mac OS X 10_15_7) AppleWebKit/537.36 (KHTML, like Gecko) Chrome/118.0.0.0 Safari/537.36"
195.201.203.147 - - [17/Apr/2026:14:36:29 +0800] "POST /wp-login.php HTTP/1.1" 200 3054 "http://cqqizhou.com/wp-login.php" "Mozilla/5.0 (Windows NT 11.0; Win64; x64; rv:120.0) Gecko/20100101 Firefox/120.0"
195.201.203.147 - - [17/Apr/2026:14:36:31 +0800] "POST /wp-login.php HTTP/1.1" 200 3059 "http://cqqizhou.com/wp-login.php" "Mozilla/5.0 (Macintosh; Intel Mac OS X 13_6_1) AppleWebKit/537.36 (KHTML, like Gecko) Chrome/120.0.0.0 Safari/537.36"
195.201.203.147 - - [17/Apr/2026:14:36:34 +0800] "POST /wp-login.php HTTP/1.1" 200 3058 "http://cqqizhou.com/wp-login.php" "Mozilla/5.0 (Macintosh; Intel Mac OS X 13_6_1) AppleWebKit/605.1.15 (KHTML, like Gecko) Version/17.2 Safari/605.1.15"
195.201.203.147 - - [17/Apr/2026:14:36:36 +0800] "POST /wp-login.php HTTP/1.1" 200 3056 "http://cqqizhou.com/wp-login.php" "Mozilla/5.0 (Macintosh; Intel Mac OS X 13_6_1; rv:121.0) Gecko/20100101 Firefox/121.0"
195.201.203.147 - - [17/Apr/2026:14:36:38 +0800] "POST /wp-login.php HTTP/1.1" 200 3055 "http://cqqizhou.com/wp-login.php" "Mozilla/5.0 (Macintosh; Intel Mac OS X 10_15_7; rv:118.0) Gecko/20100101 Firefox/118.0"
195.201.203.147 - - [17/Apr/2026:14:36:41 +0800] "POST /wp-login.php HTTP/1.1" 200 3053 "http://cqqizhou.com/wp-login.php" "Mozilla/5.0 (Windows NT 11.0; Win64; x64; rv:119.0) Gecko/20100101 Firefox/119.0"
195.201.203.147 - - [17/Apr/2026:14:36:44 +0800] "POST /wp-login.php HTTP/1.1" 200 3057 "http://cqqizhou.com/wp-login.php" "Mozilla/5.0 (X11; Ubuntu; Linux x86_64) AppleWebKit/537.36 (KHTML, like Gecko) Chrome/119.0.0.0 Safari/537.36"
195.201.203.147 - - [17/Apr/2026:14:36:46 +0800] "POST /wp-login.php HTTP/1.1" 200 3056 "http://cqqizhou.com/wp-login.php" "Mozilla/5.0 (Macintosh; Intel Mac OS X 13_6_1) AppleWebKit/605.1.15 (KHTML, like Gecko) Version/16.6 Safari/605.1.15"
195.201.203.147 - - [17/Apr/2026:14:36:48 +0800] "POST /wp-login.php HTTP/1.1" 200 3055 "http://cqqizhou.com/wp-login.php" "Mozilla/5.0 (X11; Linux x86_64) AppleWebKit/537.36 (KHTML, like Gecko) Chrome/120.0.0.0 Safari/537.36"
195.201.203.147 - - [17/Apr/2026:14:36:51 +0800] "POST /wp-login.php HTTP/1.1" 200 3057 "http://cqqizhou.com/wp-login.php" "Mozilla/5.0 (Macintosh; Intel Mac OS X 10_15_7) AppleWebKit/605.1.15 (KHTML, like Gecko) Version/17.2 Safari/605.1.15"
195.201.203.147 - - [17/Apr/2026:14:36:54 +0800] "POST /wp-login.php HTTP/1.1" 200 3058 "http://cqqizhou.com/wp-login.php" "Mozilla/5.0 (Macintosh; Intel Mac OS X 13_6_1; rv:119.0) Gecko/20100101 Firefox/119.0"
195.201.203.147 - - [17/Apr/2026:14:36:56 +0800] "POST /wp-login.php HTTP/1.1" 200 3054 "http://cqqizhou.com/wp-login.php" "Mozilla/5.0 (X11; Linux x86_64) AppleWebKit/537.36 (KHTML, like Gecko) Chrome/121.0.0.0 Safari/537.36"
195.201.203.147 - - [17/Apr/2026:14:36:59 +0800] "POST /wp-login.php HTTP/1.1" 200 3058 "http://cqqizhou.com/wp-login.php" "Mozilla/5.0 (Windows NT 10.0; Win64; x64; rv:121.0) Gecko/20100101 Firefox/121.0"
195.201.203.147 - - [17/Apr/2026:14:37:01 +0800] "POST /wp-login.php HTTP/1.1" 200 3056 "http://cqqizhou.com/wp-login.php" "Mozilla/5.0 (Windows NT 10.0; Win64; x64; rv:118.0) Gecko/20100101 Firefox/118.0"
195.201.203.147 - - [17/Apr/2026:14:37:04 +0800] "POST /wp-login.php HTTP/1.1" 200 3056 "http://cqqizhou.com/wp-login.php" "Mozilla/5.0 (Macintosh; Intel Mac OS X 13_6_1; rv:119.0) Gecko/20100101 Firefox/119.0"
195.201.203.147 - - [17/Apr/2026:14:37:06 +0800] "POST /wp-login.php HTTP/1.1" 200 3056 "http://cqqizhou.com/wp-login.php" "Mozilla/5.0 (Windows NT 10.0; Win64; x64) AppleWebKit/537.36 (KHTML, like Gecko) Chrome/120.0.0.0 Safari/537.36"
36.133.115.36 - - [17/Apr/2026:14:37:09 +0800] "POST /wp-cron.php?doing_wp_cron=1776407829.2351970672607421875000 HTTP/1.1" 200 31 "-" "WordPress/6.9; http://cqqizhou.com"
195.201.203.147 - - [17/Apr/2026:14:37:09 +0800] "POST /wp-login.php HTTP/1.1" 200 3055 "http://cqqizhou.com/wp-login.php" "Mozilla/5.0 (X11; Linux x86_64) AppleWebKit/537.36 (KHTML, like Gecko) Chrome/119.0.0.0 Safari/537.36"
195.201.203.147 - - [17/Apr/2026:14:37:11 +0800] "POST /wp-login.php HTTP/1.1" 200 3002 "http://cqqizhou.com/wp-login.php" "Mozilla/5.0 (Macintosh; Intel Mac OS X 10_15_7; rv:119.0) Gecko/20100101 Firefox/119.0"
195.201.203.147 - - [17/Apr/2026:14:37:15 +0800] "POST /wp-login.php HTTP/1.1" 200 3053 "http://cqqizhou.com/wp-login.php" "Mozilla/5.0 (Macintosh; Intel Mac OS X 10_15_7; rv:121.0) Gecko/20100101 Firefox/121.0"
195.201.203.147 - - [17/Apr/2026:14:37:18 +0800] "POST /wp-login.php HTTP/1.1" 200 3057 "http://cqqizhou.com/wp-login.php" "Mozilla/5.0 (X11; Ubuntu; Linux x86_64) AppleWebKit/537.36 (KHTML, like Gecko) Chrome/119.0.0.0 Safari/537.36"
195.201.203.147 - - [17/Apr/2026:14:37:20 +0800] "POST /wp-login.php HTTP/1.1" 200 3053 "http://cqqizhou.com/wp-login.php" "Mozilla/5.0 (Macintosh; Intel Mac OS X 10_15_7) AppleWebKit/605.1.15 (KHTML, like Gecko) Version/17.2 Safari/605.1.15"
195.201.203.147 - - [17/Apr/2026:14:37:23 +0800] "POST /wp-login.php HTTP/1.1" 200 3051 "http://cqqizhou.com/wp-login.php" "Mozilla/5.0 (Windows NT 10.0; Win64; x64) AppleWebKit/537.36 (KHTML, like Gecko) Chrome/118.0.0.0 Safari/537.36"
195.201.203.147 - - [17/Apr/2026:14:37:25 +0800] "POST /wp-login.php HTTP/1.1" 200 3055 "http://cqqizhou.com/wp-login.php" "Mozilla/5.0 (Macintosh; Intel Mac OS X 13_6_1; rv:121.0) Gecko/20100101 Firefox/121.0"
195.201.203.147 - - [17/Apr/2026:14:37:28 +0800] "POST /wp-login.php HTTP/1.1" 200 3058 "http://cqqizhou.com/wp-login.php" "Mozilla/5.0 (Macintosh; Intel Mac OS X 13_6_1) AppleWebKit/537.36 (KHTML, like Gecko) Chrome/119.0.0.0 Safari/537.36"
195.201.203.147 - - [17/Apr/2026:14:37:30 +0800] "POST /wp-login.php HTTP/1.1" 200 3053 "http://cqqizhou.com/wp-login.php" "Mozilla/5.0 (Macintosh; Intel Mac OS X 10_15_7) AppleWebKit/537.36 (KHTML, like Gecko) Chrome/118.0.0.0 Safari/537.36"
195.201.203.147 - - [17/Apr/2026:14:37:33 +0800] "POST /wp-login.php HTTP/1.1" 200 3059 "http://cqqizhou.com/wp-login.php" "Mozilla/5.0 (Macintosh; Intel Mac OS X 13_6_1) AppleWebKit/605.1.15 (KHTML, like Gecko) Version/16.6 Safari/605.1.15"
195.201.203.147 - - [17/Apr/2026:14:37:35 +0800] "POST /wp-login.php HTTP/1.1" 200 3002 "http://cqqizhou.com/wp-login.php" "Mozilla/5.0 (Windows NT 10.0; Win64; x64) AppleWebKit/537.36 (KHTML, like Gecko) Chrome/119.0.0.0 Safari/537.36"
195.201.203.147 - - [17/Apr/2026:14:37:38 +0800] "POST /wp-login.php HTTP/1.1" 200 3058 "http://cqqizhou.com/wp-login.php" "Mozilla/5.0 (Macintosh; Intel Mac OS X 10_15_7) AppleWebKit/605.1.15 (KHTML, like Gecko) Version/17.2 Safari/605.1.15"
195.201.203.147 - - [17/Apr/2026:14:37:41 +0800] "POST /wp-login.php HTTP/1.1" 200 3060 "http://cqqizhou.com/wp-login.php" "Mozilla/5.0 (Macintosh; Intel Mac OS X 13_6_1) AppleWebKit/605.1.15 (KHTML, like Gecko) Version/17.2 Safari/605.1.15"
195.201.203.147 - - [17/Apr/2026:14:37:44 +0800] "POST /wp-login.php HTTP/1.1" 200 3062 "http://cqqizhou.com/wp-login.php" "Mozilla/5.0 (Windows NT 10.0; Win64; x64; rv:120.0) Gecko/20100101 Firefox/120.0"
195.201.203.147 - - [17/Apr/2026:14:37:46 +0800] "POST /wp-login.php HTTP/1.1" 200 3062 "http://cqqizhou.com/wp-login.php" "Mozilla/5.0 (Windows NT 11.0; Win64; x64) AppleWebKit/537.36 (KHTML, like Gecko) Chrome/119.0.0.0 Safari/537.36"
195.201.203.147 - - [17/Apr/2026:14:37:49 +0800] "POST /wp-login.php HTTP/1.1" 200 3055 "http://cqqizhou.com/wp-login.php" "Mozilla/5.0 (Macintosh; Intel Mac OS X 10_15_7) AppleWebKit/605.1.15 (KHTML, like Gecko) Version/17.2 Safari/605.1.15"
195.201.203.147 - - [17/Apr/2026:14:37:52 +0800] "POST /wp-login.php HTTP/1.1" 200 3054 "http://cqqizhou.com/wp-login.php" "Mozilla/5.0 (X11; Linux x86_64) AppleWebKit/537.36 (KHTML, like Gecko) Chrome/120.0.0.0 Safari/537.36"
195.201.203.147 - - [17/Apr/2026:14:37:57 +0800] "POST /wp-login.php HTTP/1.1" 200 3058 "http://cqqizhou.com/wp-login.php" "Mozilla/5.0 (Macintosh; Intel Mac OS X 10_15_7) AppleWebKit/537.36 (KHTML, like Gecko) Chrome/118.0.0.0 Safari/537.36"
195.201.203.147 - - [17/Apr/2026:14:38:00 +0800] "POST /wp-login.php HTTP/1.1" 200 3058 "http://cqqizhou.com/wp-login.php" "Mozilla/5.0 (X11; Linux x86_64) AppleWebKit/537.36 (KHTML, like Gecko) Chrome/121.0.0.0 Safari/537.36"
195.201.203.147 - - [17/Apr/2026:14:38:03 +0800] "POST /wp-login.php HTTP/1.1" 200 3053 "http://cqqizhou.com/wp-login.php" "Mozilla/5.0 (Macintosh; Intel Mac OS X 13_6_1) AppleWebKit/537.36 (KHTML, like Gecko) Chrome/118.0.0.0 Safari/537.36"
195.201.203.147 - - [17/Apr/2026:14:38:05 +0800] "POST /wp-login.php HTTP/1.1" 200 3054 "http://cqqizhou.com/wp-login.php" "Mozilla/5.0 (Macintosh; Intel Mac OS X 13_6_1; rv:119.0) Gecko/20100101 Firefox/119.0"
36.133.115.36 - - [17/Apr/2026:14:38:09 +0800] "POST /wp-cron.php?doing_wp_cron=1776407889.1615169048309326171875 HTTP/1.1" 200 31 "-" "WordPress/6.9; http://cqqizhou.com"
195.201.203.147 - - [17/Apr/2026:14:38:09 +0800] "POST /wp-login.php HTTP/1.1" 200 3054 "http://cqqizhou.com/wp-login.php" "Mozilla/5.0 (Macintosh; Intel Mac OS X 13_6_1) AppleWebKit/605.1.15 (KHTML, like Gecko) Version/16.6 Safari/605.1.15"
195.201.203.147 - - [17/Apr/2026:14:38:12 +0800] "POST /wp-login.php HTTP/1.1" 200 3058 "http://cqqizhou.com/wp-login.php" "Mozilla/5.0 (Macintosh; Intel Mac OS X 10_15_7) AppleWebKit/537.36 (KHTML, like Gecko) Chrome/118.0.0.0 Safari/537.36"
195.201.203.147 - - [17/Apr/2026:14:38:14 +0800] "POST /wp-login.php HTTP/1.1" 200 3063 "http://cqqizhou.com/wp-login.php" "Mozilla/5.0 (Macintosh; Intel Mac OS X 13_6_1) AppleWebKit/537.36 (KHTML, like Gecko) Chrome/120.0.0.0 Safari/537.36"
195.201.203.147 - - [17/Apr/2026:14:38:17 +0800] "POST /wp-login.php HTTP/1.1" 200 2968 "http://cqqizhou.com/wp-login.php" "Mozilla/5.0 (Macintosh; Intel Mac OS X 13_6_1) AppleWebKit/605.1.15 (KHTML, like Gecko) Version/17.2 Safari/605.1.15"
36.133.115.36 - - [17/Apr/2026:14:38:20 +0800] "POST /wp-cron.php?doing_wp_cron=1776407900.9172339439392089843750 HTTP/1.1" 200 31 "-" "WordPress/6.9; http://cqqizhou.com"
195.201.203.147 - - [17/Apr/2026:14:38:20 +0800] "POST /wp-login.php HTTP/1.1" 200 3062 "http://cqqizhou.com/wp-login.php" "Mozilla/5.0 (Windows NT 10.0; Win64; x64; rv:121.0) Gecko/20100101 Firefox/121.0"
195.201.203.147 - - [17/Apr/2026:14:38:23 +0800] "POST /wp-login.php HTTP/1.1" 200 3054 "http://cqqizhou.com/wp-login.php" "Mozilla/5.0 (X11; Linux x86_64) AppleWebKit/537.36 (KHTML, like Gecko) Chrome/118.0.0.0 Safari/537.36"
195.201.203.147 - - [17/Apr/2026:14:38:28 +0800] "POST /wp-login.php HTTP/1.1" 200 3056 "http://cqqizhou.com/wp-login.php" "Mozilla/5.0 (Windows NT 10.0; Win64; x64; rv:121.0) Gecko/20100101 Firefox/121.0"
195.201.203.147 - - [17/Apr/2026:14:38:31 +0800] "POST /wp-login.php HTTP/1.1" 200 3056 "http://cqqizhou.com/wp-login.php" "Mozilla/5.0 (Windows NT 10.0; Win64; x64) AppleWebKit/537.36 (KHTML, like Gecko) Chrome/121.0.0.0 Safari/537.36"
195.201.203.147 - - [17/Apr/2026:14:38:33 +0800] "POST /wp-login.php HTTP/1.1" 200 3061 "http://cqqizhou.com/wp-login.php" "Mozilla/5.0 (Macintosh; Intel Mac OS X 13_6_1; rv:120.0) Gecko/20100101 Firefox/120.0"
195.201.203.147 - - [17/Apr/2026:14:38:36 +0800] "POST /wp-login.php HTTP/1.1" 200 3054 "http://cqqizhou.com/wp-login.php" "Mozilla/5.0 (Windows NT 10.0; Win64; x64; rv:120.0) Gecko/20100101 Firefox/120.0"
36.133.115.36 - - [17/Apr/2026:14:38:38 +0800] "POST /wp-cron.php?doing_wp_cron=1776407918.3301908969879150390625 HTTP/1.1" 200 31 "-" "WordPress/6.9; http://cqqizhou.com"
195.201.203.147 - - [17/Apr/2026:14:38:38 +0800] "POST /wp-login.php HTTP/1.1" 200 3054 "http://cqqizhou.com/wp-login.php" "Mozilla/5.0 (X11; Ubuntu; Linux x86_64) AppleWebKit/537.36 (KHTML, like Gecko) Chrome/119.0.0.0 Safari/537.36"
195.201.203.147 - - [17/Apr/2026:14:38:40 +0800] "POST /wp-login.php HTTP/1.1" 200 3054 "http://cqqizhou.com/wp-login.php" "Mozilla/5.0 (Macintosh; Intel Mac OS X 10_15_7; rv:120.0) Gecko/20100101 Firefox/120.0"
36.133.115.36 - - [17/Apr/2026:14:38:43 +0800] "POST /wp-cron.php?doing_wp_cron=1776407923.0131959915161132812500 HTTP/1.1" 200 31 "-" "WordPress/6.9; http://cqqizhou.com"
195.201.203.147 - - [17/Apr/2026:14:38:43 +0800] "POST /wp-login.php HTTP/1.1" 200 3053 "http://cqqizhou.com/wp-login.php" "Mozilla/5.0 (X11; Ubuntu; Linux x86_64) AppleWebKit/537.36 (KHTML, like Gecko) Chrome/120.0.0.0 Safari/537.36"
195.201.203.147 - - [17/Apr/2026:14:38:45 +0800] "POST /wp-login.php HTTP/1.1" 200 3055 "http://cqqizhou.com/wp-login.php" "Mozilla/5.0 (X11; Linux x86_64) AppleWebKit/537.36 (KHTML, like Gecko) Chrome/119.0.0.0 Safari/537.36"
195.201.203.147 - - [17/Apr/2026:14:38:47 +0800] "POST /wp-login.php HTTP/1.1" 200 3062 "http://cqqizhou.com/wp-login.php" "Mozilla/5.0 (X11; Ubuntu; Linux x86_64) AppleWebKit/537.36 (KHTML, like Gecko) Chrome/119.0.0.0 Safari/537.36"
195.201.203.147 - - [17/Apr/2026:14:38:50 +0800] "POST /wp-login.php HTTP/1.1" 200 3064 "http://cqqizhou.com/wp-login.php" "Mozilla/5.0 (Macintosh; Intel Mac OS X 10_15_7) AppleWebKit/537.36 (KHTML, like Gecko) Chrome/118.0.0.0 Safari/537.36"
195.201.203.147 - - [17/Apr/2026:14:38:52 +0800] "POST /wp-login.php HTTP/1.1" 200 3054 "http://cqqizhou.com/wp-login.php" "Mozilla/5.0 (Windows NT 11.0; Win64; x64) AppleWebKit/537.36 (KHTML, like Gecko) Chrome/120.0.0.0 Safari/537.36"
195.201.203.147 - - [17/Apr/2026:14:38:54 +0800] "POST /wp-login.php HTTP/1.1" 200 3053 "http://cqqizhou.com/wp-login.php" "Mozilla/5.0 (Windows NT 11.0; Win64; x64; rv:121.0) Gecko/20100101 Firefox/121.0"
195.201.203.147 - - [17/Apr/2026:14:38:57 +0800] "POST /wp-login.php HTTP/1.1" 200 3054 "http://cqqizhou.com/wp-login.php" "Mozilla/5.0 (Macintosh; Intel Mac OS X 13_6_1) AppleWebKit/605.1.15 (KHTML, like Gecko) Version/17.1 Safari/605.1.15"
195.201.203.147 - - [17/Apr/2026:14:38:59 +0800] "POST /wp-login.php HTTP/1.1" 200 3002 "http://cqqizhou.com/wp-login.php" "Mozilla/5.0 (X11; Linux x86_64) AppleWebKit/537.36 (KHTML, like Gecko) Chrome/120.0.0.0 Safari/537.36"
195.201.203.147 - - [17/Apr/2026:14:39:01 +0800] "POST /wp-login.php HTTP/1.1" 200 3055 "http://cqqizhou.com/wp-login.php" "Mozilla/5.0 (Windows NT 11.0; Win64; x64) AppleWebKit/537.36 (KHTML, like Gecko) Chrome/121.0.0.0 Safari/537.36"
195.201.203.147 - - [17/Apr/2026:14:39:03 +0800] "POST /wp-login.php HTTP/1.1" 200 3059 "http://cqqizhou.com/wp-login.php" "Mozilla/5.0 (Macintosh; Intel Mac OS X 13_6_1) AppleWebKit/537.36 (KHTML, like Gecko) Chrome/118.0.0.0 Safari/537.36"
195.201.203.147 - - [17/Apr/2026:14:39:06 +0800] "POST /wp-login.php HTTP/1.1" 200 3055 "http://cqqizhou.com/wp-login.php" "Mozilla/5.0 (Macintosh; Intel Mac OS X 13_6_1) AppleWebKit/537.36 (KHTML, like Gecko) Chrome/119.0.0.0 Safari/537.36"
36.133.115.36 - - [17/Apr/2026:14:39:09 +0800] "POST /wp-cron.php?doing_wp_cron=1776407949.0700249671936035156250 HTTP/1.1" 200 31 "-" "WordPress/6.9; http://cqqizhou.com"
195.201.203.147 - - [17/Apr/2026:14:39:09 +0800] "POST /wp-login.php HTTP/1.1" 200 3059 "http://cqqizhou.com/wp-login.php" "Mozilla/5.0 (Macintosh; Intel Mac OS X 13_6_1; rv:121.0) Gecko/20100101 Firefox/121.0"
195.201.203.147 - - [17/Apr/2026:14:39:11 +0800] "POST /wp-login.php HTTP/1.1" 200 3057 "http://cqqizhou.com/wp-login.php" "Mozilla/5.0 (Windows NT 11.0; Win64; x64) AppleWebKit/537.36 (KHTML, like Gecko) Chrome/120.0.0.0 Safari/537.36"
195.201.203.147 - - [17/Apr/2026:14:39:13 +0800] "POST /wp-login.php HTTP/1.1" 200 3002 "http://cqqizhou.com/wp-login.php" "Mozilla/5.0 (Windows NT 10.0; Win64; x64) AppleWebKit/537.36 (KHTML, like Gecko) Chrome/121.0.0.0 Safari/537.36"
195.201.203.147 - - [17/Apr/2026:14:39:16 +0800] "POST /wp-login.php HTTP/1.1" 200 3060 "http://cqqizhou.com/wp-login.php" "Mozilla/5.0 (X11; Linux x86_64) AppleWebKit/537.36 (KHTML, like Gecko) Chrome/118.0.0.0 Safari/537.36"
195.201.203.147 - - [17/Apr/2026:14:39:18 +0800] "POST /wp-login.php HTTP/1.1" 200 3056 "http://cqqizhou.com/wp-login.php" "Mozilla/5.0 (Macintosh; Intel Mac OS X 10_15_7) AppleWebKit/605.1.15 (KHTML, like Gecko) Version/17.1 Safari/605.1.15"
195.201.203.147 - - [17/Apr/2026:14:39:21 +0800] "POST /wp-login.php HTTP/1.1" 200 3002 "http://cqqizhou.com/wp-login.php" "Mozilla/5.0 (Windows NT 10.0; Win64; x64) AppleWebKit/537.36 (KHTML, like Gecko) Chrome/121.0.0.0 Safari/537.36"
195.201.203.147 - - [17/Apr/2026:14:39:23 +0800] "POST /wp-login.php HTTP/1.1" 200 3054 "http://cqqizhou.com/wp-login.php" "Mozilla/5.0 (Windows NT 10.0; Win64; x64) AppleWebKit/537.36 (KHTML, like Gecko) Chrome/119.0.0.0 Safari/537.36"
195.201.203.147 - - [17/Apr/2026:14:39:26 +0800] "POST /wp-login.php HTTP/1.1" 200 3055 "http://cqqizhou.com/wp-login.php" "Mozilla/5.0 (Macintosh; Intel Mac OS X 10_15_7) AppleWebKit/537.36 (KHTML, like Gecko) Chrome/118.0.0.0 Safari/537.36"
195.201.203.147 - - [17/Apr/2026:14:39:30 +0800] "POST /wp-login.php HTTP/1.1" 200 3056 "http://cqqizhou.com/wp-login.php" "Mozilla/5.0 (Macintosh; Intel Mac OS X 13_6_1) AppleWebKit/605.1.15 (KHTML, like Gecko) Version/17.0 Safari/605.1.15"
195.201.203.147 - - [17/Apr/2026:14:39:32 +0800] "POST /wp-login.php HTTP/1.1" 200 3053 "http://cqqizhou.com/wp-login.php" "Mozilla/5.0 (Windows NT 11.0; Win64; x64; rv:118.0) Gecko/20100101 Firefox/118.0"
195.201.203.147 - - [17/Apr/2026:14:39:35 +0800] "POST /wp-login.php HTTP/1.1" 200 3002 "http://cqqizhou.com/wp-login.php" "Mozilla/5.0 (Windows NT 11.0; Win64; x64) AppleWebKit/537.36 (KHTML, like Gecko) Chrome/120.0.0.0 Safari/537.36"
195.201.203.147 - - [17/Apr/2026:14:39:37 +0800] "POST /wp-login.php HTTP/1.1" 200 3002 "http://cqqizhou.com/wp-login.php" "Mozilla/5.0 (Windows NT 10.0; Win64; x64) AppleWebKit/537.36 (KHTML, like Gecko) Chrome/121.0.0.0 Safari/537.36"
195.201.203.147 - - [17/Apr/2026:14:39:40 +0800] "POST /wp-login.php HTTP/1.1" 200 3052 "http://cqqizhou.com/wp-login.php" "Mozilla/5.0 (Windows NT 11.0; Win64; x64) AppleWebKit/537.36 (KHTML, like Gecko) Chrome/120.0.0.0 Safari/537.36"
195.201.203.147 - - [17/Apr/2026:14:39:42 +0800] "POST /wp-login.php HTTP/1.1" 200 3052 "http://cqqizhou.com/wp-login.php" "Mozilla/5.0 (Macintosh; Intel Mac OS X 13_6_1) AppleWebKit/605.1.15 (KHTML, like Gecko) Version/16.6 Safari/605.1.15"
36.133.115.36 - - [17/Apr/2026:14:44:27 +0800] "POST /wp-cron.php?doing_wp_cron=1776408267.7910299301147460937500 HTTP/1.1" 200 31 "-" "WordPress/6.9; http://cqqizhou.com"
157.55.39.16 - - [17/Apr/2026:14:44:27 +0800] "GET /2159/ HTTP/1.1" 301 5 "-" "Mozilla/5.0 AppleWebKit/537.36 (KHTML, like Gecko; compatible; bingbot/2.0; +http://www.bing.com/bingbot.htm) Chrome/116.0.1938.76 Safari/537.36"
157.55.39.16 - - [17/Apr/2026:14:44:30 +0800] "GET /news/2159 HTTP/1.1" 200 28691 "-" "Mozilla/5.0 AppleWebKit/537.36 (KHTML, like Gecko; compatible; bingbot/2.0; +http://www.bing.com/bingbot.htm) Chrome/116.0.1938.76 Safari/537.36"
36.133.115.36 - - [17/Apr/2026:14:48:52 +0800] "POST /wp-cron.php?doing_wp_cron=1776408532.4758169651031494140625 HTTP/1.1" 200 31 "-" "WordPress/6.9; http://cqqizhou.com"
120.233.33.173 - - [17/Apr/2026:14:48:52 +0800] "GET /news/2552 HTTP/1.1" 200 21282 "-" "Mozilla/5.0 (Linux; Android 6.0; Nexus 5 Build/MRA58N) AppleWebKit/537.36 (KHTML, like Gecko) Chrome/99.0.4844.51 Mobile Safari/537.36 MicroMessenger/7.0.1"
129.204.116.160 - - [17/Apr/2026:14:48:52 +0800] "GET /wp-content/uploads/2026/04/1775865780-1Article_images_W900px.webp HTTP/1.1" 200 41840 "http://cqqizhou.com/news/2552" "Mozilla/5.0 (Linux; Android 6.0; Nexus 5 Build/MRA58N) AppleWebKit/537.36 (KHTML, like Gecko) Chrome/99.0.4844.51 Mobile Safari/537.36 MicroMessenger/7.0.1"
129.204.116.160 - - [17/Apr/2026:14:48:54 +0800] "GET /wp-content/uploads/2026/04/1775865981-2Article_images_W900px.webp HTTP/1.1" 200 64044 "http://cqqizhou.com/news/2552" "Mozilla/5.0 (Linux; Android 6.0; Nexus 5 Build/MRA58N) AppleWebKit/537.36 (KHTML, like Gecko) Chrome/99.0.4844.51 Mobile Safari/537.36 MicroMessenger/7.0.1"
129.204.116.160 - - [17/Apr/2026:14:48:54 +0800] "GET /wp-content/uploads/2026/04/1775865995-3Article_images_W900px.webp HTTP/1.1" 200 92936 "http://cqqizhou.com/news/2552" "Mozilla/5.0 (Linux; Android 6.0; Nexus 5 Build/MRA58N) AppleWebKit/537.36 (KHTML, like Gecko) Chrome/99.0.4844.51 Mobile Safari/537.36 MicroMessenger/7.0.1"
129.204.116.160 - - [17/Apr/2026:14:48:54 +0800] "GET /wp-content/uploads/2025/07/1751864664-Logistics800x500_1.webp HTTP/1.1" 200 76914 "http://cqqizhou.com/news/2552" "Mozilla/5.0 (Linux; Android 6.0; Nexus 5 Build/MRA58N) AppleWebKit/537.36 (KHTML, like Gecko) Chrome/99.0.4844.51 Mobile Safari/537.36 MicroMessenger/7.0.1"
129.204.116.160 - - [17/Apr/2026:14:48:54 +0800] "GET /wp-content/uploads/2026/03/1773722869-1Article_images_W900px.webp HTTP/1.1" 200 28566 "http://cqqizhou.com/news/2552" "Mozilla/5.0 (Linux; Android 6.0; Nexus 5 Build/MRA58N) AppleWebKit/537.36 (KHTML, like Gecko) Chrome/99.0.4844.51 Mobile Safari/537.36 MicroMessenger/7.0.1"
129.204.116.160 - - [17/Apr/2026:14:48:54 +0800] "GET /wp-content/uploads/2025/07/1751425283-qizhou.kf_.qq_.com_.webp HTTP/1.1" 200 16864 "http://cqqizhou.com/news/2552" "Mozilla/5.0 (Linux; Android 6.0; Nexus 5 Build/MRA58N) AppleWebKit/537.36 (KHTML, like Gecko) Chrome/99.0.4844.51 Mobile Safari/537.36 MicroMessenger/7.0.1"
36.133.115.36 - - [17/Apr/2026:14:49:58 +0800] "POST /wp-cron.php?doing_wp_cron=1776408598.6567060947418212890625 HTTP/1.1" 200 31 "-" "WordPress/6.9; http://cqqizhou.com"
129.204.118.204 - - [17/Apr/2026:14:49:58 +0800] "GET /news/2552 HTTP/1.1" 200 21282 "-" "Mozilla/5.0 (Linux; Android 6.0; Nexus 5 Build/MRA58N) AppleWebKit/537.36 (KHTML, like Gecko) Chrome/99.0.4844.51 Mobile Safari/537.36 MicroMessenger/7.0.1"
129.204.118.204 - - [17/Apr/2026:14:49:58 +0800] "GET /wp-content/uploads/2026/04/1775865780-1Article_images_W900px.webp HTTP/1.1" 200 41840 "http://cqqizhou.com/news/2552" "Mozilla/5.0 (Linux; Android 6.0; Nexus 5 Build/MRA58N) AppleWebKit/537.36 (KHTML, like Gecko) Chrome/99.0.4844.51 Mobile Safari/537.36 MicroMessenger/7.0.1"
120.233.240.39 - - [17/Apr/2026:14:49:58 +0800] "GET /wp-content/uploads/2025/07/1753410289-News2000%C3%97400_202571.webp HTTP/1.1" 200 17830 "http://cqqizhou.com/news/2552" "Mozilla/5.0 (Linux; Android 6.0; Nexus 5 Build/MRA58N) AppleWebKit/537.36 (KHTML, like Gecko) Chrome/99.0.4844.51 Mobile Safari/537.36 MicroMessenger/7.0.1"
120.233.240.39 - - [17/Apr/2026:14:49:59 +0800] "GET /wp-content/uploads/2026/04/1775865981-2Article_images_W900px.webp HTTP/1.1" 200 64044 "http://cqqizhou.com/news/2552" "Mozilla/5.0 (Linux; Android 6.0; Nexus 5 Build/MRA58N) AppleWebKit/537.36 (KHTML, like Gecko) Chrome/99.0.4844.51 Mobile Safari/537.36 MicroMessenger/7.0.1"
120.233.240.39 - - [17/Apr/2026:14:49:59 +0800] "GET /wp-content/uploads/2026/04/1775865995-3Article_images_W900px.webp HTTP/1.1" 200 92936 "http://cqqizhou.com/news/2552" "Mozilla/5.0 (Linux; Android 6.0; Nexus 5 Build/MRA58N) AppleWebKit/537.36 (KHTML, like Gecko) Chrome/99.0.4844.51 Mobile Safari/537.36 MicroMessenger/7.0.1"
129.204.118.204 - - [17/Apr/2026:14:49:59 +0800] "GET /wp-content/uploads/2025/07/1751864664-Logistics800x500_1.webp HTTP/1.1" 200 76914 "http://cqqizhou.com/news/2552" "Mozilla/5.0 (Linux; Android 6.0; Nexus 5 Build/MRA58N) AppleWebKit/537.36 (KHTML, like Gecko) Chrome/99.0.4844.51 Mobile Safari/537.36 MicroMessenger/7.0.1"
129.204.31.216 - - [17/Apr/2026:14:49:59 +0800] "GET /wp-content/uploads/2026/03/1773722869-1Article_images_W900px.webp HTTP/1.1" 200 28566 "http://cqqizhou.com/news/2552" "Mozilla/5.0 (Linux; Android 6.0; Nexus 5 Build/MRA58N) AppleWebKit/537.36 (KHTML, like Gecko) Chrome/99.0.4844.51 Mobile Safari/537.36 MicroMessenger/7.0.1"
129.204.118.204 - - [17/Apr/2026:14:49:59 +0800] "GET /wp-content/uploads/2025/07/1751425283-qizhou.kf_.qq_.com_.webp HTTP/1.1" 200 16864 "http://cqqizhou.com/news/2552" "Mozilla/5.0 (Linux; Android 6.0; Nexus 5 Build/MRA58N) AppleWebKit/537.36 (KHTML, like Gecko) Chrome/99.0.4844.51 Mobile Safari/537.36 MicroMessenger/7.0.1"
36.133.115.36 - - [17/Apr/2026:14:51:54 +0800] "POST /wp-cron.php?doing_wp_cron=1776408714.3832979202270507812500 HTTP/1.1" 200 31 "-" "WordPress/6.9; http://cqqizhou.com"
60.205.170.150 - - [17/Apr/2026:14:51:54 +0800] "GET / HTTP/1.1" 301 5 "-" "Python/3.11 aiohttp/3.9.1"
60.205.170.150 - - [17/Apr/2026:14:51:54 +0800] "GET / HTTP/1.1" 200 35159 "-" "Python/3.11 aiohttp/3.9.1"
36.133.115.36 - - [17/Apr/2026:14:53:28 +0800] "POST /wp-cron.php?doing_wp_cron=1776408808.8935389518737792968750 HTTP/1.1" 200 31 "-" "WordPress/6.9; http://cqqizhou.com"
121.41.164.45 - - [17/Apr/2026:14:53:28 +0800] "GET / HTTP/1.0" 301 0 "-" "-"
121.41.164.45 - - [17/Apr/2026:14:53:39 +0800] "GET / HTTP/1.0" 301 0 "-" "-"
121.41.164.45 - - [17/Apr/2026:14:53:39 +0800] "POST /sdk HTTP/1.1" 404 31365 "-" "Mozilla/5.0 (compatible; Nmap Scripting Engine; https://nmap.org/book/nse.html)"
121.41.164.45 - - [17/Apr/2026:14:53:39 +0800] "GET /nmaplowercheck1776408812 HTTP/1.1" 404 31365 "-" "Mozilla/5.0 (compatible; Nmap Scripting Engine; https://nmap.org/book/nse.html)"
121.41.164.45 - - [17/Apr/2026:14:53:40 +0800] "GET /HNAP1 HTTP/1.1" 404 31365 "-" "Mozilla/5.0 (compatible; Nmap Scripting Engine; https://nmap.org/book/nse.html)"
121.41.164.45 - - [17/Apr/2026:14:53:40 +0800] "GET /evox/about HTTP/1.1" 404 31365 "-" "Mozilla/5.0 (compatible; Nmap Scripting Engine; https://nmap.org/book/nse.html)"
121.41.164.45 - - [17/Apr/2026:14:53:59 +0800] "GET / HTTP/1.0" 301 0 "-" "-"
121.41.164.45 - - [17/Apr/2026:14:54:00 +0800] "GET / HTTP/1.1" 301 5 "-" "-"
36.133.115.36 - - [17/Apr/2026:14:57:01 +0800] "POST /wp-cron.php?doing_wp_cron=1776409021.6072349548339843750000 HTTP/1.1" 200 31 "-" "WordPress/6.9; http://cqqizhou.com"
14.108.234.14 - - [17/Apr/2026:14:57:01 +0800] "GET /2388/ HTTP/1.1" 301 5 "-" "Mozilla/5.0 (Windows NT 10.0; Win64; x64) AppleWebKit/537.36 (KHTML, like Gecko) Chrome/132.0.0.0 Safari/537.36 NetType/WIFI MicroMessenger/7.0.20.1781(0x6700143B) WindowsWechat(0x63090a13) UnifiedPCWindowsWechat(0xf254181d) XWEB/19201 Flue"
14.108.234.14 - - [17/Apr/2026:14:57:03 +0800] "GET /news/2388 HTTP/1.1" 200 24483 "-" "Mozilla/5.0 (Windows NT 10.0; Win64; x64) AppleWebKit/537.36 (KHTML, like Gecko) Chrome/132.0.0.0 Safari/537.36 NetType/WIFI MicroMessenger/7.0.20.1781(0x6700143B) WindowsWechat(0x63090a13) UnifiedPCWindowsWechat(0xf254181d) XWEB/19201 Flue"
14.108.234.14 - - [17/Apr/2026:14:57:03 +0800] "GET /wp-content/uploads/2025/12/1766647832-Article_images_W900%C3%97500px20251225.webp HTTP/1.1" 200 44582 "http://cqqizhou.com/news/2388" "Mozilla/5.0 (Windows NT 10.0; Win64; x64) AppleWebKit/537.36 (KHTML, like Gecko) Chrome/132.0.0.0 Safari/537.36 NetType/WIFI MicroMessenger/7.0.20.1781(0x6700143B) WindowsWechat(0x63090a13) UnifiedPCWindowsWechat(0xf254181d) XWEB/19201 Flue"
14.108.234.14 - - [17/Apr/2026:14:57:03 +0800] "GET /wp-content/uploads/2025/12/1766647829-Article_images_202512251.webp HTTP/1.1" 200 53246 "http://cqqizhou.com/news/2388" "Mozilla/5.0 (Windows NT 10.0; Win64; x64) AppleWebKit/537.36 (KHTML, like Gecko) Chrome/132.0.0.0 Safari/537.36 NetType/WIFI MicroMessenger/7.0.20.1781(0x6700143B) WindowsWechat(0x63090a13) UnifiedPCWindowsWechat(0xf254181d) XWEB/19201 Flue"
14.108.234.14 - - [17/Apr/2026:14:57:03 +0800] "GET /wp-content/uploads/2025/12/1766647831-Article_images_202512254.webp HTTP/1.1" 200 55610 "http://cqqizhou.com/news/2388" "Mozilla/5.0 (Windows NT 10.0; Win64; x64) AppleWebKit/537.36 (KHTML, like Gecko) Chrome/132.0.0.0 Safari/537.36 NetType/WIFI MicroMessenger/7.0.20.1781(0x6700143B) WindowsWechat(0x63090a13) UnifiedPCWindowsWechat(0xf254181d) XWEB/19201 Flue"
14.108.234.14 - - [17/Apr/2026:14:57:03 +0800] "GET /wp-content/uploads/2026/04/1775865780-1Article_images_W900px.webp HTTP/1.1" 200 41840 "http://cqqizhou.com/news/2388" "Mozilla/5.0 (Windows NT 10.0; Win64; x64) AppleWebKit/537.36 (KHTML, like Gecko) Chrome/132.0.0.0 Safari/537.36 NetType/WIFI MicroMessenger/7.0.20.1781(0x6700143B) WindowsWechat(0x63090a13) UnifiedPCWindowsWechat(0xf254181d) XWEB/19201 Flue"
14.108.234.14 - - [17/Apr/2026:14:57:03 +0800] "GET /wp-content/uploads/2025/07/1751864664-Logistics800x500_1.webp HTTP/1.1" 200 76914 "http://cqqizhou.com/news/2388" "Mozilla/5.0 (Windows NT 10.0; Win64; x64) AppleWebKit/537.36 (KHTML, like Gecko) Chrome/132.0.0.0 Safari/537.36 NetType/WIFI MicroMessenger/7.0.20.1781(0x6700143B) WindowsWechat(0x63090a13) UnifiedPCWindowsWechat(0xf254181d) XWEB/19201 Flue"
14.108.234.14 - - [17/Apr/2026:14:57:03 +0800] "GET /wp-content/uploads/2025/07/1751425283-qizhou.kf_.qq_.com_.webp HTTP/1.1" 200 16864 "http://cqqizhou.com/news/2388" "Mozilla/5.0 (Windows NT 10.0; Win64; x64) AppleWebKit/537.36 (KHTML, like Gecko) Chrome/132.0.0.0 Safari/537.36 NetType/WIFI MicroMessenger/7.0.20.1781(0x6700143B) WindowsWechat(0x63090a13) UnifiedPCWindowsWechat(0xf254181d) XWEB/19201 Flue"
14.108.234.14 - - [17/Apr/2026:14:57:03 +0800] "GET /wp-content/uploads/2025/07/1753410289-News2000%C3%97400_202571.webp HTTP/1.1" 200 17830 "http://cqqizhou.com/news/2388" "Mozilla/5.0 (Windows NT 10.0; Win64; x64) AppleWebKit/537.36 (KHTML, like Gecko) Chrome/132.0.0.0 Safari/537.36 NetType/WIFI MicroMessenger/7.0.20.1781(0x6700143B) WindowsWechat(0x63090a13) UnifiedPCWindowsWechat(0xf254181d) XWEB/19201 Flue"
14.108.234.14 - - [17/Apr/2026:14:57:04 +0800] "POST /wp-admin/admin-ajax.php HTTP/1.1" 200 557 "http://cqqizhou.com/news/2388" "Mozilla/5.0 (Windows NT 10.0; Win64; x64) AppleWebKit/537.36 (KHTML, like Gecko) Chrome/132.0.0.0 Safari/537.36 NetType/WIFI MicroMessenger/7.0.20.1781(0x6700143B) WindowsWechat(0x63090a13) UnifiedPCWindowsWechat(0xf254181d) XWEB/19201 Flue"
14.108.234.14 - - [17/Apr/2026:14:57:07 +0800] "GET /media HTTP/1.1" 200 31754 "http://cqqizhou.com/news/2388" "Mozilla/5.0 (Windows NT 10.0; Win64; x64) AppleWebKit/537.36 (KHTML, like Gecko) Chrome/132.0.0.0 Safari/537.36 NetType/WIFI MicroMessenger/7.0.20.1781(0x6700143B) WindowsWechat(0x63090a13) UnifiedPCWindowsWechat(0xf254181d) XWEB/19201 Flue"
14.108.234.14 - - [17/Apr/2026:14:57:07 +0800] "GET /wp-content/uploads/2026/04/1775865780-1Article_images_W900px-300x169.webp HTTP/1.1" 200 10634 "http://cqqizhou.com/media" "Mozilla/5.0 (Windows NT 10.0; Win64; x64) AppleWebKit/537.36 (KHTML, like Gecko) Chrome/132.0.0.0 Safari/537.36 NetType/WIFI MicroMessenger/7.0.20.1781(0x6700143B) WindowsWechat(0x63090a13) UnifiedPCWindowsWechat(0xf254181d) XWEB/19201 Flue"
14.108.234.14 - - [17/Apr/2026:14:57:07 +0800] "GET /wp-content/uploads/2026/04/1775698332-Article_images_W900px-300x169.webp HTTP/1.1" 200 12710 "http://cqqizhou.com/media" "Mozilla/5.0 (Windows NT 10.0; Win64; x64) AppleWebKit/537.36 (KHTML, like Gecko) Chrome/132.0.0.0 Safari/537.36 NetType/WIFI MicroMessenger/7.0.20.1781(0x6700143B) WindowsWechat(0x63090a13) UnifiedPCWindowsWechat(0xf254181d) XWEB/19201 Flue"
14.108.234.14 - - [17/Apr/2026:14:57:07 +0800] "GET /wp-content/uploads/2026/02/1769999241-4.2%E7%B1%B3%E9%AB%98%E6%A0%8F%E8%B4%A7%E8%BD%A6-300x169.webp HTTP/1.1" 200 12930 "http://cqqizhou.com/media" "Mozilla/5.0 (Windows NT 10.0; Win64; x64) AppleWebKit/537.36 (KHTML, like Gecko) Chrome/132.0.0.0 Safari/537.36 NetType/WIFI MicroMessenger/7.0.20.1781(0x6700143B) WindowsWechat(0x63090a13) UnifiedPCWindowsWechat(0xf254181d) XWEB/19201 Flue"
14.108.234.14 - - [17/Apr/2026:14:57:07 +0800] "GET /wp-content/uploads/media/qizhou_Brochure.webp HTTP/1.1" 200 26142 "http://cqqizhou.com/media" "Mozilla/5.0 (Windows NT 10.0; Win64; x64) AppleWebKit/537.36 (KHTML, like Gecko) Chrome/132.0.0.0 Safari/537.36 NetType/WIFI MicroMessenger/7.0.20.1781(0x6700143B) WindowsWechat(0x63090a13) UnifiedPCWindowsWechat(0xf254181d) XWEB/19201 Flue"
14.108.234.14 - - [17/Apr/2026:14:57:07 +0800] "GET /wp-content/uploads/2025/12/1765268955-qizhou_Slider1_3840%C3%972160_20251210-scaled.webp HTTP/1.1" 200 152162 "http://cqqizhou.com/media" "Mozilla/5.0 (Windows NT 10.0; Win64; x64) AppleWebKit/537.36 (KHTML, like Gecko) Chrome/132.0.0.0 Safari/537.36 NetType/WIFI MicroMessenger/7.0.20.1781(0x6700143B) WindowsWechat(0x63090a13) UnifiedPCWindowsWechat(0xf254181d) XWEB/19201 Flue"
14.108.234.14 - - [17/Apr/2026:14:57:08 +0800] "GET / HTTP/1.1" 200 35159 "http://cqqizhou.com/media" "Mozilla/5.0 (Windows NT 10.0; Win64; x64) AppleWebKit/537.36 (KHTML, like Gecko) Chrome/132.0.0.0 Safari/537.36 NetType/WIFI MicroMessenger/7.0.20.1781(0x6700143B) WindowsWechat(0x63090a13) UnifiedPCWindowsWechat(0xf254181d) XWEB/19201 Flue"
14.108.234.14 - - [17/Apr/2026:14:57:08 +0800] "POST /wp-admin/admin-ajax.php HTTP/1.1" 499 0 "http://cqqizhou.com/media" "Mozilla/5.0 (Windows NT 10.0; Win64; x64) AppleWebKit/537.36 (KHTML, like Gecko) Chrome/132.0.0.0 Safari/537.36 NetType/WIFI MicroMessenger/7.0.20.1781(0x6700143B) WindowsWechat(0x63090a13) UnifiedPCWindowsWechat(0xf254181d) XWEB/19201 Flue"
36.133.115.36 - - [17/Apr/2026:14:57:09 +0800] "POST /wp-cron.php?doing_wp_cron=1776409029.3375430107116699218750 HTTP/1.1" 200 31 "-" "WordPress/6.9; http://cqqizhou.com"
14.108.234.14 - - [17/Apr/2026:14:57:09 +0800] "GET /wp-content/uploads/2025/07/1753453096-%E5%8F%8C%E7%9B%B8%E9%92%A2product_Single600%C3%97284.webp HTTP/1.1" 200 14562 "http://cqqizhou.com/" "Mozilla/5.0 (Windows NT 10.0; Win64; x64) AppleWebKit/537.36 (KHTML, like Gecko) Chrome/132.0.0.0 Safari/537.36 NetType/WIFI MicroMessenger/7.0.20.1781(0x6700143B) WindowsWechat(0x63090a13) UnifiedPCWindowsWechat(0xf254181d) XWEB/19201 Flue"
14.108.234.14 - - [17/Apr/2026:14:57:09 +0800] "GET /wp-content/uploads/2025/07/1753456723-%E5%8F%8C%E7%9B%B8%E9%92%A2roduct_Single600.webp HTTP/1.1" 200 22790 "http://cqqizhou.com/" "Mozilla/5.0 (Windows NT 10.0; Win64; x64) AppleWebKit/537.36 (KHTML, like Gecko) Chrome/132.0.0.0 Safari/537.36 NetType/WIFI MicroMessenger/7.0.20.1781(0x6700143B) WindowsWechat(0x63090a13) UnifiedPCWindowsWechat(0xf254181d) XWEB/19201 Flue"
14.108.234.14 - - [17/Apr/2026:14:57:09 +0800] "GET /wp-content/uploads/2025/07/1753456770-%E7%83%AD%E9%95%80%E9%94%8C%E5%8D%B7product_Single600.webp HTTP/1.1" 200 27502 "http://cqqizhou.com/" "Mozilla/5.0 (Windows NT 10.0; Win64; x64) AppleWebKit/537.36 (KHTML, like Gecko) Chrome/132.0.0.0 Safari/537.36 NetType/WIFI MicroMessenger/7.0.20.1781(0x6700143B) WindowsWechat(0x63090a13) UnifiedPCWindowsWechat(0xf254181d) XWEB/19201 Flue"
14.108.234.14 - - [17/Apr/2026:14:57:09 +0800] "GET /wp-content/uploads/2025/07/1753453127-%E4%BD%99%E5%8D%B7product_Single600%C3%97284.webp HTTP/1.1" 200 18744 "http://cqqizhou.com/" "Mozilla/5.0 (Windows NT 10.0; Win64; x64) AppleWebKit/537.36 (KHTML, like Gecko) Chrome/132.0.0.0 Safari/537.36 NetType/WIFI MicroMessenger/7.0.20.1781(0x6700143B) WindowsWechat(0x63090a13) UnifiedPCWindowsWechat(0xf254181d) XWEB/19201 Flue"
14.108.234.14 - - [17/Apr/2026:14:57:09 +0800] "GET /wp-content/uploads/revslider/slider-1/1750861156-logistics_Slider_3840%C3%972160_20250625191356-scaled-50x100.webp HTTP/1.1" 200 1416 "http://cqqizhou.com/" "Mozilla/5.0 (Windows NT 10.0; Win64; x64) AppleWebKit/537.36 (KHTML, like Gecko) Chrome/132.0.0.0 Safari/537.36 NetType/WIFI MicroMessenger/7.0.20.1781(0x6700143B) WindowsWechat(0x63090a13) UnifiedPCWindowsWechat(0xf254181d) XWEB/19201 Flue"
14.108.234.14 - - [17/Apr/2026:14:57:09 +0800] "GET /wp-content/uploads/2026/01/1768276119-qizhoujiagong_Slider_3840%C3%972160_20260113-scaled-50x100.webp HTTP/1.1" 200 976 "http://cqqizhou.com/" "Mozilla/5.0 (Windows NT 10.0; Win64; x64) AppleWebKit/537.36 (KHTML, like Gecko) Chrome/132.0.0.0 Safari/537.36 NetType/WIFI MicroMessenger/7.0.20.1781(0x6700143B) WindowsWechat(0x63090a13) UnifiedPCWindowsWechat(0xf254181d) XWEB/19201 Flue"
14.108.234.14 - - [17/Apr/2026:14:57:10 +0800] "GET /wp-json/sliderrevolution/sliders/1?srengine=7&slideid=2 HTTP/1.1" 200 2000 "http://cqqizhou.com/" "Mozilla/5.0 (Windows NT 10.0; Win64; x64) AppleWebKit/537.36 (KHTML, like Gecko) Chrome/132.0.0.0 Safari/537.36 NetType/WIFI MicroMessenger/7.0.20.1781(0x6700143B) WindowsWechat(0x63090a13) UnifiedPCWindowsWechat(0xf254181d) XWEB/19201 Flue"
14.108.234.14 - - [17/Apr/2026:14:57:10 +0800] "GET /wp-json/sliderrevolution/sliders/1?srengine=7&slideid=4 HTTP/1.1" 200 2580 "http://cqqizhou.com/" "Mozilla/5.0 (Windows NT 10.0; Win64; x64) AppleWebKit/537.36 (KHTML, like Gecko) Chrome/132.0.0.0 Safari/537.36 NetType/WIFI MicroMessenger/7.0.20.1781(0x6700143B) WindowsWechat(0x63090a13) UnifiedPCWindowsWechat(0xf254181d) XWEB/19201 Flue"
14.108.234.14 - - [17/Apr/2026:14:57:10 +0800] "GET /wp-content/uploads/revslider/slider-1/1750861156-logistics_Slider_3840%C3%972160_20250625191356-scaled.webp HTTP/1.1" 200 197360 "http://cqqizhou.com/" "Mozilla/5.0 (Windows NT 10.0; Win64; x64) AppleWebKit/537.36 (KHTML, like Gecko) Chrome/132.0.0.0 Safari/537.36 NetType/WIFI MicroMessenger/7.0.20.1781(0x6700143B) WindowsWechat(0x63090a13) UnifiedPCWindowsWechat(0xf254181d) XWEB/19201 Flue"
14.108.234.14 - - [17/Apr/2026:14:57:10 +0800] "GET /wp-content/uploads/2026/01/1768276119-qizhoujiagong_Slider_3840%C3%972160_20260113-scaled.webp HTTP/1.1" 200 131696 "http://cqqizhou.com/" "Mozilla/5.0 (Windows NT 10.0; Win64; x64) AppleWebKit/537.36 (KHTML, like Gecko) Chrome/132.0.0.0 Safari/537.36 NetType/WIFI MicroMessenger/7.0.20.1781(0x6700143B) WindowsWechat(0x63090a13) UnifiedPCWindowsWechat(0xf254181d) XWEB/19201 Flue"
14.108.234.14 - - [17/Apr/2026:14:57:12 +0800] "GET /media HTTP/1.1" 304 0 "http://cqqizhou.com/" "Mozilla/5.0 (Windows NT 10.0; Win64; x64) AppleWebKit/537.36 (KHTML, like Gecko) Chrome/132.0.0.0 Safari/537.36 NetType/WIFI MicroMessenger/7.0.20.1781(0x6700143B) WindowsWechat(0x63090a13) UnifiedPCWindowsWechat(0xf254181d) XWEB/19201 Flue"
14.108.234.14 - - [17/Apr/2026:14:57:14 +0800] "POST /wp-admin/admin-ajax.php HTTP/1.1" 200 116 "http://cqqizhou.com/media" "Mozilla/5.0 (Windows NT 10.0; Win64; x64) AppleWebKit/537.36 (KHTML, like Gecko) Chrome/132.0.0.0 Safari/537.36 NetType/WIFI MicroMessenger/7.0.20.1781(0x6700143B) WindowsWechat(0x63090a13) UnifiedPCWindowsWechat(0xf254181d) XWEB/19201 Flue"
36.133.115.36 - - [17/Apr/2026:15:03:00 +0800] "POST /wp-cron.php?doing_wp_cron=1776409380.9224588871002197265625 HTTP/1.1" 200 31 "-" "WordPress/6.9; http://cqqizhou.com"
120.241.0.130 - - [17/Apr/2026:15:03:00 +0800] "GET / HTTP/1.1" 200 34725 "-" "Mozilla/5.0 (Linux; U; Android 12; zh-CN; M2007J17C Build/SKQ1.211006.001) AppleWebKit/537.36 (KHTML, like Gecko) Version/4.0 Chrome/144.0.7559.86 Quark/10.7.5.1050 Mobile Safari/537.36"
163.125.0.15 - - [17/Apr/2026:15:03:01 +0800] "GET / HTTP/1.1" 200 34725 "-" "Mozilla/5.0 (Linux; U; Android 12; zh-CN; M2007J17C Build/SKQ1.211006.001) AppleWebKit/537.36 (KHTML, like Gecko) Version/4.0 Chrome/144.0.7559.86 Quark/10.7.5.1050 Mobile Safari/537.36"
163.125.0.15 - - [17/Apr/2026:15:03:01 +0800] "GET /wp-content/uploads/2025/07/1751425283-qizhou.kf_.qq_.com_.webp HTTP/1.1" 200 16864 "http://cqqizhou.com/" "Mozilla/5.0 (Linux; U; Android 12; zh-CN; M2007J17C Build/SKQ1.211006.001) AppleWebKit/537.36 (KHTML, like Gecko) Version/4.0 Chrome/144.0.7559.86 Quark/10.7.5.1050 Mobile Safari/537.36"
163.125.0.15 - - [17/Apr/2026:15:03:03 +0800] "GET /wp-content/uploads/2025/07/1753456723-%E5%8F%8C%E7%9B%B8%E9%92%A2roduct_Single600.webp HTTP/1.1" 200 22790 "http://cqqizhou.com/" "Mozilla/5.0 (Linux; U; Android 12; zh-CN; M2007J17C Build/SKQ1.211006.001) AppleWebKit/537.36 (KHTML, like Gecko) Version/4.0 Chrome/144.0.7559.86 Quark/10.7.5.1050 Mobile Safari/537.36"
163.125.0.15 - - [17/Apr/2026:15:03:03 +0800] "GET /wp-content/uploads/2025/07/1753453127-%E4%BD%99%E5%8D%B7product_Single600%C3%97284.webp HTTP/1.1" 200 18744 "http://cqqizhou.com/" "Mozilla/5.0 (Linux; U; Android 12; zh-CN; M2007J17C Build/SKQ1.211006.001) AppleWebKit/537.36 (KHTML, like Gecko) Version/4.0 Chrome/144.0.7559.86 Quark/10.7.5.1050 Mobile Safari/537.36"
163.125.0.15 - - [17/Apr/2026:15:03:03 +0800] "GET /wp-content/uploads/2025/07/1753453096-%E5%8F%8C%E7%9B%B8%E9%92%A2product_Single600%C3%97284.webp HTTP/1.1" 200 14562 "http://cqqizhou.com/" "Mozilla/5.0 (Linux; U; Android 12; zh-CN; M2007J17C Build/SKQ1.211006.001) AppleWebKit/537.36 (KHTML, like Gecko) Version/4.0 Chrome/144.0.7559.86 Quark/10.7.5.1050 Mobile Safari/537.36"
163.125.0.15 - - [17/Apr/2026:15:03:03 +0800] "GET /wp-content/uploads/2025/07/1753456770-%E7%83%AD%E9%95%80%E9%94%8C%E5%8D%B7product_Single600.webp HTTP/1.1" 200 27502 "http://cqqizhou.com/" "Mozilla/5.0 (Linux; U; Android 12; zh-CN; M2007J17C Build/SKQ1.211006.001) AppleWebKit/537.36 (KHTML, like Gecko) Version/4.0 Chrome/144.0.7559.86 Quark/10.7.5.1050 Mobile Safari/537.36"
163.125.0.15 - - [17/Apr/2026:15:03:03 +0800] "GET /wp-content/uploads/2025/12/1765268955-qizhou_Slider1_3840%C3%972160_20251210-scaled.webp HTTP/1.1" 200 152162 "http://cqqizhou.com/" "Mozilla/5.0 (Linux; U; Android 12; zh-CN; M2007J17C Build/SKQ1.211006.001) AppleWebKit/537.36 (KHTML, like Gecko) Version/4.0 Chrome/144.0.7559.86 Quark/10.7.5.1050 Mobile Safari/537.36"
163.125.0.15 - - [17/Apr/2026:15:03:03 +0800] "GET /wp-content/uploads/2026/01/1768276119-qizhoujiagong_Slider_3840%C3%972160_20260113-scaled-50x100.webp HTTP/1.1" 200 976 "http://cqqizhou.com/" "Mozilla/5.0 (Linux; U; Android 12; zh-CN; M2007J17C Build/SKQ1.211006.001) AppleWebKit/537.36 (KHTML, like Gecko) Version/4.0 Chrome/144.0.7559.86 Quark/10.7.5.1050 Mobile Safari/537.36"
163.125.0.15 - - [17/Apr/2026:15:03:03 +0800] "GET /wp-content/uploads/revslider/slider-1/1750861156-logistics_Slider_3840%C3%972160_20250625191356-scaled-50x100.webp HTTP/1.1" 200 1416 "http://cqqizhou.com/" "Mozilla/5.0 (Linux; U; Android 12; zh-CN; M2007J17C Build/SKQ1.211006.001) AppleWebKit/537.36 (KHTML, like Gecko) Version/4.0 Chrome/144.0.7559.86 Quark/10.7.5.1050 Mobile Safari/537.36"
163.125.0.15 - - [17/Apr/2026:15:03:04 +0800] "GET /wp-json/sliderrevolution/sliders/1?srengine=7&slideid=4 HTTP/1.1" 200 2580 "http://cqqizhou.com/" "Mozilla/5.0 (Linux; U; Android 12; zh-CN; M2007J17C Build/SKQ1.211006.001) AppleWebKit/537.36 (KHTML, like Gecko) Version/4.0 Chrome/144.0.7559.86 Quark/10.7.5.1050 Mobile Safari/537.36"
163.125.0.15 - - [17/Apr/2026:15:03:04 +0800] "GET /wp-json/sliderrevolution/sliders/1?srengine=7&slideid=2 HTTP/1.1" 200 2000 "http://cqqizhou.com/" "Mozilla/5.0 (Linux; U; Android 12; zh-CN; M2007J17C Build/SKQ1.211006.001) AppleWebKit/537.36 (KHTML, like Gecko) Version/4.0 Chrome/144.0.7559.86 Quark/10.7.5.1050 Mobile Safari/537.36"
163.125.0.15 - - [17/Apr/2026:15:03:05 +0800] "GET /wp-content/uploads/2026/01/1768276119-qizhoujiagong_Slider_3840%C3%972160_20260113-scaled.webp HTTP/1.1" 200 131696 "http://cqqizhou.com/" "Mozilla/5.0 (Linux; U; Android 12; zh-CN; M2007J17C Build/SKQ1.211006.001) AppleWebKit/537.36 (KHTML, like Gecko) Version/4.0 Chrome/144.0.7559.86 Quark/10.7.5.1050 Mobile Safari/537.36"
163.125.0.15 - - [17/Apr/2026:15:03:05 +0800] "GET /wp-content/uploads/revslider/slider-1/1750861156-logistics_Slider_3840%C3%972160_20250625191356-scaled.webp HTTP/1.1" 200 197360 "http://cqqizhou.com/" "Mozilla/5.0 (Linux; U; Android 12; zh-CN; M2007J17C Build/SKQ1.211006.001) AppleWebKit/537.36 (KHTML, like Gecko) Version/4.0 Chrome/144.0.7559.86 Quark/10.7.5.1050 Mobile Safari/537.36"
120.241.0.232 - - [17/Apr/2026:15:03:07 +0800] "GET /media HTTP/1.1" 200 26030 "http://cqqizhou.com/" "Mozilla/5.0 (Linux; U; Android 12; zh-CN; M2007J17C Build/SKQ1.211006.001) AppleWebKit/537.36 (KHTML, like Gecko) Version/4.0 Chrome/144.0.7559.86 Quark/10.7.5.1050 Mobile Safari/537.36"
163.125.0.15 - - [17/Apr/2026:15:03:07 +0800] "GET /media HTTP/1.1" 200 26030 "http://cqqizhou.com/" "Mozilla/5.0 (Linux; U; Android 12; zh-CN; M2007J17C Build/SKQ1.211006.001) AppleWebKit/537.36 (KHTML, like Gecko) Version/4.0 Chrome/144.0.7559.86 Quark/10.7.5.1050 Mobile Safari/537.36"
163.125.0.15 - - [17/Apr/2026:15:03:07 +0800] "GET /wp-content/uploads/2026/04/1775865780-1Article_images_W900px.webp HTTP/1.1" 200 41840 "http://cqqizhou.com/media" "Mozilla/5.0 (Linux; U; Android 12; zh-CN; M2007J17C Build/SKQ1.211006.001) AppleWebKit/537.36 (KHTML, like Gecko) Version/4.0 Chrome/144.0.7559.86 Quark/10.7.5.1050 Mobile Safari/537.36"
163.125.0.15 - - [17/Apr/2026:15:03:07 +0800] "GET /wp-content/uploads/2026/04/1775698332-Article_images_W900px.webp HTTP/1.1" 200 49852 "http://cqqizhou.com/media" "Mozilla/5.0 (Linux; U; Android 12; zh-CN; M2007J17C Build/SKQ1.211006.001) AppleWebKit/537.36 (KHTML, like Gecko) Version/4.0 Chrome/144.0.7559.86 Quark/10.7.5.1050 Mobile Safari/537.36"
163.125.0.15 - - [17/Apr/2026:15:03:07 +0800] "GET /wp-content/uploads/2026/02/1769999241-4.2%E7%B1%B3%E9%AB%98%E6%A0%8F%E8%B4%A7%E8%BD%A6.webp HTTP/1.1" 200 54794 "http://cqqizhou.com/media" "Mozilla/5.0 (Linux; U; Android 12; zh-CN; M2007J17C Build/SKQ1.211006.001) AppleWebKit/537.36 (KHTML, like Gecko) Version/4.0 Chrome/144.0.7559.86 Quark/10.7.5.1050 Mobile Safari/537.36"
36.133.115.36 - - [17/Apr/2026:15:03:09 +0800] "POST /wp-cron.php?doing_wp_cron=1776409389.7982230186462402343750 HTTP/1.1" 200 31 "-" "WordPress/6.9; http://cqqizhou.com"
163.125.0.15 - - [17/Apr/2026:15:03:09 +0800] "GET /media/2 HTTP/1.1" 200 25945 "http://cqqizhou.com/media" "Mozilla/5.0 (Linux; U; Android 12; zh-CN; M2007J17C Build/SKQ1.211006.001) AppleWebKit/537.36 (KHTML, like Gecko) Version/4.0 Chrome/144.0.7559.86 Quark/10.7.5.1050 Mobile Safari/537.36"
163.125.0.15 - - [17/Apr/2026:15:03:09 +0800] "GET /wp-content/uploads/2026/04/1775195054-1Article_images_W900px.webp HTTP/1.1" 200 25562 "http://cqqizhou.com/media/2" "Mozilla/5.0 (Linux; U; Android 12; zh-CN; M2007J17C Build/SKQ1.211006.001) AppleWebKit/537.36 (KHTML, like Gecko) Version/4.0 Chrome/144.0.7559.86 Quark/10.7.5.1050 Mobile Safari/537.36"
163.125.0.15 - - [17/Apr/2026:15:03:09 +0800] "GET /wp-content/uploads/2026/03/1773722869-1Article_images_W900px.webp HTTP/1.1" 200 28566 "http://cqqizhou.com/media/2" "Mozilla/5.0 (Linux; U; Android 12; zh-CN; M2007J17C Build/SKQ1.211006.001) AppleWebKit/537.36 (KHTML, like Gecko) Version/4.0 Chrome/144.0.7559.86 Quark/10.7.5.1050 Mobile Safari/537.36"
163.125.0.15 - - [17/Apr/2026:15:03:10 +0800] "GET /wp-content/uploads/2025/07/1751864664-Logistics800x500_1-300x188.webp HTTP/1.1" 200 18996 "http://cqqizhou.com/media/2" "Mozilla/5.0 (Linux; U; Android 12; zh-CN; M2007J17C Build/SKQ1.211006.001) AppleWebKit/537.36 (KHTML, like Gecko) Version/4.0 Chrome/144.0.7559.86 Quark/10.7.5.1050 Mobile Safari/537.36"
163.125.0.15 - - [17/Apr/2026:15:03:10 +0800] "GET /wp-content/uploads/2025/07/1751864664-Logistics800x500_1.webp HTTP/1.1" 200 76914 "http://cqqizhou.com/media/2" "Mozilla/5.0 (Linux; U; Android 12; zh-CN; M2007J17C Build/SKQ1.211006.001) AppleWebKit/537.36 (KHTML, like Gecko) Version/4.0 Chrome/144.0.7559.86 Quark/10.7.5.1050 Mobile Safari/537.36"
163.125.0.15 - - [17/Apr/2026:15:03:10 +0800] "GET /wp-content/uploads/2026/04/1775195054-1Article_images_W900px-300x169.webp HTTP/1.1" 200 8472 "http://cqqizhou.com/media/2" "Mozilla/5.0 (Linux; U; Android 12; zh-CN; M2007J17C Build/SKQ1.211006.001) AppleWebKit/537.36 (KHTML, like Gecko) Version/4.0 Chrome/144.0.7559.86 Quark/10.7.5.1050 Mobile Safari/537.36"
163.125.0.15 - - [17/Apr/2026:15:03:10 +0800] "GET /wp-content/uploads/2026/03/1773722869-1Article_images_W900px-300x169.webp HTTP/1.1" 200 8634 "http://cqqizhou.com/media/2" "Mozilla/5.0 (Linux; U; Android 12; zh-CN; M2007J17C Build/SKQ1.211006.001) AppleWebKit/537.36 (KHTML, like Gecko) Version/4.0 Chrome/144.0.7559.86 Quark/10.7.5.1050 Mobile Safari/537.36"
163.125.0.15 - - [17/Apr/2026:15:03:17 +0800] "GET /news/2552 HTTP/1.1" 200 21282 "http://cqqizhou.com/media" "Mozilla/5.0 (Linux; U; Android 12; zh-CN; M2007J17C Build/SKQ1.211006.001) AppleWebKit/537.36 (KHTML, like Gecko) Version/4.0 Chrome/144.0.7559.86 Quark/10.7.5.1050 Mobile Safari/537.36"
163.125.0.15 - - [17/Apr/2026:15:03:18 +0800] "GET /wp-content/uploads/2026/04/1775865981-2Article_images_W900px.webp HTTP/1.1" 200 64044 "http://cqqizhou.com/news/2552" "Mozilla/5.0 (Linux; U; Android 12; zh-CN; M2007J17C Build/SKQ1.211006.001) AppleWebKit/537.36 (KHTML, like Gecko) Version/4.0 Chrome/144.0.7559.86 Quark/10.7.5.1050 Mobile Safari/537.36"
