112.32.59.94 - - [12/Apr/2026:13:04:54 +0800] "GET /contacts/ HTTP/1.1" 301 5 "-" "Mozilla/5.0 (Windows NT 10.0; Win64; x64) AppleWebKit/537.36 (KHTML, like Gecko) Chrome/136.0.0.0 Safari/537.36"
112.32.59.94 - - [12/Apr/2026:13:04:55 +0800] "GET http://cqqizhou.com/contacts HTTP/1.1" 200 21618 "-" "Mozilla/5.0 (Windows NT 10.0; Win64; x64) AppleWebKit/537.36 (KHTML, like Gecko) Chrome/136.0.0.0 Safari/537.36"
36.133.115.36 - - [12/Apr/2026:13:07:20 +0800] "POST /wp-cron.php?doing_wp_cron=1775970440.3126490116119384765625 HTTP/1.1" 200 31 "-" "WordPress/6.9; http://cqqizhou.com"
121.43.54.116 - - [12/Apr/2026:13:07:20 +0800] "GET / HTTP/1.0" 301 0 "-" "-"
121.43.54.116 - - [12/Apr/2026:13:07:31 +0800] "GET / HTTP/1.0" 301 0 "-" "-"
121.43.54.116 - - [12/Apr/2026:13:07:31 +0800] "GET /nmaplowercheck1775970443 HTTP/1.1" 404 31365 "-" "Mozilla/5.0 (compatible; Nmap Scripting Engine; https://nmap.org/book/nse.html)"
121.43.54.116 - - [12/Apr/2026:13:07:31 +0800] "POST /sdk HTTP/1.1" 404 31365 "-" "Mozilla/5.0 (compatible; Nmap Scripting Engine; https://nmap.org/book/nse.html)"
121.43.54.116 - - [12/Apr/2026:13:07:32 +0800] "GET /HNAP1 HTTP/1.1" 404 31365 "-" "Mozilla/5.0 (compatible; Nmap Scripting Engine; https://nmap.org/book/nse.html)"
121.43.54.116 - - [12/Apr/2026:13:07:32 +0800] "GET /evox/about HTTP/1.1" 404 31365 "-" "Mozilla/5.0 (compatible; Nmap Scripting Engine; https://nmap.org/book/nse.html)"
121.43.54.116 - - [12/Apr/2026:13:07:51 +0800] "GET / HTTP/1.0" 301 0 "-" "-"
121.43.54.116 - - [12/Apr/2026:13:07:52 +0800] "GET / HTTP/1.1" 301 5 "-" "-"
116.132.138.73 - - [12/Apr/2026:13:07:54 +0800] "GET /robots.txt HTTP/1.1" 200 190 "-" "YisouSpider"
36.133.115.36 - - [12/Apr/2026:13:20:41 +0800] "POST /wp-cron.php?doing_wp_cron=1775971241.8501439094543457031250 HTTP/1.1" 200 31 "-" "WordPress/6.9; http://cqqizhou.com"
43.159.138.217 - - [12/Apr/2026:13:20:41 +0800] "GET / HTTP/1.1" 301 5 "-" "Mozilla/5.0 (iPhone; CPU iPhone OS 13_2_3 like Mac OS X) AppleWebKit/605.1.15 (KHTML, like Gecko) Version/13.0.3 Mobile/15E148 Safari/604.1"
43.159.138.217 - - [12/Apr/2026:13:20:44 +0800] "GET / HTTP/1.1" 200 34723 "http://36.133.115.36" "Mozilla/5.0 (iPhone; CPU iPhone OS 13_2_3 like Mac OS X) AppleWebKit/605.1.15 (KHTML, like Gecko) Version/13.0.3 Mobile/15E148 Safari/604.1"
36.133.115.36 - - [12/Apr/2026:13:32:37 +0800] "POST /wp-cron.php?doing_wp_cron=1775971957.0569210052490234375000 HTTP/1.1" 200 31 "-" "WordPress/6.9; http://cqqizhou.com"
115.239.229.207 - - [12/Apr/2026:13:32:37 +0800] "GET /logistics/ HTTP/1.1" 301 5 "-" "Mozilla/5.0 (Windows NT 10.0; Win64; x64) AppleWebKit/537.36 (KHTML, like Gecko) Chrome/142.0.0.0 Safari/537.36"
115.239.229.207 - - [12/Apr/2026:13:32:37 +0800] "GET /logistics HTTP/1.1" 200 31189 "-" "Mozilla/5.0 (Windows NT 10.0; Win64; x64) AppleWebKit/537.36 (KHTML, like Gecko) Chrome/142.0.0.0 Safari/537.36"
115.239.229.207 - - [12/Apr/2026:13:32:40 +0800] "GET /wp-json/contact-form-7/v1/contact-forms/1444/feedback/schema HTTP/1.1" 200 270 "http://cqqizhou.com/logistics" "Mozilla/5.0 (Windows NT 10.0; Win64; x64) AppleWebKit/537.36 (KHTML, like Gecko) Chrome/142.0.0.0 Safari/537.36"
115.239.229.207 - - [12/Apr/2026:13:32:40 +0800] "GET /wp-json/contact-form-7/v1/contact-forms/1444/refill HTTP/1.1" 200 33 "http://cqqizhou.com/logistics" "Mozilla/5.0 (Windows NT 10.0; Win64; x64) AppleWebKit/537.36 (KHTML, like Gecko) Chrome/142.0.0.0 Safari/537.36"
115.239.229.207 - - [12/Apr/2026:13:32:41 +0800] "POST /wp-admin/admin-ajax.php HTTP/1.1" 499 0 "http://cqqizhou.com/logistics" "Mozilla/5.0 (Windows NT 10.0; Win64; x64) AppleWebKit/537.36 (KHTML, like Gecko) Chrome/142.0.0.0 Safari/537.36"
36.133.115.36 - - [12/Apr/2026:13:34:47 +0800] "POST /wp-cron.php?doing_wp_cron=1775972087.5957129001617431640625 HTTP/1.1" 200 31 "-" "WordPress/6.9; http://cqqizhou.com"
43.153.67.21 - - [12/Apr/2026:13:34:47 +0800] "GET /wp-content/uploads/2025/07/1753453127- HTTP/1.1" 404 8949 "-" "Mozilla/5.0 (iPhone; CPU iPhone OS 13_2_3 like Mac OS X) AppleWebKit/605.1.15 (KHTML, like Gecko) Version/13.0.3 Mobile/15E148 Safari/604.1"
36.133.115.36 - - [12/Apr/2026:13:43:14 +0800] "POST /wp-cron.php?doing_wp_cron=1775972594.5210719108581542968750 HTTP/1.1" 200 31 "-" "WordPress/6.9; http://cqqizhou.com"
43.153.85.46 - - [12/Apr/2026:13:43:14 +0800] "GET /wp-content/uploads/2025/07/1753453096- HTTP/1.1" 404 8950 "-" "Mozilla/5.0 (iPhone; CPU iPhone OS 13_2_3 like Mac OS X) AppleWebKit/605.1.15 (KHTML, like Gecko) Version/13.0.3 Mobile/15E148 Safari/604.1"
36.133.115.36 - - [12/Apr/2026:13:48:09 +0800] "POST /wp-cron.php?doing_wp_cron=1775972889.7096641063690185546875 HTTP/1.1" 200 31 "-" "WordPress/6.9; http://cqqizhou.com"
51.107.69.49 - - [12/Apr/2026:13:48:09 +0800] "GET / HTTP/1.1" 301 5 "-" "Mozilla/5.0 (Windows NT 10.0; Win64; x64) AppleWebKit/537.36 (KHTML, like Gecko) Chrome/122.0.0.0 Safari/537.36"
36.133.115.36 - - [12/Apr/2026:13:52:56 +0800] "POST /wp-cron.php?doing_wp_cron=1775973176.4210100173950195312500 HTTP/1.1" 200 31 "-" "WordPress/6.9; http://cqqizhou.com"
182.46.226.92 - - [12/Apr/2026:13:52:56 +0800] "GET / HTTP/1.1" 301 5 "-" "Go-http-client/1.1"
182.46.226.92 - - [12/Apr/2026:13:52:56 +0800] "GET / HTTP/1.1" 200 35158 "http://xa5.shaanxi.cn.antiddos.cspt.fullcone.cn" "Go-http-client/1.1"
36.133.115.36 - - [12/Apr/2026:13:54:37 +0800] "POST /wp-cron.php?doing_wp_cron=1775973277.0196039676666259765625 HTTP/1.1" 200 31 "-" "WordPress/6.9; http://cqqizhou.com"
43.159.128.247 - - [12/Apr/2026:13:54:37 +0800] "GET /wp-json/oembed/1.0/embed?url=http%3A%2F%2Fcqqizhou.com%2F HTTP/1.1" 200 1130 "-" "Mozilla/5.0 (iPhone; CPU iPhone OS 13_2_3 like Mac OS X) AppleWebKit/605.1.15 (KHTML, like Gecko) Version/13.0.3 Mobile/15E148 Safari/604.1"
36.133.115.36 - - [12/Apr/2026:14:04:29 +0800] "POST /wp-cron.php?doing_wp_cron=1775973869.1170730590820312500000 HTTP/1.1" 200 31 "-" "WordPress/6.9; http://cqqizhou.com"
66.249.74.9 - - [12/Apr/2026:14:04:29 +0800] "GET /media/2 HTTP/1.1" 200 25959 "-" "Mozilla/5.0 (Linux; Android 6.0.1; Nexus 5X Build/MMB29P) AppleWebKit/537.36 (KHTML, like Gecko) Chrome/146.0.7680.177 Mobile Safari/537.36 (compatible; Googlebot/2.1; +http://www.google.com/bot.html)"
36.133.115.36 - - [12/Apr/2026:14:08:54 +0800] "POST /wp-cron.php?doing_wp_cron=1775974134.1538910865783691406250 HTTP/1.1" 200 31 "-" "WordPress/6.9; http://cqqizhou.com"
198.12.115.18 - - [12/Apr/2026:14:08:54 +0800] "GET /1ImpbmN3 HTTP/1.1" 404 31365 "-" "Mozilla/5.0 (Windows NT 10.0; Win64; x64) AppleWebKit/537.36"
180.153.236.43 - - [12/Apr/2026:14:09:02 +0800] "GET / HTTP/1.1" 200 35158 "http://cqqizhou.com/" "User-Agent:Mozilla/5.0 (Windows NT 10.0; Win64; x64) AppleWebKit/537.36 (KHTML, like Gecko) Chrome/140.0.0.0 Safari/537.36 Edg/140.0.0.0; 360Spider"
36.133.115.36 - - [12/Apr/2026:14:18:51 +0800] "POST /wp-cron.php?doing_wp_cron=1775974731.5360829830169677734375 HTTP/1.1" 200 31 "-" "WordPress/6.9; http://cqqizhou.com"
120.226.50.76 - - [12/Apr/2026:14:18:51 +0800] "GET http://cqqizhou.com/news/2523 HTTP/1.1" 301 5 "http://cqqizhou.com/" "Mozilla/5.0 (Windows NT 10.0; Win64; x64) AppleWebKit/537.36 (KHTML, like Gecko) Chrome/131.0.0.0 Safari/537.36"
120.226.50.76 - - [12/Apr/2026:14:18:52 +0800] "GET http://cqqizhou.com/news/2518/6article_images_w900px HTTP/1.1" 301 5 "http://cqqizhou.com/" "Mozilla/5.0 (Windows NT 10.0; Win64; x64) AppleWebKit/537.36 (KHTML, like Gecko) Chrome/131.0.0.0 Safari/537.36"
120.226.50.76 - - [12/Apr/2026:14:18:58 +0800] "GET http://cqqizhou.com/wp-content/uploads/2026/03/1772790943-6Article_images_W900px.webp HTTP/1.1" 200 57278 "http://cqqizhou.com/" "Mozilla/5.0 (Windows NT 10.0; Win64; x64) AppleWebKit/537.36 (KHTML, like Gecko) Chrome/131.0.0.0 Safari/537.36"
198.244.240.12 - - [12/Apr/2026:14:20:17 +0800] "GET /bug HTTP/1.1" 200 12866 "-" "Mozilla/5.0 (compatible; AhrefsBot/7.0; +http://ahrefs.com/robot/)"
36.133.115.36 - - [12/Apr/2026:14:28:55 +0800] "POST /wp-cron.php?doing_wp_cron=1775975335.4659299850463867187500 HTTP/1.1" 200 31 "-" "WordPress/6.9; http://cqqizhou.com"
5.61.209.107 - - [12/Apr/2026:14:28:55 +0800] "GET /SDK/webLanguage HTTP/1.1" 301 5 "-" "Mozilla/5.0 (Windows NT 10.0; Win64; x64) AppleWebKit/537.36 (KHTML, like Gecko) Chrome/90.0.4430.85 Safari/537.36 Edg/90.0.818.46"
106.228.17.28 - - [12/Apr/2026:14:35:56 +0800] "GET /core/basic/fun.php HTTP/1.1" 404 47 "http://cqqizhou.com/core/basic/fun.php" "Mozilla/5.0 (Windows NT 6.1; WOW64) AppleWebKit/537.11 (KHTML, like Gecko) Chrome/23.0.1271.97 Safari/537.11"
36.133.115.36 - - [12/Apr/2026:14:36:52 +0800] "POST /wp-cron.php?doing_wp_cron=1775975812.6278159618377685546875 HTTP/1.1" 200 31 "-" "WordPress/6.9; http://cqqizhou.com"
165.232.98.100 - - [12/Apr/2026:14:36:52 +0800] "GET / HTTP/1.1" 301 5 "-" "Mozilla/5.0 (X11; Linux x86_64) AppleWebKit/537.36 (KHTML, like Gecko) Chrome/142.0.0.0 Safari/537.36"
36.133.115.36 - - [12/Apr/2026:14:49:18 +0800] "POST /wp-cron.php?doing_wp_cron=1775976558.4403688907623291015625 HTTP/1.1" 200 31 "-" "WordPress/6.9; http://cqqizhou.com"
119.84.246.117 - - [12/Apr/2026:14:49:18 +0800] "GET / HTTP/1.1" 301 5 "-" "-"
119.84.246.117 - - [12/Apr/2026:14:49:18 +0800] "GET / HTTP/1.1" 200 158581 "-" "-"
119.84.246.117 - - [12/Apr/2026:14:49:20 +0800] "GET / HTTP/1.1" 301 5 "-" "Mozilla/5.0 (Windows NT 6.1; WOW64; rv:14.0) Gecko/20100101 Firefox/14.0.1"
119.84.246.117 - - [12/Apr/2026:14:49:20 +0800] "GET / HTTP/1.1" 200 35158 "-" "Mozilla/5.0 (Windows NT 6.1; WOW64; rv:14.0) Gecko/20100101 Firefox/14.0.1"
119.84.246.117 - - [12/Apr/2026:14:49:21 +0800] "GET /wp-content/uploads/2025/07/1751425283-qizhou.kf_.qq_.com_.webp HTTP/1.1" 200 16864 "http://cqqizhou.com/" "Mozilla/5.0 (Windows NT 6.1; WOW64; rv:14.0) Gecko/20100101 Firefox/14.0.1"
119.84.246.117 - - [12/Apr/2026:14:49:21 +0800] "GET /wp-content/uploads/2025/07/1753453096-%E5%8F%8C%E7%9B%B8%E9%92%A2product_Single600%C3%97284.webp HTTP/1.1" 200 14562 "http://cqqizhou.com/" "Mozilla/5.0 (Windows NT 6.1; WOW64; rv:14.0) Gecko/20100101 Firefox/14.0.1"
119.84.246.117 - - [12/Apr/2026:14:49:21 +0800] "GET /wp-content/uploads/2025/07/1753456723-%E5%8F%8C%E7%9B%B8%E9%92%A2roduct_Single600.webp HTTP/1.1" 200 22790 "http://cqqizhou.com/" "Mozilla/5.0 (Windows NT 6.1; WOW64; rv:14.0) Gecko/20100101 Firefox/14.0.1"
119.84.246.117 - - [12/Apr/2026:14:49:21 +0800] "GET /wp-content/uploads/2025/07/1753456770-%E7%83%AD%E9%95%80%E9%94%8C%E5%8D%B7product_Single600.webp HTTP/1.1" 200 27502 "http://cqqizhou.com/" "Mozilla/5.0 (Windows NT 6.1; WOW64; rv:14.0) Gecko/20100101 Firefox/14.0.1"
119.84.246.117 - - [12/Apr/2026:14:49:21 +0800] "GET /wp-content/uploads/2025/07/1753453127-%E4%BD%99%E5%8D%B7product_Single600%C3%97284.webp HTTP/1.1" 200 18744 "http://cqqizhou.com/" "Mozilla/5.0 (Windows NT 6.1; WOW64; rv:14.0) Gecko/20100101 Firefox/14.0.1"
119.84.246.117 - - [12/Apr/2026:14:49:21 +0800] "GET /wp-content/uploads/2026/04/1775865780-1Article_images_W900px.webp HTTP/1.1" 200 41840 "http://cqqizhou.com/" "Mozilla/5.0 (Windows NT 6.1; WOW64; rv:14.0) Gecko/20100101 Firefox/14.0.1"
119.84.246.117 - - [12/Apr/2026:14:49:21 +0800] "GET /wp-content/uploads/2026/02/1769999241-4.2%E7%B1%B3%E9%AB%98%E6%A0%8F%E8%B4%A7%E8%BD%A6.webp HTTP/1.1" 200 54794 "http://cqqizhou.com/" "Mozilla/5.0 (Windows NT 6.1; WOW64; rv:14.0) Gecko/20100101 Firefox/14.0.1"
119.84.246.117 - - [12/Apr/2026:14:49:21 +0800] "GET /wp-content/uploads/2026/04/1775698332-Article_images_W900px.webp HTTP/1.1" 200 49852 "http://cqqizhou.com/" "Mozilla/5.0 (Windows NT 6.1; WOW64; rv:14.0) Gecko/20100101 Firefox/14.0.1"
119.84.246.117 - - [12/Apr/2026:14:49:21 +0800] "GET /wp-content/uploads/2026/04/1775195054-1Article_images_W900px.webp HTTP/1.1" 200 25562 "http://cqqizhou.com/" "Mozilla/5.0 (Windows NT 6.1; WOW64; rv:14.0) Gecko/20100101 Firefox/14.0.1"
119.84.246.117 - - [12/Apr/2026:14:49:21 +0800] "GET /wp-content/uploads/2025/07/1751864664-Logistics800x500_1.webp HTTP/1.1" 200 76914 "http://cqqizhou.com/" "Mozilla/5.0 (Windows NT 6.1; WOW64; rv:14.0) Gecko/20100101 Firefox/14.0.1"
36.133.115.36 - - [12/Apr/2026:14:51:08 +0800] "POST /wp-cron.php?doing_wp_cron=1775976668.1495149135589599609375 HTTP/1.1" 200 31 "-" "WordPress/6.9; http://cqqizhou.com"
198.12.115.18 - - [12/Apr/2026:14:51:08 +0800] "GET /1ImpbmN3 HTTP/1.1" 404 31365 "-" "Mozilla/5.0 (Windows NT 10.0; Win64; x64) AppleWebKit/537.36"
36.133.115.36 - - [12/Apr/2026:14:59:38 +0800] "POST /wp-cron.php?doing_wp_cron=1775977178.6173141002655029296875 HTTP/1.1" 200 31 "-" "WordPress/6.9; http://cqqizhou.com"
20.65.144.62 - - [12/Apr/2026:14:59:38 +0800] "GET /portal/redlion HTTP/1.1" 404 8949 "-" "Mozilla/5.0 zgrab/0.x"
36.133.115.36 - - [12/Apr/2026:15:32:50 +0800] "POST /wp-cron.php?doing_wp_cron=1775979170.7815430164337158203125 HTTP/1.1" 200 31 "-" "WordPress/6.9; http://cqqizhou.com"
101.33.81.73 - - [12/Apr/2026:15:32:50 +0800] "GET / HTTP/1.1" 301 5 "-" "Mozilla/5.0 (iPhone; CPU iPhone OS 13_2_3 like Mac OS X) AppleWebKit/605.1.15 (KHTML, like Gecko) Version/13.0.3 Mobile/15E148 Safari/604.1"
101.33.81.73 - - [12/Apr/2026:15:32:52 +0800] "GET / HTTP/1.1" 200 34723 "http://www.cqqizhou.com" "Mozilla/5.0 (iPhone; CPU iPhone OS 13_2_3 like Mac OS X) AppleWebKit/605.1.15 (KHTML, like Gecko) Version/13.0.3 Mobile/15E148 Safari/604.1"
120.233.109.33 - - [12/Apr/2026:15:41:42 +0800] "GET /services/processing HTTP/1.1" 200 23044 "-" "Mozilla/5.0 (Windows NT 10.0; Win64; x64) AppleWebKit/537.36 (KHTML, like Gecko) Chrome/104.0.5112.81 Safari/537.36"
36.133.115.36 - - [12/Apr/2026:15:41:44 +0800] "POST /wp-cron.php?doing_wp_cron=1775979704.0294959545135498046875 HTTP/1.1" 200 31 "-" "WordPress/6.9; http://cqqizhou.com"
121.43.117.231 - - [12/Apr/2026:15:41:44 +0800] "GET / HTTP/1.1" 301 5 "-" "Mozilla/5.0 (Windows NT 10.0; Win64; x64) AppleWebKit/537.36 (KHTML, like Gecko) Chrome/59.0.3071.115 Safari/537.36"
36.133.115.36 - - [12/Apr/2026:15:45:09 +0800] "POST /wp-cron.php?doing_wp_cron=1775979909.2539060115814208984375 HTTP/1.1" 200 31 "-" "WordPress/6.9; http://cqqizhou.com"
183.210.13.34 - - [12/Apr/2026:15:45:09 +0800] "GET /news/ HTTP/1.1" 301 5 "-" "Mozilla/5.0 (Macintosh; Intel Mac OS X 10_15_7) AppleWebKit/537.36 (KHTML, like Gecko) Chrome/140.0.0.0 Safari/537.36"
117.150.250.46 - - [12/Apr/2026:15:45:09 +0800] "GET /news HTTP/1.1" 200 20067 "http://cqqizhou.com/news/" "Mozilla/5.0 (Macintosh; Intel Mac OS X 10_15_7) AppleWebKit/537.36 (KHTML, like Gecko) Chrome/140.0.0.0 Safari/537.36"
51.195.215.92 - - [12/Apr/2026:15:47:01 +0800] "GET /news/page/2 HTTP/1.1" 200 26050 "-" "Mozilla/5.0 (compatible; AhrefsBot/7.0; +http://ahrefs.com/robot/)"
36.133.115.36 - - [12/Apr/2026:15:48:02 +0800] "POST /wp-cron.php?doing_wp_cron=1775980082.3089210987091064453125 HTTP/1.1" 200 31 "-" "WordPress/6.9; http://cqqizhou.com"
43.132.214.228 - - [12/Apr/2026:15:48:02 +0800] "GET / HTTP/1.1" 200 34723 "-" "Mozilla/5.0 (iPhone; CPU iPhone OS 13_2_3 like Mac OS X) AppleWebKit/605.1.15 (KHTML, like Gecko) Version/13.0.3 Mobile/15E148 Safari/604.1"
36.133.115.36 - - [12/Apr/2026:15:52:59 +0800] "POST /wp-cron.php?doing_wp_cron=1775980378.9729869365692138671875 HTTP/1.1" 200 31 "-" "WordPress/6.9; http://cqqizhou.com"
66.249.74.9 - - [12/Apr/2026:15:52:59 +0800] "GET /news/2464 HTTP/1.1" 200 19519 "-" "Mozilla/5.0 (Linux; Android 6.0.1; Nexus 5X Build/MMB29P) AppleWebKit/537.36 (KHTML, like Gecko) Chrome/146.0.7680.177 Mobile Safari/537.36 (compatible; Googlebot/2.1; +http://www.google.com/bot.html)"
36.133.115.36 - - [12/Apr/2026:15:54:12 +0800] "POST /wp-cron.php?doing_wp_cron=1775980452.6885640621185302734375 HTTP/1.1" 200 31 "-" "WordPress/6.9; http://cqqizhou.com"
79.124.40.174 - - [12/Apr/2026:15:54:12 +0800] "GET /actuator/gateway/routes HTTP/1.1" 301 5 "-" "Mozilla/5.0 (Windows NT 10.0; Win64; x64) AppleWebKit/537.36 (KHTML, like Gecko) Chrome/78.0.3904.108 Safari/537.36"
36.133.115.36 - - [12/Apr/2026:16:18:59 +0800] "POST /wp-cron.php?doing_wp_cron=1775981938.9548900127410888671875 HTTP/1.1" 200 31 "-" "WordPress/6.9; http://cqqizhou.com"
39.144.224.115 - - [12/Apr/2026:16:18:59 +0800] "GET /news/2527 HTTP/1.1" 200 20926 "-" "Mozilla/5.0 (iPhone; CPU iPhone OS 26_2_1 like Mac OS X) AppleWebKit/605.1.15 (KHTML, like Gecko) Mobile/15E148 MicroMessenger/8.0.70(0x18004635) NetType/4G Language/zh_CN"
39.144.224.115 - - [12/Apr/2026:16:18:59 +0800] "GET /wp-content/uploads/2026/03/1773722870-2Article_images_W900px.webp HTTP/1.1" 304 0 "http://cqqizhou.com/news/2527" "Mozilla/5.0 (iPhone; CPU iPhone OS 26_2_1 like Mac OS X) AppleWebKit/605.1.15 (KHTML, like Gecko) Mobile/15E148 MicroMessenger/8.0.70(0x18004635) NetType/4G Language/zh_CN"
39.144.224.115 - - [12/Apr/2026:16:18:59 +0800] "GET /wp-content/uploads/2026/03/1773722871-3Article_images_W900px.webp HTTP/1.1" 304 0 "http://cqqizhou.com/news/2527" "Mozilla/5.0 (iPhone; CPU iPhone OS 26_2_1 like Mac OS X) AppleWebKit/605.1.15 (KHTML, like Gecko) Mobile/15E148 MicroMessenger/8.0.70(0x18004635) NetType/4G Language/zh_CN"
39.144.224.115 - - [12/Apr/2026:16:18:59 +0800] "GET /wp-content/uploads/2026/03/1773722869-1Article_images_W900px.webp HTTP/1.1" 304 0 "http://cqqizhou.com/news/2527" "Mozilla/5.0 (iPhone; CPU iPhone OS 26_2_1 like Mac OS X) AppleWebKit/605.1.15 (KHTML, like Gecko) Mobile/15E148 MicroMessenger/8.0.70(0x18004635) NetType/4G Language/zh_CN"
39.144.224.115 - - [12/Apr/2026:16:18:59 +0800] "GET /wp-content/uploads/2026/04/1775865780-1Article_images_W900px.webp HTTP/1.1" 200 41840 "http://cqqizhou.com/news/2527" "Mozilla/5.0 (iPhone; CPU iPhone OS 26_2_1 like Mac OS X) AppleWebKit/605.1.15 (KHTML, like Gecko) Mobile/15E148 MicroMessenger/8.0.70(0x18004635) NetType/4G Language/zh_CN"
39.144.224.115 - - [12/Apr/2026:16:18:59 +0800] "GET /wp-content/uploads/2025/07/1773723158-Article_images_W900px.webp HTTP/1.1" 404 8949 "http://cqqizhou.com/news/2527" "Mozilla/5.0 (iPhone; CPU iPhone OS 26_2_1 like Mac OS X) AppleWebKit/605.1.15 (KHTML, like Gecko) Mobile/15E148 MicroMessenger/8.0.70(0x18004635) NetType/4G Language/zh_CN"
36.133.115.36 - - [12/Apr/2026:16:37:49 +0800] "POST /wp-cron.php?doing_wp_cron=1775983069.5550720691680908203125 HTTP/1.1" 200 31 "-" "WordPress/6.9; http://cqqizhou.com"
93.123.72.166 - - [12/Apr/2026:16:37:49 +0800] "GET /SDK/webLanguage HTTP/1.1" 301 5 "-" "Mozilla/5.0 (Windows NT 10.0; Win64; x64) AppleWebKit/537.36 (KHTML, like Gecko) Chrome/90.0.4430.85 Safari/537.36 Edg/90.0.818.46"
36.133.115.36 - - [12/Apr/2026:16:38:45 +0800] "POST /wp-cron.php?doing_wp_cron=1775983125.0924830436706542968750 HTTP/1.1" 200 31 "-" "WordPress/6.9; http://cqqizhou.com"
204.76.203.206 - - [12/Apr/2026:16:38:45 +0800] "GET / HTTP/1.1" 200 34723 "-" "Mozilla/5.0 (Windows NT 10.0; Win64; x64) AppleWebKit/537.36 (KHTML, like Gecko) Chrome/90.0.4430.85 Safari/537.36 Edg/90.0.818.46"
36.133.115.36 - - [12/Apr/2026:17:12:46 +0800] "POST /wp-cron.php?doing_wp_cron=1775985165.9610340595245361328125 HTTP/1.1" 200 31 "-" "WordPress/6.9; http://cqqizhou.com"
43.166.244.66 - - [12/Apr/2026:17:12:46 +0800] "GET / HTTP/1.1" 200 34723 "-" "Mozilla/5.0 (iPhone; CPU iPhone OS 13_2_3 like Mac OS X) AppleWebKit/605.1.15 (KHTML, like Gecko) Version/13.0.3 Mobile/15E148 Safari/604.1"
112.238.91.151 - - [12/Apr/2026:17:14:36 +0800] "GET http://cqqizhou.com/wp-content/uploads/2026/02/1769999335-17.5%E7%B1%B3%E5%B9%B3%E6%9D%BF%E8%B4%A7%E8%BD%A6.webp HTTP/1.1" 200 56978 "http://cqqizhou.com/" "Mozilla/5.0 (Windows NT 10.0; Win64; x64) AppleWebKit/537.36 (KHTML, like Gecko) Chrome/109.0.0.0 Safari/537.36"
36.133.115.36 - - [12/Apr/2026:17:23:29 +0800] "POST /wp-cron.php?doing_wp_cron=1775985809.8203070163726806640625 HTTP/1.1" 200 31 "-" "WordPress/6.9; http://cqqizhou.com"
198.244.168.168 - - [12/Apr/2026:17:23:29 +0800] "GET /news/page/4 HTTP/1.1" 200 23188 "-" "Mozilla/5.0 (compatible; AhrefsBot/7.0; +http://ahrefs.com/robot/)"
36.133.115.36 - - [12/Apr/2026:17:31:11 +0800] "POST /wp-cron.php?doing_wp_cron=1775986271.3748850822448730468750 HTTP/1.1" 200 31 "-" "WordPress/6.9; http://cqqizhou.com"
155.117.98.111 - - [12/Apr/2026:17:31:11 +0800] "GET /.npmrc HTTP/1.1" 404 8949 "-" "Mozilla/5.0 (Windows NT 10.0; Win64; x64)"
36.133.115.36 - - [12/Apr/2026:17:37:12 +0800] "POST /wp-cron.php?doing_wp_cron=1775986632.0668859481811523437500 HTTP/1.1" 200 31 "-" "WordPress/6.9; http://cqqizhou.com"
187.33.144.19 - - [12/Apr/2026:17:37:12 +0800] "GET / HTTP/1.1" 301 5 "-" "Go-http-client/1.1"
187.33.144.19 - - [12/Apr/2026:17:37:12 +0800] "GET / HTTP/1.1" 200 35158 "http://36.133.115.36" "Go-http-client/1.1"
48.192.92.20 - - [12/Apr/2026:17:38:26 +0800] "GET /news/2475 HTTP/1.1" 200 26716 "-" "Mozilla/5.0 (Windows NT 10.0; Win64; x64) AppleWebKit/537.36 (KHTML, like Gecko) Chrome/131.0.0.0 Safari/537.36 Edg/131.0.0.0"
36.133.115.36 - - [12/Apr/2026:17:53:41 +0800] "POST /wp-cron.php?doing_wp_cron=1775987621.8145740032196044921875 HTTP/1.1" 200 31 "-" "WordPress/6.9; http://cqqizhou.com"
204.76.203.206 - - [12/Apr/2026:17:53:41 +0800] "GET / HTTP/1.1" 200 34723 "-" "Mozilla/5.0 (Windows NT 10.0; Win64; x64) AppleWebKit/537.36 (KHTML, like Gecko) Chrome/90.0.4430.85 Safari/537.36 Edg/90.0.818.46"
36.133.115.36 - - [12/Apr/2026:17:59:10 +0800] "POST /wp-cron.php?doing_wp_cron=1775987950.2912430763244628906250 HTTP/1.1" 200 31 "-" "WordPress/6.9; http://cqqizhou.com"
20.65.194.104 - - [12/Apr/2026:17:59:10 +0800] "GET /druid/index.html HTTP/1.1" 404 8948 "-" "Mozilla/5.0 zgrab/0.x"
36.133.115.36 - - [12/Apr/2026:18:01:05 +0800] "POST /wp-cron.php?doing_wp_cron=1775988065.6450750827789306640625 HTTP/1.1" 200 31 "-" "WordPress/6.9; http://cqqizhou.com"
23.234.49.222 - - [12/Apr/2026:18:01:05 +0800] "GET / HTTP/1.1" 301 5 "-" "Mozilla/5.0 (Windows NT 10.0; Win64; x64) AppleWebKit/537.36 (KHTML, like Gecko) Chrome/97.0.4280.67 Safari/537.36 Edg/97.0.664.52"
23.234.49.222 - - [12/Apr/2026:18:01:06 +0800] "GET / HTTP/1.1" 200 35158 "-" "Mozilla/5.0 (Windows NT 10.0; Win64; x64) AppleWebKit/537.36 (KHTML, like Gecko) Chrome/97.0.4280.67 Safari/537.36 Edg/97.0.664.52"
36.133.115.36 - - [12/Apr/2026:18:12:10 +0800] "POST /wp-cron.php?doing_wp_cron=1775988730.5888030529022216796875 HTTP/1.1" 200 31 "-" "WordPress/6.9; http://cqqizhou.com"
87.121.84.8 - - [12/Apr/2026:18:12:11 +0800] "GET / HTTP/1.1" 200 156922 "-" "-"
36.133.115.36 - - [12/Apr/2026:18:17:28 +0800] "POST /wp-cron.php?doing_wp_cron=1775989048.5887699127197265625000 HTTP/1.1" 200 31 "-" "WordPress/6.9; http://cqqizhou.com"
112.52.43.136 - - [12/Apr/2026:18:17:28 +0800] "GET http://cqqizhou.com/wp-content/uploads/2025/07/1751826322-Services_images_W900px.webp%20900w,%20http://cqqizhou.com/wp-content/uploads/2025/07/1751826322-Services_images_W900px-300x169.webp%20300w,%20http://cqqizhou.com/wp-content/uploads/2025/07/1751826322-Services_images_W900px-768x432.webp%20768w HTTP/1.1" 301 5 "http://cqqizhou.com/" "Mozilla/5.0 (Windows NT 10.0; Win64; x64) AppleWebKit/537.36 (KHTML, like Gecko) Chrome/111.0.0.0 Safari/537.36"
139.155.251.155 - - [12/Apr/2026:18:17:32 +0800] "GET /wp-content/uploads/2025/07/1751826322-Services_images_W900px.webp%20900w,%20http://cqqizhou.com/wp-content/uploads/2025/07/1751826322-Services_images_W900px-300x169.webp%20300w,%20http://cqqizhou.com/wp-content/uploads/2025/07/1751826322-Services_images_W900px-768x432.webp%20768w HTTP/1.1" 301 5 "http://cqqizhou.com/" "Mozilla/5.0 (Windows NT 10.0; Win64; x64) AppleWebKit/537.36 (KHTML, like Gecko) Chrome/111.0.0.0 Safari/537.36"
139.155.251.155 - - [12/Apr/2026:18:17:33 +0800] "GET /wp-content/uploads/2025/07/1751826322-Services_images_W900px.webp%20900w,%20http:/cqqizhou.com/wp-content/uploads/2025/07/1751826322-Services_images_W900px-300x169.webp%20300w,%20http:/cqqizhou.com/wp-content/uploads/2025/07/1751826322-Services_images_W900px-768x432.webp%20768w HTTP/1.1" 404 8949 "http://cqqizhou.com/" "Mozilla/5.0 (Windows NT 10.0; Win64; x64) AppleWebKit/537.36 (KHTML, like Gecko) Chrome/111.0.0.0 Safari/537.36"
36.133.115.36 - - [12/Apr/2026:18:50:30 +0800] "POST /wp-cron.php?doing_wp_cron=1775991030.9521319866180419921875 HTTP/1.1" 200 31 "-" "WordPress/6.9; http://cqqizhou.com"
87.121.84.27 - - [12/Apr/2026:18:50:32 +0800] "GET / HTTP/1.1" 200 156922 "-" "-"
36.133.115.36 - - [12/Apr/2026:19:08:28 +0800] "POST /wp-cron.php?doing_wp_cron=1775992108.5048320293426513671875 HTTP/1.1" 200 31 "-" "WordPress/6.9; http://cqqizhou.com"
220.181.108.112 - - [12/Apr/2026:19:08:28 +0800] "GET /industry/ HTTP/1.1" 301 5 "-" "Mozilla/5.0 (compatible; Baiduspider/2.0; +http://www.baidu.com/search/spider.html)"
220.181.108.114 - - [12/Apr/2026:19:08:28 +0800] "GET /industry HTTP/1.1" 200 24637 "-" "Mozilla/5.0 (compatible; Baiduspider/2.0; +http://www.baidu.com/search/spider.html)"
220.181.51.88 - - [12/Apr/2026:19:08:44 +0800] "GET /robots.txt HTTP/1.1" 200 190 "-" "Mozilla/5.0 (Windows NT 10.0; WOW64) AppleWebKit/537.36 (KHTML, like Gecko) Chrome/48.0.2564.116 Safari/537.36"
36.133.115.36 - - [12/Apr/2026:19:09:45 +0800] "POST /wp-cron.php?doing_wp_cron=1775992185.0926148891448974609375 HTTP/1.1" 200 31 "-" "WordPress/6.9; http://cqqizhou.com"
220.181.51.85 - - [12/Apr/2026:19:09:45 +0800] "GET /robots.txt HTTP/1.1" 200 190 "-" "Mozilla/5.0 (Windows NT 10.0; WOW64) AppleWebKit/537.36 (KHTML, like Gecko) Chrome/48.0.2564.116 Safari/537.36"
36.133.115.36 - - [12/Apr/2026:19:14:24 +0800] "POST /wp-cron.php?doing_wp_cron=1775992464.6199328899383544921875 HTTP/1.1" 200 31 "-" "WordPress/6.9; http://cqqizhou.com"
123.187.240.242 - - [12/Apr/2026:19:14:24 +0800] "GET / HTTP/1.1" 301 5 "-" "Mozilla/5.0 (iPhone; CPU iPhone OS 13_2_3 like Mac OS X) AppleWebKit/605.1.15 (KHTML, like Gecko) Version/13.0.3 Mobile/15E148 Safari/604.1"
36.133.115.36 - - [12/Apr/2026:19:15:28 +0800] "POST /wp-cron.php?doing_wp_cron=1775992528.3644990921020507812500 HTTP/1.1" 200 31 "-" "WordPress/6.9; http://cqqizhou.com"
43.173.1.57 - - [12/Apr/2026:19:15:28 +0800] "GET / HTTP/1.1" 301 5 "-" "Mozilla/5.0 (iPhone; CPU iPhone OS 13_2_3 like Mac OS X) AppleWebKit/605.1.15 (KHTML, like Gecko) Version/13.0.3 Mobile/15E148 Safari/604.1"
43.173.1.57 - - [12/Apr/2026:19:15:30 +0800] "GET / HTTP/1.1" 200 34723 "http://36.133.115.36" "Mozilla/5.0 (iPhone; CPU iPhone OS 13_2_3 like Mac OS X) AppleWebKit/605.1.15 (KHTML, like Gecko) Version/13.0.3 Mobile/15E148 Safari/604.1"
36.133.115.36 - - [12/Apr/2026:19:37:37 +0800] "POST /wp-cron.php?doing_wp_cron=1775993857.0135889053344726562500 HTTP/1.1" 200 31 "-" "WordPress/6.9; http://cqqizhou.com"
87.121.84.8 - - [12/Apr/2026:19:37:37 +0800] "GET / HTTP/1.1" 200 156922 "-" "-"
36.133.115.36 - - [12/Apr/2026:19:48:19 +0800] "POST /wp-cron.php?doing_wp_cron=1775994499.3042700290679931640625 HTTP/1.1" 200 31 "-" "WordPress/6.9; http://cqqizhou.com"
223.150.71.69 - - [12/Apr/2026:19:48:19 +0800] "GET /contacts/ HTTP/1.1" 301 5 "-" "Mozilla/5.0 (Windows NT 10.0; Win64; x64) AppleWebKit/537.36 (KHTML, like Gecko) Chrome/136.0.0.0 Safari/537.36"
223.150.71.69 - - [12/Apr/2026:19:48:19 +0800] "GET http://cqqizhou.com/contacts HTTP/1.1" 200 21618 "-" "Mozilla/5.0 (Windows NT 10.0; Win64; x64) AppleWebKit/537.36 (KHTML, like Gecko) Chrome/136.0.0.0 Safari/537.36"
27.10.132.24 - - [12/Apr/2026:19:48:44 +0800] "GET /contacts/ HTTP/1.1" 301 5 "-" "Mozilla/5.0 (Windows NT 10.0; Win64; x64) AppleWebKit/537.36 (KHTML, like Gecko) Chrome/136.0.0.0 Safari/537.36"
27.10.132.24 - - [12/Apr/2026:19:48:44 +0800] "GET http://cqqizhou.com/contacts HTTP/1.1" 200 21618 "-" "Mozilla/5.0 (Windows NT 10.0; Win64; x64) AppleWebKit/537.36 (KHTML, like Gecko) Chrome/136.0.0.0 Safari/537.36"
220.181.108.144 - - [12/Apr/2026:19:52:07 +0800] "GET /wp-content/uploads/2026/03/1772790943-2Article_images_W900px.webp HTTP/1.1" 200 45662 "-" "Mozilla/5.0 (compatible; Baiduspider/2.0; +http://www.baidu.com/search/spider.html)"
123.57.13.121 - - [12/Apr/2026:21:02:44 +0800] "GET / HTTP/1.1" 200 35158 "-" "Mozilla/5.0 (Windows NT 10.0; Win64; x64) AppleWebKit/537.36 (KHTML, like Gecko) Chrome/104.0.0.0 Safari/537.36"
36.133.115.36 - - [12/Apr/2026:21:02:52 +0800] "POST /wp-cron.php?doing_wp_cron=1775998972.5729129314422607421875 HTTP/1.1" 200 31 "-" "WordPress/6.9; http://cqqizhou.com"
110.249.201.82 - - [12/Apr/2026:21:02:52 +0800] "GET /robots.txt HTTP/1.1" 200 190 "-" "Mozilla/5.0 (Linux; Android 5.0) AppleWebKit/537.36 (KHTML, like Gecko) Mobile Safari/537.36 (compatible; Bytespider; https://zhanzhang.toutiao.com/)"
220.181.108.165 - - [12/Apr/2026:21:02:58 +0800] "GET /about/ HTTP/1.1" 301 5 "-" "Mozilla/5.0 (compatible; Baiduspider/2.0; +http://www.baidu.com/search/spider.html)"
220.181.108.158 - - [12/Apr/2026:21:02:58 +0800] "GET /about HTTP/1.1" 200 24538 "-" "Mozilla/5.0 (compatible; Baiduspider/2.0; +http://www.baidu.com/search/spider.html)"
116.179.37.103 - - [12/Apr/2026:21:03:13 +0800] "GET /wp-content/uploads/2025/07/1750945637-honor300%C3%97206_5.webp HTTP/1.1" 200 77368 "http://cqqizhou.com/about" "Mozilla/5.0 (compatible; Baiduspider-render/2.0; +http://www.baidu.com/search/spider.html)"
116.179.37.200 - - [12/Apr/2026:21:03:13 +0800] "GET /wp-content/uploads/2025/07/1750945650-honor300%C3%97206_6.webp HTTP/1.1" 200 66306 "http://cqqizhou.com/about" "Mozilla/5.0 (compatible; Baiduspider-render/2.0; +http://www.baidu.com/search/spider.html)"
36.133.115.36 - - [12/Apr/2026:21:09:53 +0800] "POST /wp-cron.php?doing_wp_cron=1775999393.7708160877227783203125 HTTP/1.1" 200 31 "-" "WordPress/6.9; http://cqqizhou.com"
206.0.29.147 - - [12/Apr/2026:21:09:53 +0800] "GET / HTTP/1.1" 301 5 "-" "Go-http-client/1.1"
183.207.45.108 - - [12/Apr/2026:21:18:11 +0800] "GET / HTTP/1.1" 200 158581 "-" "Mozilla/5.0 (Windows NT 10.0; Win64; x64) AppleWebKit/537.36 (KHTML, like Gecko) Chrome/59.0.3071.104 Safari/537.36"
36.133.115.36 - - [12/Apr/2026:21:30:07 +0800] "POST /wp-cron.php?doing_wp_cron=1776000607.2467350959777832031250 HTTP/1.1" 200 31 "-" "WordPress/6.9; http://cqqizhou.com"
220.181.108.110 - - [12/Apr/2026:21:30:07 +0800] "GET /about/ HTTP/1.1" 301 5 "-" "Mozilla/5.0 (Linux;u;Android 4.2.2;zh-cn;) AppleWebKit/534.46 (KHTML,like Gecko) Version/5.1 Mobile Safari/10600.6.3 (compatible; Baiduspider/2.0; +http://www.baidu.com/search/spider.html)"
220.181.108.102 - - [12/Apr/2026:21:30:08 +0800] "GET /about HTTP/1.1" 200 24159 "-" "Mozilla/5.0 (Linux;u;Android 4.2.2;zh-cn;) AppleWebKit/534.46 (KHTML,like Gecko) Version/5.1 Mobile Safari/10600.6.3 (compatible; Baiduspider/2.0; +http://www.baidu.com/search/spider.html)"
36.133.115.36 - - [12/Apr/2026:21:33:02 +0800] "POST /wp-cron.php?doing_wp_cron=1776000782.7332959175109863281250 HTTP/1.1" 200 31 "-" "WordPress/6.9; http://cqqizhou.com"
66.249.74.8 - - [12/Apr/2026:21:33:02 +0800] "GET /news/tag/%E5%90%AF%E8%88%9F%E7%AE%A1%E7%90%86 HTTP/1.1" 200 17697 "-" "Mozilla/5.0 (Linux; Android 6.0.1; Nexus 5X Build/MMB29P) AppleWebKit/537.36 (KHTML, like Gecko) Chrome/146.0.7680.177 Mobile Safari/537.36 (compatible; GoogleOther)"
36.133.115.36 - - [12/Apr/2026:21:46:03 +0800] "POST /wp-cron.php?doing_wp_cron=1776001563.8957419395446777343750 HTTP/1.1" 200 31 "-" "WordPress/6.9; http://cqqizhou.com"
216.9.224.75 - - [12/Apr/2026:21:46:03 +0800] "POST /boaform/admin/formLogin HTTP/1.1" 404 8949 "http://36.133.115.36:80/admin/login.asp" "Mozilla/5.0 (X11; Ubuntu; Linux x86_64; rv:71.0) Gecko/20100101 Firefox/71.0"
36.133.115.36 - - [12/Apr/2026:21:57:04 +0800] "POST /wp-cron.php?doing_wp_cron=1776002224.8334119319915771484375 HTTP/1.1" 200 31 "-" "WordPress/6.9; http://cqqizhou.com"
71.132.43.3 - - [12/Apr/2026:21:57:04 +0800] "GET /2418/ HTTP/1.1" 301 5 "-" "Mozilla/5.0 (Linux; Android 10; HD1900 Build/QKQ1.190716.003; wv) AppleWebKit/537.36 (KHTML, like Gecko) Version/4.0 Chrome/75.0.3770.156 Mobile Safari/537.36  aweme_230400 JsSdk/1.0 NetType/WIFI  AppName/aweme app_version/23.4.0 ByteLocale/zh-CN Region/CN AppSkin/white AppTheme/light BytedanceWebview/d8a21c6 WebView/075113004008"
71.132.43.3 - - [12/Apr/2026:21:57:05 +0800] "GET /news/2418 HTTP/1.1" 200 23248 "-" "Mozilla/5.0 (Linux; Android 10; HD1900 Build/QKQ1.190716.003; wv) AppleWebKit/537.36 (KHTML, like Gecko) Version/4.0 Chrome/75.0.3770.156 Mobile Safari/537.36  aweme_230400 JsSdk/1.0 NetType/WIFI  AppName/aweme app_version/23.4.0 ByteLocale/zh-CN Region/CN AppSkin/white AppTheme/light BytedanceWebview/d8a21c6 WebView/075113004008"
71.132.43.3 - - [12/Apr/2026:21:57:05 +0800] "GET /wp-content/uploads/revslider/slider-1/1750861156-logistics_Slider_3840%C3%972160_20250625191356-scaled-768x432.webp HTTP/1.1" 200 31912 "http://cqqizhou.com/news/2418" "Mozilla/5.0 (Linux; Android 10; HD1900 Build/QKQ1.190716.003; wv) AppleWebKit/537.36 (KHTML, like Gecko) Version/4.0 Chrome/75.0.3770.156 Mobile Safari/537.36  aweme_230400 JsSdk/1.0 NetType/WIFI  AppName/aweme app_version/23.4.0 ByteLocale/zh-CN Region/CN AppSkin/white AppTheme/light BytedanceWebview/d8a21c6 WebView/075113004008"
71.132.43.3 - - [12/Apr/2026:21:57:05 +0800] "GET /wp-content/uploads/2026/04/1775195054-1Article_images_W900px-768x432.webp HTTP/1.1" 200 26908 "http://cqqizhou.com/news/2418" "Mozilla/5.0 (Linux; Android 10; HD1900 Build/QKQ1.190716.003; wv) AppleWebKit/537.36 (KHTML, like Gecko) Version/4.0 Chrome/75.0.3770.156 Mobile Safari/537.36  aweme_230400 JsSdk/1.0 NetType/WIFI  AppName/aweme app_version/23.4.0 ByteLocale/zh-CN Region/CN AppSkin/white AppTheme/light BytedanceWebview/d8a21c6 WebView/075113004008"
71.132.43.3 - - [12/Apr/2026:21:57:05 +0800] "GET /wp-content/uploads/2026/04/1775698332-Article_images_W900px-768x432.webp HTTP/1.1" 200 50430 "http://cqqizhou.com/news/2418" "Mozilla/5.0 (Linux; Android 10; HD1900 Build/QKQ1.190716.003; wv) AppleWebKit/537.36 (KHTML, like Gecko) Version/4.0 Chrome/75.0.3770.156 Mobile Safari/537.36  aweme_230400 JsSdk/1.0 NetType/WIFI  AppName/aweme app_version/23.4.0 ByteLocale/zh-CN Region/CN AppSkin/white AppTheme/light BytedanceWebview/d8a21c6 WebView/075113004008"
71.132.43.3 - - [12/Apr/2026:21:57:05 +0800] "GET /wp-content/uploads/2025/07/1751425283-qizhou.kf_.qq_.com_.webp HTTP/1.1" 200 16864 "http://cqqizhou.com/news/2418" "Mozilla/5.0 (Linux; Android 10; HD1900 Build/QKQ1.190716.003; wv) AppleWebKit/537.36 (KHTML, like Gecko) Version/4.0 Chrome/75.0.3770.156 Mobile Safari/537.36  aweme_230400 JsSdk/1.0 NetType/WIFI  AppName/aweme app_version/23.4.0 ByteLocale/zh-CN Region/CN AppSkin/white AppTheme/light BytedanceWebview/d8a21c6 WebView/075113004008"
71.132.43.3 - - [12/Apr/2026:21:57:06 +0800] "GET /wp-content/uploads/2025/07/1753410289-News2000%C3%97400_202571.webp HTTP/1.1" 200 17830 "http://cqqizhou.com/news/2418" "Mozilla/5.0 (Linux; Android 10; HD1900 Build/QKQ1.190716.003; wv) AppleWebKit/537.36 (KHTML, like Gecko) Version/4.0 Chrome/75.0.3770.156 Mobile Safari/537.36  aweme_230400 JsSdk/1.0 NetType/WIFI  AppName/aweme app_version/23.4.0 ByteLocale/zh-CN Region/CN AppSkin/white AppTheme/light BytedanceWebview/d8a21c6 WebView/075113004008"
220.181.108.177 - - [12/Apr/2026:21:57:15 +0800] "GET /wp-content/uploads/2026/03/1772790943-1Article_images_W900px.webp HTTP/1.1" 304 0 "-" "Mozilla/5.0 (compatible; Baiduspider/2.0; +http://www.baidu.com/search/spider.html)"
36.133.115.36 - - [12/Apr/2026:22:07:02 +0800] "POST /wp-cron.php?doing_wp_cron=1776002822.8536550998687744140625 HTTP/1.1" 200 31 "-" "WordPress/6.9; http://cqqizhou.com"
124.156.226.179 - - [12/Apr/2026:22:07:02 +0800] "GET / HTTP/1.1" 301 5 "-" "Mozilla/5.0 (iPhone; CPU iPhone OS 13_2_3 like Mac OS X) AppleWebKit/605.1.15 (KHTML, like Gecko) Version/13.0.3 Mobile/15E148 Safari/604.1"
124.156.226.179 - - [12/Apr/2026:22:07:04 +0800] "GET / HTTP/1.1" 200 34725 "http://www.cqqizhou.com" "Mozilla/5.0 (iPhone; CPU iPhone OS 13_2_3 like Mac OS X) AppleWebKit/605.1.15 (KHTML, like Gecko) Version/13.0.3 Mobile/15E148 Safari/604.1"
36.133.115.36 - - [12/Apr/2026:22:24:27 +0800] "POST /wp-cron.php?doing_wp_cron=1776003867.5516679286956787109375 HTTP/1.1" 200 31 "-" "WordPress/6.9; http://cqqizhou.com"
220.181.108.165 - - [12/Apr/2026:22:24:27 +0800] "GET /news/2155 HTTP/1.1" 200 28970 "-" "Mozilla/5.0 (compatible; Baiduspider/2.0; +http://www.baidu.com/search/spider.html)"
49.51.245.241 - - [12/Apr/2026:22:24:37 +0800] "GET / HTTP/1.1" 200 34725 "-" "Mozilla/5.0 (iPhone; CPU iPhone OS 13_2_3 like Mac OS X) AppleWebKit/605.1.15 (KHTML, like Gecko) Version/13.0.3 Mobile/15E148 Safari/604.1"
36.133.115.36 - - [12/Apr/2026:22:34:49 +0800] "POST /wp-cron.php?doing_wp_cron=1776004489.0228691101074218750000 HTTP/1.1" 200 31 "-" "WordPress/6.9; http://cqqizhou.com"
27.124.17.170 - - [12/Apr/2026:22:34:49 +0800] "GET /admin/Login.aspx HTTP/1.1" 404 8949 "-" "Mozilla/5.0 (Windows NT 5.1) AppleWebKit/537.36 (KHTML, like Gecko) Chrome/41.0.2224.3 Safari/537.36"
36.133.115.36 - - [12/Apr/2026:22:39:27 +0800] "POST /wp-cron.php?doing_wp_cron=1776004767.0252170562744140625000 HTTP/1.1" 200 31 "-" "WordPress/6.9; http://cqqizhou.com"
34.230.72.200 - - [12/Apr/2026:22:39:27 +0800] "GET / HTTP/1.1" 301 5 "-" "Mozilla/5.0 (Windows NT 10.0; Win64; x64) AppleWebKit/537.36 (KHTML, like Gecko) Chrome/136.0.0.0 Safari/537.36"
158.158.73.158 - - [12/Apr/2026:22:53:22 +0800] "GET /wp-content/plugins/hellopress/wp_filemanager.php HTTP/1.1" 404 27 "-" "-"
158.158.73.158 - - [12/Apr/2026:22:53:22 +0800] "GET /flower.php HTTP/1.1" 404 27 "-" "-"
158.158.73.158 - - [12/Apr/2026:22:53:22 +0800] "GET /a7.php HTTP/1.1" 404 27 "-" "-"
158.158.73.158 - - [12/Apr/2026:22:53:22 +0800] "GET /doc.php HTTP/1.1" 404 27 "-" "-"
158.158.73.158 - - [12/Apr/2026:22:53:23 +0800] "GET /mifta.php HTTP/1.1" 404 27 "-" "-"
158.158.73.158 - - [12/Apr/2026:22:53:23 +0800] "GET /Geforce.php HTTP/1.1" 404 27 "-" "-"
158.158.73.158 - - [12/Apr/2026:22:53:23 +0800] "GET /packsin1.php HTTP/1.1" 404 27 "-" "-"
158.158.73.158 - - [12/Apr/2026:22:53:24 +0800] "GET /xs.php HTTP/1.1" 404 27 "-" "-"
158.158.73.158 - - [12/Apr/2026:22:53:24 +0800] "GET /son1.php HTTP/1.1" 404 27 "-" "-"
158.158.73.158 - - [12/Apr/2026:22:53:24 +0800] "GET /wp-includes/theme-compat/wp-login.php HTTP/1.1" 404 27 "-" "-"
158.158.73.158 - - [12/Apr/2026:22:53:27 +0800] "GET /aboute.php HTTP/1.1" 404 27 "-" "-"
158.158.73.158 - - [12/Apr/2026:22:53:27 +0800] "GET /pp.php HTTP/1.1" 404 27 "-" "-"
158.158.73.158 - - [12/Apr/2026:22:53:27 +0800] "GET /ng.php HTTP/1.1" 404 27 "-" "-"
158.158.73.158 - - [12/Apr/2026:22:53:28 +0800] "GET /tiny2.php HTTP/1.1" 404 27 "-" "-"
158.158.73.158 - - [12/Apr/2026:22:53:28 +0800] "GET /state.php HTTP/1.1" 404 27 "-" "-"
158.158.73.158 - - [12/Apr/2026:22:53:28 +0800] "GET /2.php HTTP/1.1" 404 27 "-" "-"
158.158.73.158 - - [12/Apr/2026:22:53:28 +0800] "GET /wps.php HTTP/1.1" 404 27 "-" "-"
158.158.73.158 - - [12/Apr/2026:22:53:29 +0800] "GET /ayk.php HTTP/1.1" 404 27 "-" "-"
158.158.73.158 - - [12/Apr/2026:22:53:29 +0800] "GET /wgift1.php HTTP/1.1" 404 27 "-" "-"
158.158.73.158 - - [12/Apr/2026:22:53:30 +0800] "GET /ss.php HTTP/1.1" 404 27 "-" "-"
158.158.73.158 - - [12/Apr/2026:22:53:30 +0800] "GET /tx79.php HTTP/1.1" 404 27 "-" "-"
158.158.73.158 - - [12/Apr/2026:22:53:30 +0800] "GET /7.php HTTP/1.1" 404 27 "-" "-"
158.158.73.158 - - [12/Apr/2026:22:53:30 +0800] "GET /wp-admin/images/admin.php HTTP/1.1" 404 27 "-" "-"
158.158.73.158 - - [12/Apr/2026:22:53:31 +0800] "GET /config.php HTTP/1.1" 404 27 "-" "-"
158.158.73.158 - - [12/Apr/2026:22:53:31 +0800] "GET /gecko.php HTTP/1.1" 404 27 "-" "-"
36.133.115.36 - - [12/Apr/2026:22:53:32 +0800] "POST /wp-cron.php?doing_wp_cron=1776005612.4638900756835937500000 HTTP/1.1" 200 31 "-" "WordPress/6.9; http://cqqizhou.com"
158.158.73.158 - - [12/Apr/2026:22:53:32 +0800] "GET /tiny HTTP/1.1" 404 31365 "-" "-"
158.158.73.158 - - [12/Apr/2026:22:53:32 +0800] "GET /tiny.php HTTP/1.1" 404 27 "-" "-"
158.158.73.158 - - [12/Apr/2026:22:53:33 +0800] "GET /eFpU3yHnriNNLtvdefault.php HTTP/1.1" 404 27 "-" "-"
158.158.73.158 - - [12/Apr/2026:22:53:33 +0800] "GET /class-wp-image.php HTTP/1.1" 404 27 "-" "-"
158.158.73.158 - - [12/Apr/2026:22:53:33 +0800] "GET /8.php HTTP/1.1" 404 27 "-" "-"
158.158.73.158 - - [12/Apr/2026:22:53:33 +0800] "GET /sadcut1.php HTTP/1.1" 404 27 "-" "-"
158.158.73.158 - - [12/Apr/2026:22:53:34 +0800] "GET /footer.php HTTP/1.1" 404 27 "-" "-"
158.158.73.158 - - [12/Apr/2026:22:53:34 +0800] "GET /img.php HTTP/1.1" 404 27 "-" "-"
158.158.73.158 - - [12/Apr/2026:22:53:34 +0800] "GET /12.php HTTP/1.1" 404 27 "-" "-"
158.158.73.158 - - [12/Apr/2026:22:53:34 +0800] "GET /xwx1.php HTTP/1.1" 404 27 "-" "-"
158.158.73.158 - - [12/Apr/2026:22:53:35 +0800] "GET /xff.php HTTP/1.1" 404 27 "-" "-"
158.158.73.158 - - [12/Apr/2026:22:53:35 +0800] "GET /lib.php HTTP/1.1" 404 27 "-" "-"
158.158.73.158 - - [12/Apr/2026:22:53:35 +0800] "GET /roksad1.php HTTP/1.1" 404 27 "-" "-"
158.158.73.158 - - [12/Apr/2026:22:53:35 +0800] "GET /wmore1.php HTTP/1.1" 404 27 "-" "-"
158.158.73.158 - - [12/Apr/2026:22:53:36 +0800] "GET /adminfuns.php HTTP/1.1" 404 27 "-" "-"
158.158.73.158 - - [12/Apr/2026:22:53:36 +0800] "GET /chosen.php HTTP/1.1" 404 27 "-" "-"
158.158.73.158 - - [12/Apr/2026:22:53:36 +0800] "GET /dass.php HTTP/1.1" 404 27 "-" "-"
158.158.73.158 - - [12/Apr/2026:22:53:36 +0800] "GET /db.php HTTP/1.1" 404 27 "-" "-"
158.158.73.158 - - [12/Apr/2026:22:53:37 +0800] "GET /less.php HTTP/1.1" 404 27 "-" "-"
158.158.73.158 - - [12/Apr/2026:22:53:37 +0800] "GET /ws86.php HTTP/1.1" 404 27 "-" "-"
158.158.73.158 - - [12/Apr/2026:22:53:37 +0800] "GET /maxro.php HTTP/1.1" 404 27 "-" "-"
158.158.73.158 - - [12/Apr/2026:22:53:37 +0800] "GET /classwithtostring.php HTTP/1.1" 404 27 "-" "-"
158.158.73.158 - - [12/Apr/2026:22:53:38 +0800] "GET /1s7y8wt9dz.php HTTP/1.1" 404 27 "-" "-"
158.158.73.158 - - [12/Apr/2026:22:53:38 +0800] "GET /bdktk.php HTTP/1.1" 404 27 "-" "-"
158.158.73.158 - - [12/Apr/2026:22:53:38 +0800] "GET /v5.php HTTP/1.1" 404 27 "-" "-"
158.158.73.158 - - [12/Apr/2026:22:53:38 +0800] "GET /ws85.php HTTP/1.1" 404 27 "-" "-"
158.158.73.158 - - [12/Apr/2026:22:53:39 +0800] "GET /ws87.php HTTP/1.1" 404 27 "-" "-"
158.158.73.158 - - [12/Apr/2026:22:53:39 +0800] "GET /layout.php HTTP/1.1" 404 27 "-" "-"
158.158.73.158 - - [12/Apr/2026:22:53:39 +0800] "GET /r2.php HTTP/1.1" 404 27 "-" "-"
158.158.73.158 - - [12/Apr/2026:22:53:39 +0800] "GET /ah25.php HTTP/1.1" 404 27 "-" "-"
158.158.73.158 - - [12/Apr/2026:22:53:39 +0800] "GET /006.php HTTP/1.1" 404 27 "-" "-"
158.158.73.158 - - [12/Apr/2026:22:53:40 +0800] "GET /samll.php HTTP/1.1" 404 27 "-" "-"
158.158.73.158 - - [12/Apr/2026:22:53:40 +0800] "GET /zogy1.php HTTP/1.1" 404 27 "-" "-"
158.158.73.158 - - [12/Apr/2026:22:53:40 +0800] "GET /aios-bootstrap.php HTTP/1.1" 404 27 "-" "-"
158.158.73.158 - - [12/Apr/2026:22:53:41 +0800] "GET /rh.php HTTP/1.1" 404 27 "-" "-"
158.158.73.158 - - [12/Apr/2026:22:53:41 +0800] "GET /gz.php HTTP/1.1" 404 27 "-" "-"
158.158.73.158 - - [12/Apr/2026:22:53:41 +0800] "GET /gelio1.php HTTP/1.1" 404 27 "-" "-"
158.158.73.158 - - [12/Apr/2026:22:53:42 +0800] "GET /areak1.php HTTP/1.1" 404 27 "-" "-"
158.158.73.158 - - [12/Apr/2026:22:53:42 +0800] "GET /qqa.php HTTP/1.1" 404 27 "-" "-"
158.158.73.158 - - [12/Apr/2026:22:53:42 +0800] "GET /dx.php HTTP/1.1" 404 27 "-" "-"
158.158.73.158 - - [12/Apr/2026:22:53:42 +0800] "GET /ga.php HTTP/1.1" 404 27 "-" "-"
158.158.73.158 - - [12/Apr/2026:22:53:43 +0800] "GET /xozx.php HTTP/1.1" 404 27 "-" "-"
158.158.73.158 - - [12/Apr/2026:22:53:44 +0800] "GET /1100.php HTTP/1.1" 404 27 "-" "-"
158.158.73.158 - - [12/Apr/2026:22:53:44 +0800] "GET /press.php HTTP/1.1" 404 27 "-" "-"
158.158.73.158 - - [12/Apr/2026:22:53:44 +0800] "GET /f35.php HTTP/1.1" 404 27 "-" "-"
158.158.73.158 - - [12/Apr/2026:22:53:44 +0800] "GET /wp-kz.php HTTP/1.1" 404 27 "-" "-"
158.158.73.158 - - [12/Apr/2026:22:53:45 +0800] "GET /wp-lo.php HTTP/1.1" 404 27 "-" "-"
158.158.73.158 - - [12/Apr/2026:22:53:45 +0800] "GET /fone1.php HTTP/1.1" 404 27 "-" "-"
158.158.73.158 - - [12/Apr/2026:22:53:45 +0800] "GET /Ipv6.php HTTP/1.1" 404 27 "-" "-"
158.158.73.158 - - [12/Apr/2026:22:53:45 +0800] "GET /file-gertdxz.php HTTP/1.1" 404 27 "-" "-"
158.158.73.158 - - [12/Apr/2026:22:53:46 +0800] "GET /xper1.php HTTP/1.1" 404 27 "-" "-"
158.158.73.158 - - [12/Apr/2026:22:53:46 +0800] "GET /yuzuru1.php HTTP/1.1" 404 27 "-" "-"
158.158.73.158 - - [12/Apr/2026:22:53:46 +0800] "GET /wglum1.php HTTP/1.1" 404 27 "-" "-"
158.158.73.158 - - [12/Apr/2026:22:53:46 +0800] "GET /saorix1.php HTTP/1.1" 404 27 "-" "-"
158.158.73.158 - - [12/Apr/2026:22:53:47 +0800] "GET /xper.php HTTP/1.1" 404 27 "-" "-"
158.158.73.158 - - [12/Apr/2026:22:53:47 +0800] "GET /wxpass.php HTTP/1.1" 404 27 "-" "-"
158.158.73.158 - - [12/Apr/2026:22:53:47 +0800] "GET /000.php HTTP/1.1" 404 27 "-" "-"
158.158.73.158 - - [12/Apr/2026:22:53:48 +0800] "GET //config.php? HTTP/1.1" 404 27 "-" "-"
158.158.73.158 - - [12/Apr/2026:22:53:48 +0800] "GET /x3x.php HTTP/1.1" 404 27 "-" "-"
158.158.73.158 - - [12/Apr/2026:22:53:48 +0800] "GET /xy.php HTTP/1.1" 404 27 "-" "-"
158.158.73.158 - - [12/Apr/2026:22:53:48 +0800] "GET /global.php HTTP/1.1" 404 27 "-" "-"
158.158.73.158 - - [12/Apr/2026:22:53:48 +0800] "GET /themes.php HTTP/1.1" 404 27 "-" "-"
158.158.73.158 - - [12/Apr/2026:22:53:49 +0800] "GET /link.php HTTP/1.1" 404 27 "-" "-"
158.158.73.158 - - [12/Apr/2026:22:53:49 +0800] "GET /ortasekerli1.php HTTP/1.1" 404 27 "-" "-"
158.158.73.158 - - [12/Apr/2026:22:53:49 +0800] "GET /wp-block.php HTTP/1.1" 404 27 "-" "-"
158.158.73.158 - - [12/Apr/2026:22:53:50 +0800] "GET /wp-includes/wincust.php HTTP/1.1" 404 27 "-" "-"
158.158.73.158 - - [12/Apr/2026:22:53:50 +0800] "GET /acp.php HTTP/1.1" 404 27 "-" "-"
158.158.73.158 - - [12/Apr/2026:22:53:50 +0800] "GET /fs.php HTTP/1.1" 404 27 "-" "-"
158.158.73.158 - - [12/Apr/2026:22:53:50 +0800] "GET /xltt.php HTTP/1.1" 404 27 "-" "-"
158.158.73.158 - - [12/Apr/2026:22:53:51 +0800] "GET /ws57.php HTTP/1.1" 404 27 "-" "-"
158.158.73.158 - - [12/Apr/2026:22:53:51 +0800] "GET /ws61.php HTTP/1.1" 404 27 "-" "-"
158.158.73.158 - - [12/Apr/2026:22:53:51 +0800] "GET /ws66.php HTTP/1.1" 404 27 "-" "-"
158.158.73.158 - - [12/Apr/2026:22:53:51 +0800] "GET /ws80.php HTTP/1.1" 404 27 "-" "-"
158.158.73.158 - - [12/Apr/2026:22:53:52 +0800] "GET /xynz.php HTTP/1.1" 404 27 "-" "-"
158.158.73.158 - - [12/Apr/2026:22:53:52 +0800] "GET /wp-01ul.php HTTP/1.1" 404 27 "-" "-"
158.158.73.158 - - [12/Apr/2026:22:53:53 +0800] "GET /e7.php HTTP/1.1" 404 27 "-" "-"
158.158.73.158 - - [12/Apr/2026:22:53:53 +0800] "GET /e3.php HTTP/1.1" 404 27 "-" "-"
158.158.73.158 - - [12/Apr/2026:22:53:53 +0800] "GET /aevly.php HTTP/1.1" 404 27 "-" "-"
158.158.73.158 - - [12/Apr/2026:22:53:54 +0800] "GET /bthil.php HTTP/1.1" 404 27 "-" "-"
158.158.73.158 - - [12/Apr/2026:22:53:54 +0800] "GET /wp-class.php HTTP/1.1" 404 27 "-" "-"
158.158.73.158 - - [12/Apr/2026:22:53:54 +0800] "GET /cilus.php HTTP/1.1" 404 27 "-" "-"
158.158.73.158 - - [12/Apr/2026:22:53:54 +0800] "GET /d.php HTTP/1.1" 404 27 "-" "-"
158.158.73.158 - - [12/Apr/2026:22:53:55 +0800] "GET /error_log.php HTTP/1.1" 404 27 "-" "-"
158.158.73.158 - - [12/Apr/2026:22:53:55 +0800] "GET /Ov-Simple1.php HTTP/1.1" 404 27 "-" "-"
158.158.73.158 - - [12/Apr/2026:22:53:55 +0800] "GET /curl.php HTTP/1.1" 404 27 "-" "-"
158.158.73.158 - - [12/Apr/2026:22:53:56 +0800] "GET /sallu.php HTTP/1.1" 404 27 "-" "-"
158.158.73.158 - - [12/Apr/2026:22:53:56 +0800] "GET //f6.php HTTP/1.1" 404 27 "-" "-"
158.158.73.158 - - [12/Apr/2026:22:53:56 +0800] "GET //edit.php HTTP/1.1" 404 27 "-" "-"
158.158.73.158 - - [12/Apr/2026:22:53:57 +0800] "GET //aa.php HTTP/1.1" 404 27 "-" "-"
158.158.73.158 - - [12/Apr/2026:22:53:57 +0800] "GET /goods_260325043000.php HTTP/1.1" 404 27 "-" "-"
158.158.73.158 - - [12/Apr/2026:22:53:57 +0800] "GET /goods_260401065719.php HTTP/1.1" 404 27 "-" "-"
36.133.115.36 - - [12/Apr/2026:23:17:51 +0800] "POST /wp-cron.php?doing_wp_cron=1776007071.0083041191101074218750 HTTP/1.1" 200 31 "-" "WordPress/6.9; http://cqqizhou.com"
36.151.149.215 - - [12/Apr/2026:23:17:51 +0800] "GET / HTTP/1.1" 301 5 "-" "Mozilla/5.0 (X11) AppleWebKit/62.41 (KHTML, like Gecko) Edge/17.10859 Safari/452.6"
36.151.149.215 - - [12/Apr/2026:23:17:53 +0800] "GET / HTTP/1.1" 200 35158 "-" "Mozilla/5.0 (X11) AppleWebKit/62.41 (KHTML, like Gecko) Edge/17.10859 Safari/452.6"
36.151.149.215 - - [12/Apr/2026:23:18:05 +0800] "GET /login.rsp HTTP/1.1" 404 8949 "-" "Mozilla/5.0 (X11) AppleWebKit/62.41 (KHTML, like Gecko) Edge/17.10859 Safari/452.6"
36.133.115.36 - - [12/Apr/2026:23:18:16 +0800] "POST /wp-cron.php?doing_wp_cron=1776007096.6347320079803466796875 HTTP/1.1" 200 31 "-" "WordPress/6.9; http://cqqizhou.com"
36.133.108.121 - - [12/Apr/2026:23:18:16 +0800] "HEAD / HTTP/1.1" 301 0 "-" "Mozilla/5.0 (X11; Ubuntu; Linux x86_64; rv:24.0) Gecko/20100101 Firefox/24.0"
36.133.115.36 - - [12/Apr/2026:23:22:33 +0800] "POST /wp-cron.php?doing_wp_cron=1776007353.1498129367828369140625 HTTP/1.1" 200 31 "-" "WordPress/6.9; http://cqqizhou.com"
117.175.8.66 - - [12/Apr/2026:23:22:33 +0800] "GET /services/qzgyl@cq-qizhou.com HTTP/1.1" 404 8949 "-" "Mozilla/5.0 (Windows NT 10.0; Win64; x64) AppleWebKit/537.36 (KHTML, like Gecko) Chrome/109.0.0.0 Safari/537.36"
111.170.10.175 - - [12/Apr/2026:23:22:43 +0800] "GET /services/qzgyl@cq-qizhou.com HTTP/1.1" 404 8949 "-" "Mozilla/5.0 (Windows NT 10.0; Win64; x64) AppleWebKit/537.36 (KHTML, like Gecko) Chrome/142.0.0.0 Safari/537.36"
36.133.115.36 - - [12/Apr/2026:23:25:36 +0800] "POST /wp-cron.php?doing_wp_cron=1776007536.3214190006256103515625 HTTP/1.1" 200 31 "-" "WordPress/6.9; http://cqqizhou.com"
142.248.80.163 - - [12/Apr/2026:23:25:36 +0800] "GET / HTTP/1.0" 301 0 "-" "Shodan-Pull/1.0"
36.133.115.36 - - [12/Apr/2026:23:33:31 +0800] "POST /wp-cron.php?doing_wp_cron=1776008011.3659029006958007812500 HTTP/1.1" 200 31 "-" "WordPress/6.9; http://cqqizhou.com"
91.92.34.190 - - [12/Apr/2026:23:33:31 +0800] "GET / HTTP/1.1" 301 5 "-" "Mozilla/5.0 (X11; Linux i686; rv:1.9.5.20) Gecko/ Firefox/3.6.1"
220.181.108.113 - - [12/Apr/2026:23:35:05 +0800] "GET /news/2215 HTTP/1.1" 200 24006 "-" "Mozilla/5.0 (compatible; Baiduspider/2.0; +http://www.baidu.com/search/spider.html)"
