HEX
Server: nginx/1.16.1
System: Linux ecs-04358622 4.19.90-2107.6.0.0100.oe1.bclinux.x86_64 #1 SMP Wed Dec 1 19:59:44 CST 2021 x86_64
User: nginx (994)
PHP: 8.0.0
Disabled: NONE
Upload Files
File: //home/logs/cqqizhou_access_2026-04-12.log
36.133.115.36 - - [12/Apr/2026:00:05:40 +0800] "POST /wp-cron.php?doing_wp_cron=1775923540.9379730224609375000000 HTTP/1.1" 200 31 "-" "WordPress/6.9; http://cqqizhou.com"
93.123.72.166 - - [12/Apr/2026:00:05:40 +0800] "GET /SDK/webLanguage HTTP/1.1" 301 5 "-" "Mozilla/5.0 (Windows NT 10.0; Win64; x64) AppleWebKit/537.36 (KHTML, like Gecko) Chrome/90.0.4430.85 Safari/537.36 Edg/90.0.818.46"
36.133.115.36 - - [12/Apr/2026:00:12:08 +0800] "POST /wp-cron.php?doing_wp_cron=1775923928.1610300540924072265625 HTTP/1.1" 200 31 "-" "WordPress/6.9; http://cqqizhou.com"
51.195.244.204 - - [12/Apr/2026:00:12:08 +0800] "GET /media/2 HTTP/1.1" 200 26019 "-" "Mozilla/5.0 (compatible; AhrefsBot/7.0; +http://ahrefs.com/robot/)"
36.133.115.36 - - [12/Apr/2026:00:15:06 +0800] "POST /wp-cron.php?doing_wp_cron=1775924106.3495290279388427734375 HTTP/1.1" 200 31 "-" "WordPress/6.9; http://cqqizhou.com"
27.201.169.147 - - [12/Apr/2026:00:15:06 +0800] "GET /company-news/ HTTP/1.1" 301 5 "-" "Mozilla/5.0 (Macintosh; Intel Mac OS X 10_15_7) AppleWebKit/537.36 (KHTML, like Gecko) Chrome/140.0.0.0 Safari/537.36"
121.236.0.20 - - [12/Apr/2026:00:15:06 +0800] "GET /company-news HTTP/1.1" 200 25863 "http://cqqizhou.com/company-news/" "Mozilla/5.0 (Macintosh; Intel Mac OS X 10_15_7) AppleWebKit/537.36 (KHTML, like Gecko) Chrome/140.0.0.0 Safari/537.36"
51.195.183.232 - - [12/Apr/2026:00:17:05 +0800] "GET /wp-content/uploads/2025/07/1751864664-Logistics800x500_1-300x188.webp HTTP/1.1" 200 18996 "-" "Mozilla/5.0 (compatible; AhrefsBot/7.0; +http://ahrefs.com/robot/)"
198.244.226.89 - - [12/Apr/2026:00:17:07 +0800] "GET /wp-content/uploads/2026/04/1775195054-1Article_images_W900px-300x169.webp HTTP/1.1" 200 8472 "-" "Mozilla/5.0 (compatible; AhrefsBot/7.0; +http://ahrefs.com/robot/)"
220.181.108.104 - - [12/Apr/2026:00:25:32 +0800] "GET /wp-content/uploads/2026/02/1770617948-Article_images_W900%C3%97500px.webp HTTP/1.1" 200 38890 "-" "Mozilla/5.0 (compatible; Baiduspider/2.0; +http://www.baidu.com/search/spider.html)"
36.133.115.36 - - [12/Apr/2026:00:39:29 +0800] "POST /wp-cron.php?doing_wp_cron=1775925569.5849819183349609375000 HTTP/1.1" 200 31 "-" "WordPress/6.9; http://cqqizhou.com"
74.7.241.34 - - [12/Apr/2026:00:39:29 +0800] "GET /wp-sitemap.xml HTTP/1.1" 501 253 "-" "Mozilla/5.0 AppleWebKit/537.36 (KHTML, like Gecko; compatible; GPTBot/1.3; +https://openai.com/gptbot)"
47.97.113.83 - - [12/Apr/2026:00:39:55 +0800] "GET / HTTP/1.0" 301 0 "-" "-"
47.97.113.83 - - [12/Apr/2026:00:40:06 +0800] "GET / HTTP/1.0" 301 0 "-" "-"
47.97.113.83 - - [12/Apr/2026:00:40:06 +0800] "GET /nmaplowercheck1775925599 HTTP/1.1" 404 31365 "-" "Mozilla/5.0 (compatible; Nmap Scripting Engine; https://nmap.org/book/nse.html)"
47.97.113.83 - - [12/Apr/2026:00:40:06 +0800] "POST /sdk HTTP/1.1" 404 31365 "-" "Mozilla/5.0 (compatible; Nmap Scripting Engine; https://nmap.org/book/nse.html)"
47.97.113.83 - - [12/Apr/2026:00:40:07 +0800] "GET /evox/about HTTP/1.1" 404 31365 "-" "Mozilla/5.0 (compatible; Nmap Scripting Engine; https://nmap.org/book/nse.html)"
47.97.113.83 - - [12/Apr/2026:00:40:07 +0800] "GET /HNAP1 HTTP/1.1" 404 31365 "-" "Mozilla/5.0 (compatible; Nmap Scripting Engine; https://nmap.org/book/nse.html)"
36.133.115.36 - - [12/Apr/2026:00:40:26 +0800] "POST /wp-cron.php?doing_wp_cron=1775925626.6428990364074707031250 HTTP/1.1" 200 31 "-" "WordPress/6.9; http://cqqizhou.com"
47.97.113.83 - - [12/Apr/2026:00:40:26 +0800] "GET / HTTP/1.0" 301 0 "-" "-"
47.97.113.83 - - [12/Apr/2026:00:40:27 +0800] "GET / HTTP/1.1" 301 5 "-" "-"
36.133.115.36 - - [12/Apr/2026:00:48:06 +0800] "POST /wp-cron.php?doing_wp_cron=1775926086.8798310756683349609375 HTTP/1.1" 200 31 "-" "WordPress/6.9; http://cqqizhou.com"
183.96.173.196 - - [12/Apr/2026:00:48:06 +0800] "GET / HTTP/1.1" 301 5 "-" "Go-http-client/1.1"
183.96.173.196 - - [12/Apr/2026:00:48:10 +0800] "GET / HTTP/1.1" 200 35158 "http://36.133.115.36" "Go-http-client/1.1"
36.133.115.36 - - [12/Apr/2026:01:17:41 +0800] "POST /wp-cron.php?doing_wp_cron=1775927861.2430729866027832031250 HTTP/1.1" 200 31 "-" "WordPress/6.9; http://cqqizhou.com"
17.22.237.64 - - [12/Apr/2026:01:17:41 +0800] "GET /robots.txt HTTP/1.1" 200 190 "-" "Mozilla/5.0 (Macintosh; Intel Mac OS X 10_15_7) AppleWebKit/605.1.15 (KHTML, like Gecko) Version/17.4 Safari/605.1.15 (Applebot/0.1; +http://www.apple.com/go/applebot)"
17.22.237.64 - - [12/Apr/2026:01:17:43 +0800] "GET /wp-sitemap.xml HTTP/1.1" 501 253 "-" "Mozilla/5.0 (Macintosh; Intel Mac OS X 10_15_7) AppleWebKit/605.1.15 (KHTML, like Gecko) Version/17.4 Safari/605.1.15 (Applebot/0.1; +http://www.apple.com/go/applebot)"
36.133.115.36 - - [12/Apr/2026:01:22:39 +0800] "POST /wp-cron.php?doing_wp_cron=1775928159.9416549205780029296875 HTTP/1.1" 200 31 "-" "WordPress/6.9; http://cqqizhou.com"
114.216.15.201 - - [12/Apr/2026:01:22:39 +0800] "GET /club/ HTTP/1.1" 301 5 "-" "Mozilla/5.0 (Macintosh; Intel Mac OS X 10_15_7) AppleWebKit/537.36 (KHTML, like Gecko) Chrome/140.0.0.0 Safari/537.36"
183.228.246.118 - - [12/Apr/2026:01:22:40 +0800] "GET /club HTTP/1.1" 200 13084 "http://cqqizhou.com/club/" "Mozilla/5.0 (Macintosh; Intel Mac OS X 10_15_7) AppleWebKit/537.36 (KHTML, like Gecko) Chrome/140.0.0.0 Safari/537.36"
36.133.115.36 - - [12/Apr/2026:01:26:06 +0800] "POST /wp-cron.php?doing_wp_cron=1775928366.9243469238281250000000 HTTP/1.1" 200 31 "-" "WordPress/6.9; http://cqqizhou.com"
5.61.209.107 - - [12/Apr/2026:01:26:06 +0800] "GET /SDK/webLanguage HTTP/1.1" 301 5 "-" "Mozilla/5.0 (Windows NT 10.0; Win64; x64) AppleWebKit/537.36 (KHTML, like Gecko) Chrome/90.0.4430.85 Safari/537.36 Edg/90.0.818.46"
36.133.115.36 - - [12/Apr/2026:01:28:23 +0800] "POST /wp-cron.php?doing_wp_cron=1775928503.7782371044158935546875 HTTP/1.1" 200 31 "-" "WordPress/6.9; http://cqqizhou.com"
198.244.242.114 - - [12/Apr/2026:01:28:23 +0800] "GET /news/2514 HTTP/1.1" 200 23709 "-" "Mozilla/5.0 (compatible; AhrefsBot/7.0; +http://ahrefs.com/robot/)"
36.133.115.36 - - [12/Apr/2026:01:33:39 +0800] "POST /wp-cron.php?doing_wp_cron=1775928819.9483270645141601562500 HTTP/1.1" 200 31 "-" "WordPress/6.9; http://cqqizhou.com"
115.159.33.43 - - [12/Apr/2026:01:33:39 +0800] "GET / HTTP/1.1" 301 5 "-" "Mozilla/5.0 (Windows NT 10.0; Win64; x64) AppleWebKit/537.36 (KHTML, like Gecko) Chrome/79.0.3945.117 Safari/537.36"
178.128.232.166 - - [12/Apr/2026:02:29:04 +0800] "GET / HTTP/1.1" 200 35158 "-" "Mozilla/5.0 (X11; Linux x86_64; rv:142.0) Gecko/20100101 Firefox/142.0"
36.133.115.36 - - [12/Apr/2026:02:32:49 +0800] "POST /wp-cron.php?doing_wp_cron=1775932369.6629459857940673828125 HTTP/1.1" 200 31 "-" "WordPress/6.9; http://cqqizhou.com"
112.36.195.173 - - [12/Apr/2026:02:32:49 +0800] "GET / HTTP/1.1" 301 5 "-" "Mozilla/5.0 (Macintosh; Intel Mac OS X 10_15_7) AppleWebKit/537.36 (KHTML, like Gecko) Chrome/106.0.0.0 Safari/537.36"
112.36.195.173 - - [12/Apr/2026:02:32:49 +0800] "GET http://cqqizhou.com/ HTTP/1.1" 200 35158 "-" "Mozilla/5.0 (Macintosh; Intel Mac OS X 10_15_7) AppleWebKit/537.36 (KHTML, like Gecko) Chrome/106.0.0.0 Safari/537.36"
36.133.115.36 - - [12/Apr/2026:02:38:16 +0800] "POST /wp-cron.php?doing_wp_cron=1775932696.6031930446624755859375 HTTP/1.1" 200 31 "-" "WordPress/6.9; http://cqqizhou.com"
51.89.129.65 - - [12/Apr/2026:02:38:16 +0800] "GET /2339/ HTTP/1.1" 301 5 "-" "Mozilla/5.0 (compatible; AhrefsBot/7.0; +http://ahrefs.com/robot/)"
36.133.115.36 - - [12/Apr/2026:02:39:49 +0800] "POST /wp-cron.php?doing_wp_cron=1775932789.8852469921112060546875 HTTP/1.1" 200 31 "-" "WordPress/6.9; http://cqqizhou.com"
146.70.149.55 - - [12/Apr/2026:02:39:49 +0800] "GET /wp-content/plugins/cookiebot/readme.txt HTTP/1.1" 301 5 "-" "Mozilla/5.0 (X11; Linux i686; rv:1.9.6.20) Gecko/ Firefox/3.6.12"
146.70.149.55 - - [12/Apr/2026:02:39:50 +0800] "GET /wp-content/plugins/bwp-google-xml-sitemaps/readme.txt HTTP/1.1" 301 5 "-" "Mozilla/5.0 (X11; Linux x86_64; rv:1.9.5.20) Gecko/ Firefox/13.0"
146.70.149.55 - - [12/Apr/2026:02:39:50 +0800] "GET /wp-content/plugins/apollo13-framework-extensions/readme.txt HTTP/1.1" 301 5 "-" "Mozilla/5.0 (Windows NT 10.0; Win64; x64; rv:81.0) Gecko/20100101 Firefox/81.0"
146.70.149.55 - - [12/Apr/2026:02:39:50 +0800] "GET /wp-content/plugins/advanced-google-universal-analytics/readme.txt HTTP/1.1" 301 5 "-" "Mozilla/5.0 (Windows NT 10.0; Win64; x64) AppleWebKit/537.36 (KHTML, like Gecko) Chrome/96.0.4664.45 Safari/537.36"
146.70.149.55 - - [12/Apr/2026:02:39:51 +0800] "GET /wp-content/plugins/cookiebot/readme.txt HTTP/1.1" 404 8950 "http://www.cqqizhou.com/wp-content/plugins/cookiebot/readme.txt" "Mozilla/5.0 (X11; Linux i686; rv:1.9.6.20) Gecko/ Firefox/3.6.12"
146.70.149.55 - - [12/Apr/2026:02:39:51 +0800] "GET /wp-content/plugins/pedalo-connector/readme.txt HTTP/1.1" 301 5 "-" "Mozilla/5.0 (CentOS; Linux i686) AppleWebKit/537.36 (KHTML, like Gecko) Chrome/134.0.0.0 Safari/537.36"
146.70.149.55 - - [12/Apr/2026:02:39:51 +0800] "GET /wp-content/plugins/bwp-google-xml-sitemaps/readme.txt HTTP/1.1" 404 8950 "http://www.cqqizhou.com/wp-content/plugins/bwp-google-xml-sitemaps/readme.txt" "Mozilla/5.0 (X11; Linux x86_64; rv:1.9.5.20) Gecko/ Firefox/13.0"
146.70.149.55 - - [12/Apr/2026:02:39:51 +0800] "GET /wp-content/plugins/apollo13-framework-extensions/readme.txt HTTP/1.1" 404 8950 "http://www.cqqizhou.com/wp-content/plugins/apollo13-framework-extensions/readme.txt" "Mozilla/5.0 (Windows NT 10.0; Win64; x64; rv:81.0) Gecko/20100101 Firefox/81.0"
146.70.149.55 - - [12/Apr/2026:02:39:51 +0800] "GET /wp-content/plugins/advanced-google-universal-analytics/readme.txt HTTP/1.1" 404 8950 "http://www.cqqizhou.com/wp-content/plugins/advanced-google-universal-analytics/readme.txt" "Mozilla/5.0 (Windows NT 10.0; Win64; x64) AppleWebKit/537.36 (KHTML, like Gecko) Chrome/96.0.4664.45 Safari/537.36"
146.70.149.55 - - [12/Apr/2026:02:39:51 +0800] "GET /wp-content/plugins/accordions-or-faqs/readme.txt HTTP/1.1" 301 5 "-" "Mozilla/5.0 (Macintosh; Intel Mac OS X 108) AppleWebKit/536.15 (KHTML like Gecko) Version/6.0 Safari/536.16"
146.70.149.55 - - [12/Apr/2026:02:39:51 +0800] "GET /wp-content/plugins/emerce-core/readme.txt HTTP/1.1" 301 5 "-" "Mozilla/5.0 (X11; Linux i686) AppleWebKit/537.36 (KHTML, like Gecko) Chrome/135.0.0.0 Safari/537.36"
146.70.149.55 - - [12/Apr/2026:02:39:52 +0800] "GET /wp-content/plugins/myflash/readme.txt HTTP/1.1" 301 5 "-" "Mozilla/5.0 (Macintosh; Intel Mac OS X 10_15_7) AppleWebKit/605.1.15 (KHTML, like Gecko) Version/16.5.2 Safari/605.1.15"
146.70.149.55 - - [12/Apr/2026:02:39:52 +0800] "GET /wp-content/plugins/pedalo-connector/readme.txt HTTP/1.1" 404 8950 "http://www.cqqizhou.com/wp-content/plugins/pedalo-connector/readme.txt" "Mozilla/5.0 (CentOS; Linux i686) AppleWebKit/537.36 (KHTML, like Gecko) Chrome/134.0.0.0 Safari/537.36"
146.70.149.55 - - [12/Apr/2026:02:39:52 +0800] "GET /wp-content/plugins/mediabay-lite/readme.txt HTTP/1.1" 301 5 "-" "Mozilla/5.0 (Kubuntu; Linux x86_64) AppleWebKit/537.36 (KHTML, like Gecko) Chrome/134.0.0.0 Safari/537.36"
146.70.149.55 - - [12/Apr/2026:02:39:52 +0800] "GET /wp-content/plugins/acf-to-rest-api/readme.txt HTTP/1.1" 301 5 "-" "Mozilla/5.0 (Windows NT 10.0; Win64; x64; rv:140.0) Gecko/20100101 Firefox/140.9"
146.70.149.55 - - [12/Apr/2026:02:39:52 +0800] "GET /wp-content/plugins/js-multihotel/readme.txt HTTP/1.1" 301 5 "-" "Mozilla/5.0 (Macintosh; U; Intel Mac OS X 10_5_2; es-es) AppleWebKit/525.13 (KHTML, like Gecko) Version/3.1 Safari/525.13"
146.70.149.55 - - [12/Apr/2026:02:39:52 +0800] "GET /wp-content/plugins/emerce-core/readme.txt HTTP/1.1" 404 8950 "http://www.cqqizhou.com/wp-content/plugins/emerce-core/readme.txt" "Mozilla/5.0 (X11; Linux i686) AppleWebKit/537.36 (KHTML, like Gecko) Chrome/135.0.0.0 Safari/537.36"
146.70.149.55 - - [12/Apr/2026:02:39:53 +0800] "GET /wp-content/plugins/accordions-or-faqs/readme.txt HTTP/1.1" 404 8950 "http://www.cqqizhou.com/wp-content/plugins/accordions-or-faqs/readme.txt" "Mozilla/5.0 (Macintosh; Intel Mac OS X 108) AppleWebKit/536.15 (KHTML like Gecko) Version/6.0 Safari/536.16"
146.70.149.55 - - [12/Apr/2026:02:39:53 +0800] "GET /wp-content/plugins/ultimate-gutenberg/readme.txt HTTP/1.1" 301 5 "-" "Mozilla/5.0 (Macintosh; Intel Mac OS X 10_15_7) AppleWebKit/537.36 (KHTML, like Gecko) Chrome/111.0.0.0 Safari/537.36"
146.70.149.55 - - [12/Apr/2026:02:39:53 +0800] "GET /wp-content/plugins/modern-addons-elementor/readme.txt HTTP/1.1" 301 5 "-" "Mozilla/5.0 (Macintosh, Intel Mac OS X 10_15_7) AppleWebKit/605.1.15 (KHTML, like Gecko) Version/17.13 Safari/605.1.15"
146.70.149.55 - - [12/Apr/2026:02:39:53 +0800] "GET /wp-content/plugins/mediabay-lite/readme.txt HTTP/1.1" 404 8950 "http://www.cqqizhou.com/wp-content/plugins/mediabay-lite/readme.txt" "Mozilla/5.0 (Kubuntu; Linux x86_64) AppleWebKit/537.36 (KHTML, like Gecko) Chrome/134.0.0.0 Safari/537.36"
146.70.149.55 - - [12/Apr/2026:02:39:54 +0800] "GET /wp-content/plugins/register-ip-multisite/readme.txt HTTP/1.1" 301 5 "-" "Mozilla/5.0 (Macintosh; Intel Mac OS X 10.15; rv:77.0) Gecko/20100101 Firefox/77.0"
146.70.149.55 - - [12/Apr/2026:02:39:54 +0800] "GET /wp-content/plugins/myflash/readme.txt HTTP/1.1" 404 8951 "http://www.cqqizhou.com/wp-content/plugins/myflash/readme.txt" "Mozilla/5.0 (Macintosh; Intel Mac OS X 10_15_7) AppleWebKit/605.1.15 (KHTML, like Gecko) Version/16.5.2 Safari/605.1.15"
146.70.149.55 - - [12/Apr/2026:02:39:54 +0800] "GET /wp-content/plugins/contact-form-to-db/readme.txt HTTP/1.1" 301 5 "-" "Mozilla/5.0 (X11; Linux x86_64) AppleWebKit/537.36 (KHTML, like Gecko) Chrome/133.0.0.0 Safari/537.36"
146.70.149.55 - - [12/Apr/2026:02:39:54 +0800] "GET /wp-content/plugins/acf-to-rest-api/readme.txt HTTP/1.1" 404 8951 "http://www.cqqizhou.com/wp-content/plugins/acf-to-rest-api/readme.txt" "Mozilla/5.0 (Windows NT 10.0; Win64; x64; rv:140.0) Gecko/20100101 Firefox/140.9"
146.70.149.55 - - [12/Apr/2026:02:39:54 +0800] "GET /wp-content/plugins/js-multihotel/readme.txt HTTP/1.1" 404 8951 "http://www.cqqizhou.com/wp-content/plugins/js-multihotel/readme.txt" "Mozilla/5.0 (Macintosh; U; Intel Mac OS X 10_5_2; es-es) AppleWebKit/525.13 (KHTML, like Gecko) Version/3.1 Safari/525.13"
146.70.149.55 - - [12/Apr/2026:02:39:54 +0800] "GET /wp-content/plugins/gm-woocommerce-quote-popup/readme.txt HTTP/1.1" 301 5 "-" "Mozilla/5.0 (ZZ; Linux x86_64) AppleWebKit/537.36 (KHTML, like Gecko) Chrome/133.0.0.0 Safari/537.36"
146.70.149.55 - - [12/Apr/2026:02:39:54 +0800] "GET /wp-content/plugins/jet-menu/readme.txt HTTP/1.1" 301 5 "-" "Mozilla/5.0 (Windows NT 10.0; Win64; x64) AppleWebKit/537.36 (KHTML, like Gecko) Chrome/74.0.3729.169 Safari/537.36"
146.70.149.55 - - [12/Apr/2026:02:39:54 +0800] "GET /wp-content/plugins/contact-form-plugin/readme.txt HTTP/1.1" 301 5 "-" "Mozilla/5.0 (Macintosh; Intel Mac OS X 10_15_6) AppleWebKit/537.36 (KHTML, like Gecko) Chrome/135.0.0.0 Safari/537.36"
146.70.149.55 - - [12/Apr/2026:02:39:54 +0800] "GET /wp-content/plugins/duplicate-variations-for-woocommerce/readme.txt HTTP/1.1" 301 5 "-" "Mozilla/5.0 (Kubuntu; Linux i686) AppleWebKit/537.36 (KHTML, like Gecko) Chrome/140.0.0.0 Safari/537.36"
146.70.149.55 - - [12/Apr/2026:02:39:54 +0800] "GET /wp-content/plugins/ultimate-gutenberg/readme.txt HTTP/1.1" 404 8951 "http://www.cqqizhou.com/wp-content/plugins/ultimate-gutenberg/readme.txt" "Mozilla/5.0 (Macintosh; Intel Mac OS X 10_15_7) AppleWebKit/537.36 (KHTML, like Gecko) Chrome/111.0.0.0 Safari/537.36"
146.70.149.55 - - [12/Apr/2026:02:39:55 +0800] "GET /wp-content/plugins/register-ip-multisite/readme.txt HTTP/1.1" 404 8950 "http://www.cqqizhou.com/wp-content/plugins/register-ip-multisite/readme.txt" "Mozilla/5.0 (Macintosh; Intel Mac OS X 10.15; rv:77.0) Gecko/20100101 Firefox/77.0"
146.70.149.55 - - [12/Apr/2026:02:39:55 +0800] "GET /wp-content/plugins/modern-addons-elementor/readme.txt HTTP/1.1" 404 8950 "http://www.cqqizhou.com/wp-content/plugins/modern-addons-elementor/readme.txt" "Mozilla/5.0 (Macintosh, Intel Mac OS X 10_15_7) AppleWebKit/605.1.15 (KHTML, like Gecko) Version/17.13 Safari/605.1.15"
146.70.149.55 - - [12/Apr/2026:02:39:55 +0800] "GET /wp-content/plugins/import-users-from-csv-with-meta/readme.txt HTTP/1.1" 301 5 "-" "Mozilla/5.0 (Windows NT 10.0; Win64; x64) AppleWebKit/537.36 (KHTML, like Gecko) Chrome/97.0.4692.71 Safari/537.36"
146.70.149.55 - - [12/Apr/2026:02:39:55 +0800] "GET /wp-content/plugins/contact-form-to-db/readme.txt HTTP/1.1" 404 8950 "http://www.cqqizhou.com/wp-content/plugins/contact-form-to-db/readme.txt" "Mozilla/5.0 (X11; Linux x86_64) AppleWebKit/537.36 (KHTML, like Gecko) Chrome/133.0.0.0 Safari/537.36"
146.70.149.55 - - [12/Apr/2026:02:39:55 +0800] "GET /wp-content/plugins/gm-woocommerce-quote-popup/readme.txt HTTP/1.1" 404 8950 "http://www.cqqizhou.com/wp-content/plugins/gm-woocommerce-quote-popup/readme.txt" "Mozilla/5.0 (ZZ; Linux x86_64) AppleWebKit/537.36 (KHTML, like Gecko) Chrome/133.0.0.0 Safari/537.36"
146.70.149.55 - - [12/Apr/2026:02:39:55 +0800] "GET /wp-content/plugins/contact-form-plugin/readme.txt HTTP/1.1" 404 8950 "http://www.cqqizhou.com/wp-content/plugins/contact-form-plugin/readme.txt" "Mozilla/5.0 (Macintosh; Intel Mac OS X 10_15_6) AppleWebKit/537.36 (KHTML, like Gecko) Chrome/135.0.0.0 Safari/537.36"
146.70.149.55 - - [12/Apr/2026:02:39:55 +0800] "GET /wp-content/plugins/terms-and-conditions-per-product/readme.txt HTTP/1.1" 301 5 "-" "Mozilla/5.0 (Macintosh; Intel Mac OS X 10_15_7) AppleWebKit/605.1.15 (KHTML, like Gecko) Version/18.6 Mobile/15E148 Safari/604.1"
146.70.149.55 - - [12/Apr/2026:02:39:55 +0800] "GET /wp-content/plugins/jet-menu/readme.txt HTTP/1.1" 404 8950 "http://www.cqqizhou.com/wp-content/plugins/jet-menu/readme.txt" "Mozilla/5.0 (Windows NT 10.0; Win64; x64) AppleWebKit/537.36 (KHTML, like Gecko) Chrome/74.0.3729.169 Safari/537.36"
146.70.149.55 - - [12/Apr/2026:02:39:55 +0800] "GET /wp-content/plugins/duplicate-variations-for-woocommerce/readme.txt HTTP/1.1" 404 8950 "http://www.cqqizhou.com/wp-content/plugins/duplicate-variations-for-woocommerce/readme.txt" "Mozilla/5.0 (Kubuntu; Linux i686) AppleWebKit/537.36 (KHTML, like Gecko) Chrome/140.0.0.0 Safari/537.36"
146.70.149.55 - - [12/Apr/2026:02:39:56 +0800] "GET /wp-content/plugins/scripts-organizer/readme.txt HTTP/1.1" 301 5 "-" "Mozilla/5.0 (Ubuntu; Linux x86_64) AppleWebKit/537.36 (KHTML, like Gecko) Chrome/135.0.0.0 Safari/537.36"
146.70.149.55 - - [12/Apr/2026:02:39:56 +0800] "GET /wp-content/plugins/import-users-from-csv-with-meta/readme.txt HTTP/1.1" 404 8950 "http://www.cqqizhou.com/wp-content/plugins/import-users-from-csv-with-meta/readme.txt" "Mozilla/5.0 (Windows NT 10.0; Win64; x64) AppleWebKit/537.36 (KHTML, like Gecko) Chrome/97.0.4692.71 Safari/537.36"
146.70.149.55 - - [12/Apr/2026:02:39:56 +0800] "GET /wp-content/plugins/ajax-store-locator/readme.txt HTTP/1.1" 301 5 "-" "Mozilla/5.0 (ZZ; Linux i686) AppleWebKit/537.36 (KHTML, like Gecko) Chrome/135.0.0.0 Safari/537.36"
146.70.149.55 - - [12/Apr/2026:02:39:56 +0800] "GET /wp-content/plugins/terms-and-conditions-per-product/readme.txt HTTP/1.1" 404 8950 "http://www.cqqizhou.com/wp-content/plugins/terms-and-conditions-per-product/readme.txt" "Mozilla/5.0 (Macintosh; Intel Mac OS X 10_15_7) AppleWebKit/605.1.15 (KHTML, like Gecko) Version/18.6 Mobile/15E148 Safari/604.1"
146.70.149.55 - - [12/Apr/2026:02:39:57 +0800] "GET /wp-content/plugins/scripts-organizer/readme.txt HTTP/1.1" 404 8950 "http://www.cqqizhou.com/wp-content/plugins/scripts-organizer/readme.txt" "Mozilla/5.0 (Ubuntu; Linux x86_64) AppleWebKit/537.36 (KHTML, like Gecko) Chrome/135.0.0.0 Safari/537.36"
146.70.149.55 - - [12/Apr/2026:02:39:57 +0800] "GET /wp-content/plugins/ajax-store-locator/readme.txt HTTP/1.1" 404 8950 "http://www.cqqizhou.com/wp-content/plugins/ajax-store-locator/readme.txt" "Mozilla/5.0 (ZZ; Linux i686) AppleWebKit/537.36 (KHTML, like Gecko) Chrome/135.0.0.0 Safari/537.36"
36.133.115.36 - - [12/Apr/2026:02:49:24 +0800] "POST /wp-cron.php?doing_wp_cron=1775933364.7190470695495605468750 HTTP/1.1" 200 31 "-" "WordPress/6.9; http://cqqizhou.com"
146.70.55.228 - - [12/Apr/2026:02:49:24 +0800] "GET /photo/ HTTP/1.1" 404 31365 "-" "-"
36.133.115.36 - - [12/Apr/2026:03:01:07 +0800] "POST /wp-cron.php?doing_wp_cron=1775934067.1033089160919189453125 HTTP/1.1" 200 31 "-" "WordPress/6.9; http://cqqizhou.com"
101.32.52.164 - - [12/Apr/2026:03:01:07 +0800] "GET / HTTP/1.1" 200 34724 "-" "Mozilla/5.0 (iPhone; CPU iPhone OS 13_2_3 like Mac OS X) AppleWebKit/605.1.15 (KHTML, like Gecko) Version/13.0.3 Mobile/15E148 Safari/604.1"
220.181.108.111 - - [12/Apr/2026:03:06:03 +0800] "GET /news/2215 HTTP/1.1" 200 24006 "-" "Mozilla/5.0 (compatible; Baiduspider/2.0; +http://www.baidu.com/search/spider.html)"
220.181.108.146 - - [12/Apr/2026:03:06:03 +0800] "GET /news/2215 HTTP/1.1" 200 83397 "-" "Mozilla/5.0 (compatible; Baiduspider/2.0; +http://www.baidu.com/search/spider.html)"
116.179.37.106 - - [12/Apr/2026:03:06:07 +0800] "GET /wp-content/uploads/2026/04/1775865780-1Article_images_W900px.webp HTTP/1.1" 200 41840 "http://cqqizhou.com/news/2215" "Mozilla/5.0 (compatible; Baiduspider-render/2.0; +http://www.baidu.com/search/spider.html)"
36.133.115.36 - - [12/Apr/2026:03:20:45 +0800] "POST /wp-cron.php?doing_wp_cron=1775935245.5830988883972167968750 HTTP/1.1" 200 31 "-" "WordPress/6.9; http://cqqizhou.com"
82.157.53.221 - - [12/Apr/2026:03:20:45 +0800] "GET /news/2521 HTTP/1.1" 301 5 "http://cqqizhou.com/" "Mozilla/5.0 (Windows NT 10.0; Win64; x64) AppleWebKit/537.36 (KHTML, like Gecko) Chrome/108.0.0.0 Safari/537.36"
82.157.53.221 - - [12/Apr/2026:03:20:46 +0800] "GET /news/2518/1article_images_w900px HTTP/1.1" 301 5 "http://cqqizhou.com/" "Mozilla/5.0 (Windows NT 10.0; Win64; x64) AppleWebKit/537.36 (KHTML, like Gecko) Chrome/108.0.0.0 Safari/537.36"
82.157.53.221 - - [12/Apr/2026:03:20:46 +0800] "GET /wp-content/uploads/2026/03/1772790943-1Article_images_W900px.webp HTTP/1.1" 200 35332 "http://cqqizhou.com/" "Mozilla/5.0 (Windows NT 10.0; Win64; x64) AppleWebKit/537.36 (KHTML, like Gecko) Chrome/108.0.0.0 Safari/537.36"
36.133.115.36 - - [12/Apr/2026:03:36:21 +0800] "POST /wp-cron.php?doing_wp_cron=1775936181.9137539863586425781250 HTTP/1.1" 200 31 "-" "WordPress/6.9; http://cqqizhou.com"
5.61.209.107 - - [12/Apr/2026:03:36:21 +0800] "GET /SDK/webLanguage HTTP/1.1" 301 5 "-" "Mozilla/5.0 (Windows NT 10.0; Win64; x64) AppleWebKit/537.36 (KHTML, like Gecko) Chrome/90.0.4430.85 Safari/537.36 Edg/90.0.818.46"
36.133.115.36 - - [12/Apr/2026:03:54:49 +0800] "POST /wp-cron.php?doing_wp_cron=1775937289.2022390365600585937500 HTTP/1.1" 200 31 "-" "WordPress/6.9; http://cqqizhou.com"
198.244.183.160 - - [12/Apr/2026:03:54:49 +0800] "GET /news/2214 HTTP/1.1" 200 25837 "-" "Mozilla/5.0 (compatible; AhrefsBot/7.0; +http://ahrefs.com/robot/)"
36.133.115.36 - - [12/Apr/2026:04:42:40 +0800] "POST /wp-cron.php?doing_wp_cron=1775940160.1631960868835449218750 HTTP/1.1" 200 31 "-" "WordPress/6.9; http://cqqizhou.com"
47.128.30.80 - - [12/Apr/2026:04:42:40 +0800] "GET /robots.txt HTTP/1.1" 200 190 "-" "Mozilla/5.0 (Linux; Android 5.0) AppleWebKit/537.36 (KHTML, like Gecko) Mobile Safari/537.36 (compatible; Bytespider; spider-feedback@bytedance.com)"
36.133.115.36 - - [12/Apr/2026:04:57:13 +0800] "POST /wp-cron.php?doing_wp_cron=1775941033.3709499835968017578125 HTTP/1.1" 200 31 "-" "WordPress/6.9; http://cqqizhou.com"
124.238.25.182 - - [12/Apr/2026:04:57:13 +0800] "GET /Ly9jcXFpemhvdS5jb20vd3AtY29udGVudC91cGxvYWRzLzIwMjYvMDEvMTc2ODI4MDI3MC1hbnF1YW5fU2xpZGVyXzM4NDDDlzIxNjBfMjAyNjAxMTQtc2NhbGVkLndlYnA= HTTP/1.1" 404 8949 "-" "Mozilla/5.0 (Windows NT 6.1) AppleWebKit/537.36 (KHTML, like Gecko) Chrome/79.0.3945.16"
180.112.254.19 - - [12/Apr/2026:05:11:02 +0800] "GET /news/portfolio/%e5%86%b7%e8%bd%a7%e6%9d%bf HTTP/1.1" 200 22178 "-" "Mozilla/5.0 (Macintosh; Intel Mac OS X 10_15_7) AppleWebKit/537.36 (KHTML, like Gecko) Chrome/140.0.0.0 Safari/537.36"
36.133.115.36 - - [12/Apr/2026:05:17:45 +0800] "POST /wp-cron.php?doing_wp_cron=1775942265.1120131015777587890625 HTTP/1.1" 200 31 "-" "WordPress/6.9; http://cqqizhou.com"
172.71.30.220 - - [12/Apr/2026:05:17:45 +0800] "POST /index.php?s=/admin/upload/uploadfile HTTP/1.1" 200 17283 "-" "Mozilla/5.0"
36.133.115.36 - - [12/Apr/2026:05:38:43 +0800] "POST /wp-cron.php?doing_wp_cron=1775943523.3022780418395996093750 HTTP/1.1" 200 31 "-" "WordPress/6.9; http://cqqizhou.com"
104.152.52.202 - - [12/Apr/2026:05:38:43 +0800] "GET / HTTP/1.1" 301 5 "-" "curl/7.61.1"
183.197.158.65 - - [12/Apr/2026:05:50:31 +0800] "GET /news/2373 HTTP/1.1" 200 26290 "-" "Mozilla/5.0 (Macintosh; Intel Mac OS X 10_15_7) AppleWebKit/537.36 (KHTML, like Gecko) Chrome/140.0.0.0 Safari/537.36"
36.133.115.36 - - [12/Apr/2026:06:06:45 +0800] "POST /wp-cron.php?doing_wp_cron=1775945205.4639670848846435546875 HTTP/1.1" 200 31 "-" "WordPress/6.9; http://cqqizhou.com"
116.179.32.153 - - [12/Apr/2026:06:06:45 +0800] "GET /wp-json/oembed/1.0/embed?url=http%3A%2F%2Fcqqizhou.com%2F2464%2F HTTP/1.1" 404 100 "-" "Mozilla/5.0 (compatible; Baiduspider/2.0; +http://www.baidu.com/search/spider.html)"
36.133.115.36 - - [12/Apr/2026:06:08:29 +0800] "POST /wp-cron.php?doing_wp_cron=1775945309.0082859992980957031250 HTTP/1.1" 200 31 "-" "WordPress/6.9; http://cqqizhou.com"
192.144.148.122 - - [12/Apr/2026:06:08:29 +0800] "GET / HTTP/1.1" 301 5 "-" "Mozilla/5.0 (iPhone; CPU iPhone OS 13_2_3 like Mac OS X) AppleWebKit/605.1.15 (KHTML, like Gecko) Version/13.0.3 Mobile/15E148 Safari/604.1"
192.144.148.122 - - [12/Apr/2026:06:08:31 +0800] "GET / HTTP/1.1" 200 34724 "http://www.cqqizhou.com" "Mozilla/5.0 (iPhone; CPU iPhone OS 13_2_3 like Mac OS X) AppleWebKit/605.1.15 (KHTML, like Gecko) Version/13.0.3 Mobile/15E148 Safari/604.1"
61.242.233.29 - - [12/Apr/2026:06:08:43 +0800] "GET /contacts/ HTTP/1.1" 301 5 "-" "Mozilla/5.0 (Windows NT 10.0; Win64; x64) AppleWebKit/537.36 (KHTML, like Gecko) Chrome/136.0.0.0 Safari/537.36"
61.242.233.29 - - [12/Apr/2026:06:08:43 +0800] "GET http://cqqizhou.com/contacts HTTP/1.1" 200 21618 "-" "Mozilla/5.0 (Windows NT 10.0; Win64; x64) AppleWebKit/537.36 (KHTML, like Gecko) Chrome/136.0.0.0 Safari/537.36"
115.201.250.53 - - [12/Apr/2026:06:08:44 +0800] "GET /contacts/ HTTP/1.1" 301 5 "-" "Mozilla/5.0 (Windows NT 10.0; Win64; x64) AppleWebKit/537.36 (KHTML, like Gecko) Chrome/136.0.0.0 Safari/537.36"
115.201.250.53 - - [12/Apr/2026:06:08:44 +0800] "GET http://cqqizhou.com/contacts HTTP/1.1" 200 21618 "-" "Mozilla/5.0 (Windows NT 10.0; Win64; x64) AppleWebKit/537.36 (KHTML, like Gecko) Chrome/136.0.0.0 Safari/537.36"
204.76.203.206 - - [12/Apr/2026:06:10:28 +0800] "GET / HTTP/1.1" 499 0 "-" "Mozilla/5.0 (Windows NT 10.0; Win64; x64) AppleWebKit/537.36 (KHTML, like Gecko) Chrome/90.0.4430.85 Safari/537.36 Edg/90.0.818.46"
36.133.115.36 - - [12/Apr/2026:06:22:12 +0800] "POST /wp-cron.php?doing_wp_cron=1775946131.9713850021362304687500 HTTP/1.1" 200 31 "-" "WordPress/6.9; http://cqqizhou.com"
110.249.202.170 - - [12/Apr/2026:06:22:12 +0800] "GET /2418/ HTTP/1.1" 301 5 "-" "Mozilla/5.0 (Linux; Android 5.0) AppleWebKit/537.36 (KHTML, like Gecko) Mobile Safari/537.36 (compatible; Bytespider; https://zhanzhang.toutiao.com/)"
110.249.202.170 - - [12/Apr/2026:06:22:12 +0800] "GET /news/2418 HTTP/1.1" 200 23249 "-" "Mozilla/5.0 (Linux; Android 5.0) AppleWebKit/537.36 (KHTML, like Gecko) Mobile Safari/537.36 (compatible; Bytespider; https://zhanzhang.toutiao.com/)"
36.133.115.36 - - [12/Apr/2026:06:23:32 +0800] "POST /wp-cron.php?doing_wp_cron=1775946212.7029020786285400390625 HTTP/1.1" 200 31 "-" "WordPress/6.9; http://cqqizhou.com"
51.89.129.44 - - [12/Apr/2026:06:23:32 +0800] "GET /company-news/page/2 HTTP/1.1" 200 26020 "-" "Mozilla/5.0 (compatible; AhrefsBot/7.0; +http://ahrefs.com/robot/)"
36.133.115.36 - - [12/Apr/2026:07:00:15 +0800] "POST /wp-cron.php?doing_wp_cron=1775948415.6876480579376220703125 HTTP/1.1" 200 31 "-" "WordPress/6.9; http://cqqizhou.com"
183.197.254.215 - - [12/Apr/2026:07:00:15 +0800] "GET /Ly9jcXFpemhvdS5jb20vd3AtY29udGVudC91cGxvYWRzLzIwMjUvMTIvMTc2NTI2ODk1NS1xaXpob3VfU2xpZGVyMV8zODQww5cyMTYwXzIwMjUxMjEwLXNjYWxlZC53ZWJw HTTP/1.1" 404 8950 "-" "Mozilla/5.0 (Windows NT 6.1; Win64; x64) AppleWebKit/537.36 (KHTML, like Gecko) Chrome/75.0.3770.8"
27.29.166.220 - - [12/Apr/2026:07:00:38 +0800] "GET /news HTTP/1.1" 200 20067 "-" "Mozilla/5.0 (Macintosh; Intel Mac OS X 10_15_7) AppleWebKit/537.36 (KHTML, like Gecko) Chrome/140.0.0.0 Safari/537.36"
36.133.115.36 - - [12/Apr/2026:07:12:06 +0800] "POST /wp-cron.php?doing_wp_cron=1775949126.2379970550537109375000 HTTP/1.1" 200 31 "-" "WordPress/6.9; http://cqqizhou.com"
42.239.51.212 - - [12/Apr/2026:07:12:06 +0800] "GET /media/4 HTTP/1.1" 200 26182 "-" "Mozilla/5.0 (Macintosh; Intel Mac OS X 10_15_7) AppleWebKit/537.36 (KHTML, like Gecko) Chrome/140.0.0.0 Safari/537.36"
36.133.115.36 - - [12/Apr/2026:07:25:32 +0800] "POST /wp-cron.php?doing_wp_cron=1775949932.2686018943786621093750 HTTP/1.1" 200 31 "-" "WordPress/6.9; http://cqqizhou.com"
207.46.13.168 - - [12/Apr/2026:07:25:32 +0800] "GET /news/page/2 HTTP/1.1" 200 26031 "-" "Mozilla/5.0 AppleWebKit/537.36 (KHTML, like Gecko; compatible; bingbot/2.0; +http://www.bing.com/bingbot.htm) Chrome/116.0.1938.76 Safari/537.36"
36.133.115.36 - - [12/Apr/2026:08:00:00 +0800] "POST /wp-cron.php?doing_wp_cron=1775952000.6511800289154052734375 HTTP/1.1" 200 31 "-" "WordPress/6.9; http://cqqizhou.com"
93.123.72.166 - - [12/Apr/2026:08:00:00 +0800] "GET /SDK/webLanguage HTTP/1.1" 301 5 "-" "Mozilla/5.0 (Windows NT 10.0; Win64; x64) AppleWebKit/537.36 (KHTML, like Gecko) Chrome/90.0.4430.85 Safari/537.36 Edg/90.0.818.46"
36.133.115.36 - - [12/Apr/2026:08:05:46 +0800] "POST /wp-cron.php?doing_wp_cron=1775952346.2573630809783935546875 HTTP/1.1" 200 31 "-" "WordPress/6.9; http://cqqizhou.com"
142.44.225.37 - - [12/Apr/2026:08:05:46 +0800] "GET /robots.txt HTTP/1.1" 200 190 "-" "Mozilla/5.0 (compatible; AhrefsBot/7.0; +http://ahrefs.com/robot/)"
198.244.242.118 - - [12/Apr/2026:08:05:47 +0800] "GET /club HTTP/1.1" 200 13084 "-" "Mozilla/5.0 (compatible; AhrefsBot/7.0; +http://ahrefs.com/robot/)"
36.133.115.36 - - [12/Apr/2026:08:42:12 +0800] "POST /wp-cron.php?doing_wp_cron=1775954532.4531540870666503906250 HTTP/1.1" 200 31 "-" "WordPress/6.9; http://cqqizhou.com"
114.119.154.39 - - [12/Apr/2026:08:42:12 +0800] "GET /wp-sitemap.xml HTTP/1.1" 501 253 "-" "Mozilla/5.0 (Linux; Android 7.0;) AppleWebKit/537.36 (KHTML, like Gecko) Mobile Safari/537.36 (compatible; PetalBot;+https://webmaster.petalsearch.com/site/petalbot)"
36.133.115.36 - - [12/Apr/2026:08:45:28 +0800] "POST /wp-cron.php?doing_wp_cron=1775954728.7361938953399658203125 HTTP/1.1" 200 31 "-" "WordPress/6.9; http://cqqizhou.com"
114.119.147.32 - - [12/Apr/2026:08:45:28 +0800] "GET /wp-sitemap.xml HTTP/1.1" 501 253 "-" "Mozilla/5.0 (Linux; Android 7.0;) AppleWebKit/537.36 (KHTML, like Gecko) Mobile Safari/537.36 (compatible; PetalBot;+https://webmaster.petalsearch.com/site/petalbot)"
113.205.237.235 - - [12/Apr/2026:08:49:57 +0800] "GET / HTTP/1.1" 200 35158 "-" "Mozilla/5.0 (Macintosh; Intel Mac OS X 10_15_7) AppleWebKit/537.36 (KHTML, like Gecko) Chrome/126.0.0.0 Safari/537.36"
36.133.115.36 - - [12/Apr/2026:08:50:25 +0800] "POST /wp-cron.php?doing_wp_cron=1775955025.1168220043182373046875 HTTP/1.1" 200 31 "-" "WordPress/6.9; http://cqqizhou.com"
223.74.94.190 - - [12/Apr/2026:08:50:25 +0800] "GET / HTTP/1.1" 301 5 "-" "Mozilla/5.0 (Macintosh; Intel Mac OS X 10_15_7) AppleWebKit/537.36 (KHTML, like Gecko) Chrome/126.0.0.0 Safari/537.36"
223.74.94.190 - - [12/Apr/2026:08:50:25 +0800] "GET http://cqqizhou.com/ HTTP/1.1" 200 35158 "-" "Mozilla/5.0 (Macintosh; Intel Mac OS X 10_15_7) AppleWebKit/537.36 (KHTML, like Gecko) Chrome/126.0.0.0 Safari/537.36"
36.133.115.36 - - [12/Apr/2026:09:04:21 +0800] "POST /wp-cron.php?doing_wp_cron=1775955861.0843501091003417968750 HTTP/1.1" 200 31 "-" "WordPress/6.9; http://cqqizhou.com"
218.16.68.34 - - [12/Apr/2026:09:04:21 +0800] "GET /contacts/ HTTP/1.1" 301 5 "-" "Mozilla/5.0 (Macintosh; Intel Mac OS X 10_15_7) AppleWebKit/537.36 (KHTML, like Gecko) Chrome/140.0.0.0 Safari/537.36"
60.177.202.55 - - [12/Apr/2026:09:04:21 +0800] "GET /contacts HTTP/1.1" 200 21618 "http://cqqizhou.com/contacts/" "Mozilla/5.0 (Macintosh; Intel Mac OS X 10_15_7) AppleWebKit/537.36 (KHTML, like Gecko) Chrome/140.0.0.0 Safari/537.36"
36.133.115.36 - - [12/Apr/2026:09:09:12 +0800] "POST /wp-cron.php?doing_wp_cron=1775956152.5826001167297363281250 HTTP/1.1" 200 31 "-" "WordPress/6.9; http://cqqizhou.com"
206.81.29.46 - - [12/Apr/2026:09:09:12 +0800] "GET / HTTP/1.1" 301 5 "-" "Mozilla/5.0 (Windows NT 10.0; Win64; x64; rv:109.0) Gecko/20100101 Firefox/118.0"
196.245.186.25 - - [12/Apr/2026:09:33:24 +0800] "GET /contacts HTTP/1.1" 200 21618 "-" "Mozilla/5.0 (X11; Ubuntu; Linux x86_64; rv:114.0) Gecko/20100101 Firefox/114.0"
36.133.115.36 - - [12/Apr/2026:09:33:27 +0800] "POST /wp-cron.php?doing_wp_cron=1775957607.2961609363555908203125 HTTP/1.1" 200 31 "-" "WordPress/6.9; http://cqqizhou.com"
196.245.186.25 - - [12/Apr/2026:09:33:27 +0800] "POST /wp-json/contact-form-7/v1/contact-forms/158/feedback HTTP/1.1" 200 218 "http://cqqizhou.com/contacts" "Mozilla/5.0 (X11; Ubuntu; Linux x86_64; rv:114.0) Gecko/20100101 Firefox/114.0"
36.133.115.36 - - [12/Apr/2026:09:47:45 +0800] "POST /wp-cron.php?doing_wp_cron=1775958465.7478570938110351562500 HTTP/1.1" 200 31 "-" "WordPress/6.9; http://cqqizhou.com"
222.79.193.208 - - [12/Apr/2026:09:47:45 +0800] "GET /portfolio/remaining-rolls/ HTTP/1.1" 301 5 "-" "Mozilla/5.0 (Macintosh; Intel Mac OS X 10_15_7) AppleWebKit/537.36 (KHTML, like Gecko) Chrome/140.0.0.0 Safari/537.36"
42.58.32.164 - - [12/Apr/2026:09:47:46 +0800] "GET /news/portfolio/remaining-rolls HTTP/1.1" 200 22236 "http://cqqizhou.com/portfolio/remaining-rolls/" "Mozilla/5.0 (Macintosh; Intel Mac OS X 10_15_7) AppleWebKit/537.36 (KHTML, like Gecko) Chrome/140.0.0.0 Safari/537.36"
36.133.115.36 - - [12/Apr/2026:09:59:54 +0800] "POST /wp-cron.php?doing_wp_cron=1775959194.7727260589599609375000 HTTP/1.1" 200 31 "-" "WordPress/6.9; http://cqqizhou.com"
66.249.74.9 - - [12/Apr/2026:09:59:54 +0800] "GET /news/2231 HTTP/1.1" 200 19579 "-" "Mozilla/5.0 (Linux; Android 6.0.1; Nexus 5X Build/MMB29P) AppleWebKit/537.36 (KHTML, like Gecko) Chrome/146.0.7680.177 Mobile Safari/537.36 (compatible; Googlebot/2.1; +http://www.google.com/bot.html)"
20.223.165.215 - - [12/Apr/2026:10:03:17 +0800] "GET /wp-content/plugins/hellopress/wp_filemanager.php HTTP/1.1" 404 27 "-" "-"
20.223.165.215 - - [12/Apr/2026:10:03:17 +0800] "GET /wp-widgets.php HTTP/1.1" 404 27 "-" "-"
20.223.165.215 - - [12/Apr/2026:10:03:17 +0800] "GET /option.php HTTP/1.1" 404 27 "-" "-"
20.223.165.215 - - [12/Apr/2026:10:03:17 +0800] "GET /ss.php HTTP/1.1" 404 27 "-" "-"
20.223.165.215 - - [12/Apr/2026:10:03:18 +0800] "GET /wp-content/languages/about.php HTTP/1.1" 404 27 "-" "-"
20.223.165.215 - - [12/Apr/2026:10:03:18 +0800] "GET /HhJj1KbY8mQ.php HTTP/1.1" 404 27 "-" "-"
20.223.165.215 - - [12/Apr/2026:10:03:18 +0800] "GET /main.php HTTP/1.1" 404 27 "-" "-"
20.223.165.215 - - [12/Apr/2026:10:03:18 +0800] "GET /test.php HTTP/1.1" 404 27 "-" "-"
20.223.165.215 - - [12/Apr/2026:10:03:19 +0800] "GET /config.php HTTP/1.1" 404 27 "-" "-"
20.223.165.215 - - [12/Apr/2026:10:03:19 +0800] "GET /click.php HTTP/1.1" 404 27 "-" "-"
20.223.165.215 - - [12/Apr/2026:10:03:19 +0800] "GET /info.php HTTP/1.1" 200 29 "-" "-"
20.223.165.215 - - [12/Apr/2026:10:03:19 +0800] "GET /a.php HTTP/1.1" 404 27 "-" "-"
20.223.165.215 - - [12/Apr/2026:10:03:19 +0800] "GET /2.php HTTP/1.1" 404 27 "-" "-"
20.223.165.215 - - [12/Apr/2026:10:03:20 +0800] "GET /doc.php HTTP/1.1" 404 27 "-" "-"
20.223.165.215 - - [12/Apr/2026:10:03:20 +0800] "GET /jquery.php HTTP/1.1" 404 27 "-" "-"
20.223.165.215 - - [12/Apr/2026:10:03:20 +0800] "GET /style.php HTTP/1.1" 404 27 "-" "-"
20.223.165.215 - - [12/Apr/2026:10:03:20 +0800] "GET /bolt.php HTTP/1.1" 404 27 "-" "-"
20.223.165.215 - - [12/Apr/2026:10:03:21 +0800] "GET /1.php HTTP/1.1" 404 27 "-" "-"
20.223.165.215 - - [12/Apr/2026:10:03:21 +0800] "GET /p.php HTTP/1.1" 404 27 "-" "-"
20.223.165.215 - - [12/Apr/2026:10:03:21 +0800] "GET /wp-info.php HTTP/1.1" 404 27 "-" "-"
20.223.165.215 - - [12/Apr/2026:10:03:21 +0800] "GET /mini.php HTTP/1.1" 404 27 "-" "-"
20.223.165.215 - - [12/Apr/2026:10:03:22 +0800] "GET /wp-admin/maint/admin.php HTTP/1.1" 404 27 "-" "-"
20.223.165.215 - - [12/Apr/2026:10:03:22 +0800] "GET /66.php?p= HTTP/1.1" 404 27 "-" "-"
20.223.165.215 - - [12/Apr/2026:10:03:22 +0800] "GET /as.php HTTP/1.1" 404 27 "-" "-"
36.133.115.36 - - [12/Apr/2026:10:03:23 +0800] "POST /wp-cron.php?doing_wp_cron=1775959403.6484770774841308593750 HTTP/1.1" 200 31 "-" "WordPress/6.9; http://cqqizhou.com"
20.223.165.215 - - [12/Apr/2026:10:03:23 +0800] "GET /wp-login.php HTTP/1.1" 200 9053 "-" "-"
20.223.165.215 - - [12/Apr/2026:10:03:23 +0800] "GET /alfa.php HTTP/1.1" 404 27 "-" "-"
20.223.165.215 - - [12/Apr/2026:10:03:24 +0800] "GET /wp-content/index.php HTTP/1.1" 200 5 "-" "-"
20.223.165.215 - - [12/Apr/2026:10:03:24 +0800] "GET /222.php HTTP/1.1" 404 27 "-" "-"
20.223.165.215 - - [12/Apr/2026:10:03:24 +0800] "GET /default.php HTTP/1.1" 404 27 "-" "-"
20.223.165.215 - - [12/Apr/2026:10:03:24 +0800] "GET /abcd.php HTTP/1.1" 404 27 "-" "-"
20.223.165.215 - - [12/Apr/2026:10:03:25 +0800] "GET /file61.php HTTP/1.1" 404 27 "-" "-"
20.223.165.215 - - [12/Apr/2026:10:03:25 +0800] "GET /about.php HTTP/1.1" 404 27 "-" "-"
20.223.165.215 - - [12/Apr/2026:10:03:25 +0800] "GET /d.php HTTP/1.1" 404 27 "-" "-"
20.223.165.215 - - [12/Apr/2026:10:03:25 +0800] "GET /aa.php HTTP/1.1" 404 27 "-" "-"
20.223.165.215 - - [12/Apr/2026:10:03:26 +0800] "GET /wp-admins.php HTTP/1.1" 404 27 "-" "-"
20.223.165.215 - - [12/Apr/2026:10:03:26 +0800] "GET /wp-config-sample.php?p= HTTP/1.1" 500 2434 "-" "-"
20.223.165.215 - - [12/Apr/2026:10:03:26 +0800] "GET /file6.php HTTP/1.1" 404 27 "-" "-"
20.223.165.215 - - [12/Apr/2026:10:03:26 +0800] "GET /up.php?x= HTTP/1.1" 404 27 "-" "-"
20.223.165.215 - - [12/Apr/2026:10:03:27 +0800] "GET /ioxi002.PhP7 HTTP/1.1" 404 31365 "-" "-"
20.223.165.215 - - [12/Apr/2026:10:03:28 +0800] "GET /wp.php HTTP/1.1" 404 27 "-" "-"
20.223.165.215 - - [12/Apr/2026:10:03:28 +0800] "GET /a4.php HTTP/1.1" 404 27 "-" "-"
20.223.165.215 - - [12/Apr/2026:10:03:28 +0800] "GET /ca.php HTTP/1.1" 404 27 "-" "-"
20.223.165.215 - - [12/Apr/2026:10:03:29 +0800] "GET /wp-mail.php HTTP/1.1" 403 2517 "-" "-"
20.223.165.215 - - [12/Apr/2026:10:03:30 +0800] "GET /inputs.php HTTP/1.1" 404 27 "-" "-"
20.223.165.215 - - [12/Apr/2026:10:03:30 +0800] "GET /admin.php HTTP/1.1" 404 27 "-" "-"
36.133.115.36 - - [12/Apr/2026:10:13:24 +0800] "POST /wp-cron.php?doing_wp_cron=1775960004.6880800724029541015625 HTTP/1.1" 200 31 "-" "WordPress/6.9; http://cqqizhou.com"
119.84.246.117 - - [12/Apr/2026:10:13:24 +0800] "GET / HTTP/1.1" 301 5 "-" "Mozilla/5.0 (Windows NT 6.1; WOW64; rv:12.0) Gecko/20100101 Firefox/12.0"
119.84.246.117 - - [12/Apr/2026:10:13:24 +0800] "GET / HTTP/1.1" 200 158581 "-" "Mozilla/5.0 (Windows NT 6.1; WOW64; rv:12.0) Gecko/20100101 Firefox/12.0"
119.84.246.117 - - [12/Apr/2026:10:13:25 +0800] "GET / HTTP/1.1" 301 5 "-" "Mozilla/5.0 (Windows; U; Windows NT 5.2) AppleWebKit/525.13 (KHTML, like Gecko) Version/3.1 Safari/525.13"
119.84.246.117 - - [12/Apr/2026:10:13:25 +0800] "GET / HTTP/1.1" 200 158581 "-" "Mozilla/5.0 (Windows; U; Windows NT 5.2) AppleWebKit/525.13 (KHTML, like Gecko) Version/3.1 Safari/525.13"
119.84.246.117 - - [12/Apr/2026:10:13:31 +0800] "GET / HTTP/1.1" 301 5 "-" "Mozilla/5.0 (Windows NT 6.1; WOW64) AppleWebKit/536.11 (KHTML, like Gecko) Chrome/20.0.1132.57 Safari/536.11"
119.84.246.117 - - [12/Apr/2026:10:13:31 +0800] "GET / HTTP/1.1" 200 158581 "-" "Mozilla/5.0 (Windows NT 6.1; WOW64) AppleWebKit/536.11 (KHTML, like Gecko) Chrome/20.0.1132.57 Safari/536.11"
36.133.115.36 - - [12/Apr/2026:10:16:56 +0800] "POST /wp-cron.php?doing_wp_cron=1775960216.8578310012817382812500 HTTP/1.1" 200 31 "-" "WordPress/6.9; http://cqqizhou.com"
66.249.74.9 - - [12/Apr/2026:10:16:56 +0800] "GET /news/2518 HTTP/1.1" 200 20121 "-" "Mozilla/5.0 (Linux; Android 6.0.1; Nexus 5X Build/MMB29P) AppleWebKit/537.36 (KHTML, like Gecko) Chrome/146.0.7680.177 Mobile Safari/537.36 (compatible; Googlebot/2.1; +http://www.google.com/bot.html)"
36.133.115.36 - - [12/Apr/2026:10:25:54 +0800] "POST /wp-cron.php?doing_wp_cron=1775960754.7547049522399902343750 HTTP/1.1" 200 31 "-" "WordPress/6.9; http://cqqizhou.com"
198.244.168.124 - - [12/Apr/2026:10:25:54 +0800] "GET /news/2160 HTTP/1.1" 200 25689 "-" "Mozilla/5.0 (compatible; AhrefsBot/7.0; +http://ahrefs.com/robot/)"
58.229.188.59 - - [12/Apr/2026:10:36:50 +0800] "GET /admin/config.php HTTP/1.0" 404 16 "-" "Mozilla/5.0 (Windows NT 10.0; Win64; x64) AppleWebKit/537.36"
36.133.115.36 - - [12/Apr/2026:10:55:47 +0800] "POST /wp-cron.php?doing_wp_cron=1775962547.8076229095458984375000 HTTP/1.1" 200 31 "-" "WordPress/6.9; http://cqqizhou.com"
43.133.253.253 - - [12/Apr/2026:10:55:47 +0800] "GET / HTTP/1.1" 200 34723 "-" "Mozilla/5.0 (iPhone; CPU iPhone OS 13_2_3 like Mac OS X) AppleWebKit/605.1.15 (KHTML, like Gecko) Version/13.0.3 Mobile/15E148 Safari/604.1"
182.96.164.239 - - [12/Apr/2026:10:58:05 +0800] "GET /fun.php HTTP/1.1" 404 47 "http://cqqizhou.com/fun.php" "Mozilla/5.0 (Windows NT 6.1; WOW64) AppleWebKit/537.11 (KHTML, like Gecko) Chrome/23.0.1271.97 Safari/537.11"
36.133.115.36 - - [12/Apr/2026:11:08:59 +0800] "POST /wp-cron.php?doing_wp_cron=1775963339.8485350608825683593750 HTTP/1.1" 200 31 "-" "WordPress/6.9; http://cqqizhou.com"
43.167.236.228 - - [12/Apr/2026:11:08:59 +0800] "GET / HTTP/1.1" 200 34724 "-" "Mozilla/5.0 (iPhone; CPU iPhone OS 13_2_3 like Mac OS X) AppleWebKit/605.1.15 (KHTML, like Gecko) Version/13.0.3 Mobile/15E148 Safari/604.1"
36.133.115.36 - - [12/Apr/2026:11:19:16 +0800] "POST /wp-cron.php?doing_wp_cron=1775963956.3860991001129150390625 HTTP/1.1" 200 31 "-" "WordPress/6.9; http://cqqizhou.com"
43.135.185.59 - - [12/Apr/2026:11:19:16 +0800] "GET /logistics HTTP/1.1" 301 5 "-" "Mozilla/5.0 (iPhone; CPU iPhone OS 13_2_3 like Mac OS X) AppleWebKit/605.1.15 (KHTML, like Gecko) Version/13.0.3 Mobile/15E148 Safari/604.1"
43.135.185.59 - - [12/Apr/2026:11:19:19 +0800] "GET /logistics HTTP/1.1" 200 25346 "http://36.133.115.36:80/logistics" "Mozilla/5.0 (iPhone; CPU iPhone OS 13_2_3 like Mac OS X) AppleWebKit/605.1.15 (KHTML, like Gecko) Version/13.0.3 Mobile/15E148 Safari/604.1"
85.208.96.200 - - [12/Apr/2026:11:22:29 +0800] "GET /robots.txt HTTP/1.1" 499 0 "-" "Mozilla/5.0 (compatible; SemrushBot/7~bl; +http://www.semrush.com/bot.html)"
36.133.115.36 - - [12/Apr/2026:11:22:29 +0800] "POST /wp-cron.php?doing_wp_cron=1775964149.8573129177093505859375 HTTP/1.1" 200 31 "-" "WordPress/6.9; http://cqqizhou.com"
36.133.115.36 - - [12/Apr/2026:11:30:07 +0800] "POST /wp-cron.php?doing_wp_cron=1775964607.4928491115570068359375 HTTP/1.1" 200 31 "-" "WordPress/6.9; http://cqqizhou.com"
43.153.96.79 - - [12/Apr/2026:11:30:07 +0800] "GET /wp-content/uploads/2025/07/1753456770- HTTP/1.1" 404 8949 "-" "Mozilla/5.0 (iPhone; CPU iPhone OS 13_2_3 like Mac OS X) AppleWebKit/605.1.15 (KHTML, like Gecko) Version/13.0.3 Mobile/15E148 Safari/604.1"
36.133.115.36 - - [12/Apr/2026:11:31:42 +0800] "POST /wp-cron.php?doing_wp_cron=1775964702.4613819122314453125000 HTTP/1.1" 200 31 "-" "WordPress/6.9; http://cqqizhou.com"
43.153.26.165 - - [12/Apr/2026:11:31:42 +0800] "GET /services HTTP/1.1" 301 5 "-" "Mozilla/5.0 (iPhone; CPU iPhone OS 13_2_3 like Mac OS X) AppleWebKit/605.1.15 (KHTML, like Gecko) Version/13.0.3 Mobile/15E148 Safari/604.1"
43.153.26.165 - - [12/Apr/2026:11:31:45 +0800] "GET /services HTTP/1.1" 200 25884 "http://36.133.115.36:80/services" "Mozilla/5.0 (iPhone; CPU iPhone OS 13_2_3 like Mac OS X) AppleWebKit/605.1.15 (KHTML, like Gecko) Version/13.0.3 Mobile/15E148 Safari/604.1"
43.167.236.228 - - [12/Apr/2026:11:39:00 +0800] "GET /wp-content/uploads/2025/07/1751425283-qizhou.kf_.qq_.com_.webp HTTP/1.1" 200 16864 "-" "Mozilla/5.0 (iPhone; CPU iPhone OS 13_2_3 like Mac OS X) AppleWebKit/605.1.15 (KHTML, like Gecko) Version/13.0.3 Mobile/15E148 Safari/604.1"
36.133.115.36 - - [12/Apr/2026:11:39:42 +0800] "POST /wp-cron.php?doing_wp_cron=1775965182.9537351131439208984375 HTTP/1.1" 200 31 "-" "WordPress/6.9; http://cqqizhou.com"
43.153.123.3 - - [12/Apr/2026:11:39:42 +0800] "GET /2354/ HTTP/1.1" 404 8949 "-" "Mozilla/5.0 (iPhone; CPU iPhone OS 13_2_3 like Mac OS X) AppleWebKit/605.1.15 (KHTML, like Gecko) Version/13.0.3 Mobile/15E148 Safari/604.1"
36.133.115.36 - - [12/Apr/2026:11:49:38 +0800] "POST /wp-cron.php?doing_wp_cron=1775965778.2723898887634277343750 HTTP/1.1" 200 31 "-" "WordPress/6.9; http://cqqizhou.com"
119.28.89.249 - - [12/Apr/2026:11:49:38 +0800] "GET /logistics HTTP/1.1" 200 25345 "-" "Mozilla/5.0 (iPhone; CPU iPhone OS 13_2_3 like Mac OS X) AppleWebKit/605.1.15 (KHTML, like Gecko) Version/13.0.3 Mobile/15E148 Safari/604.1"
36.133.115.36 - - [12/Apr/2026:11:53:06 +0800] "POST /wp-cron.php?doing_wp_cron=1775965986.6132199764251708984375 HTTP/1.1" 200 31 "-" "WordPress/6.9; http://cqqizhou.com"
198.244.226.181 - - [12/Apr/2026:11:53:06 +0800] "GET /news/2165 HTTP/1.1" 200 26938 "-" "Mozilla/5.0 (compatible; AhrefsBot/7.0; +http://ahrefs.com/robot/)"
223.89.178.39 - - [12/Apr/2026:12:07:31 +0800] "GET / HTTP/1.1" 200 35158 "-" "Mozilla/5.0 (Windows NT 6.2; Win64; x64) AppleWebKit/537.36 (KHTML, like Gecko) Chrome/84.0.4147.30"
36.133.115.36 - - [12/Apr/2026:12:07:37 +0800] "POST /wp-cron.php?doing_wp_cron=1775966857.8374130725860595703125 HTTP/1.1" 200 31 "-" "WordPress/6.9; http://cqqizhou.com"
175.13.254.2 - - [12/Apr/2026:12:07:37 +0800] "GET / HTTP/1.1" 301 5 "-" "Mozilla/5.0 (Windows NT 6.1; WOW64) AppleWebKit/537.36 (KHTML, like Gecko) Chrome/78.0.3904.11"
175.13.254.2 - - [12/Apr/2026:12:07:37 +0800] "GET http://cqqizhou.com/ HTTP/1.1" 200 35158 "-" "Mozilla/5.0 (Windows NT 6.1; WOW64) AppleWebKit/537.36 (KHTML, like Gecko) Chrome/78.0.3904.11"
121.226.154.204 - - [12/Apr/2026:12:17:00 +0800] "GET /contacts HTTP/1.1" 200 21618 "-" "Mozilla/5.0 (Macintosh; Intel Mac OS X 10_15_7) AppleWebKit/537.36 (KHTML, like Gecko) Chrome/140.0.0.0 Safari/537.36"
36.133.115.36 - - [12/Apr/2026:12:20:16 +0800] "POST /wp-cron.php?doing_wp_cron=1775967616.9104781150817871093750 HTTP/1.1" 200 31 "-" "WordPress/6.9; http://cqqizhou.com"
43.131.243.61 - - [12/Apr/2026:12:20:16 +0800] "GET /club/ HTTP/1.1" 301 5 "-" "Mozilla/5.0 (iPhone; CPU iPhone OS 13_2_3 like Mac OS X) AppleWebKit/605.1.15 (KHTML, like Gecko) Version/13.0.3 Mobile/15E148 Safari/604.1"
43.131.243.61 - - [12/Apr/2026:12:20:21 +0800] "GET /club HTTP/1.1" 200 11913 "http://cqqizhou.com/club/" "Mozilla/5.0 (iPhone; CPU iPhone OS 13_2_3 like Mac OS X) AppleWebKit/605.1.15 (KHTML, like Gecko) Version/13.0.3 Mobile/15E148 Safari/604.1"
36.133.115.36 - - [12/Apr/2026:12:33:44 +0800] "POST /wp-cron.php?doing_wp_cron=1775968424.5191578865051269531250 HTTP/1.1" 200 31 "-" "WordPress/6.9; http://cqqizhou.com"
50.116.26.161 - - [12/Apr/2026:12:33:44 +0800] "GET / HTTP/1.1" 301 5 "-" "Mozilla/5.0 zgrab/0.x"
36.133.115.36 - - [12/Apr/2026:12:36:45 +0800] "POST /wp-cron.php?doing_wp_cron=1775968605.2697660923004150390625 HTTP/1.1" 200 31 "-" "WordPress/6.9; http://cqqizhou.com"
183.212.181.227 - - [12/Apr/2026:12:36:45 +0800] "GET /contacts/ HTTP/1.1" 301 5 "-" "Mozilla/5.0 (Windows NT 10.0; Win64; x64) AppleWebKit/537.36 (KHTML, like Gecko) Chrome/136.0.0.0 Safari/537.36"
183.212.181.227 - - [12/Apr/2026:12:36:45 +0800] "GET http://cqqizhou.com/contacts HTTP/1.1" 200 21618 "-" "Mozilla/5.0 (Windows NT 10.0; Win64; x64) AppleWebKit/537.36 (KHTML, like Gecko) Chrome/136.0.0.0 Safari/537.36"
36.133.115.36 - - [12/Apr/2026:12:42:44 +0800] "POST /wp-cron.php?doing_wp_cron=1775968964.4479041099548339843750 HTTP/1.1" 200 31 "-" "WordPress/6.9; http://cqqizhou.com"
106.227.49.113 - - [12/Apr/2026:12:42:44 +0800] "GET / HTTP/1.1" 200 34723 "-" "Mozilla/5.0 (iPhone; CPU iPhone OS 13_2_3 like Mac OS X) AppleWebKit/605.1.15 (KHTML, like Gecko) Version/13.0.3 Mobile/15E148 Safari/604.1"
209.38.220.20 - - [12/Apr/2026:12:45:27 +0800] "GET / HTTP/1.1" 200 35158 "-" "Mozilla/5.0 (X11; Linux x86_64) AppleWebKit/537.36 (KHTML, like Gecko) Chrome/142.0.0.0 Safari/537.36"
36.133.115.36 - - [12/Apr/2026:12:48:29 +0800] "POST /wp-cron.php?doing_wp_cron=1775969309.6815409660339355468750 HTTP/1.1" 200 31 "-" "WordPress/6.9; http://cqqizhou.com"
66.249.74.9 - - [12/Apr/2026:12:48:29 +0800] "GET /news/2373 HTTP/1.1" 200 22312 "-" "Mozilla/5.0 (Linux; Android 6.0.1; Nexus 5X Build/MMB29P) AppleWebKit/537.36 (KHTML, like Gecko) Chrome/146.0.7680.177 Mobile Safari/537.36 (compatible; Googlebot/2.1; +http://www.google.com/bot.html)"
49.51.141.76 - - [12/Apr/2026:12:50:19 +0800] "GET /wp-content/uploads/2025/11/1762864381-QZ_Photo-7-300x200.webp HTTP/1.1" 200 15268 "-" "Mozilla/5.0 (iPhone; CPU iPhone OS 13_2_3 like Mac OS X) AppleWebKit/605.1.15 (KHTML, like Gecko) Version/13.0.3 Mobile/15E148 Safari/604.1"
198.244.240.227 - - [12/Apr/2026:12:51:56 +0800] "GET /news/portfolio/remaining-rolls HTTP/1.1" 200 22236 "-" "Mozilla/5.0 (compatible; AhrefsBot/7.0; +http://ahrefs.com/robot/)"
36.133.115.36 - - [12/Apr/2026:12:56:55 +0800] "POST /wp-cron.php?doing_wp_cron=1775969815.0003950595855712890625 HTTP/1.1" 200 31 "-" "WordPress/6.9; http://cqqizhou.com"
66.249.74.8 - - [12/Apr/2026:12:56:55 +0800] "GET /news/2552 HTTP/1.1" 200 21297 "-" "Mozilla/5.0 (Linux; Android 6.0.1; Nexus 5X Build/MMB29P) AppleWebKit/537.36 (KHTML, like Gecko) Chrome/146.0.7680.177 Mobile Safari/537.36 (compatible; GoogleOther)"
36.133.115.36 - - [12/Apr/2026:13:04:54 +0800] "POST /wp-cron.php?doing_wp_cron=1775970294.2311339378356933593750 HTTP/1.1" 200 31 "-" "WordPress/6.9; http://cqqizhou.com"
