File: //home/logs/cqqizhou_access_2026-03-25.log
104.28.153.126 - - [25/Mar/2026:00:07:36 +0800] "GET /style.php HTTP/1.1" 404 47 "-" "Go-http-client/1.1"
104.28.153.126 - - [25/Mar/2026:00:07:37 +0800] "GET /wp-content/style.php HTTP/1.1" 404 47 "-" "Go-http-client/1.1"
104.28.153.126 - - [25/Mar/2026:00:07:37 +0800] "GET /wp-content/themes/style.php HTTP/1.1" 404 47 "-" "Go-http-client/1.1"
104.28.153.126 - - [25/Mar/2026:00:07:37 +0800] "GET /wp-admin/style.php HTTP/1.1" 404 47 "-" "Go-http-client/1.1"
104.28.153.126 - - [25/Mar/2026:00:07:37 +0800] "GET /wp-includes/style.php HTTP/1.1" 404 47 "-" "Go-http-client/1.1"
104.28.153.126 - - [25/Mar/2026:00:07:38 +0800] "GET /chosen.php?p= HTTP/1.1" 404 47 "-" "Go-http-client/1.1"
104.28.153.126 - - [25/Mar/2026:00:07:38 +0800] "GET /file.php HTTP/1.1" 404 47 "-" "Go-http-client/1.1"
104.28.153.126 - - [25/Mar/2026:00:07:38 +0800] "GET /flower.php HTTP/1.1" 404 47 "-" "Go-http-client/1.1"
104.28.153.126 - - [25/Mar/2026:00:07:39 +0800] "GET /gifclass.php HTTP/1.1" 404 47 "-" "Go-http-client/1.1"
104.28.153.126 - - [25/Mar/2026:00:07:39 +0800] "GET /bless.php HTTP/1.1" 404 47 "-" "Go-http-client/1.1"
104.28.153.126 - - [25/Mar/2026:00:07:40 +0800] "GET /class-t.api.php HTTP/1.1" 404 47 "-" "Go-http-client/1.1"
104.28.153.126 - - [25/Mar/2026:00:07:40 +0800] "GET /blurbs.php HTTP/1.1" 404 47 "-" "Go-http-client/1.1"
104.28.153.126 - - [25/Mar/2026:00:07:41 +0800] "GET /akcc.php HTTP/1.1" 404 47 "-" "Go-http-client/1.1"
104.28.153.126 - - [25/Mar/2026:00:07:42 +0800] "GET /abcd.php HTTP/1.1" 404 47 "-" "Go-http-client/1.1"
104.28.153.126 - - [25/Mar/2026:00:07:43 +0800] "GET /shelp.php HTTP/1.1" 404 47 "-" "Go-http-client/1.1"
104.28.153.126 - - [25/Mar/2026:00:07:44 +0800] "GET /cord.php HTTP/1.1" 404 47 "-" "Go-http-client/1.1"
104.28.153.126 - - [25/Mar/2026:00:07:44 +0800] "GET /dex.php HTTP/1.1" 404 47 "-" "Go-http-client/1.1"
36.133.115.36 - - [25/Mar/2026:00:07:45 +0800] "POST /wp-cron.php?doing_wp_cron=1774368465.4104158878326416015625 HTTP/1.1" 200 31 "-" "WordPress/6.9; http://cqqizhou.com"
104.28.153.126 - - [25/Mar/2026:00:07:45 +0800] "GET /wp-admin/admin-ajax.php HTTP/1.1" 400 11 "-" "Go-http-client/1.1"
104.28.153.126 - - [25/Mar/2026:00:07:45 +0800] "GET /file2.php HTTP/1.1" 404 47 "-" "Go-http-client/1.1"
104.28.153.126 - - [25/Mar/2026:00:07:46 +0800] "GET //zwso.php HTTP/1.1" 404 47 "-" "Go-http-client/1.1"
104.28.153.126 - - [25/Mar/2026:00:07:46 +0800] "GET /wp-admin/zwso.php HTTP/1.1" 404 47 "-" "Go-http-client/1.1"
104.28.153.126 - - [25/Mar/2026:00:07:46 +0800] "GET /wp-content/plugins/hellopress/wp_mna.php HTTP/1.1" 404 47 "-" "Go-http-client/1.1"
104.28.153.126 - - [25/Mar/2026:00:07:47 +0800] "GET /bolt.php HTTP/1.1" 404 47 "-" "Go-http-client/1.1"
104.28.153.126 - - [25/Mar/2026:00:07:47 +0800] "GET /shlo.php HTTP/1.1" 404 47 "-" "Go-http-client/1.1"
104.28.153.126 - - [25/Mar/2026:00:07:48 +0800] "GET /133.php HTTP/1.1" 404 47 "-" "Go-http-client/1.1"
104.28.153.126 - - [25/Mar/2026:00:07:48 +0800] "GET /ahax.php HTTP/1.1" 404 47 "-" "Go-http-client/1.1"
104.28.153.126 - - [25/Mar/2026:00:07:49 +0800] "GET /php8.php HTTP/1.1" 404 47 "-" "Go-http-client/1.1"
104.28.153.126 - - [25/Mar/2026:00:07:49 +0800] "GET /lufix1.php HTTP/1.1" 404 47 "-" "Go-http-client/1.1"
104.28.153.126 - - [25/Mar/2026:00:07:50 +0800] "GET /witmm.php HTTP/1.1" 404 47 "-" "Go-http-client/1.1"
104.28.153.126 - - [25/Mar/2026:00:07:50 +0800] "GET /wp-admin/css/index.php HTTP/1.1" 404 47 "-" "Go-http-client/1.1"
104.28.153.126 - - [25/Mar/2026:00:07:51 +0800] "GET /wp-content/plugins/index.php HTTP/1.1" 200 31 "-" "Go-http-client/1.1"
104.28.153.126 - - [25/Mar/2026:00:07:52 +0800] "GET /wp-content/index.php HTTP/1.1" 200 31 "-" "Go-http-client/1.1"
104.28.153.126 - - [25/Mar/2026:00:07:52 +0800] "GET /ioxi-o.php HTTP/1.1" 404 47 "-" "Go-http-client/1.1"
104.28.153.126 - - [25/Mar/2026:00:07:52 +0800] "GET /222.php HTTP/1.1" 404 47 "-" "Go-http-client/1.1"
104.28.153.126 - - [25/Mar/2026:00:07:53 +0800] "GET /files.php HTTP/1.1" 404 47 "-" "Go-http-client/1.1"
104.28.153.126 - - [25/Mar/2026:00:07:54 +0800] "GET /wp-editor.php HTTP/1.1" 404 47 "-" "Go-http-client/1.1"
104.28.153.126 - - [25/Mar/2026:00:07:54 +0800] "GET /txets.php HTTP/1.1" 404 47 "-" "Go-http-client/1.1"
104.28.153.126 - - [25/Mar/2026:00:07:54 +0800] "GET /wp-content/txets.php HTTP/1.1" 404 47 "-" "Go-http-client/1.1"
104.28.153.126 - - [25/Mar/2026:00:07:55 +0800] "GET /wp-admin/txets.php HTTP/1.1" 404 47 "-" "Go-http-client/1.1"
104.28.153.126 - - [25/Mar/2026:00:07:55 +0800] "GET /postnews.php HTTP/1.1" 404 47 "-" "Go-http-client/1.1"
104.28.153.126 - - [25/Mar/2026:00:07:55 +0800] "GET /wp-content/postnews.php HTTP/1.1" 404 47 "-" "Go-http-client/1.1"
104.28.153.126 - - [25/Mar/2026:00:07:56 +0800] "GET /wp-admin/postnews.php HTTP/1.1" 404 47 "-" "Go-http-client/1.1"
216.244.66.245 - - [25/Mar/2026:00:14:25 +0800] "GET /wp-content/uploads/2025/11/1762864369-QZ_Photo-11.webp HTTP/1.1" 200 240198 "-" "Mozilla/5.0 (compatible; DotBot/1.2; +https://opensiteexplorer.org/dotbot; help@moz.com)"
36.133.115.36 - - [25/Mar/2026:00:39:46 +0800] "POST /wp-cron.php?doing_wp_cron=1774370386.3225820064544677734375 HTTP/1.1" 200 31 "-" "WordPress/6.9; http://cqqizhou.com"
115.60.72.185 - - [25/Mar/2026:00:39:46 +0800] "GET /services/ HTTP/1.1" 301 5 "-" "Mozilla/5.0 (Windows NT 10.0; Win64; x64) AppleWebKit/537.36 (KHTML, like Gecko) Chrome/91.0.4472.101 Safari/537.36"
115.60.72.185 - - [25/Mar/2026:00:39:46 +0800] "GET http://cqqizhou.com/services HTTP/1.1" 200 26231 "-" "Mozilla/5.0 (Windows NT 10.0; Win64; x64) AppleWebKit/537.36 (KHTML, like Gecko) Chrome/91.0.4472.101 Safari/537.36"
36.133.115.36 - - [25/Mar/2026:00:48:47 +0800] "POST /wp-cron.php?doing_wp_cron=1774370927.1226980686187744140625 HTTP/1.1" 200 31 "-" "WordPress/6.9; http://cqqizhou.com"
216.244.66.245 - - [25/Mar/2026:00:48:47 +0800] "GET /robots.txt HTTP/1.1" 200 390 "-" "Mozilla/5.0 (compatible; DotBot/1.2; +https://opensiteexplorer.org/dotbot; help@moz.com)"
54.39.203.30 - - [25/Mar/2026:00:52:21 +0800] "GET /news/2418 HTTP/1.1" 200 27592 "-" "Mozilla/5.0 (compatible; AhrefsBot/7.0; +http://ahrefs.com/robot/)"
66.249.73.8 - - [25/Mar/2026:01:01:49 +0800] "GET /wp-content/uploads/2026/02/1770341654-2026253Article_images_W900px.webp HTTP/1.1" 200 88106 "-" "GoogleOther-Image/1.0"
216.244.66.245 - - [25/Mar/2026:01:06:36 +0800] "GET /wp-content/uploads/2025/07/1750649193-qizhou1920x1080_5.webp HTTP/1.1" 200 110214 "-" "Mozilla/5.0 (compatible; DotBot/1.2; +https://opensiteexplorer.org/dotbot; help@moz.com)"
36.133.115.36 - - [25/Mar/2026:01:07:17 +0800] "POST /wp-cron.php?doing_wp_cron=1774372037.7478899955749511718750 HTTP/1.1" 200 31 "-" "WordPress/6.9; http://cqqizhou.com"
216.180.246.64 - - [25/Mar/2026:01:07:17 +0800] "GET / HTTP/1.0" 301 0 "-" "Mozilla/5.0 (compatible; GenomeCrawlerd/1.0; +https://www.nokia.com/genomecrawler)"
36.133.115.36 - - [25/Mar/2026:01:08:47 +0800] "POST /wp-cron.php?doing_wp_cron=1774372127.4858739376068115234375 HTTP/1.1" 200 31 "-" "WordPress/6.9; http://cqqizhou.com"
216.180.246.64 - - [25/Mar/2026:01:08:47 +0800] "GET / HTTP/1.1" 301 5 "-" "Mozilla/5.0 (compatible; GenomeCrawlerd/1.0; +https://www.nokia.com/genomecrawler)"
36.133.115.36 - - [25/Mar/2026:01:24:48 +0800] "POST /wp-cron.php?doing_wp_cron=1774373088.1908988952636718750000 HTTP/1.1" 200 31 "-" "WordPress/6.9; http://cqqizhou.com"
115.159.33.43 - - [25/Mar/2026:01:24:48 +0800] "GET / HTTP/1.1" 301 5 "-" "Mozilla/5.0 (Windows NT 10.0; Win64; x64) AppleWebKit/537.36 (KHTML, like Gecko) Chrome/79.0.3945.117 Safari/537.36"
36.133.115.36 - - [25/Mar/2026:01:26:11 +0800] "POST /wp-cron.php?doing_wp_cron=1774373171.7591559886932373046875 HTTP/1.1" 200 31 "-" "WordPress/6.9; http://cqqizhou.com"
54.39.203.229 - - [25/Mar/2026:01:26:11 +0800] "GET /portfolio/duplex-stainless-steel/ HTTP/1.1" 301 5 "-" "Mozilla/5.0 (compatible; AhrefsBot/7.0; +http://ahrefs.com/robot/)"
36.133.115.36 - - [25/Mar/2026:01:34:02 +0800] "POST /wp-cron.php?doing_wp_cron=1774373642.6213219165802001953125 HTTP/1.1" 200 31 "-" "WordPress/6.9; http://cqqizhou.com"
43.154.140.188 - - [25/Mar/2026:01:34:02 +0800] "GET / HTTP/1.1" 200 34810 "-" "Mozilla/5.0 (iPhone; CPU iPhone OS 13_2_3 like Mac OS X) AppleWebKit/605.1.15 (KHTML, like Gecko) Version/13.0.3 Mobile/15E148 Safari/604.1"
36.133.115.36 - - [25/Mar/2026:01:44:41 +0800] "POST /wp-cron.php?doing_wp_cron=1774374281.4063239097595214843750 HTTP/1.1" 200 31 "-" "WordPress/6.9; http://cqqizhou.com"
103.197.113.50 - - [25/Mar/2026:01:44:46 +0800] "GET /boaform/admin/formLogin?username=adminisp&psd=adminisp HTTP/1.0" 404 31352 "-" "-"
180.153.236.81 - - [25/Mar/2026:01:46:12 +0800] "GET / HTTP/1.1" 200 35249 "http://cqqizhou.com" "User-Agent:Mozilla/5.0 (Windows NT 10.0; Win64; x64) AppleWebKit/537.36 (KHTML, like Gecko) Chrome/140.0.0.0 Safari/537.36 Edg/140.0.0.0; 360Spider"
36.133.115.36 - - [25/Mar/2026:01:47:20 +0800] "POST /wp-cron.php?doing_wp_cron=1774374440.5635108947753906250000 HTTP/1.1" 200 31 "-" "WordPress/6.9; http://cqqizhou.com"
59.51.141.16 - - [25/Mar/2026:01:47:20 +0800] "GET /Ly9jcXFpemhvdS5jb20vd3AtY29udGVudC91cGxvYWRzLzIwMjYvMDEvMTc2ODI4MDI3MC1hbnF1YW5fU2xpZGVyXzM4NDDDlzIxNjBfMjAyNjAxMTQtc2NhbGVkLndlYnA= HTTP/1.1" 404 8948 "-" "Mozilla/5.0 (Windows NT 10.0) AppleWebKit/537.36 (KHTML, like Gecko) Chrome/70.0.3538.67"
36.133.115.36 - - [25/Mar/2026:02:05:18 +0800] "POST /wp-cron.php?doing_wp_cron=1774375518.3130741119384765625000 HTTP/1.1" 200 31 "-" "WordPress/6.9; http://cqqizhou.com"
119.84.246.117 - - [25/Mar/2026:02:05:18 +0800] "GET / HTTP/1.1" 301 5 "-" "Mozilla/5.0 (Windows; U; Windows NT 6.1; zh_CN) AppleWebKit/534.7 (KHTML, like Gecko) Chrome/18.0 BIDUBrowser/2.6 Safari/534.7"
119.84.246.117 - - [25/Mar/2026:02:05:18 +0800] "GET / HTTP/1.1" 200 158844 "-" "Mozilla/5.0 (Windows; U; Windows NT 6.1; zh_CN) AppleWebKit/534.7 (KHTML, like Gecko) Chrome/18.0 BIDUBrowser/2.6 Safari/534.7"
119.84.246.117 - - [25/Mar/2026:02:05:19 +0800] "GET / HTTP/1.1" 301 5 "-" "Mozilla/5.0 (Windows NT 6.1) AppleWebKit/535.12 (KHTML, like Gecko) Maxthon/3.4.2.3000 Chrome/18.0.966.0 Safari/535.12"
119.84.246.117 - - [25/Mar/2026:02:05:19 +0800] "GET / HTTP/1.1" 200 158844 "-" "Mozilla/5.0 (Windows NT 6.1) AppleWebKit/535.12 (KHTML, like Gecko) Maxthon/3.4.2.3000 Chrome/18.0.966.0 Safari/535.12"
119.84.246.117 - - [25/Mar/2026:02:05:20 +0800] "GET / HTTP/1.1" 301 5 "-" "Mozilla/5.0 (Windows NT 6.1; WOW64; rv:14.0) Gecko/20100101 Firefox/14.0.1"
119.84.246.117 - - [25/Mar/2026:02:05:20 +0800] "GET / HTTP/1.1" 200 158844 "-" "Mozilla/5.0 (Windows NT 6.1; WOW64; rv:14.0) Gecko/20100101 Firefox/14.0.1"
51.161.65.194 - - [25/Mar/2026:02:05:34 +0800] "GET /company-news/page/2 HTTP/1.1" 200 24939 "-" "Mozilla/5.0 (compatible; AhrefsBot/7.0; +http://ahrefs.com/robot/)"
49.81.124.199 - - [25/Mar/2026:02:05:56 +0800] "GET /Ly9jcXFpemhvdS5jb20vd3AtY29udGVudC91cGxvYWRzL3JldnNsaWRlci9zbGlkZXItMS8xNzUwODYxMTU2LWxvZ2lzdGljc19TbGlkZXJfMzg0MMOXMjE2MF8yMDI1MDYyNTE5MTM1Ni1zY2FsZWQud2VicA== HTTP/1.1" 404 8948 "-" "Mozilla/5.0 (Windows NT 10.0; WOW64) AppleWebKit/537.36 (KHTML, like Gecko) Chrome/73.0.3683.20"
36.133.115.36 - - [25/Mar/2026:02:12:24 +0800] "POST /wp-cron.php?doing_wp_cron=1774375944.3249421119689941406250 HTTP/1.1" 200 31 "-" "WordPress/6.9; http://cqqizhou.com"
43.166.238.12 - - [25/Mar/2026:02:12:24 +0800] "GET / HTTP/1.1" 200 34810 "-" "Mozilla/5.0 (iPhone; CPU iPhone OS 13_2_3 like Mac OS X) AppleWebKit/605.1.15 (KHTML, like Gecko) Version/13.0.3 Mobile/15E148 Safari/604.1"
36.133.115.36 - - [25/Mar/2026:02:14:05 +0800] "POST /wp-cron.php?doing_wp_cron=1774376045.0692920684814453125000 HTTP/1.1" 200 31 "-" "WordPress/6.9; http://cqqizhou.com"
66.249.66.68 - - [25/Mar/2026:02:14:05 +0800] "GET /robots.txt HTTP/1.1" 301 5 "-" "Mozilla/5.0 (compatible; Googlebot/2.1; +http://www.google.com/bot.html)"
66.249.73.8 - - [25/Mar/2026:02:14:06 +0800] "GET /robots.txt HTTP/1.1" 200 190 "-" "Mozilla/5.0 (compatible; Googlebot/2.1; +http://www.google.com/bot.html)"
36.133.115.36 - - [25/Mar/2026:02:20:41 +0800] "POST /wp-cron.php?doing_wp_cron=1774376441.3774058818817138671875 HTTP/1.1" 200 31 "-" "WordPress/6.9; http://cqqizhou.com"
123.88.251.138 - - [25/Mar/2026:02:20:41 +0800] "GET /Ly9jcXFpemhvdS5jb20vd3AtY29udGVudC91cGxvYWRzLzIwMjUvMTIvMTc2NTI2ODk1NS1xaXpob3VfU2xpZGVyMV8zODQww5cyMTYwXzIwMjUxMjEwLXNjYWxlZC53ZWJw HTTP/1.1" 404 8949 "-" "Mozilla/5.0 (Windows NT 6.1; Win64; x64) AppleWebKit/537.36 (KHTML, like Gecko) Chrome/78.0.3904.105"
36.133.115.36 - - [25/Mar/2026:02:36:50 +0800] "POST /wp-cron.php?doing_wp_cron=1774377410.0261530876159667968750 HTTP/1.1" 200 31 "-" "WordPress/6.9; http://cqqizhou.com"
216.244.66.245 - - [25/Mar/2026:02:36:50 +0800] "GET /robots.txt HTTP/1.1" 200 390 "-" "Mozilla/5.0 (compatible; DotBot/1.2; +https://opensiteexplorer.org/dotbot; help@moz.com)"
36.133.115.36 - - [25/Mar/2026:02:42:13 +0800] "POST /wp-cron.php?doing_wp_cron=1774377733.3618769645690917968750 HTTP/1.1" 200 31 "-" "WordPress/6.9; http://cqqizhou.com"
152.232.53.108 - - [25/Mar/2026:02:42:13 +0800] "GET /contacts/ HTTP/1.1" 301 5 "-" "Mozilla/5.0 (Windows NT 10.0; Win64; x64) AppleWebKit/537.36 (KHTML, like Gecko) Chrome/114.0.0.0 Safari/537.36"
152.232.53.108 - - [25/Mar/2026:02:42:14 +0800] "GET /contacts HTTP/1.1" 200 21638 "http://cqqizhou.com/contacts/" "Mozilla/5.0 (Windows NT 10.0; Win64; x64) AppleWebKit/537.36 (KHTML, like Gecko) Chrome/114.0.0.0 Safari/537.36"
152.232.53.108 - - [25/Mar/2026:02:42:21 +0800] "POST /wp-json/contact-form-7/v1/contact-forms/158/feedback HTTP/1.1" 200 217 "http://cqqizhou.com/contacts" "Mozilla/5.0 (Windows NT 10.0; Win64; x64) AppleWebKit/537.36 (KHTML, like Gecko) Chrome/114.0.0.0 Safari/537.36"
36.133.115.36 - - [25/Mar/2026:02:49:32 +0800] "POST /wp-cron.php?doing_wp_cron=1774378172.3140289783477783203125 HTTP/1.1" 200 31 "-" "WordPress/6.9; http://cqqizhou.com"
51.222.95.128 - - [25/Mar/2026:02:49:32 +0800] "GET /media/4 HTTP/1.1" 200 26025 "-" "Mozilla/5.0 (compatible; AhrefsBot/7.0; +http://ahrefs.com/robot/)"
216.244.66.245 - - [25/Mar/2026:03:00:05 +0800] "GET /wp-content/uploads/2025/07/1750649207-qizhou1920x1080_9.webp HTTP/1.1" 200 146108 "-" "Mozilla/5.0 (compatible; DotBot/1.2; +https://opensiteexplorer.org/dotbot; help@moz.com)"
36.133.115.36 - - [25/Mar/2026:03:35:23 +0800] "POST /wp-cron.php?doing_wp_cron=1774380923.5443229675292968750000 HTTP/1.1" 200 31 "-" "WordPress/6.9; http://cqqizhou.com"
216.244.66.245 - - [25/Mar/2026:03:35:23 +0800] "GET /robots.txt HTTP/1.1" 200 390 "-" "Mozilla/5.0 (compatible; DotBot/1.2; +https://opensiteexplorer.org/dotbot; help@moz.com)"
36.133.115.36 - - [25/Mar/2026:03:39:07 +0800] "POST /wp-cron.php?doing_wp_cron=1774381147.5506350994110107421875 HTTP/1.1" 200 31 "-" "WordPress/6.9; http://cqqizhou.com"
43.165.189.206 - - [25/Mar/2026:03:39:07 +0800] "GET / HTTP/1.1" 301 5 "-" "Mozilla/5.0 (iPhone; CPU iPhone OS 13_2_3 like Mac OS X) AppleWebKit/605.1.15 (KHTML, like Gecko) Version/13.0.3 Mobile/15E148 Safari/604.1"
43.165.189.206 - - [25/Mar/2026:03:39:09 +0800] "GET / HTTP/1.1" 200 34810 "http://36.133.115.36" "Mozilla/5.0 (iPhone; CPU iPhone OS 13_2_3 like Mac OS X) AppleWebKit/605.1.15 (KHTML, like Gecko) Version/13.0.3 Mobile/15E148 Safari/604.1"
36.133.115.36 - - [25/Mar/2026:03:40:55 +0800] "POST /wp-cron.php?doing_wp_cron=1774381255.9452879428863525390625 HTTP/1.1" 200 31 "-" "WordPress/6.9; http://cqqizhou.com"
91.224.92.125 - - [25/Mar/2026:03:40:55 +0800] "GET /SDK/webLanguage HTTP/1.1" 301 5 "-" "Mozilla/5.0 (Windows NT 10.0; Win64; x64) AppleWebKit/537.36 (KHTML, like Gecko) Chrome/90.0.4430.85 Safari/537.36 Edg/90.0.818.46"
154.16.100.30 - - [25/Mar/2026:03:43:51 +0800] "GET /wp-content/uploads/2026/01/1767696162-qizhoutruck3.webp HTTP/1.1" 200 19026 "-" "Mozilla/5.0 (compatible; crawler)"
36.133.115.36 - - [25/Mar/2026:03:47:03 +0800] "POST /wp-cron.php?doing_wp_cron=1774381623.4871199131011962890625 HTTP/1.1" 200 31 "-" "WordPress/6.9; http://cqqizhou.com"
216.244.66.245 - - [25/Mar/2026:03:47:03 +0800] "GET /2153/ HTTP/1.1" 301 5 "-" "Mozilla/5.0 (compatible; DotBot/1.2; +https://opensiteexplorer.org/dotbot; help@moz.com)"
36.133.115.36 - - [25/Mar/2026:03:49:14 +0800] "POST /wp-cron.php?doing_wp_cron=1774381754.7217700481414794921875 HTTP/1.1" 200 31 "-" "WordPress/6.9; http://cqqizhou.com"
206.189.84.29 - - [25/Mar/2026:03:49:14 +0800] "GET / HTTP/1.1" 200 34810 "-" "Mozilla/5.0 (Windows NT 10.0; Win64; x64) AppleWebKit/537.36 (KHTML, like Gecko) Chrome/90.0.4430.85 Safari/537.36 Edg/90.0.818.46"
188.166.54.33 - - [25/Mar/2026:03:54:38 +0800] "GET / HTTP/1.1" 200 35249 "-" "Mozilla/5.0 (X11; Linux x86_64) AppleWebKit/537.36 (KHTML, like Gecko) Chrome/142.0.0.0 Safari/537.36"
36.133.115.36 - - [25/Mar/2026:04:02:22 +0800] "POST /wp-cron.php?doing_wp_cron=1774382542.2738571166992187500000 HTTP/1.1" 200 31 "-" "WordPress/6.9; http://cqqizhou.com"
176.65.149.234 - - [25/Mar/2026:04:02:22 +0800] "GET / HTTP/1.1" 200 157185 "-" "Mozilla/1.0"
36.133.115.36 - - [25/Mar/2026:04:06:29 +0800] "POST /wp-cron.php?doing_wp_cron=1774382789.2386090755462646484375 HTTP/1.1" 200 31 "-" "WordPress/6.9; http://cqqizhou.com"
103.203.56.3 - - [25/Mar/2026:04:06:29 +0800] "GET / HTTP/1.1" 301 5 "-" "HTTP Banner Detection (https://security.ipip.net)"
36.133.115.36 - - [25/Mar/2026:04:09:04 +0800] "POST /wp-cron.php?doing_wp_cron=1774382943.9999010562896728515625 HTTP/1.1" 200 31 "-" "WordPress/6.9; http://cqqizhou.com"
178.128.124.37 - - [25/Mar/2026:04:09:04 +0800] "GET / HTTP/1.1" 200 34810 "-" "Mozilla/5.0 (Windows NT 10.0; Win64; x64) AppleWebKit/537.36 (KHTML, like Gecko) Chrome/90.0.4430.85 Safari/537.36 Edg/90.0.818.46"
36.133.115.36 - - [25/Mar/2026:04:09:10 +0800] "POST /wp-cron.php?doing_wp_cron=1774382950.3372800350189208984375 HTTP/1.1" 200 31 "-" "WordPress/6.9; http://cqqizhou.com"
136.107.120.218 - - [25/Mar/2026:04:09:10 +0800] "HEAD /wp/ HTTP/1.1" 404 0 "-" "Mozilla/5.0 (X11; Linux x86_64) AppleWebKit/537.36 (KHTML, like Gecko) Chrome/125.0.6422.76 Safari/537.36"
136.107.120.218 - - [25/Mar/2026:04:09:11 +0800] "HEAD /wordpress/ HTTP/1.1" 404 0 "-" "Mozilla/5.0 (Linux; Android 11; RMX2195) AppleWebKit/537.36 (KHTML, like Gecko) Chrome/120.0.6099.210 Mobile Safari/537.36 OPR/75.2.3995.72468"
136.107.120.218 - - [25/Mar/2026:04:09:12 +0800] "HEAD /old/ HTTP/1.1" 404 0 "-" "Mozilla/5.0 (Linux; Android 12; Redmi Note 11) AppleWebKit/537.36 (KHTML, like Gecko) Chrome/123.0.6312.112 Mobile Safari/537.36"
136.107.120.218 - - [25/Mar/2026:04:09:13 +0800] "HEAD /new/ HTTP/1.1" 301 0 "-" "Mozilla/5.0 (iPhone; CPU iPhone OS 17_5 like Mac OS X) AppleWebKit/605.1.15 (KHTML, like Gecko) Version/17.5 Mobile/15E148 Safari/604.1"
136.107.120.218 - - [25/Mar/2026:04:09:14 +0800] "HEAD /news HTTP/1.1" 200 0 "http://cqqizhou.com/new/" "Mozilla/5.0 (iPhone; CPU iPhone OS 17_5 like Mac OS X) AppleWebKit/605.1.15 (KHTML, like Gecko) Version/17.5 Mobile/15E148 Safari/604.1"
136.107.120.218 - - [25/Mar/2026:04:09:14 +0800] "HEAD / HTTP/1.1" 200 0 "-" "Mozilla/5.0 (X11; Fedora; Linux x86_64; rv:125.0) Gecko/20100101 Firefox/125.0"
136.107.120.218 - - [25/Mar/2026:04:09:15 +0800] "HEAD /backup/ HTTP/1.1" 404 0 "-" "Mozilla/5.0 (Windows NT 11.0; Win64; x64) AppleWebKit/537.36 (KHTML, like Gecko) Chrome/128.0.6540.18 Safari/537.36"
136.107.120.218 - - [25/Mar/2026:04:09:16 +0800] "HEAD /blog/ HTTP/1.1" 404 0 "-" "Mozilla/5.0 (Linux; Android 10; vivo 1904) AppleWebKit/537.36 (KHTML, like Gecko) Chrome/117.0.5938.60 Mobile Safari/537.36"
36.133.115.36 - - [25/Mar/2026:04:22:01 +0800] "POST /wp-cron.php?doing_wp_cron=1774383721.9443891048431396484375 HTTP/1.1" 200 31 "-" "WordPress/6.9; http://cqqizhou.com"
120.231.239.168 - - [25/Mar/2026:04:22:01 +0800] "GET / HTTP/1.1" 301 5 "-" "Mozilla/5.0 (Windows NT 6.1) AppleWebKit/537.36 (KHTML, like Gecko) Chrome/76.0.3809.25"
120.231.239.168 - - [25/Mar/2026:04:22:02 +0800] "GET http://cqqizhou.com/ HTTP/1.1" 200 35249 "-" "Mozilla/5.0 (Windows NT 6.1) AppleWebKit/537.36 (KHTML, like Gecko) Chrome/76.0.3809.25"
218.12.12.75 - - [25/Mar/2026:04:22:03 +0800] "GET / HTTP/1.1" 200 35249 "-" "Mozilla/5.0 (Windows NT 6.2; WOW64) AppleWebKit/537.36 (KHTML, like Gecko) Chrome/71.0.3578.30"
36.133.115.36 - - [25/Mar/2026:04:23:57 +0800] "POST /wp-cron.php?doing_wp_cron=1774383837.2141349315643310546875 HTTP/1.1" 200 31 "-" "WordPress/6.9; http://cqqizhou.com"
216.244.66.245 - - [25/Mar/2026:04:23:57 +0800] "GET /robots.txt HTTP/1.1" 200 390 "-" "Mozilla/5.0 (compatible; DotBot/1.2; +https://opensiteexplorer.org/dotbot; help@moz.com)"
48.192.92.29 - - [25/Mar/2026:04:24:30 +0800] "GET /contacts HTTP/1.1" 200 21638 "-" "Mozilla/5.0 (Windows NT 10.0; Win64; x64) AppleWebKit/537.36 (KHTML, like Gecko) Chrome/131.0.0.0 Safari/537.36 Edg/131.0.0.0"
36.133.115.36 - - [25/Mar/2026:04:28:05 +0800] "POST /wp-cron.php?doing_wp_cron=1774384085.7034020423889160156250 HTTP/1.1" 200 31 "-" "WordPress/6.9; http://cqqizhou.com"
142.44.233.101 - - [25/Mar/2026:04:28:05 +0800] "GET /news/2231 HTTP/1.1" 200 23632 "-" "Mozilla/5.0 (compatible; AhrefsBot/7.0; +http://ahrefs.com/robot/)"
216.244.66.245 - - [25/Mar/2026:04:29:33 +0800] "GET /news/2052 HTTP/1.1" 200 88435 "-" "Mozilla/5.0 (compatible; DotBot/1.2; +https://opensiteexplorer.org/dotbot; help@moz.com)"
216.244.66.245 - - [25/Mar/2026:04:31:12 +0800] "GET /wp-content/uploads/2025/07/1750649183-qizhou1920x1080_2.webp HTTP/1.1" 200 267936 "-" "Mozilla/5.0 (compatible; DotBot/1.2; +https://opensiteexplorer.org/dotbot; help@moz.com)"
36.133.115.36 - - [25/Mar/2026:04:32:28 +0800] "POST /wp-cron.php?doing_wp_cron=1774384348.1326599121093750000000 HTTP/1.1" 200 31 "-" "WordPress/6.9; http://cqqizhou.com"
183.199.158.244 - - [25/Mar/2026:04:32:28 +0800] "GET http://cqqizhou.com/news/2522 HTTP/1.1" 301 5 "http://cqqizhou.com/" "Mozilla/5.0 (Windows NT 10.0; Win64; x64) AppleWebKit/537.36 (KHTML, like Gecko) Chrome/107.0.0.0 Safari/537.36"
183.199.158.244 - - [25/Mar/2026:04:32:30 +0800] "GET http://cqqizhou.com/news/2518/3article_images_w900px HTTP/1.1" 301 5 "http://cqqizhou.com/" "Mozilla/5.0 (Windows NT 10.0; Win64; x64) AppleWebKit/537.36 (KHTML, like Gecko) Chrome/107.0.0.0 Safari/537.36"
183.199.158.244 - - [25/Mar/2026:04:32:30 +0800] "GET http://cqqizhou.com/wp-content/uploads/2026/03/1772790943-3Article_images_W900px.webp HTTP/1.1" 200 37622 "http://cqqizhou.com/" "Mozilla/5.0 (Windows NT 10.0; Win64; x64) AppleWebKit/537.36 (KHTML, like Gecko) Chrome/107.0.0.0 Safari/537.36"
217.216.37.52 - - [25/Mar/2026:04:41:46 +0800] "GET / HTTP/1.1" 200 35249 "-" "Go-http-client/1.1"
61.155.157.14 - - [25/Mar/2026:04:49:44 +0800] "GET / HTTP/1.1" 200 35249 "-" "Mozilla/5.0 (Windows NT 10.0; Win64; x64) AppleWebKit/537.36 (KHTML, like Gecko) Chrome/100.0.4896.127 Safari/537.36"
36.133.115.36 - - [25/Mar/2026:04:49:52 +0800] "POST /wp-cron.php?doing_wp_cron=1774385392.2462389469146728515625 HTTP/1.1" 200 31 "-" "WordPress/6.9; http://cqqizhou.com"
61.155.157.14 - - [25/Mar/2026:04:49:52 +0800] "GET /wp-json/sliderrevolution/sliders/1?srengine=7&slideid=2 HTTP/1.1" 200 2000 "http://cqqizhou.com/" "Mozilla/5.0 (Windows NT 10.0; Win64; x64) AppleWebKit/537.36 (KHTML, like Gecko) Chrome/100.0.4896.127 Safari/537.36"
61.155.157.14 - - [25/Mar/2026:04:49:52 +0800] "GET /wp-json/sliderrevolution/sliders/1?srengine=7&slideid=4 HTTP/1.1" 200 2580 "http://cqqizhou.com/" "Mozilla/5.0 (Windows NT 10.0; Win64; x64) AppleWebKit/537.36 (KHTML, like Gecko) Chrome/100.0.4896.127 Safari/537.36"
61.155.157.14 - - [25/Mar/2026:04:50:00 +0800] "GET /wp-content/uploads/2026/01/1768276119-qizhoujiagong_Slider_3840%C3%972160_20260113-scaled-50x100.webp HTTP/1.1" 200 976 "http://cqqizhou.com/" "Mozilla/5.0 (Windows NT 10.0; Win64; x64) AppleWebKit/537.36 (KHTML, like Gecko) Chrome/100.0.4896.127 Safari/537.36"
61.155.157.14 - - [25/Mar/2026:04:50:00 +0800] "GET /wp-content/uploads/2025/07/1751425283-qizhou.kf_.qq_.com_.webp HTTP/1.1" 200 16864 "http://cqqizhou.com/" "Mozilla/5.0 (Windows NT 10.0; Win64; x64) AppleWebKit/537.36 (KHTML, like Gecko) Chrome/100.0.4896.127 Safari/537.36"
61.155.157.14 - - [25/Mar/2026:04:50:00 +0800] "GET /wp-content/uploads/2025/07/1751425283-qizhou.kf_.qq_.com_.webp HTTP/1.1" 200 16864 "http://cqqizhou.com/" "Mozilla/5.0 (Windows NT 10.0; Win64; x64) AppleWebKit/537.36 (KHTML, like Gecko) Chrome/100.0.4896.127 Safari/537.36"
61.155.157.14 - - [25/Mar/2026:04:50:00 +0800] "GET /wp-content/uploads/revslider/slider-1/1750861156-logistics_Slider_3840%C3%972160_20250625191356-scaled-50x100.webp HTTP/1.1" 200 1416 "http://cqqizhou.com/" "Mozilla/5.0 (Windows NT 10.0; Win64; x64) AppleWebKit/537.36 (KHTML, like Gecko) Chrome/100.0.4896.127 Safari/537.36"
36.133.115.36 - - [25/Mar/2026:05:08:54 +0800] "POST /wp-cron.php?doing_wp_cron=1774386534.2713449001312255859375 HTTP/1.1" 200 31 "-" "WordPress/6.9; http://cqqizhou.com"
216.244.66.245 - - [25/Mar/2026:05:08:54 +0800] "GET /robots.txt HTTP/1.1" 200 390 "-" "Mozilla/5.0 (compatible; DotBot/1.2; +https://opensiteexplorer.org/dotbot; help@moz.com)"
216.244.66.245 - - [25/Mar/2026:05:16:12 +0800] "GET /wp-content/uploads/2025/11/1762908489-QZ_Photo-9.webp HTTP/1.1" 200 149094 "-" "Mozilla/5.0 (compatible; DotBot/1.2; +https://opensiteexplorer.org/dotbot; help@moz.com)"
36.133.115.36 - - [25/Mar/2026:05:21:42 +0800] "POST /wp-cron.php?doing_wp_cron=1774387302.3525829315185546875000 HTTP/1.1" 200 31 "-" "WordPress/6.9; http://cqqizhou.com"
64.181.201.187 - - [25/Mar/2026:05:21:42 +0800] "HEAD / HTTP/1.1" 301 0 "-" "Mozilla/5.0 (Windows NT 10.0; Win64; x64) AppleWebKit/537.36 (KHTML, like Gecko) Chrome/131.0.0.0 Safari/537.36"
64.181.201.187 - - [25/Mar/2026:05:21:43 +0800] "HEAD / HTTP/1.1" 301 0 "-" "Mozilla/5.0 (Windows NT 10.0; Win64; x64) AppleWebKit/537.36 (KHTML, like Gecko) Chrome/131.0.0.0 Safari/537.36"
64.181.201.187 - - [25/Mar/2026:05:21:44 +0800] "HEAD / HTTP/1.1" 301 0 "-" "Mozilla/5.0 (Windows NT 10.0; Win64; x64) AppleWebKit/537.36 (KHTML, like Gecko) Chrome/131.0.0.0 Safari/537.36"
36.133.115.36 - - [25/Mar/2026:05:23:30 +0800] "POST /wp-cron.php?doing_wp_cron=1774387410.0505790710449218750000 HTTP/1.1" 200 31 "-" "WordPress/6.9; http://cqqizhou.com"
43.165.65.75 - - [25/Mar/2026:05:23:30 +0800] "GET / HTTP/1.1" 301 5 "-" "Mozilla/5.0 (iPhone; CPU iPhone OS 13_2_3 like Mac OS X) AppleWebKit/605.1.15 (KHTML, like Gecko) Version/13.0.3 Mobile/15E148 Safari/604.1"
43.165.65.75 - - [25/Mar/2026:05:23:32 +0800] "GET / HTTP/1.1" 200 34809 "http://www.cqqizhou.com" "Mozilla/5.0 (iPhone; CPU iPhone OS 13_2_3 like Mac OS X) AppleWebKit/605.1.15 (KHTML, like Gecko) Version/13.0.3 Mobile/15E148 Safari/604.1"
104.28.159.135 - - [25/Mar/2026:05:27:34 +0800] "GET /style.php HTTP/1.1" 404 47 "-" "Go-http-client/1.1"
104.28.159.135 - - [25/Mar/2026:05:27:34 +0800] "GET /wp-content/style.php HTTP/1.1" 404 47 "-" "Go-http-client/1.1"
104.28.159.135 - - [25/Mar/2026:05:27:35 +0800] "GET /wp-content/themes/style.php HTTP/1.1" 404 47 "-" "Go-http-client/1.1"
104.28.159.135 - - [25/Mar/2026:05:27:35 +0800] "GET /wp-admin/style.php HTTP/1.1" 404 47 "-" "Go-http-client/1.1"
104.28.159.135 - - [25/Mar/2026:05:27:35 +0800] "GET /wp-includes/style.php HTTP/1.1" 404 47 "-" "Go-http-client/1.1"
104.28.159.135 - - [25/Mar/2026:05:27:35 +0800] "GET /chosen.php?p= HTTP/1.1" 404 47 "-" "Go-http-client/1.1"
104.28.159.135 - - [25/Mar/2026:05:27:36 +0800] "GET /file.php HTTP/1.1" 404 47 "-" "Go-http-client/1.1"
104.28.159.135 - - [25/Mar/2026:05:27:36 +0800] "GET /flower.php HTTP/1.1" 404 47 "-" "Go-http-client/1.1"
104.28.159.135 - - [25/Mar/2026:05:27:36 +0800] "GET /gifclass.php HTTP/1.1" 404 47 "-" "Go-http-client/1.1"
104.28.159.135 - - [25/Mar/2026:05:27:36 +0800] "GET /bless.php HTTP/1.1" 404 47 "-" "Go-http-client/1.1"
104.28.159.135 - - [25/Mar/2026:05:27:37 +0800] "GET /class-t.api.php HTTP/1.1" 404 47 "-" "Go-http-client/1.1"
104.28.159.135 - - [25/Mar/2026:05:27:37 +0800] "GET /blurbs.php HTTP/1.1" 404 47 "-" "Go-http-client/1.1"
104.28.159.135 - - [25/Mar/2026:05:27:37 +0800] "GET /akcc.php HTTP/1.1" 404 47 "-" "Go-http-client/1.1"
104.28.159.135 - - [25/Mar/2026:05:27:37 +0800] "GET /abcd.php HTTP/1.1" 404 47 "-" "Go-http-client/1.1"
104.28.159.135 - - [25/Mar/2026:05:27:37 +0800] "GET /shelp.php HTTP/1.1" 404 47 "-" "Go-http-client/1.1"
104.28.159.135 - - [25/Mar/2026:05:27:38 +0800] "GET /cord.php HTTP/1.1" 404 47 "-" "Go-http-client/1.1"
104.28.159.135 - - [25/Mar/2026:05:27:38 +0800] "GET /dex.php HTTP/1.1" 404 47 "-" "Go-http-client/1.1"
36.133.115.36 - - [25/Mar/2026:05:27:39 +0800] "POST /wp-cron.php?doing_wp_cron=1774387659.5326850414276123046875 HTTP/1.1" 200 31 "-" "WordPress/6.9; http://cqqizhou.com"
104.28.159.135 - - [25/Mar/2026:05:27:39 +0800] "GET /wp-admin/admin-ajax.php HTTP/1.1" 400 11 "-" "Go-http-client/1.1"
104.28.159.135 - - [25/Mar/2026:05:27:39 +0800] "GET /file2.php HTTP/1.1" 404 47 "-" "Go-http-client/1.1"
104.28.159.135 - - [25/Mar/2026:05:27:40 +0800] "GET //zwso.php HTTP/1.1" 404 47 "-" "Go-http-client/1.1"
104.28.159.135 - - [25/Mar/2026:05:27:40 +0800] "GET /wp-admin/zwso.php HTTP/1.1" 404 47 "-" "Go-http-client/1.1"
104.28.159.135 - - [25/Mar/2026:05:27:40 +0800] "GET /wp-content/plugins/hellopress/wp_mna.php HTTP/1.1" 404 47 "-" "Go-http-client/1.1"
104.28.159.135 - - [25/Mar/2026:05:27:40 +0800] "GET /bolt.php HTTP/1.1" 404 47 "-" "Go-http-client/1.1"
104.28.159.135 - - [25/Mar/2026:05:27:41 +0800] "GET /shlo.php HTTP/1.1" 404 47 "-" "Go-http-client/1.1"
104.28.159.135 - - [25/Mar/2026:05:27:41 +0800] "GET /133.php HTTP/1.1" 404 47 "-" "Go-http-client/1.1"
104.28.159.135 - - [25/Mar/2026:05:27:41 +0800] "GET /ahax.php HTTP/1.1" 404 47 "-" "Go-http-client/1.1"
104.28.159.135 - - [25/Mar/2026:05:27:41 +0800] "GET /php8.php HTTP/1.1" 404 47 "-" "Go-http-client/1.1"
104.28.159.135 - - [25/Mar/2026:05:27:41 +0800] "GET /lufix1.php HTTP/1.1" 404 47 "-" "Go-http-client/1.1"
104.28.159.135 - - [25/Mar/2026:05:27:42 +0800] "GET /witmm.php HTTP/1.1" 404 47 "-" "Go-http-client/1.1"
104.28.159.135 - - [25/Mar/2026:05:27:42 +0800] "GET /wp-admin/css/index.php HTTP/1.1" 404 47 "-" "Go-http-client/1.1"
104.28.159.135 - - [25/Mar/2026:05:27:42 +0800] "GET /wp-content/plugins/index.php HTTP/1.1" 200 31 "-" "Go-http-client/1.1"
104.28.159.135 - - [25/Mar/2026:05:27:42 +0800] "GET /wp-content/index.php HTTP/1.1" 200 31 "-" "Go-http-client/1.1"
104.28.159.135 - - [25/Mar/2026:05:27:43 +0800] "GET /ioxi-o.php HTTP/1.1" 404 47 "-" "Go-http-client/1.1"
104.28.159.135 - - [25/Mar/2026:05:27:43 +0800] "GET /222.php HTTP/1.1" 404 47 "-" "Go-http-client/1.1"
104.28.159.135 - - [25/Mar/2026:05:27:43 +0800] "GET /files.php HTTP/1.1" 404 47 "-" "Go-http-client/1.1"
104.28.159.135 - - [25/Mar/2026:05:27:43 +0800] "GET /wp-editor.php HTTP/1.1" 404 47 "-" "Go-http-client/1.1"
104.28.159.135 - - [25/Mar/2026:05:27:44 +0800] "GET /txets.php HTTP/1.1" 404 47 "-" "Go-http-client/1.1"
104.28.159.135 - - [25/Mar/2026:05:27:44 +0800] "GET /wp-content/txets.php HTTP/1.1" 404 47 "-" "Go-http-client/1.1"
104.28.159.135 - - [25/Mar/2026:05:27:44 +0800] "GET /wp-admin/txets.php HTTP/1.1" 404 47 "-" "Go-http-client/1.1"
104.28.159.135 - - [25/Mar/2026:05:27:44 +0800] "GET /postnews.php HTTP/1.1" 404 47 "-" "Go-http-client/1.1"
104.28.159.135 - - [25/Mar/2026:05:27:45 +0800] "GET /wp-content/postnews.php HTTP/1.1" 404 47 "-" "Go-http-client/1.1"
104.28.159.135 - - [25/Mar/2026:05:27:45 +0800] "GET /wp-admin/postnews.php HTTP/1.1" 404 47 "-" "Go-http-client/1.1"
36.133.115.36 - - [25/Mar/2026:05:28:32 +0800] "POST /wp-cron.php?doing_wp_cron=1774387712.0961430072784423828125 HTTP/1.1" 200 31 "-" "WordPress/6.9; http://cqqizhou.com"
125.117.251.127 - - [25/Mar/2026:05:28:32 +0800] "GET /contacts/ HTTP/1.1" 301 5 "-" "Mozilla/5.0 (Windows NT 10.0; Win64; x64) AppleWebKit/537.36 (KHTML, like Gecko) Chrome/136.0.0.0 Safari/537.36"
125.117.251.127 - - [25/Mar/2026:05:28:32 +0800] "GET http://cqqizhou.com/contacts HTTP/1.1" 200 21638 "-" "Mozilla/5.0 (Windows NT 10.0; Win64; x64) AppleWebKit/537.36 (KHTML, like Gecko) Chrome/136.0.0.0 Safari/537.36"
36.133.115.36 - - [25/Mar/2026:05:29:17 +0800] "POST /wp-cron.php?doing_wp_cron=1774387757.1398229598999023437500 HTTP/1.1" 200 31 "-" "WordPress/6.9; http://cqqizhou.com"
139.227.62.74 - - [25/Mar/2026:05:29:17 +0800] "GET /contacts/ HTTP/1.1" 301 5 "-" "Mozilla/5.0 (Windows NT 10.0; Win64; x64) AppleWebKit/537.36 (KHTML, like Gecko) Chrome/136.0.0.0 Safari/537.36"
42.48.147.132 - - [25/Mar/2026:05:29:33 +0800] "GET /contacts/ HTTP/1.1" 301 5 "http://cqqizhou.com/contacts/" "Mozilla/5.0 (Windows NT 10.0; Win64; x64) AppleWebKit/537.36 (KHTML, like Gecko) Chrome/136.0.0.0 Safari/537.36"
42.48.147.132 - - [25/Mar/2026:05:29:33 +0800] "GET http://cqqizhou.com/contacts HTTP/1.1" 200 21638 "http://cqqizhou.com/contacts/" "Mozilla/5.0 (Windows NT 10.0; Win64; x64) AppleWebKit/537.36 (KHTML, like Gecko) Chrome/136.0.0.0 Safari/537.36"
117.187.54.184 - - [25/Mar/2026:05:30:14 +0800] "GET /contacts/ HTTP/1.1" 499 0 "http://cqqizhou.com/contacts/" "Mozilla/5.0 (Windows NT 10.0; Win64; x64) AppleWebKit/537.36 (KHTML, like Gecko) Chrome/136.0.0.0 Safari/537.36"
36.133.115.36 - - [25/Mar/2026:05:30:15 +0800] "POST /wp-cron.php?doing_wp_cron=1774387815.4505419731140136718750 HTTP/1.1" 200 31 "-" "WordPress/6.9; http://cqqizhou.com"
36.133.115.36 - - [25/Mar/2026:05:34:54 +0800] "POST /wp-cron.php?doing_wp_cron=1774388094.9367139339447021484375 HTTP/1.1" 200 31 "-" "WordPress/6.9; http://cqqizhou.com"
149.86.227.60 - - [25/Mar/2026:05:34:55 +0800] "GET / HTTP/1.1" 200 157185 "-" "Mozilla/5.0"
45.139.0.140 - - [25/Mar/2026:05:39:42 +0800] "GET /wp-content/uploads/2025/11/1762864381-QZ_Photo-7.webp HTTP/1.1" 200 129922 "-" "Mozilla/5.0 (compatible; crawler)"
36.133.115.36 - - [25/Mar/2026:05:55:16 +0800] "POST /wp-cron.php?doing_wp_cron=1774389316.2060470581054687500000 HTTP/1.1" 200 31 "-" "WordPress/6.9; http://cqqizhou.com"
216.244.66.245 - - [25/Mar/2026:05:55:16 +0800] "GET /robots.txt HTTP/1.1" 200 390 "-" "Mozilla/5.0 (compatible; DotBot/1.2; +https://opensiteexplorer.org/dotbot; help@moz.com)"
36.133.115.36 - - [25/Mar/2026:06:02:39 +0800] "POST /wp-cron.php?doing_wp_cron=1774389759.2247929573059082031250 HTTP/1.1" 200 31 "-" "WordPress/6.9; http://cqqizhou.com"
80.82.65.207 - - [25/Mar/2026:06:02:39 +0800] "GET / HTTP/1.1" 301 5 "-" "-"
36.133.115.36 - - [25/Mar/2026:06:17:37 +0800] "POST /wp-cron.php?doing_wp_cron=1774390657.2037370204925537109375 HTTP/1.1" 200 31 "-" "WordPress/6.9; http://cqqizhou.com"
15.235.27.126 - - [25/Mar/2026:06:17:37 +0800] "GET /robots.txt HTTP/1.1" 200 190 "-" "Mozilla/5.0 (compatible; AhrefsBot/7.0; +http://ahrefs.com/robot/)"
51.161.65.231 - - [25/Mar/2026:06:17:40 +0800] "GET /news/2373 HTTP/1.1" 200 26388 "-" "Mozilla/5.0 (compatible; AhrefsBot/7.0; +http://ahrefs.com/robot/)"
36.133.115.36 - - [25/Mar/2026:06:34:27 +0800] "POST /wp-cron.php?doing_wp_cron=1774391667.3563060760498046875000 HTTP/1.1" 200 31 "-" "WordPress/6.9; http://cqqizhou.com"
46.101.82.104 - - [25/Mar/2026:06:34:27 +0800] "GET / HTTP/1.1" 200 157185 "-" "-"
36.133.115.36 - - [25/Mar/2026:06:35:51 +0800] "POST /wp-cron.php?doing_wp_cron=1774391751.3896570205688476562500 HTTP/1.1" 200 31 "-" "WordPress/6.9; http://cqqizhou.com"
119.84.246.117 - - [25/Mar/2026:06:35:51 +0800] "GET / HTTP/1.1" 301 5 "-" "-"
119.84.246.117 - - [25/Mar/2026:06:35:51 +0800] "GET / HTTP/1.1" 200 158844 "-" "-"
119.84.246.117 - - [25/Mar/2026:06:35:53 +0800] "GET / HTTP/1.1" 301 5 "-" "Mozilla/5.0 (Windows NT 6.1; WOW64) AppleWebKit/537.1 (KHTML, like Gecko) Chrome/21.0.1180.89 Safari/537.1"
119.84.246.117 - - [25/Mar/2026:06:35:53 +0800] "GET / HTTP/1.1" 200 35249 "-" "Mozilla/5.0 (Windows NT 6.1; WOW64) AppleWebKit/537.1 (KHTML, like Gecko) Chrome/21.0.1180.89 Safari/537.1"
119.84.246.117 - - [25/Mar/2026:06:35:53 +0800] "GET /wp-content/uploads/2025/07/1751425283-qizhou.kf_.qq_.com_.webp HTTP/1.1" 200 16864 "http://cqqizhou.com/" "Mozilla/5.0 (Windows NT 6.1; WOW64) AppleWebKit/537.1 (KHTML, like Gecko) Chrome/21.0.1180.89 Safari/537.1"
119.84.246.117 - - [25/Mar/2026:06:35:53 +0800] "GET /wp-content/uploads/2025/07/1753453096-%E5%8F%8C%E7%9B%B8%E9%92%A2product_Single600%C3%97284.webp HTTP/1.1" 200 14562 "http://cqqizhou.com/" "Mozilla/5.0 (Windows NT 6.1; WOW64) AppleWebKit/537.1 (KHTML, like Gecko) Chrome/21.0.1180.89 Safari/537.1"
119.84.246.117 - - [25/Mar/2026:06:35:53 +0800] "GET /wp-content/uploads/2025/07/1753456723-%E5%8F%8C%E7%9B%B8%E9%92%A2roduct_Single600.webp HTTP/1.1" 200 22790 "http://cqqizhou.com/" "Mozilla/5.0 (Windows NT 6.1; WOW64) AppleWebKit/537.1 (KHTML, like Gecko) Chrome/21.0.1180.89 Safari/537.1"
119.84.246.117 - - [25/Mar/2026:06:35:53 +0800] "GET /wp-content/uploads/2025/07/1753456770-%E7%83%AD%E9%95%80%E9%94%8C%E5%8D%B7product_Single600.webp HTTP/1.1" 200 27502 "http://cqqizhou.com/" "Mozilla/5.0 (Windows NT 6.1; WOW64) AppleWebKit/537.1 (KHTML, like Gecko) Chrome/21.0.1180.89 Safari/537.1"
119.84.246.117 - - [25/Mar/2026:06:35:53 +0800] "GET /wp-content/uploads/2025/07/1753453127-%E4%BD%99%E5%8D%B7product_Single600%C3%97284.webp HTTP/1.1" 200 18744 "http://cqqizhou.com/" "Mozilla/5.0 (Windows NT 6.1; WOW64) AppleWebKit/537.1 (KHTML, like Gecko) Chrome/21.0.1180.89 Safari/537.1"
119.84.246.117 - - [25/Mar/2026:06:35:53 +0800] "GET /wp-content/uploads/2026/03/1773722869-1Article_images_W900px.webp HTTP/1.1" 200 28566 "http://cqqizhou.com/" "Mozilla/5.0 (Windows NT 6.1; WOW64) AppleWebKit/537.1 (KHTML, like Gecko) Chrome/21.0.1180.89 Safari/537.1"
119.84.246.117 - - [25/Mar/2026:06:35:53 +0800] "GET /wp-content/uploads/2026/03/1772713922-Article_images_W900px.webp HTTP/1.1" 200 41304 "http://cqqizhou.com/" "Mozilla/5.0 (Windows NT 6.1; WOW64) AppleWebKit/537.1 (KHTML, like Gecko) Chrome/21.0.1180.89 Safari/537.1"
119.84.246.117 - - [25/Mar/2026:06:35:53 +0800] "GET /wp-content/uploads/2026/03/1772790791-%E5%B0%81%E9%9D%A2%E5%A4%B4%E5%9B%BEArticle_images_W900%C3%97500px2026.webp HTTP/1.1" 200 52968 "http://cqqizhou.com/" "Mozilla/5.0 (Windows NT 6.1; WOW64) AppleWebKit/537.1 (KHTML, like Gecko) Chrome/21.0.1180.89 Safari/537.1"
119.84.246.117 - - [25/Mar/2026:06:35:53 +0800] "GET /wp-content/uploads/2026/02/1772086672-%E5%BC%80%E5%B7%A5%E5%A4%A7%E5%90%89%E5%B0%81%E9%9D%A2%E5%A4%B4%E5%9B%BEArticle_images_W900%C3%97500px.webp HTTP/1.1" 200 99110 "http://cqqizhou.com/" "Mozilla/5.0 (Windows NT 6.1; WOW64) AppleWebKit/537.1 (KHTML, like Gecko) Chrome/21.0.1180.89 Safari/537.1"
119.84.246.117 - - [25/Mar/2026:06:35:53 +0800] "GET /wp-content/uploads/2025/07/1753454299-Article_images_W900px.webp HTTP/1.1" 200 52418 "http://cqqizhou.com/" "Mozilla/5.0 (Windows NT 6.1; WOW64) AppleWebKit/537.1 (KHTML, like Gecko) Chrome/21.0.1180.89 Safari/537.1"
36.133.115.36 - - [25/Mar/2026:06:44:31 +0800] "POST /wp-cron.php?doing_wp_cron=1774392271.7365190982818603515625 HTTP/1.1" 200 31 "-" "WordPress/6.9; http://cqqizhou.com"
14.215.163.132 - - [25/Mar/2026:06:44:31 +0800] "GET / HTTP/1.1" 200 34810 "-" "Mozilla/5.0 (iPhone; CPU iPhone OS 13_2_3 like Mac OS X) AppleWebKit/605.1.15 (KHTML, like Gecko) Version/13.0.3 Mobile/15E148 Safari/604.1"
36.133.115.36 - - [25/Mar/2026:07:41:32 +0800] "POST /wp-cron.php?doing_wp_cron=1774395692.5314960479736328125000 HTTP/1.1" 200 31 "-" "WordPress/6.9; http://cqqizhou.com"
116.179.32.222 - - [25/Mar/2026:07:41:32 +0800] "GET /wp-json/oembed/1.0/embed?url=http%3A%2F%2Fcqqizhou.com%2Fbug%2F HTTP/1.1" 200 1139 "-" "Mozilla/5.0 (compatible; Baiduspider/2.0; +http://www.baidu.com/search/spider.html)"
220.181.108.167 - - [25/Mar/2026:07:41:32 +0800] "GET /wp-json/oembed/1.0/embed?url=http%3A%2F%2Fcqqizhou.com%2F2418%2F HTTP/1.1" 404 100 "-" "Mozilla/5.0 (compatible; Baiduspider/2.0; +http://www.baidu.com/search/spider.html)"
36.133.115.36 - - [25/Mar/2026:08:08:55 +0800] "POST /wp-cron.php?doing_wp_cron=1774397335.8211619853973388671875 HTTP/1.1" 200 31 "-" "WordPress/6.9; http://cqqizhou.com"
149.86.227.60 - - [25/Mar/2026:08:08:56 +0800] "GET / HTTP/1.1" 200 157185 "-" "Mozilla/5.0"
36.133.115.36 - - [25/Mar/2026:08:24:50 +0800] "POST /wp-cron.php?doing_wp_cron=1774398289.9777240753173828125000 HTTP/1.1" 200 31 "-" "WordPress/6.9; http://cqqizhou.com"
5.61.209.107 - - [25/Mar/2026:08:24:50 +0800] "GET /SDK/webLanguage HTTP/1.1" 301 5 "-" "Mozilla/5.0 (Windows NT 10.0; Win64; x64) AppleWebKit/537.36 (KHTML, like Gecko) Chrome/90.0.4430.85 Safari/537.36 Edg/90.0.818.46"
36.133.115.36 - - [25/Mar/2026:08:35:30 +0800] "POST /wp-cron.php?doing_wp_cron=1774398930.1387829780578613281250 HTTP/1.1" 200 31 "-" "WordPress/6.9; http://cqqizhou.com"
43.166.131.228 - - [25/Mar/2026:08:35:30 +0800] "GET / HTTP/1.1" 200 34812 "-" "Mozilla/5.0 (iPhone; CPU iPhone OS 13_2_3 like Mac OS X) AppleWebKit/605.1.15 (KHTML, like Gecko) Version/13.0.3 Mobile/15E148 Safari/604.1"
36.133.115.36 - - [25/Mar/2026:08:38:54 +0800] "POST /wp-cron.php?doing_wp_cron=1774399134.2724909782409667968750 HTTP/1.1" 200 31 "-" "WordPress/6.9; http://cqqizhou.com"
43.167.232.38 - - [25/Mar/2026:08:38:54 +0800] "GET / HTTP/1.1" 301 5 "-" "Mozilla/5.0 (iPhone; CPU iPhone OS 13_2_3 like Mac OS X) AppleWebKit/605.1.15 (KHTML, like Gecko) Version/13.0.3 Mobile/15E148 Safari/604.1"
43.167.232.38 - - [25/Mar/2026:08:38:56 +0800] "GET / HTTP/1.1" 200 34814 "http://36.133.115.36" "Mozilla/5.0 (iPhone; CPU iPhone OS 13_2_3 like Mac OS X) AppleWebKit/605.1.15 (KHTML, like Gecko) Version/13.0.3 Mobile/15E148 Safari/604.1"
36.133.115.36 - - [25/Mar/2026:08:39:50 +0800] "POST /wp-cron.php?doing_wp_cron=1774399190.5866088867187500000000 HTTP/1.1" 200 31 "-" "WordPress/6.9; http://cqqizhou.com"
145.239.66.34 - - [25/Mar/2026:08:39:50 +0800] "GET /robots.txt HTTP/1.1" 200 390 "-" "Mozilla/5.0 (compatible; MJ12bot/v1.4.8; http://mj12bot.com/)"
145.239.66.34 - - [25/Mar/2026:08:39:53 +0800] "GET /portfolio-tag/%E9%9E%8D%E9%92%A2%E8%92%82%E6%A3%AE/ HTTP/1.1" 404 8949 "-" "Mozilla/5.0 (compatible; MJ12bot/v1.4.8; http://mj12bot.com/)"
145.239.66.34 - - [25/Mar/2026:08:39:56 +0800] "GET /portfolio/%E5%86%B7%E8%BD%A7%E5%8D%B7/ HTTP/1.1" 301 5 "-" "Mozilla/5.0 (compatible; MJ12bot/v1.4.8; http://mj12bot.com/)"
145.239.66.34 - - [25/Mar/2026:08:39:58 +0800] "GET /news/portfolio/%E5%86%B7%E8%BD%A7%E5%8D%B7 HTTP/1.1" 200 22193 "-" "Mozilla/5.0 (compatible; MJ12bot/v1.4.8; http://mj12bot.com/)"
145.239.66.34 - - [25/Mar/2026:08:40:01 +0800] "GET /portfolio/%E5%86%B7%E8%BD%A7%E6%9D%BF/ HTTP/1.1" 301 5 "-" "Mozilla/5.0 (compatible; MJ12bot/v1.4.8; http://mj12bot.com/)"
145.239.66.34 - - [25/Mar/2026:08:40:03 +0800] "GET /news/portfolio/%E5%86%B7%E8%BD%A7%E6%9D%BF HTTP/1.1" 200 22188 "-" "Mozilla/5.0 (compatible; MJ12bot/v1.4.8; http://mj12bot.com/)"
36.133.115.36 - - [25/Mar/2026:08:40:08 +0800] "POST /wp-cron.php?doing_wp_cron=1774399208.0575230121612548828125 HTTP/1.1" 200 31 "-" "WordPress/6.9; http://cqqizhou.com"
145.239.66.34 - - [25/Mar/2026:08:40:08 +0800] "GET /tag/%E5%8D%9A%E8%81%94%E8%BE%BE/ HTTP/1.1" 404 8949 "-" "Mozilla/5.0 (compatible; MJ12bot/v1.4.8; http://mj12bot.com/)"
145.239.66.34 - - [25/Mar/2026:08:40:27 +0800] "GET /tag/%E7%89%A9%E6%B5%81/ HTTP/1.1" 404 8949 "-" "Mozilla/5.0 (compatible; MJ12bot/v1.4.8; http://mj12bot.com/)"
36.133.115.36 - - [25/Mar/2026:08:56:01 +0800] "POST /wp-cron.php?doing_wp_cron=1774400160.9642109870910644531250 HTTP/1.1" 200 31 "-" "WordPress/6.9; http://cqqizhou.com"
51.222.168.91 - - [25/Mar/2026:08:56:01 +0800] "GET /portfolio/%E5%86%B7%E8%BD%A7%E6%9D%BF/ HTTP/1.1" 301 5 "-" "Mozilla/5.0 (compatible; AhrefsBot/7.0; +http://ahrefs.com/robot/)"
4.181.54.8 - - [25/Mar/2026:09:00:45 +0800] "GET /news/portfolio/hot-dip-galvanized-coil HTTP/1.1" 200 22389 "-" "Mozilla/5.0 (Windows NT 10.0; Win64; x64) AppleWebKit/537.36 (KHTML, like Gecko) Chrome/131.0.0.0 Safari/537.36 Edg/131.0.0.0"
36.133.115.36 - - [25/Mar/2026:09:07:29 +0800] "POST /wp-cron.php?doing_wp_cron=1774400849.1553320884704589843750 HTTP/1.1" 200 31 "-" "WordPress/6.9; http://cqqizhou.com"
176.65.149.234 - - [25/Mar/2026:09:07:29 +0800] "GET / HTTP/1.1" 200 157185 "-" "Mozilla/1.0"
36.133.115.36 - - [25/Mar/2026:09:10:30 +0800] "POST /wp-cron.php?doing_wp_cron=1774401030.3046550750732421875000 HTTP/1.1" 200 31 "-" "WordPress/6.9; http://cqqizhou.com"
91.231.89.132 - - [25/Mar/2026:09:10:30 +0800] "GET / HTTP/1.1" 301 5 "-" "Mozilla/5.0 (X11; Ubuntu; Linux x86_64; rv:134.0) Gecko/20100101 Firefox/134.0"
47.114.89.255 - - [25/Mar/2026:09:37:48 +0800] "GET /Common/ckeditor/plugins/multiimg/dialogs/image_upload.php HTTP/1.1" 404 47 "-" "Mozilla/5.0 (Windows NT 10.0; Win64; x64)"
36.133.115.36 - - [25/Mar/2026:09:38:53 +0800] "POST /wp-cron.php?doing_wp_cron=1774402733.9199581146240234375000 HTTP/1.1" 200 31 "-" "WordPress/6.9; http://cqqizhou.com"
185.224.128.25 - - [25/Mar/2026:09:38:53 +0800] "GET / HTTP/1.1" 301 5 "-" "-"
27.124.17.174 - - [25/Mar/2026:09:55:27 +0800] "GET / HTTP/1.1" 200 35249 "-" "Mozilla/5.0 (Windows NT 10.0; Win64; x64) AppleWebKit/537.36 (KHTML, like Gecko) Chrome/117.0.5938.62 Safari/537.36 OPR/103.0.4901.75"
36.133.115.36 - - [25/Mar/2026:09:55:32 +0800] "POST /wp-cron.php?doing_wp_cron=1774403732.7644710540771484375000 HTTP/1.1" 200 31 "-" "WordPress/6.9; http://cqqizhou.com"
111.62.106.132 - - [25/Mar/2026:09:55:32 +0800] "GET /2418/ HTTP/1.1" 301 5 "-" "Go-http-client/1.1"
111.62.106.132 - - [25/Mar/2026:09:55:32 +0800] "GET /news/2418 HTTP/1.1" 200 92135 "http://cqqizhou.com/2418/" "Go-http-client/1.1"
36.133.115.36 - - [25/Mar/2026:10:07:30 +0800] "POST /wp-cron.php?doing_wp_cron=1774404450.8731861114501953125000 HTTP/1.1" 200 31 "-" "WordPress/6.9; http://cqqizhou.com"
71.132.7.207 - - [25/Mar/2026:10:07:30 +0800] "GET /2418/ HTTP/1.1" 301 5 "-" "Mozilla/5.0 (Macintosh; Intel Mac OS X 10_15_7) AppleWebKit/537.36 (KHTML, like Gecko) Chrome/117.0.0.0 Safari/537.36"
71.132.7.207 - - [25/Mar/2026:10:07:30 +0800] "GET /news/2418 HTTP/1.1" 200 27592 "-" "Mozilla/5.0 (Macintosh; Intel Mac OS X 10_15_7) AppleWebKit/537.36 (KHTML, like Gecko) Chrome/117.0.0.0 Safari/537.36"
71.132.7.207 - - [25/Mar/2026:10:07:31 +0800] "GET /wp-content/uploads/2026/02/1770617354-Article_images_W900px-768x479.webp HTTP/1.1" 200 14746 "http://cqqizhou.com/news/2418" "Mozilla/5.0 (Macintosh; Intel Mac OS X 10_15_7) AppleWebKit/537.36 (KHTML, like Gecko) Chrome/117.0.0.0 Safari/537.36"
71.132.7.207 - - [25/Mar/2026:10:07:31 +0800] "GET /wp-content/uploads/2026/02/1770617948-Article_images_W900%C3%97500px-768x432.webp HTTP/1.1" 200 41870 "http://cqqizhou.com/news/2418" "Mozilla/5.0 (Macintosh; Intel Mac OS X 10_15_7) AppleWebKit/537.36 (KHTML, like Gecko) Chrome/117.0.0.0 Safari/537.36"
71.132.7.207 - - [25/Mar/2026:10:07:31 +0800] "GET /wp-content/uploads/2025/07/1751425283-qizhou.kf_.qq_.com_.webp HTTP/1.1" 200 16864 "http://cqqizhou.com/news/2418" "Mozilla/5.0 (Macintosh; Intel Mac OS X 10_15_7) AppleWebKit/537.36 (KHTML, like Gecko) Chrome/117.0.0.0 Safari/537.36"
140.179.3.185 - - [25/Mar/2026:10:07:31 +0800] "GET /wp-content/uploads/revslider/slider-1/1750861156-logistics_Slider_3840%C3%972160_20250625191356-scaled-768x432.webp HTTP/1.1" 200 31912 "http://cqqizhou.com/news/2418" "Mozilla/5.0 (Macintosh; Intel Mac OS X 10_15_7) AppleWebKit/537.36 (KHTML, like Gecko) Chrome/117.0.0.0 Safari/537.36"
54.222.135.81 - - [25/Mar/2026:10:07:31 +0800] "GET /wp-content/uploads/2025/07/1753410289-News2000%C3%97400_202571.webp HTTP/1.1" 200 17830 "http://cqqizhou.com/news/2418" "Mozilla/5.0 (Macintosh; Intel Mac OS X 10_15_7) AppleWebKit/537.36 (KHTML, like Gecko) Chrome/117.0.0.0 Safari/537.36"
36.133.115.36 - - [25/Mar/2026:10:08:42 +0800] "POST /wp-cron.php?doing_wp_cron=1774404522.6249248981475830078125 HTTP/1.1" 200 31 "-" "WordPress/6.9; http://cqqizhou.com"
220.181.108.113 - - [25/Mar/2026:10:08:42 +0800] "GET /wp-json/oembed/1.0/embed?url=http%3A%2F%2Fcqqizhou.com%2Fnews%2F2518 HTTP/1.1" 200 1342 "-" "Mozilla/5.0 (compatible; Baiduspider/2.0; +http://www.baidu.com/search/spider.html)"
36.133.115.36 - - [25/Mar/2026:10:13:11 +0800] "POST /wp-cron.php?doing_wp_cron=1774404791.1569008827209472656250 HTTP/1.1" 200 31 "-" "WordPress/6.9; http://cqqizhou.com"
176.65.149.235 - - [25/Mar/2026:10:13:11 +0800] "GET / HTTP/1.1" 200 157185 "-" "-"
36.133.115.36 - - [25/Mar/2026:10:29:59 +0800] "POST /wp-cron.php?doing_wp_cron=1774405799.8917639255523681640625 HTTP/1.1" 200 31 "-" "WordPress/6.9; http://cqqizhou.com"
184.105.139.67 - - [25/Mar/2026:10:29:59 +0800] "GET / HTTP/1.1" 301 5 "-" "Mozilla/5.0 (Macintosh; Intel Mac OS X 10_15_7) AppleWebKit/537.36 (KHTML, like Gecko) Chrome/109.0.0.0 Safari/537.36"
184.105.139.67 - - [25/Mar/2026:10:30:51 +0800] "GET /webui/ HTTP/1.1" 499 0 "-" "Mozilla/5.0 (Windows NT 10.0; Win64; x64) AppleWebKit/537.36 (KHTML, like Gecko) HeadlessChrome/135.0.0.0 Safari/537.36"
36.133.115.36 - - [25/Mar/2026:10:31:01 +0800] "POST /wp-cron.php?doing_wp_cron=1774405861.7224121093750000000000 HTTP/1.1" 200 31 "-" "WordPress/6.9; http://cqqizhou.com"
184.105.139.67 - - [25/Mar/2026:10:31:01 +0800] "GET / HTTP/1.1" 301 5 "-" "Mozilla/5.0 (Windows NT 10.0; Win64; x64) AppleWebKit/537.36 (KHTML, like Gecko) HeadlessChrome/135.0.0.0 Safari/537.36"
36.133.115.36 - - [25/Mar/2026:10:40:59 +0800] "POST /wp-cron.php?doing_wp_cron=1774406459.3406260013580322265625 HTTP/1.1" 200 31 "-" "WordPress/6.9; http://cqqizhou.com"
59.82.125.89 - - [25/Mar/2026:10:40:59 +0800] "GET / HTTP/1.1" 301 5 "-" "Mozilla/5.0 (Windows NT 10.0; Win64; x64) AppleWebKit/537.36 (KHTML, like Gecko) Chrome/97.0.5540.133 Safari/537.36"
59.82.125.122 - - [25/Mar/2026:10:41:00 +0800] "GET / HTTP/1.1" 200 35249 "-" "Mozilla/5.0 (Windows NT 10.0; Win64; x64) AppleWebKit/537.36 (KHTML, like Gecko) Chrome/97.0.5540.133 Safari/537.36"
59.82.125.122 - - [25/Mar/2026:10:41:00 +0800] "GET / HTTP/1.1" 200 35249 "-" "Mozilla/5.0 (Windows NT 10.0; Win64; x64) AppleWebKit/537.36 (KHTML, like Gecko) Chrome/110.0.7807.106 Safari/537.36"
