36.133.115.36 - - [25/Mar/2026:10:51:42 +0800] "POST /wp-cron.php?doing_wp_cron=1774407102.7889339923858642578125 HTTP/1.1" 200 31 "-" "WordPress/6.9; http://cqqizhou.com"
47.128.30.81 - - [25/Mar/2026:10:51:42 +0800] "GET /robots.txt HTTP/1.1" 200 190 "-" "Mozilla/5.0 (Linux; Android 5.0) AppleWebKit/537.36 (KHTML, like Gecko) Mobile Safari/537.36 (compatible; Bytespider; spider-feedback@bytedance.com)"
36.133.115.36 - - [25/Mar/2026:11:36:52 +0800] "POST /wp-cron.php?doing_wp_cron=1774409812.6397409439086914062500 HTTP/1.1" 200 31 "-" "WordPress/6.9; http://cqqizhou.com"
49.51.132.100 - - [25/Mar/2026:11:36:52 +0800] "GET / HTTP/1.1" 301 5 "-" "Mozilla/5.0 (iPhone; CPU iPhone OS 13_2_3 like Mac OS X) AppleWebKit/605.1.15 (KHTML, like Gecko) Version/13.0.3 Mobile/15E148 Safari/604.1"
49.51.132.100 - - [25/Mar/2026:11:36:56 +0800] "GET / HTTP/1.1" 200 34812 "http://www.cqqizhou.com" "Mozilla/5.0 (iPhone; CPU iPhone OS 13_2_3 like Mac OS X) AppleWebKit/605.1.15 (KHTML, like Gecko) Version/13.0.3 Mobile/15E148 Safari/604.1"
36.133.115.36 - - [25/Mar/2026:11:41:21 +0800] "POST /wp-cron.php?doing_wp_cron=1774410081.1145069599151611328125 HTTP/1.1" 200 31 "-" "WordPress/6.9; http://cqqizhou.com"
173.249.38.195 - - [25/Mar/2026:11:41:22 +0800] "GET / HTTP/1.1" 200 157185 "-" "-"
36.133.115.36 - - [25/Mar/2026:12:02:10 +0800] "POST /wp-cron.php?doing_wp_cron=1774411330.8692638874053955078125 HTTP/1.1" 200 31 "-" "WordPress/6.9; http://cqqizhou.com"
40.77.167.203 - - [25/Mar/2026:12:02:10 +0800] "GET /robots.txt HTTP/1.1" 200 190 "-" "Mozilla/5.0 AppleWebKit/537.36 (KHTML, like Gecko; compatible; bingbot/2.0; +http://www.bing.com/bingbot.htm) Chrome/116.0.1938.76 Safari/537.36"
36.133.115.36 - - [25/Mar/2026:12:12:46 +0800] "POST /wp-cron.php?doing_wp_cron=1774411966.0898239612579345703125 HTTP/1.1" 200 31 "-" "WordPress/6.9; http://cqqizhou.com"
110.249.201.111 - - [25/Mar/2026:12:12:46 +0800] "GET /robots.txt HTTP/1.1" 200 190 "-" "Mozilla/5.0 (Linux; Android 5.0) AppleWebKit/537.36 (KHTML, like Gecko) Mobile Safari/537.36 (compatible; Bytespider; https://zhanzhang.toutiao.com/)"
87.121.84.71 - - [25/Mar/2026:12:58:40 +0800] "GET /assets/plugins/jQuery-File-Upload/server/php/index.php?file=tf2rghf.jpg HTTP/1.1" 404 27 "-" "ALittle Client"
36.133.115.36 - - [25/Mar/2026:13:00:53 +0800] "POST /wp-cron.php?doing_wp_cron=1774414853.3471150398254394531250 HTTP/1.1" 200 31 "-" "WordPress/6.9; http://cqqizhou.com"
149.86.227.60 - - [25/Mar/2026:13:00:54 +0800] "GET / HTTP/1.1" 200 157185 "-" "Mozilla/5.0"
36.133.115.36 - - [25/Mar/2026:13:11:11 +0800] "POST /wp-cron.php?doing_wp_cron=1774415471.0131559371948242187500 HTTP/1.1" 200 31 "-" "WordPress/6.9; http://cqqizhou.com"
114.119.136.24 - - [25/Mar/2026:13:11:11 +0800] "GET /wp-sitemap.xml HTTP/1.1" 501 253 "-" "Mozilla/5.0 (Linux; Android 7.0;) AppleWebKit/537.36 (KHTML, like Gecko) Mobile Safari/537.36 (compatible; PetalBot;+https://webmaster.petalsearch.com/site/petalbot)"
36.133.115.36 - - [25/Mar/2026:13:13:46 +0800] "POST /wp-cron.php?doing_wp_cron=1774415626.7975089550018310546875 HTTP/1.1" 200 31 "-" "WordPress/6.9; http://cqqizhou.com"
58.216.132.5 - - [25/Mar/2026:13:13:46 +0800] "GET / HTTP/1.1" 301 5 "-" "Mozilla/5.0 (Windows NT 10.0; Win64; x64) AppleWebKit/537.36 (KHTML, like Gecko) Chrome/122.0.0.0 Safari/537.36 Edg/122.0.0.0"
58.216.132.5 - - [25/Mar/2026:13:13:47 +0800] "GET / HTTP/1.1" 200 35249 "http://www.cqqizhou.com" "Mozilla/5.0 (Windows NT 10.0; Win64; x64) AppleWebKit/537.36 (KHTML, like Gecko) Chrome/122.0.0.0 Safari/537.36 Edg/122.0.0.0"
51.222.95.35 - - [25/Mar/2026:13:14:04 +0800] "GET /2162/ HTTP/1.1" 301 5 "-" "Mozilla/5.0 (compatible; AhrefsBot/7.0; +http://ahrefs.com/robot/)"
36.133.115.36 - - [25/Mar/2026:13:20:52 +0800] "POST /wp-cron.php?doing_wp_cron=1774416052.3659060001373291015625 HTTP/1.1" 200 31 "-" "WordPress/6.9; http://cqqizhou.com"
114.119.155.223 - - [25/Mar/2026:13:20:52 +0800] "GET /wp-sitemap.xml HTTP/1.1" 501 253 "-" "Mozilla/5.0 (Linux; Android 7.0;) AppleWebKit/537.36 (KHTML, like Gecko) Mobile Safari/537.36 (compatible; PetalBot;+https://webmaster.petalsearch.com/site/petalbot)"
36.133.115.36 - - [25/Mar/2026:13:25:55 +0800] "POST /wp-cron.php?doing_wp_cron=1774416355.5852470397949218750000 HTTP/1.1" 200 31 "-" "WordPress/6.9; http://cqqizhou.com"
178.128.115.151 - - [25/Mar/2026:13:25:55 +0800] "GET / HTTP/1.1" 200 157185 "-" "-"
36.133.115.36 - - [25/Mar/2026:13:26:45 +0800] "POST /wp-cron.php?doing_wp_cron=1774416405.7231740951538085937500 HTTP/1.1" 200 31 "-" "WordPress/6.9; http://cqqizhou.com"
114.119.138.111 - - [25/Mar/2026:13:26:45 +0800] "GET /wp-sitemap.xml HTTP/1.1" 501 253 "-" "Mozilla/5.0 (Linux; Android 7.0;) AppleWebKit/537.36 (KHTML, like Gecko) Mobile Safari/537.36 (compatible; PetalBot;+https://webmaster.petalsearch.com/site/petalbot)"
36.133.115.36 - - [25/Mar/2026:13:30:29 +0800] "POST /wp-cron.php?doing_wp_cron=1774416629.7899680137634277343750 HTTP/1.1" 200 31 "-" "WordPress/6.9; http://cqqizhou.com"
114.119.149.159 - - [25/Mar/2026:13:30:29 +0800] "GET /wp-sitemap.xml HTTP/1.1" 501 253 "-" "Mozilla/5.0 (Linux; Android 7.0;) AppleWebKit/537.36 (KHTML, like Gecko) Mobile Safari/537.36 (compatible; PetalBot;+https://webmaster.petalsearch.com/site/petalbot)"
36.133.115.36 - - [25/Mar/2026:13:45:44 +0800] "POST /wp-cron.php?doing_wp_cron=1774417544.5138409137725830078125 HTTP/1.1" 200 31 "-" "WordPress/6.9; http://cqqizhou.com"
5.61.209.107 - - [25/Mar/2026:13:45:44 +0800] "GET /SDK/webLanguage HTTP/1.1" 301 5 "-" "Mozilla/5.0 (Windows NT 10.0; Win64; x64) AppleWebKit/537.36 (KHTML, like Gecko) Chrome/90.0.4430.85 Safari/537.36 Edg/90.0.818.46"
36.133.115.36 - - [25/Mar/2026:13:53:38 +0800] "POST /wp-cron.php?doing_wp_cron=1774418018.5516119003295898437500 HTTP/1.1" 200 31 "-" "WordPress/6.9; http://cqqizhou.com"
182.42.105.85 - - [25/Mar/2026:13:53:38 +0800] "GET / HTTP/1.1" 301 5 "-" "Mozilla/5.0 (iPhone; CPU iPhone OS 13_2_3 like Mac OS X) AppleWebKit/605.1.15 (KHTML, like Gecko) Version/13.0.3 Mobile/15E148 Safari/604.1"
182.42.105.85 - - [25/Mar/2026:13:53:40 +0800] "GET / HTTP/1.1" 200 34812 "http://www.cqqizhou.com" "Mozilla/5.0 (iPhone; CPU iPhone OS 13_2_3 like Mac OS X) AppleWebKit/605.1.15 (KHTML, like Gecko) Version/13.0.3 Mobile/15E148 Safari/604.1"
36.133.115.36 - - [25/Mar/2026:13:59:46 +0800] "POST /wp-cron.php?doing_wp_cron=1774418386.0568270683288574218750 HTTP/1.1" 200 31 "-" "WordPress/6.9; http://cqqizhou.com"
176.96.136.202 - - [25/Mar/2026:13:59:46 +0800] "GET / HTTP/1.1" 200 78114 "-" "Mozilla/5.0"
36.133.115.36 - - [25/Mar/2026:14:12:49 +0800] "POST /wp-cron.php?doing_wp_cron=1774419169.2124259471893310546875 HTTP/1.1" 200 31 "-" "WordPress/6.9; http://cqqizhou.com"
114.119.130.168 - - [25/Mar/2026:14:12:49 +0800] "GET /wp-sitemap.xml HTTP/1.1" 501 253 "-" "Mozilla/5.0 (Linux; Android 7.0;) AppleWebKit/537.36 (KHTML, like Gecko) Mobile Safari/537.36 (compatible; PetalBot;+https://webmaster.petalsearch.com/site/petalbot)"
36.133.115.36 - - [25/Mar/2026:14:36:11 +0800] "POST /wp-cron.php?doing_wp_cron=1774420571.6074459552764892578125 HTTP/1.1" 200 31 "-" "WordPress/6.9; http://cqqizhou.com"
40.77.167.203 - - [25/Mar/2026:14:36:11 +0800] "GET /robots.txt HTTP/1.1" 200 190 "-" "Mozilla/5.0 AppleWebKit/537.36 (KHTML, like Gecko; compatible; bingbot/2.0; +http://www.bing.com/bingbot.htm) Chrome/116.0.1938.76 Safari/537.36"
36.133.115.36 - - [25/Mar/2026:15:06:04 +0800] "POST /wp-cron.php?doing_wp_cron=1774422364.3175799846649169921875 HTTP/1.1" 200 31 "-" "WordPress/6.9; http://cqqizhou.com"
45.156.129.130 - - [25/Mar/2026:15:06:04 +0800] "GET / HTTP/1.1" 301 5 "-" "Mozilla/5.0 AppleWebKit/537.36 (KHTML, like Gecko) Chrome/123.0.6312.86 Safari/537.36 BitSightBot/1.0"
45.156.129.130 - - [25/Mar/2026:15:06:06 +0800] "GET /login/login HTTP/1.1" 404 8949 "-" "Mozilla/5.0 AppleWebKit/537.36 (KHTML, like Gecko) Chrome/123.0.6312.86 Safari/537.36 BitSightBot/1.0"
5.189.131.241 - - [25/Mar/2026:15:34:20 +0800] "GET / HTTP/1.1" 200 35249 "-" "Mozilla/5.0 (X11; Linux x86_64) AppleWebKit/537.36 (KHTML, like Gecko) Chrome/131.0.0.0 Safari/537.36"
5.189.156.109 - - [25/Mar/2026:15:34:20 +0800] "GET / HTTP/1.1" 200 35249 "-" "Mozilla/5.0 (Macintosh; Intel Mac OS X 10_15_7) AppleWebKit/537.36 (KHTML, like Gecko) Chrome/131.0.0.0 Safari/537.36"
36.133.115.36 - - [25/Mar/2026:15:51:07 +0800] "POST /wp-cron.php?doing_wp_cron=1774425067.0147280693054199218750 HTTP/1.1" 200 31 "-" "WordPress/6.9; http://cqqizhou.com"
66.132.195.59 - - [25/Mar/2026:15:51:07 +0800] "GET /sitemap.xml HTTP/1.1" 200 536 "-" "Mozilla/5.0 (compatible; CensysInspect/1.1; +https://about.censys.io/)"
36.133.115.36 - - [25/Mar/2026:15:51:13 +0800] "POST /wp-cron.php?doing_wp_cron=1774425073.2934830188751220703125 HTTP/1.1" 200 31 "-" "WordPress/6.9; http://cqqizhou.com"
66.132.195.59 - - [25/Mar/2026:15:51:13 +0800] "GET /h4tx1f6h23zlif9y HTTP/1.1" 404 8949 "-" "Mozilla/5.0 (compatible; CensysInspect/1.1; +https://about.censys.io/)"
36.133.115.36 - - [25/Mar/2026:16:02:09 +0800] "POST /wp-cron.php?doing_wp_cron=1774425729.5647521018981933593750 HTTP/1.1" 200 31 "-" "WordPress/6.9; http://cqqizhou.com"
91.224.92.125 - - [25/Mar/2026:16:02:09 +0800] "GET /SDK/webLanguage HTTP/1.1" 301 5 "-" "Mozilla/5.0 (Windows NT 10.0; Win64; x64) AppleWebKit/537.36 (KHTML, like Gecko) Chrome/90.0.4430.85 Safari/537.36 Edg/90.0.818.46"
36.133.115.36 - - [25/Mar/2026:16:04:19 +0800] "POST /wp-cron.php?doing_wp_cron=1774425859.8021080493927001953125 HTTP/1.1" 200 31 "-" "WordPress/6.9; http://cqqizhou.com"
17.241.75.18 - - [25/Mar/2026:16:04:19 +0800] "GET /robots.txt HTTP/1.1" 200 190 "-" "Mozilla/5.0 (Macintosh; Intel Mac OS X 10_15_7) AppleWebKit/605.1.15 (KHTML, like Gecko) Version/17.4 Safari/605.1.15 (Applebot/0.1; +http://www.apple.com/go/applebot)"
17.241.75.18 - - [25/Mar/2026:16:04:21 +0800] "GET /media/5 HTTP/1.1" 200 26225 "-" "Mozilla/5.0 (Macintosh; Intel Mac OS X 10_15_7) AppleWebKit/605.1.15 (KHTML, like Gecko) Version/17.4 Safari/605.1.15 (Applebot/0.1; +http://www.apple.com/go/applebot)"
46.101.82.104 - - [25/Mar/2026:16:05:02 +0800] "GET / HTTP/1.1" 200 157185 "-" "-"
36.133.115.36 - - [25/Mar/2026:16:10:14 +0800] "POST /wp-cron.php?doing_wp_cron=1774426214.3091659545898437500000 HTTP/1.1" 200 31 "-" "WordPress/6.9; http://cqqizhou.com"
124.231.160.201 - - [25/Mar/2026:16:10:14 +0800] "GET /contacts/ HTTP/1.1" 301 5 "-" "Mozilla/5.0 (Windows NT 10.0; Win64; x64) AppleWebKit/537.36 (KHTML, like Gecko) Chrome/136.0.0.0 Safari/537.36"
124.231.160.201 - - [25/Mar/2026:16:10:18 +0800] "GET http://cqqizhou.com/contacts HTTP/1.1" 200 21638 "-" "Mozilla/5.0 (Windows NT 10.0; Win64; x64) AppleWebKit/537.36 (KHTML, like Gecko) Chrome/136.0.0.0 Safari/537.36"
114.230.179.238 - - [25/Mar/2026:16:27:33 +0800] "GET / HTTP/1.1" 200 35249 "-" "Mozilla/5.0 (Macintosh; Intel Mac OS X 10_15_7) AppleWebKit/537.36 (KHTML, like Gecko) Chrome/106.0.0.0 Safari/537.36"
36.133.115.36 - - [25/Mar/2026:16:37:23 +0800] "POST /wp-cron.php?doing_wp_cron=1774427843.8436520099639892578125 HTTP/1.1" 200 31 "-" "WordPress/6.9; http://cqqizhou.com"
144.52.243.252 - - [25/Mar/2026:16:37:23 +0800] "GET / HTTP/1.1" 301 5 "-" "Go-http-client/1.1"
113.120.144.52 - - [25/Mar/2026:16:37:24 +0800] "GET / HTTP/1.1" 200 35249 "http://xa5.shaanxi.cn.antiddos.cspt.fullcone.cn" "Go-http-client/1.1"
36.133.115.36 - - [25/Mar/2026:16:49:17 +0800] "POST /wp-cron.php?doing_wp_cron=1774428557.5716478824615478515625 HTTP/1.1" 200 31 "-" "WordPress/6.9; http://cqqizhou.com"
149.86.227.60 - - [25/Mar/2026:16:49:18 +0800] "GET / HTTP/1.1" 200 157185 "-" "Mozilla/5.0"
36.133.115.36 - - [25/Mar/2026:16:55:12 +0800] "POST /wp-cron.php?doing_wp_cron=1774428912.3298931121826171875000 HTTP/1.1" 200 31 "-" "WordPress/6.9; http://cqqizhou.com"
52.204.33.228 - - [25/Mar/2026:16:55:12 +0800] "GET / HTTP/1.1" 301 5 "-" "Go-http-client/1.1"
52.204.33.228 - - [25/Mar/2026:16:55:14 +0800] "GET / HTTP/1.1" 200 35249 "http://36.133.115.36" "Go-http-client/1.1"
36.133.115.36 - - [25/Mar/2026:17:02:19 +0800] "POST /wp-cron.php?doing_wp_cron=1774429339.2436859607696533203125 HTTP/1.1" 200 31 "-" "WordPress/6.9; http://cqqizhou.com"
116.149.16.247 - - [25/Mar/2026:17:02:19 +0800] "GET /contacts/ HTTP/1.1" 301 5 "-" "Mozilla/5.0 (Windows NT 10.0; Win64; x64) AppleWebKit/537.36 (KHTML, like Gecko) Chrome/136.0.0.0 Safari/537.36"
116.149.16.247 - - [25/Mar/2026:17:02:19 +0800] "GET http://cqqizhou.com/contacts HTTP/1.1" 200 21638 "-" "Mozilla/5.0 (Windows NT 10.0; Win64; x64) AppleWebKit/537.36 (KHTML, like Gecko) Chrome/136.0.0.0 Safari/537.36"
36.133.115.36 - - [25/Mar/2026:17:36:45 +0800] "POST /wp-cron.php?doing_wp_cron=1774431405.3776099681854248046875 HTTP/1.1" 200 31 "-" "WordPress/6.9; http://cqqizhou.com"
46.151.178.11 - - [25/Mar/2026:17:36:45 +0800] "GET /api/sonicos/is-sslvpn-enabled HTTP/1.0" 404 31352 "https://www.google.com" "Mozilla/5.0 (X11; Linux x86_64) AppleWebKit/537.36 (KHTML, like Gecko) Chrome/119.0.0.0 Safari/537.36"
46.151.178.11 - - [25/Mar/2026:17:36:46 +0800] "GET / HTTP/1.0" 301 0 "https://www.google.com" "Mozilla/5.0 (X11; Linux x86_64) AppleWebKit/537.36 (KHTML, like Gecko) Chrome/119.0.0.0 Safari/537.36"
46.151.178.11 - - [25/Mar/2026:17:36:48 +0800] "GET / HTTP/1.0" 200 158822 "https://www.google.com" "Mozilla/5.0 (X11; Linux x86_64) AppleWebKit/537.36 (KHTML, like Gecko) Chrome/119.0.0.0 Safari/537.36"
36.133.115.36 - - [25/Mar/2026:17:37:22 +0800] "POST /wp-cron.php?doing_wp_cron=1774431442.0162990093231201171875 HTTP/1.1" 200 31 "-" "WordPress/6.9; http://cqqizhou.com"
121.41.102.131 - - [25/Mar/2026:17:37:22 +0800] "GET / HTTP/1.0" 301 0 "-" "-"
121.41.102.131 - - [25/Mar/2026:17:37:32 +0800] "GET / HTTP/1.0" 301 0 "-" "-"
121.41.102.131 - - [25/Mar/2026:17:37:33 +0800] "GET /nmaplowercheck1774431444 HTTP/1.1" 404 31365 "-" "Mozilla/5.0 (compatible; Nmap Scripting Engine; https://nmap.org/book/nse.html)"
121.41.102.131 - - [25/Mar/2026:17:37:33 +0800] "POST /sdk HTTP/1.1" 404 31365 "-" "Mozilla/5.0 (compatible; Nmap Scripting Engine; https://nmap.org/book/nse.html)"
121.41.102.131 - - [25/Mar/2026:17:37:34 +0800] "GET /HNAP1 HTTP/1.1" 404 31365 "-" "Mozilla/5.0 (compatible; Nmap Scripting Engine; https://nmap.org/book/nse.html)"
121.41.102.131 - - [25/Mar/2026:17:37:34 +0800] "GET /evox/about HTTP/1.1" 404 31365 "-" "Mozilla/5.0 (compatible; Nmap Scripting Engine; https://nmap.org/book/nse.html)"
121.41.102.131 - - [25/Mar/2026:17:37:53 +0800] "GET / HTTP/1.0" 301 0 "-" "-"
121.41.102.131 - - [25/Mar/2026:17:37:54 +0800] "GET / HTTP/1.1" 301 5 "-" "-"
36.133.115.36 - - [25/Mar/2026:17:45:36 +0800] "POST /wp-cron.php?doing_wp_cron=1774431936.0855178833007812500000 HTTP/1.1" 200 31 "-" "WordPress/6.9; http://cqqizhou.com"
43.153.10.13 - - [25/Mar/2026:17:45:36 +0800] "GET / HTTP/1.1" 301 5 "-" "Mozilla/5.0 (iPhone; CPU iPhone OS 13_2_3 like Mac OS X) AppleWebKit/605.1.15 (KHTML, like Gecko) Version/13.0.3 Mobile/15E148 Safari/604.1"
43.153.10.13 - - [25/Mar/2026:17:45:39 +0800] "GET / HTTP/1.1" 200 34812 "http://www.cqqizhou.com" "Mozilla/5.0 (iPhone; CPU iPhone OS 13_2_3 like Mac OS X) AppleWebKit/605.1.15 (KHTML, like Gecko) Version/13.0.3 Mobile/15E148 Safari/604.1"
36.133.115.36 - - [25/Mar/2026:17:50:02 +0800] "POST /wp-cron.php?doing_wp_cron=1774432202.7007648944854736328125 HTTP/1.1" 200 31 "-" "WordPress/6.9; http://cqqizhou.com"
18.195.155.157 - - [25/Mar/2026:17:50:02 +0800] "GET /.env HTTP/1.1" 404 31365 "-" "-"
36.133.115.36 - - [25/Mar/2026:17:50:44 +0800] "POST /wp-cron.php?doing_wp_cron=1774432244.1608479022979736328125 HTTP/1.1" 200 31 "-" "WordPress/6.9; http://cqqizhou.com"
110.80.135.11 - - [25/Mar/2026:17:50:44 +0800] "GET / HTTP/1.1" 301 5 "-" "-"
110.80.135.11 - - [25/Mar/2026:17:50:45 +0800] "GET / HTTP/1.1" 200 158844 "-" "-"
36.133.115.36 - - [25/Mar/2026:17:56:12 +0800] "POST /wp-cron.php?doing_wp_cron=1774432572.8374691009521484375000 HTTP/1.1" 200 31 "-" "WordPress/6.9; http://cqqizhou.com"
178.128.124.37 - - [25/Mar/2026:17:56:12 +0800] "GET / HTTP/1.1" 200 157185 "-" "-"
74.176.227.118 - - [25/Mar/2026:17:56:23 +0800] "GET /news/tag/%E5%8D%9A%E8%81%94%E8%BE%BE HTTP/1.1" 200 21293 "-" "Mozilla/5.0 (Windows NT 10.0; Win64; x64) AppleWebKit/537.36 (KHTML, like Gecko) Chrome/131.0.0.0 Safari/537.36 Edg/131.0.0.0"
36.133.115.36 - - [25/Mar/2026:17:59:41 +0800] "POST /wp-cron.php?doing_wp_cron=1774432781.6226189136505126953125 HTTP/1.1" 200 31 "-" "WordPress/6.9; http://cqqizhou.com"
120.46.172.59 - - [25/Mar/2026:17:59:41 +0800] "HEAD /website.rar HTTP/1.1" 404 0 "-" "Mozilla/4.0 (compatible; MSIE 8.0; Windows NT 6.1; Trident/4.0)"
120.46.172.59 - - [25/Mar/2026:17:59:42 +0800] "HEAD /website.zip HTTP/1.1" 404 0 "-" "Mozilla/4.0 (compatible; MSIE 8.0; Windows NT 6.1; Trident/4.0)"
120.46.172.59 - - [25/Mar/2026:17:59:43 +0800] "HEAD /website.tar.gz HTTP/1.1" 404 0 "-" "Mozilla/4.0 (compatible; MSIE 8.0; Windows NT 6.1; Trident/4.0)"
120.46.172.59 - - [25/Mar/2026:17:59:44 +0800] "HEAD /website.tgz HTTP/1.1" 404 0 "-" "Mozilla/4.0 (compatible; MSIE 8.0; Windows NT 6.1; Trident/4.0)"
120.46.172.59 - - [25/Mar/2026:17:59:44 +0800] "HEAD /website.tar HTTP/1.1" 404 0 "-" "Mozilla/4.0 (compatible; MSIE 8.0; Windows NT 6.1; Trident/4.0)"
120.46.172.59 - - [25/Mar/2026:17:59:45 +0800] "HEAD /website.gz HTTP/1.1" 404 0 "-" "Mozilla/4.0 (compatible; MSIE 8.0; Windows NT 6.1; Trident/4.0)"
120.46.172.59 - - [25/Mar/2026:17:59:46 +0800] "HEAD /website.tar.tgz HTTP/1.1" 404 0 "-" "Mozilla/4.0 (compatible; MSIE 8.0; Windows NT 6.1; Trident/4.0)"
120.46.172.59 - - [25/Mar/2026:17:59:47 +0800] "HEAD /wwwroot.rar HTTP/1.1" 404 0 "-" "Mozilla/4.0 (compatible; MSIE 8.0; Windows NT 6.1; Trident/4.0)"
120.46.172.59 - - [25/Mar/2026:17:59:48 +0800] "HEAD /wwwroot.zip HTTP/1.1" 404 0 "-" "Mozilla/4.0 (compatible; MSIE 8.0; Windows NT 6.1; Trident/4.0)"
120.46.172.59 - - [25/Mar/2026:17:59:49 +0800] "HEAD /wwwroot.tar.gz HTTP/1.1" 404 0 "-" "Mozilla/4.0 (compatible; MSIE 8.0; Windows NT 6.1; Trident/4.0)"
120.46.172.59 - - [25/Mar/2026:17:59:49 +0800] "HEAD /wwwroot.tgz HTTP/1.1" 404 0 "-" "Mozilla/4.0 (compatible; MSIE 8.0; Windows NT 6.1; Trident/4.0)"
120.46.172.59 - - [25/Mar/2026:17:59:50 +0800] "HEAD /wwwroot.tar HTTP/1.1" 404 0 "-" "Mozilla/4.0 (compatible; MSIE 8.0; Windows NT 6.1; Trident/4.0)"
120.46.172.59 - - [25/Mar/2026:17:59:51 +0800] "HEAD /wwwroot.gz HTTP/1.1" 404 0 "-" "Mozilla/4.0 (compatible; MSIE 8.0; Windows NT 6.1; Trident/4.0)"
120.46.172.59 - - [25/Mar/2026:17:59:52 +0800] "HEAD /wwwroot.tar.tgz HTTP/1.1" 404 0 "-" "Mozilla/4.0 (compatible; MSIE 8.0; Windows NT 6.1; Trident/4.0)"
120.46.172.59 - - [25/Mar/2026:17:59:52 +0800] "HEAD /1.rar HTTP/1.1" 404 0 "-" "Mozilla/4.0 (compatible; MSIE 8.0; Windows NT 6.1; Trident/4.0)"
120.46.172.59 - - [25/Mar/2026:17:59:53 +0800] "HEAD /1.zip HTTP/1.1" 404 0 "-" "Mozilla/4.0 (compatible; MSIE 8.0; Windows NT 6.1; Trident/4.0)"
120.46.172.59 - - [25/Mar/2026:17:59:54 +0800] "HEAD /1.tar.gz HTTP/1.1" 404 0 "-" "Mozilla/4.0 (compatible; MSIE 8.0; Windows NT 6.1; Trident/4.0)"
120.46.172.59 - - [25/Mar/2026:17:59:55 +0800] "HEAD /1.tgz HTTP/1.1" 404 0 "-" "Mozilla/4.0 (compatible; MSIE 8.0; Windows NT 6.1; Trident/4.0)"
120.46.172.59 - - [25/Mar/2026:17:59:56 +0800] "HEAD /1.tar HTTP/1.1" 404 0 "-" "Mozilla/4.0 (compatible; MSIE 8.0; Windows NT 6.1; Trident/4.0)"
120.46.172.59 - - [25/Mar/2026:17:59:56 +0800] "HEAD /1.gz HTTP/1.1" 404 0 "-" "Mozilla/4.0 (compatible; MSIE 8.0; Windows NT 6.1; Trident/4.0)"
120.46.172.59 - - [25/Mar/2026:17:59:57 +0800] "HEAD /1.tar.tgz HTTP/1.1" 404 0 "-" "Mozilla/4.0 (compatible; MSIE 8.0; Windows NT 6.1; Trident/4.0)"
120.46.172.59 - - [25/Mar/2026:17:59:58 +0800] "HEAD /www.rar HTTP/1.1" 404 0 "-" "Mozilla/4.0 (compatible; MSIE 8.0; Windows NT 6.1; Trident/4.0)"
120.46.172.59 - - [25/Mar/2026:17:59:59 +0800] "HEAD /www.zip HTTP/1.1" 404 0 "-" "Mozilla/4.0 (compatible; MSIE 8.0; Windows NT 6.1; Trident/4.0)"
120.46.172.59 - - [25/Mar/2026:18:00:00 +0800] "HEAD /www.tar.gz HTTP/1.1" 404 0 "-" "Mozilla/4.0 (compatible; MSIE 8.0; Windows NT 6.1; Trident/4.0)"
120.46.172.59 - - [25/Mar/2026:18:00:00 +0800] "HEAD /www.tgz HTTP/1.1" 404 0 "-" "Mozilla/4.0 (compatible; MSIE 8.0; Windows NT 6.1; Trident/4.0)"
120.46.172.59 - - [25/Mar/2026:18:00:01 +0800] "HEAD /www.tar HTTP/1.1" 404 0 "-" "Mozilla/4.0 (compatible; MSIE 8.0; Windows NT 6.1; Trident/4.0)"
120.46.172.59 - - [25/Mar/2026:18:00:02 +0800] "HEAD /www.gz HTTP/1.1" 404 0 "-" "Mozilla/4.0 (compatible; MSIE 8.0; Windows NT 6.1; Trident/4.0)"
120.46.172.59 - - [25/Mar/2026:18:00:03 +0800] "HEAD /www.tar.tgz HTTP/1.1" 404 0 "-" "Mozilla/4.0 (compatible; MSIE 8.0; Windows NT 6.1; Trident/4.0)"
120.46.172.59 - - [25/Mar/2026:18:00:04 +0800] "HEAD /web.rar HTTP/1.1" 404 0 "-" "Mozilla/4.0 (compatible; MSIE 8.0; Windows NT 6.1; Trident/4.0)"
120.46.172.59 - - [25/Mar/2026:18:00:04 +0800] "HEAD /web.zip HTTP/1.1" 404 0 "-" "Mozilla/4.0 (compatible; MSIE 8.0; Windows NT 6.1; Trident/4.0)"
120.46.172.59 - - [25/Mar/2026:18:00:05 +0800] "HEAD /web.tar.gz HTTP/1.1" 404 0 "-" "Mozilla/4.0 (compatible; MSIE 8.0; Windows NT 6.1; Trident/4.0)"
120.46.172.59 - - [25/Mar/2026:18:00:06 +0800] "HEAD /web.tgz HTTP/1.1" 404 0 "-" "Mozilla/4.0 (compatible; MSIE 8.0; Windows NT 6.1; Trident/4.0)"
120.46.172.59 - - [25/Mar/2026:18:00:07 +0800] "HEAD /web.tar HTTP/1.1" 404 0 "-" "Mozilla/4.0 (compatible; MSIE 8.0; Windows NT 6.1; Trident/4.0)"
36.133.115.36 - - [25/Mar/2026:18:00:08 +0800] "POST /wp-cron.php?doing_wp_cron=1774432808.3962230682373046875000 HTTP/1.1" 200 31 "-" "WordPress/6.9; http://cqqizhou.com"
120.46.172.59 - - [25/Mar/2026:18:00:08 +0800] "HEAD /web.gz HTTP/1.1" 404 0 "-" "Mozilla/4.0 (compatible; MSIE 8.0; Windows NT 6.1; Trident/4.0)"
120.46.172.59 - - [25/Mar/2026:18:00:09 +0800] "HEAD /web.tar.tgz HTTP/1.1" 404 0 "-" "Mozilla/4.0 (compatible; MSIE 8.0; Windows NT 6.1; Trident/4.0)"
120.46.172.59 - - [25/Mar/2026:18:00:10 +0800] "HEAD /admin.rar HTTP/1.1" 404 0 "-" "Mozilla/4.0 (compatible; MSIE 8.0; Windows NT 6.1; Trident/4.0)"
120.46.172.59 - - [25/Mar/2026:18:00:11 +0800] "HEAD /admin.zip HTTP/1.1" 404 0 "-" "Mozilla/4.0 (compatible; MSIE 8.0; Windows NT 6.1; Trident/4.0)"
120.46.172.59 - - [25/Mar/2026:18:00:11 +0800] "HEAD /admin.tar.gz HTTP/1.1" 404 0 "-" "Mozilla/4.0 (compatible; MSIE 8.0; Windows NT 6.1; Trident/4.0)"
120.46.172.59 - - [25/Mar/2026:18:00:12 +0800] "HEAD /admin.tgz HTTP/1.1" 404 0 "-" "Mozilla/4.0 (compatible; MSIE 8.0; Windows NT 6.1; Trident/4.0)"
120.46.172.59 - - [25/Mar/2026:18:00:13 +0800] "HEAD /admin.tar HTTP/1.1" 404 0 "-" "Mozilla/4.0 (compatible; MSIE 8.0; Windows NT 6.1; Trident/4.0)"
120.46.172.59 - - [25/Mar/2026:18:00:14 +0800] "HEAD /admin.gz HTTP/1.1" 404 0 "-" "Mozilla/4.0 (compatible; MSIE 8.0; Windows NT 6.1; Trident/4.0)"
120.46.172.59 - - [25/Mar/2026:18:00:14 +0800] "HEAD /admin.tar.tgz HTTP/1.1" 404 0 "-" "Mozilla/4.0 (compatible; MSIE 8.0; Windows NT 6.1; Trident/4.0)"
120.46.172.59 - - [25/Mar/2026:18:00:15 +0800] "HEAD /html.rar HTTP/1.1" 404 0 "-" "Mozilla/4.0 (compatible; MSIE 8.0; Windows NT 6.1; Trident/4.0)"
120.46.172.59 - - [25/Mar/2026:18:00:16 +0800] "HEAD /html.zip HTTP/1.1" 404 0 "-" "Mozilla/4.0 (compatible; MSIE 8.0; Windows NT 6.1; Trident/4.0)"
120.46.172.59 - - [25/Mar/2026:18:00:17 +0800] "HEAD /html.tar.gz HTTP/1.1" 404 0 "-" "Mozilla/4.0 (compatible; MSIE 8.0; Windows NT 6.1; Trident/4.0)"
120.46.172.59 - - [25/Mar/2026:18:00:17 +0800] "HEAD /html.tgz HTTP/1.1" 404 0 "-" "Mozilla/4.0 (compatible; MSIE 8.0; Windows NT 6.1; Trident/4.0)"
120.46.172.59 - - [25/Mar/2026:18:00:18 +0800] "HEAD /html.tar HTTP/1.1" 404 0 "-" "Mozilla/4.0 (compatible; MSIE 8.0; Windows NT 6.1; Trident/4.0)"
120.46.172.59 - - [25/Mar/2026:18:00:19 +0800] "HEAD /html.gz HTTP/1.1" 404 0 "-" "Mozilla/4.0 (compatible; MSIE 8.0; Windows NT 6.1; Trident/4.0)"
120.46.172.59 - - [25/Mar/2026:18:00:20 +0800] "HEAD /html.tar.tgz HTTP/1.1" 404 0 "-" "Mozilla/4.0 (compatible; MSIE 8.0; Windows NT 6.1; Trident/4.0)"
120.46.172.59 - - [25/Mar/2026:18:00:21 +0800] "HEAD /back.rar HTTP/1.1" 404 0 "-" "Mozilla/4.0 (compatible; MSIE 8.0; Windows NT 6.1; Trident/4.0)"
120.46.172.59 - - [25/Mar/2026:18:00:22 +0800] "HEAD /back.zip HTTP/1.1" 404 0 "-" "Mozilla/4.0 (compatible; MSIE 8.0; Windows NT 6.1; Trident/4.0)"
120.46.172.59 - - [25/Mar/2026:18:00:23 +0800] "HEAD /back.tar.gz HTTP/1.1" 404 0 "-" "Mozilla/4.0 (compatible; MSIE 8.0; Windows NT 6.1; Trident/4.0)"
120.46.172.59 - - [25/Mar/2026:18:00:23 +0800] "HEAD /back.tgz HTTP/1.1" 404 0 "-" "Mozilla/4.0 (compatible; MSIE 8.0; Windows NT 6.1; Trident/4.0)"
120.46.172.59 - - [25/Mar/2026:18:00:24 +0800] "HEAD /back.tar HTTP/1.1" 404 0 "-" "Mozilla/4.0 (compatible; MSIE 8.0; Windows NT 6.1; Trident/4.0)"
120.46.172.59 - - [25/Mar/2026:18:00:25 +0800] "HEAD /back.gz HTTP/1.1" 404 0 "-" "Mozilla/4.0 (compatible; MSIE 8.0; Windows NT 6.1; Trident/4.0)"
120.46.172.59 - - [25/Mar/2026:18:00:26 +0800] "HEAD /back.tar.tgz HTTP/1.1" 404 0 "-" "Mozilla/4.0 (compatible; MSIE 8.0; Windows NT 6.1; Trident/4.0)"
120.46.172.59 - - [25/Mar/2026:18:00:27 +0800] "HEAD /test.rar HTTP/1.1" 404 0 "-" "Mozilla/4.0 (compatible; MSIE 8.0; Windows NT 6.1; Trident/4.0)"
120.46.172.59 - - [25/Mar/2026:18:00:27 +0800] "HEAD /test.zip HTTP/1.1" 404 0 "-" "Mozilla/4.0 (compatible; MSIE 8.0; Windows NT 6.1; Trident/4.0)"
120.46.172.59 - - [25/Mar/2026:18:00:28 +0800] "HEAD /test.tar.gz HTTP/1.1" 404 0 "-" "Mozilla/4.0 (compatible; MSIE 8.0; Windows NT 6.1; Trident/4.0)"
120.46.172.59 - - [25/Mar/2026:18:00:29 +0800] "HEAD /test.tgz HTTP/1.1" 404 0 "-" "Mozilla/4.0 (compatible; MSIE 8.0; Windows NT 6.1; Trident/4.0)"
120.46.172.59 - - [25/Mar/2026:18:00:30 +0800] "HEAD /test.tar HTTP/1.1" 404 0 "-" "Mozilla/4.0 (compatible; MSIE 8.0; Windows NT 6.1; Trident/4.0)"
120.46.172.59 - - [25/Mar/2026:18:00:31 +0800] "HEAD /test.gz HTTP/1.1" 404 0 "-" "Mozilla/4.0 (compatible; MSIE 8.0; Windows NT 6.1; Trident/4.0)"
120.46.172.59 - - [25/Mar/2026:18:00:31 +0800] "HEAD /test.tar.tgz HTTP/1.1" 404 0 "-" "Mozilla/4.0 (compatible; MSIE 8.0; Windows NT 6.1; Trident/4.0)"
120.46.172.59 - - [25/Mar/2026:18:00:32 +0800] "HEAD /cqqizhou.com.rar HTTP/1.1" 404 0 "-" "Mozilla/4.0 (compatible; MSIE 8.0; Windows NT 6.1; Trident/4.0)"
120.46.172.59 - - [25/Mar/2026:18:00:33 +0800] "HEAD /cqqizhou.com.zip HTTP/1.1" 404 0 "-" "Mozilla/4.0 (compatible; MSIE 8.0; Windows NT 6.1; Trident/4.0)"
120.46.172.59 - - [25/Mar/2026:18:00:34 +0800] "HEAD /cqqizhou.com.tar.gz HTTP/1.1" 404 0 "-" "Mozilla/4.0 (compatible; MSIE 8.0; Windows NT 6.1; Trident/4.0)"
120.46.172.59 - - [25/Mar/2026:18:00:35 +0800] "HEAD /cqqizhou.com.tgz HTTP/1.1" 404 0 "-" "Mozilla/4.0 (compatible; MSIE 8.0; Windows NT 6.1; Trident/4.0)"
120.46.172.59 - - [25/Mar/2026:18:00:35 +0800] "HEAD /cqqizhou.com.tar HTTP/1.1" 404 0 "-" "Mozilla/4.0 (compatible; MSIE 8.0; Windows NT 6.1; Trident/4.0)"
120.46.172.59 - - [25/Mar/2026:18:00:36 +0800] "HEAD /cqqizhou.com.gz HTTP/1.1" 404 0 "-" "Mozilla/4.0 (compatible; MSIE 8.0; Windows NT 6.1; Trident/4.0)"
120.46.172.59 - - [25/Mar/2026:18:00:37 +0800] "HEAD /cqqizhou.com.tar.tgz HTTP/1.1" 404 0 "-" "Mozilla/4.0 (compatible; MSIE 8.0; Windows NT 6.1; Trident/4.0)"
120.46.172.59 - - [25/Mar/2026:18:00:38 +0800] "HEAD /cqqizhou_com.rar HTTP/1.1" 404 0 "-" "Mozilla/4.0 (compatible; MSIE 8.0; Windows NT 6.1; Trident/4.0)"
120.46.172.59 - - [25/Mar/2026:18:00:39 +0800] "HEAD /cqqizhou_com.zip HTTP/1.1" 404 0 "-" "Mozilla/4.0 (compatible; MSIE 8.0; Windows NT 6.1; Trident/4.0)"
120.46.172.59 - - [25/Mar/2026:18:00:39 +0800] "HEAD /cqqizhou_com.tar.gz HTTP/1.1" 404 0 "-" "Mozilla/4.0 (compatible; MSIE 8.0; Windows NT 6.1; Trident/4.0)"
120.46.172.59 - - [25/Mar/2026:18:00:40 +0800] "HEAD /cqqizhou_com.tgz HTTP/1.1" 404 0 "-" "Mozilla/4.0 (compatible; MSIE 8.0; Windows NT 6.1; Trident/4.0)"
120.46.172.59 - - [25/Mar/2026:18:00:41 +0800] "HEAD /cqqizhou_com.tar HTTP/1.1" 404 0 "-" "Mozilla/4.0 (compatible; MSIE 8.0; Windows NT 6.1; Trident/4.0)"
120.46.172.59 - - [25/Mar/2026:18:00:42 +0800] "HEAD /cqqizhou_com.gz HTTP/1.1" 404 0 "-" "Mozilla/4.0 (compatible; MSIE 8.0; Windows NT 6.1; Trident/4.0)"
120.46.172.59 - - [25/Mar/2026:18:00:42 +0800] "HEAD /cqqizhou_com.tar.tgz HTTP/1.1" 404 0 "-" "Mozilla/4.0 (compatible; MSIE 8.0; Windows NT 6.1; Trident/4.0)"
120.46.172.59 - - [25/Mar/2026:18:00:43 +0800] "HEAD /cqqizhoucom.rar HTTP/1.1" 404 0 "-" "Mozilla/4.0 (compatible; MSIE 8.0; Windows NT 6.1; Trident/4.0)"
120.46.172.59 - - [25/Mar/2026:18:00:44 +0800] "HEAD /cqqizhoucom.zip HTTP/1.1" 404 0 "-" "Mozilla/4.0 (compatible; MSIE 8.0; Windows NT 6.1; Trident/4.0)"
120.46.172.59 - - [25/Mar/2026:18:00:45 +0800] "HEAD /cqqizhoucom.tar.gz HTTP/1.1" 404 0 "-" "Mozilla/4.0 (compatible; MSIE 8.0; Windows NT 6.1; Trident/4.0)"
120.46.172.59 - - [25/Mar/2026:18:00:46 +0800] "HEAD /cqqizhoucom.tgz HTTP/1.1" 404 0 "-" "Mozilla/4.0 (compatible; MSIE 8.0; Windows NT 6.1; Trident/4.0)"
120.46.172.59 - - [25/Mar/2026:18:00:46 +0800] "HEAD /cqqizhoucom.tar HTTP/1.1" 404 0 "-" "Mozilla/4.0 (compatible; MSIE 8.0; Windows NT 6.1; Trident/4.0)"
120.46.172.59 - - [25/Mar/2026:18:00:47 +0800] "HEAD /cqqizhoucom.gz HTTP/1.1" 404 0 "-" "Mozilla/4.0 (compatible; MSIE 8.0; Windows NT 6.1; Trident/4.0)"
120.46.172.59 - - [25/Mar/2026:18:00:48 +0800] "HEAD /cqqizhoucom.tar.tgz HTTP/1.1" 404 0 "-" "Mozilla/4.0 (compatible; MSIE 8.0; Windows NT 6.1; Trident/4.0)"
120.46.172.59 - - [25/Mar/2026:18:00:49 +0800] "HEAD /cqqizhou.com.rar HTTP/1.1" 404 0 "-" "Mozilla/4.0 (compatible; MSIE 8.0; Windows NT 6.1; Trident/4.0)"
120.46.172.59 - - [25/Mar/2026:18:00:49 +0800] "HEAD /cqqizhou.com.zip HTTP/1.1" 404 0 "-" "Mozilla/4.0 (compatible; MSIE 8.0; Windows NT 6.1; Trident/4.0)"
120.46.172.59 - - [25/Mar/2026:18:00:50 +0800] "HEAD /cqqizhou.com.tar.gz HTTP/1.1" 404 0 "-" "Mozilla/4.0 (compatible; MSIE 8.0; Windows NT 6.1; Trident/4.0)"
120.46.172.59 - - [25/Mar/2026:18:00:51 +0800] "HEAD /cqqizhou.com.tgz HTTP/1.1" 404 0 "-" "Mozilla/4.0 (compatible; MSIE 8.0; Windows NT 6.1; Trident/4.0)"
120.46.172.59 - - [25/Mar/2026:18:00:52 +0800] "HEAD /cqqizhou.com.tar HTTP/1.1" 404 0 "-" "Mozilla/4.0 (compatible; MSIE 8.0; Windows NT 6.1; Trident/4.0)"
120.46.172.59 - - [25/Mar/2026:18:00:53 +0800] "HEAD /cqqizhou.com.gz HTTP/1.1" 404 0 "-" "Mozilla/4.0 (compatible; MSIE 8.0; Windows NT 6.1; Trident/4.0)"
120.46.172.59 - - [25/Mar/2026:18:00:53 +0800] "HEAD /cqqizhou.com.tar.tgz HTTP/1.1" 404 0 "-" "Mozilla/4.0 (compatible; MSIE 8.0; Windows NT 6.1; Trident/4.0)"
120.46.172.59 - - [25/Mar/2026:18:00:54 +0800] "HEAD /cqqizhou.rar HTTP/1.1" 404 0 "-" "Mozilla/4.0 (compatible; MSIE 8.0; Windows NT 6.1; Trident/4.0)"
120.46.172.59 - - [25/Mar/2026:18:00:55 +0800] "HEAD /cqqizhou.zip HTTP/1.1" 404 0 "-" "Mozilla/4.0 (compatible; MSIE 8.0; Windows NT 6.1; Trident/4.0)"
120.46.172.59 - - [25/Mar/2026:18:00:56 +0800] "HEAD /cqqizhou.tar.gz HTTP/1.1" 404 0 "-" "Mozilla/4.0 (compatible; MSIE 8.0; Windows NT 6.1; Trident/4.0)"
120.46.172.59 - - [25/Mar/2026:18:00:57 +0800] "HEAD /cqqizhou.tgz HTTP/1.1" 404 0 "-" "Mozilla/4.0 (compatible; MSIE 8.0; Windows NT 6.1; Trident/4.0)"
120.46.172.59 - - [25/Mar/2026:18:00:57 +0800] "HEAD /cqqizhou.tar HTTP/1.1" 404 0 "-" "Mozilla/4.0 (compatible; MSIE 8.0; Windows NT 6.1; Trident/4.0)"
120.46.172.59 - - [25/Mar/2026:18:00:58 +0800] "HEAD /cqqizhou.gz HTTP/1.1" 404 0 "-" "Mozilla/4.0 (compatible; MSIE 8.0; Windows NT 6.1; Trident/4.0)"
120.46.172.59 - - [25/Mar/2026:18:00:59 +0800] "HEAD /cqqizhou.tar.tgz HTTP/1.1" 404 0 "-" "Mozilla/4.0 (compatible; MSIE 8.0; Windows NT 6.1; Trident/4.0)"
36.133.115.36 - - [25/Mar/2026:18:03:26 +0800] "POST /wp-cron.php?doing_wp_cron=1774433005.9905860424041748046875 HTTP/1.1" 200 31 "-" "WordPress/6.9; http://cqqizhou.com"
206.189.84.29 - - [25/Mar/2026:18:03:26 +0800] "GET / HTTP/1.1" 200 157185 "-" "-"
36.133.115.36 - - [25/Mar/2026:18:16:43 +0800] "POST /wp-cron.php?doing_wp_cron=1774433803.0353159904479980468750 HTTP/1.1" 200 31 "-" "WordPress/6.9; http://cqqizhou.com"
110.249.201.243 - - [25/Mar/2026:18:16:43 +0800] "GET /robots.txt HTTP/1.1" 200 190 "-" "Mozilla/5.0 (Linux; Android 5.0) AppleWebKit/537.36 (KHTML, like Gecko) Mobile Safari/537.36 (compatible; Bytespider; https://zhanzhang.toutiao.com/)"
36.133.115.36 - - [25/Mar/2026:18:46:45 +0800] "POST /wp-cron.php?doing_wp_cron=1774435605.9525818824768066406250 HTTP/1.1" 200 31 "-" "WordPress/6.9; http://cqqizhou.com"
119.249.100.88 - - [25/Mar/2026:18:46:45 +0800] "GET / HTTP/1.1" 301 5 "http://m.baidu.com/s?wd=flamemdh" "pc"
119.249.100.216 - - [25/Mar/2026:18:46:46 +0800] "GET / HTTP/1.1" 200 35249 "http://m.baidu.com/s?wd=flamemdh" "pc"
36.133.115.36 - - [25/Mar/2026:18:52:15 +0800] "POST /wp-cron.php?doing_wp_cron=1774435935.6082921028137207031250 HTTP/1.1" 200 31 "-" "WordPress/6.9; http://cqqizhou.com"
220.181.108.145 - - [25/Mar/2026:18:52:15 +0800] "GET /wp-json/oembed/1.0/embed?url=http%3A%2F%2Fcqqizhou.com%2F2162%2F HTTP/1.1" 404 100 "-" "Mozilla/5.0 (compatible; Baiduspider/2.0; +http://www.baidu.com/search/spider.html)"
36.133.115.36 - - [25/Mar/2026:19:06:17 +0800] "POST /wp-cron.php?doing_wp_cron=1774436777.1387090682983398437500 HTTP/1.1" 200 31 "-" "WordPress/6.9; http://cqqizhou.com"
43.159.135.203 - - [25/Mar/2026:19:06:17 +0800] "GET / HTTP/1.1" 301 5 "-" "Mozilla/5.0 (iPhone; CPU iPhone OS 13_2_3 like Mac OS X) AppleWebKit/605.1.15 (KHTML, like Gecko) Version/13.0.3 Mobile/15E148 Safari/604.1"
43.159.135.203 - - [25/Mar/2026:19:06:20 +0800] "GET / HTTP/1.1" 200 34812 "http://36.133.115.36" "Mozilla/5.0 (iPhone; CPU iPhone OS 13_2_3 like Mac OS X) AppleWebKit/605.1.15 (KHTML, like Gecko) Version/13.0.3 Mobile/15E148 Safari/604.1"
167.114.139.133 - - [25/Mar/2026:19:20:19 +0800] "GET /news/portfolio/%E5%86%B7%E8%BD%A7%E6%9D%BF HTTP/1.1" 200 22188 "-" "Mozilla/5.0 (compatible; AhrefsBot/7.0; +http://ahrefs.com/robot/)"
36.133.115.36 - - [25/Mar/2026:19:34:52 +0800] "POST /wp-cron.php?doing_wp_cron=1774438492.1436419486999511718750 HTTP/1.1" 200 31 "-" "WordPress/6.9; http://cqqizhou.com"
176.65.149.234 - - [25/Mar/2026:19:34:52 +0800] "GET / HTTP/1.1" 200 157185 "-" "Mozilla/1.0"
36.133.115.36 - - [25/Mar/2026:19:49:55 +0800] "POST /wp-cron.php?doing_wp_cron=1774439395.1075251102447509765625 HTTP/1.1" 200 31 "-" "WordPress/6.9; http://cqqizhou.com"
5.61.209.107 - - [25/Mar/2026:19:49:55 +0800] "GET /SDK/webLanguage HTTP/1.1" 301 5 "-" "Mozilla/5.0 (Windows NT 10.0; Win64; x64) AppleWebKit/537.36 (KHTML, like Gecko) Chrome/90.0.4430.85 Safari/537.36 Edg/90.0.818.46"
36.133.115.36 - - [25/Mar/2026:19:59:57 +0800] "POST /wp-cron.php?doing_wp_cron=1774439997.3703479766845703125000 HTTP/1.1" 200 31 "-" "WordPress/6.9; http://cqqizhou.com"
18.61.154.228 - - [25/Mar/2026:19:59:57 +0800] "GET / HTTP/1.1" 301 5 "-" "Go-http-client/1.1"
18.61.154.228 - - [25/Mar/2026:19:59:58 +0800] "GET / HTTP/1.1" 200 35249 "http://36.133.115.36" "Go-http-client/1.1"
36.133.115.36 - - [25/Mar/2026:20:32:36 +0800] "POST /wp-cron.php?doing_wp_cron=1774441956.3644890785217285156250 HTTP/1.1" 200 31 "-" "WordPress/6.9; http://cqqizhou.com"
149.56.150.251 - - [25/Mar/2026:20:32:36 +0800] "GET / HTTP/1.1" 301 5 "-" "Mozilla/5.0 (compatible; Dataprovider.com)"
149.56.150.251 - - [25/Mar/2026:20:32:38 +0800] "GET / HTTP/1.1" 200 158844 "-" "Mozilla/5.0 (compatible; Dataprovider.com)"
149.56.150.251 - - [25/Mar/2026:20:32:40 +0800] "GET /robots.txt HTTP/1.1" 200 390 "-" "Mozilla/5.0 (compatible; Dataprovider.com)"
149.56.150.251 - - [25/Mar/2026:20:32:45 +0800] "GET /wp-sitemap.xml HTTP/1.1" 501 253 "-" "Mozilla/5.0 (compatible; Dataprovider.com)"
149.56.150.251 - - [25/Mar/2026:20:32:46 +0800] "GET /contacts/ HTTP/1.1" 301 5 "-" "Mozilla/5.0 (compatible; Dataprovider.com)"
149.56.150.251 - - [25/Mar/2026:20:32:46 +0800] "GET /contacts HTTP/1.1" 200 77056 "http://cqqizhou.com/contacts/" "Mozilla/5.0 (compatible; Dataprovider.com)"
149.56.150.251 - - [25/Mar/2026:20:32:47 +0800] "GET /logistics HTTP/1.1" 200 108309 "-" "Mozilla/5.0 (compatible; Dataprovider.com)"
149.56.150.251 - - [25/Mar/2026:20:32:51 +0800] "GET /services HTTP/1.1" 200 114017 "-" "Mozilla/5.0 (compatible; Dataprovider.com)"
149.56.150.251 - - [25/Mar/2026:20:32:55 +0800] "GET /about HTTP/1.1" 200 107107 "-" "Mozilla/5.0 (compatible; Dataprovider.com)"
149.56.150.251 - - [25/Mar/2026:20:32:56 +0800] "GET /wp-content/uploads/2025/07/1750649179-qizhou1920x1080_1.webp HTTP/1.1" 200 172154 "-" "Mozilla/5.0 (compatible; Dataprovider.com)"
149.56.150.251 - - [25/Mar/2026:20:32:57 +0800] "GET /wp-content/uploads/2025/07/1750649186-qizhou1920x1080_3.webp HTTP/1.1" 200 134070 "-" "Mozilla/5.0 (compatible; Dataprovider.com)"
149.56.150.251 - - [25/Mar/2026:20:32:58 +0800] "GET /wp-content/uploads/2025/07/1750649183-qizhou1920x1080_2.webp HTTP/1.1" 200 267936 "-" "Mozilla/5.0 (compatible; Dataprovider.com)"
149.56.150.251 - - [25/Mar/2026:20:32:59 +0800] "GET /wp-content/uploads/2025/07/1750649189-qizhou1920x1080_4.webp HTTP/1.1" 200 174962 "-" "Mozilla/5.0 (compatible; Dataprovider.com)"
149.56.150.251 - - [25/Mar/2026:20:33:00 +0800] "GET /wp-content/uploads/2025/07/1750649197-qizhou1920x1080_6.webp HTTP/1.1" 200 150354 "-" "Mozilla/5.0 (compatible; Dataprovider.com)"
149.56.150.251 - - [25/Mar/2026:20:33:02 +0800] "GET / HTTP/1.1" 200 157185 "-" "Mozilla/5.0 (Linux; Android 10; SM-G981B) AppleWebKit/537.36 (KHTML, like Gecko) Chrome/80.0.3987.162 Mobile Safari/537.36"
149.56.150.251 - - [25/Mar/2026:20:33:04 +0800] "GET /ads.txt HTTP/1.1" 200 98843 "-" "Mozilla/5.0 (compatible; Dataprovider.com)"
149.56.150.251 - - [25/Mar/2026:20:33:06 +0800] "GET /security.txt HTTP/1.1" 200 98863 "-" "Mozilla/5.0 (compatible; Dataprovider.com)"
36.133.115.36 - - [25/Mar/2026:20:33:08 +0800] "POST /wp-cron.php?doing_wp_cron=1774441988.4730761051177978515625 HTTP/1.1" 200 31 "-" "WordPress/6.9; http://cqqizhou.com"
149.56.150.251 - - [25/Mar/2026:20:33:08 +0800] "GET /.well-known/security.txt HTTP/1.1" 404 31365 "-" "Mozilla/5.0 (compatible; Dataprovider.com)"
149.56.150.251 - - [25/Mar/2026:20:33:11 +0800] "GET /llms.txt HTTP/1.1" 200 98847 "-" "Mozilla/5.0 (compatible; Dataprovider.com)"
149.56.150.251 - - [25/Mar/2026:20:33:14 +0800] "GET /humans.txt HTTP/1.1" 200 98855 "-" "Mozilla/5.0 (compatible; Dataprovider.com)"
149.56.150.92 - - [25/Mar/2026:20:33:21 +0800] "GET / HTTP/1.1" 301 5 "-" "Mozilla/5.0 (compatible; Dataprovider.com)"
149.56.150.92 - - [25/Mar/2026:20:33:22 +0800] "GET / HTTP/1.1" 200 35249 "-" "Mozilla/5.0 (compatible; Dataprovider.com)"
149.56.150.92 - - [25/Mar/2026:20:33:27 +0800] "GET /wp-content/uploads/2025/07/1751425283-qizhou.kf_.qq_.com_.webp HTTP/1.1" 200 16864 "http://cqqizhou.com/" "Mozilla/5.0 (compatible; Dataprovider.com)"
149.56.150.92 - - [25/Mar/2026:20:33:28 +0800] "GET /wp-content/uploads/2025/07/1750174127-Marketing1920x800_3.webp HTTP/1.1" 200 52790 "http://cqqizhou.com/wp-content/uploads/elementor/css/post-1666.css?ver=1773725585" "Mozilla/5.0 (compatible; Dataprovider.com)"
149.56.150.92 - - [25/Mar/2026:20:33:28 +0800] "GET /wp-content/uploads/2026/03/1773722869-1Article_images_W900px.webp HTTP/1.1" 200 28566 "http://cqqizhou.com/" "Mozilla/5.0 (compatible; Dataprovider.com)"
149.56.150.92 - - [25/Mar/2026:20:33:28 +0800] "GET /wp-content/uploads/2026/03/1772790791-%E5%B0%81%E9%9D%A2%E5%A4%B4%E5%9B%BEArticle_images_W900%C3%97500px2026.webp HTTP/1.1" 200 52968 "http://cqqizhou.com/" "Mozilla/5.0 (compatible; Dataprovider.com)"
149.56.150.92 - - [25/Mar/2026:20:33:28 +0800] "GET /wp-content/uploads/2026/03/1772713922-Article_images_W900px.webp HTTP/1.1" 200 41304 "http://cqqizhou.com/" "Mozilla/5.0 (compatible; Dataprovider.com)"
149.56.150.92 - - [25/Mar/2026:20:33:28 +0800] "GET /wp-content/uploads/2025/07/1753456723-%E5%8F%8C%E7%9B%B8%E9%92%A2roduct_Single600.webp HTTP/1.1" 200 22790 "http://cqqizhou.com/" "Mozilla/5.0 (compatible; Dataprovider.com)"
149.56.150.92 - - [25/Mar/2026:20:33:28 +0800] "GET /wp-content/uploads/2025/07/1753456770-%E7%83%AD%E9%95%80%E9%94%8C%E5%8D%B7product_Single600.webp HTTP/1.1" 200 27502 "http://cqqizhou.com/" "Mozilla/5.0 (compatible; Dataprovider.com)"
149.56.150.92 - - [25/Mar/2026:20:33:29 +0800] "GET /wp-content/uploads/2025/07/1753453127-%E4%BD%99%E5%8D%B7product_Single600%C3%97284.webp HTTP/1.1" 200 18744 "http://cqqizhou.com/" "Mozilla/5.0 (compatible; Dataprovider.com)"
149.56.150.92 - - [25/Mar/2026:20:33:29 +0800] "GET /wp-content/uploads/2025/07/1753453096-%E5%8F%8C%E7%9B%B8%E9%92%A2product_Single600%C3%97284.webp HTTP/1.1" 200 14562 "http://cqqizhou.com/" "Mozilla/5.0 (compatible; Dataprovider.com)"
149.56.150.92 - - [25/Mar/2026:20:33:31 +0800] "GET /wp-content/uploads/2025/12/1765268955-qizhou_Slider1_3840%C3%972160_20251210-scaled.webp HTTP/1.1" 200 152162 "http://cqqizhou.com/" "Mozilla/5.0 (compatible; Dataprovider.com)"
149.56.150.92 - - [25/Mar/2026:20:33:32 +0800] "GET /wp-content/uploads/2026/01/1768276119-qizhoujiagong_Slider_3840%C3%972160_20260113-scaled-50x100.webp HTTP/1.1" 200 976 "http://cqqizhou.com/" "Mozilla/5.0 (compatible; Dataprovider.com)"
149.56.150.92 - - [25/Mar/2026:20:33:32 +0800] "GET /wp-content/uploads/revslider/slider-1/1750861156-logistics_Slider_3840%C3%972160_20250625191356-scaled-50x100.webp HTTP/1.1" 200 1416 "http://cqqizhou.com/" "Mozilla/5.0 (compatible; Dataprovider.com)"
149.56.150.92 - - [25/Mar/2026:20:33:33 +0800] "GET /wp-json/sliderrevolution/sliders/1?srengine=7&slideid=2 HTTP/1.1" 200 2000 "http://cqqizhou.com/" "Mozilla/5.0 (compatible; Dataprovider.com)"
149.56.150.92 - - [25/Mar/2026:20:33:33 +0800] "GET /wp-json/sliderrevolution/sliders/1?srengine=7&slideid=4 HTTP/1.1" 200 2580 "http://cqqizhou.com/" "Mozilla/5.0 (compatible; Dataprovider.com)"
149.56.150.92 - - [25/Mar/2026:20:33:33 +0800] "GET /wp-content/uploads/2026/01/1768276119-qizhoujiagong_Slider_3840%C3%972160_20260113-scaled.webp HTTP/1.1" 200 131696 "http://cqqizhou.com/" "Mozilla/5.0 (compatible; Dataprovider.com)"
149.56.150.92 - - [25/Mar/2026:20:33:34 +0800] "GET /wp-content/uploads/revslider/slider-1/1750861156-logistics_Slider_3840%C3%972160_20250625191356-scaled.webp HTTP/1.1" 200 197360 "http://cqqizhou.com/" "Mozilla/5.0 (compatible; Dataprovider.com)"
149.56.150.92 - - [25/Mar/2026:20:33:35 +0800] "GET /wp-content/uploads/2026/02/1772086672-%E5%BC%80%E5%B7%A5%E5%A4%A7%E5%90%89%E5%B0%81%E9%9D%A2%E5%A4%B4%E5%9B%BEArticle_images_W900%C3%97500px.webp HTTP/1.1" 200 99110 "http://cqqizhou.com/" "Mozilla/5.0 (compatible; Dataprovider.com)"
36.133.115.36 - - [25/Mar/2026:20:38:29 +0800] "POST /wp-cron.php?doing_wp_cron=1774442309.5923819541931152343750 HTTP/1.1" 200 31 "-" "WordPress/6.9; http://cqqizhou.com"
43.165.135.242 - - [25/Mar/2026:20:38:29 +0800] "GET / HTTP/1.1" 200 34809 "-" "Mozilla/5.0 (iPhone; CPU iPhone OS 13_2_3 like Mac OS X) AppleWebKit/605.1.15 (KHTML, like Gecko) Version/13.0.3 Mobile/15E148 Safari/604.1"
36.133.115.36 - - [25/Mar/2026:20:46:39 +0800] "POST /wp-cron.php?doing_wp_cron=1774442799.6141068935394287109375 HTTP/1.1" 200 31 "-" "WordPress/6.9; http://cqqizhou.com"
54.39.0.100 - - [25/Mar/2026:20:46:39 +0800] "GET /2160/ HTTP/1.1" 301 5 "-" "Mozilla/5.0 (compatible; AhrefsBot/7.0; +http://ahrefs.com/robot/)"
36.133.108.121 - - [25/Mar/2026:21:05:10 +0800] "HEAD / HTTP/1.1" 499 0 "-" "Opera/9.80 (X11; Linux i686; U; it) Presto/2.7.62 Version/11.00"
36.133.115.36 - - [25/Mar/2026:21:05:11 +0800] "POST /wp-cron.php?doing_wp_cron=1774443910.9750249385833740234375 HTTP/1.1" 200 31 "-" "WordPress/6.9; http://cqqizhou.com"
36.133.115.36 - - [25/Mar/2026:21:58:16 +0800] "POST /wp-cron.php?doing_wp_cron=1774447096.0698750019073486328125 HTTP/1.1" 200 31 "-" "WordPress/6.9; http://cqqizhou.com"
43.155.195.141 - - [25/Mar/2026:21:58:16 +0800] "GET / HTTP/1.1" 200 34809 "-" "Mozilla/5.0 (iPhone; CPU iPhone OS 13_2_3 like Mac OS X) AppleWebKit/605.1.15 (KHTML, like Gecko) Version/13.0.3 Mobile/15E148 Safari/604.1"
36.133.115.36 - - [25/Mar/2026:22:36:53 +0800] "POST /wp-cron.php?doing_wp_cron=1774449413.3706419467926025390625 HTTP/1.1" 200 31 "-" "WordPress/6.9; http://cqqizhou.com"
148.113.130.42 - - [25/Mar/2026:22:36:53 +0800] "GET /2159/ HTTP/1.1" 301 5 "-" "Mozilla/5.0 (compatible; AhrefsBot/7.0; +http://ahrefs.com/robot/)"
36.133.115.36 - - [25/Mar/2026:22:42:59 +0800] "POST /wp-cron.php?doing_wp_cron=1774449778.9710199832916259765625 HTTP/1.1" 200 31 "-" "WordPress/6.9; http://cqqizhou.com"
13.221.151.82 - - [25/Mar/2026:22:42:59 +0800] "GET / HTTP/1.1" 301 5 "-" "Mozilla/5.0 (Windows NT 10.0; Win64; x64) AppleWebKit/537.36 (KHTML, like Gecko) Chrome/136.0.0.0 Safari/537.36"
36.133.115.36 - - [25/Mar/2026:22:50:03 +0800] "POST /wp-cron.php?doing_wp_cron=1774450203.7414360046386718750000 HTTP/1.1" 200 31 "-" "WordPress/6.9; http://cqqizhou.com"
66.132.195.96 - - [25/Mar/2026:22:50:03 +0800] "GET /security.txt HTTP/1.1" 200 19840 "-" "Mozilla/5.0 (compatible; CensysInspect/1.1; +https://about.censys.io/)"
36.133.115.36 - - [25/Mar/2026:22:50:15 +0800] "POST /wp-cron.php?doing_wp_cron=1774450215.1130340099334716796875 HTTP/1.1" 200 31 "-" "WordPress/6.9; http://cqqizhou.com"
66.132.195.96 - - [25/Mar/2026:22:50:15 +0800] "GET /ljc7v6ej5n2pa HTTP/1.1" 404 8949 "-" "Mozilla/5.0 (compatible; CensysInspect/1.1; +https://about.censys.io/)"
36.133.115.36 - - [25/Mar/2026:23:10:29 +0800] "POST /wp-cron.php?doing_wp_cron=1774451429.8023331165313720703125 HTTP/1.1" 200 31 "-" "WordPress/6.9; http://cqqizhou.com"
74.7.227.0 - - [25/Mar/2026:23:10:29 +0800] "GET /wp-sitemap.xml HTTP/1.1" 501 253 "-" "Mozilla/5.0 AppleWebKit/537.36 (KHTML, like Gecko; compatible; GPTBot/1.3; +https://openai.com/gptbot)"
36.133.115.36 - - [25/Mar/2026:23:58:22 +0800] "POST /wp-cron.php?doing_wp_cron=1774454302.1139059066772460937500 HTTP/1.1" 200 31 "-" "WordPress/6.9; http://cqqizhou.com"
129.226.213.145 - - [25/Mar/2026:23:58:22 +0800] "GET / HTTP/1.1" 301 5 "-" "Mozilla/5.0 (iPhone; CPU iPhone OS 13_2_3 like Mac OS X) AppleWebKit/605.1.15 (KHTML, like Gecko) Version/13.0.3 Mobile/15E148 Safari/604.1"
129.226.213.145 - - [25/Mar/2026:23:58:25 +0800] "GET / HTTP/1.1" 200 34809 "http://36.133.115.36" "Mozilla/5.0 (iPhone; CPU iPhone OS 13_2_3 like Mac OS X) AppleWebKit/605.1.15 (KHTML, like Gecko) Version/13.0.3 Mobile/15E148 Safari/604.1"