HEX
Server: nginx/1.16.1
System: Linux ecs-04358622 4.19.90-2107.6.0.0100.oe1.bclinux.x86_64 #1 SMP Wed Dec 1 19:59:44 CST 2021 x86_64
User: nginx (994)
PHP: 8.0.0
Disabled: NONE
Upload Files
File: //home/logs/cqqizhou_access_2026-03-23.log
36.133.115.36 - - [23/Mar/2026:00:06:08 +0800] "POST /wp-cron.php?doing_wp_cron=1774195568.2637569904327392578125 HTTP/1.1" 200 31 "-" "WordPress/6.9; http://cqqizhou.com"
110.249.201.228 - - [23/Mar/2026:00:06:08 +0800] "GET /robots.txt HTTP/1.1" 200 190 "-" "Mozilla/5.0 (Linux; Android 5.0) AppleWebKit/537.36 (KHTML, like Gecko) Mobile Safari/537.36 (compatible; Bytespider; https://zhanzhang.toutiao.com/)"
36.133.115.36 - - [23/Mar/2026:00:09:30 +0800] "POST /wp-cron.php?doing_wp_cron=1774195770.2822170257568359375000 HTTP/1.1" 200 31 "-" "WordPress/6.9; http://cqqizhou.com"
165.140.158.249 - - [23/Mar/2026:00:09:30 +0800] "GET / HTTP/1.1" 301 5 "-" "Go-http-client/1.1"
165.140.158.249 - - [23/Mar/2026:00:09:31 +0800] "GET / HTTP/1.1" 200 35249 "http://36.133.115.36" "Go-http-client/1.1"
66.249.73.9 - - [23/Mar/2026:00:22:37 +0800] "GET /wp-content/uploads/2025/12/1766064723-Article_images_20251218212625.webp HTTP/1.1" 200 35132 "-" "GoogleOther-Image/1.0"
36.133.115.36 - - [23/Mar/2026:00:47:22 +0800] "POST /wp-cron.php?doing_wp_cron=1774198042.1920249462127685546875 HTTP/1.1" 200 31 "-" "WordPress/6.9; http://cqqizhou.com"
121.41.167.115 - - [23/Mar/2026:00:47:22 +0800] "GET / HTTP/1.1" 301 5 "-" "Mozilla/5.0 (Windows NT 10.0; Win64; x64) AppleWebKit/537.36 (KHTML, like Gecko) Chrome/59.0.3071.115 Safari/537.36"
66.249.73.7 - - [23/Mar/2026:01:00:07 +0800] "GET /wp-content/uploads/2025/09/1756868585-20250903104658_78_5.webp HTTP/1.1" 200 39636 "-" "GoogleOther-Image/1.0"
36.133.115.36 - - [23/Mar/2026:01:12:51 +0800] "POST /wp-cron.php?doing_wp_cron=1774199570.9973840713500976562500 HTTP/1.1" 200 31 "-" "WordPress/6.9; http://cqqizhou.com"
183.162.124.252 - - [23/Mar/2026:01:12:51 +0800] "GET /Ly9jcXFpemhvdS5jb20vd3AtY29udGVudC91cGxvYWRzLzIwMjYvMDEvMTc2ODI4MDI3MC1hbnF1YW5fU2xpZGVyXzM4NDDDlzIxNjBfMjAyNjAxMTQtc2NhbGVkLndlYnA= HTTP/1.1" 404 8948 "-" "Mozilla/5.0 (Windows NT 10.0; WOW64) AppleWebKit/537.36 (KHTML, like Gecko) Chrome/75.0.3770.90"
116.179.32.45 - - [23/Mar/2026:01:13:25 +0800] "GET /news/2354 HTTP/1.1" 200 24492 "-" "Mozilla/5.0 (compatible; Baiduspider/2.0; +http://www.baidu.com/search/spider.html)"
36.133.115.36 - - [23/Mar/2026:01:13:38 +0800] "POST /wp-cron.php?doing_wp_cron=1774199617.9914469718933105468750 HTTP/1.1" 200 31 "-" "WordPress/6.9; http://cqqizhou.com"
220.181.51.120 - - [23/Mar/2026:01:13:38 +0800] "GET /robots.txt HTTP/1.1" 200 190 "-" "Mozilla/5.0 (Windows NT 10.0; WOW64) AppleWebKit/537.36 (KHTML, like Gecko) Chrome/48.0.2564.116 Safari/537.36"
80.87.198.30 - - [23/Mar/2026:01:14:53 +0800] "GET / HTTP/1.1" 200 35249 "-" "Mozilla/5.0 (Windows NT 10.0; Win64; x64) AppleWebKit/537.36 (KHTML, like Gecko) Chrome/120.0.0.0 Safari/537.36"
36.133.115.36 - - [23/Mar/2026:01:15:10 +0800] "POST /wp-cron.php?doing_wp_cron=1774199710.0170230865478515625000 HTTP/1.1" 200 31 "-" "WordPress/6.9; http://cqqizhou.com"
149.86.227.60 - - [23/Mar/2026:01:15:11 +0800] "GET / HTTP/1.1" 200 157185 "-" "Mozilla/5.0"
36.133.115.36 - - [23/Mar/2026:01:16:41 +0800] "POST /wp-cron.php?doing_wp_cron=1774199801.9259529113769531250000 HTTP/1.1" 200 31 "-" "WordPress/6.9; http://cqqizhou.com"
43.157.180.116 - - [23/Mar/2026:01:16:41 +0800] "GET / HTTP/1.1" 200 34810 "-" "Mozilla/5.0 (iPhone; CPU iPhone OS 13_2_3 like Mac OS X) AppleWebKit/605.1.15 (KHTML, like Gecko) Version/13.0.3 Mobile/15E148 Safari/604.1"
36.133.115.36 - - [23/Mar/2026:01:27:46 +0800] "POST /wp-cron.php?doing_wp_cron=1774200466.7113618850708007812500 HTTP/1.1" 200 31 "-" "WordPress/6.9; http://cqqizhou.com"
115.159.33.43 - - [23/Mar/2026:01:27:46 +0800] "GET / HTTP/1.1" 301 5 "-" "Mozilla/5.0 (Windows NT 10.0; Win64; x64) AppleWebKit/537.36 (KHTML, like Gecko) Chrome/79.0.3945.117 Safari/537.36"
36.133.115.36 - - [23/Mar/2026:01:33:41 +0800] "POST /wp-cron.php?doing_wp_cron=1774200821.7699320316314697265625 HTTP/1.1" 200 31 "-" "WordPress/6.9; http://cqqizhou.com"
178.128.82.182 - - [23/Mar/2026:01:33:41 +0800] "GET / HTTP/1.1" 200 157185 "-" "-"
36.133.115.36 - - [23/Mar/2026:01:45:28 +0800] "POST /wp-cron.php?doing_wp_cron=1774201528.7123301029205322265625 HTTP/1.1" 200 31 "-" "WordPress/6.9; http://cqqizhou.com"
43.135.183.82 - - [23/Mar/2026:01:45:28 +0800] "GET / HTTP/1.1" 301 5 "-" "Mozilla/5.0 (iPhone; CPU iPhone OS 13_2_3 like Mac OS X) AppleWebKit/605.1.15 (KHTML, like Gecko) Version/13.0.3 Mobile/15E148 Safari/604.1"
43.135.183.82 - - [23/Mar/2026:01:45:32 +0800] "GET / HTTP/1.1" 200 34810 "http://36.133.115.36" "Mozilla/5.0 (iPhone; CPU iPhone OS 13_2_3 like Mac OS X) AppleWebKit/605.1.15 (KHTML, like Gecko) Version/13.0.3 Mobile/15E148 Safari/604.1"
36.133.115.36 - - [23/Mar/2026:01:46:41 +0800] "POST /wp-cron.php?doing_wp_cron=1774201601.8234329223632812500000 HTTP/1.1" 200 31 "-" "WordPress/6.9; http://cqqizhou.com"
159.223.57.47 - - [23/Mar/2026:01:46:41 +0800] "GET / HTTP/1.1" 200 157185 "-" "-"
36.133.115.36 - - [23/Mar/2026:02:25:26 +0800] "POST /wp-cron.php?doing_wp_cron=1774203926.5679070949554443359375 HTTP/1.1" 200 31 "-" "WordPress/6.9; http://cqqizhou.com"
36.133.108.119 - - [23/Mar/2026:02:25:26 +0800] "HEAD /admin/config?cmd=cat%20/root/.aws/credentials HTTP/1.1" 404 0 "-" "Mozilla/5.0 (Windows NT 6.1) AppleWebKit/537.36 (KHTML, like Gecko) Chrome/27.0.1453.90 Safari/537.36"
36.133.115.36 - - [23/Mar/2026:02:50:35 +0800] "POST /wp-cron.php?doing_wp_cron=1774205435.4680900573730468750000 HTTP/1.1" 200 31 "-" "WordPress/6.9; http://cqqizhou.com"
103.230.15.169 - - [23/Mar/2026:02:50:35 +0800] "GET /index.php?g=user&m=register&a=doregister HTTP/1.1" 301 5 "-" "Mozilla/5.0 (Windows NT 10.0; WOW64; rv:48.0) Gecko/20100101 Firefox/48.0"
178.62.234.127 - - [23/Mar/2026:02:54:39 +0800] "GET / HTTP/1.1" 200 35249 "-" "Mozilla/5.0 (X11; Linux x86_64; rv:142.0) Gecko/20100101 Firefox/142.0"
36.133.115.36 - - [23/Mar/2026:03:00:41 +0800] "POST /wp-cron.php?doing_wp_cron=1774206041.3950169086456298828125 HTTP/1.1" 200 31 "-" "WordPress/6.9; http://cqqizhou.com"
49.7.227.204 - - [23/Mar/2026:03:00:41 +0800] "GET / HTTP/1.1" 200 34810 "-" "Mozilla/5.0 (iPhone; CPU iPhone OS 13_2_3 like Mac OS X) AppleWebKit/605.1.15 (KHTML, like Gecko) Version/13.0.3 Mobile/15E148 Safari/604.1"
36.133.115.36 - - [23/Mar/2026:03:31:44 +0800] "POST /wp-cron.php?doing_wp_cron=1774207904.6530950069427490234375 HTTP/1.1" 200 31 "-" "WordPress/6.9; http://cqqizhou.com"
162.216.150.73 - - [23/Mar/2026:03:31:44 +0800] "GET / HTTP/1.1" 200 34810 "-" "Hello from Palo Alto Networks, find out more about our scans in https://docs-cortex.paloaltonetworks.com/r/1/Cortex-Xpanse/Scanning-activity"
36.133.115.36 - - [23/Mar/2026:03:37:59 +0800] "POST /wp-cron.php?doing_wp_cron=1774208279.1858088970184326171875 HTTP/1.1" 200 31 "-" "WordPress/6.9; http://cqqizhou.com"
183.250.231.65 - - [23/Mar/2026:03:37:59 +0800] "GET /Ly9jcXFpemhvdS5jb20vd3AtY29udGVudC91cGxvYWRzLzIwMjYvMDEvMTc2ODI3NjExOS1xaXpob3VqaWFnb25nX1NsaWRlcl8zODQww5cyMTYwXzIwMjYwMTEzLXNjYWxlZC53ZWJw HTTP/1.1" 404 8949 "-" "Mozilla/5.0 (Windows NT 10.0) AppleWebKit/537.36 (KHTML, like Gecko) Chrome/73.0.3683.68"
64.23.130.230 - - [23/Mar/2026:03:46:05 +0800] "GET / HTTP/1.1" 200 35249 "-" "Mozilla/5.0 (X11; Linux x86_64; rv:142.0) Gecko/20100101 Firefox/142.0"
36.133.115.36 - - [23/Mar/2026:03:57:14 +0800] "POST /wp-cron.php?doing_wp_cron=1774209434.4409999847412109375000 HTTP/1.1" 200 31 "-" "WordPress/6.9; http://cqqizhou.com"
39.154.14.199 - - [23/Mar/2026:03:57:14 +0800] "GET /Ly9jcXFpemhvdS5jb20vd3AtY29udGVudC91cGxvYWRzL3JldnNsaWRlci9zbGlkZXItMS8xNzUwODYxMTU2LWxvZ2lzdGljc19TbGlkZXJfMzg0MMOXMjE2MF8yMDI1MDYyNTE5MTM1Ni1zY2FsZWQud2VicA== HTTP/1.1" 404 8950 "-" "Mozilla/5.0 (Windows NT 10.0) AppleWebKit/537.36 (KHTML, like Gecko) Chrome/81.0.4044.138"
36.133.115.36 - - [23/Mar/2026:04:23:26 +0800] "POST /wp-cron.php?doing_wp_cron=1774211006.7309401035308837890625 HTTP/1.1" 200 31 "-" "WordPress/6.9; http://cqqizhou.com"
112.39.150.219 - - [23/Mar/2026:04:23:26 +0800] "GET /Ly9jcXFpemhvdS5jb20vd3AtY29udGVudC91cGxvYWRzLzIwMjUvMTIvMTc2NTI2ODk1NS1xaXpob3VfU2xpZGVyMV8zODQww5cyMTYwXzIwMjUxMjEwLXNjYWxlZC53ZWJw HTTP/1.1" 404 8949 "-" "Mozilla/5.0 (Windows NT 6.1) AppleWebKit/537.36 (KHTML, like Gecko) Chrome/78.0.3904.70"
36.133.115.36 - - [23/Mar/2026:04:28:15 +0800] "POST /wp-cron.php?doing_wp_cron=1774211295.7906880378723144531250 HTTP/1.1" 200 31 "-" "WordPress/6.9; http://cqqizhou.com"
192.81.210.43 - - [23/Mar/2026:04:28:15 +0800] "GET / HTTP/1.1" 301 5 "-" "Mozilla/5.0 (X11; Linux x86_64) AppleWebKit/537.36 (KHTML, like Gecko) Chrome/142.0.0.0 Safari/537.36"
36.133.115.36 - - [23/Mar/2026:04:36:43 +0800] "POST /wp-cron.php?doing_wp_cron=1774211803.8348400592803955078125 HTTP/1.1" 200 31 "-" "WordPress/6.9; http://cqqizhou.com"
31.57.216.224 - - [23/Mar/2026:04:36:44 +0800] "GET / HTTP/1.1" 200 157185 "-" "Hello World"
36.133.115.36 - - [23/Mar/2026:04:58:27 +0800] "POST /wp-cron.php?doing_wp_cron=1774213106.9984259605407714843750 HTTP/1.1" 200 31 "-" "WordPress/6.9; http://cqqizhou.com"
34.186.238.165 - - [23/Mar/2026:04:58:27 +0800] "HEAD /old/ HTTP/1.1" 404 0 "-" "Mozilla/5.0 (Macintosh; Intel Mac OS X 14_5) AppleWebKit/605.1.15 (KHTML, like Gecko) Version/17.5 Safari/605.1.15"
34.186.238.165 - - [23/Mar/2026:04:58:28 +0800] "HEAD /backup/ HTTP/1.1" 404 0 "-" "Mozilla/5.0 (Linux; Android 14; RMX3842) AppleWebKit/537.36 (KHTML, like Gecko) Chrome/126.0.6478.44 Mobile Safari/537.36"
34.186.238.165 - - [23/Mar/2026:04:58:29 +0800] "HEAD /blog/ HTTP/1.1" 404 0 "-" "Mozilla/5.0 (Macintosh; Intel Mac OS X 13_5) AppleWebKit/605.1.15 (KHTML, like Gecko) Version/16.5 Safari/605.1.15"
34.186.238.165 - - [23/Mar/2026:04:58:30 +0800] "HEAD /wp/ HTTP/1.1" 404 0 "-" "Mozilla/5.0 (Linux; Android 13; Nokia G42 5G) AppleWebKit/537.36 (KHTML, like Gecko) Chrome/126.0.6478.41 Mobile Safari/537.36"
34.186.238.165 - - [23/Mar/2026:04:58:31 +0800] "HEAD /new/ HTTP/1.1" 301 0 "-" "Mozilla/5.0 (Linux; Android 13; Infinix X688B) AppleWebKit/537.36 (KHTML, like Gecko) Chrome/124.0.6367.48 Mobile Safari/537.36"
34.186.238.165 - - [23/Mar/2026:04:58:32 +0800] "HEAD /news HTTP/1.1" 200 0 "http://cqqizhou.com/new/" "Mozilla/5.0 (Linux; Android 13; Infinix X688B) AppleWebKit/537.36 (KHTML, like Gecko) Chrome/124.0.6367.48 Mobile Safari/537.36"
34.186.238.165 - - [23/Mar/2026:04:58:33 +0800] "HEAD /wordpress/ HTTP/1.1" 404 0 "-" "Mozilla/5.0 (Macintosh; Intel Mac OS X 13_5) AppleWebKit/605.1.15 (KHTML, like Gecko) Version/16.5 Safari/605.1.15"
34.186.238.165 - - [23/Mar/2026:04:58:34 +0800] "HEAD / HTTP/1.1" 200 0 "-" "Mozilla/5.0 (Linux; Android 11; moto g31) AppleWebKit/537.36 (KHTML, like Gecko) Chrome/122.0.6261.96 Mobile Safari/537.36"
36.133.115.36 - - [23/Mar/2026:05:02:28 +0800] "POST /wp-cron.php?doing_wp_cron=1774213348.9492828845977783203125 HTTP/1.1" 200 31 "-" "WordPress/6.9; http://cqqizhou.com"
43.157.95.131 - - [23/Mar/2026:05:02:28 +0800] "GET / HTTP/1.1" 200 34810 "-" "Mozilla/5.0 (iPhone; CPU iPhone OS 13_2_3 like Mac OS X) AppleWebKit/605.1.15 (KHTML, like Gecko) Version/13.0.3 Mobile/15E148 Safari/604.1"
219.237.176.163 - - [23/Mar/2026:05:09:36 +0800] "GET / HTTP/1.1" 200 35249 "-" "Mozilla/5.0 (Macintosh; Intel Mac OS X 10_15_7) AppleWebKit/537.36 (KHTML, like Gecko) Chrome/106.0.0.0 Safari/537.36"
36.133.115.36 - - [23/Mar/2026:05:11:06 +0800] "POST /wp-cron.php?doing_wp_cron=1774213866.6868569850921630859375 HTTP/1.1" 200 31 "-" "WordPress/6.9; http://cqqizhou.com"
5.61.209.107 - - [23/Mar/2026:05:11:06 +0800] "GET /SDK/webLanguage HTTP/1.1" 301 5 "-" "Mozilla/5.0 (Windows NT 10.0; Win64; x64) AppleWebKit/537.36 (KHTML, like Gecko) Chrome/90.0.4430.85 Safari/537.36 Edg/90.0.818.46"
36.133.115.36 - - [23/Mar/2026:05:24:31 +0800] "POST /wp-cron.php?doing_wp_cron=1774214671.0131158828735351562500 HTTP/1.1" 200 31 "-" "WordPress/6.9; http://cqqizhou.com"
165.22.253.250 - - [23/Mar/2026:05:24:31 +0800] "GET / HTTP/1.1" 200 157185 "-" "-"
36.133.115.36 - - [23/Mar/2026:05:46:22 +0800] "POST /wp-cron.php?doing_wp_cron=1774215982.8857290744781494140625 HTTP/1.1" 200 31 "-" "WordPress/6.9; http://cqqizhou.com"
192.36.109.125 - - [23/Mar/2026:05:46:22 +0800] "GET / HTTP/1.1" 200 34810 "-" "Mozilla/5.0 (iPhone; CPU iPhone OS 17_3_1 like Mac OS X) AppleWebKit/605.1.15 (KHTML, like Gecko) Version/17.3.1 Mobile/15E148 Safari/604"
192.36.109.108 - - [23/Mar/2026:05:46:24 +0800] "GET /news/portfolio-category/hot-dip-galvanized-coil HTTP/1.1" 200 17850 "-" "Mozilla/5.0 (iPhone; CPU iPhone OS 17_3_1 like Mac OS X) AppleWebKit/605.1.15 (KHTML, like Gecko) Version/17.3.1 Mobile/15E148 Safari/604"
192.36.109.129 - - [23/Mar/2026:05:46:26 +0800] "GET /news/portfolio-category/dual-phase-steel HTTP/1.1" 200 17844 "-" "Mozilla/5.0 (iPhone; CPU iPhone OS 17_3_1 like Mac OS X) AppleWebKit/605.1.15 (KHTML, like Gecko) Version/17.3.1 Mobile/15E148 Safari/604"
36.133.115.36 - - [23/Mar/2026:06:04:46 +0800] "POST /wp-cron.php?doing_wp_cron=1774217086.2346520423889160156250 HTTP/1.1" 200 31 "-" "WordPress/6.9; http://cqqizhou.com"
119.84.246.117 - - [23/Mar/2026:06:04:46 +0800] "GET / HTTP/1.1" 301 5 "-" "Mozilla/5.0 (Windows NT 6.1; WOW64; rv:13.0) Gecko/20100101 Firefox/13.0.1"
119.84.246.117 - - [23/Mar/2026:06:04:46 +0800] "GET / HTTP/1.1" 200 158844 "-" "Mozilla/5.0 (Windows NT 6.1; WOW64; rv:13.0) Gecko/20100101 Firefox/13.0.1"
119.84.246.117 - - [23/Mar/2026:06:04:48 +0800] "GET / HTTP/1.1" 301 5 "-" "Mozilla/5.0 (Windows NT 6.1; WOW64; rv:14.0) Gecko/20100101 Firefox/14.0.1"
119.84.246.117 - - [23/Mar/2026:06:04:48 +0800] "GET / HTTP/1.1" 200 158844 "-" "Mozilla/5.0 (Windows NT 6.1; WOW64; rv:14.0) Gecko/20100101 Firefox/14.0.1"
119.84.246.117 - - [23/Mar/2026:06:04:49 +0800] "GET / HTTP/1.1" 301 5 "-" "Mozilla/5.0 (Windows NT 6.1; WOW64; rv:14.0) Gecko/20100101 Firefox/14.0.1"
119.84.246.117 - - [23/Mar/2026:06:04:49 +0800] "GET / HTTP/1.1" 200 158844 "-" "Mozilla/5.0 (Windows NT 6.1; WOW64; rv:14.0) Gecko/20100101 Firefox/14.0.1"
36.133.115.36 - - [23/Mar/2026:06:08:29 +0800] "POST /wp-cron.php?doing_wp_cron=1774217309.0892748832702636718750 HTTP/1.1" 200 31 "-" "WordPress/6.9; http://cqqizhou.com"
111.225.148.15 - - [23/Mar/2026:06:08:29 +0800] "GET /robots.txt HTTP/1.1" 200 190 "-" "Mozilla/5.0 (Linux; Android 5.0) AppleWebKit/537.36 (KHTML, like Gecko) Mobile Safari/537.36 (compatible; Bytespider; https://zhanzhang.toutiao.com/)"
36.133.115.36 - - [23/Mar/2026:06:39:48 +0800] "POST /wp-cron.php?doing_wp_cron=1774219188.7181620597839355468750 HTTP/1.1" 200 31 "-" "WordPress/6.9; http://cqqizhou.com"
27.21.28.16 - - [23/Mar/2026:06:39:48 +0800] "GET / HTTP/1.1" 301 5 "-" "Mozilla/5.0 (Windows NT 5.2; Win64; x64) AppleWebKit/537.36 (KHTML, like Gecko) Chrome/74.0.3508.88 Safari/537.36"
27.21.28.16 - - [23/Mar/2026:06:39:48 +0800] "GET / HTTP/1.1" 200 35249 "-" "Mozilla/5.0 (Windows NT 5.2; Win64; x64) AppleWebKit/537.36 (KHTML, like Gecko) Chrome/74.0.3508.88 Safari/537.36"
27.21.28.16 - - [23/Mar/2026:06:39:49 +0800] "GET /contacts/ HTTP/1.1" 301 5 "-" "Mozilla/5.0 (Windows NT 8.9; Win64; x64) AppleWebKit/537.36 (KHTML, like Gecko) Chrome/74.0.2153.88 Safari/537.36"
27.21.28.16 - - [23/Mar/2026:06:39:49 +0800] "GET /contacts HTTP/1.1" 200 21638 "-" "Mozilla/5.0 (Windows NT 8.9; Win64; x64) AppleWebKit/537.36 (KHTML, like Gecko) Chrome/74.0.2153.88 Safari/537.36"
27.21.28.16 - - [23/Mar/2026:06:39:50 +0800] "GET /contacts HTTP/1.1" 200 21638 "-" "Mozilla/5.0 (Windows NT 6.2; Win64; x64) AppleWebKit/537.36 (KHTML, like Gecko) Chrome/77.0.2581.88 Safari/537.36"
36.133.115.36 - - [23/Mar/2026:06:41:52 +0800] "POST /wp-cron.php?doing_wp_cron=1774219312.5417110919952392578125 HTTP/1.1" 200 31 "-" "WordPress/6.9; http://cqqizhou.com"
149.86.227.60 - - [23/Mar/2026:06:41:53 +0800] "GET / HTTP/1.1" 200 157185 "-" "Mozilla/5.0"
36.133.115.36 - - [23/Mar/2026:06:54:58 +0800] "POST /wp-cron.php?doing_wp_cron=1774220098.5326709747314453125000 HTTP/1.1" 200 31 "-" "WordPress/6.9; http://cqqizhou.com"
43.135.133.194 - - [23/Mar/2026:06:54:58 +0800] "GET / HTTP/1.1" 301 5 "-" "Mozilla/5.0 (iPhone; CPU iPhone OS 13_2_3 like Mac OS X) AppleWebKit/605.1.15 (KHTML, like Gecko) Version/13.0.3 Mobile/15E148 Safari/604.1"
43.135.133.194 - - [23/Mar/2026:06:55:00 +0800] "GET / HTTP/1.1" 200 34810 "http://36.133.115.36" "Mozilla/5.0 (iPhone; CPU iPhone OS 13_2_3 like Mac OS X) AppleWebKit/605.1.15 (KHTML, like Gecko) Version/13.0.3 Mobile/15E148 Safari/604.1"
36.133.115.36 - - [23/Mar/2026:07:16:39 +0800] "POST /wp-cron.php?doing_wp_cron=1774221399.1145188808441162109375 HTTP/1.1" 200 31 "-" "WordPress/6.9; http://cqqizhou.com"
173.249.38.195 - - [23/Mar/2026:07:16:39 +0800] "GET / HTTP/1.1" 200 34810 "-" "Mozilla/5.0 (Windows NT 10.0; Win64; x64) AppleWebKit/537.36 (KHTML, like Gecko) Chrome/90.0.4430.85 Safari/537.36 Edg/90.0.818.46"
36.133.115.36 - - [23/Mar/2026:07:21:01 +0800] "POST /wp-cron.php?doing_wp_cron=1774221661.4690849781036376953125 HTTP/1.1" 200 31 "-" "WordPress/6.9; http://cqqizhou.com"
13.89.125.25 - - [23/Mar/2026:07:21:01 +0800] "GET /developmentserver/metadatauploader HTTP/1.1" 404 8949 "-" "Mozilla/5.0 zgrab/0.x"
61.155.157.28 - - [23/Mar/2026:07:43:13 +0800] "GET / HTTP/1.1" 200 35249 "-" "Mozilla/5.0 (Windows NT 10.0; Win64; x64) AppleWebKit/537.36 (KHTML, like Gecko) Chrome/100.0.4896.127 Safari/537.36"
61.155.157.28 - - [23/Mar/2026:07:43:16 +0800] "GET /wp-content/uploads/2025/07/1751425283-qizhou.kf_.qq_.com_.webp HTTP/1.1" 200 16864 "http://cqqizhou.com/" "Mozilla/5.0 (Windows NT 10.0; Win64; x64) AppleWebKit/537.36 (KHTML, like Gecko) Chrome/100.0.4896.127 Safari/537.36"
61.155.157.28 - - [23/Mar/2026:07:43:17 +0800] "GET /wp-content/uploads/2025/12/1765268955-qizhou_Slider1_3840%C3%972160_20251210-scaled.webp HTTP/1.1" 200 152162 "http://cqqizhou.com/" "Mozilla/5.0 (Windows NT 10.0; Win64; x64) AppleWebKit/537.36 (KHTML, like Gecko) Chrome/100.0.4896.127 Safari/537.36"
61.155.157.28 - - [23/Mar/2026:07:43:18 +0800] "GET /wp-content/uploads/revslider/slider-1/1750861156-logistics_Slider_3840%C3%972160_20250625191356-scaled-50x100.webp HTTP/1.1" 200 1416 "http://cqqizhou.com/" "Mozilla/5.0 (Windows NT 10.0; Win64; x64) AppleWebKit/537.36 (KHTML, like Gecko) Chrome/100.0.4896.127 Safari/537.36"
61.155.157.28 - - [23/Mar/2026:07:43:18 +0800] "GET /wp-content/uploads/2026/01/1768276119-qizhoujiagong_Slider_3840%C3%972160_20260113-scaled-50x100.webp HTTP/1.1" 200 976 "http://cqqizhou.com/" "Mozilla/5.0 (Windows NT 10.0; Win64; x64) AppleWebKit/537.36 (KHTML, like Gecko) Chrome/100.0.4896.127 Safari/537.36"
61.155.157.28 - - [23/Mar/2026:07:43:18 +0800] "GET /wp-content/uploads/2025/07/1753456723-%E5%8F%8C%E7%9B%B8%E9%92%A2roduct_Single600.webp HTTP/1.1" 200 22790 "http://cqqizhou.com/" "Mozilla/5.0 (Windows NT 10.0; Win64; x64) AppleWebKit/537.36 (KHTML, like Gecko) Chrome/100.0.4896.127 Safari/537.36"
61.155.157.28 - - [23/Mar/2026:07:43:18 +0800] "GET /wp-content/uploads/2025/07/1753456770-%E7%83%AD%E9%95%80%E9%94%8C%E5%8D%B7product_Single600.webp HTTP/1.1" 200 27502 "http://cqqizhou.com/" "Mozilla/5.0 (Windows NT 10.0; Win64; x64) AppleWebKit/537.36 (KHTML, like Gecko) Chrome/100.0.4896.127 Safari/537.36"
61.155.157.28 - - [23/Mar/2026:07:43:18 +0800] "GET /wp-content/uploads/2025/07/1753453096-%E5%8F%8C%E7%9B%B8%E9%92%A2product_Single600%C3%97284.webp HTTP/1.1" 200 14562 "http://cqqizhou.com/" "Mozilla/5.0 (Windows NT 10.0; Win64; x64) AppleWebKit/537.36 (KHTML, like Gecko) Chrome/100.0.4896.127 Safari/537.36"
61.155.157.28 - - [23/Mar/2026:07:43:18 +0800] "GET /wp-content/uploads/2025/07/1753453127-%E4%BD%99%E5%8D%B7product_Single600%C3%97284.webp HTTP/1.1" 200 18744 "http://cqqizhou.com/" "Mozilla/5.0 (Windows NT 10.0; Win64; x64) AppleWebKit/537.36 (KHTML, like Gecko) Chrome/100.0.4896.127 Safari/537.36"
36.133.115.36 - - [23/Mar/2026:07:43:19 +0800] "POST /wp-cron.php?doing_wp_cron=1774222999.3361370563507080078125 HTTP/1.1" 200 31 "-" "WordPress/6.9; http://cqqizhou.com"
61.155.157.28 - - [23/Mar/2026:07:43:19 +0800] "GET /wp-json/sliderrevolution/sliders/1?srengine=7&slideid=2 HTTP/1.1" 200 2000 "http://cqqizhou.com/" "Mozilla/5.0 (Windows NT 10.0; Win64; x64) AppleWebKit/537.36 (KHTML, like Gecko) Chrome/100.0.4896.127 Safari/537.36"
61.155.157.28 - - [23/Mar/2026:07:43:19 +0800] "GET /wp-json/sliderrevolution/sliders/1?srengine=7&slideid=4 HTTP/1.1" 200 2580 "http://cqqizhou.com/" "Mozilla/5.0 (Windows NT 10.0; Win64; x64) AppleWebKit/537.36 (KHTML, like Gecko) Chrome/100.0.4896.127 Safari/537.36"
61.155.157.28 - - [23/Mar/2026:07:43:19 +0800] "GET /wp-content/uploads/2026/01/1768276119-qizhoujiagong_Slider_3840%C3%972160_20260113-scaled.webp HTTP/1.1" 200 131696 "http://cqqizhou.com/" "Mozilla/5.0 (Windows NT 10.0; Win64; x64) AppleWebKit/537.36 (KHTML, like Gecko) Chrome/100.0.4896.127 Safari/537.36"
61.155.157.28 - - [23/Mar/2026:07:43:20 +0800] "GET /wp-content/uploads/revslider/slider-1/1750861156-logistics_Slider_3840%C3%972160_20250625191356-scaled.webp HTTP/1.1" 200 197360 "http://cqqizhou.com/" "Mozilla/5.0 (Windows NT 10.0; Win64; x64) AppleWebKit/537.36 (KHTML, like Gecko) Chrome/100.0.4896.127 Safari/537.36"
61.155.157.28 - - [23/Mar/2026:07:43:27 +0800] "GET /wp-content/uploads/2025/12/1765268955-qizhou_Slider1_3840%C3%972160_20251210-scaled-50x100.webp HTTP/1.1" 200 1812 "http://cqqizhou.com/" "Mozilla/5.0 (Windows NT 10.0; Win64; x64) AppleWebKit/537.36 (KHTML, like Gecko) Chrome/100.0.4896.127 Safari/537.36"
61.155.157.28 - - [23/Mar/2026:07:43:28 +0800] "GET /wp-content/uploads/2025/07/1750174127-Marketing1920x800_3.webp HTTP/1.1" 200 52790 "http://cqqizhou.com/wp-content/uploads/elementor/css/post-1666.css?ver=1773725585" "Mozilla/5.0 (Windows NT 10.0; Win64; x64) AppleWebKit/537.36 (KHTML, like Gecko) Chrome/100.0.4896.127 Safari/537.36"
61.155.157.28 - - [23/Mar/2026:07:43:28 +0800] "GET /wp-content/uploads/2025/07/1751829454-Smart-warehousing800x500.webp HTTP/1.1" 200 79504 "http://cqqizhou.com/wp-content/uploads/elementor/css/post-1666.css?ver=1773725585" "Mozilla/5.0 (Windows NT 10.0; Win64; x64) AppleWebKit/537.36 (KHTML, like Gecko) Chrome/100.0.4896.127 Safari/537.36"
61.155.157.28 - - [23/Mar/2026:07:43:32 +0800] "GET /contacts/ HTTP/1.1" 301 5 "http://cqqizhou.com/" "Mozilla/5.0 (Windows NT 10.0; Win64; x64) AppleWebKit/537.36 (KHTML, like Gecko) Chrome/100.0.4896.127 Safari/537.36"
61.155.157.28 - - [23/Mar/2026:07:43:32 +0800] "GET /contacts HTTP/1.1" 200 21638 "http://cqqizhou.com/" "Mozilla/5.0 (Windows NT 10.0; Win64; x64) AppleWebKit/537.36 (KHTML, like Gecko) Chrome/100.0.4896.127 Safari/537.36"
61.155.157.28 - - [23/Mar/2026:07:43:32 +0800] "GET /wp-content/uploads/2025/11/1762826323-Contacts2000x400_20251111.webp HTTP/1.1" 200 15144 "http://cqqizhou.com/contacts" "Mozilla/5.0 (Windows NT 10.0; Win64; x64) AppleWebKit/537.36 (KHTML, like Gecko) Chrome/100.0.4896.127 Safari/537.36"
61.155.157.28 - - [23/Mar/2026:07:43:32 +0800] "GET /wp-content/uploads/2025/07/1750005875-qizhou_map2025616.webp HTTP/1.1" 200 348798 "http://cqqizhou.com/contacts" "Mozilla/5.0 (Windows NT 10.0; Win64; x64) AppleWebKit/537.36 (KHTML, like Gecko) Chrome/100.0.4896.127 Safari/537.36"
61.155.157.28 - - [23/Mar/2026:07:43:33 +0800] "GET /wp-json/contact-form-7/v1/contact-forms/158/feedback/schema HTTP/1.1" 200 358 "http://cqqizhou.com/contacts" "Mozilla/5.0 (Windows NT 10.0; Win64; x64) AppleWebKit/537.36 (KHTML, like Gecko) Chrome/100.0.4896.127 Safari/537.36"
61.155.157.28 - - [23/Mar/2026:07:43:33 +0800] "GET /wp-json/contact-form-7/v1/contact-forms/158/refill HTTP/1.1" 200 33 "http://cqqizhou.com/contacts" "Mozilla/5.0 (Windows NT 10.0; Win64; x64) AppleWebKit/537.36 (KHTML, like Gecko) Chrome/100.0.4896.127 Safari/537.36"
36.133.115.36 - - [23/Mar/2026:08:04:49 +0800] "POST /wp-cron.php?doing_wp_cron=1774224289.2064459323883056640625 HTTP/1.1" 200 31 "-" "WordPress/6.9; http://cqqizhou.com"
18.97.5.97 - - [23/Mar/2026:08:04:49 +0800] "GET / HTTP/1.1" 301 5 "-" "Mozilla/5.0 (Windows NT 6.2;en-US) AppleWebKit/537.32.36 (KHTML, live Gecko) Chrome/52.0.3087.61 Safari/537.32"
18.97.5.97 - - [23/Mar/2026:08:04:50 +0800] "GET / HTTP/1.1" 200 35249 "-" "Mozilla/5.0 (Windows NT 6.2;en-US) AppleWebKit/537.32.36 (KHTML, live Gecko) Chrome/52.0.3087.61 Safari/537.32"
18.97.5.97 - - [23/Mar/2026:08:04:53 +0800] "GET /feed/ HTTP/1.1" 301 5 "-" "Mozilla/5.0 (Macintosh; Intel Mac OS X 10_15_7) AppleWebKit/537.36 (KHTML, like Gecko) Chrome/124.0.0.0 Safari/537.36"
92.222.108.125 - - [23/Mar/2026:08:05:00 +0800] "GET /process/processing HTTP/1.1" 301 5 "-" "Mozilla/5.0 (compatible; AhrefsBot/7.0; +http://ahrefs.com/robot/)"
107.149.163.141 - - [23/Mar/2026:08:07:53 +0800] "GET / HTTP/1.1" 200 158844 "-" "googlebot"
36.133.115.36 - - [23/Mar/2026:08:11:22 +0800] "POST /wp-cron.php?doing_wp_cron=1774224682.6822350025177001953125 HTTP/1.1" 200 31 "-" "WordPress/6.9; http://cqqizhou.com"
216.244.66.245 - - [23/Mar/2026:08:11:22 +0800] "GET /robots.txt HTTP/1.1" 200 390 "-" "Mozilla/5.0 (compatible; DotBot/1.2; +https://opensiteexplorer.org/dotbot; help@moz.com)"
36.133.115.36 - - [23/Mar/2026:08:12:38 +0800] "POST /wp-cron.php?doing_wp_cron=1774224758.7820971012115478515625 HTTP/1.1" 200 31 "-" "WordPress/6.9; http://cqqizhou.com"
176.65.149.234 - - [23/Mar/2026:08:12:39 +0800] "GET / HTTP/1.1" 200 157185 "-" "Mozilla/1.0"
36.133.115.36 - - [23/Mar/2026:08:17:08 +0800] "POST /wp-cron.php?doing_wp_cron=1774225028.2701120376586914062500 HTTP/1.1" 200 31 "-" "WordPress/6.9; http://cqqizhou.com"
216.244.66.245 - - [23/Mar/2026:08:17:08 +0800] "GET /company-news/page/1 HTTP/1.1" 301 5 "-" "Mozilla/5.0 (compatible; DotBot/1.2; +https://opensiteexplorer.org/dotbot; help@moz.com)"
36.133.115.36 - - [23/Mar/2026:08:18:26 +0800] "POST /wp-cron.php?doing_wp_cron=1774225106.4134318828582763671875 HTTP/1.1" 200 31 "-" "WordPress/6.9; http://cqqizhou.com"
115.52.14.68 - - [23/Mar/2026:08:18:26 +0800] "GET /contacts/ HTTP/1.1" 301 5 "-" "Mozilla/5.0 (Windows NT 10.0; Win64; x64) AppleWebKit/537.36 (KHTML, like Gecko) Chrome/136.0.0.0 Safari/537.36"
115.52.14.68 - - [23/Mar/2026:08:18:26 +0800] "GET http://cqqizhou.com/contacts HTTP/1.1" 200 21638 "-" "Mozilla/5.0 (Windows NT 10.0; Win64; x64) AppleWebKit/537.36 (KHTML, like Gecko) Chrome/136.0.0.0 Safari/537.36"
36.133.115.36 - - [23/Mar/2026:09:13:28 +0800] "POST /wp-cron.php?doing_wp_cron=1774228408.8793780803680419921875 HTTP/1.1" 200 31 "-" "WordPress/6.9; http://cqqizhou.com"
118.72.100.183 - - [23/Mar/2026:09:13:28 +0800] "GET /contacts/ HTTP/1.1" 301 5 "-" "Mozilla/5.0 (Windows NT 10.0; Win64; x64) AppleWebKit/537.36 (KHTML, like Gecko) Chrome/136.0.0.0 Safari/537.36"
118.72.100.183 - - [23/Mar/2026:09:13:29 +0800] "GET http://cqqizhou.com/contacts HTTP/1.1" 200 21638 "-" "Mozilla/5.0 (Windows NT 10.0; Win64; x64) AppleWebKit/537.36 (KHTML, like Gecko) Chrome/136.0.0.0 Safari/537.36"
36.133.115.36 - - [23/Mar/2026:09:38:49 +0800] "POST /wp-cron.php?doing_wp_cron=1774229929.6668350696563720703125 HTTP/1.1" 200 31 "-" "WordPress/6.9; http://cqqizhou.com"
192.144.148.122 - - [23/Mar/2026:09:38:49 +0800] "GET / HTTP/1.1" 301 5 "-" "Mozilla/5.0 (iPhone; CPU iPhone OS 13_2_3 like Mac OS X) AppleWebKit/605.1.15 (KHTML, like Gecko) Version/13.0.3 Mobile/15E148 Safari/604.1"
192.144.148.122 - - [23/Mar/2026:09:38:54 +0800] "GET / HTTP/1.1" 200 34811 "http://www.cqqizhou.com" "Mozilla/5.0 (iPhone; CPU iPhone OS 13_2_3 like Mac OS X) AppleWebKit/605.1.15 (KHTML, like Gecko) Version/13.0.3 Mobile/15E148 Safari/604.1"
36.133.115.36 - - [23/Mar/2026:09:45:08 +0800] "POST /wp-cron.php?doing_wp_cron=1774230308.8792400360107421875000 HTTP/1.1" 200 31 "-" "WordPress/6.9; http://cqqizhou.com"
47.128.31.132 - - [23/Mar/2026:09:45:08 +0800] "GET /robots.txt HTTP/1.1" 200 190 "-" "Mozilla/5.0 (Linux; Android 5.0) AppleWebKit/537.36 (KHTML, like Gecko) Mobile Safari/537.36 (compatible; Bytespider; spider-feedback@bytedance.com)"
66.249.73.7 - - [23/Mar/2026:09:46:40 +0800] "GET /wp-content/uploads/2025/12/1766064723-Article_images_20251218212625.webp HTTP/1.1" 200 35132 "-" "Googlebot-Image/1.0"
36.133.115.36 - - [23/Mar/2026:09:48:12 +0800] "POST /wp-cron.php?doing_wp_cron=1774230492.8572371006011962890625 HTTP/1.1" 200 31 "-" "WordPress/6.9; http://cqqizhou.com"
149.86.227.60 - - [23/Mar/2026:09:48:13 +0800] "GET / HTTP/1.1" 200 157185 "-" "Mozilla/5.0"
66.249.73.9 - - [23/Mar/2026:09:51:39 +0800] "GET /wp-content/uploads/2025/12/1765249046-20251209104228_110_60.webp HTTP/1.1" 200 64834 "-" "GoogleOther-Image/1.0"
36.133.115.36 - - [23/Mar/2026:09:52:24 +0800] "POST /wp-cron.php?doing_wp_cron=1774230744.6080939769744873046875 HTTP/1.1" 200 31 "-" "WordPress/6.9; http://cqqizhou.com"
152.136.153.69 - - [23/Mar/2026:09:52:24 +0800] "GET / HTTP/1.1" 301 5 "-" "Go-http-client/1.1"
152.136.153.69 - - [23/Mar/2026:09:52:24 +0800] "GET / HTTP/1.1" 200 35249 "http://36.133.115.36" "Go-http-client/1.1"
36.133.115.36 - - [23/Mar/2026:10:01:05 +0800] "POST /wp-cron.php?doing_wp_cron=1774231265.5819349288940429687500 HTTP/1.1" 200 31 "-" "WordPress/6.9; http://cqqizhou.com"
43.130.102.223 - - [23/Mar/2026:10:01:05 +0800] "GET / HTTP/1.1" 200 34811 "-" "Mozilla/5.0 (iPhone; CPU iPhone OS 13_2_3 like Mac OS X) AppleWebKit/605.1.15 (KHTML, like Gecko) Version/13.0.3 Mobile/15E148 Safari/604.1"
36.133.115.36 - - [23/Mar/2026:10:16:44 +0800] "POST /wp-cron.php?doing_wp_cron=1774232204.5590050220489501953125 HTTP/1.1" 200 31 "-" "WordPress/6.9; http://cqqizhou.com"
121.41.164.45 - - [23/Mar/2026:10:16:44 +0800] "GET / HTTP/1.0" 301 0 "-" "-"
121.41.164.45 - - [23/Mar/2026:10:16:55 +0800] "GET / HTTP/1.0" 301 0 "-" "-"
121.41.164.45 - - [23/Mar/2026:10:16:55 +0800] "GET /nmaplowercheck1774232206 HTTP/1.1" 404 31365 "-" "Mozilla/5.0 (compatible; Nmap Scripting Engine; https://nmap.org/book/nse.html)"
121.41.164.45 - - [23/Mar/2026:10:16:55 +0800] "POST /sdk HTTP/1.1" 404 31365 "-" "Mozilla/5.0 (compatible; Nmap Scripting Engine; https://nmap.org/book/nse.html)"
121.41.164.45 - - [23/Mar/2026:10:16:56 +0800] "GET /evox/about HTTP/1.1" 404 31365 "-" "Mozilla/5.0 (compatible; Nmap Scripting Engine; https://nmap.org/book/nse.html)"
121.41.164.45 - - [23/Mar/2026:10:16:56 +0800] "GET /HNAP1 HTTP/1.1" 404 31365 "-" "Mozilla/5.0 (compatible; Nmap Scripting Engine; https://nmap.org/book/nse.html)"
36.133.115.36 - - [23/Mar/2026:10:17:15 +0800] "POST /wp-cron.php?doing_wp_cron=1774232235.5868909358978271484375 HTTP/1.1" 200 31 "-" "WordPress/6.9; http://cqqizhou.com"
121.41.164.45 - - [23/Mar/2026:10:17:15 +0800] "GET / HTTP/1.0" 301 0 "-" "-"
121.41.164.45 - - [23/Mar/2026:10:17:16 +0800] "GET / HTTP/1.1" 301 5 "-" "-"
36.133.115.36 - - [23/Mar/2026:10:25:33 +0800] "POST /wp-cron.php?doing_wp_cron=1774232733.1455938816070556640625 HTTP/1.1" 200 31 "-" "WordPress/6.9; http://cqqizhou.com"
43.157.38.131 - - [23/Mar/2026:10:25:33 +0800] "GET / HTTP/1.1" 301 5 "-" "Mozilla/5.0 (iPhone; CPU iPhone OS 13_2_3 like Mac OS X) AppleWebKit/605.1.15 (KHTML, like Gecko) Version/13.0.3 Mobile/15E148 Safari/604.1"
43.157.38.131 - - [23/Mar/2026:10:25:36 +0800] "GET / HTTP/1.1" 200 34811 "http://www.cqqizhou.com" "Mozilla/5.0 (iPhone; CPU iPhone OS 13_2_3 like Mac OS X) AppleWebKit/605.1.15 (KHTML, like Gecko) Version/13.0.3 Mobile/15E148 Safari/604.1"
36.133.115.36 - - [23/Mar/2026:10:26:51 +0800] "POST /wp-cron.php?doing_wp_cron=1774232811.7029759883880615234375 HTTP/1.1" 200 31 "-" "WordPress/6.9; http://cqqizhou.com"
36.255.223.98 - - [23/Mar/2026:10:26:51 +0800] "GET /version HTTP/1.1" 301 5 "-" "-"
36.255.223.98 - - [23/Mar/2026:10:26:53 +0800] "GET / HTTP/1.1" 200 157185 "-" "-"
36.255.223.98 - - [23/Mar/2026:10:26:54 +0800] "GET / HTTP/1.1" 200 157185 "-" "-"
36.255.223.98 - - [23/Mar/2026:10:26:55 +0800] "GET /v1 HTTP/1.1" 301 5 "-" "-"
36.255.223.98 - - [23/Mar/2026:10:26:57 +0800] "GET / HTTP/1.1" 200 157185 "-" "-"
36.255.223.98 - - [23/Mar/2026:10:27:00 +0800] "GET / HTTP/1.1" 200 157185 "-" "Mozilla/5.0 (Windows NT 6.1) AppleWebKit/537.36 (KHTML, like Gecko) Chrome/49.0.2623.112 Safari/537.36"
36.133.115.36 - - [23/Mar/2026:10:28:16 +0800] "POST /wp-cron.php?doing_wp_cron=1774232896.6729669570922851562500 HTTP/1.1" 200 31 "-" "WordPress/6.9; http://cqqizhou.com"
119.84.246.117 - - [23/Mar/2026:10:28:16 +0800] "GET / HTTP/1.1" 301 5 "-" "-"
119.84.246.117 - - [23/Mar/2026:10:28:16 +0800] "GET / HTTP/1.1" 200 158844 "-" "-"
119.84.246.117 - - [23/Mar/2026:10:28:18 +0800] "GET / HTTP/1.1" 301 5 "-" "Mozilla/5.0 (Windows; U; Windows NT 5.2) AppleWebKit/525.13 (KHTML, like Gecko) Version/3.1 Safari/525.13"
119.84.246.117 - - [23/Mar/2026:10:28:20 +0800] "GET / HTTP/1.1" 200 35249 "-" "Mozilla/5.0 (Windows; U; Windows NT 5.2) AppleWebKit/525.13 (KHTML, like Gecko) Version/3.1 Safari/525.13"
119.84.246.117 - - [23/Mar/2026:10:28:20 +0800] "GET /wp-content/uploads/2025/07/1751425283-qizhou.kf_.qq_.com_.webp HTTP/1.1" 200 16864 "http://cqqizhou.com/" "Mozilla/5.0 (Windows; U; Windows NT 5.2) AppleWebKit/525.13 (KHTML, like Gecko) Version/3.1 Safari/525.13"
119.84.246.117 - - [23/Mar/2026:10:28:20 +0800] "GET /wp-content/uploads/2025/07/1753456723-%E5%8F%8C%E7%9B%B8%E9%92%A2roduct_Single600.webp HTTP/1.1" 200 22790 "http://cqqizhou.com/" "Mozilla/5.0 (Windows; U; Windows NT 5.2) AppleWebKit/525.13 (KHTML, like Gecko) Version/3.1 Safari/525.13"
119.84.246.117 - - [23/Mar/2026:10:28:20 +0800] "GET /wp-content/uploads/2025/07/1753453096-%E5%8F%8C%E7%9B%B8%E9%92%A2product_Single600%C3%97284.webp HTTP/1.1" 200 14562 "http://cqqizhou.com/" "Mozilla/5.0 (Windows; U; Windows NT 5.2) AppleWebKit/525.13 (KHTML, like Gecko) Version/3.1 Safari/525.13"
119.84.246.117 - - [23/Mar/2026:10:28:20 +0800] "GET /wp-content/uploads/2025/07/1753456770-%E7%83%AD%E9%95%80%E9%94%8C%E5%8D%B7product_Single600.webp HTTP/1.1" 200 27502 "http://cqqizhou.com/" "Mozilla/5.0 (Windows; U; Windows NT 5.2) AppleWebKit/525.13 (KHTML, like Gecko) Version/3.1 Safari/525.13"
119.84.246.117 - - [23/Mar/2026:10:28:20 +0800] "GET /wp-content/uploads/2025/07/1753453127-%E4%BD%99%E5%8D%B7product_Single600%C3%97284.webp HTTP/1.1" 200 18744 "http://cqqizhou.com/" "Mozilla/5.0 (Windows; U; Windows NT 5.2) AppleWebKit/525.13 (KHTML, like Gecko) Version/3.1 Safari/525.13"
119.84.246.117 - - [23/Mar/2026:10:28:20 +0800] "GET /wp-content/uploads/2026/03/1773722869-1Article_images_W900px.webp HTTP/1.1" 200 28566 "http://cqqizhou.com/" "Mozilla/5.0 (Windows; U; Windows NT 5.2) AppleWebKit/525.13 (KHTML, like Gecko) Version/3.1 Safari/525.13"
119.84.246.117 - - [23/Mar/2026:10:28:21 +0800] "GET /wp-content/uploads/2026/03/1772790791-%E5%B0%81%E9%9D%A2%E5%A4%B4%E5%9B%BEArticle_images_W900%C3%97500px2026.webp HTTP/1.1" 200 52968 "http://cqqizhou.com/" "Mozilla/5.0 (Windows; U; Windows NT 5.2) AppleWebKit/525.13 (KHTML, like Gecko) Version/3.1 Safari/525.13"
119.84.246.117 - - [23/Mar/2026:10:28:21 +0800] "GET /wp-content/uploads/2026/03/1772713922-Article_images_W900px.webp HTTP/1.1" 200 41304 "http://cqqizhou.com/" "Mozilla/5.0 (Windows; U; Windows NT 5.2) AppleWebKit/525.13 (KHTML, like Gecko) Version/3.1 Safari/525.13"
119.84.246.117 - - [23/Mar/2026:10:28:21 +0800] "GET /wp-content/uploads/2025/07/1753454299-Article_images_W900px.webp HTTP/1.1" 200 52418 "http://cqqizhou.com/" "Mozilla/5.0 (Windows; U; Windows NT 5.2) AppleWebKit/525.13 (KHTML, like Gecko) Version/3.1 Safari/525.13"
119.84.246.117 - - [23/Mar/2026:10:28:21 +0800] "GET /wp-content/uploads/2026/02/1772086672-%E5%BC%80%E5%B7%A5%E5%A4%A7%E5%90%89%E5%B0%81%E9%9D%A2%E5%A4%B4%E5%9B%BEArticle_images_W900%C3%97500px.webp HTTP/1.1" 200 99110 "http://cqqizhou.com/" "Mozilla/5.0 (Windows; U; Windows NT 5.2) AppleWebKit/525.13 (KHTML, like Gecko) Version/3.1 Safari/525.13"
36.133.115.36 - - [23/Mar/2026:10:33:27 +0800] "POST /wp-cron.php?doing_wp_cron=1774233207.8165490627288818359375 HTTP/1.1" 200 31 "-" "WordPress/6.9; http://cqqizhou.com"
45.79.207.181 - - [23/Mar/2026:10:33:27 +0800] "GET / HTTP/1.1" 301 5 "-" "Mozilla/5.0 zgrab/0.x"
207.46.13.78 - - [23/Mar/2026:10:56:19 +0800] "GET /services HTTP/1.1" 200 26231 "-" "Mozilla/5.0 AppleWebKit/537.36 (KHTML, like Gecko; compatible; bingbot/2.0; +http://www.bing.com/bingbot.htm) Chrome/116.0.1938.76 Safari/537.36"
14.108.234.47 - - [23/Mar/2026:10:59:42 +0800] "GET / HTTP/1.1" 200 35249 "-" "Mozilla/5.0 (Windows NT 10.0; Win64; x64) AppleWebKit/537.36 (KHTML, like Gecko) Chrome/145.0.0.0 Safari/537.36 Edg/145.0.0.0"
14.108.234.47 - - [23/Mar/2026:10:59:42 +0800] "GET /wp-content/uploads/2025/07/1751425283-qizhou.kf_.qq_.com_.webp HTTP/1.1" 200 16864 "http://cqqizhou.com/" "Mozilla/5.0 (Windows NT 10.0; Win64; x64) AppleWebKit/537.36 (KHTML, like Gecko) Chrome/145.0.0.0 Safari/537.36 Edg/145.0.0.0"
14.108.234.47 - - [23/Mar/2026:10:59:43 +0800] "GET /wp-content/uploads/2025/12/1765268955-qizhou_Slider1_3840%C3%972160_20251210-scaled.webp HTTP/1.1" 200 152162 "http://cqqizhou.com/" "Mozilla/5.0 (Windows NT 10.0; Win64; x64) AppleWebKit/537.36 (KHTML, like Gecko) Chrome/145.0.0.0 Safari/537.36 Edg/145.0.0.0"
14.108.234.47 - - [23/Mar/2026:10:59:43 +0800] "GET /wp-content/uploads/2026/01/1768276119-qizhoujiagong_Slider_3840%C3%972160_20260113-scaled-50x100.webp HTTP/1.1" 200 976 "http://cqqizhou.com/" "Mozilla/5.0 (Windows NT 10.0; Win64; x64) AppleWebKit/537.36 (KHTML, like Gecko) Chrome/145.0.0.0 Safari/537.36 Edg/145.0.0.0"
14.108.234.47 - - [23/Mar/2026:10:59:43 +0800] "GET /wp-content/uploads/revslider/slider-1/1750861156-logistics_Slider_3840%C3%972160_20250625191356-scaled-50x100.webp HTTP/1.1" 200 1416 "http://cqqizhou.com/" "Mozilla/5.0 (Windows NT 10.0; Win64; x64) AppleWebKit/537.36 (KHTML, like Gecko) Chrome/145.0.0.0 Safari/537.36 Edg/145.0.0.0"
14.108.234.47 - - [23/Mar/2026:10:59:43 +0800] "GET /wp-content/uploads/2025/07/1753456723-%E5%8F%8C%E7%9B%B8%E9%92%A2roduct_Single600.webp HTTP/1.1" 200 22790 "http://cqqizhou.com/" "Mozilla/5.0 (Windows NT 10.0; Win64; x64) AppleWebKit/537.36 (KHTML, like Gecko) Chrome/145.0.0.0 Safari/537.36 Edg/145.0.0.0"
14.108.234.47 - - [23/Mar/2026:10:59:43 +0800] "GET /wp-content/uploads/2025/07/1753453096-%E5%8F%8C%E7%9B%B8%E9%92%A2product_Single600%C3%97284.webp HTTP/1.1" 200 14562 "http://cqqizhou.com/" "Mozilla/5.0 (Windows NT 10.0; Win64; x64) AppleWebKit/537.36 (KHTML, like Gecko) Chrome/145.0.0.0 Safari/537.36 Edg/145.0.0.0"
14.108.234.47 - - [23/Mar/2026:10:59:43 +0800] "GET /wp-content/uploads/2025/07/1753453127-%E4%BD%99%E5%8D%B7product_Single600%C3%97284.webp HTTP/1.1" 200 18744 "http://cqqizhou.com/" "Mozilla/5.0 (Windows NT 10.0; Win64; x64) AppleWebKit/537.36 (KHTML, like Gecko) Chrome/145.0.0.0 Safari/537.36 Edg/145.0.0.0"
14.108.234.47 - - [23/Mar/2026:10:59:43 +0800] "GET /wp-content/uploads/2025/07/1753456770-%E7%83%AD%E9%95%80%E9%94%8C%E5%8D%B7product_Single600.webp HTTP/1.1" 200 27502 "http://cqqizhou.com/" "Mozilla/5.0 (Windows NT 10.0; Win64; x64) AppleWebKit/537.36 (KHTML, like Gecko) Chrome/145.0.0.0 Safari/537.36 Edg/145.0.0.0"
36.133.115.36 - - [23/Mar/2026:10:59:44 +0800] "POST /wp-cron.php?doing_wp_cron=1774234784.7507419586181640625000 HTTP/1.1" 200 31 "-" "WordPress/6.9; http://cqqizhou.com"
14.108.234.47 - - [23/Mar/2026:10:59:44 +0800] "GET /wp-json/sliderrevolution/sliders/1?srengine=7&slideid=2 HTTP/1.1" 200 2000 "http://cqqizhou.com/" "Mozilla/5.0 (Windows NT 10.0; Win64; x64) AppleWebKit/537.36 (KHTML, like Gecko) Chrome/145.0.0.0 Safari/537.36 Edg/145.0.0.0"
14.108.234.47 - - [23/Mar/2026:10:59:44 +0800] "GET /wp-json/sliderrevolution/sliders/1?srengine=7&slideid=4 HTTP/1.1" 200 2580 "http://cqqizhou.com/" "Mozilla/5.0 (Windows NT 10.0; Win64; x64) AppleWebKit/537.36 (KHTML, like Gecko) Chrome/145.0.0.0 Safari/537.36 Edg/145.0.0.0"
14.108.234.47 - - [23/Mar/2026:10:59:44 +0800] "GET /wp-content/uploads/revslider/slider-1/1750861156-logistics_Slider_3840%C3%972160_20250625191356-scaled.webp HTTP/1.1" 200 197360 "http://cqqizhou.com/" "Mozilla/5.0 (Windows NT 10.0; Win64; x64) AppleWebKit/537.36 (KHTML, like Gecko) Chrome/145.0.0.0 Safari/537.36 Edg/145.0.0.0"
14.108.234.47 - - [23/Mar/2026:10:59:44 +0800] "GET /wp-content/uploads/2026/01/1768276119-qizhoujiagong_Slider_3840%C3%972160_20260113-scaled.webp HTTP/1.1" 200 131696 "http://cqqizhou.com/" "Mozilla/5.0 (Windows NT 10.0; Win64; x64) AppleWebKit/537.36 (KHTML, like Gecko) Chrome/145.0.0.0 Safari/537.36 Edg/145.0.0.0"
14.108.234.47 - - [23/Mar/2026:10:59:44 +0800] "GET /wp-content/uploads/2025/12/1765268955-qizhou_Slider1_3840%C3%972160_20251210-scaled-50x100.webp HTTP/1.1" 200 1812 "http://cqqizhou.com/" "Mozilla/5.0 (Windows NT 10.0; Win64; x64) AppleWebKit/537.36 (KHTML, like Gecko) Chrome/145.0.0.0 Safari/537.36 Edg/145.0.0.0"
66.249.73.8 - - [23/Mar/2026:11:01:41 +0800] "GET /wp-content/uploads/2025/12/1765248735-20251209104226_108_60.webp HTTP/1.1" 200 55962 "-" "GoogleOther-Image/1.0"
36.133.115.36 - - [23/Mar/2026:11:08:49 +0800] "POST /wp-cron.php?doing_wp_cron=1774235329.0515449047088623046875 HTTP/1.1" 200 31 "-" "WordPress/6.9; http://cqqizhou.com"
223.108.79.102 - - [23/Mar/2026:11:08:49 +0800] "GET / HTTP/1.1" 301 5 "-" "Mozilla/5.0 (Linux; Android 10; MI 9 Build/QKQ1.190825.002; wv) AppleWebKit/537.36 (KHTML, like Gecko) Version/4.0 Chrome/86.0.4240.198 Mobile Safari/537.36 MMWEBID/1234 MicroMessenger/8.0.1.1841(0x2800015D) WeChat/arm64"
223.108.79.102 - - [23/Mar/2026:11:08:50 +0800] "GET / HTTP/1.1" 200 34811 "-" "Mozilla/5.0 (Linux; Android 10; MI 9 Build/QKQ1.190825.002; wv) AppleWebKit/537.36 (KHTML, like Gecko) Version/4.0 Chrome/86.0.4240.198 Mobile Safari/537.36 MMWEBID/1234 MicroMessenger/8.0.1.1841(0x2800015D) WeChat/arm64"
223.108.79.102 - - [23/Mar/2026:11:08:51 +0800] "GET / HTTP/1.1" 301 5 "http://servicewechat.com/" "Mozilla/5.0 (Linux; Android 13; 23049RAD8C Build/TKQ1.221114.001) AppleWebKit/537.36 (KHTML, like Gecko) Version/4.0 Chrome/115.0.0.0 Mobile Safari/537.36 MicroMessenger/8.0.45"
223.108.79.102 - - [23/Mar/2026:11:08:53 +0800] "GET / HTTP/1.1" 200 34811 "http://servicewechat.com/" "Mozilla/5.0 (Linux; Android 13; 23049RAD8C Build/TKQ1.221114.001) AppleWebKit/537.36 (KHTML, like Gecko) Version/4.0 Chrome/115.0.0.0 Mobile Safari/537.36 MicroMessenger/8.0.45"
223.108.79.102 - - [23/Mar/2026:11:08:53 +0800] "GET /wp-content/uploads/2025/07/1751425283-qizhou.kf_.qq_.com_.webp HTTP/1.1" 200 16864 "http://servicewechat.com/" "Mozilla/5.0 (Linux; Android 13; 23049RAD8C Build/TKQ1.221114.001) AppleWebKit/537.36 (KHTML, like Gecko) Version/4.0 Chrome/115.0.0.0 Mobile Safari/537.36 MicroMessenger/8.0.45"
223.108.79.102 - - [23/Mar/2026:11:08:54 +0800] "GET /wp-content/uploads/2025/12/1765268955-qizhou_Slider1_3840%C3%972160_20251210-scaled.webp HTTP/1.1" 200 152162 "http://servicewechat.com/" "Mozilla/5.0 (Linux; Android 13; 23049RAD8C Build/TKQ1.221114.001) AppleWebKit/537.36 (KHTML, like Gecko) Version/4.0 Chrome/115.0.0.0 Mobile Safari/537.36 MicroMessenger/8.0.45"
223.108.79.102 - - [23/Mar/2026:11:08:54 +0800] "GET /wp-content/uploads/2025/07/1753453096-%E5%8F%8C%E7%9B%B8%E9%92%A2product_Single600%C3%97284.webp HTTP/1.1" 200 14562 "http://servicewechat.com/" "Mozilla/5.0 (Linux; Android 13; 23049RAD8C Build/TKQ1.221114.001) AppleWebKit/537.36 (KHTML, like Gecko) Version/4.0 Chrome/115.0.0.0 Mobile Safari/537.36 MicroMessenger/8.0.45"
223.108.79.102 - - [23/Mar/2026:11:08:54 +0800] "GET /wp-content/uploads/2025/07/1753453127-%E4%BD%99%E5%8D%B7product_Single600%C3%97284.webp HTTP/1.1" 200 18744 "http://servicewechat.com/" "Mozilla/5.0 (Linux; Android 13; 23049RAD8C Build/TKQ1.221114.001) AppleWebKit/537.36 (KHTML, like Gecko) Version/4.0 Chrome/115.0.0.0 Mobile Safari/537.36 MicroMessenger/8.0.45"
223.108.79.102 - - [23/Mar/2026:11:08:54 +0800] "GET /wp-content/uploads/2025/07/1753456770-%E7%83%AD%E9%95%80%E9%94%8C%E5%8D%B7product_Single600.webp HTTP/1.1" 200 27502 "http://servicewechat.com/" "Mozilla/5.0 (Linux; Android 13; 23049RAD8C Build/TKQ1.221114.001) AppleWebKit/537.36 (KHTML, like Gecko) Version/4.0 Chrome/115.0.0.0 Mobile Safari/537.36 MicroMessenger/8.0.45"
223.108.79.102 - - [23/Mar/2026:11:08:54 +0800] "GET /wp-content/uploads/revslider/slider-1/1750861156-logistics_Slider_3840%C3%972160_20250625191356-scaled-50x100.webp HTTP/1.1" 200 1416 "http://servicewechat.com/" "Mozilla/5.0 (Linux; Android 13; 23049RAD8C Build/TKQ1.221114.001) AppleWebKit/537.36 (KHTML, like Gecko) Version/4.0 Chrome/115.0.0.0 Mobile Safari/537.36 MicroMessenger/8.0.45"
223.108.79.102 - - [23/Mar/2026:11:08:54 +0800] "GET /wp-content/uploads/2025/07/1753456723-%E5%8F%8C%E7%9B%B8%E9%92%A2roduct_Single600.webp HTTP/1.1" 200 22790 "http://servicewechat.com/" "Mozilla/5.0 (Linux; Android 13; 23049RAD8C Build/TKQ1.221114.001) AppleWebKit/537.36 (KHTML, like Gecko) Version/4.0 Chrome/115.0.0.0 Mobile Safari/537.36 MicroMessenger/8.0.45"
223.108.79.102 - - [23/Mar/2026:11:08:54 +0800] "GET /wp-content/uploads/2026/01/1768276119-qizhoujiagong_Slider_3840%C3%972160_20260113-scaled-50x100.webp HTTP/1.1" 200 976 "http://servicewechat.com/" "Mozilla/5.0 (Linux; Android 13; 23049RAD8C Build/TKQ1.221114.001) AppleWebKit/537.36 (KHTML, like Gecko) Version/4.0 Chrome/115.0.0.0 Mobile Safari/537.36 MicroMessenger/8.0.45"
223.108.79.102 - - [23/Mar/2026:11:08:55 +0800] "GET /wp-json/sliderrevolution/sliders/1?srengine=7&slideid=2 HTTP/1.1" 200 2000 "http://servicewechat.com/" "Mozilla/5.0 (Linux; Android 13; 23049RAD8C Build/TKQ1.221114.001) AppleWebKit/537.36 (KHTML, like Gecko) Version/4.0 Chrome/115.0.0.0 Mobile Safari/537.36 MicroMessenger/8.0.45"
223.108.79.102 - - [23/Mar/2026:11:08:55 +0800] "GET /wp-json/sliderrevolution/sliders/1?srengine=7&slideid=4 HTTP/1.1" 200 2580 "http://servicewechat.com/" "Mozilla/5.0 (Linux; Android 13; 23049RAD8C Build/TKQ1.221114.001) AppleWebKit/537.36 (KHTML, like Gecko) Version/4.0 Chrome/115.0.0.0 Mobile Safari/537.36 MicroMessenger/8.0.45"
223.108.79.102 - - [23/Mar/2026:11:08:55 +0800] "GET /wp-content/uploads/revslider/slider-1/1750861156-logistics_Slider_3840%C3%972160_20250625191356-scaled.webp HTTP/1.1" 200 197360 "http://servicewechat.com/" "Mozilla/5.0 (Linux; Android 13; 23049RAD8C Build/TKQ1.221114.001) AppleWebKit/537.36 (KHTML, like Gecko) Version/4.0 Chrome/115.0.0.0 Mobile Safari/537.36 MicroMessenger/8.0.45"
223.108.79.102 - - [23/Mar/2026:11:08:55 +0800] "GET /wp-content/uploads/2026/01/1768276119-qizhoujiagong_Slider_3840%C3%972160_20260113-scaled.webp HTTP/1.1" 200 131696 "http://servicewechat.com/" "Mozilla/5.0 (Linux; Android 13; 23049RAD8C Build/TKQ1.221114.001) AppleWebKit/537.36 (KHTML, like Gecko) Version/4.0 Chrome/115.0.0.0 Mobile Safari/537.36 MicroMessenger/8.0.45"
221.178.143.70 - - [23/Mar/2026:11:15:37 +0800] "GET / HTTP/1.1" 200 35249 "-" "Mozilla/5.0 (Macintosh; Intel Mac OS X 10_11) AppleWebKit/601.1.27 (KHTML, like Gecko) Chrome/47.0.2526.106 Safari/601.1.27"
36.133.115.36 - - [23/Mar/2026:11:15:45 +0800] "POST /wp-cron.php?doing_wp_cron=1774235745.5629251003265380859375 HTTP/1.1" 200 31 "-" "WordPress/6.9; http://cqqizhou.com"
221.178.143.70 - - [23/Mar/2026:11:15:45 +0800] "GET / HTTP/1.1" 301 5 "-" "Dalvik/2.1.0 (Linux; U; Android 9.0; ZTE BA520 Build/MRA58K)"
221.178.143.70 - - [23/Mar/2026:11:15:45 +0800] "GET / HTTP/1.1" 200 34811 "-" "Dalvik/2.1.0 (Linux; U; Android 9.0; ZTE BA520 Build/MRA58K)"
221.178.143.70 - - [23/Mar/2026:11:15:46 +0800] "GET / HTTP/1.1" 200 34811 "-" "Dalvik/2.1.0 (Linux; U; Android 9.0; ZTE BA520 Build/MRA58K)"
221.178.143.70 - - [23/Mar/2026:11:15:48 +0800] "GET / HTTP/1.1" 301 5 "-" "Mozilla/5.0 (Macintosh; Intel Mac OS X 10_11) AppleWebKit/601.1.27 (KHTML, like Gecko) Chrome/47.0.2526.106 Safari/601.1.27"
221.178.143.70 - - [23/Mar/2026:11:15:48 +0800] "GET / HTTP/1.1" 200 35249 "-" "Mozilla/5.0 (Macintosh; Intel Mac OS X 10_11) AppleWebKit/601.1.27 (KHTML, like Gecko) Chrome/47.0.2526.106 Safari/601.1.27"
36.133.115.36 - - [23/Mar/2026:11:17:32 +0800] "POST /wp-cron.php?doing_wp_cron=1774235852.3772959709167480468750 HTTP/1.1" 200 31 "-" "WordPress/6.9; http://cqqizhou.com"
221.178.143.70 - - [23/Mar/2026:11:17:32 +0800] "GET / HTTP/1.1" 301 5 "-" "Mozilla/5.0 (Windows; U; Windows NT 5.1; fr-FR; rv:1.7.6) Gecko/20050226 Firefox/1.0.1"
36.133.115.36 - - [23/Mar/2026:11:25:34 +0800] "POST /wp-cron.php?doing_wp_cron=1774236334.8535609245300292968750 HTTP/1.1" 200 31 "-" "WordPress/6.9; http://cqqizhou.com"
20.169.81.155 - - [23/Mar/2026:11:25:34 +0800] "GET / HTTP/1.1" 301 5 "-" "Mozilla/5.0 zgrab/0.x"
36.133.115.36 - - [23/Mar/2026:11:33:35 +0800] "POST /wp-cron.php?doing_wp_cron=1774236815.2230329513549804687500 HTTP/1.1" 200 31 "-" "WordPress/6.9; http://cqqizhou.com"
45.33.14.5 - - [23/Mar/2026:11:33:35 +0800] "GET / HTTP/1.1" 301 5 "-" "Mozilla/5.0 zgrab/0.x"
36.133.115.36 - - [23/Mar/2026:11:39:09 +0800] "POST /wp-cron.php?doing_wp_cron=1774237149.7429819107055664062500 HTTP/1.1" 200 31 "-" "WordPress/6.9; http://cqqizhou.com"
68.183.238.42 - - [23/Mar/2026:11:39:09 +0800] "GET / HTTP/1.1" 200 157185 "-" "-"
66.249.73.9 - - [23/Mar/2026:11:51:40 +0800] "GET /wp-content/uploads/2025/12/1765248770-20251209104226_107_60.webp HTTP/1.1" 200 66916 "-" "GoogleOther-Image/1.0"
36.133.115.36 - - [23/Mar/2026:12:01:43 +0800] "POST /wp-cron.php?doing_wp_cron=1774238503.5231640338897705078125 HTTP/1.1" 200 31 "-" "WordPress/6.9; http://cqqizhou.com"
36.133.108.121 - - [23/Mar/2026:12:01:43 +0800] "HEAD /cmw2lh8uadfp HTTP/1.1" 404 0 "-" "Mozilla/5.0 (X11; Linux x86_64) AppleWebKit/537.36 (KHTML, like Gecko) Chrome/34.0.1847.137 Safari/4E423F"
36.133.115.36 - - [23/Mar/2026:12:02:28 +0800] "POST /wp-cron.php?doing_wp_cron=1774238547.9867720603942871093750 HTTP/1.1" 200 31 "-" "WordPress/6.9; http://cqqizhou.com"
5.61.209.107 - - [23/Mar/2026:12:02:28 +0800] "GET /SDK/webLanguage HTTP/1.1" 301 5 "-" "Mozilla/5.0 (Windows NT 10.0; Win64; x64) AppleWebKit/537.36 (KHTML, like Gecko) Chrome/90.0.4430.85 Safari/537.36 Edg/90.0.818.46"
