File: //home/logs/cqqizhou_access_2026-03-22.log
36.133.115.36 - - [22/Mar/2026:00:08:27 +0800] "POST /wp-cron.php?doing_wp_cron=1774109307.3913869857788085937500 HTTP/1.1" 200 31 "-" "WordPress/6.9; http://cqqizhou.com"
36.133.108.121 - - [22/Mar/2026:00:08:27 +0800] "HEAD /stg/.env HTTP/1.1" 404 0 "-" "Opera/9.80 (Windows NT 6.1; U; zh-tw) Presto/2.7.62 Version/11.01"
36.133.115.36 - - [22/Mar/2026:00:16:07 +0800] "POST /wp-cron.php?doing_wp_cron=1774109767.0021309852600097656250 HTTP/1.1" 200 31 "-" "WordPress/6.9; http://cqqizhou.com"
36.133.24.244 - - [22/Mar/2026:00:16:07 +0800] "GET /news/page/3 HTTP/1.1" 200 19777 "-" "Mozilla/5.0 (Linux; Android 10; SM-G981B) AppleWebKit/537.36 (KHTML, like Gecko) Chrome/80.0.3987.162 Mobile Safari/537.36"
213.209.159.185 - - [22/Mar/2026:00:23:36 +0800] "GET /txets.php HTTP/1.1" 404 47 "-" "Mozilla/5.0 (Windows NT 10.0; Win64; x64) AppleWebKit/537.36 (KHTML, like Gecko) Chrome/131.0.0.0 Safari/537.36"
213.209.159.185 - - [22/Mar/2026:00:23:36 +0800] "GET /wp-content/txets.php HTTP/1.1" 404 47 "-" "Mozilla/5.0 (Windows NT 10.0; Win64; x64) AppleWebKit/537.36 (KHTML, like Gecko) Chrome/131.0.0.0 Safari/537.36"
87.121.84.71 - - [22/Mar/2026:00:26:35 +0800] "GET /admin/jQuery-File-Upload/server/php/index.php?file=tf2rghf.jpg HTTP/1.1" 404 27 "-" "ALittle Client"
119.178.166.116 - - [22/Mar/2026:00:43:13 +0800] "GET / HTTP/1.1" 200 35249 "-" "Mozilla/5.0 (Windows NT 10.0; Win64; x64) AppleWebKit/537.36 (KHTML, like Gecko) Chrome/136.0.0.0 Safari/537.36"
36.133.115.36 - - [22/Mar/2026:00:43:14 +0800] "POST /wp-cron.php?doing_wp_cron=1774111394.4413580894470214843750 HTTP/1.1" 200 31 "-" "WordPress/6.9; http://cqqizhou.com"
123.170.35.87 - - [22/Mar/2026:00:43:14 +0800] "GET / HTTP/1.1" 301 5 "-" "Mozilla/5.0 (Windows NT 10.0; Win64; x64) AppleWebKit/537.36 (KHTML, like Gecko) Chrome/136.0.0.0 Safari/537.36"
123.170.35.87 - - [22/Mar/2026:00:43:14 +0800] "GET http://cqqizhou.com/ HTTP/1.1" 200 35249 "-" "Mozilla/5.0 (Windows NT 10.0; Win64; x64) AppleWebKit/537.36 (KHTML, like Gecko) Chrome/136.0.0.0 Safari/537.36"
119.178.166.116 - - [22/Mar/2026:00:43:14 +0800] "GET /contacts HTTP/1.1" 200 21638 "http://cqqizhou.com" "Mozilla/5.0 (Windows NT 10.0; Win64; x64) AppleWebKit/537.36 (KHTML, like Gecko) Chrome/136.0.0.0 Safari/537.36"
119.178.166.116 - - [22/Mar/2026:00:43:14 +0800] "GET / HTTP/1.1" 200 35249 "http://cqqizhou.com" "Mozilla/5.0 (Windows NT 10.0; Win64; x64) AppleWebKit/537.36 (KHTML, like Gecko) Chrome/136.0.0.0 Safari/537.36"
119.178.166.116 - - [22/Mar/2026:00:43:15 +0800] "GET /contacts HTTP/1.1" 200 21638 "http://cqqizhou.com/contacts" "Mozilla/5.0 (Windows NT 10.0; Win64; x64) AppleWebKit/537.36 (KHTML, like Gecko) Chrome/136.0.0.0 Safari/537.36"
119.178.166.116 - - [22/Mar/2026:00:43:15 +0800] "GET /contacts/ HTTP/1.1" 301 5 "http://cqqizhou.com" "Mozilla/5.0 (Windows NT 10.0; Win64; x64) AppleWebKit/537.36 (KHTML, like Gecko) Chrome/136.0.0.0 Safari/537.36"
119.178.166.116 - - [22/Mar/2026:00:43:15 +0800] "GET http://cqqizhou.com/contacts HTTP/1.1" 200 21638 "http://cqqizhou.com" "Mozilla/5.0 (Windows NT 10.0; Win64; x64) AppleWebKit/537.36 (KHTML, like Gecko) Chrome/136.0.0.0 Safari/537.36"
123.170.35.87 - - [22/Mar/2026:00:43:16 +0800] "GET /contacts HTTP/1.1" 200 21638 "http://www.cqqizhou.com" "Mozilla/5.0 (Windows NT 10.0; Win64; x64) AppleWebKit/537.36 (KHTML, like Gecko) Chrome/136.0.0.0 Safari/537.36"
123.170.35.87 - - [22/Mar/2026:00:43:16 +0800] "GET / HTTP/1.1" 301 5 "http://www.cqqizhou.com" "Mozilla/5.0 (Windows NT 10.0; Win64; x64) AppleWebKit/537.36 (KHTML, like Gecko) Chrome/136.0.0.0 Safari/537.36"
123.170.35.87 - - [22/Mar/2026:00:43:16 +0800] "GET /contacts HTTP/1.1" 200 21638 "http://cqqizhou.com/contacts" "Mozilla/5.0 (Windows NT 10.0; Win64; x64) AppleWebKit/537.36 (KHTML, like Gecko) Chrome/136.0.0.0 Safari/537.36"
123.170.35.87 - - [22/Mar/2026:00:43:16 +0800] "GET http://cqqizhou.com/ HTTP/1.1" 200 35249 "http://www.cqqizhou.com" "Mozilla/5.0 (Windows NT 10.0; Win64; x64) AppleWebKit/537.36 (KHTML, like Gecko) Chrome/136.0.0.0 Safari/537.36"
119.178.166.116 - - [22/Mar/2026:00:43:16 +0800] "GET /contacts HTTP/1.1" 200 21638 "http://cqqizhou.com/contacts/" "Mozilla/5.0 (Windows NT 10.0; Win64; x64) AppleWebKit/537.36 (KHTML, like Gecko) Chrome/136.0.0.0 Safari/537.36"
123.170.35.87 - - [22/Mar/2026:00:43:16 +0800] "GET /contacts/ HTTP/1.1" 301 5 "http://www.cqqizhou.com" "Mozilla/5.0 (Windows NT 10.0; Win64; x64) AppleWebKit/537.36 (KHTML, like Gecko) Chrome/136.0.0.0 Safari/537.36"
123.170.35.87 - - [22/Mar/2026:00:43:16 +0800] "GET http://cqqizhou.com/contacts HTTP/1.1" 200 21638 "http://www.cqqizhou.com" "Mozilla/5.0 (Windows NT 10.0; Win64; x64) AppleWebKit/537.36 (KHTML, like Gecko) Chrome/136.0.0.0 Safari/537.36"
119.178.166.116 - - [22/Mar/2026:00:43:17 +0800] "GET /contacts/ HTTP/1.1" 301 5 "http://cqqizhou.com/contacts/" "Mozilla/5.0 (Windows NT 10.0; Win64; x64) AppleWebKit/537.36 (KHTML, like Gecko) Chrome/136.0.0.0 Safari/537.36"
119.178.166.116 - - [22/Mar/2026:00:43:17 +0800] "GET http://cqqizhou.com/contacts HTTP/1.1" 200 21638 "http://cqqizhou.com/contacts/" "Mozilla/5.0 (Windows NT 10.0; Win64; x64) AppleWebKit/537.36 (KHTML, like Gecko) Chrome/136.0.0.0 Safari/537.36"
119.178.166.116 - - [22/Mar/2026:00:43:17 +0800] "GET /contacts HTTP/1.1" 200 21638 "http://cqqizhou.com/contacts" "Mozilla/5.0 (Windows NT 10.0; Win64; x64) AppleWebKit/537.36 (KHTML, like Gecko) Chrome/136.0.0.0 Safari/537.36"
123.170.35.87 - - [22/Mar/2026:00:43:17 +0800] "GET /contacts HTTP/1.1" 200 21638 "http://cqqizhou.com/contacts/" "Mozilla/5.0 (Windows NT 10.0; Win64; x64) AppleWebKit/537.36 (KHTML, like Gecko) Chrome/136.0.0.0 Safari/537.36"
123.170.35.87 - - [22/Mar/2026:00:43:18 +0800] "GET /contacts HTTP/1.1" 200 21638 "http://cqqizhou.com/contacts" "Mozilla/5.0 (Windows NT 10.0; Win64; x64) AppleWebKit/537.36 (KHTML, like Gecko) Chrome/136.0.0.0 Safari/537.36"
123.170.35.87 - - [22/Mar/2026:00:43:18 +0800] "GET /contacts/ HTTP/1.1" 301 5 "http://cqqizhou.com/contacts/" "Mozilla/5.0 (Windows NT 10.0; Win64; x64) AppleWebKit/537.36 (KHTML, like Gecko) Chrome/136.0.0.0 Safari/537.36"
123.170.35.87 - - [22/Mar/2026:00:43:18 +0800] "GET http://cqqizhou.com/contacts HTTP/1.1" 200 21638 "http://cqqizhou.com/contacts/" "Mozilla/5.0 (Windows NT 10.0; Win64; x64) AppleWebKit/537.36 (KHTML, like Gecko) Chrome/136.0.0.0 Safari/537.36"
36.133.115.36 - - [22/Mar/2026:00:46:30 +0800] "POST /wp-cron.php?doing_wp_cron=1774111590.3114740848541259765625 HTTP/1.1" 200 31 "-" "WordPress/6.9; http://cqqizhou.com"
84.234.18.222 - - [22/Mar/2026:00:46:30 +0800] "GET / HTTP/1.1" 301 5 "-" "Go-http-client/1.1"
84.234.18.222 - - [22/Mar/2026:00:46:31 +0800] "GET / HTTP/1.1" 200 35249 "http://36.133.115.36" "Go-http-client/1.1"
66.249.73.8 - - [22/Mar/2026:00:55:33 +0800] "GET /wp-content/uploads/2025/12/1765894221-Article20251216211544.webp HTTP/1.1" 200 75768 "-" "GoogleOther-Image/1.0"
18.211.58.193 - - [22/Mar/2026:00:59:14 +0800] "GET / HTTP/1.1" 200 35249 "-" "Mozilla/4.0 (compatible; MSIE 7.0; Windows NT 5.1; .NET CLR 1.1.4322; .NET CLR 2.0.50727)"
36.133.115.36 - - [22/Mar/2026:01:03:22 +0800] "POST /wp-cron.php?doing_wp_cron=1774112602.9368400573730468750000 HTTP/1.1" 200 31 "-" "WordPress/6.9; http://cqqizhou.com"
68.183.238.42 - - [22/Mar/2026:01:03:23 +0800] "GET / HTTP/1.1" 200 157185 "-" "-"
36.133.115.36 - - [22/Mar/2026:01:11:53 +0800] "POST /wp-cron.php?doing_wp_cron=1774113113.1423449516296386718750 HTTP/1.1" 200 31 "-" "WordPress/6.9; http://cqqizhou.com"
43.157.38.131 - - [22/Mar/2026:01:11:53 +0800] "GET / HTTP/1.1" 200 34809 "-" "Mozilla/5.0 (iPhone; CPU iPhone OS 13_2_3 like Mac OS X) AppleWebKit/605.1.15 (KHTML, like Gecko) Version/13.0.3 Mobile/15E148 Safari/604.1"
36.133.115.36 - - [22/Mar/2026:01:20:20 +0800] "POST /wp-cron.php?doing_wp_cron=1774113620.8310759067535400390625 HTTP/1.1" 200 31 "-" "WordPress/6.9; http://cqqizhou.com"
114.119.138.28 - - [22/Mar/2026:01:20:20 +0800] "GET /robots.txt HTTP/1.1" 200 190 "-" "Mozilla/5.0 (compatible;PetalBot;+https://webmaster.petalsearch.com/site/petalbot)"
103.230.15.144 - - [22/Mar/2026:01:20:51 +0800] "GET /index.php?c=api&m=data2&auth=d41d8cd98f00b204e9800998ecf8427e¶m=upload HTTP/1.1" 301 5 "-" "Mozilla/5.0 (Windows NT 10.0; WOW64; rv:48.0) Gecko/20100101 Firefox/48.0"
36.133.115.36 - - [22/Mar/2026:01:21:46 +0800] "POST /wp-cron.php?doing_wp_cron=1774113706.8434588909149169921875 HTTP/1.1" 200 31 "-" "WordPress/6.9; http://cqqizhou.com"
149.86.227.60 - - [22/Mar/2026:01:21:47 +0800] "GET / HTTP/1.1" 200 157185 "-" "Mozilla/5.0"
43.157.174.69 - - [22/Mar/2026:01:26:17 +0800] "GET /wp-content/uploads/2025/07/1751425283-qizhou.kf_.qq_.com_.webp HTTP/1.1" 200 16864 "-" "Mozilla/5.0 (iPhone; CPU iPhone OS 13_2_3 like Mac OS X) AppleWebKit/605.1.15 (KHTML, like Gecko) Version/13.0.3 Mobile/15E148 Safari/604.1"
36.133.115.36 - - [22/Mar/2026:01:26:20 +0800] "POST /wp-cron.php?doing_wp_cron=1774113980.0797140598297119140625 HTTP/1.1" 200 31 "-" "WordPress/6.9; http://cqqizhou.com"
115.159.33.43 - - [22/Mar/2026:01:26:20 +0800] "GET / HTTP/1.1" 301 5 "-" "Mozilla/5.0 (Windows NT 10.0; Win64; x64) AppleWebKit/537.36 (KHTML, like Gecko) Chrome/79.0.3945.117 Safari/537.36"
36.133.115.36 - - [22/Mar/2026:01:38:03 +0800] "POST /wp-cron.php?doing_wp_cron=1774114682.9887659549713134765625 HTTP/1.1" 200 31 "-" "WordPress/6.9; http://cqqizhou.com"
43.155.157.239 - - [22/Mar/2026:01:38:03 +0800] "GET /wp-content/uploads/2025/07/1753453096- HTTP/1.1" 404 8948 "-" "Mozilla/5.0 (iPhone; CPU iPhone OS 13_2_3 like Mac OS X) AppleWebKit/605.1.15 (KHTML, like Gecko) Version/13.0.3 Mobile/15E148 Safari/604.1"
104.28.246.122 - - [22/Mar/2026:01:41:19 +0800] "GET /style.php HTTP/1.1" 404 47 "-" "Go-http-client/1.1"
104.28.246.122 - - [22/Mar/2026:01:41:21 +0800] "GET /wp-content/style.php HTTP/1.1" 404 47 "-" "Go-http-client/1.1"
104.28.246.122 - - [22/Mar/2026:01:41:22 +0800] "GET /wp-content/themes/style.php HTTP/1.1" 404 47 "-" "Go-http-client/1.1"
104.28.246.122 - - [22/Mar/2026:01:41:23 +0800] "GET /wp-admin/style.php HTTP/1.1" 404 47 "-" "Go-http-client/1.1"
104.28.246.122 - - [22/Mar/2026:01:41:23 +0800] "GET /wp-includes/style.php HTTP/1.1" 404 47 "-" "Go-http-client/1.1"
104.28.246.122 - - [22/Mar/2026:01:41:25 +0800] "GET /chosen.php?p= HTTP/1.1" 404 47 "-" "Go-http-client/1.1"
104.28.246.122 - - [22/Mar/2026:01:41:26 +0800] "GET /file.php HTTP/1.1" 404 47 "-" "Go-http-client/1.1"
104.28.246.122 - - [22/Mar/2026:01:42:00 +0800] "GET /flower.php HTTP/1.1" 404 47 "-" "Go-http-client/1.1"
36.133.115.36 - - [22/Mar/2026:01:54:07 +0800] "POST /wp-cron.php?doing_wp_cron=1774115647.8002679347991943359375 HTTP/1.1" 200 31 "-" "WordPress/6.9; http://cqqizhou.com"
36.133.108.119 - - [22/Mar/2026:01:54:07 +0800] "HEAD /portal/.env HTTP/1.1" 404 0 "-" "Mozilla/5.0 (compatible; MSIE 8.0; Windows NT 5.1; Trident/4.0; .NET CLR 1.1.4322; .NET CLR 2.0.50727)"
36.133.115.36 - - [22/Mar/2026:01:55:33 +0800] "POST /wp-cron.php?doing_wp_cron=1774115733.1318171024322509765625 HTTP/1.1" 200 31 "-" "WordPress/6.9; http://cqqizhou.com"
66.249.73.7 - - [22/Mar/2026:01:55:33 +0800] "GET /contacts HTTP/1.1" 200 18645 "-" "Mozilla/5.0 (Linux; Android 6.0.1; Nexus 5X Build/MMB29P) AppleWebKit/537.36 (KHTML, like Gecko) Chrome/145.0.7632.159 Mobile Safari/537.36 (compatible; Googlebot/2.1; +http://www.google.com/bot.html)"
36.133.115.36 - - [22/Mar/2026:01:56:44 +0800] "POST /wp-cron.php?doing_wp_cron=1774115804.6913709640502929687500 HTTP/1.1" 200 31 "-" "WordPress/6.9; http://cqqizhou.com"
43.130.105.21 - - [22/Mar/2026:01:56:44 +0800] "GET /wp-content/uploads/2025/07/1753456770- HTTP/1.1" 404 8949 "-" "Mozilla/5.0 (iPhone; CPU iPhone OS 13_2_3 like Mac OS X) AppleWebKit/605.1.15 (KHTML, like Gecko) Version/13.0.3 Mobile/15E148 Safari/604.1"
36.133.115.36 - - [22/Mar/2026:02:06:22 +0800] "POST /wp-cron.php?doing_wp_cron=1774116382.2231180667877197265625 HTTP/1.1" 200 31 "-" "WordPress/6.9; http://cqqizhou.com"
43.135.142.7 - - [22/Mar/2026:02:06:22 +0800] "GET /wp-content/uploads/2025/07/1753453127- HTTP/1.1" 404 8948 "-" "Mozilla/5.0 (iPhone; CPU iPhone OS 13_2_3 like Mac OS X) AppleWebKit/605.1.15 (KHTML, like Gecko) Version/13.0.3 Mobile/15E148 Safari/604.1"
66.249.73.7 - - [22/Mar/2026:02:10:32 +0800] "GET /wp-content/uploads/2026/02/1770617977-Article_images_W900px.webp HTTP/1.1" 200 43904 "-" "GoogleOther-Image/1.0"
36.133.115.36 - - [22/Mar/2026:02:12:28 +0800] "POST /wp-cron.php?doing_wp_cron=1774116748.8456289768218994140625 HTTP/1.1" 200 31 "-" "WordPress/6.9; http://cqqizhou.com"
165.22.104.254 - - [22/Mar/2026:02:12:28 +0800] "GET / HTTP/1.1" 200 157185 "-" "-"
36.133.115.36 - - [22/Mar/2026:02:22:32 +0800] "POST /wp-cron.php?doing_wp_cron=1774117352.6091749668121337890625 HTTP/1.1" 200 31 "-" "WordPress/6.9; http://cqqizhou.com"
121.29.51.28 - - [22/Mar/2026:02:22:32 +0800] "GET / HTTP/1.1" 301 5 "-" "Mozilla/5.0 (Macintosh; U; Intel Mac OS X 10_6_3; zh-cn) AppleWebKit/533.16 (KHTML, like Gecko) Version/5.0 Safari/533.16"
121.29.51.28 - - [22/Mar/2026:02:22:42 +0800] "GET / HTTP/1.1" 301 5 "-" "Mozilla/5.0 (Macintosh; Intel Mac OS X 10_11) AppleWebKit/601.1.27 (KHTML, like Gecko) Chrome/47.0.2526.106 Safari/601.1.27"
121.29.51.28 - - [22/Mar/2026:02:22:44 +0800] "GET / HTTP/1.1" 200 35249 "-" "Mozilla/5.0 (Macintosh; Intel Mac OS X 10_11) AppleWebKit/601.1.27 (KHTML, like Gecko) Chrome/47.0.2526.106 Safari/601.1.27"
36.133.115.36 - - [22/Mar/2026:02:26:46 +0800] "POST /wp-cron.php?doing_wp_cron=1774117606.8231720924377441406250 HTTP/1.1" 200 31 "-" "WordPress/6.9; http://cqqizhou.com"
121.42.252.229 - - [22/Mar/2026:02:26:46 +0800] "GET / HTTP/1.0" 301 0 "-" "-"
121.42.252.229 - - [22/Mar/2026:02:26:51 +0800] "GET / HTTP/1.0" 301 0 "-" "-"
121.42.252.229 - - [22/Mar/2026:02:26:51 +0800] "GET /nmaplowercheck1774117602 HTTP/1.1" 404 31365 "-" "Mozilla/5.0 (compatible; Nmap Scripting Engine; https://nmap.org/book/nse.html)"
121.42.252.229 - - [22/Mar/2026:02:26:51 +0800] "POST /sdk HTTP/1.1" 404 31365 "-" "Mozilla/5.0 (compatible; Nmap Scripting Engine; https://nmap.org/book/nse.html)"
121.42.252.229 - - [22/Mar/2026:02:26:52 +0800] "GET /evox/about HTTP/1.1" 404 31365 "-" "Mozilla/5.0 (compatible; Nmap Scripting Engine; https://nmap.org/book/nse.html)"
121.42.252.229 - - [22/Mar/2026:02:26:52 +0800] "GET /HNAP1 HTTP/1.1" 404 31365 "-" "Mozilla/5.0 (compatible; Nmap Scripting Engine; https://nmap.org/book/nse.html)"
121.42.252.229 - - [22/Mar/2026:02:27:01 +0800] "GET / HTTP/1.0" 301 0 "-" "-"
121.42.252.229 - - [22/Mar/2026:02:27:02 +0800] "GET / HTTP/1.1" 301 5 "-" "-"
36.133.115.36 - - [22/Mar/2026:02:31:25 +0800] "POST /wp-cron.php?doing_wp_cron=1774117885.0278809070587158203125 HTTP/1.1" 200 31 "-" "WordPress/6.9; http://cqqizhou.com"
178.128.82.182 - - [22/Mar/2026:02:31:25 +0800] "GET / HTTP/1.1" 200 157185 "-" "-"
36.133.115.36 - - [22/Mar/2026:02:47:07 +0800] "POST /wp-cron.php?doing_wp_cron=1774118827.5649070739746093750000 HTTP/1.1" 200 31 "-" "WordPress/6.9; http://cqqizhou.com"
114.119.146.223 - - [22/Mar/2026:02:47:07 +0800] "GET /wp-sitemap.xml HTTP/1.1" 501 253 "-" "Mozilla/5.0 (Linux; Android 7.0;) AppleWebKit/537.36 (KHTML, like Gecko) Mobile Safari/537.36 (compatible; PetalBot;+https://webmaster.petalsearch.com/site/petalbot)"
36.133.115.36 - - [22/Mar/2026:02:57:20 +0800] "POST /wp-cron.php?doing_wp_cron=1774119440.7086279392242431640625 HTTP/1.1" 200 31 "-" "WordPress/6.9; http://cqqizhou.com"
165.22.253.250 - - [22/Mar/2026:02:57:21 +0800] "GET / HTTP/1.1" 200 157185 "-" "-"
36.133.115.36 - - [22/Mar/2026:02:58:40 +0800] "POST /wp-cron.php?doing_wp_cron=1774119520.3539578914642333984375 HTTP/1.1" 200 31 "-" "WordPress/6.9; http://cqqizhou.com"
121.42.249.16 - - [22/Mar/2026:02:58:40 +0800] "HEAD / HTTP/1.1" 301 0 "-" "Mozilla/5.0 (Windows NT 10.0; Win64; x64) AppleWebKit/537.36 (KHTML, like Gecko) Chrome/145.0.0.0 Safari/537.36"
121.42.249.16 - - [22/Mar/2026:02:58:40 +0800] "HEAD / HTTP/1.1" 200 0 "http://www.cqqizhou.com" "Mozilla/5.0 (Windows NT 10.0; Win64; x64) AppleWebKit/537.36 (KHTML, like Gecko) Chrome/145.0.0.0 Safari/537.36"
121.42.249.16 - - [22/Mar/2026:02:58:41 +0800] "GET / HTTP/1.1" 301 5 "-" "Mozilla/5.0 (Windows NT 10.0; Win64; x64) AppleWebKit/537.36 (KHTML, like Gecko) Chrome/145.0.0.0 Safari/537.36"
121.42.249.16 - - [22/Mar/2026:02:58:41 +0800] "GET / HTTP/1.1" 200 35249 "http://www.cqqizhou.com" "Mozilla/5.0 (Windows NT 10.0; Win64; x64) AppleWebKit/537.36 (KHTML, like Gecko) Chrome/145.0.0.0 Safari/537.36"
36.133.115.36 - - [22/Mar/2026:03:04:58 +0800] "POST /wp-cron.php?doing_wp_cron=1774119898.2923860549926757812500 HTTP/1.1" 200 31 "-" "WordPress/6.9; http://cqqizhou.com"
36.133.108.119 - - [22/Mar/2026:03:04:58 +0800] "HEAD /stg/.env HTTP/1.1" 404 0 "-" "Mozilla/5.0 (Windows; U; Windows NT 6.1; en-US) AppleWebKit/533.20.25 (KHTML, like Gecko) Version/5.0.4 Safari/533.20.27"
36.133.115.36 - - [22/Mar/2026:03:10:05 +0800] "POST /wp-cron.php?doing_wp_cron=1774120205.7682700157165527343750 HTTP/1.1" 200 31 "-" "WordPress/6.9; http://cqqizhou.com"
114.119.157.234 - - [22/Mar/2026:03:10:05 +0800] "GET /wp-sitemap.xml HTTP/1.1" 501 253 "-" "Mozilla/5.0 (Linux; Android 7.0;) AppleWebKit/537.36 (KHTML, like Gecko) Mobile Safari/537.36 (compatible; PetalBot;+https://webmaster.petalsearch.com/site/petalbot)"
36.133.115.36 - - [22/Mar/2026:03:10:32 +0800] "POST /wp-cron.php?doing_wp_cron=1774120232.0696179866790771484375 HTTP/1.1" 200 31 "-" "WordPress/6.9; http://cqqizhou.com"
66.249.73.8 - - [22/Mar/2026:03:10:32 +0800] "GET /news/2502 HTTP/1.1" 200 20664 "-" "Mozilla/5.0 (Linux; Android 6.0.1; Nexus 5X Build/MMB29P) AppleWebKit/537.36 (KHTML, like Gecko) Chrome/145.0.7632.159 Mobile Safari/537.36 (compatible; Googlebot/2.1; +http://www.google.com/bot.html)"
36.133.115.36 - - [22/Mar/2026:03:12:00 +0800] "POST /wp-cron.php?doing_wp_cron=1774120320.6946179866790771484375 HTTP/1.1" 200 31 "-" "WordPress/6.9; http://cqqizhou.com"
167.114.139.19 - - [22/Mar/2026:03:12:00 +0800] "GET /robots.txt HTTP/1.1" 200 190 "-" "Mozilla/5.0 (compatible; AhrefsBot/7.0; +http://ahrefs.com/robot/)"
51.68.247.222 - - [22/Mar/2026:03:12:02 +0800] "GET /portfolio-category/hot-dip-galvanized-coil/ HTTP/1.1" 301 5 "-" "Mozilla/5.0 (compatible; AhrefsBot/7.0; +http://ahrefs.com/robot/)"
36.133.115.36 - - [22/Mar/2026:03:14:49 +0800] "POST /wp-cron.php?doing_wp_cron=1774120489.4436089992523193359375 HTTP/1.1" 200 31 "-" "WordPress/6.9; http://cqqizhou.com"
114.119.143.214 - - [22/Mar/2026:03:14:49 +0800] "GET /wp-sitemap.xml HTTP/1.1" 501 253 "-" "Mozilla/5.0 (Linux; Android 7.0;) AppleWebKit/537.36 (KHTML, like Gecko) Mobile Safari/537.36 (compatible; PetalBot;+https://webmaster.petalsearch.com/site/petalbot)"
36.133.115.36 - - [22/Mar/2026:03:23:32 +0800] "POST /wp-cron.php?doing_wp_cron=1774121012.7503030300140380859375 HTTP/1.1" 200 31 "-" "WordPress/6.9; http://cqqizhou.com"
117.179.80.111 - - [22/Mar/2026:03:23:32 +0800] "GET /Ly9jcXFpemhvdS5jb20vd3AtY29udGVudC91cGxvYWRzLzIwMjYvMDEvMTc2ODI3NjExOS1xaXpob3VqaWFnb25nX1NsaWRlcl8zODQww5cyMTYwXzIwMjYwMTEzLXNjYWxlZC53ZWJw HTTP/1.1" 404 8948 "-" "Mozilla/5.0 (Windows NT 6.1; Win64; x64) AppleWebKit/537.36 (KHTML, like Gecko) Chrome/71.0.3578.30"
36.133.115.36 - - [22/Mar/2026:03:26:49 +0800] "POST /wp-cron.php?doing_wp_cron=1774121209.6574990749359130859375 HTTP/1.1" 200 31 "-" "WordPress/6.9; http://cqqizhou.com"
220.181.108.93 - - [22/Mar/2026:03:26:49 +0800] "GET /wp-content/uploads/2025/07/1753453096-%CB%AB%CF%E0%B8%D6product_Single600%A1%C1284.webp HTTP/1.1" 404 31365 "-" "Mozilla/5.0 (compatible; Baiduspider/2.0; +http://www.baidu.com/search/spider.html)"
36.133.115.36 - - [22/Mar/2026:03:57:59 +0800] "POST /wp-cron.php?doing_wp_cron=1774123079.2117300033569335937500 HTTP/1.1" 200 31 "-" "WordPress/6.9; http://cqqizhou.com"
110.249.201.7 - - [22/Mar/2026:03:57:59 +0800] "GET /robots.txt HTTP/1.1" 200 190 "-" "Mozilla/5.0 (Linux; Android 5.0) AppleWebKit/537.36 (KHTML, like Gecko) Mobile Safari/537.36 (compatible; Bytespider; https://zhanzhang.toutiao.com/)"
36.133.115.36 - - [22/Mar/2026:04:06:17 +0800] "POST /wp-cron.php?doing_wp_cron=1774123577.2588620185852050781250 HTTP/1.1" 200 31 "-" "WordPress/6.9; http://cqqizhou.com"
220.181.108.166 - - [22/Mar/2026:04:06:17 +0800] "GET /wp-content/uploads/2025/07/1753456723-%CB%AB%CF%E0%B8%D6roduct_Single600.webp HTTP/1.1" 404 31365 "-" "Mozilla/5.0 (compatible; Baiduspider/2.0; +http://www.baidu.com/search/spider.html)"
36.133.115.36 - - [22/Mar/2026:04:09:54 +0800] "POST /wp-cron.php?doing_wp_cron=1774123794.6541860103607177734375 HTTP/1.1" 200 31 "-" "WordPress/6.9; http://cqqizhou.com"
218.78.176.220 - - [22/Mar/2026:04:09:54 +0800] "GET /contacts/ HTTP/1.1" 301 5 "-" "Mozilla/5.0 (Windows NT 10.0; Win64; x64) AppleWebKit/537.36 (KHTML, like Gecko) Chrome/136.0.0.0 Safari/537.36"
218.78.176.220 - - [22/Mar/2026:04:09:55 +0800] "GET http://cqqizhou.com/contacts HTTP/1.1" 200 21638 "-" "Mozilla/5.0 (Windows NT 10.0; Win64; x64) AppleWebKit/537.36 (KHTML, like Gecko) Chrome/136.0.0.0 Safari/537.36"
36.133.115.36 - - [22/Mar/2026:04:10:37 +0800] "POST /wp-cron.php?doing_wp_cron=1774123837.0166690349578857421875 HTTP/1.1" 200 31 "-" "WordPress/6.9; http://cqqizhou.com"
74.235.121.114 - - [22/Mar/2026:04:10:37 +0800] "GET / HTTP/1.1" 301 5 "-" "Mozilla/5.0 zgrab/0.x"
36.133.115.36 - - [22/Mar/2026:04:22:57 +0800] "POST /wp-cron.php?doing_wp_cron=1774124576.9925749301910400390625 HTTP/1.1" 200 31 "-" "WordPress/6.9; http://cqqizhou.com"
36.133.108.121 - - [22/Mar/2026:04:22:57 +0800] "HEAD /.env.config HTTP/1.1" 404 0 "-" "Mozilla/5.0 (compatible; MSIE 9.0; Windows NT 6.1; Win64; x64; Trident/5.0"
45.89.60.68 - - [22/Mar/2026:04:39:35 +0800] "GET /txets.php HTTP/1.1" 404 47 "www.google.com" "Mozlila/5.0 (Linux; Android 7.0; SM-G892A Bulid/NRD90M; wv) AppleWebKit/537.36 (KHTML, like Gecko) Version/4.0 Chrome/60.0.3112.107 Moblie Safari/537.36"
45.89.60.68 - - [22/Mar/2026:04:39:37 +0800] "GET /wp-content/txets.php HTTP/1.1" 404 47 "www.google.com" "Mozlila/5.0 (Linux; Android 7.0; SM-G892A Bulid/NRD90M; wv) AppleWebKit/537.36 (KHTML, like Gecko) Version/4.0 Chrome/60.0.3112.107 Moblie Safari/537.36"
36.133.115.36 - - [22/Mar/2026:04:45:50 +0800] "POST /wp-cron.php?doing_wp_cron=1774125950.8804080486297607421875 HTTP/1.1" 200 31 "-" "WordPress/6.9; http://cqqizhou.com"
149.86.227.60 - - [22/Mar/2026:04:45:51 +0800] "GET / HTTP/1.1" 200 157185 "-" "Mozilla/5.0"
36.133.115.36 - - [22/Mar/2026:04:50:24 +0800] "POST /wp-cron.php?doing_wp_cron=1774126224.3876199722290039062500 HTTP/1.1" 200 31 "-" "WordPress/6.9; http://cqqizhou.com"
52.167.144.166 - - [22/Mar/2026:04:50:24 +0800] "GET /?s=2027 HTTP/1.1" 200 18074 "-" "Mozilla/5.0 AppleWebKit/537.36 (KHTML, like Gecko; compatible; bingbot/2.0; +http://www.bing.com/bingbot.htm) Chrome/116.0.1938.76 Safari/537.36"
36.133.115.36 - - [22/Mar/2026:04:55:32 +0800] "POST /wp-cron.php?doing_wp_cron=1774126532.9452850818634033203125 HTTP/1.1" 200 31 "-" "WordPress/6.9; http://cqqizhou.com"
66.249.73.7 - - [22/Mar/2026:04:55:32 +0800] "GET /news/2373 HTTP/1.1" 200 22429 "-" "Mozilla/5.0 (Linux; Android 6.0.1; Nexus 5X Build/MMB29P) AppleWebKit/537.36 (KHTML, like Gecko) Chrome/145.0.7632.159 Mobile Safari/537.36 (compatible; Googlebot/2.1; +http://www.google.com/bot.html)"
36.133.115.36 - - [22/Mar/2026:04:57:47 +0800] "POST /wp-cron.php?doing_wp_cron=1774126667.4928910732269287109375 HTTP/1.1" 200 31 "-" "WordPress/6.9; http://cqqizhou.com"
216.244.66.245 - - [22/Mar/2026:04:57:47 +0800] "GET /robots.txt HTTP/1.1" 200 390 "-" "Mozilla/5.0 (compatible; DotBot/1.2; +https://opensiteexplorer.org/dotbot; help@moz.com)"
36.133.115.36 - - [22/Mar/2026:05:04:27 +0800] "POST /wp-cron.php?doing_wp_cron=1774127067.3682470321655273437500 HTTP/1.1" 200 31 "-" "WordPress/6.9; http://cqqizhou.com"
216.244.66.245 - - [22/Mar/2026:05:04:27 +0800] "GET /news/page/1/ HTTP/1.1" 301 5 "-" "Mozilla/5.0 (compatible; DotBot/1.2; +https://opensiteexplorer.org/dotbot; help@moz.com)"
113.2.185.195 - - [22/Mar/2026:05:09:01 +0800] "GET /news/2527 HTTP/1.1" 200 21360 "-" "Mozilla/5.0 (Windows NT 10.0; WOW64) AppleWebKit/537.36 (KHTML, like Gecko) Chrome/71.0.3578.33"
36.133.115.36 - - [22/Mar/2026:05:10:10 +0800] "POST /wp-cron.php?doing_wp_cron=1774127410.6194798946380615234375 HTTP/1.1" 200 31 "-" "WordPress/6.9; http://cqqizhou.com"
124.228.232.133 - - [22/Mar/2026:05:10:10 +0800] "GET /contacts/ HTTP/1.1" 301 5 "-" "Mozilla/5.0 (Windows NT 10.0; Win64; x64) AppleWebKit/537.36 (KHTML, like Gecko) Chrome/136.0.0.0 Safari/537.36"
124.228.232.133 - - [22/Mar/2026:05:10:10 +0800] "GET http://cqqizhou.com/contacts HTTP/1.1" 200 21638 "-" "Mozilla/5.0 (Windows NT 10.0; Win64; x64) AppleWebKit/537.36 (KHTML, like Gecko) Chrome/136.0.0.0 Safari/537.36"
36.133.115.36 - - [22/Mar/2026:05:20:31 +0800] "POST /wp-cron.php?doing_wp_cron=1774128031.3649458885192871093750 HTTP/1.1" 200 31 "-" "WordPress/6.9; http://cqqizhou.com"
74.177.109.161 - - [22/Mar/2026:05:20:31 +0800] "GET /news/2388 HTTP/1.1" 200 20869 "-" "Mozilla/5.0 (Windows NT 10.0; Win64; x64) AppleWebKit/537.36 (KHTML, like Gecko) Chrome/131.0.0.0 Safari/537.36 Edg/131.0.0.0"
36.133.115.36 - - [22/Mar/2026:05:28:23 +0800] "POST /wp-cron.php?doing_wp_cron=1774128503.4543340206146240234375 HTTP/1.1" 200 31 "-" "WordPress/6.9; http://cqqizhou.com"
42.101.254.89 - - [22/Mar/2026:05:28:23 +0800] "GET /Ly9jcXFpemhvdS5jb20vd3AtY29udGVudC91cGxvYWRzLzIwMjUvMTIvMTc2NTI2ODk1NS1xaXpob3VfU2xpZGVyMV8zODQww5cyMTYwXzIwMjUxMjEwLXNjYWxlZC53ZWJw HTTP/1.1" 404 8948 "-" "Mozilla/5.0 (Windows NT 10.0; Win64; x64) AppleWebKit/537.36 (KHTML, like Gecko) Chrome/86.0.4240.22"
36.133.115.36 - - [22/Mar/2026:05:33:02 +0800] "POST /wp-cron.php?doing_wp_cron=1774128782.9121971130371093750000 HTTP/1.1" 200 31 "-" "WordPress/6.9; http://cqqizhou.com"
66.249.73.7 - - [22/Mar/2026:05:33:02 +0800] "GET /news/2361 HTTP/1.1" 200 21112 "-" "Mozilla/5.0 (Linux; Android 6.0.1; Nexus 5X Build/MMB29P) AppleWebKit/537.36 (KHTML, like Gecko) Chrome/145.0.7632.159 Mobile Safari/537.36 (compatible; Googlebot/2.1; +http://www.google.com/bot.html)"
36.133.115.36 - - [22/Mar/2026:05:35:56 +0800] "POST /wp-cron.php?doing_wp_cron=1774128956.2379810810089111328125 HTTP/1.1" 200 31 "-" "WordPress/6.9; http://cqqizhou.com"
79.127.164.175 - - [22/Mar/2026:05:35:56 +0800] "GET /.env HTTP/1.1" 404 31365 "-" "-"
36.133.115.36 - - [22/Mar/2026:05:41:40 +0800] "POST /wp-cron.php?doing_wp_cron=1774129300.3221020698547363281250 HTTP/1.1" 200 31 "-" "WordPress/6.9; http://cqqizhou.com"
223.15.245.170 - - [22/Mar/2026:05:41:40 +0800] "GET / HTTP/1.1" 301 5 "-" "Mozilla/5.0 (iPhone; CPU iPhone OS 13_2_3 like Mac OS X) AppleWebKit/605.1.15 (KHTML, like Gecko) Version/13.0.3 Mobile/15E148 Safari/604.1"
223.15.245.170 - - [22/Mar/2026:05:41:45 +0800] "GET / HTTP/1.1" 200 34810 "http://www.cqqizhou.com" "Mozilla/5.0 (iPhone; CPU iPhone OS 13_2_3 like Mac OS X) AppleWebKit/605.1.15 (KHTML, like Gecko) Version/13.0.3 Mobile/15E148 Safari/604.1"
36.133.115.36 - - [22/Mar/2026:05:47:18 +0800] "POST /wp-cron.php?doing_wp_cron=1774129637.9792850017547607421875 HTTP/1.1" 200 31 "-" "WordPress/6.9; http://cqqizhou.com"
216.180.246.72 - - [22/Mar/2026:05:47:18 +0800] "GET / HTTP/1.0" 301 0 "-" "Mozilla/5.0 (compatible; GenomeCrawlerd/1.0; +https://www.nokia.com/genomecrawler)"
216.180.246.72 - - [22/Mar/2026:05:47:56 +0800] "GET / HTTP/1.0" 301 0 "-" "Mozilla/5.0 (compatible; GenomeCrawlerd/1.0; +https://www.nokia.com/genomecrawler)"
36.133.115.36 - - [22/Mar/2026:05:48:29 +0800] "POST /wp-cron.php?doing_wp_cron=1774129709.1404359340667724609375 HTTP/1.1" 200 31 "-" "WordPress/6.9; http://cqqizhou.com"
216.180.246.72 - - [22/Mar/2026:05:48:29 +0800] "GET / HTTP/1.0" 301 0 "-" "Mozilla/5.0 (compatible; GenomeCrawlerd/1.0; +https://www.nokia.com/genomecrawler)"
36.133.115.36 - - [22/Mar/2026:05:49:21 +0800] "POST /wp-cron.php?doing_wp_cron=1774129761.4418148994445800781250 HTTP/1.1" 200 31 "-" "WordPress/6.9; http://cqqizhou.com"
216.180.246.72 - - [22/Mar/2026:05:49:21 +0800] "GET / HTTP/1.0" 301 0 "-" "Mozilla/5.0 (compatible; GenomeCrawlerd/1.0; +https://www.nokia.com/genomecrawler)"
36.133.115.36 - - [22/Mar/2026:05:50:13 +0800] "POST /wp-cron.php?doing_wp_cron=1774129813.0709640979766845703125 HTTP/1.1" 200 31 "-" "WordPress/6.9; http://cqqizhou.com"
216.180.246.72 - - [22/Mar/2026:05:50:13 +0800] "GET / HTTP/1.1" 301 5 "-" "Mozilla/5.0 (compatible; GenomeCrawlerd/1.0; +https://www.nokia.com/genomecrawler)"
216.180.246.72 - - [22/Mar/2026:05:50:15 +0800] "GET / HTTP/1.1" 200 34810 "http://36.133.115.36/" "Mozilla/5.0 (compatible; GenomeCrawlerd/1.0; +https://www.nokia.com/genomecrawler)"
36.133.115.36 - - [22/Mar/2026:06:01:58 +0800] "POST /wp-cron.php?doing_wp_cron=1774130518.4844489097595214843750 HTTP/1.1" 200 31 "-" "WordPress/6.9; http://cqqizhou.com"
36.133.108.119 - - [22/Mar/2026:06:01:58 +0800] "HEAD /user/.env HTTP/1.1" 404 0 "-" "Mozilla/5.0 (Windows NT 6.1) AppleWebKit/537.36 (KHTML, like Gecko) Chrome/27.0.1453.90 Safari/537.36"
36.133.115.36 - - [22/Mar/2026:06:08:28 +0800] "POST /wp-cron.php?doing_wp_cron=1774130908.7383921146392822265625 HTTP/1.1" 200 31 "-" "WordPress/6.9; http://cqqizhou.com"
213.173.75.73 - - [22/Mar/2026:06:08:29 +0800] "GET / HTTP/1.1" 200 157185 "-" "Mozilla/5.0 (Windows NT 6.1; WOW64) AppleWebKit/537.36 (KHTML, like Gecko) Chrome/52.0.2743.116 Safari/537.36"
36.133.115.36 - - [22/Mar/2026:06:10:17 +0800] "POST /wp-cron.php?doing_wp_cron=1774131017.7371299266815185546875 HTTP/1.1" 200 31 "-" "WordPress/6.9; http://cqqizhou.com"
36.133.108.119 - - [22/Mar/2026:06:10:17 +0800] "HEAD /prod/.env HTTP/1.1" 404 0 "-" "Mozilla/5.0 (Windows; U; Windows NT 6.1; en-US) AppleWebKit/533.20.25 (KHTML, like Gecko) Version/5.0.4 Safari/533.20.27"
36.133.115.36 - - [22/Mar/2026:06:21:10 +0800] "POST /wp-cron.php?doing_wp_cron=1774131670.0553090572357177734375 HTTP/1.1" 200 31 "-" "WordPress/6.9; http://cqqizhou.com"
178.128.214.41 - - [22/Mar/2026:06:21:10 +0800] "GET / HTTP/1.1" 200 157185 "-" "-"
36.133.115.36 - - [22/Mar/2026:06:30:57 +0800] "POST /wp-cron.php?doing_wp_cron=1774132257.5758759975433349609375 HTTP/1.1" 200 31 "-" "WordPress/6.9; http://cqqizhou.com"
216.244.66.245 - - [22/Mar/2026:06:30:57 +0800] "GET /robots.txt HTTP/1.1" 200 390 "-" "Mozilla/5.0 (compatible; DotBot/1.2; +https://opensiteexplorer.org/dotbot; help@moz.com)"
167.250.224.25 - - [22/Mar/2026:06:37:58 +0800] "GET /admin/config.php HTTP/1.0" 404 16 "-" "xfa1"
216.244.66.245 - - [22/Mar/2026:06:38:31 +0800] "GET /wp-content/uploads/2025/07/1750649203-qizhou1920x1080_8.webp HTTP/1.1" 200 256782 "-" "Mozilla/5.0 (compatible; DotBot/1.2; +https://opensiteexplorer.org/dotbot; help@moz.com)"
36.133.115.36 - - [22/Mar/2026:06:50:05 +0800] "POST /wp-cron.php?doing_wp_cron=1774133405.3725810050964355468750 HTTP/1.1" 200 31 "-" "WordPress/6.9; http://cqqizhou.com"
66.249.73.9 - - [22/Mar/2026:06:50:05 +0800] "GET /media/2 HTTP/1.1" 200 26098 "-" "Mozilla/5.0 (Linux; Android 6.0.1; Nexus 5X Build/MMB29P) AppleWebKit/537.36 (KHTML, like Gecko) Chrome/145.0.7632.159 Mobile Safari/537.36 (compatible; Googlebot/2.1; +http://www.google.com/bot.html)"
36.133.115.36 - - [22/Mar/2026:07:03:48 +0800] "POST /wp-cron.php?doing_wp_cron=1774134228.4424331188201904296875 HTTP/1.1" 200 31 "-" "WordPress/6.9; http://cqqizhou.com"
116.179.32.199 - - [22/Mar/2026:07:03:48 +0800] "GET /news/2502 HTTP/1.1" 200 24659 "-" "Mozilla/5.0 (compatible; Baiduspider/2.0; +http://www.baidu.com/search/spider.html)"
36.133.115.36 - - [22/Mar/2026:07:14:52 +0800] "POST /wp-cron.php?doing_wp_cron=1774134892.5408639907836914062500 HTTP/1.1" 200 31 "-" "WordPress/6.9; http://cqqizhou.com"
68.183.238.42 - - [22/Mar/2026:07:14:52 +0800] "GET / HTTP/1.1" 200 157185 "-" "-"
36.133.115.36 - - [22/Mar/2026:07:15:47 +0800] "POST /wp-cron.php?doing_wp_cron=1774134947.4887390136718750000000 HTTP/1.1" 200 31 "-" "WordPress/6.9; http://cqqizhou.com"
220.181.108.166 - - [22/Mar/2026:07:15:47 +0800] "GET /wp-content/uploads/2025/07/1753453127-%D3%E0%BE%EDproduct_Single600%A1%C1284.webp HTTP/1.1" 404 31365 "-" "Mozilla/5.0 (compatible; Baiduspider/2.0; +http://www.baidu.com/search/spider.html)"
220.181.108.82 - - [22/Mar/2026:07:15:52 +0800] "GET /wp-content/uploads/2025/07/1753456770-%C8%C8%B6%C6%D0%BF%BE%EDproduct_Single600.webp HTTP/1.1" 404 31365 "-" "Mozilla/5.0 (compatible; Baiduspider/2.0; +http://www.baidu.com/search/spider.html)"
36.133.115.36 - - [22/Mar/2026:07:19:45 +0800] "POST /wp-cron.php?doing_wp_cron=1774135185.7641839981079101562500 HTTP/1.1" 200 31 "-" "WordPress/6.9; http://cqqizhou.com"
117.189.152.151 - - [22/Mar/2026:07:19:45 +0800] "GET /Ly9jcXFpemhvdS5jb20vd3AtY29udGVudC91cGxvYWRzL3JldnNsaWRlci9zbGlkZXItMS8xNzUwODYxMTU2LWxvZ2lzdGljc19TbGlkZXJfMzg0MMOXMjE2MF8yMDI1MDYyNTE5MTM1Ni1zY2FsZWQud2VicA== HTTP/1.1" 404 8949 "-" "Mozilla/5.0 (Windows NT 6.1; WOW64) AppleWebKit/537.36 (KHTML, like Gecko) Chrome/85.0.4183.83"
36.133.115.36 - - [22/Mar/2026:07:25:03 +0800] "POST /wp-cron.php?doing_wp_cron=1774135503.8720309734344482421875 HTTP/1.1" 200 31 "-" "WordPress/6.9; http://cqqizhou.com"
36.133.108.121 - - [22/Mar/2026:07:25:03 +0800] "HEAD /test/.env HTTP/1.1" 404 0 "-" "Mozilla/5.0 (Windows NT 6.1; WOW64; rv:29.0) Gecko/20120101 Firefox/29.0"
36.133.115.36 - - [22/Mar/2026:07:39:10 +0800] "POST /wp-cron.php?doing_wp_cron=1774136350.9209120273590087890625 HTTP/1.1" 200 31 "-" "WordPress/6.9; http://cqqizhou.com"
183.229.252.59 - - [22/Mar/2026:07:39:10 +0800] "GET /news/2514 HTTP/1.1" 200 19684 "https://m.baidu.com/" "Mozilla/5.0 (Linux; Android 15; REP-AN00 Build/HONORREP-AN00; wv) AppleWebKit/537.36 (KHTML, like Gecko) Version/4.0 Chrome/97.0.4692.98 Mobile Safari/537.36 T7/13.40 SP-engine/3.56.0 bd_dvt/0 baiduboxapp/15.51.0.10 (Baidu; P1 15) NABar/1.0"
36.133.115.36 - - [22/Mar/2026:07:44:20 +0800] "POST /wp-cron.php?doing_wp_cron=1774136660.7358639240264892578125 HTTP/1.1" 200 31 "-" "WordPress/6.9; http://cqqizhou.com"
188.166.241.2 - - [22/Mar/2026:07:44:20 +0800] "GET / HTTP/1.1" 200 157185 "-" "-"
183.229.252.59 - - [22/Mar/2026:07:44:26 +0800] "GET / HTTP/1.1" 301 5 "https://m.baidu.com/" "Mozilla/5.0 (Linux; Android 15; REP-AN00 Build/HONORREP-AN00; wv) AppleWebKit/537.36 (KHTML, like Gecko) Version/4.0 Chrome/97.0.4692.98 Mobile Safari/537.36 T7/13.40 SP-engine/3.56.0 bd_dvt/0 baiduboxapp/15.51.0.10 (Baidu; P1 15) NABar/1.0"
183.229.252.59 - - [22/Mar/2026:07:44:27 +0800] "GET / HTTP/1.1" 200 34810 "https://m.baidu.com/" "Mozilla/5.0 (Linux; Android 15; REP-AN00 Build/HONORREP-AN00; wv) AppleWebKit/537.36 (KHTML, like Gecko) Version/4.0 Chrome/97.0.4692.98 Mobile Safari/537.36 T7/13.40 SP-engine/3.56.0 bd_dvt/0 baiduboxapp/15.51.0.10 (Baidu; P1 15) NABar/1.0"
36.133.115.36 - - [22/Mar/2026:07:45:28 +0800] "POST /wp-cron.php?doing_wp_cron=1774136728.8405609130859375000000 HTTP/1.1" 200 31 "-" "WordPress/6.9; http://cqqizhou.com"
183.229.252.59 - - [22/Mar/2026:07:45:28 +0800] "GET /about/ HTTP/1.1" 301 5 "https://m.baidu.com/" "Mozilla/5.0 (Linux; Android 15; REP-AN00 Build/HONORREP-AN00; wv) AppleWebKit/537.36 (KHTML, like Gecko) Version/4.0 Chrome/97.0.4692.98 Mobile Safari/537.36 T7/13.40 SP-engine/3.56.0 bd_dvt/0 baiduboxapp/15.51.0.10 (Baidu; P1 15) NABar/1.0"
183.229.252.59 - - [22/Mar/2026:07:45:30 +0800] "GET /about HTTP/1.1" 200 24160 "https://m.baidu.com/" "Mozilla/5.0 (Linux; Android 15; REP-AN00 Build/HONORREP-AN00; wv) AppleWebKit/537.36 (KHTML, like Gecko) Version/4.0 Chrome/97.0.4692.98 Mobile Safari/537.36 T7/13.40 SP-engine/3.56.0 bd_dvt/0 baiduboxapp/15.51.0.10 (Baidu; P1 15) NABar/1.0"
183.229.252.59 - - [22/Mar/2026:07:45:35 +0800] "GET /wp-content/uploads/2025/07/1750649803-qizhou800x500_2.webp HTTP/1.1" 200 63616 "http://cqqizhou.com/about" "Mozilla/5.0 (Linux; Android 15; REP-AN00 Build/HONORREP-AN00; wv) AppleWebKit/537.36 (KHTML, like Gecko) Version/4.0 Chrome/97.0.4692.98 Mobile Safari/537.36 T7/13.40 SP-engine/3.56.0 bd_dvt/0 baiduboxapp/15.51.0.10 (Baidu; P1 15) NABar/1.0"
183.229.252.59 - - [22/Mar/2026:07:45:35 +0800] "GET /wp-content/uploads/2025/07/1750945417-honor300%C3%97206_1.webp HTTP/1.1" 200 57666 "http://cqqizhou.com/about" "Mozilla/5.0 (Linux; Android 15; REP-AN00 Build/HONORREP-AN00; wv) AppleWebKit/537.36 (KHTML, like Gecko) Version/4.0 Chrome/97.0.4692.98 Mobile Safari/537.36 T7/13.40 SP-engine/3.56.0 bd_dvt/0 baiduboxapp/15.51.0.10 (Baidu; P1 15) NABar/1.0"
183.229.252.59 - - [22/Mar/2026:07:45:35 +0800] "GET /wp-content/uploads/2025/07/1750945444-honor300%C3%97206_2.webp HTTP/1.1" 200 71296 "http://cqqizhou.com/about" "Mozilla/5.0 (Linux; Android 15; REP-AN00 Build/HONORREP-AN00; wv) AppleWebKit/537.36 (KHTML, like Gecko) Version/4.0 Chrome/97.0.4692.98 Mobile Safari/537.36 T7/13.40 SP-engine/3.56.0 bd_dvt/0 baiduboxapp/15.51.0.10 (Baidu; P1 15) NABar/1.0"
183.229.252.59 - - [22/Mar/2026:07:45:35 +0800] "GET /wp-content/uploads/2025/07/1750671800-partner1_200x50.webp HTTP/1.1" 200 2244 "http://cqqizhou.com/about" "Mozilla/5.0 (Linux; Android 15; REP-AN00 Build/HONORREP-AN00; wv) AppleWebKit/537.36 (KHTML, like Gecko) Version/4.0 Chrome/97.0.4692.98 Mobile Safari/537.36 T7/13.40 SP-engine/3.56.0 bd_dvt/0 baiduboxapp/15.51.0.10 (Baidu; P1 15) NABar/1.0"
183.229.252.59 - - [22/Mar/2026:07:45:36 +0800] "GET /wp-content/uploads/2025/06/1750755307-qizhoucangku2000x400_2025624.webp HTTP/1.1" 200 45470 "http://cqqizhou.com/about" "Mozilla/5.0 (Linux; Android 15; REP-AN00 Build/HONORREP-AN00; wv) AppleWebKit/537.36 (KHTML, like Gecko) Version/4.0 Chrome/97.0.4692.98 Mobile Safari/537.36 T7/13.40 SP-engine/3.56.0 bd_dvt/0 baiduboxapp/15.51.0.10 (Baidu; P1 15) NABar/1.0"
183.229.252.59 - - [22/Mar/2026:07:45:36 +0800] "GET /wp-content/uploads/2025/07/1750671801-partner2_200x50.webp HTTP/1.1" 200 3946 "http://cqqizhou.com/about" "Mozilla/5.0 (Linux; Android 15; REP-AN00 Build/HONORREP-AN00; wv) AppleWebKit/537.36 (KHTML, like Gecko) Version/4.0 Chrome/97.0.4692.98 Mobile Safari/537.36 T7/13.40 SP-engine/3.56.0 bd_dvt/0 baiduboxapp/15.51.0.10 (Baidu; P1 15) NABar/1.0"
183.229.252.59 - - [22/Mar/2026:07:45:36 +0800] "GET /wp-content/uploads/2025/07/1750671805-partner4_200x50.webp HTTP/1.1" 200 2390 "http://cqqizhou.com/about" "Mozilla/5.0 (Linux; Android 15; REP-AN00 Build/HONORREP-AN00; wv) AppleWebKit/537.36 (KHTML, like Gecko) Version/4.0 Chrome/97.0.4692.98 Mobile Safari/537.36 T7/13.40 SP-engine/3.56.0 bd_dvt/0 baiduboxapp/15.51.0.10 (Baidu; P1 15) NABar/1.0"
183.229.252.59 - - [22/Mar/2026:07:45:36 +0800] "GET /wp-content/uploads/2025/07/1750671803-partner3_200x50.webp HTTP/1.1" 200 4414 "http://cqqizhou.com/about" "Mozilla/5.0 (Linux; Android 15; REP-AN00 Build/HONORREP-AN00; wv) AppleWebKit/537.36 (KHTML, like Gecko) Version/4.0 Chrome/97.0.4692.98 Mobile Safari/537.36 T7/13.40 SP-engine/3.56.0 bd_dvt/0 baiduboxapp/15.51.0.10 (Baidu; P1 15) NABar/1.0"
183.229.252.59 - - [22/Mar/2026:07:45:36 +0800] "GET /wp-content/uploads/2025/07/1750671806-partner5_200x50.webp HTTP/1.1" 200 2840 "http://cqqizhou.com/about" "Mozilla/5.0 (Linux; Android 15; REP-AN00 Build/HONORREP-AN00; wv) AppleWebKit/537.36 (KHTML, like Gecko) Version/4.0 Chrome/97.0.4692.98 Mobile Safari/537.36 T7/13.40 SP-engine/3.56.0 bd_dvt/0 baiduboxapp/15.51.0.10 (Baidu; P1 15) NABar/1.0"
183.229.252.59 - - [22/Mar/2026:07:45:36 +0800] "GET /wp-content/uploads/2025/07/1750671808-partner6_200x50.webp HTTP/1.1" 200 3004 "http://cqqizhou.com/about" "Mozilla/5.0 (Linux; Android 15; REP-AN00 Build/HONORREP-AN00; wv) AppleWebKit/537.36 (KHTML, like Gecko) Version/4.0 Chrome/97.0.4692.98 Mobile Safari/537.36 T7/13.40 SP-engine/3.56.0 bd_dvt/0 baiduboxapp/15.51.0.10 (Baidu; P1 15) NABar/1.0"
183.229.252.59 - - [22/Mar/2026:07:45:36 +0800] "GET /wp-content/uploads/2025/07/1751425283-qizhou.kf_.qq_.com_.webp HTTP/1.1" 200 16864 "http://cqqizhou.com/about" "Mozilla/5.0 (Linux; Android 15; REP-AN00 Build/HONORREP-AN00; wv) AppleWebKit/537.36 (KHTML, like Gecko) Version/4.0 Chrome/97.0.4692.98 Mobile Safari/537.36 T7/13.40 SP-engine/3.56.0 bd_dvt/0 baiduboxapp/15.51.0.10 (Baidu; P1 15) NABar/1.0"
183.229.252.59 - - [22/Mar/2026:07:45:36 +0800] "GET /wp-content/uploads/elementor/thumbs/1751373145-About_Qizhoudalou_W800px-r91b70ok8huvvdr4ynxnf302e8ie3iydlh6ag9ew82.webp HTTP/1.1" 200 37938 "http://cqqizhou.com/about" "Mozilla/5.0 (Linux; Android 15; REP-AN00 Build/HONORREP-AN00; wv) AppleWebKit/537.36 (KHTML, like Gecko) Version/4.0 Chrome/97.0.4692.98 Mobile Safari/537.36 T7/13.40 SP-engine/3.56.0 bd_dvt/0 baiduboxapp/15.51.0.10 (Baidu; P1 15) NABar/1.0"
183.229.252.59 - - [22/Mar/2026:07:45:36 +0800] "GET /wp-content/uploads/elementor/thumbs/1751209300-Hello-Qizhou3-r91b71mdtei8mab1rr8x739cnvi1mafuaga3vbed3o.webp HTTP/1.1" 200 39120 "http://cqqizhou.com/about" "Mozilla/5.0 (Linux; Android 15; REP-AN00 Build/HONORREP-AN00; wv) AppleWebKit/537.36 (KHTML, like Gecko) Version/4.0 Chrome/97.0.4692.98 Mobile Safari/537.36 T7/13.40 SP-engine/3.56.0 bd_dvt/0 baiduboxapp/15.51.0.10 (Baidu; P1 15) NABar/1.0"
183.229.252.59 - - [22/Mar/2026:07:45:36 +0800] "GET /wp-content/uploads/2025/07/1750945514-honor300%C3%97206_3.webp HTTP/1.1" 200 74124 "http://cqqizhou.com/about" "Mozilla/5.0 (Linux; Android 15; REP-AN00 Build/HONORREP-AN00; wv) AppleWebKit/537.36 (KHTML, like Gecko) Version/4.0 Chrome/97.0.4692.98 Mobile Safari/537.36 T7/13.40 SP-engine/3.56.0 bd_dvt/0 baiduboxapp/15.51.0.10 (Baidu; P1 15) NABar/1.0"
183.229.252.59 - - [22/Mar/2026:07:45:36 +0800] "GET /wp-content/uploads/2025/07/1750945616-honor300%C3%97206_4.webp HTTP/1.1" 200 33814 "http://cqqizhou.com/about" "Mozilla/5.0 (Linux; Android 15; REP-AN00 Build/HONORREP-AN00; wv) AppleWebKit/537.36 (KHTML, like Gecko) Version/4.0 Chrome/97.0.4692.98 Mobile Safari/537.36 T7/13.40 SP-engine/3.56.0 bd_dvt/0 baiduboxapp/15.51.0.10 (Baidu; P1 15) NABar/1.0"
183.229.252.59 - - [22/Mar/2026:07:45:38 +0800] "GET /wp-content/uploads/2025/07/1750945637-honor300%C3%97206_5.webp HTTP/1.1" 200 77368 "http://cqqizhou.com/about" "Mozilla/5.0 (Linux; Android 15; REP-AN00 Build/HONORREP-AN00; wv) AppleWebKit/537.36 (KHTML, like Gecko) Version/4.0 Chrome/97.0.4692.98 Mobile Safari/537.36 T7/13.40 SP-engine/3.56.0 bd_dvt/0 baiduboxapp/15.51.0.10 (Baidu; P1 15) NABar/1.0"
183.229.252.59 - - [22/Mar/2026:07:45:43 +0800] "GET /wp-content/uploads/2025/07/1750945650-honor300%C3%97206_6.webp HTTP/1.1" 200 66306 "http://cqqizhou.com/about" "Mozilla/5.0 (Linux; Android 15; REP-AN00 Build/HONORREP-AN00; wv) AppleWebKit/537.36 (KHTML, like Gecko) Version/4.0 Chrome/97.0.4692.98 Mobile Safari/537.36 T7/13.40 SP-engine/3.56.0 bd_dvt/0 baiduboxapp/15.51.0.10 (Baidu; P1 15) NABar/1.0"
183.229.252.59 - - [22/Mar/2026:07:45:46 +0800] "GET /wp-content/uploads/2025/07/1750656103-Visionr2000x800_20250623131702.webp HTTP/1.1" 200 57650 "http://cqqizhou.com/wp-content/uploads/elementor/css/post-1849.css?ver=1773749912" "Mozilla/5.0 (Linux; Android 15; REP-AN00 Build/HONORREP-AN00; wv) AppleWebKit/537.36 (KHTML, like Gecko) Version/4.0 Chrome/97.0.4692.98 Mobile Safari/537.36 T7/13.40 SP-engine/3.56.0 bd_dvt/0 baiduboxapp/15.51.0.10 (Baidu; P1 15) NABar/1.0"
183.229.252.59 - - [22/Mar/2026:07:46:02 +0800] "GET /about HTTP/1.1" 200 24160 "https://m.baidu.com/?eqid=909a47fb39a324731000000269bf2cce" "Mozilla/5.0 (Linux; Android 15; REP-AN00 Build/HONORREP-AN00; wv) AppleWebKit/537.36 (KHTML, like Gecko) Version/4.0 Chrome/97.0.4692.98 Mobile Safari/537.36 T7/13.40 SP-engine/3.56.0 bd_dvt/0 baiduboxapp/15.51.0.10 (Baidu; P1 15) NABar/1.0"
36.133.115.36 - - [22/Mar/2026:07:46:10 +0800] "POST /wp-cron.php?doing_wp_cron=1774136770.0554969310760498046875 HTTP/1.1" 200 31 "-" "WordPress/6.9; http://cqqizhou.com"
183.229.252.59 - - [22/Mar/2026:07:46:10 +0800] "GET /about HTTP/1.1" 200 24160 "https://m.baidu.com/?eqid=909a47fb39a324731000000269bf2cce" "Mozilla/5.0 (Linux; Android 15; REP-AN00 Build/HONORREP-AN00; wv) AppleWebKit/537.36 (KHTML, like Gecko) Version/4.0 Chrome/97.0.4692.98 Mobile Safari/537.36 T7/13.40 SP-engine/3.56.0 bd_dvt/0 baiduboxapp/15.51.0.10 (Baidu; P1 15) NABar/1.0"
36.133.115.36 - - [22/Mar/2026:07:49:03 +0800] "POST /wp-cron.php?doing_wp_cron=1774136943.8031311035156250000000 HTTP/1.1" 200 31 "-" "WordPress/6.9; http://cqqizhou.com"
116.179.32.165 - - [22/Mar/2026:07:49:03 +0800] "GET /about/ HTTP/1.1" 301 5 "-" "Mozilla/5.0 (Linux;u;Android 4.2.2;zh-cn;) AppleWebKit/534.46 (KHTML,like Gecko) Version/5.1 Mobile Safari/10600.6.3 (compatible; Baiduspider/2.0; +http://www.baidu.com/search/spider.html)"
116.179.32.214 - - [22/Mar/2026:07:49:04 +0800] "GET /about HTTP/1.1" 200 24160 "-" "Mozilla/5.0 (Linux;u;Android 4.2.2;zh-cn;) AppleWebKit/534.46 (KHTML,like Gecko) Version/5.1 Mobile Safari/10600.6.3 (compatible; Baiduspider/2.0; +http://www.baidu.com/search/spider.html)"
116.179.37.99 - - [22/Mar/2026:07:49:10 +0800] "GET /wp-content/uploads/2025/07/1750649803-qizhou800x500_2.webp HTTP/1.1" 200 63616 "http://cqqizhou.com/about" "Mozilla/5.0 (iPhone; CPU iPhone OS 9_1 like Mac OS X) AppleWebKit/601.1.46 (KHTML, like Gecko) Version/9.0 Mobile/13B143 Safari/601.1 (compatible; Baiduspider-render/2.0; +http://www.baidu.com/search/spider.html)"
204.76.203.206 - - [22/Mar/2026:07:51:59 +0800] "GET / HTTP/1.1" 499 0 "-" "Mozilla/5.0 (Windows NT 10.0; Win64; x64) AppleWebKit/537.36 (KHTML, like Gecko) Chrome/90.0.4430.85 Safari/537.36 Edg/90.0.818.46"
36.133.115.36 - - [22/Mar/2026:07:53:19 +0800] "POST /wp-cron.php?doing_wp_cron=1774137198.9968430995941162109375 HTTP/1.1" 200 31 "-" "WordPress/6.9; http://cqqizhou.com"
110.249.202.29 - - [22/Mar/2026:07:53:19 +0800] "GET /logistics HTTP/1.1" 200 25344 "-" "Mozilla/5.0 (Linux; Android 5.0) AppleWebKit/537.36 (KHTML, like Gecko) Mobile Safari/537.36 (compatible; Bytespider; https://zhanzhang.toutiao.com/)"
110.249.202.4 - - [22/Mar/2026:07:53:19 +0800] "GET /wp-content/uploads/2026/01/1767696162-qizhoutruck3-768x173.webp HTTP/1.1" 206 500 "http://cqqizhou.com/logistics" "Mozilla/5.0 (Linux; Android 5.0) AppleWebKit/537.36 (KHTML, like Gecko) Mobile Safari/537.36 (compatible; Bytespider; https://zhanzhang.toutiao.com/)"
110.249.202.13 - - [22/Mar/2026:07:53:19 +0800] "GET /wp-content/uploads/2025/12/1765862012-DSC20251216131140-768x432.webp HTTP/1.1" 206 500 "http://cqqizhou.com/logistics" "Mozilla/5.0 (Linux; Android 5.0) AppleWebKit/537.36 (KHTML, like Gecko) Mobile Safari/537.36 (compatible; Bytespider; https://zhanzhang.toutiao.com/)"
110.249.202.240 - - [22/Mar/2026:07:53:19 +0800] "GET /wp-content/uploads/2025/11/1762864381-QZ_Photo-7-768x512.webp HTTP/1.1" 206 500 "http://cqqizhou.com/logistics" "Mozilla/5.0 (Linux; Android 5.0) AppleWebKit/537.36 (KHTML, like Gecko) Mobile Safari/537.36 (compatible; Bytespider; https://zhanzhang.toutiao.com/)"
110.249.202.240 - - [22/Mar/2026:07:53:19 +0800] "GET /wp-content/uploads/2026/01/1767696142-aojiaqiao20260104.webp HTTP/1.1" 206 500 "http://cqqizhou.com/wp-content/uploads/elementor/css/post-1959.css?ver=1773729159" "Mozilla/5.0 (Linux; Android 5.0) AppleWebKit/537.36 (KHTML, like Gecko) Mobile Safari/537.36 (compatible; Bytespider; https://zhanzhang.toutiao.com/)"
110.249.202.4 - - [22/Mar/2026:07:53:19 +0800] "GET /wp-content/uploads/logistics/Conatiner-5.webp HTTP/1.1" 206 500 "http://cqqizhou.com/logistics" "Mozilla/5.0 (Linux; Android 5.0) AppleWebKit/537.36 (KHTML, like Gecko) Mobile Safari/537.36 (compatible; Bytespider; https://zhanzhang.toutiao.com/)"
36.133.115.36 - - [22/Mar/2026:07:58:51 +0800] "POST /wp-cron.php?doing_wp_cron=1774137531.9470679759979248046875 HTTP/1.1" 200 31 "-" "WordPress/6.9; http://cqqizhou.com"
43.156.232.190 - - [22/Mar/2026:07:58:51 +0800] "GET / HTTP/1.1" 200 34810 "-" "Mozilla/5.0 (iPhone; CPU iPhone OS 13_2_3 like Mac OS X) AppleWebKit/605.1.15 (KHTML, like Gecko) Version/13.0.3 Mobile/15E148 Safari/604.1"
175.44.42.201 - - [22/Mar/2026:08:11:19 +0800] "GET / HTTP/1.1" 200 35249 "http://www.lyckants.online/" "Mozilla/5.0 (Windows NT 10.0; Win64; x64) AppleWebKit/537.36 (KHTML, like Gecko) Chrome/144.0.0.0 Safari/537.36"
36.133.115.36 - - [22/Mar/2026:08:17:07 +0800] "POST /wp-cron.php?doing_wp_cron=1774138627.3652710914611816406250 HTTP/1.1" 200 31 "-" "WordPress/6.9; http://cqqizhou.com"
43.157.170.13 - - [22/Mar/2026:08:17:07 +0800] "GET /wp-json/oembed/1.0/embed?url=http%3A%2F%2Fcqqizhou.com%2F HTTP/1.1" 200 1130 "-" "Mozilla/5.0 (iPhone; CPU iPhone OS 13_2_3 like Mac OS X) AppleWebKit/605.1.15 (KHTML, like Gecko) Version/13.0.3 Mobile/15E148 Safari/604.1"
36.133.115.36 - - [22/Mar/2026:08:28:52 +0800] "POST /wp-cron.php?doing_wp_cron=1774139332.7070469856262207031250 HTTP/1.1" 200 31 "-" "WordPress/6.9; http://cqqizhou.com"
149.86.227.60 - - [22/Mar/2026:08:28:53 +0800] "GET / HTTP/1.1" 200 157185 "-" "Mozilla/5.0"
36.133.115.36 - - [22/Mar/2026:08:38:09 +0800] "POST /wp-cron.php?doing_wp_cron=1774139889.0814120769500732421875 HTTP/1.1" 200 31 "-" "WordPress/6.9; http://cqqizhou.com"
118.212.75.10 - - [22/Mar/2026:08:38:09 +0800] "GET /Ly9jcXFpemhvdS5jb20vd3AtY29udGVudC91cGxvYWRzLzIwMjYvMDEvMTc2ODI4MDI3MC1hbnF1YW5fU2xpZGVyXzM4NDDDlzIxNjBfMjAyNjAxMTQtc2NhbGVkLndlYnA= HTTP/1.1" 404 8949 "-" "Mozilla/5.0 (Windows NT 10.0; Win64; x64) AppleWebKit/537.36 (KHTML, like Gecko) Chrome/80.0.3987.16"
36.133.115.36 - - [22/Mar/2026:09:05:18 +0800] "POST /wp-cron.php?doing_wp_cron=1774141518.6968350410461425781250 HTTP/1.1" 200 31 "-" "WordPress/6.9; http://cqqizhou.com"
179.181.11.10 - - [22/Mar/2026:09:05:18 +0800] "GET / HTTP/1.1" 301 5 "-" "Go-http-client/1.1"
179.181.11.10 - - [22/Mar/2026:09:05:20 +0800] "GET / HTTP/1.1" 200 35249 "http://36.133.115.36" "Go-http-client/1.1"
36.133.115.36 - - [22/Mar/2026:09:31:09 +0800] "POST /wp-cron.php?doing_wp_cron=1774143069.3637990951538085937500 HTTP/1.1" 200 31 "-" "WordPress/6.9; http://cqqizhou.com"
36.133.108.119 - - [22/Mar/2026:09:31:09 +0800] "HEAD /.env.dev HTTP/1.1" 404 0 "-" "Mozilla/5.0 (Windows NT 6.2; WOW64) AppleWebKit/537.14 (KHTML, like Gecko) Chrome/24.0.1292.0 Safari/537.14"
