192.253.248.132 - - [22/Mar/2026:10:06:15 +0800] "GET / HTTP/1.1" 200 35249 "-" "Mozilla/5.0 (Windows NT 10.0; Win64; x64) AppleWebKit/537.36 Chrome/120 Safari/537.36"
36.133.115.36 - - [22/Mar/2026:10:06:17 +0800] "POST /wp-cron.php?doing_wp_cron=1774145177.4327199459075927734375 HTTP/1.1" 200 31 "-" "WordPress/6.9; http://cqqizhou.com"
110.249.201.107 - - [22/Mar/2026:10:06:17 +0800] "GET /robots.txt HTTP/1.1" 200 190 "-" "Mozilla/5.0 (Linux; Android 5.0) AppleWebKit/537.36 (KHTML, like Gecko) Mobile Safari/537.36 (compatible; Bytespider; https://zhanzhang.toutiao.com/)"
36.133.115.36 - - [22/Mar/2026:10:11:28 +0800] "POST /wp-cron.php?doing_wp_cron=1774145488.3279919624328613281250 HTTP/1.1" 200 31 "-" "WordPress/6.9; http://cqqizhou.com"
36.133.108.119 - - [22/Mar/2026:10:11:28 +0800] "HEAD /ADMIN/.env HTTP/1.1" 404 0 "-" "Mozilla/5.0 (compatible; MSIE 8.0; Windows NT 5.1; Trident/4.0; SLCC1; .NET CLR 3.0.4506.2152; .NET CLR 3.5.30729; .NET CLR 1.1.4322)"
36.133.115.36 - - [22/Mar/2026:10:16:18 +0800] "POST /wp-cron.php?doing_wp_cron=1774145778.9447050094604492187500 HTTP/1.1" 200 31 "-" "WordPress/6.9; http://cqqizhou.com"
47.114.89.255 - - [22/Mar/2026:10:16:18 +0800] "GET /index.php?g=Asset&m=Asset&a=swfupload HTTP/1.1" 301 5 "-" "Mozilla/5.0 (Windows NT 10.0; Win64; x64)"
47.114.89.255 - - [22/Mar/2026:10:16:20 +0800] "GET /?g=Asset&m=Asset&a=swfupload HTTP/1.1" 200 19892 "-" "Mozilla/5.0 (Windows NT 10.0; Win64; x64)"
36.133.115.36 - - [22/Mar/2026:10:18:25 +0800] "POST /wp-cron.php?doing_wp_cron=1774145905.6682400703430175781250 HTTP/1.1" 200 31 "-" "WordPress/6.9; http://cqqizhou.com"
43.153.102.138 - - [22/Mar/2026:10:18:25 +0800] "GET / HTTP/1.1" 301 5 "-" "Mozilla/5.0 (iPhone; CPU iPhone OS 13_2_3 like Mac OS X) AppleWebKit/605.1.15 (KHTML, like Gecko) Version/13.0.3 Mobile/15E148 Safari/604.1"
43.153.102.138 - - [22/Mar/2026:10:18:28 +0800] "GET / HTTP/1.1" 200 34810 "http://www.cqqizhou.com" "Mozilla/5.0 (iPhone; CPU iPhone OS 13_2_3 like Mac OS X) AppleWebKit/605.1.15 (KHTML, like Gecko) Version/13.0.3 Mobile/15E148 Safari/604.1"
36.133.115.36 - - [22/Mar/2026:10:24:23 +0800] "POST /wp-cron.php?doing_wp_cron=1774146263.3504889011383056640625 HTTP/1.1" 200 31 "-" "WordPress/6.9; http://cqqizhou.com"
36.133.108.121 - - [22/Mar/2026:10:24:23 +0800] "HEAD /settings.ini HTTP/1.1" 404 0 "-" "Mozilla/5.0 (Macintosh; U; Intel Mac OS X 10_6_6; sv-se) AppleWebKit/533.20.25 (KHTML, like Gecko) Version/5.0.4 Safari/533.20.27"
36.133.115.36 - - [22/Mar/2026:10:29:28 +0800] "POST /wp-cron.php?doing_wp_cron=1774146568.4190649986267089843750 HTTP/1.1" 200 31 "-" "WordPress/6.9; http://cqqizhou.com"
216.244.66.245 - - [22/Mar/2026:10:29:28 +0800] "GET /robots.txt HTTP/1.1" 200 390 "-" "Mozilla/5.0 (compatible; DotBot/1.2; +https://opensiteexplorer.org/dotbot; help@moz.com)"
36.133.115.36 - - [22/Mar/2026:10:34:11 +0800] "POST /wp-cron.php?doing_wp_cron=1774146851.8862950801849365234375 HTTP/1.1" 200 31 "-" "WordPress/6.9; http://cqqizhou.com"
43.133.66.51 - - [22/Mar/2026:10:34:11 +0800] "GET / HTTP/1.1" 200 34810 "-" "Mozilla/5.0 (iPhone; CPU iPhone OS 13_2_3 like Mac OS X) AppleWebKit/605.1.15 (KHTML, like Gecko) Version/13.0.3 Mobile/15E148 Safari/604.1"
216.244.66.245 - - [22/Mar/2026:10:34:57 +0800] "GET /uncategorized HTTP/1.1" 200 73786 "-" "Mozilla/5.0 (compatible; DotBot/1.2; +https://opensiteexplorer.org/dotbot; help@moz.com)"
216.244.66.245 - - [22/Mar/2026:10:35:01 +0800] "GET /news/tag/%E7%89%A9%E6%B5%81 HTTP/1.1" 200 75661 "-" "Mozilla/5.0 (compatible; DotBot/1.2; +https://opensiteexplorer.org/dotbot; help@moz.com)"
36.133.115.36 - - [22/Mar/2026:10:45:27 +0800] "POST /wp-cron.php?doing_wp_cron=1774147527.1166400909423828125000 HTTP/1.1" 200 31 "-" "WordPress/6.9; http://cqqizhou.com"
160.119.76.55 - - [22/Mar/2026:10:45:27 +0800] "GET / HTTP/1.1" 301 5 "-" "Mozilla/5.0"
36.133.115.36 - - [22/Mar/2026:10:57:04 +0800] "POST /wp-cron.php?doing_wp_cron=1774148224.0297260284423828125000 HTTP/1.1" 200 31 "-" "WordPress/6.9; http://cqqizhou.com"
160.119.76.55 - - [22/Mar/2026:10:57:04 +0800] "GET / HTTP/1.1" 301 5 "-" "Mozilla/5.0"
36.133.115.36 - - [22/Mar/2026:10:58:15 +0800] "POST /wp-cron.php?doing_wp_cron=1774148295.8059220314025878906250 HTTP/1.1" 200 31 "-" "WordPress/6.9; http://cqqizhou.com"
160.119.76.55 - - [22/Mar/2026:10:58:15 +0800] "GET / HTTP/1.1" 301 5 "-" "Mozilla/5.0"
20.234.20.103 - - [22/Mar/2026:11:11:09 +0800] "GET /wp-content/plugins/hellopress/wp_filemanager.php HTTP/1.1" 404 27 "-" "-"
20.234.20.103 - - [22/Mar/2026:11:11:09 +0800] "GET /bs.php HTTP/1.1" 404 27 "-" "-"
20.234.20.103 - - [22/Mar/2026:11:11:09 +0800] "GET /wp-content/function.php HTTP/1.1" 404 27 "-" "-"
36.133.115.36 - - [22/Mar/2026:11:37:10 +0800] "POST /wp-cron.php?doing_wp_cron=1774150630.7350430488586425781250 HTTP/1.1" 200 31 "-" "WordPress/6.9; http://cqqizhou.com"
178.128.82.182 - - [22/Mar/2026:11:37:10 +0800] "GET / HTTP/1.1" 200 157185 "-" "-"
66.249.73.8 - - [22/Mar/2026:11:46:35 +0800] "GET /wp-content/uploads/2025/12/1766375846-Article20251216211545.webp HTTP/1.1" 200 70386 "-" "GoogleOther-Image/1.0"
36.133.115.36 - - [22/Mar/2026:11:51:34 +0800] "POST /wp-cron.php?doing_wp_cron=1774151494.7077050209045410156250 HTTP/1.1" 200 31 "-" "WordPress/6.9; http://cqqizhou.com"
66.249.73.9 - - [22/Mar/2026:11:51:34 +0800] "GET /media/4 HTTP/1.1" 200 25967 "-" "Mozilla/5.0 (Linux; Android 6.0.1; Nexus 5X Build/MMB29P) AppleWebKit/537.36 (KHTML, like Gecko) Chrome/145.0.7632.159 Mobile Safari/537.36 (compatible; Googlebot/2.1; +http://www.google.com/bot.html)"
36.133.115.36 - - [22/Mar/2026:11:54:30 +0800] "POST /wp-cron.php?doing_wp_cron=1774151670.2190759181976318359375 HTTP/1.1" 200 31 "-" "WordPress/6.9; http://cqqizhou.com"
113.120.144.52 - - [22/Mar/2026:11:54:30 +0800] "GET / HTTP/1.1" 301 5 "-" "Go-http-client/1.1"
113.120.144.52 - - [22/Mar/2026:11:54:30 +0800] "GET / HTTP/1.1" 200 35249 "http://xa5.shaanxi.cn.antiddos.cspt.fullcone.cn" "Go-http-client/1.1"
36.133.115.36 - - [22/Mar/2026:11:57:01 +0800] "POST /wp-cron.php?doing_wp_cron=1774151821.0891931056976318359375 HTTP/1.1" 200 31 "-" "WordPress/6.9; http://cqqizhou.com"
27.29.150.10 - - [22/Mar/2026:11:57:01 +0800] "GET http://cqqizhou.com/news/ HTTP/1.1" 301 5 "-" "Mozilla/5.0 (Macintosh; Intel Mac OS X 10_15_7) AppleWebKit/537.36 (KHTML, like Gecko) Chrome/123.0.0.0 Safari/537.36"
27.29.150.10 - - [22/Mar/2026:11:57:02 +0800] "GET http://cqqizhou.com/news HTTP/1.1" 200 25824 "-" "Mozilla/5.0 (Macintosh; Intel Mac OS X 10_15_7) AppleWebKit/537.36 (KHTML, like Gecko) Chrome/123.0.0.0 Safari/537.36"
36.133.115.36 - - [22/Mar/2026:11:58:41 +0800] "POST /wp-cron.php?doing_wp_cron=1774151921.8374309539794921875000 HTTP/1.1" 200 31 "-" "WordPress/6.9; http://cqqizhou.com"
117.60.120.168 - - [22/Mar/2026:11:58:41 +0800] "GET /policy/ HTTP/1.1" 404 8948 "-" "Mozilla/5.0 (Macintosh; Intel Mac OS X 10_15_7) AppleWebKit/537.36 (KHTML, like Gecko) Chrome/131.0.0.0 Safari/537.36"
216.244.66.245 - - [22/Mar/2026:11:58:49 +0800] "GET /robots.txt HTTP/1.1" 200 390 "-" "Mozilla/5.0 (compatible; DotBot/1.2; +https://opensiteexplorer.org/dotbot; help@moz.com)"
36.133.115.36 - - [22/Mar/2026:12:04:22 +0800] "POST /wp-cron.php?doing_wp_cron=1774152262.1859560012817382812500 HTTP/1.1" 200 31 "-" "WordPress/6.9; http://cqqizhou.com"
216.244.66.245 - - [22/Mar/2026:12:04:22 +0800] "GET /news/tag/%E5%8D%9A%E8%81%94%E8%BE%BE HTTP/1.1" 200 75658 "-" "Mozilla/5.0 (compatible; DotBot/1.2; +https://opensiteexplorer.org/dotbot; help@moz.com)"
36.133.115.36 - - [22/Mar/2026:12:09:09 +0800] "POST /wp-cron.php?doing_wp_cron=1774152549.7692000865936279296875 HTTP/1.1" 200 31 "-" "WordPress/6.9; http://cqqizhou.com"
36.133.108.121 - - [22/Mar/2026:12:09:09 +0800] "HEAD / HTTP/1.1" 301 0 "-" "Mozilla/5.0 (Windows NT 6.1; rv:21.0) Gecko/20100101 Firefox/21.0"
36.133.115.36 - - [22/Mar/2026:12:14:55 +0800] "POST /wp-cron.php?doing_wp_cron=1774152895.2893838882446289062500 HTTP/1.1" 200 31 "-" "WordPress/6.9; http://cqqizhou.com"
36.133.108.119 - - [22/Mar/2026:12:14:55 +0800] "HEAD /app.yaml HTTP/1.1" 404 0 "-" "Mozilla/5.0 (Windows NT 6.2; WOW64) AppleWebKit/537.14 (KHTML, like Gecko) Chrome/24.0.1292.0 Safari/537.14"
95.214.53.99 - - [22/Mar/2026:12:19:06 +0800] "GET /currentsetting.htm HTTP/1.1" 499 0 "-" "-"
36.133.115.36 - - [22/Mar/2026:12:19:06 +0800] "POST /wp-cron.php?doing_wp_cron=1774153146.7568490505218505859375 HTTP/1.1" 200 31 "-" "WordPress/6.9; http://cqqizhou.com"
36.133.115.36 - - [22/Mar/2026:12:27:48 +0800] "POST /wp-cron.php?doing_wp_cron=1774153668.0403900146484375000000 HTTP/1.1" 200 31 "-" "WordPress/6.9; http://cqqizhou.com"
119.84.246.117 - - [22/Mar/2026:12:27:48 +0800] "GET / HTTP/1.1" 301 5 "-" "-"
119.84.246.117 - - [22/Mar/2026:12:27:48 +0800] "GET / HTTP/1.1" 200 158844 "-" "-"
119.84.246.117 - - [22/Mar/2026:12:27:50 +0800] "GET / HTTP/1.1" 301 5 "-" "Mozilla/5.0 (Windows NT 6.1; WOW64) AppleWebKit/535.19 (KHTML, like Gecko) Chrome/18.0.1025.168 Safari/535.19 QIHU 360EE"
119.84.246.117 - - [22/Mar/2026:12:27:50 +0800] "GET / HTTP/1.1" 200 35249 "-" "Mozilla/5.0 (Windows NT 6.1; WOW64) AppleWebKit/535.19 (KHTML, like Gecko) Chrome/18.0.1025.168 Safari/535.19 QIHU 360EE"
119.84.246.117 - - [22/Mar/2026:12:27:50 +0800] "GET /wp-content/uploads/2025/07/1751425283-qizhou.kf_.qq_.com_.webp HTTP/1.1" 200 16864 "http://cqqizhou.com/" "Mozilla/5.0 (Windows NT 6.1; WOW64) AppleWebKit/535.19 (KHTML, like Gecko) Chrome/18.0.1025.168 Safari/535.19 QIHU 360EE"
119.84.246.117 - - [22/Mar/2026:12:27:50 +0800] "GET /wp-content/uploads/2025/07/1753453096-%E5%8F%8C%E7%9B%B8%E9%92%A2product_Single600%C3%97284.webp HTTP/1.1" 200 14562 "http://cqqizhou.com/" "Mozilla/5.0 (Windows NT 6.1; WOW64) AppleWebKit/535.19 (KHTML, like Gecko) Chrome/18.0.1025.168 Safari/535.19 QIHU 360EE"
119.84.246.117 - - [22/Mar/2026:12:27:50 +0800] "GET /wp-content/uploads/2025/07/1753456723-%E5%8F%8C%E7%9B%B8%E9%92%A2roduct_Single600.webp HTTP/1.1" 200 22790 "http://cqqizhou.com/" "Mozilla/5.0 (Windows NT 6.1; WOW64) AppleWebKit/535.19 (KHTML, like Gecko) Chrome/18.0.1025.168 Safari/535.19 QIHU 360EE"
119.84.246.117 - - [22/Mar/2026:12:27:50 +0800] "GET /wp-content/uploads/2026/03/1773722869-1Article_images_W900px.webp HTTP/1.1" 200 28566 "http://cqqizhou.com/" "Mozilla/5.0 (Windows NT 6.1; WOW64) AppleWebKit/535.19 (KHTML, like Gecko) Chrome/18.0.1025.168 Safari/535.19 QIHU 360EE"
119.84.246.117 - - [22/Mar/2026:12:27:50 +0800] "GET /wp-content/uploads/2025/07/1753453127-%E4%BD%99%E5%8D%B7product_Single600%C3%97284.webp HTTP/1.1" 200 18744 "http://cqqizhou.com/" "Mozilla/5.0 (Windows NT 6.1; WOW64) AppleWebKit/535.19 (KHTML, like Gecko) Chrome/18.0.1025.168 Safari/535.19 QIHU 360EE"
119.84.246.117 - - [22/Mar/2026:12:27:50 +0800] "GET /wp-content/uploads/2026/03/1772790791-%E5%B0%81%E9%9D%A2%E5%A4%B4%E5%9B%BEArticle_images_W900%C3%97500px2026.webp HTTP/1.1" 200 52968 "http://cqqizhou.com/" "Mozilla/5.0 (Windows NT 6.1; WOW64) AppleWebKit/535.19 (KHTML, like Gecko) Chrome/18.0.1025.168 Safari/535.19 QIHU 360EE"
119.84.246.117 - - [22/Mar/2026:12:27:50 +0800] "GET /wp-content/uploads/2025/07/1753456770-%E7%83%AD%E9%95%80%E9%94%8C%E5%8D%B7product_Single600.webp HTTP/1.1" 200 27502 "http://cqqizhou.com/" "Mozilla/5.0 (Windows NT 6.1; WOW64) AppleWebKit/535.19 (KHTML, like Gecko) Chrome/18.0.1025.168 Safari/535.19 QIHU 360EE"
119.84.246.117 - - [22/Mar/2026:12:27:50 +0800] "GET /wp-content/uploads/2026/02/1772086672-%E5%BC%80%E5%B7%A5%E5%A4%A7%E5%90%89%E5%B0%81%E9%9D%A2%E5%A4%B4%E5%9B%BEArticle_images_W900%C3%97500px.webp HTTP/1.1" 200 99110 "http://cqqizhou.com/" "Mozilla/5.0 (Windows NT 6.1; WOW64) AppleWebKit/535.19 (KHTML, like Gecko) Chrome/18.0.1025.168 Safari/535.19 QIHU 360EE"
119.84.246.117 - - [22/Mar/2026:12:27:50 +0800] "GET /wp-content/uploads/2025/07/1753454299-Article_images_W900px.webp HTTP/1.1" 200 52418 "http://cqqizhou.com/" "Mozilla/5.0 (Windows NT 6.1; WOW64) AppleWebKit/535.19 (KHTML, like Gecko) Chrome/18.0.1025.168 Safari/535.19 QIHU 360EE"
119.84.246.117 - - [22/Mar/2026:12:27:50 +0800] "GET /wp-content/uploads/2026/03/1772713922-Article_images_W900px.webp HTTP/1.1" 200 41304 "http://cqqizhou.com/" "Mozilla/5.0 (Windows NT 6.1; WOW64) AppleWebKit/535.19 (KHTML, like Gecko) Chrome/18.0.1025.168 Safari/535.19 QIHU 360EE"
36.133.115.36 - - [22/Mar/2026:12:29:31 +0800] "POST /wp-cron.php?doing_wp_cron=1774153771.5167360305786132812500 HTTP/1.1" 200 31 "-" "WordPress/6.9; http://cqqizhou.com"
36.41.75.167 - - [22/Mar/2026:12:29:31 +0800] "GET / HTTP/1.1" 200 34810 "-" "Mozilla/5.0 (iPhone; CPU iPhone OS 13_2_3 like Mac OS X) AppleWebKit/605.1.15 (KHTML, like Gecko) Version/13.0.3 Mobile/15E148 Safari/604.1"
36.133.115.36 - - [22/Mar/2026:12:31:50 +0800] "POST /wp-cron.php?doing_wp_cron=1774153910.7606310844421386718750 HTTP/1.1" 200 31 "-" "WordPress/6.9; http://cqqizhou.com"
103.230.15.160 - - [22/Mar/2026:12:31:50 +0800] "GET /index.php?g=user&m=register&a=doregister HTTP/1.1" 301 5 "-" "Mozilla/5.0 (Windows NT 10.0; WOW64; rv:48.0) Gecko/20100101 Firefox/48.0"
36.133.115.36 - - [22/Mar/2026:12:45:39 +0800] "POST /wp-cron.php?doing_wp_cron=1774154739.1892049312591552734375 HTTP/1.1" 200 31 "-" "WordPress/6.9; http://cqqizhou.com"
66.132.172.98 - - [22/Mar/2026:12:45:39 +0800] "GET / HTTP/1.1" 301 5 "-" "Mozilla/5.0 (compatible; CensysInspect/1.1; +https://about.censys.io/)"
66.132.172.98 - - [22/Mar/2026:12:45:48 +0800] "GET /sitemap.xml HTTP/1.1" 200 537 "-" "Mozilla/5.0 (compatible; CensysInspect/1.1; +https://about.censys.io/)"
66.132.172.98 - - [22/Mar/2026:12:45:58 +0800] "GET /asvhqd3liavw3ul HTTP/1.1" 404 8949 "-" "Mozilla/5.0 (compatible; CensysInspect/1.1; +https://about.censys.io/)"
36.133.115.36 - - [22/Mar/2026:12:50:39 +0800] "POST /wp-cron.php?doing_wp_cron=1774155039.4356429576873779296875 HTTP/1.1" 200 31 "-" "WordPress/6.9; http://cqqizhou.com"
66.249.73.7 - - [22/Mar/2026:12:50:39 +0800] "GET /robots.txt HTTP/1.1" 200 190 "-" "Mozilla/5.0 (compatible; Googlebot/2.1; +http://www.google.com/bot.html)"
66.249.73.7 - - [22/Mar/2026:12:50:40 +0800] "GET /news/2164 HTTP/1.1" 200 19743 "-" "Mozilla/5.0 (Linux; Android 6.0.1; Nexus 5X Build/MMB29P) AppleWebKit/537.36 (KHTML, like Gecko) Chrome/145.0.7632.159 Mobile Safari/537.36 (compatible; Googlebot/2.1; +http://www.google.com/bot.html)"
36.133.115.36 - - [22/Mar/2026:13:00:54 +0800] "POST /wp-cron.php?doing_wp_cron=1774155654.8333621025085449218750 HTTP/1.1" 200 31 "-" "WordPress/6.9; http://cqqizhou.com"
36.133.108.121 - - [22/Mar/2026:13:00:54 +0800] "HEAD / HTTP/1.1" 301 0 "-" "Mozilla/5.0 (Macintosh; U; Intel Mac OS X 10_6_6; sv-se) AppleWebKit/533.20.25 (KHTML, like Gecko) Version/5.0.4 Safari/533.20.27"
36.133.108.119 - - [22/Mar/2026:13:00:56 +0800] "GET / HTTP/1.1" 301 5 "-" "Scrapy/2.8.0 (+https://scrapy.org)"
36.133.115.36 - - [22/Mar/2026:13:07:54 +0800] "POST /wp-cron.php?doing_wp_cron=1774156074.3512520790100097656250 HTTP/1.1" 200 31 "-" "WordPress/6.9; http://cqqizhou.com"
91.92.82.180 - - [22/Mar/2026:13:07:54 +0800] "GET / HTTP/1.1" 200 157185 "-" "Mozilla/5.0 (Windows NT 10.0; WOW64) AppleWebKit/537.36 (KHTML, like Gecko) Chrome/51.0.2704.103 Safari/537.36"
36.133.115.36 - - [22/Mar/2026:13:09:24 +0800] "POST /wp-cron.php?doing_wp_cron=1774156164.8124749660491943359375 HTTP/1.1" 200 31 "-" "WordPress/6.9; http://cqqizhou.com"
66.249.73.8 - - [22/Mar/2026:13:09:24 +0800] "GET /media/3 HTTP/1.1" 200 26141 "-" "Mozilla/5.0 (Linux; Android 6.0.1; Nexus 5X Build/MMB29P) AppleWebKit/537.36 (KHTML, like Gecko) Chrome/145.0.7632.159 Mobile Safari/537.36 (compatible; Googlebot/2.1; +http://www.google.com/bot.html)"
36.133.115.36 - - [22/Mar/2026:13:15:54 +0800] "POST /wp-cron.php?doing_wp_cron=1774156554.5247049331665039062500 HTTP/1.1" 200 31 "-" "WordPress/6.9; http://cqqizhou.com"
149.86.227.60 - - [22/Mar/2026:13:15:55 +0800] "GET / HTTP/1.1" 200 157185 "-" "Mozilla/5.0"
115.223.142.209 - - [22/Mar/2026:13:48:17 +0800] "GET / HTTP/1.1" 200 35249 "-" "Mozilla/5.0 (X11; Linux x86_64; CentOS Ubuntu 19.04) AppleWebKit/537.36 (KHTML, like Gecko) Chrome/118.0.5957.0 Safari/537.36"
36.133.115.36 - - [22/Mar/2026:13:59:06 +0800] "POST /wp-cron.php?doing_wp_cron=1774159146.8737750053405761718750 HTTP/1.1" 200 31 "-" "WordPress/6.9; http://cqqizhou.com"
36.133.108.125 - - [22/Mar/2026:13:59:06 +0800] "HEAD /.env.dev HTTP/1.1" 404 0 "-" "Mozilla/5.0 (Windows; U; Windows NT 6.1; ja-JP) AppleWebKit/533.20.25 (KHTML, like Gecko) Version/5.0.3 Safari/533.19.4"
36.133.115.36 - - [22/Mar/2026:14:00:25 +0800] "POST /wp-cron.php?doing_wp_cron=1774159225.7799389362335205078125 HTTP/1.1" 200 31 "-" "WordPress/6.9; http://cqqizhou.com"
36.133.108.121 - - [22/Mar/2026:14:00:25 +0800] "HEAD /product/.env HTTP/1.1" 404 0 "-" "Mozilla/5.0 (compatible; MSIE 9.0; Windows NT 6.1; Win64; x64; Trident/5.0"
36.133.115.36 - - [22/Mar/2026:14:03:32 +0800] "POST /wp-cron.php?doing_wp_cron=1774159412.5433990955352783203125 HTTP/1.1" 200 31 "-" "WordPress/6.9; http://cqqizhou.com"
43.165.189.206 - - [22/Mar/2026:14:03:32 +0800] "GET / HTTP/1.1" 200 34808 "-" "Mozilla/5.0 (iPhone; CPU iPhone OS 13_2_3 like Mac OS X) AppleWebKit/605.1.15 (KHTML, like Gecko) Version/13.0.3 Mobile/15E148 Safari/604.1"
36.133.115.36 - - [22/Mar/2026:14:16:47 +0800] "POST /wp-cron.php?doing_wp_cron=1774160207.1465320587158203125000 HTTP/1.1" 200 31 "-" "WordPress/6.9; http://cqqizhou.com"
160.119.76.55 - - [22/Mar/2026:14:16:47 +0800] "GET / HTTP/1.1" 200 34810 "-" "Mozilla/5.0 (Windows NT 10.0; Win64; x64) AppleWebKit/537.36"
160.119.76.55 - - [22/Mar/2026:14:16:53 +0800] "GET /robots.txt HTTP/1.1" 301 5 "-" "Mozilla/5.0"
36.133.115.36 - - [22/Mar/2026:14:37:16 +0800] "POST /wp-cron.php?doing_wp_cron=1774161436.5513000488281250000000 HTTP/1.1" 200 31 "-" "WordPress/6.9; http://cqqizhou.com"
72.255.32.219 - - [22/Mar/2026:14:37:16 +0800] "GET /boaform/admin/formLogin?username=admin&psd=admin HTTP/1.0" 404 31352 "-" "-"
36.133.115.36 - - [22/Mar/2026:15:11:34 +0800] "POST /wp-cron.php?doing_wp_cron=1774163494.3190340995788574218750 HTTP/1.1" 200 31 "-" "WordPress/6.9; http://cqqizhou.com"
216.244.66.245 - - [22/Mar/2026:15:11:34 +0800] "GET /robots.txt HTTP/1.1" 200 390 "-" "Mozilla/5.0 (compatible; DotBot/1.2; +https://opensiteexplorer.org/dotbot; help@moz.com)"
216.244.66.245 - - [22/Mar/2026:15:19:23 +0800] "GET /wp-content/uploads/2025/11/1762908477-QZ_Photo-2.webp HTTP/1.1" 200 185928 "-" "Mozilla/5.0 (compatible; DotBot/1.2; +https://opensiteexplorer.org/dotbot; help@moz.com)"
36.133.115.36 - - [22/Mar/2026:15:20:39 +0800] "POST /wp-cron.php?doing_wp_cron=1774164039.7552719116210937500000 HTTP/1.1" 200 31 "-" "WordPress/6.9; http://cqqizhou.com"
66.249.73.7 - - [22/Mar/2026:15:20:39 +0800] "GET /media HTTP/1.1" 200 26053 "-" "Mozilla/5.0 (Linux; Android 6.0.1; Nexus 5X Build/MMB29P) AppleWebKit/537.36 (KHTML, like Gecko) Chrome/145.0.7632.159 Mobile Safari/537.36 (compatible; Googlebot/2.1; +http://www.google.com/bot.html)"
36.133.115.36 - - [22/Mar/2026:15:23:59 +0800] "POST /wp-cron.php?doing_wp_cron=1774164239.4967350959777832031250 HTTP/1.1" 200 31 "-" "WordPress/6.9; http://cqqizhou.com"
5.61.209.107 - - [22/Mar/2026:15:23:59 +0800] "GET /SDK/webLanguage HTTP/1.1" 301 5 "-" "Mozilla/5.0 (Windows NT 10.0; Win64; x64) AppleWebKit/537.36 (KHTML, like Gecko) Chrome/90.0.4430.85 Safari/537.36 Edg/90.0.818.46"
36.133.115.36 - - [22/Mar/2026:15:33:32 +0800] "POST /wp-cron.php?doing_wp_cron=1774164812.3536078929901123046875 HTTP/1.1" 200 31 "-" "WordPress/6.9; http://cqqizhou.com"
176.65.149.234 - - [22/Mar/2026:15:33:32 +0800] "GET / HTTP/1.1" 200 157185 "-" "Mozilla/1.0"
36.133.115.36 - - [22/Mar/2026:15:41:37 +0800] "POST /wp-cron.php?doing_wp_cron=1774165297.0284349918365478515625 HTTP/1.1" 200 31 "-" "WordPress/6.9; http://cqqizhou.com"
89.42.231.241 - - [22/Mar/2026:15:41:38 +0800] "GET / HTTP/1.1" 200 157185 "-" "Mozilla/5.0"
36.133.115.36 - - [22/Mar/2026:15:56:32 +0800] "POST /wp-cron.php?doing_wp_cron=1774166192.0095679759979248046875 HTTP/1.1" 200 31 "-" "WordPress/6.9; http://cqqizhou.com"
216.244.66.245 - - [22/Mar/2026:15:56:32 +0800] "GET /robots.txt HTTP/1.1" 200 390 "-" "Mozilla/5.0 (compatible; DotBot/1.2; +https://opensiteexplorer.org/dotbot; help@moz.com)"
36.133.115.36 - - [22/Mar/2026:16:03:03 +0800] "POST /wp-cron.php?doing_wp_cron=1774166583.9322810173034667968750 HTTP/1.1" 200 31 "-" "WordPress/6.9; http://cqqizhou.com"
216.244.66.245 - - [22/Mar/2026:16:03:03 +0800] "GET /portfolio/%E5%86%B7%E8%BD%A7%E5%8D%B7/ HTTP/1.1" 301 5 "-" "Mozilla/5.0 (compatible; DotBot/1.2; +https://opensiteexplorer.org/dotbot; help@moz.com)"
36.133.115.36 - - [22/Mar/2026:16:09:07 +0800] "POST /wp-cron.php?doing_wp_cron=1774166947.2995951175689697265625 HTTP/1.1" 200 31 "-" "WordPress/6.9; http://cqqizhou.com"
43.154.127.188 - - [22/Mar/2026:16:09:07 +0800] "GET / HTTP/1.1" 301 5 "-" "Mozilla/5.0 (iPhone; CPU iPhone OS 13_2_3 like Mac OS X) AppleWebKit/605.1.15 (KHTML, like Gecko) Version/13.0.3 Mobile/15E148 Safari/604.1"
43.154.127.188 - - [22/Mar/2026:16:09:09 +0800] "GET / HTTP/1.1" 200 34808 "http://36.133.115.36" "Mozilla/5.0 (iPhone; CPU iPhone OS 13_2_3 like Mac OS X) AppleWebKit/605.1.15 (KHTML, like Gecko) Version/13.0.3 Mobile/15E148 Safari/604.1"
36.133.115.36 - - [22/Mar/2026:16:27:05 +0800] "POST /wp-cron.php?doing_wp_cron=1774168025.2349491119384765625000 HTTP/1.1" 200 31 "-" "WordPress/6.9; http://cqqizhou.com"
188.166.241.2 - - [22/Mar/2026:16:27:05 +0800] "GET / HTTP/1.1" 200 157185 "-" "-"
36.133.115.36 - - [22/Mar/2026:16:29:03 +0800] "POST /wp-cron.php?doing_wp_cron=1774168143.5560181140899658203125 HTTP/1.1" 200 31 "-" "WordPress/6.9; http://cqqizhou.com"
110.249.201.12 - - [22/Mar/2026:16:29:03 +0800] "GET /robots.txt HTTP/1.1" 200 190 "-" "Mozilla/5.0 (Linux; Android 5.0) AppleWebKit/537.36 (KHTML, like Gecko) Mobile Safari/537.36 (compatible; Bytespider; https://zhanzhang.toutiao.com/)"
36.133.115.36 - - [22/Mar/2026:16:31:41 +0800] "POST /wp-cron.php?doing_wp_cron=1774168301.5900599956512451171875 HTTP/1.1" 200 31 "-" "WordPress/6.9; http://cqqizhou.com"
36.133.108.125 - - [22/Mar/2026:16:31:41 +0800] "HEAD /user/.env HTTP/1.1" 404 0 "-" "Mozilla/5.0 (compatible; MSIE 9.0; Windows NT 6.1; Trident/5.0; yie8)"
36.133.115.36 - - [22/Mar/2026:16:40:51 +0800] "POST /wp-cron.php?doing_wp_cron=1774168851.4756169319152832031250 HTTP/1.1" 200 31 "-" "WordPress/6.9; http://cqqizhou.com"
216.244.66.245 - - [22/Mar/2026:16:40:51 +0800] "GET /robots.txt HTTP/1.1" 200 390 "-" "Mozilla/5.0 (compatible; DotBot/1.2; +https://opensiteexplorer.org/dotbot; help@moz.com)"
36.133.115.36 - - [22/Mar/2026:16:45:48 +0800] "POST /wp-cron.php?doing_wp_cron=1774169148.0573959350585937500000 HTTP/1.1" 200 31 "-" "WordPress/6.9; http://cqqizhou.com"
216.244.66.245 - - [22/Mar/2026:16:45:48 +0800] "GET /news/2164 HTTP/1.1" 200 82967 "-" "Mozilla/5.0 (compatible; DotBot/1.2; +https://opensiteexplorer.org/dotbot; help@moz.com)"
36.133.115.36 - - [22/Mar/2026:16:46:19 +0800] "POST /wp-cron.php?doing_wp_cron=1774169179.8048980236053466796875 HTTP/1.1" 200 31 "-" "WordPress/6.9; http://cqqizhou.com"
216.244.66.245 - - [22/Mar/2026:16:46:19 +0800] "GET /2354/ HTTP/1.1" 301 5 "-" "Mozilla/5.0 (compatible; DotBot/1.2; +https://opensiteexplorer.org/dotbot; help@moz.com)"
36.133.115.36 - - [22/Mar/2026:16:51:16 +0800] "POST /wp-cron.php?doing_wp_cron=1774169476.8480970859527587890625 HTTP/1.1" 200 31 "-" "WordPress/6.9; http://cqqizhou.com"
172.236.228.220 - - [22/Mar/2026:16:51:16 +0800] "GET / HTTP/1.1" 301 5 "-" "Mozilla/5.0 (Macintosh; Intel Mac OS X 13_1) AppleWebKit/537.36 (KHTML, like Gecko) Chrome/108.0.0.0 Safari/537.36"
172.236.228.220 - - [22/Mar/2026:16:51:17 +0800] "GET / HTTP/1.1" 200 35249 "http://36.133.115.36/" "Mozilla/5.0 (Macintosh; Intel Mac OS X 13_1) AppleWebKit/537.36 (KHTML, like Gecko) Chrome/108.0.0.0 Safari/537.36"
36.133.115.36 - - [22/Mar/2026:16:54:44 +0800] "POST /wp-cron.php?doing_wp_cron=1774169684.3648068904876708984375 HTTP/1.1" 200 31 "-" "WordPress/6.9; http://cqqizhou.com"
89.42.231.241 - - [22/Mar/2026:16:54:44 +0800] "GET / HTTP/1.1" 200 157185 "-" "Mozilla/5.0"
36.133.115.36 - - [22/Mar/2026:17:05:07 +0800] "POST /wp-cron.php?doing_wp_cron=1774170307.9233369827270507812500 HTTP/1.1" 200 31 "-" "WordPress/6.9; http://cqqizhou.com"
49.51.195.195 - - [22/Mar/2026:17:05:07 +0800] "GET / HTTP/1.1" 301 5 "-" "Mozilla/5.0 (iPhone; CPU iPhone OS 13_2_3 like Mac OS X) AppleWebKit/605.1.15 (KHTML, like Gecko) Version/13.0.3 Mobile/15E148 Safari/604.1"
49.51.195.195 - - [22/Mar/2026:17:05:10 +0800] "GET / HTTP/1.1" 200 34810 "http://www.cqqizhou.com" "Mozilla/5.0 (iPhone; CPU iPhone OS 13_2_3 like Mac OS X) AppleWebKit/605.1.15 (KHTML, like Gecko) Version/13.0.3 Mobile/15E148 Safari/604.1"
43.228.157.37 - - [22/Mar/2026:17:25:24 +0800] "GET /assets/server/php/index.php?file=tf2rghf.jpg HTTP/1.1" 404 27 "-" "ALittle Client"
36.133.115.36 - - [22/Mar/2026:17:39:49 +0800] "POST /wp-cron.php?doing_wp_cron=1774172389.8955430984497070312500 HTTP/1.1" 200 31 "-" "WordPress/6.9; http://cqqizhou.com"
113.229.185.91 - - [22/Mar/2026:17:39:54 +0800] "GET /boaform/admin/formLogin?username=ec8&psd=ec8 HTTP/1.0" 404 31352 "-" "-"
36.133.115.36 - - [22/Mar/2026:17:46:50 +0800] "POST /wp-cron.php?doing_wp_cron=1774172810.5857019424438476562500 HTTP/1.1" 200 31 "-" "WordPress/6.9; http://cqqizhou.com"
89.42.231.241 - - [22/Mar/2026:17:46:51 +0800] "GET / HTTP/1.1" 200 157185 "-" "Mozilla/5.0"
36.133.115.36 - - [22/Mar/2026:17:50:39 +0800] "POST /wp-cron.php?doing_wp_cron=1774173039.7029390335083007812500 HTTP/1.1" 200 31 "-" "WordPress/6.9; http://cqqizhou.com"
66.249.73.8 - - [22/Mar/2026:17:50:39 +0800] "GET /news/2361 HTTP/1.1" 200 21075 "-" "Mozilla/5.0 (Linux; Android 6.0.1; Nexus 5X Build/MMB29P) AppleWebKit/537.36 (KHTML, like Gecko) Chrome/145.0.7632.159 Mobile Safari/537.36 (compatible; Googlebot/2.1; +http://www.google.com/bot.html)"
36.133.115.36 - - [22/Mar/2026:17:59:21 +0800] "POST /wp-cron.php?doing_wp_cron=1774173560.9667770862579345703125 HTTP/1.1" 200 31 "-" "WordPress/6.9; http://cqqizhou.com"
66.228.53.157 - - [22/Mar/2026:17:59:21 +0800] "GET / HTTP/1.1" 301 5 "-" "Mozilla/5.0 (Macintosh; Intel Mac OS X 13_1) AppleWebKit/537.36 (KHTML, like Gecko) Chrome/108.0.0.0 Safari/537.36"
66.228.53.157 - - [22/Mar/2026:17:59:22 +0800] "GET / HTTP/1.1" 200 35249 "http://36.133.115.36/" "Mozilla/5.0 (Macintosh; Intel Mac OS X 13_1) AppleWebKit/537.36 (KHTML, like Gecko) Chrome/108.0.0.0 Safari/537.36"
36.133.115.36 - - [22/Mar/2026:18:08:34 +0800] "POST /wp-cron.php?doing_wp_cron=1774174114.6480391025543212890625 HTTP/1.1" 200 31 "-" "WordPress/6.9; http://cqqizhou.com"
176.65.148.66 - - [22/Mar/2026:18:08:34 +0800] "HEAD / HTTP/1.1" 200 0 "-" "Mozilla/5.0 (compatible; Let's Encrypt validation server; +https://www.letsencrypt.org )"
176.65.148.66 - - [22/Mar/2026:18:08:37 +0800] "GET / HTTP/1.1" 200 157185 "-" "Mozilla/5.0 (compatible; Let's Encrypt validation server; +https://www.letsencrypt.org )"
176.65.148.66 - - [22/Mar/2026:18:08:40 +0800] "HEAD /_next HTTP/1.1" 301 0 "-" "Mozilla/5.0 (compatible; Let's Encrypt validation server; +https://www.letsencrypt.org )"
176.65.148.66 - - [22/Mar/2026:18:08:45 +0800] "POST / HTTP/1.1" 200 34808 "-" "Mozilla/5.0 (compatible; Let's Encrypt validation server; +https://www.letsencrypt.org )"
176.65.148.66 - - [22/Mar/2026:18:08:47 +0800] "POST /_next HTTP/1.1" 404 8948 "-" "Mozilla/5.0 (compatible; Let's Encrypt validation server; +https://www.letsencrypt.org )"
36.133.115.36 - - [22/Mar/2026:18:14:32 +0800] "POST /wp-cron.php?doing_wp_cron=1774174472.4147350788116455078125 HTTP/1.1" 200 31 "-" "WordPress/6.9; http://cqqizhou.com"
5.61.209.107 - - [22/Mar/2026:18:14:32 +0800] "GET /SDK/webLanguage HTTP/1.1" 301 5 "-" "Mozilla/5.0 (Windows NT 10.0; Win64; x64) AppleWebKit/537.36 (KHTML, like Gecko) Chrome/90.0.4430.85 Safari/537.36 Edg/90.0.818.46"
36.133.115.36 - - [22/Mar/2026:18:54:07 +0800] "POST /wp-cron.php?doing_wp_cron=1774176847.0401210784912109375000 HTTP/1.1" 200 31 "-" "WordPress/6.9; http://cqqizhou.com"
216.244.66.245 - - [22/Mar/2026:18:54:07 +0800] "GET /robots.txt HTTP/1.1" 200 390 "-" "Mozilla/5.0 (compatible; DotBot/1.2; +https://opensiteexplorer.org/dotbot; help@moz.com)"
36.133.115.36 - - [22/Mar/2026:18:57:24 +0800] "POST /wp-cron.php?doing_wp_cron=1774177044.1647889614105224609375 HTTP/1.1" 200 31 "-" "WordPress/6.9; http://cqqizhou.com"
39.144.224.194 - - [22/Mar/2026:18:57:24 +0800] "GET / HTTP/1.1" 301 5 "https://m.baidu.com/" "Mozilla/5.0 (Linux; Android 13; PEGT10 Build/TP1A.220905.001; wv) AppleWebKit/537.36 (KHTML, like Gecko) Version/4.0 Chrome/97.0.4692.98 Mobile Safari/537.36 T7/13.84 SP-engine/3.26.0 baiduboxapp/13.85.0.10 (Baidu; P1 13) NABar/1.0"
39.144.224.194 - - [22/Mar/2026:18:57:24 +0800] "GET /about/ HTTP/1.1" 301 5 "https://m.baidu.com/" "Mozilla/5.0 (Linux; Android 13; PEGT10 Build/TP1A.220905.001; wv) AppleWebKit/537.36 (KHTML, like Gecko) Version/4.0 Chrome/97.0.4692.98 Mobile Safari/537.36 T7/13.84 SP-engine/3.26.0 baiduboxapp/13.85.0.10 (Baidu; P1 13) NABar/1.0"
39.144.224.194 - - [22/Mar/2026:18:57:25 +0800] "GET /about HTTP/1.1" 200 24158 "https://m.baidu.com/" "Mozilla/5.0 (Linux; Android 13; PEGT10 Build/TP1A.220905.001; wv) AppleWebKit/537.36 (KHTML, like Gecko) Version/4.0 Chrome/97.0.4692.98 Mobile Safari/537.36 T7/13.84 SP-engine/3.26.0 baiduboxapp/13.85.0.10 (Baidu; P1 13) NABar/1.0"
39.144.224.194 - - [22/Mar/2026:18:57:25 +0800] "GET / HTTP/1.1" 200 34809 "https://m.baidu.com/" "Mozilla/5.0 (Linux; Android 13; PEGT10 Build/TP1A.220905.001; wv) AppleWebKit/537.36 (KHTML, like Gecko) Version/4.0 Chrome/97.0.4692.98 Mobile Safari/537.36 T7/13.84 SP-engine/3.26.0 baiduboxapp/13.85.0.10 (Baidu; P1 13) NABar/1.0"
39.144.224.194 - - [22/Mar/2026:18:57:49 +0800] "GET /wp-content/uploads/2025/07/1750945444-honor300%C3%97206_2.webp HTTP/1.1" 200 71296 "http://cqqizhou.com/about" "Mozilla/5.0 (Linux; Android 13; PEGT10 Build/TP1A.220905.001; wv) AppleWebKit/537.36 (KHTML, like Gecko) Version/4.0 Chrome/97.0.4692.98 Mobile Safari/537.36 T7/13.84 SP-engine/3.26.0 baiduboxapp/13.85.0.10 (Baidu; P1 13) NABar/1.0"
39.144.224.194 - - [22/Mar/2026:18:57:49 +0800] "GET /wp-content/uploads/2025/07/1750649803-qizhou800x500_2.webp HTTP/1.1" 200 63616 "http://cqqizhou.com/about" "Mozilla/5.0 (Linux; Android 13; PEGT10 Build/TP1A.220905.001; wv) AppleWebKit/537.36 (KHTML, like Gecko) Version/4.0 Chrome/97.0.4692.98 Mobile Safari/537.36 T7/13.84 SP-engine/3.26.0 baiduboxapp/13.85.0.10 (Baidu; P1 13) NABar/1.0"
39.144.224.194 - - [22/Mar/2026:18:57:49 +0800] "GET /wp-content/uploads/2025/07/1750945417-honor300%C3%97206_1.webp HTTP/1.1" 200 57666 "http://cqqizhou.com/about" "Mozilla/5.0 (Linux; Android 13; PEGT10 Build/TP1A.220905.001; wv) AppleWebKit/537.36 (KHTML, like Gecko) Version/4.0 Chrome/97.0.4692.98 Mobile Safari/537.36 T7/13.84 SP-engine/3.26.0 baiduboxapp/13.85.0.10 (Baidu; P1 13) NABar/1.0"
39.144.224.194 - - [22/Mar/2026:18:57:49 +0800] "GET /wp-content/uploads/2025/06/1750755307-qizhoucangku2000x400_2025624.webp HTTP/1.1" 200 45470 "http://cqqizhou.com/about" "Mozilla/5.0 (Linux; Android 13; PEGT10 Build/TP1A.220905.001; wv) AppleWebKit/537.36 (KHTML, like Gecko) Version/4.0 Chrome/97.0.4692.98 Mobile Safari/537.36 T7/13.84 SP-engine/3.26.0 baiduboxapp/13.85.0.10 (Baidu; P1 13) NABar/1.0"
39.144.224.194 - - [22/Mar/2026:18:57:49 +0800] "GET /wp-content/uploads/elementor/thumbs/1751373145-About_Qizhoudalou_W800px-r91b70ok8huvvdr4ynxnf302e8ie3iydlh6ag9ew82.webp HTTP/1.1" 200 37938 "http://cqqizhou.com/about" "Mozilla/5.0 (Linux; Android 13; PEGT10 Build/TP1A.220905.001; wv) AppleWebKit/537.36 (KHTML, like Gecko) Version/4.0 Chrome/97.0.4692.98 Mobile Safari/537.36 T7/13.84 SP-engine/3.26.0 baiduboxapp/13.85.0.10 (Baidu; P1 13) NABar/1.0"
39.144.224.194 - - [22/Mar/2026:18:57:49 +0800] "GET /wp-content/uploads/elementor/thumbs/1751209300-Hello-Qizhou3-r91b71mdtei8mab1rr8x739cnvi1mafuaga3vbed3o.webp HTTP/1.1" 200 39120 "http://cqqizhou.com/about" "Mozilla/5.0 (Linux; Android 13; PEGT10 Build/TP1A.220905.001; wv) AppleWebKit/537.36 (KHTML, like Gecko) Version/4.0 Chrome/97.0.4692.98 Mobile Safari/537.36 T7/13.84 SP-engine/3.26.0 baiduboxapp/13.85.0.10 (Baidu; P1 13) NABar/1.0"
39.144.224.194 - - [22/Mar/2026:18:57:49 +0800] "GET /wp-content/uploads/2025/07/1750671800-partner1_200x50.webp HTTP/1.1" 200 2244 "http://cqqizhou.com/about" "Mozilla/5.0 (Linux; Android 13; PEGT10 Build/TP1A.220905.001; wv) AppleWebKit/537.36 (KHTML, like Gecko) Version/4.0 Chrome/97.0.4692.98 Mobile Safari/537.36 T7/13.84 SP-engine/3.26.0 baiduboxapp/13.85.0.10 (Baidu; P1 13) NABar/1.0"
39.144.224.194 - - [22/Mar/2026:18:57:49 +0800] "GET /wp-content/uploads/2025/07/1750671801-partner2_200x50.webp HTTP/1.1" 200 3946 "http://cqqizhou.com/about" "Mozilla/5.0 (Linux; Android 13; PEGT10 Build/TP1A.220905.001; wv) AppleWebKit/537.36 (KHTML, like Gecko) Version/4.0 Chrome/97.0.4692.98 Mobile Safari/537.36 T7/13.84 SP-engine/3.26.0 baiduboxapp/13.85.0.10 (Baidu; P1 13) NABar/1.0"
39.144.224.194 - - [22/Mar/2026:18:57:49 +0800] "GET /wp-content/uploads/2025/07/1750671806-partner5_200x50.webp HTTP/1.1" 200 2840 "http://cqqizhou.com/about" "Mozilla/5.0 (Linux; Android 13; PEGT10 Build/TP1A.220905.001; wv) AppleWebKit/537.36 (KHTML, like Gecko) Version/4.0 Chrome/97.0.4692.98 Mobile Safari/537.36 T7/13.84 SP-engine/3.26.0 baiduboxapp/13.85.0.10 (Baidu; P1 13) NABar/1.0"
39.144.224.194 - - [22/Mar/2026:18:57:49 +0800] "GET /wp-content/uploads/2025/07/1750671803-partner3_200x50.webp HTTP/1.1" 200 4414 "http://cqqizhou.com/about" "Mozilla/5.0 (Linux; Android 13; PEGT10 Build/TP1A.220905.001; wv) AppleWebKit/537.36 (KHTML, like Gecko) Version/4.0 Chrome/97.0.4692.98 Mobile Safari/537.36 T7/13.84 SP-engine/3.26.0 baiduboxapp/13.85.0.10 (Baidu; P1 13) NABar/1.0"
39.144.224.194 - - [22/Mar/2026:18:57:49 +0800] "GET /wp-content/uploads/2025/07/1750671805-partner4_200x50.webp HTTP/1.1" 200 2390 "http://cqqizhou.com/about" "Mozilla/5.0 (Linux; Android 13; PEGT10 Build/TP1A.220905.001; wv) AppleWebKit/537.36 (KHTML, like Gecko) Version/4.0 Chrome/97.0.4692.98 Mobile Safari/537.36 T7/13.84 SP-engine/3.26.0 baiduboxapp/13.85.0.10 (Baidu; P1 13) NABar/1.0"
39.144.224.194 - - [22/Mar/2026:18:57:49 +0800] "GET /wp-content/uploads/2025/07/1750671808-partner6_200x50.webp HTTP/1.1" 200 3004 "http://cqqizhou.com/about" "Mozilla/5.0 (Linux; Android 13; PEGT10 Build/TP1A.220905.001; wv) AppleWebKit/537.36 (KHTML, like Gecko) Version/4.0 Chrome/97.0.4692.98 Mobile Safari/537.36 T7/13.84 SP-engine/3.26.0 baiduboxapp/13.85.0.10 (Baidu; P1 13) NABar/1.0"
39.144.224.194 - - [22/Mar/2026:18:57:49 +0800] "GET /wp-content/uploads/2025/07/1751425283-qizhou.kf_.qq_.com_.webp HTTP/1.1" 200 16864 "http://cqqizhou.com/about" "Mozilla/5.0 (Linux; Android 13; PEGT10 Build/TP1A.220905.001; wv) AppleWebKit/537.36 (KHTML, like Gecko) Version/4.0 Chrome/97.0.4692.98 Mobile Safari/537.36 T7/13.84 SP-engine/3.26.0 baiduboxapp/13.85.0.10 (Baidu; P1 13) NABar/1.0"
39.144.224.194 - - [22/Mar/2026:18:57:59 +0800] "GET /wp-content/uploads/2025/07/1750945514-honor300%C3%97206_3.webp HTTP/1.1" 200 74124 "http://cqqizhou.com/about" "Mozilla/5.0 (Linux; Android 13; PEGT10 Build/TP1A.220905.001; wv) AppleWebKit/537.36 (KHTML, like Gecko) Version/4.0 Chrome/97.0.4692.98 Mobile Safari/537.36 T7/13.84 SP-engine/3.26.0 baiduboxapp/13.85.0.10 (Baidu; P1 13) NABar/1.0"
39.144.224.194 - - [22/Mar/2026:18:58:31 +0800] "GET /wp-content/uploads/2025/07/1750945616-honor300%C3%97206_4.webp HTTP/1.1" 200 33814 "http://cqqizhou.com/about" "Mozilla/5.0 (Linux; Android 13; PEGT10 Build/TP1A.220905.001; wv) AppleWebKit/537.36 (KHTML, like Gecko) Version/4.0 Chrome/97.0.4692.98 Mobile Safari/537.36 T7/13.84 SP-engine/3.26.0 baiduboxapp/13.85.0.10 (Baidu; P1 13) NABar/1.0"
36.133.115.36 - - [22/Mar/2026:18:59:06 +0800] "POST /wp-cron.php?doing_wp_cron=1774177146.6610128879547119140625 HTTP/1.1" 200 31 "-" "WordPress/6.9; http://cqqizhou.com"
39.144.224.194 - - [22/Mar/2026:18:59:06 +0800] "GET /about HTTP/1.1" 200 24158 "https://m.baidu.com/?eqid=986c06894d29f7b11000000169bfcb04" "Mozilla/5.0 (Linux; Android 13; PEGT10 Build/TP1A.220905.001; wv) AppleWebKit/537.36 (KHTML, like Gecko) Version/4.0 Chrome/97.0.4692.98 Mobile Safari/537.36 T7/13.84 SP-engine/3.26.0 baiduboxapp/13.85.0.10 (Baidu; P1 13) NABar/1.0"
39.144.224.194 - - [22/Mar/2026:18:59:31 +0800] "GET /wp-content/uploads/2025/07/1750945637-honor300%C3%97206_5.webp HTTP/1.1" 200 77368 "http://cqqizhou.com/about" "Mozilla/5.0 (Linux; Android 13; PEGT10 Build/TP1A.220905.001; wv) AppleWebKit/537.36 (KHTML, like Gecko) Version/4.0 Chrome/97.0.4692.98 Mobile Safari/537.36 T7/13.84 SP-engine/3.26.0 baiduboxapp/13.85.0.10 (Baidu; P1 13) NABar/1.0"
36.133.115.36 - - [22/Mar/2026:18:59:37 +0800] "POST /wp-cron.php?doing_wp_cron=1774177177.3772420883178710937500 HTTP/1.1" 200 31 "-" "WordPress/6.9; http://cqqizhou.com"
216.244.66.245 - - [22/Mar/2026:18:59:37 +0800] "GET /services/qzgyl@cq-qizhou.com HTTP/1.1" 404 31365 "-" "Mozilla/5.0 (compatible; DotBot/1.2; +https://opensiteexplorer.org/dotbot; help@moz.com)"
39.144.224.194 - - [22/Mar/2026:18:59:47 +0800] "GET /wp-content/uploads/2025/07/1750945650-honor300%C3%97206_6.webp HTTP/1.1" 200 66306 "http://cqqizhou.com/about" "Mozilla/5.0 (Linux; Android 13; PEGT10 Build/TP1A.220905.001; wv) AppleWebKit/537.36 (KHTML, like Gecko) Version/4.0 Chrome/97.0.4692.98 Mobile Safari/537.36 T7/13.84 SP-engine/3.26.0 baiduboxapp/13.85.0.10 (Baidu; P1 13) NABar/1.0"
39.144.224.194 - - [22/Mar/2026:19:00:17 +0800] "GET /wp-content/uploads/2025/07/1750656103-Visionr2000x800_20250623131702.webp HTTP/1.1" 200 57650 "http://cqqizhou.com/wp-content/uploads/elementor/css/post-1849.css?ver=1773749912" "Mozilla/5.0 (Linux; Android 13; PEGT10 Build/TP1A.220905.001; wv) AppleWebKit/537.36 (KHTML, like Gecko) Version/4.0 Chrome/97.0.4692.98 Mobile Safari/537.36 T7/13.84 SP-engine/3.26.0 baiduboxapp/13.85.0.10 (Baidu; P1 13) NABar/1.0"
36.133.115.36 - - [22/Mar/2026:19:00:38 +0800] "POST /wp-cron.php?doing_wp_cron=1774177238.1410911083221435546875 HTTP/1.1" 200 31 "-" "WordPress/6.9; http://cqqizhou.com"
39.144.224.194 - - [22/Mar/2026:19:00:38 +0800] "GET /about HTTP/1.1" 200 24158 "https://m.baidu.com/?eqid=986d05e4516087bd1000000169bfcbc9" "Mozilla/5.0 (Linux; Android 13; PEGT10 Build/TP1A.220905.001; wv) AppleWebKit/537.36 (KHTML, like Gecko) Version/4.0 Chrome/97.0.4692.98 Mobile Safari/537.36 T7/13.84 SP-engine/3.26.0 baiduboxapp/13.85.0.10 (Baidu; P1 13) NABar/1.0"
36.133.115.36 - - [22/Mar/2026:19:01:31 +0800] "POST /wp-cron.php?doing_wp_cron=1774177291.6808180809020996093750 HTTP/1.1" 200 31 "-" "WordPress/6.9; http://cqqizhou.com"
116.179.32.93 - - [22/Mar/2026:19:01:31 +0800] "GET /about/ HTTP/1.1" 301 5 "-" "Mozilla/5.0 (Linux;u;Android 4.2.2;zh-cn;) AppleWebKit/534.46 (KHTML,like Gecko) Version/5.1 Mobile Safari/10600.6.3 (compatible; Baiduspider/2.0; +http://www.baidu.com/search/spider.html)"
116.179.32.177 - - [22/Mar/2026:19:01:32 +0800] "GET /about HTTP/1.1" 200 24158 "-" "Mozilla/5.0 (Linux;u;Android 4.2.2;zh-cn;) AppleWebKit/534.46 (KHTML,like Gecko) Version/5.1 Mobile Safari/10600.6.3 (compatible; Baiduspider/2.0; +http://www.baidu.com/search/spider.html)"
36.133.115.36 - - [22/Mar/2026:19:09:02 +0800] "POST /wp-cron.php?doing_wp_cron=1774177742.5860650539398193359375 HTTP/1.1" 200 31 "-" "WordPress/6.9; http://cqqizhou.com"
36.133.24.244 - - [22/Mar/2026:19:09:02 +0800] "GET /contacts/ HTTP/1.1" 301 5 "-" "Mozilla/5.0 (Linux; Android 10; SM-G981B) AppleWebKit/537.36 (KHTML, like Gecko) Chrome/80.0.3987.162 Mobile Safari/537.36"
36.133.24.244 - - [22/Mar/2026:19:09:03 +0800] "GET /contacts HTTP/1.1" 200 18625 "-" "Mozilla/5.0 (Linux; Android 10; SM-G981B) AppleWebKit/537.36 (KHTML, like Gecko) Chrome/80.0.3987.162 Mobile Safari/537.36"
36.133.115.36 - - [22/Mar/2026:19:13:32 +0800] "POST /wp-cron.php?doing_wp_cron=1774178012.9051220417022705078125 HTTP/1.1" 200 31 "-" "WordPress/6.9; http://cqqizhou.com"
91.220.230.203 - - [22/Mar/2026:19:13:32 +0800] "GET /.env HTTP/1.1" 404 8949 "-" "Mozilla/5.0 (X11; Linux x86_64) AppleWebKit/537.36 (KHTML, like Gecko) Chrome/81.0.4044.129 Safari/537.36"
91.220.230.203 - - [22/Mar/2026:19:13:37 +0800] "POST / HTTP/1.1" 200 34810 "-" "Mozilla/5.0 (X11; Linux x86_64) AppleWebKit/537.36 (KHTML, like Gecko) Chrome/81.0.4044.129 Safari/537.36"
36.133.115.36 - - [22/Mar/2026:19:32:51 +0800] "POST /wp-cron.php?doing_wp_cron=1774179171.4402079582214355468750 HTTP/1.1" 200 31 "-" "WordPress/6.9; http://cqqizhou.com"
173.249.38.195 - - [22/Mar/2026:19:32:51 +0800] "GET / HTTP/1.1" 200 34810 "-" "Mozilla/5.0 (Windows NT 10.0; Win64; x64) AppleWebKit/537.36 (KHTML, like Gecko) Chrome/90.0.4430.85 Safari/537.36 Edg/90.0.818.46"
36.133.115.36 - - [22/Mar/2026:19:33:16 +0800] "POST /wp-cron.php?doing_wp_cron=1774179196.2754909992218017578125 HTTP/1.1" 200 31 "-" "WordPress/6.9; http://cqqizhou.com"
36.133.108.119 - - [22/Mar/2026:19:33:16 +0800] "HEAD /admin/config?cmd=cat%20/root/.aws/credentials HTTP/1.1" 404 0 "-" "Mozilla/5.0 (Windows NT 6.1; WOW64) AppleWebKit/537.17 (KHTML, like Gecko) Chrome/24.0.1312.60 Safari/537.17"
36.133.115.36 - - [22/Mar/2026:19:50:48 +0800] "POST /wp-cron.php?doing_wp_cron=1774180248.6810059547424316406250 HTTP/1.1" 200 31 "-" "WordPress/6.9; http://cqqizhou.com"
117.33.163.216 - - [22/Mar/2026:19:50:48 +0800] "GET / HTTP/1.1" 301 5 "-" "Mozilla/5.0 (iPhone; CPU iPhone OS 13_2_3 like Mac OS X) AppleWebKit/605.1.15 (KHTML, like Gecko) Version/13.0.3 Mobile/15E148 Safari/604.1"
117.33.163.216 - - [22/Mar/2026:19:50:50 +0800] "GET / HTTP/1.1" 200 34810 "http://www.cqqizhou.com" "Mozilla/5.0 (iPhone; CPU iPhone OS 13_2_3 like Mac OS X) AppleWebKit/605.1.15 (KHTML, like Gecko) Version/13.0.3 Mobile/15E148 Safari/604.1"
36.133.115.36 - - [22/Mar/2026:19:53:46 +0800] "POST /wp-cron.php?doing_wp_cron=1774180426.2407751083374023437500 HTTP/1.1" 200 31 "-" "WordPress/6.9; http://cqqizhou.com"
119.28.140.106 - - [22/Mar/2026:19:53:46 +0800] "GET / HTTP/1.1" 200 34810 "-" "Mozilla/5.0 (iPhone; CPU iPhone OS 13_2_3 like Mac OS X) AppleWebKit/605.1.15 (KHTML, like Gecko) Version/13.0.3 Mobile/15E148 Safari/604.1"
43.129.233.104 - - [22/Mar/2026:19:54:00 +0800] "GET / HTTP/1.1" 200 35249 "-" "Mozilla/5.0 (compatible; AssetScanner/1.0)"
36.133.115.36 - - [22/Mar/2026:19:56:00 +0800] "POST /wp-cron.php?doing_wp_cron=1774180560.1592319011688232421875 HTTP/1.1" 200 31 "-" "WordPress/6.9; http://cqqizhou.com"
103.203.56.2 - - [22/Mar/2026:19:56:00 +0800] "GET / HTTP/1.1" 301 5 "-" "HTTP Banner Detection (https://security.ipip.net)"
36.133.115.36 - - [22/Mar/2026:20:07:44 +0800] "POST /wp-cron.php?doing_wp_cron=1774181264.4553749561309814453125 HTTP/1.1" 200 31 "-" "WordPress/6.9; http://cqqizhou.com"
66.132.186.171 - - [22/Mar/2026:20:07:44 +0800] "GET / HTTP/1.1" 301 5 "-" "Mozilla/5.0 (compatible; CensysInspect/1.1; +https://about.censys.io/)"
66.132.186.171 - - [22/Mar/2026:20:07:58 +0800] "GET / HTTP/1.1" 200 35249 "-" "Mozilla/5.0 (compatible; CensysInspect/1.1; +https://about.censys.io/)"
137.59.230.198 - - [22/Mar/2026:20:11:36 +0800] "POST /HNAP1/ HTTP/1.0" 400 0 "-" "-"
162.142.125.193 - - [22/Mar/2026:20:13:02 +0800] "GET / HTTP/1.1" 200 35249 "-" "Mozilla/5.0 (compatible; CensysInspect/1.1; +https://about.censys.io/)"
36.133.115.36 - - [22/Mar/2026:20:19:53 +0800] "POST /wp-cron.php?doing_wp_cron=1774181993.1607320308685302734375 HTTP/1.1" 200 31 "-" "WordPress/6.9; http://cqqizhou.com"
43.166.128.187 - - [22/Mar/2026:20:19:53 +0800] "GET / HTTP/1.1" 200 34810 "-" "Mozilla/5.0 (iPhone; CPU iPhone OS 13_2_3 like Mac OS X) AppleWebKit/605.1.15 (KHTML, like Gecko) Version/13.0.3 Mobile/15E148 Safari/604.1"
36.133.115.36 - - [22/Mar/2026:20:35:00 +0800] "POST /wp-cron.php?doing_wp_cron=1774182900.3957169055938720703125 HTTP/1.1" 200 31 "-" "WordPress/6.9; http://cqqizhou.com"
43.165.65.75 - - [22/Mar/2026:20:35:00 +0800] "GET / HTTP/1.1" 200 34810 "-" "Mozilla/5.0 (iPhone; CPU iPhone OS 13_2_3 like Mac OS X) AppleWebKit/605.1.15 (KHTML, like Gecko) Version/13.0.3 Mobile/15E148 Safari/604.1"
220.181.51.90 - - [22/Mar/2026:20:44:18 +0800] "GET /wp-content/uploads/2025/07/1751425283-qizhou.kf_.qq_.com_.webp HTTP/1.1" 200 16864 "http://cqqizhou.com/" "Mozilla/5.0 (Windows NT 10.0; WOW64) AppleWebKit/537.36 (KHTML, like Gecko) Chrome/48.0.2564.116 Safari/537.36"
36.133.115.36 - - [22/Mar/2026:20:44:19 +0800] "POST /wp-cron.php?doing_wp_cron=1774183459.0846710205078125000000 HTTP/1.1" 200 31 "-" "WordPress/6.9; http://cqqizhou.com"
220.181.51.92 - - [22/Mar/2026:20:44:19 +0800] "GET /wp-content/uploads/2025/07/1753456723-%CB%AB%CF%E0%B8%D6roduct_Single600.webp HTTP/1.1" 404 31365 "http://cqqizhou.com/" "Mozilla/5.0 (Windows NT 10.0; WOW64) AppleWebKit/537.36 (KHTML, like Gecko) Chrome/48.0.2564.116 Safari/537.36"
119.249.100.47 - - [22/Mar/2026:20:44:19 +0800] "GET /wp-content/uploads/2025/07/1753456770-%C8%C8%B6%C6%D0%BF%BE%EDproduct_Single600.webp HTTP/1.1" 404 31365 "http://cqqizhou.com/" "Mozilla/5.0 (Windows NT 10.0; WOW64) AppleWebKit/537.36 (KHTML, like Gecko) Chrome/48.0.2564.116 Safari/537.36"
220.181.51.120 - - [22/Mar/2026:20:44:19 +0800] "GET /wp-content/uploads/2025/07/1753453096-%CB%AB%CF%E0%B8%D6product_Single600%A1%C1284.webp HTTP/1.1" 404 31365 "http://cqqizhou.com/" "Mozilla/5.0 (Windows NT 10.0; WOW64) AppleWebKit/537.36 (KHTML, like Gecko) Chrome/48.0.2564.116 Safari/537.36"
119.249.100.237 - - [22/Mar/2026:20:44:19 +0800] "GET /wp-content/uploads/2025/07/1753453127-%D3%E0%BE%EDproduct_Single600%A1%C1284.webp HTTP/1.1" 404 31365 "http://cqqizhou.com/" "Mozilla/5.0 (Windows NT 10.0; WOW64) AppleWebKit/537.36 (KHTML, like Gecko) Chrome/48.0.2564.116 Safari/537.36"
89.42.231.241 - - [22/Mar/2026:20:44:31 +0800] "GET / HTTP/1.1" 200 157185 "-" "Mozilla/5.0"
36.133.115.36 - - [22/Mar/2026:20:56:44 +0800] "POST /wp-cron.php?doing_wp_cron=1774184204.6031301021575927734375 HTTP/1.1" 200 31 "-" "WordPress/6.9; http://cqqizhou.com"
43.152.72.244 - - [22/Mar/2026:20:56:44 +0800] "GET / HTTP/1.1" 301 5 "-" "Mozilla/5.0 (iPhone; CPU iPhone OS 13_2_3 like Mac OS X) AppleWebKit/605.1.15 (KHTML, like Gecko) Version/13.0.3 Mobile/15E148 Safari/604.1"
43.152.72.244 - - [22/Mar/2026:20:56:48 +0800] "GET / HTTP/1.1" 200 34811 "http://36.133.115.36" "Mozilla/5.0 (iPhone; CPU iPhone OS 13_2_3 like Mac OS X) AppleWebKit/605.1.15 (KHTML, like Gecko) Version/13.0.3 Mobile/15E148 Safari/604.1"
80.87.198.30 - - [22/Mar/2026:20:58:10 +0800] "GET / HTTP/1.1" 200 35249 "-" "Mozilla/5.0 (Windows NT 10.0; Win64; x64) AppleWebKit/537.36 (KHTML, like Gecko) Chrome/120.0.0.0 Safari/537.36"
36.133.115.36 - - [22/Mar/2026:21:13:15 +0800] "POST /wp-cron.php?doing_wp_cron=1774185194.9617629051208496093750 HTTP/1.1" 200 31 "-" "WordPress/6.9; http://cqqizhou.com"
165.22.253.250 - - [22/Mar/2026:21:13:15 +0800] "GET / HTTP/1.1" 200 157185 "-" "-"
36.133.115.36 - - [22/Mar/2026:21:33:09 +0800] "POST /wp-cron.php?doing_wp_cron=1774186389.1040809154510498046875 HTTP/1.1" 200 31 "-" "WordPress/6.9; http://cqqizhou.com"
47.128.30.72 - - [22/Mar/2026:21:33:09 +0800] "GET /robots.txt HTTP/1.1" 200 190 "-" "Mozilla/5.0 (Linux; Android 5.0) AppleWebKit/537.36 (KHTML, like Gecko) Mobile Safari/537.36 (compatible; Bytespider; spider-feedback@bytedance.com)"
36.133.115.36 - - [22/Mar/2026:21:36:53 +0800] "POST /wp-cron.php?doing_wp_cron=1774186613.1848859786987304687500 HTTP/1.1" 200 31 "-" "WordPress/6.9; http://cqqizhou.com"
119.141.246.238 - - [22/Mar/2026:21:36:53 +0800] "GET /contacts/ HTTP/1.1" 301 5 "-" "Mozilla/5.0 (Windows NT 10.0; Win64; x64) AppleWebKit/537.36 (KHTML, like Gecko) Chrome/136.0.0.0 Safari/537.36"
119.141.246.238 - - [22/Mar/2026:21:36:53 +0800] "GET http://cqqizhou.com/contacts HTTP/1.1" 200 21638 "-" "Mozilla/5.0 (Windows NT 10.0; Win64; x64) AppleWebKit/537.36 (KHTML, like Gecko) Chrome/136.0.0.0 Safari/537.36"
36.133.115.36 - - [22/Mar/2026:21:37:33 +0800] "POST /wp-cron.php?doing_wp_cron=1774186653.7326180934906005859375 HTTP/1.1" 200 31 "-" "WordPress/6.9; http://cqqizhou.com"
122.142.83.16 - - [22/Mar/2026:21:37:33 +0800] "GET /contacts/ HTTP/1.1" 301 5 "http://cqqizhou.com/contacts/" "Mozilla/5.0 (Windows NT 10.0; Win64; x64) AppleWebKit/537.36 (KHTML, like Gecko) Chrome/136.0.0.0 Safari/537.36"
122.142.83.16 - - [22/Mar/2026:21:37:33 +0800] "GET http://cqqizhou.com/contacts HTTP/1.1" 200 21638 "http://cqqizhou.com/contacts/" "Mozilla/5.0 (Windows NT 10.0; Win64; x64) AppleWebKit/537.36 (KHTML, like Gecko) Chrome/136.0.0.0 Safari/537.36"
39.85.178.123 - - [22/Mar/2026:21:37:59 +0800] "GET /contacts/ HTTP/1.1" 301 5 "-" "Mozilla/5.0 (Windows NT 10.0; Win64; x64) AppleWebKit/537.36 (KHTML, like Gecko) Chrome/136.0.0.0 Safari/537.36"
66.249.73.7 - - [22/Mar/2026:21:52:38 +0800] "GET /wp-content/uploads/2025/12/1765862012-DSC20251216131140.webp HTTP/1.1" 200 78744 "-" "GoogleOther-Image/1.0"
36.133.115.36 - - [22/Mar/2026:21:56:58 +0800] "POST /wp-cron.php?doing_wp_cron=1774187818.5678360462188720703125 HTTP/1.1" 200 31 "-" "WordPress/6.9; http://cqqizhou.com"
36.133.108.121 - - [22/Mar/2026:21:56:58 +0800] "HEAD /v1/.env HTTP/1.1" 404 0 "-" "Mozilla/5.0 (iPad; U; CPU OS 3_2 like Mac OS X; en-us) AppleWebKit/531.21.10 (KHTML, like Gecko) Version/4.0.4 Mobile/7B334b Safari/531.21.10"
36.133.115.36 - - [22/Mar/2026:22:28:49 +0800] "POST /wp-cron.php?doing_wp_cron=1774189728.9691960811614990234375 HTTP/1.1" 200 31 "-" "WordPress/6.9; http://cqqizhou.com"
103.230.15.161 - - [22/Mar/2026:22:28:49 +0800] "GET /index.php?g=user&m=register&a=doregister HTTP/1.1" 301 5 "-" "Mozilla/5.0 (Windows NT 10.0; WOW64; rv:48.0) Gecko/20100101 Firefox/48.0"
36.133.115.36 - - [22/Mar/2026:22:39:55 +0800] "POST /wp-cron.php?doing_wp_cron=1774190395.2298450469970703125000 HTTP/1.1" 200 31 "-" "WordPress/6.9; http://cqqizhou.com"
