HEX
Server: nginx/1.16.1
System: Linux ecs-04358622 4.19.90-2107.6.0.0100.oe1.bclinux.x86_64 #1 SMP Wed Dec 1 19:59:44 CST 2021 x86_64
User: nginx (994)
PHP: 8.0.0
Disabled: NONE
Upload Files
File: //home/logs/cqqizhou_access_2026-02-08.log
5.39.1.238 - - [08/Feb/2026:00:08:06 +0800] "GET /news/portfolio-tag/pangang HTTP/1.1" 200 21124 "-" "Mozilla/5.0 (compatible; AhrefsBot/7.0; +http://ahrefs.com/robot/)"
36.133.115.36 - - [08/Feb/2026:00:10:33 +0800] "POST /wp-cron.php?doing_wp_cron=1770480633.7956678867340087890625 HTTP/1.1" 200 31 "-" "WordPress/6.9; http://cqqizhou.com"
38.46.221.123 - - [08/Feb/2026:00:10:33 +0800] "GET http://check.9tb.org/ HTTP/1.1" 301 5 "-" "Go-http-client/1.1"
38.46.221.123 - - [08/Feb/2026:00:10:34 +0800] "GET http://cqqizhou.com/ HTTP/1.1" 200 40637 "http://check.9tb.org" "Go-http-client/1.1"
39.191.209.250 - - [08/Feb/2026:00:13:27 +0800] "GET /tptvh.mobaibox.com/PLTV/4/224/3221227375/index.m3u8?accountinfo=&GuardEncType=2&hwcdnbacksourceflag=223.110.243.235%3A80&OTTUserToken=1&UserName=1 HTTP/1.1" 404 31365 "-" "ZTE/2.0.22"
39.191.209.250 - - [08/Feb/2026:00:13:27 +0800] "GET /tptvh.mobaibox.com/hwcdnbacksourceflag_223.110.243.243:80/PLTV/1/224/3221227467/index.m3u8?accountinfo=EI%2BlRhpWrdqngR88eCGDgPDYRBf83vx7M40h3CjSxyjkdvs3SYBqjn3WKpjiz7DpvnnHS%2Fwexz1UYCk%2BgA3K%2FoRm0My1rwJN8gcQX2wNtD51bSdnRvktzaOcg%2BFEcpoHZTrE591D0Ru3hNulBdC0cw%3D%3D%3A20241220160654%2C-1%2C101.126.8.3%2C20241220160654%2CG_CCTV-1-MD%2CFF%3AFF%3AFF%3AFF%3AFF%3AFF_FF%3AFF%3AFF%3AFF%3AFF%3AFF%2C-1%2C0%2C1%2C%2C%2C2%2C%2C%2C%2C2%2C%2C10000100000000060000000005705116_0%2CEND&GuardEncType=2&OTTUserToken=DaBenDan&UserName=DaBenDan&pzinfo=2n9aQyRNHr9pjSsbZuHzWCCqvAGpUYRLFE6O9AE1pKkWJwJSxlAkjqQRzIx9VEw2 HTTP/1.1" 404 31365 "-" "ZTE/2.0.22"
36.133.115.36 - - [08/Feb/2026:00:13:27 +0800] "POST /wp-cron.php?doing_wp_cron=1770480807.6732931137084960937500 HTTP/1.1" 200 31 "-" "WordPress/6.9; http://cqqizhou.com"
39.191.209.250 - - [08/Feb/2026:00:13:27 +0800] "GET /tptvho.mobaibox.com/PLTV/4/224/3221227375/index.m3u8?accountinfo=&GuardEncType=2&hwcdnbacksourceflag=223.110.243.235%3A80&OTTUserToken=1&UserName=1 HTTP/1.1" 404 31365 "-" "ZTE/2.0.22"
39.191.209.250 - - [08/Feb/2026:00:13:27 +0800] "GET /tptvthd.mobaibox.com/hwcdnbacksourceflag_ott.mobaibox.com/PLTV/4/224/3221227375/index.m3u8?servicetype=1&accountinfo=1DjkvrWb42y8VWxWfe5S3nyS4b42ydTlsADlVp39kq%2FpvK7B8eqqA5jxC9aK7691y7Z%2FT5jx9a5Prr%2FhryECCmeD1tl8ByECCmeeVf1AD1tl8ByEtl8ByNqVWx49a57nyS4bF2ObC9a54VbC9a67lDA52PczEcH9gP2PczEcYj%2BtzWi0aA52PrWi0aU%3D%3A%2C-1%2C112.25.63.226%2C%2CG_CC%2CFF%3AFF%3AFF%3AFF%3AFF%3AFF_FF%3AFF%3AFF%3AFF%3AFF%3AFF%2C-1%2C0%2C1%2C%2C%2C2%2C%2C%2C%2C2%2C%2C10000100000000060000000021733602_0%2CEND&hwcdnbacksourceflag=223.110.243.235%3A80 HTTP/1.1" 404 31365 "-" "ZTE/2.0.22"
43.159.152.187 - - [08/Feb/2026:00:13:57 +0800] "GET / HTTP/1.1" 301 5 "-" "Mozilla/5.0 (iPhone; CPU iPhone OS 13_2_3 like Mac OS X) AppleWebKit/605.1.15 (KHTML, like Gecko) Version/13.0.3 Mobile/15E148 Safari/604.1"
43.159.152.187 - - [08/Feb/2026:00:13:59 +0800] "GET / HTTP/1.1" 200 34761 "http://36.133.115.36" "Mozilla/5.0 (iPhone; CPU iPhone OS 13_2_3 like Mac OS X) AppleWebKit/605.1.15 (KHTML, like Gecko) Version/13.0.3 Mobile/15E148 Safari/604.1"
36.133.115.36 - - [08/Feb/2026:00:14:52 +0800] "POST /wp-cron.php?doing_wp_cron=1770480892.8766009807586669921875 HTTP/1.1" 200 31 "-" "WordPress/6.9; http://cqqizhou.com"
185.191.171.2 - - [08/Feb/2026:00:14:52 +0800] "GET /robots.txt HTTP/1.1" 200 190 "-" "Mozilla/5.0 (compatible; SemrushBot/7~bl; +http://www.semrush.com/bot.html)"
185.191.171.2 - - [08/Feb/2026:00:14:55 +0800] "GET /portfolio-category/remaining-rolls/ HTTP/1.1" 301 5 "-" "Mozilla/5.0 (compatible; SemrushBot/7~bl; +http://www.semrush.com/bot.html)"
185.191.171.19 - - [08/Feb/2026:00:14:56 +0800] "GET /news/portfolio/remaining-rolls HTTP/1.1" 200 22250 "-" "Mozilla/5.0 (compatible; SemrushBot/7~bl; +http://www.semrush.com/bot.html)"
176.31.139.7 - - [08/Feb/2026:00:17:54 +0800] "GET /news/portfolio/pickled-coil HTTP/1.1" 200 22255 "-" "Mozilla/5.0 (compatible; AhrefsBot/7.0; +http://ahrefs.com/robot/)"
36.133.115.36 - - [08/Feb/2026:00:19:27 +0800] "POST /wp-cron.php?doing_wp_cron=1770481167.1260559558868408203125 HTTP/1.1" 200 31 "-" "WordPress/6.9; http://cqqizhou.com"
43.163.206.70 - - [08/Feb/2026:00:19:27 +0800] "GET / HTTP/1.1" 200 34759 "-" "Mozilla/5.0 (iPhone; CPU iPhone OS 13_2_3 like Mac OS X) AppleWebKit/605.1.15 (KHTML, like Gecko) Version/13.0.3 Mobile/15E148 Safari/604.1"
36.133.115.36 - - [08/Feb/2026:00:26:48 +0800] "POST /wp-cron.php?doing_wp_cron=1770481608.2361938953399658203125 HTTP/1.1" 200 31 "-" "WordPress/6.9; http://cqqizhou.com"
43.153.47.201 - - [08/Feb/2026:00:26:48 +0800] "GET /wp-content/uploads/2025/07/1753453127- HTTP/1.1" 404 8949 "-" "Mozilla/5.0 (iPhone; CPU iPhone OS 13_2_3 like Mac OS X) AppleWebKit/605.1.15 (KHTML, like Gecko) Version/13.0.3 Mobile/15E148 Safari/604.1"
51.68.247.218 - - [08/Feb/2026:00:28:06 +0800] "GET /news/page/3 HTTP/1.1" 200 22751 "-" "Mozilla/5.0 (compatible; AhrefsBot/7.0; +http://ahrefs.com/robot/)"
47.114.89.255 - - [08/Feb/2026:00:28:27 +0800] "GET /lib/uploader/js/preview.php HTTP/1.1" 404 47 "-" "Mozilla/5.0 (Windows NT 10.0; Win64; x64)"
47.114.89.255 - - [08/Feb/2026:00:28:27 +0800] "GET /lib/uploader/js/fileupload.php HTTP/1.1" 404 47 "-" "Mozilla/5.0 (Windows NT 10.0; Win64; x64)"
36.133.115.36 - - [08/Feb/2026:00:32:14 +0800] "POST /wp-cron.php?doing_wp_cron=1770481934.3335359096527099609375 HTTP/1.1" 200 31 "-" "WordPress/6.9; http://cqqizhou.com"
120.227.133.103 - - [08/Feb/2026:00:32:14 +0800] "GET /Ly9jcXFpemhvdS5jb20vd3AtY29udGVudC91cGxvYWRzLzIwMjYvMDEvMTc2ODI4MDI3MC1hbnF1YW5fU2xpZGVyXzM4NDDDlzIxNjBfMjAyNjAxMTQtc2NhbGVkLndlYnA= HTTP/1.1" 404 8950 "-" "Mozilla/5.0 (Windows NT 6.1; Win64; x64) AppleWebKit/537.36 (KHTML, like Gecko) Chrome/85.0.4183.38"
36.133.115.36 - - [08/Feb/2026:00:37:17 +0800] "POST /wp-cron.php?doing_wp_cron=1770482237.8352329730987548828125 HTTP/1.1" 200 31 "-" "WordPress/6.9; http://cqqizhou.com"
121.235.89.186 - - [08/Feb/2026:00:37:17 +0800] "GET /Ly9jcXFpemhvdS5jb20vd3AtY29udGVudC91cGxvYWRzLzIwMjYvMDEvMTc2ODI3NjExOS1xaXpob3VqaWFnb25nX1NsaWRlcl8zODQww5cyMTYwXzIwMjYwMTEzLXNjYWxlZC53ZWJw HTTP/1.1" 404 8949 "-" "Mozilla/5.0 (Windows NT 10.0) AppleWebKit/537.36 (KHTML, like Gecko) Chrome/74.0.3729.6"
36.133.115.36 - - [08/Feb/2026:00:38:13 +0800] "POST /wp-cron.php?doing_wp_cron=1770482293.0126988887786865234375 HTTP/1.1" 200 31 "-" "WordPress/6.9; http://cqqizhou.com"
176.31.139.7 - - [08/Feb/2026:00:38:13 +0800] "GET /news/page/2 HTTP/1.1" 200 25758 "-" "Mozilla/5.0 (compatible; AhrefsBot/7.0; +http://ahrefs.com/robot/)"
121.237.36.31 - - [08/Feb/2026:00:43:06 +0800] "GET / HTTP/1.1" 200 40637 "-" "Mozilla/5.0 (Macintosh; Intel Mac OS X 10_11) AppleWebKit/601.1.27 (KHTML, like Gecko) Chrome/47.0.2526.106 Safari/601.1.27"
43.159.143.187 - - [08/Feb/2026:00:47:53 +0800] "GET /wp-content/uploads/2025/07/1751425283-qizhou.kf_.qq_.com_.webp HTTP/1.1" 200 16864 "-" "Mozilla/5.0 (iPhone; CPU iPhone OS 13_2_3 like Mac OS X) AppleWebKit/605.1.15 (KHTML, like Gecko) Version/13.0.3 Mobile/15E148 Safari/604.1"
54.37.118.76 - - [08/Feb/2026:00:48:01 +0800] "GET /news/tag/%E7%89%A9%E6%B5%81 HTTP/1.1" 200 21076 "-" "Mozilla/5.0 (compatible; AhrefsBot/7.0; +http://ahrefs.com/robot/)"
36.133.115.36 - - [08/Feb/2026:00:56:01 +0800] "POST /wp-cron.php?doing_wp_cron=1770483361.3207409381866455078125 HTTP/1.1" 200 31 "-" "WordPress/6.9; http://cqqizhou.com"
109.105.210.97 - - [08/Feb/2026:00:56:01 +0800] "GET / HTTP/1.1" 301 5 "-" "Mozilla/5.0 (Windows NT 10.0; Win64; x64) AppleWebKit/537.36 (KHTML, like Gecko) Chrome/60.0.3112.113 Safari/537.36"
109.105.210.97 - - [08/Feb/2026:00:56:02 +0800] "GET / HTTP/1.1" 200 40637 "http://36.133.115.36/" "Mozilla/5.0 (Windows NT 10.0; Win64; x64) AppleWebKit/537.36 (KHTML, like Gecko) Chrome/60.0.3112.113 Safari/537.36"
36.133.115.36 - - [08/Feb/2026:00:57:37 +0800] "POST /wp-cron.php?doing_wp_cron=1770483457.7881619930267333984375 HTTP/1.1" 200 31 "-" "WordPress/6.9; http://cqqizhou.com"
43.157.22.109 - - [08/Feb/2026:00:57:37 +0800] "GET /wp-content/uploads/2025/07/1753453096- HTTP/1.1" 404 8949 "-" "Mozilla/5.0 (iPhone; CPU iPhone OS 13_2_3 like Mac OS X) AppleWebKit/605.1.15 (KHTML, like Gecko) Version/13.0.3 Mobile/15E148 Safari/604.1"
36.133.115.36 - - [08/Feb/2026:00:58:11 +0800] "POST /wp-cron.php?doing_wp_cron=1770483491.6991949081420898437500 HTTP/1.1" 200 31 "-" "WordPress/6.9; http://cqqizhou.com"
93.174.93.12 - - [08/Feb/2026:00:58:11 +0800] "GET / HTTP/1.0" 301 0 "-" "MOT-V9mm/00.62 UP.Browser/6.2.3.4.c.1.123 (GUI) MMP/2.0"
51.75.236.143 - - [08/Feb/2026:00:58:13 +0800] "GET /news/tag/%E5%8D%9A%E8%81%94%E8%BE%BE HTTP/1.1" 200 21095 "-" "Mozilla/5.0 (compatible; AhrefsBot/7.0; +http://ahrefs.com/robot/)"
8.213.214.67 - - [08/Feb/2026:00:58:18 +0800] "GET / HTTP/1.1" 301 5 "-" "Go-http-client/1.1"
36.133.115.36 - - [08/Feb/2026:01:03:35 +0800] "POST /wp-cron.php?doing_wp_cron=1770483815.4660029411315917968750 HTTP/1.1" 200 31 "-" "WordPress/6.9; http://cqqizhou.com"
45.194.92.11 - - [08/Feb/2026:01:03:35 +0800] "GET /dispatch.asp HTTP/1.1" 301 5 "-" "Mozilla/5.0 (Windows NT 10.0; Win64; x64) AppleWebKit/537.36 (KHTML, like Gecko) Chrome/90.0.4430.85 Safari/537.36 Edg/90.0.818.46"
47.95.198.251 - - [08/Feb/2026:01:04:02 +0800] "GET /admin/preview.php HTTP/1.1" 404 47 "-" "Mozilla/5.0 (Windows NT 10.0; Win64; x64)"
47.95.198.251 - - [08/Feb/2026:01:04:03 +0800] "GET /admin/fileupload.php HTTP/1.1" 404 47 "-" "Mozilla/5.0 (Windows NT 10.0; Win64; x64)"
36.133.115.36 - - [08/Feb/2026:01:06:47 +0800] "POST /wp-cron.php?doing_wp_cron=1770484007.3393559455871582031250 HTTP/1.1" 200 31 "-" "WordPress/6.9; http://cqqizhou.com"
124.156.157.91 - - [08/Feb/2026:01:06:47 +0800] "GET /wp-json/oembed/1.0/embed?url=http%3A%2F%2Fcqqizhou.com%2F HTTP/1.1" 200 1129 "-" "Mozilla/5.0 (iPhone; CPU iPhone OS 13_2_3 like Mac OS X) AppleWebKit/605.1.15 (KHTML, like Gecko) Version/13.0.3 Mobile/15E148 Safari/604.1"
36.133.115.36 - - [08/Feb/2026:01:08:25 +0800] "POST /wp-cron.php?doing_wp_cron=1770484105.4103319644927978515625 HTTP/1.1" 200 31 "-" "WordPress/6.9; http://cqqizhou.com"
51.75.236.129 - - [08/Feb/2026:01:08:25 +0800] "GET /news/2165 HTTP/1.1" 200 26946 "-" "Mozilla/5.0 (compatible; AhrefsBot/7.0; +http://ahrefs.com/robot/)"
183.212.242.85 - - [08/Feb/2026:01:10:18 +0800] "GET / HTTP/1.1" 200 40637 "-" "Mozilla/5.0 (Windows NT 10.0; Win64; x64) AppleWebKit/537.36 (KHTML, like Gecko) Chrome/136.0.0.0 Safari/537.36"
36.133.115.36 - - [08/Feb/2026:01:10:18 +0800] "POST /wp-cron.php?doing_wp_cron=1770484218.6955919265747070312500 HTTP/1.1" 200 31 "-" "WordPress/6.9; http://cqqizhou.com"
39.172.18.235 - - [08/Feb/2026:01:10:18 +0800] "GET / HTTP/1.1" 301 5 "-" "Mozilla/5.0 (Windows NT 10.0; Win64; x64) AppleWebKit/537.36 (KHTML, like Gecko) Chrome/136.0.0.0 Safari/537.36"
39.172.18.235 - - [08/Feb/2026:01:10:18 +0800] "GET http://cqqizhou.com/ HTTP/1.1" 200 40637 "-" "Mozilla/5.0 (Windows NT 10.0; Win64; x64) AppleWebKit/537.36 (KHTML, like Gecko) Chrome/136.0.0.0 Safari/537.36"
39.172.18.235 - - [08/Feb/2026:01:10:23 +0800] "GET / HTTP/1.1" 301 5 "http://www.cqqizhou.com" "Mozilla/5.0 (Windows NT 10.0; Win64; x64) AppleWebKit/537.36 (KHTML, like Gecko) Chrome/136.0.0.0 Safari/537.36"
39.172.18.235 - - [08/Feb/2026:01:10:23 +0800] "GET http://cqqizhou.com/ HTTP/1.1" 200 40637 "http://www.cqqizhou.com" "Mozilla/5.0 (Windows NT 10.0; Win64; x64) AppleWebKit/537.36 (KHTML, like Gecko) Chrome/136.0.0.0 Safari/537.36"
183.212.242.85 - - [08/Feb/2026:01:10:31 +0800] "GET / HTTP/1.1" 200 40637 "http://cqqizhou.com" "Mozilla/5.0 (Windows NT 10.0; Win64; x64) AppleWebKit/537.36 (KHTML, like Gecko) Chrome/136.0.0.0 Safari/537.36"
183.212.242.85 - - [08/Feb/2026:01:11:47 +0800] "GET /contacts HTTP/1.1" 200 21790 "http://cqqizhou.com" "Mozilla/5.0 (Windows NT 10.0; Win64; x64) AppleWebKit/537.36 (KHTML, like Gecko) Chrome/136.0.0.0 Safari/537.36"
36.133.115.36 - - [08/Feb/2026:01:11:48 +0800] "POST /wp-cron.php?doing_wp_cron=1770484308.5140690803527832031250 HTTP/1.1" 200 31 "-" "WordPress/6.9; http://cqqizhou.com"
183.212.242.85 - - [08/Feb/2026:01:11:48 +0800] "GET /contacts/ HTTP/1.1" 301 5 "http://cqqizhou.com" "Mozilla/5.0 (Windows NT 10.0; Win64; x64) AppleWebKit/537.36 (KHTML, like Gecko) Chrome/136.0.0.0 Safari/537.36"
183.212.242.85 - - [08/Feb/2026:01:11:48 +0800] "GET http://cqqizhou.com/contacts HTTP/1.1" 200 21790 "http://cqqizhou.com" "Mozilla/5.0 (Windows NT 10.0; Win64; x64) AppleWebKit/537.36 (KHTML, like Gecko) Chrome/136.0.0.0 Safari/537.36"
183.212.242.85 - - [08/Feb/2026:01:11:59 +0800] "GET /contacts HTTP/1.1" 200 21790 "http://cqqizhou.com/contacts" "Mozilla/5.0 (Windows NT 10.0; Win64; x64) AppleWebKit/537.36 (KHTML, like Gecko) Chrome/136.0.0.0 Safari/537.36"
183.212.242.85 - - [08/Feb/2026:01:12:00 +0800] "GET /contacts/ HTTP/1.1" 301 5 "http://cqqizhou.com/contacts/" "Mozilla/5.0 (Windows NT 10.0; Win64; x64) AppleWebKit/537.36 (KHTML, like Gecko) Chrome/136.0.0.0 Safari/537.36"
183.212.242.85 - - [08/Feb/2026:01:12:00 +0800] "GET http://cqqizhou.com/contacts HTTP/1.1" 200 21790 "http://cqqizhou.com/contacts/" "Mozilla/5.0 (Windows NT 10.0; Win64; x64) AppleWebKit/537.36 (KHTML, like Gecko) Chrome/136.0.0.0 Safari/537.36"
183.212.242.85 - - [08/Feb/2026:01:12:02 +0800] "GET /contacts HTTP/1.1" 200 21790 "http://cqqizhou.com/contacts/" "Mozilla/5.0 (Windows NT 10.0; Win64; x64) AppleWebKit/537.36 (KHTML, like Gecko) Chrome/136.0.0.0 Safari/537.36"
39.172.18.235 - - [08/Feb/2026:01:12:06 +0800] "GET /contacts HTTP/1.1" 200 21790 "http://www.cqqizhou.com" "Mozilla/5.0 (Windows NT 10.0; Win64; x64) AppleWebKit/537.36 (KHTML, like Gecko) Chrome/136.0.0.0 Safari/537.36"
39.172.18.235 - - [08/Feb/2026:01:12:06 +0800] "GET /contacts/ HTTP/1.1" 301 5 "http://www.cqqizhou.com" "Mozilla/5.0 (Windows NT 10.0; Win64; x64) AppleWebKit/537.36 (KHTML, like Gecko) Chrome/136.0.0.0 Safari/537.36"
39.172.18.235 - - [08/Feb/2026:01:12:06 +0800] "GET http://cqqizhou.com/contacts HTTP/1.1" 200 21790 "http://www.cqqizhou.com" "Mozilla/5.0 (Windows NT 10.0; Win64; x64) AppleWebKit/537.36 (KHTML, like Gecko) Chrome/136.0.0.0 Safari/537.36"
183.212.242.85 - - [08/Feb/2026:01:12:07 +0800] "GET /contacts HTTP/1.1" 200 21790 "http://cqqizhou.com/contacts" "Mozilla/5.0 (Windows NT 10.0; Win64; x64) AppleWebKit/537.36 (KHTML, like Gecko) Chrome/136.0.0.0 Safari/537.36"
39.172.18.235 - - [08/Feb/2026:01:12:09 +0800] "GET /contacts HTTP/1.1" 200 21790 "http://cqqizhou.com/contacts" "Mozilla/5.0 (Windows NT 10.0; Win64; x64) AppleWebKit/537.36 (KHTML, like Gecko) Chrome/136.0.0.0 Safari/537.36"
36.133.115.36 - - [08/Feb/2026:01:12:10 +0800] "POST /wp-cron.php?doing_wp_cron=1770484330.5408809185028076171875 HTTP/1.1" 200 31 "-" "WordPress/6.9; http://cqqizhou.com"
39.172.18.235 - - [08/Feb/2026:01:12:10 +0800] "GET /contacts/ HTTP/1.1" 301 5 "http://cqqizhou.com/contacts/" "Mozilla/5.0 (Windows NT 10.0; Win64; x64) AppleWebKit/537.36 (KHTML, like Gecko) Chrome/136.0.0.0 Safari/537.36"
39.172.18.235 - - [08/Feb/2026:01:12:10 +0800] "GET http://cqqizhou.com/contacts HTTP/1.1" 200 21790 "http://cqqizhou.com/contacts/" "Mozilla/5.0 (Windows NT 10.0; Win64; x64) AppleWebKit/537.36 (KHTML, like Gecko) Chrome/136.0.0.0 Safari/537.36"
39.172.18.235 - - [08/Feb/2026:01:12:11 +0800] "GET /contacts HTTP/1.1" 200 21790 "http://cqqizhou.com/contacts/" "Mozilla/5.0 (Windows NT 10.0; Win64; x64) AppleWebKit/537.36 (KHTML, like Gecko) Chrome/136.0.0.0 Safari/537.36"
39.172.18.235 - - [08/Feb/2026:01:12:41 +0800] "GET /contacts HTTP/1.1" 200 21790 "http://cqqizhou.com/contacts" "Mozilla/5.0 (Windows NT 10.0; Win64; x64) AppleWebKit/537.36 (KHTML, like Gecko) Chrome/136.0.0.0 Safari/537.36"
36.133.115.36 - - [08/Feb/2026:01:13:20 +0800] "POST /wp-cron.php?doing_wp_cron=1770484400.0373868942260742187500 HTTP/1.1" 200 31 "-" "WordPress/6.9; http://cqqizhou.com"
51.68.247.204 - - [08/Feb/2026:01:13:20 +0800] "GET /news/2052 HTTP/1.1" 200 25688 "-" "Mozilla/5.0 (compatible; AhrefsBot/7.0; +http://ahrefs.com/robot/)"
185.74.81.105 - - [08/Feb/2026:01:13:46 +0800] "POST /xmlrpc.php HTTP/1.1" 200 217 "-" "Mozilla/5.0 (Windows NT 10.0; Win64; x64; rv:142.0) Gecko/20100101 Firefox/142.0"
36.133.115.36 - - [08/Feb/2026:01:17:03 +0800] "POST /wp-cron.php?doing_wp_cron=1770484623.3292260169982910156250 HTTP/1.1" 200 31 "-" "WordPress/6.9; http://cqqizhou.com"
43.133.220.37 - - [08/Feb/2026:01:17:03 +0800] "GET /wp-content/uploads/2025/07/1753456770- HTTP/1.1" 404 8949 "-" "Mozilla/5.0 (iPhone; CPU iPhone OS 13_2_3 like Mac OS X) AppleWebKit/605.1.15 (KHTML, like Gecko) Version/13.0.3 Mobile/15E148 Safari/604.1"
36.133.115.36 - - [08/Feb/2026:01:18:16 +0800] "POST /wp-cron.php?doing_wp_cron=1770484696.0568599700927734375000 HTTP/1.1" 200 31 "-" "WordPress/6.9; http://cqqizhou.com"
37.59.204.159 - - [08/Feb/2026:01:18:16 +0800] "GET /company-news/page/1 HTTP/1.1" 301 5 "-" "Mozilla/5.0 (compatible; AhrefsBot/7.0; +http://ahrefs.com/robot/)"
36.133.115.36 - - [08/Feb/2026:01:23:15 +0800] "POST /wp-cron.php?doing_wp_cron=1770484995.5853450298309326171875 HTTP/1.1" 200 31 "-" "WordPress/6.9; http://cqqizhou.com"
37.59.204.139 - - [08/Feb/2026:01:23:15 +0800] "GET /2483/ HTTP/1.1" 301 5 "-" "Mozilla/5.0 (compatible; AhrefsBot/7.0; +http://ahrefs.com/robot/)"
36.133.115.36 - - [08/Feb/2026:01:27:50 +0800] "POST /wp-cron.php?doing_wp_cron=1770485270.3903300762176513671875 HTTP/1.1" 200 31 "-" "WordPress/6.9; http://cqqizhou.com"
94.23.188.212 - - [08/Feb/2026:01:27:50 +0800] "GET /logistics/ HTTP/1.1" 301 5 "-" "Mozilla/5.0 (compatible; AhrefsBot/7.0; +http://ahrefs.com/robot/)"
36.133.115.36 - - [08/Feb/2026:01:31:33 +0800] "POST /wp-cron.php?doing_wp_cron=1770485493.2288439273834228515625 HTTP/1.1" 200 31 "-" "WordPress/6.9; http://cqqizhou.com"
193.142.147.209 - - [08/Feb/2026:01:31:33 +0800] "POST / HTTP/1.1" 200 34760 "-" "Mozilla/5.0 (Windows NT 10.0; Win64; x64) AppleWebKit/537.36"
36.133.115.36 - - [08/Feb/2026:01:32:16 +0800] "POST /wp-cron.php?doing_wp_cron=1770485536.5306420326232910156250 HTTP/1.1" 200 31 "-" "WordPress/6.9; http://cqqizhou.com"
51.68.247.197 - - [08/Feb/2026:01:32:16 +0800] "GET /club/ HTTP/1.1" 301 5 "-" "Mozilla/5.0 (compatible; AhrefsBot/7.0; +http://ahrefs.com/robot/)"
180.153.236.87 - - [08/Feb/2026:01:35:21 +0800] "GET / HTTP/1.1" 200 40637 "http://cqqizhou.com" "Mozilla/5.0 (Windows NT 10.0; Win64; x64) AppleWebKit/537.36 (KHTML, like Gecko) Chrome/140.0.0.0 Safari/537.36 Edg/140.0.0.0; 360Spider"
4.197.167.136 - - [08/Feb/2026:01:36:10 +0800] "GET /wp-content/plugins/hellopress/wp_filemanager.php HTTP/1.1" 404 27 "-" "-"
4.197.167.136 - - [08/Feb/2026:01:36:11 +0800] "GET /166.php HTTP/1.1" 404 27 "-" "-"
4.197.167.136 - - [08/Feb/2026:01:36:11 +0800] "GET /2026.php HTTP/1.1" 404 27 "-" "-"
4.197.167.136 - - [08/Feb/2026:01:36:11 +0800] "GET /muzu.php HTTP/1.1" 404 27 "-" "-"
4.197.167.136 - - [08/Feb/2026:01:36:11 +0800] "GET /reze.php HTTP/1.1" 404 27 "-" "-"
4.197.167.136 - - [08/Feb/2026:01:36:11 +0800] "GET /jsond.php HTTP/1.1" 404 27 "-" "-"
4.197.167.136 - - [08/Feb/2026:01:36:11 +0800] "GET /x7.php HTTP/1.1" 404 27 "-" "-"
4.197.167.136 - - [08/Feb/2026:01:36:12 +0800] "GET /bgymj.php HTTP/1.1" 404 27 "-" "-"
4.197.167.136 - - [08/Feb/2026:01:36:12 +0800] "GET //lala.php HTTP/1.1" 404 27 "-" "-"
4.197.167.136 - - [08/Feb/2026:01:36:12 +0800] "GET /8xyz.php HTTP/1.1" 404 27 "-" "-"
4.197.167.136 - - [08/Feb/2026:01:36:12 +0800] "GET /wsd.php HTTP/1.1" 404 27 "-" "-"
4.197.167.136 - - [08/Feb/2026:01:36:12 +0800] "GET /Update/f35.php HTTP/1.1" 404 27 "-" "-"
4.197.167.136 - - [08/Feb/2026:01:36:12 +0800] "GET /la.php HTTP/1.1" 404 27 "-" "-"
4.197.167.136 - - [08/Feb/2026:01:36:12 +0800] "GET /Wp-good.php HTTP/1.1" 404 27 "-" "-"
4.197.167.136 - - [08/Feb/2026:01:36:13 +0800] "GET /tphp.php HTTP/1.1" 404 27 "-" "-"
4.197.167.136 - - [08/Feb/2026:01:36:13 +0800] "GET /a1.php HTTP/1.1" 404 27 "-" "-"
4.197.167.136 - - [08/Feb/2026:01:36:13 +0800] "GET /nyan.php HTTP/1.1" 404 27 "-" "-"
4.197.167.136 - - [08/Feb/2026:01:36:13 +0800] "GET //autoload_classmap.php HTTP/1.1" 404 27 "-" "-"
4.197.167.136 - - [08/Feb/2026:01:36:13 +0800] "GET //alfa.php HTTP/1.1" 404 27 "-" "-"
4.197.167.136 - - [08/Feb/2026:01:36:13 +0800] "GET //wp-includes/assets/index.php HTTP/1.1" 404 27 "-" "-"
4.197.167.136 - - [08/Feb/2026:01:36:14 +0800] "GET /luxe.php HTTP/1.1" 404 27 "-" "-"
36.133.115.36 - - [08/Feb/2026:01:36:14 +0800] "POST /wp-cron.php?doing_wp_cron=1770485774.9531190395355224609375 HTTP/1.1" 200 31 "-" "WordPress/6.9; http://cqqizhou.com"
4.197.167.136 - - [08/Feb/2026:01:36:14 +0800] "GET /update/wpupex.php/ HTTP/1.1" 404 31365 "-" "-"
4.197.167.136 - - [08/Feb/2026:01:36:15 +0800] "GET /rezor.php HTTP/1.1" 404 27 "-" "-"
4.197.167.136 - - [08/Feb/2026:01:36:15 +0800] "GET //doc.php HTTP/1.1" 404 27 "-" "-"
4.197.167.136 - - [08/Feb/2026:01:36:30 +0800] "GET //wp-admin/user/index.php HTTP/1.1" 302 5 "-" "-"
4.197.167.136 - - [08/Feb/2026:01:36:30 +0800] "GET /wp-login.php?redirect_to=http%3A%2F%2Fcqqizhou.com%2F%2Fwp-admin%2Fuser%2Findex.php&reauth=1 HTTP/1.1" 499 0 "-" "-"
4.197.167.136 - - [08/Feb/2026:01:36:30 +0800] "GET //wp-includes/css/about.php HTTP/1.1" 404 27 "-" "-"
4.197.167.136 - - [08/Feb/2026:01:36:30 +0800] "GET //install.php HTTP/1.1" 404 27 "-" "-"
4.197.167.136 - - [08/Feb/2026:01:36:31 +0800] "GET /~norapump/hah.php HTTP/1.1" 404 27 "-" "-"
4.197.167.136 - - [08/Feb/2026:01:36:31 +0800] "GET /sto.php HTTP/1.1" 404 27 "-" "-"
4.197.167.136 - - [08/Feb/2026:01:36:31 +0800] "GET //x.php HTTP/1.1" 404 27 "-" "-"
4.197.167.136 - - [08/Feb/2026:01:36:31 +0800] "GET //test.php HTTP/1.1" 404 27 "-" "-"
4.197.167.136 - - [08/Feb/2026:01:36:31 +0800] "GET /wp-includes/blocks/ HTTP/1.1" 200 12 "-" "-"
4.197.167.136 - - [08/Feb/2026:01:36:31 +0800] "GET /n3.php HTTP/1.1" 404 27 "-" "-"
4.197.167.136 - - [08/Feb/2026:01:36:32 +0800] "GET /wp-admin/install.php HTTP/1.1" 200 1259 "-" "-"
4.197.167.136 - - [08/Feb/2026:01:36:32 +0800] "GET /o.php HTTP/1.1" 404 27 "-" "-"
4.197.167.136 - - [08/Feb/2026:01:36:33 +0800] "GET //wp-includes/ID3/index.php HTTP/1.1" 404 27 "-" "-"
4.197.167.136 - - [08/Feb/2026:01:36:33 +0800] "GET /class-t.api.php HTTP/1.1" 404 27 "-" "-"
4.197.167.136 - - [08/Feb/2026:01:36:34 +0800] "GET /.trash7309/f/ HTTP/1.1" 404 31365 "-" "-"
4.197.167.136 - - [08/Feb/2026:01:36:34 +0800] "GET //wp.php HTTP/1.1" 404 27 "-" "-"
4.197.167.136 - - [08/Feb/2026:01:36:34 +0800] "GET //wp-includes/customize/index.php HTTP/1.1" 404 27 "-" "-"
4.197.167.136 - - [08/Feb/2026:01:36:34 +0800] "GET //wp-content/themes/seotheme/mar.php HTTP/1.1" 404 27 "-" "-"
4.197.167.136 - - [08/Feb/2026:01:36:34 +0800] "GET //h.php HTTP/1.1" 404 27 "-" "-"
4.197.167.136 - - [08/Feb/2026:01:36:35 +0800] "GET //skin/install/default/security.php HTTP/1.1" 404 27 "-" "-"
4.197.167.136 - - [08/Feb/2026:01:36:35 +0800] "GET /wrt.php HTTP/1.1" 404 27 "-" "-"
4.197.167.136 - - [08/Feb/2026:01:36:35 +0800] "GET //wp-content/plugins/Core-EconX/up.php HTTP/1.1" 404 27 "-" "-"
4.197.167.136 - - [08/Feb/2026:01:36:35 +0800] "GET /wp-includes/css/ HTTP/1.1" 403 146 "-" "-"
4.197.167.136 - - [08/Feb/2026:01:36:35 +0800] "GET /images/c99.php HTTP/1.1" 404 27 "-" "-"
4.197.167.136 - - [08/Feb/2026:01:36:35 +0800] "GET /png.php HTTP/1.1" 404 27 "-" "-"
4.197.167.136 - - [08/Feb/2026:01:36:36 +0800] "GET //wp-includes/ID3/index.php HTTP/1.1" 404 27 "-" "-"
4.197.167.136 - - [08/Feb/2026:01:36:36 +0800] "GET //zwso.php HTTP/1.1" 404 27 "-" "-"
4.197.167.136 - - [08/Feb/2026:01:36:36 +0800] "GET //wp-content/languages/index.php HTTP/1.1" 404 27 "-" "-"
4.197.167.136 - - [08/Feb/2026:01:36:36 +0800] "GET //wp-content/ HTTP/1.1" 200 5 "-" "-"
4.197.167.136 - - [08/Feb/2026:01:36:36 +0800] "GET /wp/wp-includes//index.php HTTP/1.1" 404 27 "-" "-"
4.197.167.136 - - [08/Feb/2026:01:36:36 +0800] "GET /ton.php HTTP/1.1" 404 27 "-" "-"
4.197.167.136 - - [08/Feb/2026:01:36:37 +0800] "GET //wso.php HTTP/1.1" 404 27 "-" "-"
4.197.167.136 - - [08/Feb/2026:01:36:38 +0800] "GET /images/fk2e3/ HTTP/1.1" 404 31365 "-" "-"
4.197.167.136 - - [08/Feb/2026:01:36:38 +0800] "GET /a2.php HTTP/1.1" 404 27 "-" "-"
4.197.167.136 - - [08/Feb/2026:01:36:38 +0800] "GET /shell.php HTTP/1.1" 404 27 "-" "-"
4.197.167.136 - - [08/Feb/2026:01:36:38 +0800] "GET /wp-includes/IXR/moon.php HTTP/1.1" 404 27 "-" "-"
4.197.167.136 - - [08/Feb/2026:01:36:39 +0800] "GET /sxo.php HTTP/1.1" 404 27 "-" "-"
4.197.167.136 - - [08/Feb/2026:01:36:40 +0800] "GET /wp-admin/ HTTP/1.1" 302 5 "-" "-"
4.197.167.136 - - [08/Feb/2026:01:36:41 +0800] "GET /wp-login.php?redirect_to=http%3A%2F%2Fcqqizhou.com%2Fwp-admin%2F&reauth=1 HTTP/1.1" 200 9053 "-" "-"
4.197.167.136 - - [08/Feb/2026:01:36:41 +0800] "GET //wp-content/ HTTP/1.1" 200 5 "-" "-"
4.197.167.136 - - [08/Feb/2026:01:36:41 +0800] "GET /mans.php HTTP/1.1" 404 27 "-" "-"
4.197.167.136 - - [08/Feb/2026:01:36:41 +0800] "GET //dropdown.php HTTP/1.1" 404 27 "-" "-"
4.197.167.136 - - [08/Feb/2026:01:36:42 +0800] "GET /WordPress/x/ HTTP/1.1" 404 31365 "-" "-"
4.197.167.136 - - [08/Feb/2026:01:36:43 +0800] "GET /ze.php HTTP/1.1" 404 27 "-" "-"
4.197.167.136 - - [08/Feb/2026:01:36:43 +0800] "GET //geck.php HTTP/1.1" 404 27 "-" "-"
4.197.167.136 - - [08/Feb/2026:01:36:43 +0800] "GET /menu.php HTTP/1.1" 404 27 "-" "-"
4.197.167.136 - - [08/Feb/2026:01:36:43 +0800] "GET //admin/function.php HTTP/1.1" 404 27 "-" "-"
4.197.167.136 - - [08/Feb/2026:01:36:43 +0800] "GET //index/function.php HTTP/1.1" 404 27 "-" "-"
4.197.167.136 - - [08/Feb/2026:01:36:43 +0800] "GET /flower.php HTTP/1.1" 404 27 "-" "-"
4.197.167.136 - - [08/Feb/2026:01:36:44 +0800] "GET /ftp.php HTTP/1.1" 404 27 "-" "-"
4.197.167.136 - - [08/Feb/2026:01:36:44 +0800] "GET /mds.php HTTP/1.1" 404 27 "-" "-"
4.197.167.136 - - [08/Feb/2026:01:36:44 +0800] "GET /ahax.php HTTP/1.1" 404 27 "-" "-"
4.197.167.136 - - [08/Feb/2026:01:36:44 +0800] "GET //wp-admin/class-db.php HTTP/1.1" 404 27 "-" "-"
4.197.167.136 - - [08/Feb/2026:01:36:44 +0800] "GET /cool.php HTTP/1.1" 404 27 "-" "-"
4.197.167.136 - - [08/Feb/2026:01:36:44 +0800] "GET /gm.php HTTP/1.1" 404 27 "-" "-"
4.197.167.136 - - [08/Feb/2026:01:36:45 +0800] "GET //simple.php HTTP/1.1" 404 27 "-" "-"
4.197.167.136 - - [08/Feb/2026:01:36:45 +0800] "GET //elp.php HTTP/1.1" 404 27 "-" "-"
4.197.167.136 - - [08/Feb/2026:01:36:45 +0800] "GET /bolt.php HTTP/1.1" 404 27 "-" "-"
4.197.167.136 - - [08/Feb/2026:01:36:45 +0800] "GET //wp-content/uploads/index.php HTTP/1.1" 404 27 "-" "-"
4.197.167.136 - - [08/Feb/2026:01:36:46 +0800] "GET //inputs.php HTTP/1.1" 404 27 "-" "-"
92.222.108.109 - - [08/Feb/2026:01:36:46 +0800] "GET /2165/ HTTP/1.1" 301 5 "-" "Mozilla/5.0 (compatible; AhrefsBot/7.0; +http://ahrefs.com/robot/)"
4.197.167.136 - - [08/Feb/2026:01:36:46 +0800] "GET /.trash7309/fafa/ HTTP/1.1" 404 31365 "-" "-"
4.197.167.136 - - [08/Feb/2026:01:36:47 +0800] "GET /system.php HTTP/1.1" 404 27 "-" "-"
4.197.167.136 - - [08/Feb/2026:01:36:47 +0800] "GET /wp-admin/maint/ HTTP/1.1" 403 146 "-" "-"
4.197.167.136 - - [08/Feb/2026:01:36:48 +0800] "GET /wp-admin/network/ HTTP/1.1" 302 5 "-" "-"
4.197.167.136 - - [08/Feb/2026:01:36:48 +0800] "GET /wp-login.php?redirect_to=http%3A%2F%2Fcqqizhou.com%2Fwp-admin%2Fnetwork%2F&reauth=1 HTTP/1.1" 200 9061 "-" "-"
4.197.167.136 - - [08/Feb/2026:01:36:49 +0800] "GET /museu/yhweq.php HTTP/1.1" 404 27 "-" "-"
4.197.167.136 - - [08/Feb/2026:01:36:49 +0800] "GET /an.php HTTP/1.1" 404 27 "-" "-"
4.197.167.136 - - [08/Feb/2026:01:36:49 +0800] "GET //w.php HTTP/1.1" 404 27 "-" "-"
4.197.167.136 - - [08/Feb/2026:01:36:49 +0800] "GET /gmo.php HTTP/1.1" 404 27 "-" "-"
4.197.167.136 - - [08/Feb/2026:01:36:50 +0800] "GET /gib.php HTTP/1.1" 404 27 "-" "-"
4.197.167.136 - - [08/Feb/2026:01:36:50 +0800] "GET /wp-miiss.php.php HTTP/1.1" 404 27 "-" "-"
4.197.167.136 - - [08/Feb/2026:01:36:50 +0800] "GET /ho/wpup.php HTTP/1.1" 404 27 "-" "-"
4.197.167.136 - - [08/Feb/2026:01:36:50 +0800] "GET //moon.php HTTP/1.1" 404 27 "-" "-"
4.197.167.136 - - [08/Feb/2026:01:36:50 +0800] "GET /filesss.php HTTP/1.1" 404 27 "-" "-"
4.197.167.136 - - [08/Feb/2026:01:36:50 +0800] "GET /hey.php HTTP/1.1" 404 27 "-" "-"
4.197.167.136 - - [08/Feb/2026:01:36:51 +0800] "GET //wp-content/themes/seotheme/mar.php HTTP/1.1" 404 27 "-" "-"
4.197.167.136 - - [08/Feb/2026:01:36:51 +0800] "GET //1337.php HTTP/1.1" 404 27 "-" "-"
4.197.167.136 - - [08/Feb/2026:01:36:51 +0800] "GET //buy.php HTTP/1.1" 404 27 "-" "-"
4.197.167.136 - - [08/Feb/2026:01:36:51 +0800] "GET /apsarasarts/okk.php HTTP/1.1" 404 27 "-" "-"
4.197.167.136 - - [08/Feb/2026:01:36:51 +0800] "GET /m.php HTTP/1.1" 404 27 "-" "-"
4.197.167.136 - - [08/Feb/2026:01:36:51 +0800] "GET /wp-is.php HTTP/1.1" 404 27 "-" "-"
4.197.167.136 - - [08/Feb/2026:01:36:52 +0800] "GET /jmfi2.php HTTP/1.1" 404 27 "-" "-"
4.197.167.136 - - [08/Feb/2026:01:36:52 +0800] "GET //about/function.php HTTP/1.1" 404 27 "-" "-"
4.197.167.136 - - [08/Feb/2026:01:36:52 +0800] "GET /bnn_.php HTTP/1.1" 404 27 "-" "-"
4.197.167.136 - - [08/Feb/2026:01:36:52 +0800] "GET //wp-content/json.php HTTP/1.1" 404 27 "-" "-"
4.197.167.136 - - [08/Feb/2026:01:36:52 +0800] "GET /hzz.php HTTP/1.1" 404 27 "-" "-"
4.197.167.136 - - [08/Feb/2026:01:36:52 +0800] "GET //shell20211028.php HTTP/1.1" 404 27 "-" "-"
4.197.167.136 - - [08/Feb/2026:01:36:53 +0800] "GET //content.php HTTP/1.1" 404 27 "-" "-"
4.197.167.136 - - [08/Feb/2026:01:36:53 +0800] "GET /wp-content/ HTTP/1.1" 200 5 "-" "-"
4.197.167.136 - - [08/Feb/2026:01:36:53 +0800] "GET /ps.php HTTP/1.1" 404 27 "-" "-"
4.197.167.136 - - [08/Feb/2026:01:36:53 +0800] "GET //wp-content/themes/about.php HTTP/1.1" 404 27 "-" "-"
4.197.167.136 - - [08/Feb/2026:01:36:54 +0800] "GET /.trash7309/dd/ HTTP/1.1" 404 31365 "-" "-"
4.197.167.136 - - [08/Feb/2026:01:36:54 +0800] "GET /cache.php HTTP/1.1" 404 27 "-" "-"
4.197.167.136 - - [08/Feb/2026:01:36:55 +0800] "GET /ss.php HTTP/1.1" 404 27 "-" "-"
4.197.167.136 - - [08/Feb/2026:01:36:55 +0800] "GET /p.php HTTP/1.1" 404 27 "-" "-"
4.197.167.136 - - [08/Feb/2026:01:36:55 +0800] "GET //wp-content/plugins/achdxhv/languages/admin.php HTTP/1.1" 404 27 "-" "-"
4.197.167.136 - - [08/Feb/2026:01:36:55 +0800] "GET //user.php HTTP/1.1" 404 27 "-" "-"
4.197.167.136 - - [08/Feb/2026:01:36:55 +0800] "GET /wp-includes/block-patterns/ HTTP/1.1" 403 146 "-" "-"
4.197.167.136 - - [08/Feb/2026:01:36:55 +0800] "GET //index/function.php HTTP/1.1" 404 27 "-" "-"
4.197.167.136 - - [08/Feb/2026:01:36:56 +0800] "GET /wp.php HTTP/1.1" 404 27 "-" "-"
4.197.167.136 - - [08/Feb/2026:01:36:56 +0800] "GET /rip.php HTTP/1.1" 404 27 "-" "-"
4.197.167.136 - - [08/Feb/2026:01:36:56 +0800] "GET /wp4.php HTTP/1.1" 404 27 "-" "-"
4.197.167.136 - - [08/Feb/2026:01:36:56 +0800] "GET //403.php HTTP/1.1" 404 27 "-" "-"
4.197.167.136 - - [08/Feb/2026:01:36:56 +0800] "GET //wp-admin/maint/index.php HTTP/1.1" 404 27 "-" "-"
4.197.167.136 - - [08/Feb/2026:01:36:57 +0800] "GET /asd67.php HTTP/1.1" 404 27 "-" "-"
4.197.167.136 - - [08/Feb/2026:01:36:57 +0800] "GET //sad/about.php HTTP/1.1" 404 27 "-" "-"
4.197.167.136 - - [08/Feb/2026:01:36:57 +0800] "GET /oivcl.php HTTP/1.1" 404 27 "-" "-"
4.197.167.136 - - [08/Feb/2026:01:36:57 +0800] "GET //about.php HTTP/1.1" 404 27 "-" "-"
4.197.167.136 - - [08/Feb/2026:01:36:57 +0800] "GET //wp-content/themes/deeto/login.php HTTP/1.1" 404 27 "-" "-"
4.197.167.136 - - [08/Feb/2026:01:36:57 +0800] "GET /v2.php HTTP/1.1" 404 27 "-" "-"
4.197.167.136 - - [08/Feb/2026:01:36:57 +0800] "GET //wp-content/themes/hideo/network.php HTTP/1.1" 404 27 "-" "-"
4.197.167.136 - - [08/Feb/2026:01:36:58 +0800] "GET /x/ HTTP/1.1" 404 31365 "-" "-"
4.197.167.136 - - [08/Feb/2026:01:36:59 +0800] "GET //.cache/x.php HTTP/1.1" 404 27 "-" "-"
4.197.167.136 - - [08/Feb/2026:01:36:59 +0800] "GET /dr.php HTTP/1.1" 404 27 "-" "-"
4.197.167.136 - - [08/Feb/2026:01:36:59 +0800] "GET /raw.php HTTP/1.1" 404 27 "-" "-"
4.197.167.136 - - [08/Feb/2026:01:36:59 +0800] "GET //wp-includes/css/about.php HTTP/1.1" 404 27 "-" "-"
4.197.167.136 - - [08/Feb/2026:01:36:59 +0800] "GET //wp-content/index.php HTTP/1.1" 200 5 "-" "-"
4.197.167.136 - - [08/Feb/2026:01:37:00 +0800] "GET /ioxi-o2.php HTTP/1.1" 404 27 "-" "-"
4.197.167.136 - - [08/Feb/2026:01:37:00 +0800] "GET /dropdown.php HTTP/1.1" 404 27 "-" "-"
4.197.167.136 - - [08/Feb/2026:01:37:00 +0800] "GET /dlu.php HTTP/1.1" 404 27 "-" "-"
4.197.167.136 - - [08/Feb/2026:01:37:00 +0800] "GET //wp-content/about.php HTTP/1.1" 404 27 "-" "-"
4.197.167.136 - - [08/Feb/2026:01:37:00 +0800] "GET /db.php HTTP/1.1" 404 27 "-" "-"
4.197.167.136 - - [08/Feb/2026:01:37:00 +0800] "GET /packed.php HTTP/1.1" 404 27 "-" "-"
4.197.167.136 - - [08/Feb/2026:01:37:00 +0800] "GET /wp-configs.php HTTP/1.1" 404 27 "-" "-"
4.197.167.136 - - [08/Feb/2026:01:37:01 +0800] "GET //404.php HTTP/1.1" 404 27 "-" "-"
4.197.167.136 - - [08/Feb/2026:01:37:01 +0800] "GET /des.php HTTP/1.1" 404 27 "-" "-"
4.197.167.136 - - [08/Feb/2026:01:37:02 +0800] "GET /.well-known/content.php HTTP/1.1" 404 27 "-" "-"
4.197.167.136 - - [08/Feb/2026:01:37:02 +0800] "GET //lufix.php HTTP/1.1" 404 27 "-" "-"
36.133.108.121 - - [08/Feb/2026:01:37:08 +0800] "HEAD /vendor/phpunit/src/Util/PHP/eval-stdin.php HTTP/1.1" 404 0 "-" "Mozilla/5.0 (compatible; MSIE 10.0; Windows NT 6.1; Trident/6.0)"
36.133.115.36 - - [08/Feb/2026:01:37:56 +0800] "POST /wp-cron.php?doing_wp_cron=1770485876.3107469081878662109375 HTTP/1.1" 200 31 "-" "WordPress/6.9; http://cqqizhou.com"
204.76.203.219 - - [08/Feb/2026:01:37:56 +0800] "GET / HTTP/1.1" 200 34760 "-" "Mozilla/5.0 (Windows NT 10.0; Win64; x64) AppleWebKit/537.36 (KHTML, like Gecko) Chrome/90.0.4430.85 Safari/537.36 Edg/90.0.818.46"
5.39.109.173 - - [08/Feb/2026:01:42:54 +0800] "GET /news/portfolio/%E5%86%B7%E8%BD%A7%E5%8D%B7 HTTP/1.1" 200 22180 "-" "Mozilla/5.0 (compatible; AhrefsBot/7.0; +http://ahrefs.com/robot/)"
36.133.115.36 - - [08/Feb/2026:01:43:09 +0800] "POST /wp-cron.php?doing_wp_cron=1770486189.7724430561065673828125 HTTP/1.1" 200 31 "-" "WordPress/6.9; http://cqqizhou.com"
115.159.33.43 - - [08/Feb/2026:01:43:09 +0800] "GET / HTTP/1.1" 301 5 "-" "Mozilla/5.0 (Windows NT 10.0; Win64; x64) AppleWebKit/537.36 (KHTML, like Gecko) Chrome/79.0.3945.117 Safari/537.36"
36.133.115.36 - - [08/Feb/2026:01:49:26 +0800] "POST /wp-cron.php?doing_wp_cron=1770486566.8890409469604492187500 HTTP/1.1" 200 31 "-" "WordPress/6.9; http://cqqizhou.com"
66.132.153.125 - - [08/Feb/2026:01:49:26 +0800] "GET / HTTP/1.1" 301 5 "-" "Mozilla/5.0 (compatible; CensysInspect/1.1; +https://about.censys.io/)"
66.132.153.125 - - [08/Feb/2026:01:49:54 +0800] "GET /login HTTP/1.1" 302 5 "-" "Mozilla/5.0 (compatible; CensysInspect/1.1; +https://about.censys.io/)"
36.152.157.158 - - [08/Feb/2026:01:50:37 +0800] "GET /manage/preview.php HTTP/1.1" 404 47 "-" "Mozilla/5.0 (Windows NT 10.0; Win64; x64)"
36.152.157.158 - - [08/Feb/2026:01:50:37 +0800] "GET /manage/fileupload.php HTTP/1.1" 404 47 "-" "Mozilla/5.0 (Windows NT 10.0; Win64; x64)"
36.133.115.36 - - [08/Feb/2026:01:55:16 +0800] "POST /wp-cron.php?doing_wp_cron=1770486916.6457688808441162109375 HTTP/1.1" 200 31 "-" "WordPress/6.9; http://cqqizhou.com"
36.133.108.121 - - [08/Feb/2026:01:55:16 +0800] "HEAD /index.php?lang=../../../../../../../../tmp/index1 HTTP/1.1" 200 0 "-" "Mozilla/5.0 (Windows; U; Windows NT 5.1; ru-RU) AppleWebKit/533.19.4 (KHTML, like Gecko) Version/5.0.3 Safari/533.19.4"
36.133.115.36 - - [08/Feb/2026:01:56:11 +0800] "POST /wp-cron.php?doing_wp_cron=1770486971.4172520637512207031250 HTTP/1.1" 200 31 "-" "WordPress/6.9; http://cqqizhou.com"
92.222.108.127 - - [08/Feb/2026:01:56:11 +0800] "GET /news/page/1 HTTP/1.1" 301 5 "-" "Mozilla/5.0 (compatible; AhrefsBot/7.0; +http://ahrefs.com/robot/)"
36.133.115.36 - - [08/Feb/2026:02:03:04 +0800] "POST /wp-cron.php?doing_wp_cron=1770487384.0734241008758544921875 HTTP/1.1" 200 31 "-" "WordPress/6.9; http://cqqizhou.com"
34.38.106.200 - - [08/Feb/2026:02:03:04 +0800] "GET / HTTP/1.1" 301 5 "-" "python-requests/2.32.5"
36.133.115.36 - - [08/Feb/2026:02:03:14 +0800] "POST /wp-cron.php?doing_wp_cron=1770487394.3876290321350097656250 HTTP/1.1" 200 31 "-" "WordPress/6.9; http://cqqizhou.com"
204.76.203.69 - - [08/Feb/2026:02:03:15 +0800] "GET / HTTP/1.1" 200 157184 "-" "-"
36.133.115.36 - - [08/Feb/2026:02:04:28 +0800] "POST /wp-cron.php?doing_wp_cron=1770487468.2382080554962158203125 HTTP/1.1" 200 31 "-" "WordPress/6.9; http://cqqizhou.com"
54.37.84.47 - - [08/Feb/2026:02:04:28 +0800] "GET /robots.txt HTTP/1.1" 200 390 "-" "Mozilla/5.0 (compatible; MJ12bot/v1.4.8; http://mj12bot.com/)"
54.37.84.47 - - [08/Feb/2026:02:04:29 +0800] "GET /news/2163 HTTP/1.1" 200 23818 "-" "Mozilla/5.0 (compatible; MJ12bot/v1.4.8; http://mj12bot.com/)"
54.37.84.47 - - [08/Feb/2026:02:04:31 +0800] "GET /news/2164 HTTP/1.1" 200 23588 "-" "Mozilla/5.0 (compatible; MJ12bot/v1.4.8; http://mj12bot.com/)"
54.37.84.47 - - [08/Feb/2026:02:04:33 +0800] "GET /news/2418 HTTP/1.1" 200 27357 "-" "Mozilla/5.0 (compatible; MJ12bot/v1.4.8; http://mj12bot.com/)"
54.37.84.47 - - [08/Feb/2026:02:04:35 +0800] "GET /news/2420 HTTP/1.1" 200 23663 "-" "Mozilla/5.0 (compatible; MJ12bot/v1.4.8; http://mj12bot.com/)"
54.37.84.47 - - [08/Feb/2026:02:04:37 +0800] "GET /news/portfolio HTTP/1.1" 200 20696 "-" "Mozilla/5.0 (compatible; MJ12bot/v1.4.8; http://mj12bot.com/)"
54.37.84.47 - - [08/Feb/2026:02:04:38 +0800] "GET /news/portfolio-tag/ansteel-thyssen HTTP/1.1" 200 22521 "-" "Mozilla/5.0 (compatible; MJ12bot/v1.4.8; http://mj12bot.com/)"
54.37.84.47 - - [08/Feb/2026:02:04:40 +0800] "GET /news/portfolio-tag/pangang HTTP/1.1" 200 21124 "-" "Mozilla/5.0 (compatible; MJ12bot/v1.4.8; http://mj12bot.com/)"
54.37.84.47 - - [08/Feb/2026:02:04:42 +0800] "GET /news/portfolio/pickled-coil HTTP/1.1" 200 22255 "-" "Mozilla/5.0 (compatible; MJ12bot/v1.4.8; http://mj12bot.com/)"
54.37.84.47 - - [08/Feb/2026:02:04:44 +0800] "GET /news/tag/%E5%8D%9A%E8%81%94%E8%BE%BE HTTP/1.1" 200 21095 "-" "Mozilla/5.0 (compatible; MJ12bot/v1.4.8; http://mj12bot.com/)"
54.37.84.47 - - [08/Feb/2026:02:04:47 +0800] "GET /news/tag/%E7%89%A9%E6%B5%81 HTTP/1.1" 200 21076 "-" "Mozilla/5.0 (compatible; MJ12bot/v1.4.8; http://mj12bot.com/)"
36.133.115.36 - - [08/Feb/2026:02:07:02 +0800] "POST /wp-cron.php?doing_wp_cron=1770487622.8642570972442626953125 HTTP/1.1" 200 31 "-" "WordPress/6.9; http://cqqizhou.com"
1.15.52.154 - - [08/Feb/2026:02:07:02 +0800] "GET / HTTP/1.1" 200 34760 "-" "Mozilla/5.0 (iPhone; CPU iPhone OS 13_2_3 like Mac OS X) AppleWebKit/605.1.15 (KHTML, like Gecko) Version/13.0.3 Mobile/15E148 Safari/604.1"
36.133.115.36 - - [08/Feb/2026:02:08:38 +0800] "POST /wp-cron.php?doing_wp_cron=1770487718.4295220375061035156250 HTTP/1.1" 200 31 "-" "WordPress/6.9; http://cqqizhou.com"
92.222.104.200 - - [08/Feb/2026:02:08:38 +0800] "GET /news/portfolio-category/pickled-coil HTTP/1.1" 200 21084 "-" "Mozilla/5.0 (compatible; AhrefsBot/7.0; +http://ahrefs.com/robot/)"
36.133.115.36 - - [08/Feb/2026:02:10:21 +0800] "POST /wp-cron.php?doing_wp_cron=1770487821.1987431049346923828125 HTTP/1.1" 200 31 "-" "WordPress/6.9; http://cqqizhou.com"
204.76.203.69 - - [08/Feb/2026:02:10:21 +0800] "GET / HTTP/1.1" 301 5 "-" "Mozilla/5.0 (Windows NT 10.0; Win64; x64) AppleWebKit/537.36 (KHTML, like Gecko) Chrome/90.0.4430.85 Safari/537.36 Edg/90.0.818.46"
36.133.115.36 - - [08/Feb/2026:02:20:47 +0800] "POST /wp-cron.php?doing_wp_cron=1770488447.9350800514221191406250 HTTP/1.1" 200 31 "-" "WordPress/6.9; http://cqqizhou.com"
54.37.118.85 - - [08/Feb/2026:02:20:47 +0800] "GET /2475/ HTTP/1.1" 301 5 "-" "Mozilla/5.0 (compatible; AhrefsBot/7.0; +http://ahrefs.com/robot/)"
36.133.115.36 - - [08/Feb/2026:02:24:21 +0800] "POST /wp-cron.php?doing_wp_cron=1770488661.5741419792175292968750 HTTP/1.1" 200 31 "-" "WordPress/6.9; http://cqqizhou.com"
199.45.154.159 - - [08/Feb/2026:02:24:21 +0800] "GET / HTTP/1.1" 301 5 "-" "Mozilla/5.0 (compatible; CensysInspect/1.1; +https://about.censys.io/)"
38.46.221.123 - - [08/Feb/2026:02:24:37 +0800] "GET http://check.9tb.org/ HTTP/1.1" 301 5 "-" "Go-http-client/1.1"
199.45.154.159 - - [08/Feb/2026:02:24:38 +0800] "GET /security.txt HTTP/1.1" 200 19813 "-" "Mozilla/5.0 (compatible; CensysInspect/1.1; +https://about.censys.io/)"
38.46.221.123 - - [08/Feb/2026:02:24:38 +0800] "GET http://cqqizhou.com/ HTTP/1.1" 200 40637 "http://check.9tb.org" "Go-http-client/1.1"
199.45.154.159 - - [08/Feb/2026:02:24:50 +0800] "GET /d1gpfmq9qsmu3c4 HTTP/1.1" 404 8948 "-" "Mozilla/5.0 (compatible; CensysInspect/1.1; +https://about.censys.io/)"
36.133.115.36 - - [08/Feb/2026:02:33:12 +0800] "POST /wp-cron.php?doing_wp_cron=1770489192.6355490684509277343750 HTTP/1.1" 200 31 "-" "WordPress/6.9; http://cqqizhou.com"
92.222.104.192 - - [08/Feb/2026:02:33:12 +0800] "GET /2361/ HTTP/1.1" 301 5 "-" "Mozilla/5.0 (compatible; AhrefsBot/7.0; +http://ahrefs.com/robot/)"
36.133.115.36 - - [08/Feb/2026:02:44:36 +0800] "POST /wp-cron.php?doing_wp_cron=1770489876.1401739120483398437500 HTTP/1.1" 200 31 "-" "WordPress/6.9; http://cqqizhou.com"
51.68.247.192 - - [08/Feb/2026:02:44:36 +0800] "GET /media/ HTTP/1.1" 301 5 "-" "Mozilla/5.0 (compatible; AhrefsBot/7.0; +http://ahrefs.com/robot/)"
36.133.115.36 - - [08/Feb/2026:02:59:06 +0800] "POST /wp-cron.php?doing_wp_cron=1770490746.4843668937683105468750 HTTP/1.1" 200 31 "-" "WordPress/6.9; http://cqqizhou.com"
164.52.24.178 - - [08/Feb/2026:02:59:06 +0800] "GET / HTTP/1.1" 301 5 "-" "Mozilla/5.0 (Windows NT 10.0; Win64; x64) AppleWebKit/537.36 (KHTML, like Gecko) Chrome/143.0.0.0 Safari/537.36"
164.52.24.178 - - [08/Feb/2026:02:59:18 +0800] "GET / HTTP/1.1" 200 171110 "-" "Mozilla/5.0 (Windows NT 10.0; Win64; x64) AppleWebKit/537.36 (KHTML, like Gecko) Chrome/143.0.0.0 Safari/537.36"
36.133.115.36 - - [08/Feb/2026:03:07:37 +0800] "POST /wp-cron.php?doing_wp_cron=1770491257.5401830673217773437500 HTTP/1.1" 200 31 "-" "WordPress/6.9; http://cqqizhou.com"
176.31.139.28 - - [08/Feb/2026:03:07:37 +0800] "GET /2464/ HTTP/1.1" 301 5 "-" "Mozilla/5.0 (compatible; AhrefsBot/7.0; +http://ahrefs.com/robot/)"
36.133.115.36 - - [08/Feb/2026:03:09:40 +0800] "POST /wp-cron.php?doing_wp_cron=1770491380.8047900199890136718750 HTTP/1.1" 200 31 "-" "WordPress/6.9; http://cqqizhou.com"
162.142.125.119 - - [08/Feb/2026:03:09:40 +0800] "GET / HTTP/1.1" 301 5 "-" "Mozilla/5.0 (compatible; CensysInspect/1.1; +https://about.censys.io/)"
52.167.144.193 - - [08/Feb/2026:03:09:48 +0800] "GET /2475/ HTTP/1.1" 301 5 "-" "Mozilla/5.0 AppleWebKit/537.36 (KHTML, like Gecko; compatible; bingbot/2.0; +http://www.bing.com/bingbot.htm) Chrome/116.0.1938.76 Safari/537.36"
52.167.144.193 - - [08/Feb/2026:03:09:49 +0800] "GET /news/2475 HTTP/1.1" 200 26668 "-" "Mozilla/5.0 AppleWebKit/537.36 (KHTML, like Gecko; compatible; bingbot/2.0; +http://www.bing.com/bingbot.htm) Chrome/116.0.1938.76 Safari/537.36"
162.142.125.119 - - [08/Feb/2026:03:09:51 +0800] "GET /sitemap.xml HTTP/1.1" 200 537 "-" "Mozilla/5.0 (compatible; CensysInspect/1.1; +https://about.censys.io/)"
162.142.125.119 - - [08/Feb/2026:03:09:57 +0800] "GET /orugyazu2e HTTP/1.1" 404 8949 "-" "Mozilla/5.0 (compatible; CensysInspect/1.1; +https://about.censys.io/)"
20.238.51.51 - - [08/Feb/2026:03:13:28 +0800] "GET /wp-content/plugins/hellopress/wp_filemanager.php HTTP/1.1" 404 27 "-" "-"
20.238.51.51 - - [08/Feb/2026:03:13:28 +0800] "GET /grsiuk.php HTTP/1.1" 404 27 "-" "-"
20.238.51.51 - - [08/Feb/2026:03:13:29 +0800] "GET /fs.php HTTP/1.1" 404 27 "-" "-"
20.238.51.51 - - [08/Feb/2026:03:13:29 +0800] "GET /;k.php HTTP/1.1" 404 27 "-" "-"
36.133.115.36 - - [08/Feb/2026:03:13:30 +0800] "POST /wp-cron.php?doing_wp_cron=1770491610.3175640106201171875000 HTTP/1.1" 200 31 "-" "WordPress/6.9; http://cqqizhou.com"
3.140.198.248 - - [08/Feb/2026:03:13:30 +0800] "GET / HTTP/1.1" 301 5 "-" "visionheight.com/scan Mozilla/5.0 (Macintosh; Intel Mac OS X 10_15_7) Chrome/126.0.0.0 Safari/537.36"
3.140.198.248 - - [08/Feb/2026:03:13:33 +0800] "GET / HTTP/1.1" 200 40637 "http://36.133.115.36/" "visionheight.com/scan Mozilla/5.0 (Macintosh; Intel Mac OS X 10_15_7) Chrome/126.0.0.0 Safari/537.36"
36.133.115.36 - - [08/Feb/2026:03:15:20 +0800] "POST /wp-cron.php?doing_wp_cron=1770491720.6568698883056640625000 HTTP/1.1" 200 31 "-" "WordPress/6.9; http://cqqizhou.com"
3.140.198.248 - - [08/Feb/2026:03:15:20 +0800] "GET / HTTP/1.1" 301 5 "-" "visionheight.com/scan Mozilla/5.0 (Macintosh; Intel Mac OS X 10_15_7) Chrome/126.0.0.0 Safari/537.36"
3.148.178.131 - - [08/Feb/2026:03:15:58 +0800] "GET / HTTP/1.1" 301 5 "-" "visionheight.com/scan Mozilla/5.0 (Macintosh; Intel Mac OS X 10_15_7) Chrome/126.0.0.0 Safari/537.36"
36.133.115.36 - - [08/Feb/2026:03:18:03 +0800] "POST /wp-cron.php?doing_wp_cron=1770491883.8921599388122558593750 HTTP/1.1" 200 31 "-" "WordPress/6.9; http://cqqizhou.com"
3.148.178.131 - - [08/Feb/2026:03:18:03 +0800] "GET / HTTP/1.1" 301 5 "-" "visionheight.com/scan Mozilla/5.0 (Macintosh; Intel Mac OS X 10_15_7) Chrome/126.0.0.0 Safari/537.36"
36.133.115.36 - - [08/Feb/2026:03:19:44 +0800] "POST /wp-cron.php?doing_wp_cron=1770491984.1057770252227783203125 HTTP/1.1" 200 31 "-" "WordPress/6.9; http://cqqizhou.com"
37.59.204.157 - - [08/Feb/2026:03:19:44 +0800] "GET /services/processing/qzgyl@cq-qizhou.com HTTP/1.1" 404 8950 "-" "Mozilla/5.0 (compatible; AhrefsBot/7.0; +http://ahrefs.com/robot/)"
36.133.115.36 - - [08/Feb/2026:03:20:23 +0800] "POST /wp-cron.php?doing_wp_cron=1770492023.9590759277343750000000 HTTP/1.1" 200 31 "-" "WordPress/6.9; http://cqqizhou.com"
3.135.20.78 - - [08/Feb/2026:03:20:24 +0800] "GET / HTTP/1.1" 301 5 "-" "visionheight.com/scan Mozilla/5.0 (Macintosh; Intel Mac OS X 10_15_7) Chrome/126.0.0.0 Safari/537.36"
36.133.115.36 - - [08/Feb/2026:03:31:37 +0800] "POST /wp-cron.php?doing_wp_cron=1770492697.6874489784240722656250 HTTP/1.1" 200 31 "-" "WordPress/6.9; http://cqqizhou.com"
5.39.109.190 - - [08/Feb/2026:03:31:37 +0800] "GET /2418/ HTTP/1.1" 301 5 "-" "Mozilla/5.0 (compatible; AhrefsBot/7.0; +http://ahrefs.com/robot/)"
36.133.115.36 - - [08/Feb/2026:03:34:53 +0800] "POST /wp-cron.php?doing_wp_cron=1770492893.6474649906158447265625 HTTP/1.1" 200 31 "-" "WordPress/6.9; http://cqqizhou.com"
204.76.203.219 - - [08/Feb/2026:03:34:53 +0800] "GET / HTTP/1.1" 200 34760 "-" "Mozilla/5.0 (Windows NT 10.0; Win64; x64) AppleWebKit/537.36 (KHTML, like Gecko) Chrome/90.0.4430.85 Safari/537.36 Edg/90.0.818.46"
36.133.115.36 - - [08/Feb/2026:03:48:54 +0800] "POST /wp-cron.php?doing_wp_cron=1770493734.1883940696716308593750 HTTP/1.1" 200 31 "-" "WordPress/6.9; http://cqqizhou.com"
36.133.108.119 - - [08/Feb/2026:03:48:54 +0800] "HEAD /actuator/gateway/routes HTTP/1.1" 404 0 "-" "Mozilla/5.0 (Windows; U; Windows NT 6.1; en-US) AppleWebKit/533.20.25 (KHTML, like Gecko) Version/5.0.4 Safari/533.20.27"
36.133.115.36 - - [08/Feb/2026:03:52:09 +0800] "POST /wp-cron.php?doing_wp_cron=1770493929.9041180610656738281250 HTTP/1.1" 200 31 "-" "WordPress/6.9; http://cqqizhou.com"
87.185.64.79 - - [08/Feb/2026:03:52:09 +0800] "GET /robots.txt HTTP/1.1" 200 390 "-" "Mozilla/5.0 (compatible; MJ12bot/v1.4.8; http://mj12bot.com/)"
87.185.64.79 - - [08/Feb/2026:03:52:12 +0800] "GET /news/portfolio-category/pickled-coil HTTP/1.1" 200 21103 "-" "Mozilla/5.0 (compatible; MJ12bot/v1.4.8; http://mj12bot.com/)"
87.185.64.79 - - [08/Feb/2026:03:52:15 +0800] "GET /news/tag/%E5%8D%9A%E8%81%94%E8%BE%BE HTTP/1.1" 200 21095 "-" "Mozilla/5.0 (compatible; MJ12bot/v1.4.8; http://mj12bot.com/)"
87.185.64.79 - - [08/Feb/2026:03:52:17 +0800] "GET /news/tag/%E7%89%A9%E6%B5%81 HTTP/1.1" 200 21076 "-" "Mozilla/5.0 (compatible; MJ12bot/v1.4.8; http://mj12bot.com/)"
66.249.74.8 - - [08/Feb/2026:04:01:31 +0800] "GET /wp-content/uploads/2025/12/1765891413-20251209103501-300x167.webp HTTP/1.1" 200 9350 "-" "Googlebot-Image/1.0"
36.133.108.125 - - [08/Feb/2026:04:09:42 +0800] "HEAD /www/vendor/phpunit/phpunit/src/Util/PHP/eval-stdin.php HTTP/1.1" 404 0 "-" "Mozilla/4.0 (compatible; MSIE 8.0; Windows NT 6.1; WOW64; Trident/4.0; SLCC2; Media Center PC 6.0; InfoPath.2; MS-RTC LM 8"
36.133.115.36 - - [08/Feb/2026:04:28:21 +0800] "POST /wp-cron.php?doing_wp_cron=1770496101.1696369647979736328125 HTTP/1.1" 200 31 "-" "WordPress/6.9; http://cqqizhou.com"
176.65.139.8 - - [08/Feb/2026:04:28:21 +0800] "GET / HTTP/1.1" 200 157184 "-" "Hello World/1.0"
36.133.115.36 - - [08/Feb/2026:04:30:05 +0800] "POST /wp-cron.php?doing_wp_cron=1770496205.3720650672912597656250 HTTP/1.1" 200 31 "-" "WordPress/6.9; http://cqqizhou.com"
204.76.203.219 - - [08/Feb/2026:04:30:05 +0800] "GET / HTTP/1.1" 200 34759 "-" "Mozilla/5.0 (Windows NT 10.0; Win64; x64) AppleWebKit/537.36 (KHTML, like Gecko) Chrome/90.0.4430.85 Safari/537.36 Edg/90.0.818.46"
36.133.115.36 - - [08/Feb/2026:04:40:02 +0800] "POST /wp-cron.php?doing_wp_cron=1770496802.2174699306488037109375 HTTP/1.1" 200 31 "-" "WordPress/6.9; http://cqqizhou.com"
38.46.221.123 - - [08/Feb/2026:04:40:02 +0800] "GET http://check.9tb.org/ HTTP/1.1" 301 5 "-" "Go-http-client/1.1"
38.46.221.123 - - [08/Feb/2026:04:40:04 +0800] "GET http://cqqizhou.com/ HTTP/1.1" 200 40637 "http://check.9tb.org" "Go-http-client/1.1"
36.133.115.36 - - [08/Feb/2026:04:47:48 +0800] "POST /wp-cron.php?doing_wp_cron=1770497268.7244830131530761718750 HTTP/1.1" 200 31 "-" "WordPress/6.9; http://cqqizhou.com"
36.133.108.119 - - [08/Feb/2026:04:47:48 +0800] "HEAD /dispatch.asp HTTP/1.1" 404 0 "-" "Mozilla/5.0 (Windows; U; Windows NT 6.1; en-US) AppleWebKit/533.20.25 (KHTML, like Gecko) Version/5.0.4 Safari/533.20.27"
36.133.115.36 - - [08/Feb/2026:04:49:18 +0800] "POST /wp-cron.php?doing_wp_cron=1770497358.8310029506683349609375 HTTP/1.1" 200 31 "-" "WordPress/6.9; http://cqqizhou.com"
150.109.46.88 - - [08/Feb/2026:04:49:18 +0800] "GET / HTTP/1.1" 301 5 "-" "Mozilla/5.0 (iPhone; CPU iPhone OS 13_2_3 like Mac OS X) AppleWebKit/605.1.15 (KHTML, like Gecko) Version/13.0.3 Mobile/15E148 Safari/604.1"
