14.108.233.248 - - [30/Jan/2026:10:53:10 +0800] "GET /wp-content/uploads/revslider/slider-1/1750861156-logistics_Slider_3840%C3%972160_20250625191356-scaled-50x100.webp HTTP/1.1" 200 1416 "http://cqqizhou.com/" "Mozilla/5.0 (Windows NT 10.0; Win64; x64) AppleWebKit/537.36 (KHTML, like Gecko) Chrome/143.0.0.0 Safari/537.36 Edg/143.0.0.0"
14.108.233.248 - - [30/Jan/2026:10:53:10 +0800] "GET /wp-content/uploads/2026/01/1768276119-qizhoujiagong_Slider_3840%C3%972160_20260113-scaled-50x100.webp HTTP/1.1" 200 976 "http://cqqizhou.com/" "Mozilla/5.0 (Windows NT 10.0; Win64; x64) AppleWebKit/537.36 (KHTML, like Gecko) Chrome/143.0.0.0 Safari/537.36 Edg/143.0.0.0"
36.133.115.36 - - [30/Jan/2026:10:53:11 +0800] "POST /wp-cron.php?doing_wp_cron=1769741591.2431659698486328125000 HTTP/1.1" 200 31 "-" "WordPress/6.9; http://cqqizhou.com"
14.108.233.248 - - [30/Jan/2026:10:53:11 +0800] "GET /wp-json/sliderrevolution/sliders/1?srengine=7&slideid=2 HTTP/1.1" 200 2000 "http://cqqizhou.com/" "Mozilla/5.0 (Windows NT 10.0; Win64; x64) AppleWebKit/537.36 (KHTML, like Gecko) Chrome/143.0.0.0 Safari/537.36 Edg/143.0.0.0"
14.108.233.248 - - [30/Jan/2026:10:53:11 +0800] "GET /wp-json/sliderrevolution/sliders/1?srengine=7&slideid=4 HTTP/1.1" 200 2580 "http://cqqizhou.com/" "Mozilla/5.0 (Windows NT 10.0; Win64; x64) AppleWebKit/537.36 (KHTML, like Gecko) Chrome/143.0.0.0 Safari/537.36 Edg/143.0.0.0"
14.108.233.248 - - [30/Jan/2026:10:53:11 +0800] "GET /wp-content/uploads/2026/01/1768276119-qizhoujiagong_Slider_3840%C3%972160_20260113-scaled.webp HTTP/1.1" 200 131696 "http://cqqizhou.com/" "Mozilla/5.0 (Windows NT 10.0; Win64; x64) AppleWebKit/537.36 (KHTML, like Gecko) Chrome/143.0.0.0 Safari/537.36 Edg/143.0.0.0"
14.108.233.248 - - [30/Jan/2026:10:53:11 +0800] "GET /wp-content/uploads/revslider/slider-1/1750861156-logistics_Slider_3840%C3%972160_20250625191356-scaled.webp HTTP/1.1" 200 197360 "http://cqqizhou.com/" "Mozilla/5.0 (Windows NT 10.0; Win64; x64) AppleWebKit/537.36 (KHTML, like Gecko) Chrome/143.0.0.0 Safari/537.36 Edg/143.0.0.0"
14.108.233.248 - - [30/Jan/2026:10:53:12 +0800] "GET /logistics/ HTTP/1.1" 200 30847 "http://cqqizhou.com/" "Mozilla/5.0 (Windows NT 10.0; Win64; x64) AppleWebKit/537.36 (KHTML, like Gecko) Chrome/143.0.0.0 Safari/537.36 Edg/143.0.0.0"
14.108.233.248 - - [30/Jan/2026:10:53:12 +0800] "GET /wp-content/uploads/2026/01/1767696162-qizhoutruck3.webp HTTP/1.1" 200 19026 "http://cqqizhou.com/logistics/" "Mozilla/5.0 (Windows NT 10.0; Win64; x64) AppleWebKit/537.36 (KHTML, like Gecko) Chrome/143.0.0.0 Safari/537.36 Edg/143.0.0.0"
14.108.233.248 - - [30/Jan/2026:10:53:12 +0800] "GET /wp-content/uploads/logistics/Conatiner-5.webp HTTP/1.1" 200 63396 "http://cqqizhou.com/logistics/" "Mozilla/5.0 (Windows NT 10.0; Win64; x64) AppleWebKit/537.36 (KHTML, like Gecko) Chrome/143.0.0.0 Safari/537.36 Edg/143.0.0.0"
14.108.233.248 - - [30/Jan/2026:10:53:12 +0800] "GET /wp-content/uploads/2025/12/1765862012-DSC20251216131140.webp HTTP/1.1" 200 78744 "http://cqqizhou.com/logistics/" "Mozilla/5.0 (Windows NT 10.0; Win64; x64) AppleWebKit/537.36 (KHTML, like Gecko) Chrome/143.0.0.0 Safari/537.36 Edg/143.0.0.0"
14.108.233.248 - - [30/Jan/2026:10:53:12 +0800] "GET /wp-content/uploads/2025/11/1762864381-QZ_Photo-7.webp HTTP/1.1" 200 129922 "http://cqqizhou.com/logistics/" "Mozilla/5.0 (Windows NT 10.0; Win64; x64) AppleWebKit/537.36 (KHTML, like Gecko) Chrome/143.0.0.0 Safari/537.36 Edg/143.0.0.0"
14.108.233.248 - - [30/Jan/2026:10:53:12 +0800] "GET /wp-content/uploads/2026/01/1767696142-aojiaqiao20260104.webp HTTP/1.1" 200 184988 "http://cqqizhou.com/wp-content/uploads/elementor/css/post-1959.css?ver=1769566905" "Mozilla/5.0 (Windows NT 10.0; Win64; x64) AppleWebKit/537.36 (KHTML, like Gecko) Chrome/143.0.0.0 Safari/537.36 Edg/143.0.0.0"
14.108.233.248 - - [30/Jan/2026:10:53:13 +0800] "GET /wp-json/contact-form-7/v1/contact-forms/1444/feedback/schema HTTP/1.1" 200 270 "http://cqqizhou.com/logistics/" "Mozilla/5.0 (Windows NT 10.0; Win64; x64) AppleWebKit/537.36 (KHTML, like Gecko) Chrome/143.0.0.0 Safari/537.36 Edg/143.0.0.0"
14.108.233.248 - - [30/Jan/2026:10:53:13 +0800] "GET /wp-json/contact-form-7/v1/contact-forms/1444/refill HTTP/1.1" 200 33 "http://cqqizhou.com/logistics/" "Mozilla/5.0 (Windows NT 10.0; Win64; x64) AppleWebKit/537.36 (KHTML, like Gecko) Chrome/143.0.0.0 Safari/537.36 Edg/143.0.0.0"
14.108.233.248 - - [30/Jan/2026:10:53:17 +0800] "GET /wp-content/uploads/2026/01/1767534396-17.5%E7%B1%B3%E5%B9%B3%E6%9D%BF%E8%B4%A7%E8%BD%A6.webp HTTP/1.1" 200 118248 "http://cqqizhou.com/logistics/" "Mozilla/5.0 (Windows NT 10.0; Win64; x64) AppleWebKit/537.36 (KHTML, like Gecko) Chrome/143.0.0.0 Safari/537.36 Edg/143.0.0.0"
14.108.233.248 - - [30/Jan/2026:10:53:17 +0800] "GET /wp-content/uploads/2026/01/1767534397-4.2%E7%B1%B3%E4%BD%8E%E6%A0%8F%E8%B4%A7%E8%BD%A6.webp HTTP/1.1" 200 91652 "http://cqqizhou.com/logistics/" "Mozilla/5.0 (Windows NT 10.0; Win64; x64) AppleWebKit/537.36 (KHTML, like Gecko) Chrome/143.0.0.0 Safari/537.36 Edg/143.0.0.0"
14.108.233.248 - - [30/Jan/2026:10:53:17 +0800] "GET /wp-content/uploads/2026/01/1767534398-6.8%E7%B1%B3%E9%AB%98%E6%A0%8F%E8%B4%A7%E8%BD%A6.webp HTTP/1.1" 200 113794 "http://cqqizhou.com/logistics/" "Mozilla/5.0 (Windows NT 10.0; Win64; x64) AppleWebKit/537.36 (KHTML, like Gecko) Chrome/143.0.0.0 Safari/537.36 Edg/143.0.0.0"
14.108.233.248 - - [30/Jan/2026:10:53:18 +0800] "GET /wp-content/uploads/2026/01/1767618076-Logistics_BG2508.webp HTTP/1.1" 200 94788 "http://cqqizhou.com/wp-content/uploads/elementor/css/post-1959.css?ver=1769566905" "Mozilla/5.0 (Windows NT 10.0; Win64; x64) AppleWebKit/537.36 (KHTML, like Gecko) Chrome/143.0.0.0 Safari/537.36 Edg/143.0.0.0"
36.133.115.36 - - [30/Jan/2026:10:57:40 +0800] "POST /wp-cron.php?doing_wp_cron=1769741860.4915509223937988281250 HTTP/1.1" 200 31 "-" "WordPress/6.9; http://cqqizhou.com"
204.76.203.69 - - [30/Jan/2026:10:57:41 +0800] "GET / HTTP/1.1" 200 157321 "-" "-"
36.133.115.36 - - [30/Jan/2026:11:01:20 +0800] "POST /wp-cron.php?doing_wp_cron=1769742080.5716650485992431640625 HTTP/1.1" 200 31 "-" "WordPress/6.9; http://cqqizhou.com"
95.214.54.147 - - [30/Jan/2026:11:01:21 +0800] "GET / HTTP/1.1" 200 157321 "-" "Mozilla/5.0"
36.133.115.36 - - [30/Jan/2026:11:07:19 +0800] "POST /wp-cron.php?doing_wp_cron=1769742439.6381809711456298828125 HTTP/1.1" 200 31 "-" "WordPress/6.9; http://cqqizhou.com"
204.188.219.24 - - [30/Jan/2026:11:07:19 +0800] "GET / HTTP/1.1" 301 5 "-" "Mozilla/5.0 (Linux; Android 11; CPH2185) AppleWebKit/537.36 (KHTML, like Gecko) Chrome/91.0.4472.101 Mobile Safari/537.36"
88.89.67.172 - - [30/Jan/2026:11:07:27 +0800] "GET /robots.txt HTTP/1.1" 200 390 "-" "Mozilla/5.0 (compatible; MJ12bot/v1.4.8; http://mj12bot.com/)"
88.89.67.172 - - [30/Jan/2026:11:07:30 +0800] "GET /portfolio/%E5%86%B7%E8%BD%A7%E5%8D%B7/ HTTP/1.1" 404 8949 "-" "Mozilla/5.0 (compatible; MJ12bot/v1.4.8; http://mj12bot.com/)"
36.133.115.36 - - [30/Jan/2026:11:10:04 +0800] "POST /wp-cron.php?doing_wp_cron=1769742604.0437688827514648437500 HTTP/1.1" 200 31 "-" "WordPress/6.9; http://cqqizhou.com"
18.97.19.190 - - [30/Jan/2026:11:10:04 +0800] "GET / HTTP/1.1" 301 5 "-" "Mozilla/5.0 (Windows NT 6.2;en-US) AppleWebKit/537.32.36 (KHTML, live Gecko) Chrome/59.0.3065.84 Safari/537.32"
18.97.19.190 - - [30/Jan/2026:11:10:04 +0800] "GET / HTTP/1.1" 200 35166 "-" "Mozilla/5.0 (Windows NT 6.2;en-US) AppleWebKit/537.32.36 (KHTML, live Gecko) Chrome/59.0.3065.84 Safari/537.32"
36.133.115.36 - - [30/Jan/2026:11:10:08 +0800] "POST /wp-cron.php?doing_wp_cron=1769742608.1746499538421630859375 HTTP/1.1" 200 31 "-" "WordPress/6.9; http://cqqizhou.com"
18.97.19.190 - - [30/Jan/2026:11:10:08 +0800] "GET /feed/ HTTP/1.1" 200 53125 "-" "Mozilla/5.0 (Macintosh; Intel Mac OS X 10_15_7) AppleWebKit/537.36 (KHTML, like Gecko) Chrome/124.0.0.0 Safari/537.36"
36.133.115.36 - - [30/Jan/2026:11:12:16 +0800] "POST /wp-cron.php?doing_wp_cron=1769742736.6452300548553466796875 HTTP/1.1" 200 31 "-" "WordPress/6.9; http://cqqizhou.com"
49.51.233.95 - - [30/Jan/2026:11:12:16 +0800] "GET / HTTP/1.1" 200 34721 "-" "Mozilla/5.0 (iPhone; CPU iPhone OS 13_2_3 like Mac OS X) AppleWebKit/605.1.15 (KHTML, like Gecko) Version/13.0.3 Mobile/15E148 Safari/604.1"
207.46.13.36 - - [30/Jan/2026:11:14:00 +0800] "GET / HTTP/1.1" 200 35166 "-" "Mozilla/5.0 AppleWebKit/537.36 (KHTML, like Gecko; compatible; bingbot/2.0; +http://www.bing.com/bingbot.htm) Chrome/116.0.1938.76 Safari/537.36"
36.133.115.36 - - [30/Jan/2026:11:21:26 +0800] "POST /wp-cron.php?doing_wp_cron=1769743286.6730420589447021484375 HTTP/1.1" 200 31 "-" "WordPress/6.9; http://cqqizhou.com"
204.76.203.219 - - [30/Jan/2026:11:21:26 +0800] "GET / HTTP/1.1" 200 34721 "-" "Mozilla/5.0 (Windows NT 10.0; Win64; x64) AppleWebKit/537.36 (KHTML, like Gecko) Chrome/90.0.4430.85 Safari/537.36 Edg/90.0.818.46"
36.133.115.36 - - [30/Jan/2026:11:25:35 +0800] "POST /wp-cron.php?doing_wp_cron=1769743535.3961300849914550781250 HTTP/1.1" 200 31 "-" "WordPress/6.9; http://cqqizhou.com"
172.178.83.199 - - [30/Jan/2026:11:25:35 +0800] "GET /developmentserver/metadatauploader HTTP/1.1" 404 8951 "-" "Mozilla/5.0 zgrab/0.x"
36.133.115.36 - - [30/Jan/2026:11:30:02 +0800] "POST /wp-cron.php?doing_wp_cron=1769743802.6399610042572021484375 HTTP/1.1" 200 31 "-" "WordPress/6.9; http://cqqizhou.com"
95.214.54.147 - - [30/Jan/2026:11:30:03 +0800] "GET / HTTP/1.1" 200 157321 "-" "Mozilla/5.0"
36.133.115.36 - - [30/Jan/2026:11:35:37 +0800] "POST /wp-cron.php?doing_wp_cron=1769744137.6697180271148681640625 HTTP/1.1" 200 31 "-" "WordPress/6.9; http://cqqizhou.com"
147.182.180.16 - - [30/Jan/2026:11:35:37 +0800] "POST /xmlrpc.php HTTP/1.1" 200 217 "-" "Mozilla/5.0 (Windows NT 10.0) AppleWebKit/537.36 (KHTML, like Gecko) Chrome/139.0.0.0 Safari/537.36"
36.133.115.36 - - [30/Jan/2026:11:52:13 +0800] "POST /wp-cron.php?doing_wp_cron=1769745133.3116610050201416015625 HTTP/1.1" 200 31 "-" "WordPress/6.9; http://cqqizhou.com"
206.168.34.211 - - [30/Jan/2026:11:52:13 +0800] "GET / HTTP/1.1" 301 5 "-" "Mozilla/5.0 (compatible; CensysInspect/1.1; +https://about.censys.io/)"
206.168.34.211 - - [30/Jan/2026:11:52:48 +0800] "GET /security.txt HTTP/1.1" 404 8951 "-" "Mozilla/5.0 (compatible; CensysInspect/1.1; +https://about.censys.io/)"
36.133.115.36 - - [30/Jan/2026:12:00:35 +0800] "POST /wp-cron.php?doing_wp_cron=1769745635.7858259677886962890625 HTTP/1.1" 200 31 "-" "WordPress/6.9; http://cqqizhou.com"
119.52.197.170 - - [30/Jan/2026:12:00:35 +0800] "GET /contacts/ HTTP/1.1" 200 21564 "-" "Mozilla/5.0 (Windows NT 10.0; Win64; x64) AppleWebKit/537.36 (KHTML, like Gecko) Chrome/136.0.0.0 Safari/537.36"
36.133.115.36 - - [30/Jan/2026:12:09:51 +0800] "POST /wp-cron.php?doing_wp_cron=1769746191.2951269149780273437500 HTTP/1.1" 200 31 "-" "WordPress/6.9; http://cqqizhou.com"
204.76.203.219 - - [30/Jan/2026:12:09:51 +0800] "GET / HTTP/1.1" 200 34721 "-" "Mozilla/5.0 (Windows NT 10.0; Win64; x64) AppleWebKit/537.36 (KHTML, like Gecko) Chrome/90.0.4430.85 Safari/537.36 Edg/90.0.818.46"
36.133.115.36 - - [30/Jan/2026:12:17:25 +0800] "POST /wp-cron.php?doing_wp_cron=1769746645.1969389915466308593750 HTTP/1.1" 200 31 "-" "WordPress/6.9; http://cqqizhou.com"
104.131.175.221 - - [30/Jan/2026:12:17:25 +0800] "GET /mifs/c/windows/api/v2/device/registration HTTP/1.1" 301 5 "-" "Mozilla/5.0 (X11; Linux x86_64; rv:124.0) Gecko/20100101 Firefox/124.0"
104.131.175.221 - - [30/Jan/2026:12:17:28 +0800] "GET /mifs/rs/api/v2/device/registration HTTP/1.1" 301 5 "-" "Mozilla/5.0 (Macintosh; Intel Mac OS X 10_15_7) AppleWebKit/605.1.15 (KHTML, like Gecko) Version/16.3 Mobile/15E148 Safari/604.1"
36.133.115.36 - - [30/Jan/2026:12:23:05 +0800] "POST /wp-cron.php?doing_wp_cron=1769746985.1633620262145996093750 HTTP/1.1" 200 31 "-" "WordPress/6.9; http://cqqizhou.com"
77.238.251.237 - - [30/Jan/2026:12:23:05 +0800] "GET / HTTP/1.1" 200 35145 "-" "Mozilla/5.0 (Windows NT 10.0; Win64; x64) Chrome/120.0.0.0 Safari/537.36"
36.133.115.36 - - [30/Jan/2026:12:25:32 +0800] "POST /wp-cron.php?doing_wp_cron=1769747132.1408789157867431640625 HTTP/1.1" 200 31 "-" "WordPress/6.9; http://cqqizhou.com"
185.107.91.141 - - [30/Jan/2026:12:25:32 +0800] "POST /xmlrpc.php HTTP/1.1" 200 217 "-" "Mozilla/5.0 (Windows NT 10.0; Win64; x64) AppleWebKit/537.43 (KHTML, like Gecko) Chrome/137.0.0.0 Safari/537.36 OPR/121.0.0.0"
36.133.115.36 - - [30/Jan/2026:12:27:06 +0800] "POST /wp-cron.php?doing_wp_cron=1769747226.3563470840454101562500 HTTP/1.1" 200 31 "-" "WordPress/6.9; http://cqqizhou.com"
193.142.147.209 - - [30/Jan/2026:12:27:07 +0800] "POST / HTTP/1.1" 200 34721 "-" "Mozilla/5.0 (Windows NT 10.0; Win64; x64) AppleWebKit/537.36"
36.133.115.36 - - [30/Jan/2026:12:30:04 +0800] "POST /wp-cron.php?doing_wp_cron=1769747404.4187569618225097656250 HTTP/1.1" 200 31 "-" "WordPress/6.9; http://cqqizhou.com"
116.179.32.222 - - [30/Jan/2026:12:30:04 +0800] "GET /2160/ HTTP/1.1" 200 29346 "-" "Mozilla/5.0 (compatible; Baiduspider/2.0; +http://www.baidu.com/search/spider.html)"
116.179.37.39 - - [30/Jan/2026:12:30:09 +0800] "GET /wp-content/uploads/2025/07/1753454299-Article_images_W900px.webp HTTP/1.1" 200 52418 "http://cqqizhou.com/2160/" "Mozilla/5.0 (compatible; Baiduspider-render/2.0; +http://www.baidu.com/search/spider.html)"
36.133.115.36 - - [30/Jan/2026:12:32:53 +0800] "POST /wp-cron.php?doing_wp_cron=1769747573.5217559337615966796875 HTTP/1.1" 200 31 "-" "WordPress/6.9; http://cqqizhou.com"
95.214.54.147 - - [30/Jan/2026:12:32:53 +0800] "GET / HTTP/1.1" 200 157321 "-" "Mozilla/5.0"
36.133.115.36 - - [30/Jan/2026:12:33:24 +0800] "POST /wp-cron.php?doing_wp_cron=1769747604.5458030700683593750000 HTTP/1.1" 200 31 "-" "WordPress/6.9; http://cqqizhou.com"
116.179.32.228 - - [30/Jan/2026:12:33:24 +0800] "GET /2464/ HTTP/1.1" 200 23385 "-" "Mozilla/5.0 (compatible; Baiduspider/2.0; +http://www.baidu.com/search/spider.html)"
116.179.37.16 - - [30/Jan/2026:12:33:34 +0800] "GET /wp-content/uploads/2026/01/1769513871-Article_images_W900%C3%97500px202601273.webp HTTP/1.1" 200 61532 "http://cqqizhou.com/2464/" "Mozilla/5.0 (compatible; Baiduspider-render/2.0; +http://www.baidu.com/search/spider.html)"
116.179.37.142 - - [30/Jan/2026:12:33:34 +0800] "GET /wp-content/uploads/2026/01/1769511379-Article_images_W900%C3%97500px202601271.webp HTTP/1.1" 200 67912 "http://cqqizhou.com/2464/" "Mozilla/5.0 (compatible; Baiduspider-render/2.0; +http://www.baidu.com/search/spider.html)"
220.181.108.113 - - [30/Jan/2026:12:36:43 +0800] "GET /wp-content/uploads/2026/01/1769511379-Article_images_W900%C3%97500px202601271.webp HTTP/1.1" 200 67912 "-" "Mozilla/5.0 (compatible; Baiduspider/2.0; +http://www.baidu.com/search/spider.html)"
116.179.32.33 - - [30/Jan/2026:12:36:43 +0800] "GET /wp-content/uploads/2026/01/1769513871-Article_images_W900%C3%97500px202601273.webp HTTP/1.1" 200 61532 "-" "Mozilla/5.0 (compatible; Baiduspider/2.0; +http://www.baidu.com/search/spider.html)"
36.133.115.36 - - [30/Jan/2026:12:36:44 +0800] "POST /wp-cron.php?doing_wp_cron=1769747804.2952020168304443359375 HTTP/1.1" 200 31 "-" "WordPress/6.9; http://cqqizhou.com"
116.179.32.109 - - [30/Jan/2026:12:36:44 +0800] "GET /wp-json/oembed/1.0/embed?url=http%3A%2F%2Fcqqizhou.com%2F2464%2F HTTP/1.1" 200 1298 "-" "Mozilla/5.0 (compatible; Baiduspider/2.0; +http://www.baidu.com/search/spider.html)"
14.18.16.150 - - [30/Jan/2026:12:36:56 +0800] "GET / HTTP/1.1" 301 5 "-" "Mozilla/5.0 (Macintosh; Intel Mac OS X 10_15_7) AppleWebKit/537.36 (KHTML, like Gecko) Chrome/142.0.0.0 Safari/537.36"
14.18.16.150 - - [30/Jan/2026:12:36:56 +0800] "GET / HTTP/1.1" 200 35164 "-" "Mozilla/5.0 (Macintosh; Intel Mac OS X 10_15_7) AppleWebKit/537.36 (KHTML, like Gecko) Chrome/142.0.0.0 Safari/537.36"
36.133.115.36 - - [30/Jan/2026:12:40:04 +0800] "POST /wp-cron.php?doing_wp_cron=1769748004.6404800415039062500000 HTTP/1.1" 200 31 "-" "WordPress/6.9; http://cqqizhou.com"
220.181.108.145 - - [30/Jan/2026:12:40:04 +0800] "GET /logistics HTTP/1.1" 301 5 "-" "Mozilla/5.0 (compatible; Baiduspider/2.0; +http://www.baidu.com/search/spider.html)"
220.181.108.94 - - [30/Jan/2026:12:40:05 +0800] "GET /logistics/ HTTP/1.1" 200 30835 "-" "Mozilla/5.0 (compatible; Baiduspider/2.0; +http://www.baidu.com/search/spider.html)"
116.179.37.117 - - [30/Jan/2026:12:40:07 +0800] "GET /wp-content/uploads/2026/01/1767696162-qizhoutruck3.webp HTTP/1.1" 200 19026 "http://cqqizhou.com/logistics/" "Mozilla/5.0 (compatible; Baiduspider-render/2.0; +http://www.baidu.com/search/spider.html)"
116.179.37.91 - - [30/Jan/2026:12:40:08 +0800] "GET /wp-content/uploads/2026/01/1767696142-aojiaqiao20260104.webp HTTP/1.1" 200 184988 "http://cqqizhou.com/wp-content/uploads/elementor/css/post-1959.css?ver=1769566905" "Mozilla/5.0 (compatible; Baiduspider-render/2.0; +http://www.baidu.com/search/spider.html)"
220.181.108.157 - - [30/Jan/2026:12:43:23 +0800] "GET /wp-content/uploads/2026/01/1767696162-qizhoutruck3.webp HTTP/1.1" 200 19026 "-" "Mozilla/5.0 (compatible; Baiduspider/2.0; +http://www.baidu.com/search/spider.html)"
36.133.115.36 - - [30/Jan/2026:12:44:22 +0800] "POST /wp-cron.php?doing_wp_cron=1769748262.6479849815368652343750 HTTP/1.1" 200 31 "-" "WordPress/6.9; http://cqqizhou.com"
95.214.54.147 - - [30/Jan/2026:12:44:23 +0800] "GET / HTTP/1.1" 200 157321 "-" "Mozilla/5.0"
8.146.204.129 - - [30/Jan/2026:12:44:27 +0800] "GET / HTTP/1.1" 200 35164 "-" "Mozilla/5.0 (Windows NT 10.0; Win64; x64) AppleWebKit/537.36 (KHTML, like Gecko; compatible; BW/1.3; rb.gy/qyzae5) Chrome/124.0.0.0 Safari/537.36"
8.146.204.129 - - [30/Jan/2026:12:44:27 +0800] "GET /robots.txt HTTP/1.1" 200 190 "-" "Mozilla/5.0 (Windows NT 10.0; Win64; x64) AppleWebKit/537.36 (KHTML, like Gecko; compatible; BW/1.3; rb.gy/qyzae5) Chrome/124.0.0.0 Safari/537.36"
8.146.204.129 - - [30/Jan/2026:12:44:28 +0800] "GET /portfolio-category/hot-dip-galvanized-coil/ HTTP/1.1" 301 5 "-" "Mozilla/5.0 (Windows NT 10.0; Win64; x64) AppleWebKit/537.36 (KHTML, like Gecko; compatible; BW/1.3; rb.gy/qyzae5) Chrome/124.0.0.0 Safari/537.36"
8.146.204.129 - - [30/Jan/2026:12:44:28 +0800] "GET /portfolio-category/remaining-rolls/ HTTP/1.1" 301 5 "-" "Mozilla/5.0 (Windows NT 10.0; Win64; x64) AppleWebKit/537.36 (KHTML, like Gecko; compatible; BW/1.3; rb.gy/qyzae5) Chrome/124.0.0.0 Safari/537.36"
8.146.204.129 - - [30/Jan/2026:12:44:29 +0800] "GET /portfolio/remaining-rolls/ HTTP/1.1" 404 8951 "-" "Mozilla/5.0 (Windows NT 10.0; Win64; x64) AppleWebKit/537.36 (KHTML, like Gecko; compatible; BW/1.3; rb.gy/qyzae5) Chrome/124.0.0.0 Safari/537.36"
8.146.204.129 - - [30/Jan/2026:12:44:29 +0800] "GET /portfolio/hot-dip-galvanized-coil/ HTTP/1.1" 404 8951 "-" "Mozilla/5.0 (Windows NT 10.0; Win64; x64) AppleWebKit/537.36 (KHTML, like Gecko; compatible; BW/1.3; rb.gy/qyzae5) Chrome/124.0.0.0 Safari/537.36"
36.4.181.179 - - [30/Jan/2026:12:53:40 +0800] "GET /contacts/ HTTP/1.1" 200 21581 "http://cqqizhou.com/contacts/" "Mozilla/5.0 (Windows NT 10.0; Win64; x64) AppleWebKit/537.36 (KHTML, like Gecko) Chrome/136.0.0.0 Safari/537.36"
36.133.115.36 - - [30/Jan/2026:13:05:53 +0800] "POST /wp-cron.php?doing_wp_cron=1769749553.5525140762329101562500 HTTP/1.1" 200 31 "-" "WordPress/6.9; http://cqqizhou.com"
204.76.203.219 - - [30/Jan/2026:13:05:53 +0800] "GET / HTTP/1.1" 200 34721 "-" "Mozilla/5.0 (Windows NT 10.0; Win64; x64) AppleWebKit/537.36 (KHTML, like Gecko) Chrome/90.0.4430.85 Safari/537.36 Edg/90.0.818.46"
36.133.115.36 - - [30/Jan/2026:13:36:36 +0800] "POST /wp-cron.php?doing_wp_cron=1769751396.4936120510101318359375 HTTP/1.1" 200 31 "-" "WordPress/6.9; http://cqqizhou.com"
43.167.245.18 - - [30/Jan/2026:13:36:36 +0800] "GET / HTTP/1.1" 301 5 "-" "Mozilla/5.0 (iPhone; CPU iPhone OS 13_2_3 like Mac OS X) AppleWebKit/605.1.15 (KHTML, like Gecko) Version/13.0.3 Mobile/15E148 Safari/604.1"
43.167.245.18 - - [30/Jan/2026:13:36:38 +0800] "GET / HTTP/1.1" 200 34721 "http://www.cqqizhou.com" "Mozilla/5.0 (iPhone; CPU iPhone OS 13_2_3 like Mac OS X) AppleWebKit/605.1.15 (KHTML, like Gecko) Version/13.0.3 Mobile/15E148 Safari/604.1"
36.133.115.36 - - [30/Jan/2026:13:42:10 +0800] "POST /wp-cron.php?doing_wp_cron=1769751730.8967070579528808593750 HTTP/1.1" 200 31 "-" "WordPress/6.9; http://cqqizhou.com"
116.179.32.201 - - [30/Jan/2026:13:42:10 +0800] "GET /2214/ HTTP/1.1" 200 25733 "-" "Mozilla/5.0 (compatible; Baiduspider/2.0; +http://www.baidu.com/search/spider.html)"
20.199.113.235 - - [30/Jan/2026:13:45:11 +0800] "GET /wp-content/plugins/hellopress/wp_filemanager.php HTTP/1.1" 404 27 "-" "-"
20.199.113.235 - - [30/Jan/2026:13:45:11 +0800] "GET /rip.php HTTP/1.1" 404 27 "-" "-"
36.133.115.36 - - [30/Jan/2026:13:45:17 +0800] "POST /wp-cron.php?doing_wp_cron=1769751917.9090700149536132812500 HTTP/1.1" 200 31 "-" "WordPress/6.9; http://cqqizhou.com"
43.135.138.128 - - [30/Jan/2026:13:45:17 +0800] "GET / HTTP/1.1" 301 5 "-" "Mozilla/5.0 (iPhone; CPU iPhone OS 13_2_3 like Mac OS X) AppleWebKit/605.1.15 (KHTML, like Gecko) Version/13.0.3 Mobile/15E148 Safari/604.1"
43.135.138.128 - - [30/Jan/2026:13:45:20 +0800] "GET / HTTP/1.1" 200 34721 "http://36.133.115.36" "Mozilla/5.0 (iPhone; CPU iPhone OS 13_2_3 like Mac OS X) AppleWebKit/605.1.15 (KHTML, like Gecko) Version/13.0.3 Mobile/15E148 Safari/604.1"
36.133.115.36 - - [30/Jan/2026:13:51:07 +0800] "POST /wp-cron.php?doing_wp_cron=1769752267.8220529556274414062500 HTTP/1.1" 200 31 "-" "WordPress/6.9; http://cqqizhou.com"
95.214.54.147 - - [30/Jan/2026:13:51:08 +0800] "GET / HTTP/1.1" 200 157321 "-" "Mozilla/5.0"
176.65.148.220 - - [30/Jan/2026:13:51:29 +0800] "GET / HTTP/1.1" 200 34721 "-" "Mozilla/5.0 (Windows NT 10.0; Win64; x64) AppleWebKit/537.36 (KHTML, like Gecko) Chrome/90.0.4430.85 Safari/537.36 Edg/90.0.818.46"
36.133.115.36 - - [30/Jan/2026:13:52:16 +0800] "POST /wp-cron.php?doing_wp_cron=1769752336.3158669471740722656250 HTTP/1.1" 200 31 "-" "WordPress/6.9; http://cqqizhou.com"
71.6.199.65 - - [30/Jan/2026:13:52:16 +0800] "GET / HTTP/1.1" 301 5 "-" "Mozilla/5.0 zgrab/0.x"
36.133.115.36 - - [30/Jan/2026:13:57:06 +0800] "POST /wp-cron.php?doing_wp_cron=1769752626.3951120376586914062500 HTTP/1.1" 200 31 "-" "WordPress/6.9; http://cqqizhou.com"
204.76.203.219 - - [30/Jan/2026:13:57:06 +0800] "GET / HTTP/1.1" 200 34721 "-" "Mozilla/5.0 (Windows NT 10.0; Win64; x64) AppleWebKit/537.36 (KHTML, like Gecko) Chrome/90.0.4430.85 Safari/537.36 Edg/90.0.818.46"
36.133.115.36 - - [30/Jan/2026:14:01:46 +0800] "POST /wp-cron.php?doing_wp_cron=1769752906.2040929794311523437500 HTTP/1.1" 200 31 "-" "WordPress/6.9; http://cqqizhou.com"
94.180.250.98 - - [30/Jan/2026:14:01:46 +0800] "GET / HTTP/1.1" 200 157321 "-" "Mozilla/5.0 (Windows NT 6.1; WOW64) AppleWebKit/537.36 (KHTML, like Gecko) Chrome/51.0.2704.103 Safari/537.36"
207.46.13.153 - - [30/Jan/2026:14:02:00 +0800] "GET /?s= HTTP/1.1" 200 19859 "-" "Mozilla/5.0 AppleWebKit/537.36 (KHTML, like Gecko; compatible; bingbot/2.0; +http://www.bing.com/bingbot.htm) Chrome/116.0.1938.76 Safari/537.36"
36.133.115.36 - - [30/Jan/2026:14:08:12 +0800] "POST /wp-cron.php?doing_wp_cron=1769753292.7992250919342041015625 HTTP/1.1" 200 31 "-" "WordPress/6.9; http://cqqizhou.com"
51.210.123.31 - - [30/Jan/2026:14:08:12 +0800] "POST /xmlrpc.php HTTP/1.1" 200 217 "-" "Mozilla/5.0 (Windows NT 10.0; WOW64) AppleWebKit/537.43 (KHTML, like Gecko) Chrome/139.0.0.0 Safari/537.36 OPR/123.0.0.0"
36.133.115.36 - - [30/Jan/2026:14:12:02 +0800] "POST /wp-cron.php?doing_wp_cron=1769753522.5858249664306640625000 HTTP/1.1" 200 31 "-" "WordPress/6.9; http://cqqizhou.com"
180.184.79.158 - - [30/Jan/2026:14:12:02 +0800] "GET /robots.txt HTTP/1.1" 301 5 "-" "Mozilla/5.0 (Linux; Android 10; V1950A; wv) AppleWebKit/537.36 (KHTML, like Gecko) Chrome/62.0.3202.84 Mobile Safari/537.36 VivoBrowser/20.2.3.0"
180.184.79.158 - - [30/Jan/2026:14:12:05 +0800] "GET /robots.txt HTTP/1.1" 200 190 "-" "Mozilla/5.0 (Linux; Android 10; V1950A; wv) AppleWebKit/537.36 (KHTML, like Gecko) Chrome/62.0.3202.84 Mobile Safari/537.36 VivoBrowser/20.2.3.0"
36.133.115.36 - - [30/Jan/2026:14:13:43 +0800] "POST /wp-cron.php?doing_wp_cron=1769753623.8184149265289306640625 HTTP/1.1" 200 31 "-" "WordPress/6.9; http://cqqizhou.com"
95.214.54.147 - - [30/Jan/2026:14:13:44 +0800] "GET / HTTP/1.1" 200 157321 "-" "Mozilla/5.0"
36.133.115.36 - - [30/Jan/2026:14:30:54 +0800] "POST /wp-cron.php?doing_wp_cron=1769754654.6740438938140869140625 HTTP/1.1" 200 31 "-" "WordPress/6.9; http://cqqizhou.com"
200.71.74.201 - - [30/Jan/2026:14:30:55 +0800] "GET / HTTP/1.1" 200 157321 "-" "Mozilla/5.0 (Windows NT 10.0; WOW64) AppleWebKit/537.36 (KHTML, like Gecko) Chrome/52.0.2743.116 Safari/537.36"
36.133.115.36 - - [30/Jan/2026:14:50:15 +0800] "POST /wp-cron.php?doing_wp_cron=1769755814.9733390808105468750000 HTTP/1.1" 200 31 "-" "WordPress/6.9; http://cqqizhou.com"
204.76.203.219 - - [30/Jan/2026:14:50:15 +0800] "GET / HTTP/1.1" 200 34721 "-" "Mozilla/5.0 (Windows NT 10.0; Win64; x64) AppleWebKit/537.36 (KHTML, like Gecko) Chrome/90.0.4430.85 Safari/537.36 Edg/90.0.818.46"
95.214.54.147 - - [30/Jan/2026:14:50:17 +0800] "GET / HTTP/1.1" 200 157321 "-" "Mozilla/5.0"
111.31.13.158 - - [30/Jan/2026:14:50:37 +0800] "GET / HTTP/1.1" 200 34721 "-" "Mozilla/5.0 (Linux; Android 10; K) AppleWebKit/537.36 (KHTML, like Gecko) Chrome/135.0.0.0 Mobile Safari/537.36"
36.133.115.36 - - [30/Jan/2026:14:52:20 +0800] "POST /wp-cron.php?doing_wp_cron=1769755940.2563800811767578125000 HTTP/1.1" 200 31 "-" "WordPress/6.9; http://cqqizhou.com"
111.31.13.158 - - [30/Jan/2026:14:52:20 +0800] "GET / HTTP/1.1" 200 34721 "-" "Mozilla/5.0 (Linux; Android 7.0; SM-G950U Build/NRD90M) AppleWebKit/537.36 (KHTML, like Gecko) Chrome/136.0.7103.25 Mobile Safari/537.36"
111.31.13.158 - - [30/Jan/2026:14:52:20 +0800] "GET /wp-content/uploads/2025/07/1751425283-qizhou.kf_.qq_.com_.webp HTTP/1.1" 200 16864 "http://cqqizhou.com/" "Mozilla/5.0 (Linux; Android 7.0; SM-G950U Build/NRD90M) AppleWebKit/537.36 (KHTML, like Gecko) Chrome/136.0.7103.25 Mobile Safari/537.36"
111.31.13.158 - - [30/Jan/2026:14:52:21 +0800] "GET /wp-content/uploads/2025/07/1753453096-%E5%8F%8C%E7%9B%B8%E9%92%A2product_Single600%C3%97284.webp HTTP/1.1" 200 14562 "http://cqqizhou.com/" "Mozilla/5.0 (Linux; Android 7.0; SM-G950U Build/NRD90M) AppleWebKit/537.36 (KHTML, like Gecko) Chrome/136.0.7103.25 Mobile Safari/537.36"
111.31.13.158 - - [30/Jan/2026:14:52:21 +0800] "GET /wp-content/uploads/2025/07/1753453127-%E4%BD%99%E5%8D%B7product_Single600%C3%97284.webp HTTP/1.1" 200 18744 "http://cqqizhou.com/" "Mozilla/5.0 (Linux; Android 7.0; SM-G950U Build/NRD90M) AppleWebKit/537.36 (KHTML, like Gecko) Chrome/136.0.7103.25 Mobile Safari/537.36"
111.31.13.158 - - [30/Jan/2026:14:52:21 +0800] "GET /wp-content/uploads/2025/07/1753456723-%E5%8F%8C%E7%9B%B8%E9%92%A2roduct_Single600.webp HTTP/1.1" 200 22790 "http://cqqizhou.com/" "Mozilla/5.0 (Linux; Android 7.0; SM-G950U Build/NRD90M) AppleWebKit/537.36 (KHTML, like Gecko) Chrome/136.0.7103.25 Mobile Safari/537.36"
111.31.13.158 - - [30/Jan/2026:14:52:21 +0800] "GET /wp-content/uploads/2025/07/1753456770-%E7%83%AD%E9%95%80%E9%94%8C%E5%8D%B7product_Single600.webp HTTP/1.1" 200 27502 "http://cqqizhou.com/" "Mozilla/5.0 (Linux; Android 7.0; SM-G950U Build/NRD90M) AppleWebKit/537.36 (KHTML, like Gecko) Chrome/136.0.7103.25 Mobile Safari/537.36"
111.31.13.158 - - [30/Jan/2026:14:52:21 +0800] "GET /wp-content/uploads/2025/12/1765268955-qizhou_Slider1_3840%C3%972160_20251210-scaled.webp HTTP/1.1" 200 152162 "http://cqqizhou.com/" "Mozilla/5.0 (Linux; Android 7.0; SM-G950U Build/NRD90M) AppleWebKit/537.36 (KHTML, like Gecko) Chrome/136.0.7103.25 Mobile Safari/537.36"
111.31.13.158 - - [30/Jan/2026:14:52:21 +0800] "GET /wp-content/uploads/revslider/slider-1/1750861156-logistics_Slider_3840%C3%972160_20250625191356-scaled-50x100.webp HTTP/1.1" 200 1416 "http://cqqizhou.com/" "Mozilla/5.0 (Linux; Android 7.0; SM-G950U Build/NRD90M) AppleWebKit/537.36 (KHTML, like Gecko) Chrome/136.0.7103.25 Mobile Safari/537.36"
111.31.13.158 - - [30/Jan/2026:14:52:21 +0800] "GET /wp-content/uploads/2026/01/1768276119-qizhoujiagong_Slider_3840%C3%972160_20260113-scaled-50x100.webp HTTP/1.1" 200 976 "http://cqqizhou.com/" "Mozilla/5.0 (Linux; Android 7.0; SM-G950U Build/NRD90M) AppleWebKit/537.36 (KHTML, like Gecko) Chrome/136.0.7103.25 Mobile Safari/537.36"
111.31.13.158 - - [30/Jan/2026:14:52:22 +0800] "GET /wp-json/sliderrevolution/sliders/1?srengine=7&slideid=4 HTTP/1.1" 200 2580 "http://cqqizhou.com/" "Mozilla/5.0 (Linux; Android 7.0; SM-G950U Build/NRD90M) AppleWebKit/537.36 (KHTML, like Gecko) Chrome/136.0.7103.25 Mobile Safari/537.36"
111.31.13.158 - - [30/Jan/2026:14:52:22 +0800] "GET /wp-json/sliderrevolution/sliders/1?srengine=7&slideid=2 HTTP/1.1" 200 2000 "http://cqqizhou.com/" "Mozilla/5.0 (Linux; Android 7.0; SM-G950U Build/NRD90M) AppleWebKit/537.36 (KHTML, like Gecko) Chrome/136.0.7103.25 Mobile Safari/537.36"
111.31.13.158 - - [30/Jan/2026:14:52:22 +0800] "GET /wp-content/uploads/2026/01/1768276119-qizhoujiagong_Slider_3840%C3%972160_20260113-scaled.webp HTTP/1.1" 200 131696 "http://cqqizhou.com/" "Mozilla/5.0 (Linux; Android 7.0; SM-G950U Build/NRD90M) AppleWebKit/537.36 (KHTML, like Gecko) Chrome/136.0.7103.25 Mobile Safari/537.36"
111.31.13.158 - - [30/Jan/2026:14:52:22 +0800] "GET /wp-content/uploads/revslider/slider-1/1750861156-logistics_Slider_3840%C3%972160_20250625191356-scaled.webp HTTP/1.1" 200 197360 "http://cqqizhou.com/" "Mozilla/5.0 (Linux; Android 7.0; SM-G950U Build/NRD90M) AppleWebKit/537.36 (KHTML, like Gecko) Chrome/136.0.7103.25 Mobile Safari/537.36"
111.255.220.129 - - [30/Jan/2026:15:21:43 +0800] "GET / HTTP/1.1" 499 0 "-" "Mozilla/5.0 (Windows NT 10.0; WOW64) AppleWebKit/537.36 (KHTML, like Gecko) Chrome/51.0.2704.103 Safari/537.36"
36.133.115.36 - - [30/Jan/2026:15:21:43 +0800] "POST /wp-cron.php?doing_wp_cron=1769757703.5593450069427490234375 HTTP/1.1" 200 31 "-" "WordPress/6.9; http://cqqizhou.com"
36.133.115.36 - - [30/Jan/2026:15:36:56 +0800] "POST /wp-cron.php?doing_wp_cron=1769758616.1498160362243652343750 HTTP/1.1" 200 31 "-" "WordPress/6.9; http://cqqizhou.com"
205.210.31.177 - - [30/Jan/2026:15:36:56 +0800] "GET / HTTP/1.0" 301 0 "-" "Hello from Palo Alto Networks, find out more about our scans in https://docs-cortex.paloaltonetworks.com/r/1/Cortex-Xpanse/Scanning-activity"
36.133.115.36 - - [30/Jan/2026:15:39:34 +0800] "POST /wp-cron.php?doing_wp_cron=1769758774.2925179004669189453125 HTTP/1.1" 200 31 "-" "WordPress/6.9; http://cqqizhou.com"
95.214.54.147 - - [30/Jan/2026:15:39:34 +0800] "GET / HTTP/1.1" 200 157321 "-" "Mozilla/5.0"
87.121.84.30 - - [30/Jan/2026:15:41:29 +0800] "GET /public/admin/assets/plugins/jquery-file-upload/server/php/index.php?file=tf2rghf.jpg HTTP/1.1" 404 27 "-" "ALittle Client"
36.133.115.36 - - [30/Jan/2026:15:45:54 +0800] "POST /wp-cron.php?doing_wp_cron=1769759154.0269949436187744140625 HTTP/1.1" 200 31 "-" "WordPress/6.9; http://cqqizhou.com"
204.76.203.219 - - [30/Jan/2026:15:45:54 +0800] "GET / HTTP/1.1" 200 34721 "-" "Mozilla/5.0 (Windows NT 10.0; Win64; x64) AppleWebKit/537.36 (KHTML, like Gecko) Chrome/90.0.4430.85 Safari/537.36 Edg/90.0.818.46"
36.133.115.36 - - [30/Jan/2026:15:48:36 +0800] "POST /wp-cron.php?doing_wp_cron=1769759316.7262868881225585937500 HTTP/1.1" 200 31 "-" "WordPress/6.9; http://cqqizhou.com"
54.36.181.89 - - [30/Jan/2026:15:48:36 +0800] "POST /xmlrpc.php HTTP/1.1" 200 217 "-" "Mozilla/5.0 (Windows NT 10.0; Win64; x64; rv:141.0) Gecko/20100101 Firefox/141.0"
47.114.89.255 - - [30/Jan/2026:15:50:40 +0800] "GET /uploadDemo/server/preview.php HTTP/1.1" 404 47 "-" "Mozilla/5.0 (Windows NT 10.0; Win64; x64)"
47.114.89.255 - - [30/Jan/2026:15:50:40 +0800] "GET /uploadDemo/server/fileupload.php HTTP/1.1" 404 47 "-" "Mozilla/5.0 (Windows NT 10.0; Win64; x64)"
36.133.115.36 - - [30/Jan/2026:16:12:50 +0800] "POST /wp-cron.php?doing_wp_cron=1769760770.2738780975341796875000 HTTP/1.1" 200 31 "-" "WordPress/6.9; http://cqqizhou.com"
95.214.54.147 - - [30/Jan/2026:16:12:50 +0800] "GET / HTTP/1.1" 200 157321 "-" "Mozilla/5.0"
52.167.144.173 - - [30/Jan/2026:16:15:26 +0800] "GET /logistics/ HTTP/1.1" 200 30847 "-" "Mozilla/5.0 AppleWebKit/537.36 (KHTML, like Gecko; compatible; bingbot/2.0; +http://www.bing.com/bingbot.htm) Chrome/116.0.1938.76 Safari/537.36"
36.133.115.36 - - [30/Jan/2026:16:34:00 +0800] "POST /wp-cron.php?doing_wp_cron=1769762040.3007469177246093750000 HTTP/1.1" 200 31 "-" "WordPress/6.9; http://cqqizhou.com"
95.214.54.147 - - [30/Jan/2026:16:34:00 +0800] "GET / HTTP/1.1" 200 157321 "-" "Mozilla/5.0"
36.133.115.36 - - [30/Jan/2026:16:39:33 +0800] "POST /wp-cron.php?doing_wp_cron=1769762373.1170220375061035156250 HTTP/1.1" 200 31 "-" "WordPress/6.9; http://cqqizhou.com"
3.137.73.221 - - [30/Jan/2026:16:39:33 +0800] "GET / HTTP/1.1" 301 5 "-" "cypex.ai/scanning Mozilla/5.0 (Macintosh; Intel Mac OS X 10_15_7) Chrome/126.0.0.0 Safari/537.36"
36.133.115.36 - - [30/Jan/2026:16:40:21 +0800] "POST /wp-cron.php?doing_wp_cron=1769762421.0361790657043457031250 HTTP/1.1" 200 31 "-" "WordPress/6.9; http://cqqizhou.com"
3.137.73.221 - - [30/Jan/2026:16:40:21 +0800] "GET / HTTP/1.1" 301 5 "-" "cypex.ai/scanning Mozilla/5.0 (Macintosh; Intel Mac OS X 10_15_7) Chrome/126.0.0.0 Safari/537.36"
3.137.73.221 - - [30/Jan/2026:16:40:22 +0800] "GET / HTTP/1.1" 200 35164 "http://36.133.115.36/" "cypex.ai/scanning Mozilla/5.0 (Macintosh; Intel Mac OS X 10_15_7) Chrome/126.0.0.0 Safari/537.36"
204.76.203.219 - - [30/Jan/2026:16:40:56 +0800] "GET / HTTP/1.1" 200 34721 "-" "Mozilla/5.0 (Windows NT 10.0; Win64; x64) AppleWebKit/537.36 (KHTML, like Gecko) Chrome/90.0.4430.85 Safari/537.36 Edg/90.0.818.46"
65.49.1.212 - - [30/Jan/2026:16:48:14 +0800] "GET / HTTP/1.1" 499 0 "-" "Mozilla/5.0 (X11; Ubuntu; Linux x86_64; rv:124.0) Gecko/20100101 Firefox/124.0"
36.133.115.36 - - [30/Jan/2026:16:48:15 +0800] "POST /wp-cron.php?doing_wp_cron=1769762895.4583640098571777343750 HTTP/1.1" 200 31 "-" "WordPress/6.9; http://cqqizhou.com"
36.133.115.36 - - [30/Jan/2026:16:51:42 +0800] "POST /wp-cron.php?doing_wp_cron=1769763102.0561079978942871093750 HTTP/1.1" 200 31 "-" "WordPress/6.9; http://cqqizhou.com"
204.76.203.46 - - [30/Jan/2026:16:51:42 +0800] "GET / HTTP/1.1" 301 5 "-" "Mozilla/5.0 (Windows NT 10.0; Win64; x64) AppleWebKit/537.36"
36.133.115.36 - - [30/Jan/2026:16:52:43 +0800] "POST /wp-cron.php?doing_wp_cron=1769763163.2479360103607177734375 HTTP/1.1" 200 31 "-" "WordPress/6.9; http://cqqizhou.com"
87.121.84.51 - - [30/Jan/2026:16:52:43 +0800] "GET / HTTP/1.0" 301 0 "-" "Mozilla/5.0 (X11; Linux x86_64; rv:140.0) Gecko/20100101 Firefox/140.0"
36.133.115.36 - - [30/Jan/2026:16:55:08 +0800] "POST /wp-cron.php?doing_wp_cron=1769763307.9858670234680175781250 HTTP/1.1" 200 31 "-" "WordPress/6.9; http://cqqizhou.com"
193.142.147.209 - - [30/Jan/2026:16:55:08 +0800] "POST / HTTP/1.1" 200 34722 "-" "Mozilla/5.0 (Windows NT 10.0; Win64; x64) AppleWebKit/537.36"
36.133.115.36 - - [30/Jan/2026:16:56:22 +0800] "POST /wp-cron.php?doing_wp_cron=1769763382.6664490699768066406250 HTTP/1.1" 200 31 "-" "WordPress/6.9; http://cqqizhou.com"
114.119.147.97 - - [30/Jan/2026:16:56:22 +0800] "GET /wp-sitemap.xml HTTP/1.1" 501 253 "-" "Mozilla/5.0 (Linux; Android 7.0;) AppleWebKit/537.36 (KHTML, like Gecko) Mobile Safari/537.36 (compatible; PetalBot;+https://webmaster.petalsearch.com/site/petalbot)"
36.133.115.36 - - [30/Jan/2026:17:01:07 +0800] "POST /wp-cron.php?doing_wp_cron=1769763667.3100090026855468750000 HTTP/1.1" 200 31 "-" "WordPress/6.9; http://cqqizhou.com"
20.127.219.109 - - [30/Jan/2026:17:01:07 +0800] "GET /manager/html HTTP/1.1" 404 8951 "-" "Mozilla/5.0 zgrab/0.x"
114.119.154.161 - - [30/Jan/2026:17:01:21 +0800] "GET /wp-sitemap.xml HTTP/1.1" 501 253 "-" "Mozilla/5.0 (Linux; Android 7.0;) AppleWebKit/537.36 (KHTML, like Gecko) Mobile Safari/537.36 (compatible; PetalBot;+https://webmaster.petalsearch.com/site/petalbot)"
36.133.115.36 - - [30/Jan/2026:17:02:15 +0800] "POST /wp-cron.php?doing_wp_cron=1769763735.7544980049133300781250 HTTP/1.1" 200 31 "-" "WordPress/6.9; http://cqqizhou.com"
89.42.231.200 - - [30/Jan/2026:17:02:15 +0800] "GET /cgi-bin/luci/;stok=/locale HTTP/1.1" 301 5 "-" "-"
89.42.231.200 - - [30/Jan/2026:17:02:16 +0800] "GET /cgi-bin/luci/;stok=/locale HTTP/1.1" 404 31367 "http://36.133.115.36:80/cgi-bin/luci/;stok=/locale" "-"
36.133.115.36 - - [30/Jan/2026:17:06:44 +0800] "POST /wp-cron.php?doing_wp_cron=1769764004.2151429653167724609375 HTTP/1.1" 200 31 "-" "WordPress/6.9; http://cqqizhou.com"
114.119.146.145 - - [30/Jan/2026:17:06:44 +0800] "GET /wp-sitemap.xml HTTP/1.1" 501 253 "-" "Mozilla/5.0 (Linux; Android 7.0;) AppleWebKit/537.36 (KHTML, like Gecko) Mobile Safari/537.36 (compatible; PetalBot;+https://webmaster.petalsearch.com/site/petalbot)"
36.133.115.36 - - [30/Jan/2026:17:09:01 +0800] "POST /wp-cron.php?doing_wp_cron=1769764141.2085790634155273437500 HTTP/1.1" 200 31 "-" "WordPress/6.9; http://cqqizhou.com"
116.179.32.38 - - [30/Jan/2026:17:09:01 +0800] "GET /portfolio/%E5%86%B7%E8%BD%A7%E5%8D%B7/ HTTP/1.1" 404 8951 "-" "Mozilla/5.0 (compatible; Baiduspider/2.0; +http://www.baidu.com/search/spider.html)"
36.133.115.36 - - [30/Jan/2026:17:10:12 +0800] "POST /wp-cron.php?doing_wp_cron=1769764212.9353470802307128906250 HTTP/1.1" 200 31 "-" "WordPress/6.9; http://cqqizhou.com"
43.135.145.77 - - [30/Jan/2026:17:10:12 +0800] "GET / HTTP/1.1" 200 34721 "-" "Mozilla/5.0 (iPhone; CPU iPhone OS 13_2_3 like Mac OS X) AppleWebKit/605.1.15 (KHTML, like Gecko) Version/13.0.3 Mobile/15E148 Safari/604.1"
36.133.115.36 - - [30/Jan/2026:17:14:41 +0800] "POST /wp-cron.php?doing_wp_cron=1769764481.4309229850769042968750 HTTP/1.1" 200 31 "-" "WordPress/6.9; http://cqqizhou.com"
95.214.54.147 - - [30/Jan/2026:17:14:41 +0800] "GET / HTTP/1.1" 200 157321 "-" "Mozilla/5.0"
36.133.115.36 - - [30/Jan/2026:17:18:19 +0800] "POST /wp-cron.php?doing_wp_cron=1769764699.4622530937194824218750 HTTP/1.1" 200 31 "-" "WordPress/6.9; http://cqqizhou.com"
204.76.203.69 - - [30/Jan/2026:17:18:19 +0800] "GET / HTTP/1.1" 301 5 "-" "Mozilla/5.0 (Windows NT 10.0; Win64; x64) AppleWebKit/537.36 (KHTML, like Gecko) Chrome/90.0.4430.85 Safari/537.36 Edg/90.0.818.46"
122.192.207.177 - - [30/Jan/2026:17:23:50 +0800] "GET /material.html HTTP/1.1" 200 6459 "-" "Mozilla/5.0 (Windows NT 6.1; Win64; x64) AppleWebKit/537.36 (KHTML, like Gecko) Chrome/74.0.3837.131 Safari/537.36"
36.133.115.36 - - [30/Jan/2026:17:25:30 +0800] "POST /wp-cron.php?doing_wp_cron=1769765130.8588089942932128906250 HTTP/1.1" 200 31 "-" "WordPress/6.9; http://cqqizhou.com"
93.174.93.12 - - [30/Jan/2026:17:25:30 +0800] "GET / HTTP/1.0" 301 0 "-" "Mozilla/4.0 (compatible; MSIE 4.01; Windows CE; PPC; MDA Pro/1.0 Profile/MIDP-2.0 Configuration/CLDC-1.1)"
36.133.115.36 - - [30/Jan/2026:17:29:49 +0800] "POST /wp-cron.php?doing_wp_cron=1769765388.9722399711608886718750 HTTP/1.1" 200 31 "-" "WordPress/6.9; http://cqqizhou.com"
5.61.209.92 - - [30/Jan/2026:17:29:49 +0800] "GET /SDK/webLanguage HTTP/1.1" 301 5 "-" "Mozilla/5.0 (Windows NT 10.0; Win64; x64) AppleWebKit/537.36 (KHTML, like Gecko) Chrome/90.0.4430.85 Safari/537.36 Edg/90.0.818.46"
36.133.115.36 - - [30/Jan/2026:17:33:58 +0800] "POST /wp-cron.php?doing_wp_cron=1769765638.5533769130706787109375 HTTP/1.1" 200 31 "-" "WordPress/6.9; http://cqqizhou.com"
43.155.140.157 - - [30/Jan/2026:17:33:58 +0800] "GET / HTTP/1.1" 200 34721 "-" "Mozilla/5.0 (iPhone; CPU iPhone OS 13_2_3 like Mac OS X) AppleWebKit/605.1.15 (KHTML, like Gecko) Version/13.0.3 Mobile/15E148 Safari/604.1"
117.72.198.67 - - [30/Jan/2026:17:34:05 +0800] "POST /hello.world?%ADd+allow_url_include%3d1+%ADd+auto_prepend_file%3dphp://input HTTP/1.1" 404 31367 "-" "libredtail-http"
117.72.198.67 - - [30/Jan/2026:17:34:07 +0800] "POST /?%ADd+allow_url_include%3d1+%ADd+auto_prepend_file%3dphp://input HTTP/1.1" 200 157321 "-" "libredtail-http"
117.72.198.67 - - [30/Jan/2026:17:34:08 +0800] "GET /vendor/phpunit/phpunit/src/Util/PHP/eval-stdin.php HTTP/1.1" 404 27 "-" "libredtail-http"
117.72.198.67 - - [30/Jan/2026:17:34:09 +0800] "GET /vendor/phpunit/phpunit/Util/PHP/eval-stdin.php HTTP/1.1" 404 27 "-" "libredtail-http"
117.72.198.67 - - [30/Jan/2026:17:34:09 +0800] "GET /vendor/phpunit/src/Util/PHP/eval-stdin.php HTTP/1.1" 404 27 "-" "libredtail-http"
117.72.198.67 - - [30/Jan/2026:17:34:10 +0800] "GET /vendor/phpunit/Util/PHP/eval-stdin.php HTTP/1.1" 404 27 "-" "libredtail-http"
117.72.198.67 - - [30/Jan/2026:17:34:11 +0800] "GET /vendor/phpunit/phpunit/LICENSE/eval-stdin.php HTTP/1.1" 404 27 "-" "libredtail-http"
117.72.198.67 - - [30/Jan/2026:17:34:11 +0800] "GET /vendor/vendor/phpunit/phpunit/src/Util/PHP/eval-stdin.php HTTP/1.1" 404 27 "-" "libredtail-http"
117.72.198.67 - - [30/Jan/2026:17:34:12 +0800] "GET /phpunit/phpunit/src/Util/PHP/eval-stdin.php HTTP/1.1" 404 27 "-" "libredtail-http"
117.72.198.67 - - [30/Jan/2026:17:34:12 +0800] "GET /phpunit/phpunit/Util/PHP/eval-stdin.php HTTP/1.1" 404 27 "-" "libredtail-http"
117.72.198.67 - - [30/Jan/2026:17:34:13 +0800] "GET /phpunit/src/Util/PHP/eval-stdin.php HTTP/1.1" 404 27 "-" "libredtail-http"
117.72.198.67 - - [30/Jan/2026:17:34:13 +0800] "GET /phpunit/Util/PHP/eval-stdin.php HTTP/1.1" 404 27 "-" "libredtail-http"
117.72.198.67 - - [30/Jan/2026:17:34:13 +0800] "GET /lib/phpunit/phpunit/src/Util/PHP/eval-stdin.php HTTP/1.1" 404 27 "-" "libredtail-http"
117.72.198.67 - - [30/Jan/2026:17:34:14 +0800] "GET /lib/phpunit/phpunit/Util/PHP/eval-stdin.php HTTP/1.1" 404 27 "-" "libredtail-http"
117.72.198.67 - - [30/Jan/2026:17:34:15 +0800] "GET /lib/phpunit/src/Util/PHP/eval-stdin.php HTTP/1.1" 404 27 "-" "libredtail-http"
117.72.198.67 - - [30/Jan/2026:17:34:15 +0800] "GET /lib/phpunit/Util/PHP/eval-stdin.php HTTP/1.1" 404 27 "-" "libredtail-http"
117.72.198.67 - - [30/Jan/2026:17:34:15 +0800] "GET /lib/vendor/phpunit/phpunit/src/Util/PHP/eval-stdin.php HTTP/1.1" 404 27 "-" "libredtail-http"
117.72.198.67 - - [30/Jan/2026:17:34:16 +0800] "GET /laravel/vendor/phpunit/phpunit/src/Util/PHP/eval-stdin.php HTTP/1.1" 404 27 "-" "libredtail-http"
117.72.198.67 - - [30/Jan/2026:17:34:16 +0800] "GET /www/vendor/phpunit/phpunit/src/Util/PHP/eval-stdin.php HTTP/1.1" 404 27 "-" "libredtail-http"
117.72.198.67 - - [30/Jan/2026:17:34:17 +0800] "GET /ws/vendor/phpunit/phpunit/src/Util/PHP/eval-stdin.php HTTP/1.1" 404 27 "-" "libredtail-http"
117.72.198.67 - - [30/Jan/2026:17:34:18 +0800] "GET /yii/vendor/phpunit/phpunit/src/Util/PHP/eval-stdin.php HTTP/1.1" 404 27 "-" "libredtail-http"
117.72.198.67 - - [30/Jan/2026:17:34:18 +0800] "GET /zend/vendor/phpunit/phpunit/src/Util/PHP/eval-stdin.php HTTP/1.1" 404 27 "-" "libredtail-http"
117.72.198.67 - - [30/Jan/2026:17:34:19 +0800] "GET /ws/ec/vendor/phpunit/phpunit/src/Util/PHP/eval-stdin.php HTTP/1.1" 404 27 "-" "libredtail-http"
117.72.198.67 - - [30/Jan/2026:17:34:19 +0800] "GET /V2/vendor/phpunit/phpunit/src/Util/PHP/eval-stdin.php HTTP/1.1" 404 27 "-" "libredtail-http"
117.72.198.67 - - [30/Jan/2026:17:34:20 +0800] "GET /tests/vendor/phpunit/phpunit/src/Util/PHP/eval-stdin.php HTTP/1.1" 404 27 "-" "libredtail-http"
117.72.198.67 - - [30/Jan/2026:17:34:20 +0800] "GET /test/vendor/phpunit/phpunit/src/Util/PHP/eval-stdin.php HTTP/1.1" 404 27 "-" "libredtail-http"
117.72.198.67 - - [30/Jan/2026:17:34:21 +0800] "GET /testing/vendor/phpunit/phpunit/src/Util/PHP/eval-stdin.php HTTP/1.1" 404 27 "-" "libredtail-http"
117.72.198.67 - - [30/Jan/2026:17:34:22 +0800] "GET /api/vendor/phpunit/phpunit/src/Util/PHP/eval-stdin.php HTTP/1.1" 404 27 "-" "libredtail-http"
117.72.198.67 - - [30/Jan/2026:17:34:22 +0800] "GET /demo/vendor/phpunit/phpunit/src/Util/PHP/eval-stdin.php HTTP/1.1" 404 27 "-" "libredtail-http"
117.72.198.67 - - [30/Jan/2026:17:34:23 +0800] "GET /cms/vendor/phpunit/phpunit/src/Util/PHP/eval-stdin.php HTTP/1.1" 404 27 "-" "libredtail-http"
117.72.198.67 - - [30/Jan/2026:17:34:23 +0800] "GET /crm/vendor/phpunit/phpunit/src/Util/PHP/eval-stdin.php HTTP/1.1" 404 27 "-" "libredtail-http"
117.72.198.67 - - [30/Jan/2026:17:34:28 +0800] "GET /admin/vendor/phpunit/phpunit/src/Util/PHP/eval-stdin.php HTTP/1.1" 404 27 "-" "libredtail-http"
117.72.198.67 - - [30/Jan/2026:17:34:29 +0800] "GET /backup/vendor/phpunit/phpunit/src/Util/PHP/eval-stdin.php HTTP/1.1" 404 27 "-" "libredtail-http"
117.72.198.67 - - [30/Jan/2026:17:34:29 +0800] "GET /blog/vendor/phpunit/phpunit/src/Util/PHP/eval-stdin.php HTTP/1.1" 404 27 "-" "libredtail-http"
117.72.198.67 - - [30/Jan/2026:17:34:30 +0800] "GET /workspace/drupal/vendor/phpunit/phpunit/src/Util/PHP/eval-stdin.php HTTP/1.1" 404 27 "-" "libredtail-http"
117.72.198.67 - - [30/Jan/2026:17:34:31 +0800] "GET /panel/vendor/phpunit/phpunit/src/Util/PHP/eval-stdin.php HTTP/1.1" 404 27 "-" "libredtail-http"
117.72.198.67 - - [30/Jan/2026:17:34:31 +0800] "GET /public/vendor/phpunit/phpunit/src/Util/PHP/eval-stdin.php HTTP/1.1" 404 27 "-" "libredtail-http"
117.72.198.67 - - [30/Jan/2026:17:34:32 +0800] "GET /apps/vendor/phpunit/phpunit/src/Util/PHP/eval-stdin.php HTTP/1.1" 404 27 "-" "libredtail-http"
117.72.198.67 - - [30/Jan/2026:17:34:33 +0800] "GET /app/vendor/phpunit/phpunit/src/Util/PHP/eval-stdin.php HTTP/1.1" 404 27 "-" "libredtail-http"
36.133.115.36 - - [30/Jan/2026:17:34:34 +0800] "POST /wp-cron.php?doing_wp_cron=1769765674.5198531150817871093750 HTTP/1.1" 200 31 "-" "WordPress/6.9; http://cqqizhou.com"
117.72.198.67 - - [30/Jan/2026:17:34:34 +0800] "GET /index.php?s=/index/\x5Cthink\x5Capp/invokefunction&function=call_user_func_array&vars[0]=md5&vars[1][]=Hello HTTP/1.1" 200 65613 "-" "libredtail-http"
117.72.198.67 - - [30/Jan/2026:17:34:36 +0800] "GET /public/index.php?s=/index/\x5Cthink\x5Capp/invokefunction&function=call_user_func_array&vars[0]=md5&vars[1][]=Hello HTTP/1.1" 404 27 "-" "libredtail-http"
117.72.198.67 - - [30/Jan/2026:17:34:38 +0800] "GET /index.php?lang=../../../../../../../../usr/local/lib/php/pearcmd&+config-create+/&/<?echo(md5(\x22hi\x22));?>+/tmp/index1.php HTTP/1.1" 200 157321 "-" "libredtail-http"
117.72.198.67 - - [30/Jan/2026:17:34:42 +0800] "GET /index.php?lang=../../../../../../../../tmp/index1 HTTP/1.1" 200 157321 "-" "libredtail-http"
117.72.198.67 - - [30/Jan/2026:17:34:44 +0800] "GET /containers/json HTTP/1.1" 301 5 "-" "libredtail-http"
117.72.198.67 - - [30/Jan/2026:17:34:47 +0800] "GET /containers/json HTTP/1.1" 301 5 "-" "libredtail-http"
204.76.203.219 - - [30/Jan/2026:17:35:06 +0800] "GET / HTTP/1.1" 200 34721 "-" "Mozilla/5.0 (Windows NT 10.0; Win64; x64) AppleWebKit/537.36 (KHTML, like Gecko) Chrome/90.0.4430.85 Safari/537.36 Edg/90.0.818.46"
87.121.84.115 - - [30/Jan/2026:17:38:52 +0800] "GET /admin/assets/jquery-file-upload/server/php/index.php?file=tf2rghf.jpg HTTP/1.1" 404 27 "-" "ALittle Client"
36.133.115.36 - - [30/Jan/2026:17:40:51 +0800] "POST /wp-cron.php?doing_wp_cron=1769766051.7376670837402343750000 HTTP/1.1" 200 31 "-" "WordPress/6.9; http://cqqizhou.com"
51.210.123.31 - - [30/Jan/2026:17:40:51 +0800] "POST /xmlrpc.php HTTP/1.1" 200 217 "-" "Mozilla/5.0 (Windows NT 10.0; WOW64) AppleWebKit/537.36 (KHTML, like Gecko) Chrome/140.0.0.0 Safari/537.36"
204.76.203.18 - - [30/Jan/2026:18:14:46 +0800] "GET / HTTP/1.1" 499 0 "-" "-"
36.133.115.36 - - [30/Jan/2026:18:14:47 +0800] "POST /wp-cron.php?doing_wp_cron=1769768087.9094069004058837890625 HTTP/1.1" 200 31 "-" "WordPress/6.9; http://cqqizhou.com"
204.76.203.18 - - [30/Jan/2026:18:14:48 +0800] "GET / HTTP/1.1" 200 157321 "-" "-"
204.76.203.18 - - [30/Jan/2026:18:14:50 +0800] "GET / HTTP/1.1" 200 157321 "-" "-"
204.76.203.18 - - [30/Jan/2026:18:14:52 +0800] "GET / HTTP/1.1" 200 157321 "-" "-"
204.76.203.18 - - [30/Jan/2026:18:14:58 +0800] "GET / HTTP/1.1" 200 109837 "-" "-"
116.129.178.224 - - [30/Jan/2026:18:17:42 +0800] "GET /admin.php HTTP/1.1" 404 47 "-" "python-requests/2.32.5"
36.133.115.36 - - [30/Jan/2026:18:25:23 +0800] "POST /wp-cron.php?doing_wp_cron=1769768722.9701919555664062500000 HTTP/1.1" 200 31 "-" "WordPress/6.9; http://cqqizhou.com"
102.88.54.160 - - [30/Jan/2026:18:25:23 +0800] "GET /.env HTTP/1.1" 404 8951 "-" "python-requests/2.26.0"
102.88.54.160 - - [30/Jan/2026:18:25:24 +0800] "POST / HTTP/1.1" 200 34721 "-" "python-requests/2.26.0"
120.92.72.197 - - [30/Jan/2026:18:25:41 +0800] "GET / HTTP/1.1" 200 35164 "-" "Mozilla/5.0 (Windows NT 10.0; Trident/7.0; rv 11.0) like Gecko"
120.92.72.2 - - [30/Jan/2026:18:25:51 +0800] "GET /wp-admin/admin-ajax.php HTTP/1.1" 499 0 "http://cqqizhou.com/" "Mozilla/5.0 (Windows NT 10.0; Trident/7.0; rv 11.0) like Gecko"
36.133.115.36 - - [30/Jan/2026:18:29:11 +0800] "POST /wp-cron.php?doing_wp_cron=1769768951.3690059185028076171875 HTTP/1.1" 200 31 "-" "WordPress/6.9; http://cqqizhou.com"
204.76.203.219 - - [30/Jan/2026:18:29:11 +0800] "GET / HTTP/1.1" 200 34721 "-" "Mozilla/5.0 (Windows NT 10.0; Win64; x64) AppleWebKit/537.36 (KHTML, like Gecko) Chrome/90.0.4430.85 Safari/537.36 Edg/90.0.818.46"
36.133.115.36 - - [30/Jan/2026:18:38:53 +0800] "POST /wp-cron.php?doing_wp_cron=1769769533.2360680103302001953125 HTTP/1.1" 200 31 "-" "WordPress/6.9; http://cqqizhou.com"
94.26.106.113 - - [30/Jan/2026:18:38:53 +0800] "GET / HTTP/1.1" 200 34720 "-" "Mozilla/5.0 (Windows NT 10.0; Win64; x64) AppleWebKit/537.36 (KHTML, like Gecko) Chrome/90.0.4430.85 Safari/537.36 Edg/90.0.818.46"
36.133.115.36 - - [30/Jan/2026:18:52:18 +0800] "POST /wp-cron.php?doing_wp_cron=1769770338.5358951091766357421875 HTTP/1.1" 200 31 "-" "WordPress/6.9; http://cqqizhou.com"
34.122.105.182 - - [30/Jan/2026:18:52:18 +0800] "GET / HTTP/1.1" 301 5 "-" "Mozilla/5.0 (compatible; TchelebiScanner/2.0; +https://scan.tchelebi.io)"
36.133.115.36 - - [30/Jan/2026:19:15:04 +0800] "POST /wp-cron.php?doing_wp_cron=1769771704.6619069576263427734375 HTTP/1.1" 200 31 "-" "WordPress/6.9; http://cqqizhou.com"
193.142.147.209 - - [30/Jan/2026:19:15:05 +0800] "POST / HTTP/1.1" 200 34721 "-" "Mozilla/5.0 (Windows NT 10.0; Win64; x64) AppleWebKit/537.36"
36.133.115.36 - - [30/Jan/2026:19:16:16 +0800] "POST /wp-cron.php?doing_wp_cron=1769771776.2503890991210937500000 HTTP/1.1" 200 31 "-" "WordPress/6.9; http://cqqizhou.com"
