File: //home/logs/cqqizhou_access_2026-01-30.log
36.133.115.36 - - [30/Jan/2026:00:10:12 +0800] "POST /wp-cron.php?doing_wp_cron=1769703012.6002700328826904296875 HTTP/1.1" 200 31 "-" "WordPress/6.9; http://cqqizhou.com"
5.183.209.196 - - [30/Jan/2026:00:10:12 +0800] "GET /SDK/webLanguage HTTP/1.1" 301 5 "-" "Mozilla/5.0 (Windows NT 10.0; Win64; x64) AppleWebKit/537.36 (KHTML, like Gecko) Chrome/90.0.4430.85 Safari/537.36 Edg/90.0.818.46"
36.133.115.36 - - [30/Jan/2026:00:15:11 +0800] "POST /wp-cron.php?doing_wp_cron=1769703311.2427361011505126953125 HTTP/1.1" 200 31 "-" "WordPress/6.9; http://cqqizhou.com"
183.153.8.199 - - [30/Jan/2026:00:15:11 +0800] "GET /Ly9jcXFpemhvdS5jb20vd3AtY29udGVudC91cGxvYWRzLzIwMjYvMDEvMTc2ODI4MDI3MC1hbnF1YW5fU2xpZGVyXzM4NDDDlzIxNjBfMjAyNjAxMTQtc2NhbGVkLndlYnA= HTTP/1.1" 404 8950 "-" "Mozilla/5.0 (Windows NT 10.0; Win64; x64) AppleWebKit/537.36 (KHTML, like Gecko) Chrome/78.0.3904.70"
36.133.115.36 - - [30/Jan/2026:00:17:56 +0800] "POST /wp-cron.php?doing_wp_cron=1769703476.0812239646911621093750 HTTP/1.1" 200 31 "-" "WordPress/6.9; http://cqqizhou.com"
178.128.207.138 - - [30/Jan/2026:00:17:56 +0800] "GET / HTTP/1.1" 301 5 "-" "-"
178.128.207.138 - - [30/Jan/2026:00:17:57 +0800] "GET / HTTP/1.1" 301 5 "-" "Mozilla/5.0 (l9scan/2.0.6333e2531313e2333313e26333; +https://leakix.net)"
178.128.207.138 - - [30/Jan/2026:00:17:58 +0800] "GET /server HTTP/1.1" 404 8951 "-" "Mozilla/5.0 (l9scan/2.0.6333e2531313e2333313e26333; +https://leakix.net)"
178.128.207.138 - - [30/Jan/2026:00:17:59 +0800] "GET /server-status HTTP/1.1" 404 8950 "-" "Mozilla/5.0 (l9scan/2.0.6333e2531313e2333313e26333; +https://leakix.net)"
178.128.207.138 - - [30/Jan/2026:00:18:02 +0800] "GET /about HTTP/1.1" 301 5 "-" "Mozilla/5.0 (l9scan/2.0.6333e2531313e2333313e26333; +https://leakix.net)"
178.128.207.138 - - [30/Jan/2026:00:18:03 +0800] "GET /login.action HTTP/1.1" 404 8951 "-" "Mozilla/5.0 (l9scan/2.0.6333e2531313e2333313e26333; +https://leakix.net)"
178.128.207.138 - - [30/Jan/2026:00:18:04 +0800] "GET /v2/_catalog HTTP/1.1" 404 8952 "-" "Mozilla/5.0 (l9scan/2.0.6333e2531313e2333313e26333; +https://leakix.net)"
178.128.207.138 - - [30/Jan/2026:00:18:06 +0800] "GET /.DS_Store HTTP/1.1" 404 8951 "-" "Mozilla/5.0 (l9scan/2.0.6333e2531313e2333313e26333; +https://leakix.net)"
36.133.115.36 - - [30/Jan/2026:00:18:08 +0800] "POST /wp-cron.php?doing_wp_cron=1769703488.0450329780578613281250 HTTP/1.1" 200 31 "-" "WordPress/6.9; http://cqqizhou.com"
178.128.207.138 - - [30/Jan/2026:00:18:08 +0800] "GET /.env HTTP/1.1" 404 8951 "-" "Mozilla/5.0 (l9scan/2.0.6333e2531313e2333313e26333; +https://leakix.net)"
178.128.207.138 - - [30/Jan/2026:00:18:11 +0800] "GET /ecp/Current/exporttool/microsoft.exchange.ediscovery.exporttool.application HTTP/1.1" 404 8951 "-" "Mozilla/5.0 (l9scan/2.0.6333e2531313e2333313e26333; +https://leakix.net)"
178.128.207.138 - - [30/Jan/2026:00:18:13 +0800] "GET /.git/config HTTP/1.1" 404 8951 "-" "Mozilla/5.0 (l9scan/2.0.6333e2531313e2333313e26333; +https://leakix.net)"
178.128.207.138 - - [30/Jan/2026:00:18:14 +0800] "POST /graphql HTTP/1.1" 404 8952 "-" "Mozilla/5.0 (l9scan/2.0.6333e2531313e2333313e26333; +https://leakix.net)"
178.128.207.138 - - [30/Jan/2026:00:18:16 +0800] "POST /api HTTP/1.1" 404 8951 "-" "Mozilla/5.0 (l9scan/2.0.6333e2531313e2333313e26333; +https://leakix.net)"
178.128.207.138 - - [30/Jan/2026:00:18:17 +0800] "POST /api/graphql HTTP/1.1" 404 8951 "-" "Mozilla/5.0 (l9scan/2.0.6333e2531313e2333313e26333; +https://leakix.net)"
178.128.207.138 - - [30/Jan/2026:00:18:18 +0800] "POST /graphql/api HTTP/1.1" 404 8951 "-" "Mozilla/5.0 (l9scan/2.0.6333e2531313e2333313e26333; +https://leakix.net)"
178.128.207.138 - - [30/Jan/2026:00:18:20 +0800] "POST /api/gql HTTP/1.1" 404 8949 "-" "Mozilla/5.0 (l9scan/2.0.6333e2531313e2333313e26333; +https://leakix.net)"
178.128.207.138 - - [30/Jan/2026:00:18:21 +0800] "GET /s/6333e2531313e2333313e26333/_/;/META-INF/maven/com.atlassian.jira/jira-webapp-dist/pom.properties HTTP/1.1" 404 8950 "-" "Mozilla/5.0 (l9scan/2.0.6333e2531313e2333313e26333; +https://leakix.net)"
178.128.207.138 - - [30/Jan/2026:00:18:22 +0800] "GET /config.json HTTP/1.1" 404 8951 "-" "Mozilla/5.0 (l9scan/2.0.6333e2531313e2333313e26333; +https://leakix.net)"
178.128.207.138 - - [30/Jan/2026:00:18:24 +0800] "GET /telescope/requests HTTP/1.1" 404 8952 "-" "Mozilla/5.0 (l9scan/2.0.6333e2531313e2333313e26333; +https://leakix.net)"
178.128.207.138 - - [30/Jan/2026:00:18:26 +0800] "POST /php-cgi/php-cgi.exe?%ADd+cgi.force_redirect%3D0+%ADd+disable_functions%3D\x22\x22+%ADd+allow_url_include%3D1+%ADd+auto_prepend_file%3Dphp://input HTTP/1.1" 404 8951 "-" "Mozilla/5.0 (l9scan/2.0.6333e2531313e2333313e26333; +https://leakix.net)"
178.128.207.138 - - [30/Jan/2026:00:18:28 +0800] "GET /info.php HTTP/1.1" 200 49 "-" "Mozilla/5.0 (l9scan/2.0.6333e2531313e2333313e26333; +https://leakix.net)"
178.128.207.138 - - [30/Jan/2026:00:18:29 +0800] "GET /actuator/env HTTP/1.1" 404 8951 "-" "Mozilla/5.0 (l9scan/2.0.6333e2531313e2333313e26333; +https://leakix.net)"
178.128.207.138 - - [30/Jan/2026:00:18:31 +0800] "GET /swagger-ui.html HTTP/1.1" 404 8950 "-" "Mozilla/5.0 (l9scan/2.0.6333e2531313e2333313e26333; +https://leakix.net)"
178.128.207.138 - - [30/Jan/2026:00:18:33 +0800] "GET /swagger/index.html HTTP/1.1" 404 8951 "-" "Mozilla/5.0 (l9scan/2.0.6333e2531313e2333313e26333; +https://leakix.net)"
178.128.207.138 - - [30/Jan/2026:00:18:34 +0800] "GET /swagger/swagger-ui.html HTTP/1.1" 404 8952 "-" "Mozilla/5.0 (l9scan/2.0.6333e2531313e2333313e26333; +https://leakix.net)"
178.128.207.138 - - [30/Jan/2026:00:18:35 +0800] "GET /webjars/swagger-ui/index.html HTTP/1.1" 404 8951 "-" "Mozilla/5.0 (l9scan/2.0.6333e2531313e2333313e26333; +https://leakix.net)"
178.128.207.138 - - [30/Jan/2026:00:18:37 +0800] "GET /swagger.json HTTP/1.1" 404 8951 "-" "Mozilla/5.0 (l9scan/2.0.6333e2531313e2333313e26333; +https://leakix.net)"
178.128.207.138 - - [30/Jan/2026:00:18:38 +0800] "GET /swagger/v1/swagger.json HTTP/1.1" 404 8951 "-" "Mozilla/5.0 (l9scan/2.0.6333e2531313e2333313e26333; +https://leakix.net)"
178.128.207.138 - - [30/Jan/2026:00:18:39 +0800] "GET /v2/api-docs HTTP/1.1" 404 8951 "-" "Mozilla/5.0 (l9scan/2.0.6333e2531313e2333313e26333; +https://leakix.net)"
178.128.207.138 - - [30/Jan/2026:00:18:40 +0800] "GET /v3/api-docs HTTP/1.1" 404 8949 "-" "Mozilla/5.0 (l9scan/2.0.6333e2531313e2333313e26333; +https://leakix.net)"
182.141.247.111 - - [30/Jan/2026:00:18:41 +0800] "GET / HTTP/1.1" 301 5 "-" "Mozilla/5.0 (Windows NT 10.0; Win64; x64) AppleWebKit/537.36 (KHTML, like Gecko) Chrome/70.0.3538.102 Safari/537.36 Edge/18.19582"
178.128.207.138 - - [30/Jan/2026:00:18:41 +0800] "GET /api-docs/swagger.json HTTP/1.1" 404 8951 "-" "Mozilla/5.0 (l9scan/2.0.6333e2531313e2333313e26333; +https://leakix.net)"
182.141.247.111 - - [30/Jan/2026:00:18:42 +0800] "GET / HTTP/1.1" 200 35166 "-" "Mozilla/5.0 (Windows NT 10.0; Win64; x64) AppleWebKit/537.36 (KHTML, like Gecko) Chrome/70.0.3538.102 Safari/537.36 Edge/18.19582"
178.128.207.138 - - [30/Jan/2026:00:18:42 +0800] "GET /api/swagger.json HTTP/1.1" 404 8951 "-" "Mozilla/5.0 (l9scan/2.0.6333e2531313e2333313e26333; +https://leakix.net)"
178.128.207.138 - - [30/Jan/2026:00:18:44 +0800] "GET /@vite/env HTTP/1.1" 404 8951 "-" "Mozilla/5.0 (l9scan/2.0.6333e2531313e2333313e26333; +https://leakix.net)"
178.128.207.138 - - [30/Jan/2026:00:18:47 +0800] "GET /.vscode/sftp.json HTTP/1.1" 404 8951 "-" "Mozilla/5.0 (l9scan/2.0.6333e2531313e2333313e26333; +https://leakix.net)"
178.128.207.138 - - [30/Jan/2026:00:18:48 +0800] "GET /?rest_route=/wp/v2/users/ HTTP/1.1" 200 282 "-" "Mozilla/5.0 (l9scan/2.0.6333e2531313e2333313e26333; +https://leakix.net)"
178.128.207.138 - - [30/Jan/2026:00:18:49 +0800] "GET /debug/default/view?panel=config HTTP/1.1" 404 8951 "-" "Mozilla/5.0 (l9scan/2.0.6333e2531313e2333313e26333; +https://leakix.net)"
182.141.247.111 - - [30/Jan/2026:00:19:05 +0800] "GET /login.rsp HTTP/1.1" 404 8951 "-" "Mozilla/5.0 (Windows NT 10.0; Win64; x64) AppleWebKit/537.36 (KHTML, like Gecko) Chrome/70.0.3538.102 Safari/537.36 Edge/18.19582"
36.133.115.36 - - [30/Jan/2026:00:20:31 +0800] "POST /wp-cron.php?doing_wp_cron=1769703631.4929420948028564453125 HTTP/1.1" 200 31 "-" "WordPress/6.9; http://cqqizhou.com"
67.213.82.18 - - [30/Jan/2026:00:20:31 +0800] "GET / HTTP/1.0" 301 0 "-" "ivre-masscan/1.3 https://github.com/robertdavidgraham/"
36.133.115.36 - - [30/Jan/2026:00:27:14 +0800] "POST /wp-cron.php?doing_wp_cron=1769704034.6320741176605224609375 HTTP/1.1" 200 31 "-" "WordPress/6.9; http://cqqizhou.com"
111.8.156.92 - - [30/Jan/2026:00:27:14 +0800] "GET /Ly9jcXFpemhvdS5jb20vd3AtY29udGVudC91cGxvYWRzLzIwMjYvMDEvMTc2ODI3NjExOS1xaXpob3VqaWFnb25nX1NsaWRlcl8zODQww5cyMTYwXzIwMjYwMTEzLXNjYWxlZC53ZWJw HTTP/1.1" 404 8951 "-" "Mozilla/5.0 (Windows NT 10.0) AppleWebKit/537.36 (KHTML, like Gecko) Chrome/80.0.3987.16"
36.133.115.36 - - [30/Jan/2026:00:46:44 +0800] "POST /wp-cron.php?doing_wp_cron=1769705204.4436740875244140625000 HTTP/1.1" 200 31 "-" "WordPress/6.9; http://cqqizhou.com"
95.214.54.147 - - [30/Jan/2026:00:46:45 +0800] "GET / HTTP/1.1" 200 157321 "-" "Mozilla/5.0"
36.133.115.36 - - [30/Jan/2026:00:47:09 +0800] "POST /wp-cron.php?doing_wp_cron=1769705229.3761780261993408203125 HTTP/1.1" 200 31 "-" "WordPress/6.9; http://cqqizhou.com"
204.76.203.219 - - [30/Jan/2026:00:47:09 +0800] "GET / HTTP/1.1" 200 34724 "-" "Mozilla/5.0 (Windows NT 10.0; Win64; x64) AppleWebKit/537.36 (KHTML, like Gecko) Chrome/90.0.4430.85 Safari/537.36 Edg/90.0.818.46"
36.133.115.36 - - [30/Jan/2026:00:48:28 +0800] "POST /wp-cron.php?doing_wp_cron=1769705308.1274359226226806640625 HTTP/1.1" 200 31 "-" "WordPress/6.9; http://cqqizhou.com"
43.166.136.202 - - [30/Jan/2026:00:48:28 +0800] "GET / HTTP/1.1" 301 5 "-" "Mozilla/5.0 (iPhone; CPU iPhone OS 13_2_3 like Mac OS X) AppleWebKit/605.1.15 (KHTML, like Gecko) Version/13.0.3 Mobile/15E148 Safari/604.1"
157.55.39.13 - - [30/Jan/2026:00:48:30 +0800] "GET /?s=2026 HTTP/1.1" 200 18539 "-" "Mozilla/5.0 AppleWebKit/537.36 (KHTML, like Gecko; compatible; bingbot/2.0; +http://www.bing.com/bingbot.htm) Chrome/116.0.1938.76 Safari/537.36"
43.166.136.202 - - [30/Jan/2026:00:48:30 +0800] "GET / HTTP/1.1" 200 34724 "http://36.133.115.36" "Mozilla/5.0 (iPhone; CPU iPhone OS 13_2_3 like Mac OS X) AppleWebKit/605.1.15 (KHTML, like Gecko) Version/13.0.3 Mobile/15E148 Safari/604.1"
36.133.115.36 - - [30/Jan/2026:00:55:10 +0800] "POST /wp-cron.php?doing_wp_cron=1769705710.2295529842376708984375 HTTP/1.1" 200 31 "-" "WordPress/6.9; http://cqqizhou.com"
193.142.147.209 - - [30/Jan/2026:00:55:11 +0800] "POST / HTTP/1.1" 200 34724 "-" "Mozilla/5.0 (Windows NT 10.0; Win64; x64) AppleWebKit/537.36"
36.133.115.36 - - [30/Jan/2026:01:06:20 +0800] "POST /wp-cron.php?doing_wp_cron=1769706380.1362040042877197265625 HTTP/1.1" 200 31 "-" "WordPress/6.9; http://cqqizhou.com"
180.181.244.244 - - [30/Jan/2026:01:06:20 +0800] "POST /xmlrpc.php HTTP/1.1" 200 217 "-" "Mozilla/5.0 (Windows NT 10.0; WOW64; rv:143.0) Gecko/20100101 Firefox/143.0"
207.46.13.92 - - [30/Jan/2026:01:07:20 +0800] "GET /2361/ HTTP/1.1" 200 24843 "-" "Mozilla/5.0 AppleWebKit/537.36 (KHTML, like Gecko; compatible; bingbot/2.0; +http://www.bing.com/bingbot.htm) Chrome/116.0.1938.76 Safari/537.36"
36.133.115.36 - - [30/Jan/2026:01:09:50 +0800] "POST /wp-cron.php?doing_wp_cron=1769706590.5716319084167480468750 HTTP/1.1" 200 31 "-" "WordPress/6.9; http://cqqizhou.com"
207.46.13.92 - - [30/Jan/2026:01:09:50 +0800] "GET /portfolio/duplex-stainless-steel/ HTTP/1.1" 404 8949 "-" "Mozilla/5.0 AppleWebKit/537.36 (KHTML, like Gecko; compatible; bingbot/2.0; +http://www.bing.com/bingbot.htm) Chrome/116.0.1938.76 Safari/537.36"
36.133.115.36 - - [30/Jan/2026:01:19:24 +0800] "POST /wp-cron.php?doing_wp_cron=1769707164.2547678947448730468750 HTTP/1.1" 200 31 "-" "WordPress/6.9; http://cqqizhou.com"
95.214.54.147 - - [30/Jan/2026:01:19:24 +0800] "GET / HTTP/1.1" 200 157321 "-" "Mozilla/5.0"
36.133.115.36 - - [30/Jan/2026:01:24:15 +0800] "POST /wp-cron.php?doing_wp_cron=1769707455.6839630603790283203125 HTTP/1.1" 200 31 "-" "WordPress/6.9; http://cqqizhou.com"
103.27.76.106 - - [30/Jan/2026:01:24:15 +0800] "GET / HTTP/1.1" 301 5 "-" "-"
36.133.115.36 - - [30/Jan/2026:01:41:48 +0800] "POST /wp-cron.php?doing_wp_cron=1769708508.5103950500488281250000 HTTP/1.1" 200 31 "-" "WordPress/6.9; http://cqqizhou.com"
204.76.203.219 - - [30/Jan/2026:01:41:48 +0800] "GET / HTTP/1.1" 200 34724 "-" "Mozilla/5.0 (Windows NT 10.0; Win64; x64) AppleWebKit/537.36 (KHTML, like Gecko) Chrome/90.0.4430.85 Safari/537.36 Edg/90.0.818.46"
36.133.115.36 - - [30/Jan/2026:01:52:17 +0800] "POST /wp-cron.php?doing_wp_cron=1769709137.3928940296173095703125 HTTP/1.1" 200 31 "-" "WordPress/6.9; http://cqqizhou.com"
95.214.54.147 - - [30/Jan/2026:01:52:17 +0800] "GET / HTTP/1.1" 200 157321 "-" "Mozilla/5.0"
36.133.115.36 - - [30/Jan/2026:02:03:26 +0800] "POST /wp-cron.php?doing_wp_cron=1769709806.1462910175323486328125 HTTP/1.1" 200 31 "-" "WordPress/6.9; http://cqqizhou.com"
204.76.203.18 - - [30/Jan/2026:02:03:26 +0800] "GET /backup/ HTTP/1.1" 301 5 "-" "-"
204.76.203.18 - - [30/Jan/2026:02:03:29 +0800] "GET /backup/ HTTP/1.1" 301 5 "-" "-"
204.76.203.18 - - [30/Jan/2026:02:03:32 +0800] "GET /backup/ HTTP/1.1" 301 5 "-" "-"
112.124.54.115 - - [30/Jan/2026:02:03:35 +0800] "GET / HTTP/1.0" 301 0 "-" "-"
204.76.203.18 - - [30/Jan/2026:02:03:36 +0800] "GET /backup/ HTTP/1.1" 301 5 "-" "-"
204.76.203.18 - - [30/Jan/2026:02:03:39 +0800] "GET /backup/ HTTP/1.1" 301 5 "-" "-"
112.124.54.115 - - [30/Jan/2026:02:03:46 +0800] "GET / HTTP/1.0" 301 0 "-" "-"
112.124.54.115 - - [30/Jan/2026:02:03:46 +0800] "GET /nmaplowercheck1769709818 HTTP/1.1" 404 31367 "-" "Mozilla/5.0 (compatible; Nmap Scripting Engine; https://nmap.org/book/nse.html)"
112.124.54.115 - - [30/Jan/2026:02:03:46 +0800] "POST /sdk HTTP/1.1" 404 31367 "-" "Mozilla/5.0 (compatible; Nmap Scripting Engine; https://nmap.org/book/nse.html)"
112.124.54.115 - - [30/Jan/2026:02:03:47 +0800] "GET /HNAP1 HTTP/1.1" 404 31367 "-" "Mozilla/5.0 (compatible; Nmap Scripting Engine; https://nmap.org/book/nse.html)"
112.124.54.115 - - [30/Jan/2026:02:03:47 +0800] "GET /evox/about HTTP/1.1" 404 31367 "-" "Mozilla/5.0 (compatible; Nmap Scripting Engine; https://nmap.org/book/nse.html)"
112.124.54.115 - - [30/Jan/2026:02:04:06 +0800] "GET / HTTP/1.0" 301 0 "-" "-"
112.124.54.115 - - [30/Jan/2026:02:04:07 +0800] "GET / HTTP/1.1" 301 5 "-" "-"
36.133.115.36 - - [30/Jan/2026:02:05:23 +0800] "POST /wp-cron.php?doing_wp_cron=1769709923.0730280876159667968750 HTTP/1.1" 200 31 "-" "WordPress/6.9; http://cqqizhou.com"
38.46.221.123 - - [30/Jan/2026:02:05:23 +0800] "GET http://check.9tb.org/ HTTP/1.1" 301 5 "-" "Go-http-client/1.1"
38.46.221.123 - - [30/Jan/2026:02:05:23 +0800] "GET http://cqqizhou.com/ HTTP/1.1" 200 35166 "http://check.9tb.org" "Go-http-client/1.1"
36.133.115.36 - - [30/Jan/2026:02:13:52 +0800] "POST /wp-cron.php?doing_wp_cron=1769710432.6685130596160888671875 HTTP/1.1" 200 31 "-" "WordPress/6.9; http://cqqizhou.com"
66.249.74.134 - - [30/Jan/2026:02:13:52 +0800] "GET /portfolio/duplex-stainless-steel/ HTTP/1.1" 404 8950 "-" "Mozilla/5.0 (Linux; Android 6.0.1; Nexus 5X Build/MMB29P) AppleWebKit/537.36 (KHTML, like Gecko) Chrome/143.0.7499.192 Mobile Safari/537.36 (compatible; Googlebot/2.1; +http://www.google.com/bot.html)"
36.133.115.36 - - [30/Jan/2026:02:27:04 +0800] "POST /wp-cron.php?doing_wp_cron=1769711224.7928099632263183593750 HTTP/1.1" 200 31 "-" "WordPress/6.9; http://cqqizhou.com"
219.117.206.145 - - [30/Jan/2026:02:27:04 +0800] "POST /xmlrpc.php HTTP/1.1" 200 217 "-" "Mozilla/5.0 (Windows NT 10.0) AppleWebKit/537.43 (KHTML, like Gecko) Chrome/140.0.0.0 Safari/537.36 OPR/124.0.0.0"
36.133.115.36 - - [30/Jan/2026:02:30:46 +0800] "POST /wp-cron.php?doing_wp_cron=1769711446.7775380611419677734375 HTTP/1.1" 200 31 "-" "WordPress/6.9; http://cqqizhou.com"
207.46.13.36 - - [30/Jan/2026:02:30:46 +0800] "GET /?s= HTTP/1.1" 200 19860 "-" "Mozilla/5.0 AppleWebKit/537.36 (KHTML, like Gecko; compatible; bingbot/2.0; +http://www.bing.com/bingbot.htm) Chrome/116.0.1938.76 Safari/537.36"
36.133.115.36 - - [30/Jan/2026:02:33:07 +0800] "POST /wp-cron.php?doing_wp_cron=1769711587.6194550991058349609375 HTTP/1.1" 200 31 "-" "WordPress/6.9; http://cqqizhou.com"
95.214.54.147 - - [30/Jan/2026:02:33:08 +0800] "GET / HTTP/1.1" 200 157321 "-" "Mozilla/5.0"
36.133.115.36 - - [30/Jan/2026:02:36:00 +0800] "POST /wp-cron.php?doing_wp_cron=1769711760.9307839870452880859375 HTTP/1.1" 200 31 "-" "WordPress/6.9; http://cqqizhou.com"
204.76.203.219 - - [30/Jan/2026:02:36:00 +0800] "GET / HTTP/1.1" 200 34723 "-" "Mozilla/5.0 (Windows NT 10.0; Win64; x64) AppleWebKit/537.36 (KHTML, like Gecko) Chrome/90.0.4430.85 Safari/537.36 Edg/90.0.818.46"
36.133.115.36 - - [30/Jan/2026:02:37:23 +0800] "POST /wp-cron.php?doing_wp_cron=1769711843.4106791019439697265625 HTTP/1.1" 200 31 "-" "WordPress/6.9; http://cqqizhou.com"
170.106.197.109 - - [30/Jan/2026:02:37:23 +0800] "GET / HTTP/1.1" 200 34724 "-" "Mozilla/5.0 (iPhone; CPU iPhone OS 13_2_3 like Mac OS X) AppleWebKit/605.1.15 (KHTML, like Gecko) Version/13.0.3 Mobile/15E148 Safari/604.1"
3.151.194.164 - - [30/Jan/2026:02:38:28 +0800] "GET / HTTP/1.1" 200 35166 "-" "air.ai/scanning Mozilla/5.0 (Macintosh; Intel Mac OS X 10_15_7) Chrome/126.0.0.0 Safari/537.36"
36.133.115.36 - - [30/Jan/2026:02:53:48 +0800] "POST /wp-cron.php?doing_wp_cron=1769712828.1415650844573974609375 HTTP/1.1" 200 31 "-" "WordPress/6.9; http://cqqizhou.com"
193.142.147.209 - - [30/Jan/2026:02:53:48 +0800] "POST / HTTP/1.1" 200 34723 "-" "Mozilla/5.0 (Windows NT 10.0; Win64; x64) AppleWebKit/537.36"
207.46.13.168 - - [30/Jan/2026:02:56:31 +0800] "GET / HTTP/1.1" 200 35166 "-" "Mozilla/5.0 AppleWebKit/537.36 (KHTML, like Gecko; compatible; bingbot/2.0; +http://www.bing.com/bingbot.htm) Chrome/116.0.1938.76 Safari/537.36"
165.227.161.150 - - [30/Jan/2026:03:02:32 +0800] "GET / HTTP/1.1" 200 35166 "-" "Mozilla/5.0 (X11; Linux x86_64) AppleWebKit/537.36 (KHTML, like Gecko) Chrome/142.0.0.0 Safari/537.36"
36.133.115.36 - - [30/Jan/2026:03:09:19 +0800] "POST /wp-cron.php?doing_wp_cron=1769713759.6417479515075683593750 HTTP/1.1" 200 31 "-" "WordPress/6.9; http://cqqizhou.com"
87.121.84.51 - - [30/Jan/2026:03:09:19 +0800] "GET / HTTP/1.0" 301 0 "-" "Mozilla/5.0 (X11; Linux x86_64; rv:140.0) Gecko/20100101 Firefox/140.0"
36.133.115.36 - - [30/Jan/2026:03:11:54 +0800] "POST /wp-cron.php?doing_wp_cron=1769713914.2456860542297363281250 HTTP/1.1" 200 31 "-" "WordPress/6.9; http://cqqizhou.com"
95.214.54.147 - - [30/Jan/2026:03:11:54 +0800] "GET / HTTP/1.1" 200 157321 "-" "Mozilla/5.0"
36.133.115.36 - - [30/Jan/2026:03:13:49 +0800] "POST /wp-cron.php?doing_wp_cron=1769714029.9364280700683593750000 HTTP/1.1" 200 31 "-" "WordPress/6.9; http://cqqizhou.com"
204.76.203.219 - - [30/Jan/2026:03:13:49 +0800] "GET / HTTP/1.1" 200 34724 "-" "Mozilla/5.0 (Windows NT 10.0; Win64; x64) AppleWebKit/537.36 (KHTML, like Gecko) Chrome/90.0.4430.85 Safari/537.36 Edg/90.0.818.46"
36.133.115.36 - - [30/Jan/2026:03:23:53 +0800] "POST /wp-cron.php?doing_wp_cron=1769714633.5809679031372070312500 HTTP/1.1" 200 31 "-" "WordPress/6.9; http://cqqizhou.com"
114.119.166.88 - - [30/Jan/2026:03:23:53 +0800] "GET /robots.txt HTTP/1.1" 200 190 "-" "Mozilla/5.0 (compatible;PetalBot;+https://webmaster.petalsearch.com/site/petalbot)"
36.133.115.36 - - [30/Jan/2026:03:43:09 +0800] "POST /wp-cron.php?doing_wp_cron=1769715789.7799909114837646484375 HTTP/1.1" 200 31 "-" "WordPress/6.9; http://cqqizhou.com"
38.46.221.123 - - [30/Jan/2026:03:43:09 +0800] "GET http://check.9tb.org/ HTTP/1.1" 301 5 "-" "Go-http-client/1.1"
38.46.221.123 - - [30/Jan/2026:03:43:10 +0800] "GET http://cqqizhou.com/ HTTP/1.1" 200 35166 "http://check.9tb.org" "Go-http-client/1.1"
36.133.115.36 - - [30/Jan/2026:03:44:39 +0800] "POST /wp-cron.php?doing_wp_cron=1769715879.0430629253387451171875 HTTP/1.1" 200 31 "-" "WordPress/6.9; http://cqqizhou.com"
95.214.54.147 - - [30/Jan/2026:03:44:39 +0800] "GET / HTTP/1.1" 200 157321 "-" "Mozilla/5.0"
36.133.115.36 - - [30/Jan/2026:03:57:51 +0800] "POST /wp-cron.php?doing_wp_cron=1769716671.5258469581604003906250 HTTP/1.1" 200 31 "-" "WordPress/6.9; http://cqqizhou.com"
87.121.84.56 - - [30/Jan/2026:03:57:51 +0800] "GET / HTTP/1.1" 200 157321 "-" "Mozilla/1.0"
36.133.115.36 - - [30/Jan/2026:04:07:23 +0800] "POST /wp-cron.php?doing_wp_cron=1769717243.1486790180206298828125 HTTP/1.1" 200 31 "-" "WordPress/6.9; http://cqqizhou.com"
204.76.203.219 - - [30/Jan/2026:04:07:23 +0800] "GET / HTTP/1.1" 200 34724 "-" "Mozilla/5.0 (Windows NT 10.0; Win64; x64) AppleWebKit/537.36 (KHTML, like Gecko) Chrome/90.0.4430.85 Safari/537.36 Edg/90.0.818.46"
172.239.109.141 - - [30/Jan/2026:04:07:54 +0800] "GET / HTTP/1.1" 301 5 "-" "Mozilla/5.0 (Windows NT 6.1; WOW64; rv:8.0) Gecko/20100101 Firefox/8.0"
172.239.109.141 - - [30/Jan/2026:04:07:55 +0800] "GET / HTTP/1.1" 200 158980 "-" "Mozilla/5.0 (Windows NT 6.1; WOW64; rv:8.0) Gecko/20100101 Firefox/8.0"
36.133.115.36 - - [30/Jan/2026:04:09:37 +0800] "POST /wp-cron.php?doing_wp_cron=1769717377.3810389041900634765625 HTTP/1.1" 200 31 "-" "WordPress/6.9; http://cqqizhou.com"
204.76.203.69 - - [30/Jan/2026:04:09:37 +0800] "GET / HTTP/1.1" 200 157321 "-" "-"
36.133.115.36 - - [30/Jan/2026:04:22:27 +0800] "POST /wp-cron.php?doing_wp_cron=1769718147.7023470401763916015625 HTTP/1.1" 200 31 "-" "WordPress/6.9; http://cqqizhou.com"
95.214.54.147 - - [30/Jan/2026:04:22:28 +0800] "GET / HTTP/1.1" 200 157321 "-" "Mozilla/5.0"
36.133.115.36 - - [30/Jan/2026:04:26:18 +0800] "POST /wp-cron.php?doing_wp_cron=1769718378.7327599525451660156250 HTTP/1.1" 200 31 "-" "WordPress/6.9; http://cqqizhou.com"
37.59.109.228 - - [30/Jan/2026:04:26:18 +0800] "POST /xmlrpc.php HTTP/1.1" 200 217 "-" "Mozilla/5.0 (Windows NT 10.0) AppleWebKit/537.43 (KHTML, like Gecko) Chrome/138.0.0.0 Safari/537.36 OPR/122.0.0.0"
121.199.163.136 - - [30/Jan/2026:04:26:32 +0800] "GET / HTTP/1.1" 301 5 "-" "Mozilla/5.0 (Windows NT 10.0; Win64; x64) AppleWebKit/537.36 (KHTML, like Gecko) Chrome/59.0.3071.115 Safari/537.36"
207.46.13.168 - - [30/Jan/2026:04:35:09 +0800] "GET /2373/ HTTP/1.1" 200 26203 "-" "Mozilla/5.0 AppleWebKit/537.36 (KHTML, like Gecko; compatible; bingbot/2.0; +http://www.bing.com/bingbot.htm) Chrome/116.0.1938.76 Safari/537.36"
36.133.115.36 - - [30/Jan/2026:04:47:46 +0800] "POST /wp-cron.php?doing_wp_cron=1769719666.0897789001464843750000 HTTP/1.1" 200 31 "-" "WordPress/6.9; http://cqqizhou.com"
66.249.79.228 - - [30/Jan/2026:04:47:46 +0800] "GET /robots.txt HTTP/1.1" 301 5 "-" "Mozilla/5.0 (compatible; Googlebot/2.1; +http://www.google.com/bot.html)"
66.249.74.134 - - [30/Jan/2026:04:47:47 +0800] "GET /robots.txt HTTP/1.1" 200 190 "-" "Mozilla/5.0 (compatible; Googlebot/2.1; +http://www.google.com/bot.html)"
66.249.79.228 - - [30/Jan/2026:04:47:48 +0800] "GET / HTTP/1.1" 301 5 "-" "Mozilla/5.0 (Linux; Android 6.0.1; Nexus 5X Build/MMB29P) AppleWebKit/537.36 (KHTML, like Gecko) Chrome/143.0.7499.192 Mobile Safari/537.36 (compatible; Googlebot/2.1; +http://www.google.com/bot.html)"
170.106.161.78 - - [30/Jan/2026:04:47:53 +0800] "GET / HTTP/1.1" 200 34724 "-" "Mozilla/5.0 (iPhone; CPU iPhone OS 13_2_3 like Mac OS X) AppleWebKit/605.1.15 (KHTML, like Gecko) Version/13.0.3 Mobile/15E148 Safari/604.1"
36.133.115.36 - - [30/Jan/2026:04:56:08 +0800] "POST /wp-cron.php?doing_wp_cron=1769720167.9665770530700683593750 HTTP/1.1" 200 31 "-" "WordPress/6.9; http://cqqizhou.com"
78.153.140.224 - - [30/Jan/2026:04:56:08 +0800] "GET /.env HTTP/1.1" 404 31367 "-" "Mozilla/5.0 (X11; Linux x86_64) AppleWebKit/537.36 (KHTML, like Gecko) Chrome/64.0.3282.186 Safari/537.36 OPR/51.0.2830.55"
36.133.115.36 - - [30/Jan/2026:04:59:17 +0800] "POST /wp-cron.php?doing_wp_cron=1769720357.2458550930023193359375 HTTP/1.1" 200 31 "-" "WordPress/6.9; http://cqqizhou.com"
204.76.203.219 - - [30/Jan/2026:04:59:17 +0800] "GET / HTTP/1.1" 200 34724 "-" "Mozilla/5.0 (Windows NT 10.0; Win64; x64) AppleWebKit/537.36 (KHTML, like Gecko) Chrome/90.0.4430.85 Safari/537.36 Edg/90.0.818.46"
36.133.115.36 - - [30/Jan/2026:05:17:10 +0800] "POST /wp-cron.php?doing_wp_cron=1769721430.6864669322967529296875 HTTP/1.1" 200 31 "-" "WordPress/6.9; http://cqqizhou.com"
185.191.171.12 - - [30/Jan/2026:05:17:10 +0800] "GET /robots.txt HTTP/1.1" 200 190 "-" "Mozilla/5.0 (compatible; SemrushBot/7~bl; +http://www.semrush.com/bot.html)"
185.191.171.17 - - [30/Jan/2026:05:17:12 +0800] "GET /company-news/page/1/ HTTP/1.1" 301 5 "-" "Mozilla/5.0 (compatible; SemrushBot/7~bl; +http://www.semrush.com/bot.html)"
85.208.96.212 - - [30/Jan/2026:05:17:13 +0800] "GET /company-news/ HTTP/1.1" 200 25783 "-" "Mozilla/5.0 (compatible; SemrushBot/7~bl; +http://www.semrush.com/bot.html)"
36.133.115.36 - - [30/Jan/2026:05:18:23 +0800] "POST /wp-cron.php?doing_wp_cron=1769721503.2074379920959472656250 HTTP/1.1" 200 31 "-" "WordPress/6.9; http://cqqizhou.com"
95.214.54.147 - - [30/Jan/2026:05:18:23 +0800] "GET / HTTP/1.1" 200 157321 "-" "Mozilla/5.0"
36.133.115.36 - - [30/Jan/2026:05:20:29 +0800] "POST /wp-cron.php?doing_wp_cron=1769721629.0382499694824218750000 HTTP/1.1" 200 31 "-" "WordPress/6.9; http://cqqizhou.com"
34.59.254.39 - - [30/Jan/2026:05:20:29 +0800] "HEAD /blog/ HTTP/1.1" 404 0 "-" "Mozilla/5.0 (Linux; Android 12; TECNO CK6n) AppleWebKit/537.36 (KHTML, like Gecko) Chrome/125.0.6422.50 Mobile Safari/537.36"
34.59.254.39 - - [30/Jan/2026:05:20:29 +0800] "HEAD /wordpress/ HTTP/1.1" 404 0 "-" "Mozilla/5.0 (Windows NT 11.0; Win64; x64) AppleWebKit/537.36 (KHTML, like Gecko) Chrome/128.0.6540.18 Safari/537.36"
34.59.254.39 - - [30/Jan/2026:05:20:30 +0800] "HEAD /old/ HTTP/1.1" 404 0 "-" "Mozilla/5.0 (Linux; Android 14; Samsung SM-A546B) AppleWebKit/537.36 (KHTML, like Gecko) Chrome/126.0.6478.14 Mobile Safari/537.36"
34.59.254.39 - - [30/Jan/2026:05:20:31 +0800] "HEAD / HTTP/1.1" 200 0 "-" "Mozilla/5.0 (iPad; CPU OS 17_4 like Mac OS X) AppleWebKit/605.1.15 (KHTML, like Gecko) Version/17.4 Mobile/15E148 Safari/604.1"
34.59.254.39 - - [30/Jan/2026:05:20:31 +0800] "HEAD /wp/ HTTP/1.1" 404 0 "-" "Mozilla/5.0 (Windows NT 10.0; WOW64) AppleWebKit/537.36 (KHTML, like Gecko) Chrome/118.0.5993.90 Safari/537.36"
34.59.254.39 - - [30/Jan/2026:05:20:32 +0800] "HEAD /backup/ HTTP/1.1" 404 0 "-" "Mozilla/5.0 (Windows NT 10.0; Win64; x64) AppleWebKit/537.36 (KHTML, like Gecko) Chrome/126.0.6478.70 Safari/537.36 Vivaldi/6.7.3200.25"
34.59.254.39 - - [30/Jan/2026:05:20:33 +0800] "HEAD /new/ HTTP/1.1" 301 0 "-" "Mozilla/5.0 (Windows NT 10.0; WOW64) AppleWebKit/537.36 (KHTML, like Gecko) Chrome/118.0.5993.90 Safari/537.36"
34.59.254.39 - - [30/Jan/2026:05:20:33 +0800] "HEAD /news/ HTTP/1.1" 200 0 "http://cqqizhou.com/new/" "Mozilla/5.0 (Windows NT 10.0; WOW64) AppleWebKit/537.36 (KHTML, like Gecko) Chrome/118.0.5993.90 Safari/537.36"
36.133.115.36 - - [30/Jan/2026:05:23:09 +0800] "POST /wp-cron.php?doing_wp_cron=1769721789.2330899238586425781250 HTTP/1.1" 200 31 "-" "WordPress/6.9; http://cqqizhou.com"
38.46.221.123 - - [30/Jan/2026:05:23:09 +0800] "GET http://check.9tb.org/ HTTP/1.1" 301 5 "-" "Go-http-client/1.1"
38.46.221.123 - - [30/Jan/2026:05:23:09 +0800] "GET http://cqqizhou.com/ HTTP/1.1" 200 35166 "http://check.9tb.org" "Go-http-client/1.1"
193.142.147.209 - - [30/Jan/2026:05:24:03 +0800] "POST / HTTP/1.1" 200 34724 "-" "Mozilla/5.0 (Windows NT 10.0; Win64; x64) AppleWebKit/537.36"
36.133.115.36 - - [30/Jan/2026:05:39:34 +0800] "POST /wp-cron.php?doing_wp_cron=1769722774.8198139667510986328125 HTTP/1.1" 200 31 "-" "WordPress/6.9; http://cqqizhou.com"
95.214.54.147 - - [30/Jan/2026:05:39:35 +0800] "GET / HTTP/1.1" 200 157321 "-" "Mozilla/5.0"
40.77.167.58 - - [30/Jan/2026:05:45:15 +0800] "GET /news/page/2/ HTTP/1.1" 200 25602 "-" "Mozilla/5.0 AppleWebKit/537.36 (KHTML, like Gecko; compatible; bingbot/2.0; +http://www.bing.com/bingbot.htm) Chrome/116.0.1938.76 Safari/537.36"
36.133.115.36 - - [30/Jan/2026:05:55:25 +0800] "POST /wp-cron.php?doing_wp_cron=1769723725.3777210712432861328125 HTTP/1.1" 200 31 "-" "WordPress/6.9; http://cqqizhou.com"
93.174.93.12 - - [30/Jan/2026:05:55:25 +0800] "GET / HTTP/1.0" 301 0 "-" "Mozilla/5.0 (Linux; Android 7.0; SM-G925F) AppleWebKit/537.36 (KHTML, like Gecko) Chrome/76.0.3809.111 Mobile Safari/537.36"
36.133.115.36 - - [30/Jan/2026:05:58:19 +0800] "POST /wp-cron.php?doing_wp_cron=1769723899.1934399604797363281250 HTTP/1.1" 200 31 "-" "WordPress/6.9; http://cqqizhou.com"
204.76.203.219 - - [30/Jan/2026:05:58:19 +0800] "GET / HTTP/1.1" 200 34724 "-" "Mozilla/5.0 (Windows NT 10.0; Win64; x64) AppleWebKit/537.36 (KHTML, like Gecko) Chrome/90.0.4430.85 Safari/537.36 Edg/90.0.818.46"
36.133.115.36 - - [30/Jan/2026:06:01:26 +0800] "POST /wp-cron.php?doing_wp_cron=1769724086.6863760948181152343750 HTTP/1.1" 200 31 "-" "WordPress/6.9; http://cqqizhou.com"
82.64.81.82 - - [30/Jan/2026:06:01:26 +0800] "POST /xmlrpc.php HTTP/1.1" 200 217 "-" "Mozilla/5.0 (Windows NT 10.0) AppleWebKit/537.36 (KHTML, like Gecko) Chrome/140.0.0.0 Safari/537.36"
36.133.115.36 - - [30/Jan/2026:06:08:12 +0800] "POST /wp-cron.php?doing_wp_cron=1769724492.1928350925445556640625 HTTP/1.1" 200 31 "-" "WordPress/6.9; http://cqqizhou.com"
95.214.54.147 - - [30/Jan/2026:06:08:12 +0800] "GET / HTTP/1.1" 200 157321 "-" "Mozilla/5.0"
43.159.135.203 - - [30/Jan/2026:06:08:37 +0800] "GET / HTTP/1.1" 301 5 "-" "Mozilla/5.0 (iPhone; CPU iPhone OS 13_2_3 like Mac OS X) AppleWebKit/605.1.15 (KHTML, like Gecko) Version/13.0.3 Mobile/15E148 Safari/604.1"
43.159.135.203 - - [30/Jan/2026:06:08:39 +0800] "GET / HTTP/1.1" 200 34724 "http://www.cqqizhou.com" "Mozilla/5.0 (iPhone; CPU iPhone OS 13_2_3 like Mac OS X) AppleWebKit/605.1.15 (KHTML, like Gecko) Version/13.0.3 Mobile/15E148 Safari/604.1"
52.167.144.216 - - [30/Jan/2026:06:16:48 +0800] "GET /wp-content/uploads/2025/07/1750945444-honor300%C3%97206_2.webp HTTP/1.1" 200 71296 "-" "Mozilla/5.0 AppleWebKit/537.36 (KHTML, like Gecko; compatible; bingbot/2.0; +http://www.bing.com/bingbot.htm) Chrome/116.0.1938.76 Safari/537.36"
36.133.115.36 - - [30/Jan/2026:06:21:17 +0800] "POST /wp-cron.php?doing_wp_cron=1769725277.7405679225921630859375 HTTP/1.1" 200 31 "-" "WordPress/6.9; http://cqqizhou.com"
180.110.203.108 - - [30/Jan/2026:06:21:17 +0800] "GET / HTTP/1.1" 200 34724 "-" "Mozilla/5.0 (iPhone; CPU iPhone OS 13_2_3 like Mac OS X) AppleWebKit/605.1.15 (KHTML, like Gecko) Version/13.0.3 Mobile/15E148 Safari/604.1"
36.133.115.36 - - [30/Jan/2026:06:24:54 +0800] "POST /wp-cron.php?doing_wp_cron=1769725494.0576090812683105468750 HTTP/1.1" 200 31 "-" "WordPress/6.9; http://cqqizhou.com"
66.249.74.136 - - [30/Jan/2026:06:24:54 +0800] "GET / HTTP/1.1" 200 34724 "-" "Mozilla/5.0 (Linux; Android 6.0.1; Nexus 5X Build/MMB29P) AppleWebKit/537.36 (KHTML, like Gecko) Chrome/143.0.7499.192 Mobile Safari/537.36 (compatible; Googlebot/2.1; +http://www.google.com/bot.html)"
36.133.115.36 - - [30/Jan/2026:06:25:11 +0800] "POST /wp-cron.php?doing_wp_cron=1769725511.6778349876403808593750 HTTP/1.1" 200 31 "-" "WordPress/6.9; http://cqqizhou.com"
66.249.79.226 - - [30/Jan/2026:06:25:11 +0800] "GET / HTTP/1.1" 301 5 "-" "Mozilla/5.0 (compatible; Googlebot/2.1; +http://www.google.com/bot.html)"
66.249.74.134 - - [30/Jan/2026:06:25:12 +0800] "GET / HTTP/1.1" 200 35166 "-" "Mozilla/5.0 (compatible; Googlebot/2.1; +http://www.google.com/bot.html)"
66.249.79.227 - - [30/Jan/2026:06:25:13 +0800] "GET / HTTP/1.1" 301 5 "-" "Mozilla/5.0 (Linux; Android 6.0.1; Nexus 5X Build/MMB29P) AppleWebKit/537.36 (KHTML, like Gecko) Chrome/99.0.4844.84 Mobile Safari/537.36 (compatible; Googlebot/2.1; +http://www.google.com/bot.html)"
66.249.74.134 - - [30/Jan/2026:06:25:14 +0800] "GET / HTTP/1.1" 200 34724 "-" "Mozilla/5.0 (Linux; Android 6.0.1; Nexus 5X Build/MMB29P) AppleWebKit/537.36 (KHTML, like Gecko) Chrome/99.0.4844.84 Mobile Safari/537.36 (compatible; Googlebot/2.1; +http://www.google.com/bot.html)"
36.133.115.36 - - [30/Jan/2026:06:36:35 +0800] "POST /wp-cron.php?doing_wp_cron=1769726195.5300729274749755859375 HTTP/1.1" 200 31 "-" "WordPress/6.9; http://cqqizhou.com"
85.208.96.209 - - [30/Jan/2026:06:36:35 +0800] "GET /robots.txt HTTP/1.1" 200 190 "-" "Mozilla/5.0 (compatible; SemrushBot/7~bl; +http://www.semrush.com/bot.html)"
85.208.96.208 - - [30/Jan/2026:06:36:36 +0800] "GET / HTTP/1.1" 200 35166 "-" "Mozilla/5.0 (compatible; SemrushBot/7~bl; +http://www.semrush.com/bot.html)"
207.56.193.183 - - [30/Jan/2026:06:46:06 +0800] "GET /wp-content/uploads/revslider/slider-1/1750861156-logistics_Slider_3840%C3%972160_20250625191356-scaled.webp HTTP/1.1" 200 197360 "-" "Mozilla/5.0 (X11; Linux x86_64) AppleWebKit/537.36 (KHTML, like Gecko) Chrome/113.0.5672 Safari/537.36"
36.133.115.36 - - [30/Jan/2026:06:49:22 +0800] "POST /wp-cron.php?doing_wp_cron=1769726962.6462309360504150390625 HTTP/1.1" 200 31 "-" "WordPress/6.9; http://cqqizhou.com"
204.76.203.219 - - [30/Jan/2026:06:49:22 +0800] "GET / HTTP/1.1" 200 34724 "-" "Mozilla/5.0 (Windows NT 10.0; Win64; x64) AppleWebKit/537.36 (KHTML, like Gecko) Chrome/90.0.4430.85 Safari/537.36 Edg/90.0.818.46"
36.133.115.36 - - [30/Jan/2026:06:50:25 +0800] "POST /wp-cron.php?doing_wp_cron=1769727025.7409150600433349609375 HTTP/1.1" 200 31 "-" "WordPress/6.9; http://cqqizhou.com"
5.61.209.92 - - [30/Jan/2026:06:50:25 +0800] "GET /SDK/webLanguage HTTP/1.1" 301 5 "-" "Mozilla/5.0 (Windows NT 10.0; Win64; x64) AppleWebKit/537.36 (KHTML, like Gecko) Chrome/90.0.4430.85 Safari/537.36 Edg/90.0.818.46"
36.133.115.36 - - [30/Jan/2026:06:51:09 +0800] "POST /wp-cron.php?doing_wp_cron=1769727069.7895979881286621093750 HTTP/1.1" 200 31 "-" "WordPress/6.9; http://cqqizhou.com"
185.191.171.15 - - [30/Jan/2026:06:51:09 +0800] "GET /portfolio-tag/pangang/ HTTP/1.1" 404 8950 "-" "Mozilla/5.0 (compatible; SemrushBot/7~bl; +http://www.semrush.com/bot.html)"
36.133.115.36 - - [30/Jan/2026:06:58:40 +0800] "POST /wp-cron.php?doing_wp_cron=1769727520.8697230815887451171875 HTTP/1.1" 200 31 "-" "WordPress/6.9; http://cqqizhou.com"
204.76.203.69 - - [30/Jan/2026:06:58:40 +0800] "GET / HTTP/1.1" 301 5 "-" "Mozilla/5.0 (Windows NT 10.0; Win64; x64) AppleWebKit/537.36 (KHTML, like Gecko) Chrome/90.0.4430.85 Safari/537.36 Edg/90.0.818.46"
36.133.115.36 - - [30/Jan/2026:07:04:13 +0800] "POST /wp-cron.php?doing_wp_cron=1769727853.7497150897979736328125 HTTP/1.1" 200 31 "-" "WordPress/6.9; http://cqqizhou.com"
5.39.1.252 - - [30/Jan/2026:07:04:13 +0800] "GET /robots.txt HTTP/1.1" 200 190 "-" "Mozilla/5.0 (compatible; AhrefsBot/7.0; +http://ahrefs.com/robot/)"
51.68.247.221 - - [30/Jan/2026:07:04:18 +0800] "GET /uncategorized/ HTTP/1.1" 200 20312 "-" "Mozilla/5.0 (compatible; AhrefsBot/7.0; +http://ahrefs.com/robot/)"
36.133.115.36 - - [30/Jan/2026:07:06:31 +0800] "POST /wp-cron.php?doing_wp_cron=1769727991.1984069347381591796875 HTTP/1.1" 200 31 "-" "WordPress/6.9; http://cqqizhou.com"
43.166.226.57 - - [30/Jan/2026:07:06:31 +0800] "GET / HTTP/1.1" 301 5 "-" "Mozilla/5.0 (iPhone; CPU iPhone OS 13_2_3 like Mac OS X) AppleWebKit/605.1.15 (KHTML, like Gecko) Version/13.0.3 Mobile/15E148 Safari/604.1"
43.166.226.57 - - [30/Jan/2026:07:06:33 +0800] "GET / HTTP/1.1" 200 34724 "http://36.133.115.36" "Mozilla/5.0 (iPhone; CPU iPhone OS 13_2_3 like Mac OS X) AppleWebKit/605.1.15 (KHTML, like Gecko) Version/13.0.3 Mobile/15E148 Safari/604.1"
36.133.115.36 - - [30/Jan/2026:07:09:26 +0800] "POST /wp-cron.php?doing_wp_cron=1769728166.6407980918884277343750 HTTP/1.1" 200 31 "-" "WordPress/6.9; http://cqqizhou.com"
95.214.54.147 - - [30/Jan/2026:07:09:27 +0800] "GET / HTTP/1.1" 200 157321 "-" "Mozilla/5.0"
36.133.115.36 - - [30/Jan/2026:07:16:29 +0800] "POST /wp-cron.php?doing_wp_cron=1769728589.4345080852508544921875 HTTP/1.1" 200 31 "-" "WordPress/6.9; http://cqqizhou.com"
95.214.54.147 - - [30/Jan/2026:07:16:29 +0800] "GET / HTTP/1.1" 200 157321 "-" "Mozilla/5.0"
185.191.171.7 - - [30/Jan/2026:07:22:19 +0800] "GET /policy/ HTTP/1.1" 200 23711 "-" "Mozilla/5.0 (compatible; SemrushBot/7~bl; +http://www.semrush.com/bot.html)"
36.133.115.36 - - [30/Jan/2026:07:39:28 +0800] "POST /wp-cron.php?doing_wp_cron=1769729968.7931549549102783203125 HTTP/1.1" 200 31 "-" "WordPress/6.9; http://cqqizhou.com"
89.107.187.42 - - [30/Jan/2026:07:39:28 +0800] "POST /xmlrpc.php HTTP/1.1" 200 217 "-" "Mozilla/5.0 (Windows NT 10.0; WOW64) AppleWebKit/537.36 (KHTML, like Gecko) Chrome/142.0.0.0 Safari/537.36 Edg/142.0.0.0"
143.198.68.20 - - [30/Jan/2026:07:39:48 +0800] "GET / HTTP/1.1" 301 5 "-" "Mozilla/5.0 (Windows NT 6.1) AppleWebKit/537.36 (KHTML, like Gecko) Chrome/41.0.2228.0 Safari/537.36"
143.198.68.20 - - [30/Jan/2026:07:39:51 +0800] "GET / HTTP/1.1" 200 158980 "-" "Mozilla/5.0 (Windows NT 6.1) AppleWebKit/537.36 (KHTML, like Gecko) Chrome/41.0.2228.0 Safari/537.36"
143.198.68.20 - - [30/Jan/2026:07:39:55 +0800] "GET /robots.txt HTTP/1.1" 200 390 "-" "-"
143.198.68.20 - - [30/Jan/2026:07:39:57 +0800] "GET /sitemap.xml HTTP/1.1" 301 5 "-" "-"
220.181.108.80 - - [30/Jan/2026:07:39:58 +0800] "GET /2162/ HTTP/1.1" 200 25077 "-" "Mozilla/5.0 (compatible; Baiduspider/2.0; +http://www.baidu.com/search/spider.html)"
204.76.203.219 - - [30/Jan/2026:07:39:59 +0800] "GET / HTTP/1.1" 200 34723 "-" "Mozilla/5.0 (Windows NT 10.0; Win64; x64) AppleWebKit/537.36 (KHTML, like Gecko) Chrome/90.0.4430.85 Safari/537.36 Edg/90.0.818.46"
143.198.68.20 - - [30/Jan/2026:07:39:59 +0800] "GET /.well-known/security.txt HTTP/1.1" 404 31367 "-" "-"
66.249.74.135 - - [30/Jan/2026:07:40:53 +0800] "GET /material.html HTTP/1.1" 200 6459 "-" "Mozilla/5.0 (Linux; Android 6.0.1; Nexus 5X Build/MMB29P) AppleWebKit/537.36 (KHTML, like Gecko) Chrome/143.0.7499.192 Mobile Safari/537.36 (compatible; Googlebot/2.1; +http://www.google.com/bot.html)"
36.133.115.36 - - [30/Jan/2026:07:43:01 +0800] "POST /wp-cron.php?doing_wp_cron=1769730181.3700549602508544921875 HTTP/1.1" 200 31 "-" "WordPress/6.9; http://cqqizhou.com"
193.142.147.209 - - [30/Jan/2026:07:43:01 +0800] "POST / HTTP/1.1" 200 34724 "-" "Mozilla/5.0 (Windows NT 10.0; Win64; x64) AppleWebKit/537.36"
36.133.115.36 - - [30/Jan/2026:07:43:19 +0800] "POST /wp-cron.php?doing_wp_cron=1769730199.4883129596710205078125 HTTP/1.1" 200 31 "-" "WordPress/6.9; http://cqqizhou.com"
116.179.32.151 - - [30/Jan/2026:07:43:19 +0800] "GET /wp-json/oembed/1.0/embed?url=http%3A%2F%2Fcqqizhou.com%2F2162%2F HTTP/1.1" 200 1294 "-" "Mozilla/5.0 (compatible; Baiduspider/2.0; +http://www.baidu.com/search/spider.html)"
36.133.115.36 - - [30/Jan/2026:07:51:22 +0800] "POST /wp-cron.php?doing_wp_cron=1769730681.9950480461120605468750 HTTP/1.1" 200 31 "-" "WordPress/6.9; http://cqqizhou.com"
167.94.138.187 - - [30/Jan/2026:07:51:22 +0800] "GET /robots.txt HTTP/1.1" 200 190 "-" "Mozilla/5.0 (compatible; CensysInspect/1.1; +https://about.censys.io/)"
167.94.138.187 - - [30/Jan/2026:07:51:27 +0800] "GET /5edkdaqid_aad HTTP/1.1" 404 8951 "-" "Mozilla/5.0 (compatible; CensysInspect/1.1; +https://about.censys.io/)"
36.133.115.36 - - [30/Jan/2026:08:01:16 +0800] "POST /wp-cron.php?doing_wp_cron=1769731276.1132059097290039062500 HTTP/1.1" 200 31 "-" "WordPress/6.9; http://cqqizhou.com"
170.64.227.227 - - [30/Jan/2026:08:01:16 +0800] "GET /.env HTTP/1.1" 404 8951 "-" "Mozilla/5.0; Keydrop.io/1.0(onlyscans.com/about);"
170.64.227.227 - - [30/Jan/2026:08:01:17 +0800] "GET /.git/config HTTP/1.1" 404 8951 "-" "Mozilla/5.0; Keydrop.io/1.0(onlyscans.com/about);"
36.133.115.36 - - [30/Jan/2026:08:15:11 +0800] "POST /wp-cron.php?doing_wp_cron=1769732111.6091690063476562500000 HTTP/1.1" 200 31 "-" "WordPress/6.9; http://cqqizhou.com"
95.214.54.147 - - [30/Jan/2026:08:15:12 +0800] "GET / HTTP/1.1" 200 157321 "-" "Mozilla/5.0"
36.133.115.36 - - [30/Jan/2026:08:23:08 +0800] "POST /wp-cron.php?doing_wp_cron=1769732588.5435740947723388671875 HTTP/1.1" 200 31 "-" "WordPress/6.9; http://cqqizhou.com"
176.65.139.8 - - [30/Jan/2026:08:23:08 +0800] "GET / HTTP/1.1" 301 5 "-" "Mozilla/5.0 (Windows NT 10.0; Win64; x64) AppleWebKit/537.36 (KHTML, like Gecko) Chrome/90.0.4430.85 Safari/537.36 Edg/90.0.818.46"
36.133.115.36 - - [30/Jan/2026:08:26:35 +0800] "POST /wp-cron.php?doing_wp_cron=1769732795.3541979789733886718750 HTTP/1.1" 200 31 "-" "WordPress/6.9; http://cqqizhou.com"
20.65.194.73 - - [30/Jan/2026:08:26:35 +0800] "GET / HTTP/1.1" 301 5 "-" "Mozilla/5.0 zgrab/0.x"
36.133.115.36 - - [30/Jan/2026:08:38:22 +0800] "POST /wp-cron.php?doing_wp_cron=1769733502.3159511089324951171875 HTTP/1.1" 200 31 "-" "WordPress/6.9; http://cqqizhou.com"
204.76.203.219 - - [30/Jan/2026:08:38:22 +0800] "GET / HTTP/1.1" 200 34721 "-" "Mozilla/5.0 (Windows NT 10.0; Win64; x64) AppleWebKit/537.36 (KHTML, like Gecko) Chrome/90.0.4430.85 Safari/537.36 Edg/90.0.818.46"
36.133.115.36 - - [30/Jan/2026:08:40:23 +0800] "POST /wp-cron.php?doing_wp_cron=1769733623.7074699401855468750000 HTTP/1.1" 200 31 "-" "WordPress/6.9; http://cqqizhou.com"
95.214.54.147 - - [30/Jan/2026:08:40:24 +0800] "GET / HTTP/1.1" 200 157321 "-" "Mozilla/5.0"
36.133.115.36 - - [30/Jan/2026:09:06:19 +0800] "POST /wp-cron.php?doing_wp_cron=1769735179.4747619628906250000000 HTTP/1.1" 200 31 "-" "WordPress/6.9; http://cqqizhou.com"
147.135.213.38 - - [30/Jan/2026:09:06:19 +0800] "GET /robots.txt HTTP/1.1" 200 390 "-" "Mozilla/5.0 (compatible; MJ12bot/v1.4.8; http://mj12bot.com/)"
147.135.213.38 - - [30/Jan/2026:09:06:21 +0800] "GET /portfolio-tag/%E9%9E%8D%E9%92%A2%E8%92%82%E6%A3%AE/ HTTP/1.1" 404 8951 "-" "Mozilla/5.0 (compatible; MJ12bot/v1.4.8; http://mj12bot.com/)"
147.135.213.38 - - [30/Jan/2026:09:06:24 +0800] "GET /portfolio/%E5%86%B7%E8%BD%A7%E5%8D%B7/ HTTP/1.1" 404 8952 "-" "Mozilla/5.0 (compatible; MJ12bot/v1.4.8; http://mj12bot.com/)"
147.135.213.38 - - [30/Jan/2026:09:06:26 +0800] "GET /portfolio/%E5%86%B7%E8%BD%A7%E6%9D%BF/ HTTP/1.1" 404 8951 "-" "Mozilla/5.0 (compatible; MJ12bot/v1.4.8; http://mj12bot.com/)"
36.133.115.36 - - [30/Jan/2026:09:09:28 +0800] "POST /wp-cron.php?doing_wp_cron=1769735368.6966440677642822265625 HTTP/1.1" 200 31 "-" "WordPress/6.9; http://cqqizhou.com"
147.185.133.135 - - [30/Jan/2026:09:09:28 +0800] "GET / HTTP/1.1" 200 34721 "-" "Hello from Palo Alto Networks, find out more about our scans in https://docs-cortex.paloaltonetworks.com/r/1/Cortex-Xpanse/Scanning-activity"
36.133.115.36 - - [30/Jan/2026:09:12:08 +0800] "POST /wp-cron.php?doing_wp_cron=1769735528.2415649890899658203125 HTTP/1.1" 200 31 "-" "WordPress/6.9; http://cqqizhou.com"
157.55.39.48 - - [30/Jan/2026:09:12:08 +0800] "GET /?s=2025 HTTP/1.1" 200 19903 "-" "Mozilla/5.0 AppleWebKit/537.36 (KHTML, like Gecko; compatible; bingbot/2.0; +http://www.bing.com/bingbot.htm) Chrome/116.0.1938.76 Safari/537.36"
36.133.115.36 - - [30/Jan/2026:09:13:25 +0800] "POST /wp-cron.php?doing_wp_cron=1769735605.0196330547332763671875 HTTP/1.1" 200 31 "-" "WordPress/6.9; http://cqqizhou.com"
155.133.142.66 - - [30/Jan/2026:09:13:25 +0800] "POST /xmlrpc.php HTTP/1.1" 200 217 "-" "Mozilla/5.0 (Windows NT 10.0; Win64; x64; rv:143.0) Gecko/20100101 Firefox/143.0"
14.108.233.113 - - [30/Jan/2026:09:20:03 +0800] "GET /wp-content/uploads/revslider/slider-1/1750861156-logistics_Slider_3840%C3%972160_20250625191356-scaled-50x100.webp HTTP/1.1" 304 0 "http://cqqizhou.com/" "Mozilla/5.0 (Windows NT 10.0; Win64; x64) AppleWebKit/537.36 (KHTML, like Gecko) Chrome/132.0.0.0 Safari/537.36"
42.236.17.200 - - [30/Jan/2026:09:26:09 +0800] "GET / HTTP/1.1" 200 35166 "http://cqqizhou.com" "User-Agent:Mozilla/5.0 (Windows NT 10.0; Win64; x64) AppleWebKit/537.36 (KHTML, like Gecko) Chrome/140.0.0.0 Safari/537.36 Edg/140.0.0.0; 360Spider"
42.236.12.235 - - [30/Jan/2026:09:26:10 +0800] "GET / HTTP/1.1" 200 35166 "http://cqqizhou.com" "User-Agent:Mozilla/5.0 (Windows NT 10.0; Win64; x64) AppleWebKit/537.36 (KHTML, like Gecko) Chrome/140.0.0.0 Safari/537.36 Edg/140.0.0.0; 360Spider"
36.133.115.36 - - [30/Jan/2026:09:27:49 +0800] "POST /wp-cron.php?doing_wp_cron=1769736469.8999319076538085937500 HTTP/1.1" 200 31 "-" "WordPress/6.9; http://cqqizhou.com"
204.76.203.219 - - [30/Jan/2026:09:27:49 +0800] "GET / HTTP/1.1" 200 34721 "-" "Mozilla/5.0 (Windows NT 10.0; Win64; x64) AppleWebKit/537.36 (KHTML, like Gecko) Chrome/90.0.4430.85 Safari/537.36 Edg/90.0.818.46"
36.133.115.36 - - [30/Jan/2026:09:36:12 +0800] "POST /wp-cron.php?doing_wp_cron=1769736972.5443720817565917968750 HTTP/1.1" 200 31 "-" "WordPress/6.9; http://cqqizhou.com"
95.214.54.147 - - [30/Jan/2026:09:36:12 +0800] "GET / HTTP/1.1" 200 157321 "-" "Mozilla/5.0"
47.114.89.255 - - [30/Jan/2026:09:49:59 +0800] "GET /manage/webuploader/preview.php HTTP/1.1" 404 47 "-" "Mozilla/5.0 (Windows NT 10.0; Win64; x64)"
47.114.89.255 - - [30/Jan/2026:09:49:59 +0800] "GET /manage/webuploader/fileupload.php HTTP/1.1" 404 47 "-" "Mozilla/5.0 (Windows NT 10.0; Win64; x64)"
36.133.115.36 - - [30/Jan/2026:09:50:26 +0800] "POST /wp-cron.php?doing_wp_cron=1769737826.4052619934082031250000 HTTP/1.1" 200 31 "-" "WordPress/6.9; http://cqqizhou.com"
36.133.108.121 - - [30/Jan/2026:09:50:26 +0800] "HEAD /SDK/webLanguage HTTP/1.1" 404 0 "-" "Mozilla/5.0 (Macintosh; U; Intel Mac OS X 10_6_6; es-es) AppleWebKit/533.20.25 (KHTML, like Gecko) Version/5.0.4 Safari/533.20.27"
36.133.115.36 - - [30/Jan/2026:09:54:07 +0800] "POST /wp-cron.php?doing_wp_cron=1769738047.6094820499420166015625 HTTP/1.1" 200 31 "-" "WordPress/6.9; http://cqqizhou.com"
170.106.180.153 - - [30/Jan/2026:09:54:07 +0800] "GET / HTTP/1.1" 200 34721 "-" "Mozilla/5.0 (iPhone; CPU iPhone OS 13_2_3 like Mac OS X) AppleWebKit/605.1.15 (KHTML, like Gecko) Version/13.0.3 Mobile/15E148 Safari/604.1"
36.133.115.36 - - [30/Jan/2026:10:04:36 +0800] "POST /wp-cron.php?doing_wp_cron=1769738676.9403510093688964843750 HTTP/1.1" 200 31 "-" "WordPress/6.9; http://cqqizhou.com"
95.214.54.147 - - [30/Jan/2026:10:04:37 +0800] "GET / HTTP/1.1" 200 157321 "-" "Mozilla/5.0"
36.133.115.36 - - [30/Jan/2026:10:05:15 +0800] "POST /wp-cron.php?doing_wp_cron=1769738715.2474191188812255859375 HTTP/1.1" 200 31 "-" "WordPress/6.9; http://cqqizhou.com"
198.235.24.127 - - [30/Jan/2026:10:05:15 +0800] "GET / HTTP/1.1" 200 34721 "-" "Hello from Palo Alto Networks, find out more about our scans in https://docs-cortex.paloaltonetworks.com/r/1/Cortex-Xpanse/Scanning-activity"
36.133.115.36 - - [30/Jan/2026:10:06:22 +0800] "POST /wp-cron.php?doing_wp_cron=1769738782.6267158985137939453125 HTTP/1.1" 200 31 "-" "WordPress/6.9; http://cqqizhou.com"
193.142.147.209 - - [30/Jan/2026:10:06:23 +0800] "POST / HTTP/1.1" 200 34721 "-" "Mozilla/5.0 (Windows NT 10.0; Win64; x64) AppleWebKit/537.36"
36.133.115.36 - - [30/Jan/2026:10:10:54 +0800] "POST /wp-cron.php?doing_wp_cron=1769739054.9385359287261962890625 HTTP/1.1" 200 31 "-" "WordPress/6.9; http://cqqizhou.com"
66.249.74.134 - - [30/Jan/2026:10:10:54 +0800] "GET /2418/ HTTP/1.1" 200 23296 "-" "Mozilla/5.0 (Linux; Android 6.0.1; Nexus 5X Build/MMB29P) AppleWebKit/537.36 (KHTML, like Gecko) Chrome/143.0.7499.192 Mobile Safari/537.36 (compatible; Googlebot/2.1; +http://www.google.com/bot.html)"
36.133.115.36 - - [30/Jan/2026:10:24:47 +0800] "POST /wp-cron.php?doing_wp_cron=1769739887.1786210536956787109375 HTTP/1.1" 200 31 "-" "WordPress/6.9; http://cqqizhou.com"
204.76.203.219 - - [30/Jan/2026:10:24:47 +0800] "GET / HTTP/1.1" 200 34721 "-" "Mozilla/5.0 (Windows NT 10.0; Win64; x64) AppleWebKit/537.36 (KHTML, like Gecko) Chrome/90.0.4430.85 Safari/537.36 Edg/90.0.818.46"
36.133.115.36 - - [30/Jan/2026:10:50:03 +0800] "POST /wp-cron.php?doing_wp_cron=1769741403.5488259792327880859375 HTTP/1.1" 200 31 "-" "WordPress/6.9; http://cqqizhou.com"
207.46.13.52 - - [30/Jan/2026:10:50:03 +0800] "GET /?s=2026 HTTP/1.1" 200 18538 "-" "Mozilla/5.0 AppleWebKit/537.36 (KHTML, like Gecko; compatible; bingbot/2.0; +http://www.bing.com/bingbot.htm) Chrome/116.0.1938.76 Safari/537.36"
14.108.233.248 - - [30/Jan/2026:10:53:08 +0800] "GET / HTTP/1.1" 200 35166 "-" "Mozilla/5.0 (Windows NT 10.0; Win64; x64) AppleWebKit/537.36 (KHTML, like Gecko) Chrome/143.0.0.0 Safari/537.36 Edg/143.0.0.0"
14.108.233.248 - - [30/Jan/2026:10:53:09 +0800] "GET /wp-content/uploads/2025/07/1751425283-qizhou.kf_.qq_.com_.webp HTTP/1.1" 200 16864 "http://cqqizhou.com/" "Mozilla/5.0 (Windows NT 10.0; Win64; x64) AppleWebKit/537.36 (KHTML, like Gecko) Chrome/143.0.0.0 Safari/537.36 Edg/143.0.0.0"
14.108.233.248 - - [30/Jan/2026:10:53:10 +0800] "GET /wp-content/uploads/2025/12/1765268955-qizhou_Slider1_3840%C3%972160_20251210-scaled.webp HTTP/1.1" 200 152162 "http://cqqizhou.com/" "Mozilla/5.0 (Windows NT 10.0; Win64; x64) AppleWebKit/537.36 (KHTML, like Gecko) Chrome/143.0.0.0 Safari/537.36 Edg/143.0.0.0"
14.108.233.248 - - [30/Jan/2026:10:53:10 +0800] "GET /wp-content/uploads/2025/07/1753456723-%E5%8F%8C%E7%9B%B8%E9%92%A2roduct_Single600.webp HTTP/1.1" 200 22790 "http://cqqizhou.com/" "Mozilla/5.0 (Windows NT 10.0; Win64; x64) AppleWebKit/537.36 (KHTML, like Gecko) Chrome/143.0.0.0 Safari/537.36 Edg/143.0.0.0"
14.108.233.248 - - [30/Jan/2026:10:53:10 +0800] "GET /wp-content/uploads/2025/07/1753453096-%E5%8F%8C%E7%9B%B8%E9%92%A2product_Single600%C3%97284.webp HTTP/1.1" 200 14562 "http://cqqizhou.com/" "Mozilla/5.0 (Windows NT 10.0; Win64; x64) AppleWebKit/537.36 (KHTML, like Gecko) Chrome/143.0.0.0 Safari/537.36 Edg/143.0.0.0"
14.108.233.248 - - [30/Jan/2026:10:53:10 +0800] "GET /wp-content/uploads/2025/07/1753456770-%E7%83%AD%E9%95%80%E9%94%8C%E5%8D%B7product_Single600.webp HTTP/1.1" 200 27502 "http://cqqizhou.com/" "Mozilla/5.0 (Windows NT 10.0; Win64; x64) AppleWebKit/537.36 (KHTML, like Gecko) Chrome/143.0.0.0 Safari/537.36 Edg/143.0.0.0"
14.108.233.248 - - [30/Jan/2026:10:53:10 +0800] "GET /wp-content/uploads/2025/07/1753453127-%E4%BD%99%E5%8D%B7product_Single600%C3%97284.webp HTTP/1.1" 200 18744 "http://cqqizhou.com/" "Mozilla/5.0 (Windows NT 10.0; Win64; x64) AppleWebKit/537.36 (KHTML, like Gecko) Chrome/143.0.0.0 Safari/537.36 Edg/143.0.0.0"
