14.108.233.156 - - [14/Jan/2026:17:33:41 +0800] "GET /wp-content/uploads/2026/01/1767691466-Article_images_W900%C3%97500px202601061.webp HTTP/1.1" 200 56014 "http://cqqizhou.com/" "Mozilla/5.0 (Windows NT 10.0; Win64; x64) AppleWebKit/537.36 (KHTML, like Gecko) Chrome/143.0.0.0 Safari/537.36 Edg/143.0.0.0"
14.108.233.156 - - [14/Jan/2026:17:33:41 +0800] "GET /wp-content/uploads/2025/12/1766647832-Article_images_W900%C3%97500px20251225.webp HTTP/1.1" 200 44582 "http://cqqizhou.com/" "Mozilla/5.0 (Windows NT 10.0; Win64; x64) AppleWebKit/537.36 (KHTML, like Gecko) Chrome/143.0.0.0 Safari/537.36 Edg/143.0.0.0"
14.108.233.156 - - [14/Jan/2026:17:33:41 +0800] "GET /wp-content/uploads/2025/12/1766064629-Article_images_20251218212623.webp HTTP/1.1" 200 20366 "http://cqqizhou.com/" "Mozilla/5.0 (Windows NT 10.0; Win64; x64) AppleWebKit/537.36 (KHTML, like Gecko) Chrome/143.0.0.0 Safari/537.36 Edg/143.0.0.0"
14.108.233.156 - - [14/Jan/2026:17:33:41 +0800] "GET /wp-content/uploads/2025/12/1765891153-Article20251216211543.webp HTTP/1.1" 200 43108 "http://cqqizhou.com/" "Mozilla/5.0 (Windows NT 10.0; Win64; x64) AppleWebKit/537.36 (KHTML, like Gecko) Chrome/143.0.0.0 Safari/537.36 Edg/143.0.0.0"
14.108.233.156 - - [14/Jan/2026:17:33:42 +0800] "GET /wp-json/sliderrevolution/sliders/1?srengine=7&slideid=4 HTTP/1.1" 200 2573 "http://cqqizhou.com/" "Mozilla/5.0 (Windows NT 10.0; Win64; x64) AppleWebKit/537.36 (KHTML, like Gecko) Chrome/143.0.0.0 Safari/537.36 Edg/143.0.0.0"
14.108.233.156 - - [14/Jan/2026:17:33:42 +0800] "GET /wp-json/sliderrevolution/sliders/1?srengine=7&slideid=2 HTTP/1.1" 200 2002 "http://cqqizhou.com/" "Mozilla/5.0 (Windows NT 10.0; Win64; x64) AppleWebKit/537.36 (KHTML, like Gecko) Chrome/143.0.0.0 Safari/537.36 Edg/143.0.0.0"
14.108.233.156 - - [14/Jan/2026:17:33:51 +0800] "GET /media/ HTTP/1.1" 200 33470 "http://cqqizhou.com/" "Mozilla/5.0 (Windows NT 10.0; Win64; x64) AppleWebKit/537.36 (KHTML, like Gecko) Chrome/143.0.0.0 Safari/537.36 Edg/143.0.0.0"
14.108.233.156 - - [14/Jan/2026:17:33:51 +0800] "GET /wp-content/uploads/2025/11/1762861549-%E5%85%A8%E6%99%AF%E5%90%AF%E8%88%9F%E5%9D%A4%E7%85%8C%E5%BA%93.webp HTTP/1.1" 200 18812 "http://cqqizhou.com/media/" "Mozilla/5.0 (Windows NT 10.0; Win64; x64) AppleWebKit/537.36 (KHTML, like Gecko) Chrome/143.0.0.0 Safari/537.36 Edg/143.0.0.0"
14.108.233.156 - - [14/Jan/2026:17:33:51 +0800] "GET /wp-content/uploads/2025/11/1762861550-%E4%B8%87%E5%98%89%E7%9B%9B%E5%BA%93%E5%85%A8%E6%99%AF%E5%9B%BE.webp HTTP/1.1" 200 24278 "http://cqqizhou.com/media/" "Mozilla/5.0 (Windows NT 10.0; Win64; x64) AppleWebKit/537.36 (KHTML, like Gecko) Chrome/143.0.0.0 Safari/537.36 Edg/143.0.0.0"
14.108.233.156 - - [14/Jan/2026:17:33:51 +0800] "GET /wp-content/uploads/media/qizhou_Brochure.webp HTTP/1.1" 200 26142 "http://cqqizhou.com/media/" "Mozilla/5.0 (Windows NT 10.0; Win64; x64) AppleWebKit/537.36 (KHTML, like Gecko) Chrome/143.0.0.0 Safari/537.36 Edg/143.0.0.0"
36.133.115.36 - - [14/Jan/2026:17:33:53 +0800] "POST /wp-cron.php?doing_wp_cron=1768383233.5707459449768066406250 HTTP/1.1" 200 31 "-" "WordPress/6.9; http://cqqizhou.com"
14.108.233.156 - - [14/Jan/2026:17:33:53 +0800] "POST /wp-admin/admin-ajax.php HTTP/1.1" 200 78 "http://cqqizhou.com/wp-admin/index.php" "Mozilla/5.0 (Windows NT 10.0; Win64; x64) AppleWebKit/537.36 (KHTML, like Gecko) Chrome/143.0.0.0 Safari/537.36 Edg/143.0.0.0"
14.108.233.156 - - [14/Jan/2026:17:33:59 +0800] "GET /logistics/ HTTP/1.1" 200 32819 "http://cqqizhou.com/media/" "Mozilla/5.0 (Windows NT 10.0; Win64; x64) AppleWebKit/537.36 (KHTML, like Gecko) Chrome/143.0.0.0 Safari/537.36 Edg/143.0.0.0"
14.108.233.156 - - [14/Jan/2026:17:34:00 +0800] "GET /wp-json/contact-form-7/v1/contact-forms/1444/feedback/schema HTTP/1.1" 200 270 "http://cqqizhou.com/logistics/" "Mozilla/5.0 (Windows NT 10.0; Win64; x64) AppleWebKit/537.36 (KHTML, like Gecko) Chrome/143.0.0.0 Safari/537.36 Edg/143.0.0.0"
14.108.233.156 - - [14/Jan/2026:17:34:01 +0800] "GET /wp-json/contact-form-7/v1/contact-forms/1444/refill HTTP/1.1" 200 33 "http://cqqizhou.com/logistics/" "Mozilla/5.0 (Windows NT 10.0; Win64; x64) AppleWebKit/537.36 (KHTML, like Gecko) Chrome/143.0.0.0 Safari/537.36 Edg/143.0.0.0"
14.108.233.156 - - [14/Jan/2026:17:34:05 +0800] "GET /wp-content/uploads/2026/01/1767618076-Logistics_BG2508.webp HTTP/1.1" 200 94788 "http://cqqizhou.com/wp-content/uploads/elementor/css/post-1959.css?ver=1768314637" "Mozilla/5.0 (Windows NT 10.0; Win64; x64) AppleWebKit/537.36 (KHTML, like Gecko) Chrome/143.0.0.0 Safari/537.36 Edg/143.0.0.0"
14.108.233.163 - - [14/Jan/2026:17:34:28 +0800] "GET /2388/ HTTP/1.1" 200 20642 "-" "Mozilla/5.0 (Windows NT 10.0; Win64; x64) AppleWebKit/537.36 (KHTML, like Gecko) Chrome/132.0.0.0 Safari/537.36 NetType/WIFI MicroMessenger/7.0.20.1781(0x6700143B) WindowsWechat(0x63090a13) UnifiedPCWindowsWechat(0xf254160e) XWEB/18055 Flue"
14.108.233.163 - - [14/Jan/2026:17:34:28 +0800] "GET /wp-content/uploads/2025/07/1753410289-News2000%C3%97400_202571.webp HTTP/1.1" 200 17830 "http://cqqizhou.com/2388/" "Mozilla/5.0 (Windows NT 10.0; Win64; x64) AppleWebKit/537.36 (KHTML, like Gecko) Chrome/132.0.0.0 Safari/537.36 NetType/WIFI MicroMessenger/7.0.20.1781(0x6700143B) WindowsWechat(0x63090a13) UnifiedPCWindowsWechat(0xf254160e) XWEB/18055 Flue"
14.108.233.163 - - [14/Jan/2026:17:34:28 +0800] "GET /wp-content/uploads/2025/12/1766647832-Article_images_W900%C3%97500px20251225.webp HTTP/1.1" 200 44582 "http://cqqizhou.com/2388/" "Mozilla/5.0 (Windows NT 10.0; Win64; x64) AppleWebKit/537.36 (KHTML, like Gecko) Chrome/132.0.0.0 Safari/537.36 NetType/WIFI MicroMessenger/7.0.20.1781(0x6700143B) WindowsWechat(0x63090a13) UnifiedPCWindowsWechat(0xf254160e) XWEB/18055 Flue"
14.108.233.163 - - [14/Jan/2026:17:34:28 +0800] "GET /wp-content/uploads/2025/12/1766647829-Article_images_202512251.webp HTTP/1.1" 200 53246 "http://cqqizhou.com/2388/" "Mozilla/5.0 (Windows NT 10.0; Win64; x64) AppleWebKit/537.36 (KHTML, like Gecko) Chrome/132.0.0.0 Safari/537.36 NetType/WIFI MicroMessenger/7.0.20.1781(0x6700143B) WindowsWechat(0x63090a13) UnifiedPCWindowsWechat(0xf254160e) XWEB/18055 Flue"
14.108.233.163 - - [14/Jan/2026:17:34:28 +0800] "GET /wp-content/uploads/2025/12/1766647831-Article_images_202512254.webp HTTP/1.1" 200 55610 "http://cqqizhou.com/2388/" "Mozilla/5.0 (Windows NT 10.0; Win64; x64) AppleWebKit/537.36 (KHTML, like Gecko) Chrome/132.0.0.0 Safari/537.36 NetType/WIFI MicroMessenger/7.0.20.1781(0x6700143B) WindowsWechat(0x63090a13) UnifiedPCWindowsWechat(0xf254160e) XWEB/18055 Flue"
14.108.233.163 - - [14/Jan/2026:17:34:28 +0800] "GET /wp-content/uploads/2025/12/1766064629-Article_images_20251218212623.webp HTTP/1.1" 200 20366 "http://cqqizhou.com/2388/" "Mozilla/5.0 (Windows NT 10.0; Win64; x64) AppleWebKit/537.36 (KHTML, like Gecko) Chrome/132.0.0.0 Safari/537.36 NetType/WIFI MicroMessenger/7.0.20.1781(0x6700143B) WindowsWechat(0x63090a13) UnifiedPCWindowsWechat(0xf254160e) XWEB/18055 Flue"
14.108.233.163 - - [14/Jan/2026:17:34:28 +0800] "GET /wp-content/uploads/2025/12/1765891153-Article20251216211543.webp HTTP/1.1" 200 43108 "http://cqqizhou.com/2388/" "Mozilla/5.0 (Windows NT 10.0; Win64; x64) AppleWebKit/537.36 (KHTML, like Gecko) Chrome/132.0.0.0 Safari/537.36 NetType/WIFI MicroMessenger/7.0.20.1781(0x6700143B) WindowsWechat(0x63090a13) UnifiedPCWindowsWechat(0xf254160e) XWEB/18055 Flue"
14.108.233.163 - - [14/Jan/2026:17:34:28 +0800] "GET /wp-content/uploads/2025/07/1751425283-qizhou.kf_.qq_.com_.webp HTTP/1.1" 200 16864 "http://cqqizhou.com/2388/" "Mozilla/5.0 (Windows NT 10.0; Win64; x64) AppleWebKit/537.36 (KHTML, like Gecko) Chrome/132.0.0.0 Safari/537.36 NetType/WIFI MicroMessenger/7.0.20.1781(0x6700143B) WindowsWechat(0x63090a13) UnifiedPCWindowsWechat(0xf254160e) XWEB/18055 Flue"
180.163.28.109 - - [14/Jan/2026:17:34:28 +0800] "GET /2388/ HTTP/1.1" 200 20642 "-" "Mozilla/5.0 (Macintosh; Intel Mac OS X 10_15_7) AppleWebKit/537.36 (KHTML, like Gecko) Chrome/134.0.0.0 Safari/537.36"
14.108.233.163 - - [14/Jan/2026:17:34:33 +0800] "GET /news/ HTTP/1.1" 499 0 "http://cqqizhou.com/2388/" "Mozilla/5.0 (Windows NT 10.0; Win64; x64) AppleWebKit/537.36 (KHTML, like Gecko) Chrome/132.0.0.0 Safari/537.36 NetType/WIFI MicroMessenger/7.0.20.1781(0x6700143B) WindowsWechat(0x63090a13) UnifiedPCWindowsWechat(0xf254160e) XWEB/18055 Flue"
14.108.233.163 - - [14/Jan/2026:17:34:33 +0800] "GET /news/ HTTP/1.1" 200 20206 "http://cqqizhou.com/2388/" "Mozilla/5.0 (Windows NT 10.0; Win64; x64) AppleWebKit/537.36 (KHTML, like Gecko) Chrome/132.0.0.0 Safari/537.36 NetType/WIFI MicroMessenger/7.0.20.1781(0x6700143B) WindowsWechat(0x63090a13) UnifiedPCWindowsWechat(0xf254160e) XWEB/18055 Flue"
14.108.233.163 - - [14/Jan/2026:17:34:33 +0800] "GET /wp-content/uploads/revslider/slider-1/1750861156-logistics_Slider_3840%C3%972160_20250625191356-scaled-1024x576.webp HTTP/1.1" 200 48500 "http://cqqizhou.com/news/" "Mozilla/5.0 (Windows NT 10.0; Win64; x64) AppleWebKit/537.36 (KHTML, like Gecko) Chrome/132.0.0.0 Safari/537.36 NetType/WIFI MicroMessenger/7.0.20.1781(0x6700143B) WindowsWechat(0x63090a13) UnifiedPCWindowsWechat(0xf254160e) XWEB/18055 Flue"
14.108.233.163 - - [14/Jan/2026:17:34:33 +0800] "GET /wp-content/uploads/2026/01/1767691466-Article_images_W900%C3%97500px202601061.webp HTTP/1.1" 200 56014 "http://cqqizhou.com/news/" "Mozilla/5.0 (Windows NT 10.0; Win64; x64) AppleWebKit/537.36 (KHTML, like Gecko) Chrome/132.0.0.0 Safari/537.36 NetType/WIFI MicroMessenger/7.0.20.1781(0x6700143B) WindowsWechat(0x63090a13) UnifiedPCWindowsWechat(0xf254160e) XWEB/18055 Flue"
14.108.233.163 - - [14/Jan/2026:17:34:33 +0800] "GET /wp-content/uploads/2025/12/1765891413-20251209103501.webp HTTP/1.1" 200 24878 "http://cqqizhou.com/news/" "Mozilla/5.0 (Windows NT 10.0; Win64; x64) AppleWebKit/537.36 (KHTML, like Gecko) Chrome/132.0.0.0 Safari/537.36 NetType/WIFI MicroMessenger/7.0.20.1781(0x6700143B) WindowsWechat(0x63090a13) UnifiedPCWindowsWechat(0xf254160e) XWEB/18055 Flue"
14.108.233.163 - - [14/Jan/2026:17:34:33 +0800] "GET /wp-content/uploads/2025/08/1755826456-DSC01841.webp HTTP/1.1" 200 87046 "http://cqqizhou.com/news/" "Mozilla/5.0 (Windows NT 10.0; Win64; x64) AppleWebKit/537.36 (KHTML, like Gecko) Chrome/132.0.0.0 Safari/537.36 NetType/WIFI MicroMessenger/7.0.20.1781(0x6700143B) WindowsWechat(0x63090a13) UnifiedPCWindowsWechat(0xf254160e) XWEB/18055 Flue"
14.108.233.163 - - [14/Jan/2026:17:34:33 +0800] "GET /wp-content/uploads/2025/09/1756868614-20250903104654_74_5.webp HTTP/1.1" 200 47858 "http://cqqizhou.com/news/" "Mozilla/5.0 (Windows NT 10.0; Win64; x64) AppleWebKit/537.36 (KHTML, like Gecko) Chrome/132.0.0.0 Safari/537.36 NetType/WIFI MicroMessenger/7.0.20.1781(0x6700143B) WindowsWechat(0x63090a13) UnifiedPCWindowsWechat(0xf254160e) XWEB/18055 Flue"
14.108.233.163 - - [14/Jan/2026:17:34:33 +0800] "GET /wp-content/uploads/2025/08/1755826390-DSC01765.webp HTTP/1.1" 200 71514 "http://cqqizhou.com/news/" "Mozilla/5.0 (Windows NT 10.0; Win64; x64) AppleWebKit/537.36 (KHTML, like Gecko) Chrome/132.0.0.0 Safari/537.36 NetType/WIFI MicroMessenger/7.0.20.1781(0x6700143B) WindowsWechat(0x63090a13) UnifiedPCWindowsWechat(0xf254160e) XWEB/18055 Flue"
14.108.233.163 - - [14/Jan/2026:17:34:33 +0800] "GET /wp-content/uploads/2025/07/1753455746-DSC01472.webp HTTP/1.1" 200 31854 "http://cqqizhou.com/news/" "Mozilla/5.0 (Windows NT 10.0; Win64; x64) AppleWebKit/537.36 (KHTML, like Gecko) Chrome/132.0.0.0 Safari/537.36 NetType/WIFI MicroMessenger/7.0.20.1781(0x6700143B) WindowsWechat(0x63090a13) UnifiedPCWindowsWechat(0xf254160e) XWEB/18055 Flue"
36.133.115.36 - - [14/Jan/2026:17:35:54 +0800] "POST /wp-cron.php?doing_wp_cron=1768383354.5547211170196533203125 HTTP/1.1" 200 31 "-" "WordPress/6.9; http://cqqizhou.com"
14.108.233.156 - - [14/Jan/2026:17:35:54 +0800] "POST /wp-admin/admin-ajax.php HTTP/1.1" 200 78 "http://cqqizhou.com/wp-admin/index.php" "Mozilla/5.0 (Windows NT 10.0; Win64; x64) AppleWebKit/537.36 (KHTML, like Gecko) Chrome/143.0.0.0 Safari/537.36 Edg/143.0.0.0"
36.133.115.36 - - [14/Jan/2026:17:37:55 +0800] "POST /wp-cron.php?doing_wp_cron=1768383475.8142640590667724609375 HTTP/1.1" 200 31 "-" "WordPress/6.9; http://cqqizhou.com"
14.108.233.156 - - [14/Jan/2026:17:37:55 +0800] "POST /wp-admin/admin-ajax.php HTTP/1.1" 200 78 "http://cqqizhou.com/wp-admin/index.php" "Mozilla/5.0 (Windows NT 10.0; Win64; x64) AppleWebKit/537.36 (KHTML, like Gecko) Chrome/143.0.0.0 Safari/537.36 Edg/143.0.0.0"
36.133.115.36 - - [14/Jan/2026:17:38:45 +0800] "POST /wp-cron.php?doing_wp_cron=1768383525.5422799587249755859375 HTTP/1.1" 200 31 "-" "WordPress/6.9; http://cqqizhou.com"
204.76.203.18 - - [14/Jan/2026:17:38:45 +0800] "GET /backup/ HTTP/1.1" 301 5 "-" "-"
204.76.203.18 - - [14/Jan/2026:17:38:49 +0800] "GET /backup/ HTTP/1.1" 301 5 "-" "-"
204.76.203.18 - - [14/Jan/2026:17:38:52 +0800] "GET /backup/ HTTP/1.1" 301 5 "-" "-"
204.76.203.18 - - [14/Jan/2026:17:38:56 +0800] "GET /backup/ HTTP/1.1" 301 5 "-" "-"
204.76.203.18 - - [14/Jan/2026:17:38:59 +0800] "GET /backup/ HTTP/1.1" 301 5 "-" "-"
36.133.115.36 - - [14/Jan/2026:17:39:56 +0800] "POST /wp-cron.php?doing_wp_cron=1768383596.6340370178222656250000 HTTP/1.1" 200 31 "-" "WordPress/6.9; http://cqqizhou.com"
14.108.233.156 - - [14/Jan/2026:17:39:56 +0800] "POST /wp-admin/admin-ajax.php HTTP/1.1" 200 78 "http://cqqizhou.com/wp-admin/index.php" "Mozilla/5.0 (Windows NT 10.0; Win64; x64) AppleWebKit/537.36 (KHTML, like Gecko) Chrome/143.0.0.0 Safari/537.36 Edg/143.0.0.0"
36.133.115.36 - - [14/Jan/2026:17:41:57 +0800] "POST /wp-cron.php?doing_wp_cron=1768383717.5845410823822021484375 HTTP/1.1" 200 31 "-" "WordPress/6.9; http://cqqizhou.com"
14.108.233.156 - - [14/Jan/2026:17:41:57 +0800] "POST /wp-admin/admin-ajax.php HTTP/1.1" 200 78 "http://cqqizhou.com/wp-admin/index.php" "Mozilla/5.0 (Windows NT 10.0; Win64; x64) AppleWebKit/537.36 (KHTML, like Gecko) Chrome/143.0.0.0 Safari/537.36 Edg/143.0.0.0"
106.75.7.19 - - [14/Jan/2026:17:42:29 +0800] "GET / HTTP/1.1" 200 35138 "-" "Mozilla/5.0 (Windows NT 7_1_1; Win64; x64) AppleWebKit/599.54 (KHTML, like Gecko) Chrome/88.0.2322 Safari/537.36"
106.75.7.19 - - [14/Jan/2026:17:42:34 +0800] "GET /sitemap.xml HTTP/1.1" 200 491 "-" "Go-http-client/1.1"
106.75.7.19 - - [14/Jan/2026:17:42:34 +0800] "GET /robots.txt HTTP/1.1" 200 190 "-" "Go-http-client/1.1"
36.133.115.36 - - [14/Jan/2026:17:44:35 +0800] "POST /wp-cron.php?doing_wp_cron=1768383875.6771008968353271484375 HTTP/1.1" 200 31 "-" "WordPress/6.9; http://cqqizhou.com"
14.108.233.156 - - [14/Jan/2026:17:44:35 +0800] "GET /media/ HTTP/1.1" 200 33475 "http://cqqizhou.com/logistics/" "Mozilla/5.0 (Windows NT 10.0; Win64; x64) AppleWebKit/537.36 (KHTML, like Gecko) Chrome/143.0.0.0 Safari/537.36 Edg/143.0.0.0"
14.108.233.156 - - [14/Jan/2026:17:44:43 +0800] "POST /wp-admin/admin-ajax.php HTTP/1.1" 200 76 "http://cqqizhou.com/wp-admin/index.php" "Mozilla/5.0 (Windows NT 10.0; Win64; x64) AppleWebKit/537.36 (KHTML, like Gecko) Chrome/143.0.0.0 Safari/537.36 Edg/143.0.0.0"
36.133.115.36 - - [14/Jan/2026:17:44:49 +0800] "POST /wp-cron.php?doing_wp_cron=1768383889.8928320407867431640625 HTTP/1.1" 200 31 "-" "WordPress/6.9; http://cqqizhou.com"
14.108.233.156 - - [14/Jan/2026:17:44:49 +0800] "GET /wp-admin/plugins.php HTTP/1.1" 200 92795 "http://cqqizhou.com/wp-admin/index.php" "Mozilla/5.0 (Windows NT 10.0; Win64; x64) AppleWebKit/537.36 (KHTML, like Gecko) Chrome/143.0.0.0 Safari/537.36 Edg/143.0.0.0"
14.108.233.156 - - [14/Jan/2026:17:44:49 +0800] "GET /wp-admin/load-styles.php?c=0&dir=ltr&load%5Bchunk_0%5D=dashicons,admin-bar,common,forms,admin-menu,dashboard,list-tables,edit,revisions,media,themes,about,nav-menus,wp-pointer,widgets&load%5Bchunk_1%5D=,site-icon,l10n,buttons,media-views,wp-color-picker,editor-buttons,wp-auth-check,wp-components,wp-commands,wp-jquery-ui-dialog&ver=6.9 HTTP/1.1" 200 132592 "http://cqqizhou.com/wp-admin/plugins.php" "Mozilla/5.0 (Windows NT 10.0; Win64; x64) AppleWebKit/537.36 (KHTML, like Gecko) Chrome/143.0.0.0 Safari/537.36 Edg/143.0.0.0"
14.108.233.156 - - [14/Jan/2026:17:45:04 +0800] "GET /wp-json/sliderrevolution/sliders/1?srengine=7&slideid=4 HTTP/1.1" 200 2573 "http://cqqizhou.com/" "Mozilla/5.0 (Windows NT 10.0; Win64; x64) AppleWebKit/537.36 (KHTML, like Gecko) Chrome/143.0.0.0 Safari/537.36 Edg/143.0.0.0"
14.108.233.156 - - [14/Jan/2026:17:45:04 +0800] "GET /wp-json/sliderrevolution/sliders/1?srengine=7&slideid=2 HTTP/1.1" 200 2002 "http://cqqizhou.com/" "Mozilla/5.0 (Windows NT 10.0; Win64; x64) AppleWebKit/537.36 (KHTML, like Gecko) Chrome/143.0.0.0 Safari/537.36 Edg/143.0.0.0"
14.108.233.156 - - [14/Jan/2026:17:45:37 +0800] "GET /wp-admin/admin.php?page=revslider HTTP/1.1" 200 178732 "http://cqqizhou.com/wp-admin/plugins.php" "Mozilla/5.0 (Windows NT 10.0; Win64; x64) AppleWebKit/537.36 (KHTML, like Gecko) Chrome/143.0.0.0 Safari/537.36 Edg/143.0.0.0"
14.108.233.156 - - [14/Jan/2026:17:45:37 +0800] "GET /wp-admin/load-scripts.php?c=0&load%5Bchunk_0%5D=jquery-core,jquery-migrate,utils,wp-hooks&ver=6.9 HTTP/1.1" 200 36809 "http://cqqizhou.com/wp-admin/admin.php?page=revslider" "Mozilla/5.0 (Windows NT 10.0; Win64; x64) AppleWebKit/537.36 (KHTML, like Gecko) Chrome/143.0.0.0 Safari/537.36 Edg/143.0.0.0"
14.108.233.156 - - [14/Jan/2026:17:45:37 +0800] "GET /wp-admin/load-styles.php?c=0&dir=ltr&load%5Bchunk_0%5D=dashicons,admin-bar,common,forms,admin-menu,dashboard,list-tables,edit,revisions,media,themes,about,nav-menus,wp-pointer,widgets&load%5Bchunk_1%5D=,site-icon,l10n,buttons,wp-auth-check,wp-components,wp-commands,wp-jquery-ui-dialog,wp-color-picker,media-views&ver=6.9 HTTP/1.1" 200 127465 "http://cqqizhou.com/wp-admin/admin.php?page=revslider" "Mozilla/5.0 (Windows NT 10.0; Win64; x64) AppleWebKit/537.36 (KHTML, like Gecko) Chrome/143.0.0.0 Safari/537.36 Edg/143.0.0.0"
14.108.233.156 - - [14/Jan/2026:17:45:38 +0800] "GET /wp-admin/load-scripts.php?c=0&load%5Bchunk_0%5D=hoverIntent,wp-dom-ready&ver=6.9 HTTP/1.1" 200 944 "http://cqqizhou.com/wp-admin/admin.php?page=revslider" "Mozilla/5.0 (Windows NT 10.0; Win64; x64) AppleWebKit/537.36 (KHTML, like Gecko) Chrome/143.0.0.0 Safari/537.36 Edg/143.0.0.0"
36.133.115.36 - - [14/Jan/2026:17:46:35 +0800] "POST /wp-cron.php?doing_wp_cron=1768383995.1526029109954833984375 HTTP/1.1" 200 31 "-" "WordPress/6.9; http://cqqizhou.com"
204.76.203.219 - - [14/Jan/2026:17:46:35 +0800] "GET / HTTP/1.1" 200 34765 "-" "Mozilla/5.0 (Windows NT 10.0; Win64; x64) AppleWebKit/537.36 (KHTML, like Gecko) Chrome/90.0.4430.85 Safari/537.36 Edg/90.0.818.46"
14.108.233.156 - - [14/Jan/2026:17:46:58 +0800] "GET /wp-content/plugins/revslider/admin/views/features/assets/supportvideo-1.mp4 HTTP/1.1" 206 196850 "http://cqqizhou.com/wp-admin/admin.php?page=revslider" "Mozilla/5.0 (Windows NT 10.0; Win64; x64) AppleWebKit/537.36 (KHTML, like Gecko) Chrome/143.0.0.0 Safari/537.36 Edg/143.0.0.0"
14.108.233.156 - - [14/Jan/2026:17:46:58 +0800] "GET /wp-content/plugins/revslider/admin/views/features/assets/library_video.mp4 HTTP/1.1" 206 203040 "http://cqqizhou.com/wp-admin/admin.php?page=revslider" "Mozilla/5.0 (Windows NT 10.0; Win64; x64) AppleWebKit/537.36 (KHTML, like Gecko) Chrome/143.0.0.0 Safari/537.36 Edg/143.0.0.0"
14.108.233.156 - - [14/Jan/2026:17:46:58 +0800] "GET /wp-content/plugins/revslider/admin/views/features/assets/templatesvideo.mp4 HTTP/1.1" 206 203040 "http://cqqizhou.com/wp-admin/admin.php?page=revslider" "Mozilla/5.0 (Windows NT 10.0; Win64; x64) AppleWebKit/537.36 (KHTML, like Gecko) Chrome/143.0.0.0 Safari/537.36 Edg/143.0.0.0"
14.108.233.156 - - [14/Jan/2026:17:46:58 +0800] "GET /wp-content/plugins/revslider/admin/views/features/assets/addonsvideo.mp4 HTTP/1.1" 206 288751 "http://cqqizhou.com/wp-admin/admin.php?page=revslider" "Mozilla/5.0 (Windows NT 10.0; Win64; x64) AppleWebKit/537.36 (KHTML, like Gecko) Chrome/143.0.0.0 Safari/537.36 Edg/143.0.0.0"
14.108.233.156 - - [14/Jan/2026:17:46:58 +0800] "GET /wp-content/plugins/revslider/admin/views/features/assets/library_video.mp4 HTTP/1.1" 206 20241 "http://cqqizhou.com/wp-admin/admin.php?page=revslider" "Mozilla/5.0 (Windows NT 10.0; Win64; x64) AppleWebKit/537.36 (KHTML, like Gecko) Chrome/143.0.0.0 Safari/537.36 Edg/143.0.0.0"
14.108.233.156 - - [14/Jan/2026:17:46:58 +0800] "GET /wp-content/plugins/revslider/admin/views/features/assets/templatesvideo.mp4 HTTP/1.1" 206 58415 "http://cqqizhou.com/wp-admin/admin.php?page=revslider" "Mozilla/5.0 (Windows NT 10.0; Win64; x64) AppleWebKit/537.36 (KHTML, like Gecko) Chrome/143.0.0.0 Safari/537.36 Edg/143.0.0.0"
14.108.233.156 - - [14/Jan/2026:17:46:58 +0800] "GET /wp-content/plugins/revslider/admin/views/features/assets/addonsvideo.mp4 HTTP/1.1" 206 26607 "http://cqqizhou.com/wp-admin/admin.php?page=revslider" "Mozilla/5.0 (Windows NT 10.0; Win64; x64) AppleWebKit/537.36 (KHTML, like Gecko) Chrome/143.0.0.0 Safari/537.36 Edg/143.0.0.0"
14.108.233.156 - - [14/Jan/2026:17:46:58 +0800] "GET /wp-content/plugins/revslider/admin/views/features/assets/addonsvideo.mp4 HTTP/1.1" 206 203776 "http://cqqizhou.com/wp-admin/admin.php?page=revslider" "Mozilla/5.0 (Windows NT 10.0; Win64; x64) AppleWebKit/537.36 (KHTML, like Gecko) Chrome/143.0.0.0 Safari/537.36 Edg/143.0.0.0"
14.108.233.156 - - [14/Jan/2026:17:46:59 +0800] "GET /wp-content/plugins/revslider/admin/views/features/assets/library_video.mp4 HTTP/1.1" 206 229376 "http://cqqizhou.com/wp-admin/admin.php?page=revslider" "Mozilla/5.0 (Windows NT 10.0; Win64; x64) AppleWebKit/537.36 (KHTML, like Gecko) Chrome/143.0.0.0 Safari/537.36 Edg/143.0.0.0"
14.108.233.156 - - [14/Jan/2026:17:46:59 +0800] "GET /wp-content/plugins/revslider/admin/views/features/assets/templatesvideo.mp4 HTTP/1.1" 206 498688 "http://cqqizhou.com/wp-admin/admin.php?page=revslider" "Mozilla/5.0 (Windows NT 10.0; Win64; x64) AppleWebKit/537.36 (KHTML, like Gecko) Chrome/143.0.0.0 Safari/537.36 Edg/143.0.0.0"
14.108.233.156 - - [14/Jan/2026:17:46:59 +0800] "GET /wp-content/plugins/revslider/admin/views/features/assets/library_video.mp4 HTTP/1.1" 206 785 "http://cqqizhou.com/wp-admin/admin.php?page=revslider" "Mozilla/5.0 (Windows NT 10.0; Win64; x64) AppleWebKit/537.36 (KHTML, like Gecko) Chrome/143.0.0.0 Safari/537.36 Edg/143.0.0.0"
36.133.115.36 - - [14/Jan/2026:17:46:59 +0800] "POST /wp-cron.php?doing_wp_cron=1768384019.8904979228973388671875 HTTP/1.1" 200 31 "-" "WordPress/6.9; http://cqqizhou.com"
14.108.233.156 - - [14/Jan/2026:17:46:59 +0800] "POST /wp-admin/admin-ajax.php HTTP/1.1" 200 78 "http://cqqizhou.com/wp-admin/admin.php?page=revslider" "Mozilla/5.0 (Windows NT 10.0; Win64; x64) AppleWebKit/537.36 (KHTML, like Gecko) Chrome/143.0.0.0 Safari/537.36 Edg/143.0.0.0"
14.108.233.156 - - [14/Jan/2026:17:47:04 +0800] "GET /wp-admin/admin.php?page=revslider&view=slide&id=1 HTTP/1.1" 200 233995 "http://cqqizhou.com/wp-admin/admin.php?page=revslider" "Mozilla/5.0 (Windows NT 10.0; Win64; x64) AppleWebKit/537.36 (KHTML, like Gecko) Chrome/143.0.0.0 Safari/537.36 Edg/143.0.0.0"
14.108.233.156 - - [14/Jan/2026:17:47:22 +0800] "GET /logistics/ HTTP/1.1" 200 32818 "http://cqqizhou.com/media/" "Mozilla/5.0 (Windows NT 10.0; Win64; x64) AppleWebKit/537.36 (KHTML, like Gecko) Chrome/143.0.0.0 Safari/537.36 Edg/143.0.0.0"
14.108.233.156 - - [14/Jan/2026:17:47:23 +0800] "GET /wp-json/contact-form-7/v1/contact-forms/1444/feedback/schema HTTP/1.1" 200 270 "http://cqqizhou.com/logistics/" "Mozilla/5.0 (Windows NT 10.0; Win64; x64) AppleWebKit/537.36 (KHTML, like Gecko) Chrome/143.0.0.0 Safari/537.36 Edg/143.0.0.0"
14.108.233.156 - - [14/Jan/2026:17:47:23 +0800] "GET /wp-json/contact-form-7/v1/contact-forms/1444/refill HTTP/1.1" 200 33 "http://cqqizhou.com/logistics/" "Mozilla/5.0 (Windows NT 10.0; Win64; x64) AppleWebKit/537.36 (KHTML, like Gecko) Chrome/143.0.0.0 Safari/537.36 Edg/143.0.0.0"
14.108.233.156 - - [14/Jan/2026:17:47:26 +0800] "POST /wp-admin/admin-ajax.php HTTP/1.1" 200 7124 "http://cqqizhou.com/wp-admin/admin.php?page=revslider&view=slide&id=1" "Mozilla/5.0 (Windows NT 10.0; Win64; x64) AppleWebKit/537.36 (KHTML, like Gecko) Chrome/143.0.0.0 Safari/537.36 Edg/143.0.0.0"
14.108.233.156 - - [14/Jan/2026:17:47:27 +0800] "POST /wp-admin/admin-ajax.php HTTP/1.1" 200 483 "http://cqqizhou.com/wp-admin/admin.php?page=revslider&view=slide&id=1" "Mozilla/5.0 (Windows NT 10.0; Win64; x64) AppleWebKit/537.36 (KHTML, like Gecko) Chrome/143.0.0.0 Safari/537.36 Edg/143.0.0.0"
36.133.115.36 - - [14/Jan/2026:17:47:50 +0800] "POST /wp-cron.php?doing_wp_cron=1768384070.7175099849700927734375 HTTP/1.1" 200 31 "-" "WordPress/6.9; http://cqqizhou.com"
14.108.233.156 - - [14/Jan/2026:17:47:50 +0800] "GET /services/ HTTP/1.1" 200 34319 "-" "Mozilla/5.0 (Windows NT 10.0; Win64; x64) AppleWebKit/537.36 (KHTML, like Gecko) Chrome/143.0.0.0 Safari/537.36 Edg/143.0.0.0"
14.108.233.156 - - [14/Jan/2026:17:47:50 +0800] "GET /wp-content/uploads/2025/07/1751829518-Precision-processing-services800x500.webp HTTP/1.1" 200 28964 "http://cqqizhou.com/services/" "Mozilla/5.0 (Windows NT 10.0; Win64; x64) AppleWebKit/537.36 (KHTML, like Gecko) Chrome/143.0.0.0 Safari/537.36 Edg/143.0.0.0"
14.108.233.156 - - [14/Jan/2026:17:47:50 +0800] "GET /wp-content/uploads/2025/12/1764853157-ISO3-731x1024.webp HTTP/1.1" 200 105856 "http://cqqizhou.com/services/" "Mozilla/5.0 (Windows NT 10.0; Win64; x64) AppleWebKit/537.36 (KHTML, like Gecko) Chrome/143.0.0.0 Safari/537.36 Edg/143.0.0.0"
14.108.233.156 - - [14/Jan/2026:17:47:50 +0800] "GET /wp-content/uploads/2025/12/1764853155-ISO2-731x1024.webp HTTP/1.1" 200 91446 "http://cqqizhou.com/services/" "Mozilla/5.0 (Windows NT 10.0; Win64; x64) AppleWebKit/537.36 (KHTML, like Gecko) Chrome/143.0.0.0 Safari/537.36 Edg/143.0.0.0"
14.108.233.156 - - [14/Jan/2026:17:47:50 +0800] "GET /wp-content/uploads/2025/07/1750174127-Marketing1920x800_3.webp HTTP/1.1" 200 52790 "http://cqqizhou.com/wp-content/uploads/elementor/css/post-1659.css?ver=1768326798" "Mozilla/5.0 (Windows NT 10.0; Win64; x64) AppleWebKit/537.36 (KHTML, like Gecko) Chrome/143.0.0.0 Safari/537.36 Edg/143.0.0.0"
14.108.233.156 - - [14/Jan/2026:17:48:14 +0800] "POST /wp-admin/admin-ajax.php HTTP/1.1" 200 121 "http://cqqizhou.com/wp-admin/admin.php?page=revslider&view=slide&id=4" "Mozilla/5.0 (Windows NT 10.0; Win64; x64) AppleWebKit/537.36 (KHTML, like Gecko) Chrome/143.0.0.0 Safari/537.36 Edg/143.0.0.0"
14.108.233.156 - - [14/Jan/2026:17:48:15 +0800] "POST /wp-admin/admin-ajax.php HTTP/1.1" 200 81 "http://cqqizhou.com/wp-admin/admin.php?page=revslider&view=slide&id=4" "Mozilla/5.0 (Windows NT 10.0; Win64; x64) AppleWebKit/537.36 (KHTML, like Gecko) Chrome/143.0.0.0 Safari/537.36 Edg/143.0.0.0"
14.108.233.156 - - [14/Jan/2026:17:48:16 +0800] "POST /wp-admin/admin-ajax.php HTTP/1.1" 200 80 "http://cqqizhou.com/wp-admin/admin.php?page=revslider&view=slide&id=4" "Mozilla/5.0 (Windows NT 10.0; Win64; x64) AppleWebKit/537.36 (KHTML, like Gecko) Chrome/143.0.0.0 Safari/537.36 Edg/143.0.0.0"
14.108.233.156 - - [14/Jan/2026:17:48:16 +0800] "POST /wp-admin/admin-ajax.php HTTP/1.1" 200 80 "http://cqqizhou.com/wp-admin/admin.php?page=revslider&view=slide&id=4" "Mozilla/5.0 (Windows NT 10.0; Win64; x64) AppleWebKit/537.36 (KHTML, like Gecko) Chrome/143.0.0.0 Safari/537.36 Edg/143.0.0.0"
14.108.233.156 - - [14/Jan/2026:17:48:16 +0800] "POST /wp-admin/admin-ajax.php HTTP/1.1" 200 80 "http://cqqizhou.com/wp-admin/admin.php?page=revslider&view=slide&id=4" "Mozilla/5.0 (Windows NT 10.0; Win64; x64) AppleWebKit/537.36 (KHTML, like Gecko) Chrome/143.0.0.0 Safari/537.36 Edg/143.0.0.0"
14.108.233.156 - - [14/Jan/2026:17:48:16 +0800] "POST /wp-admin/admin-ajax.php HTTP/1.1" 200 80 "http://cqqizhou.com/wp-admin/admin.php?page=revslider&view=slide&id=4" "Mozilla/5.0 (Windows NT 10.0; Win64; x64) AppleWebKit/537.36 (KHTML, like Gecko) Chrome/143.0.0.0 Safari/537.36 Edg/143.0.0.0"
14.108.233.156 - - [14/Jan/2026:17:48:16 +0800] "POST /wp-admin/admin-ajax.php HTTP/1.1" 200 80 "http://cqqizhou.com/wp-admin/admin.php?page=revslider&view=slide&id=4" "Mozilla/5.0 (Windows NT 10.0; Win64; x64) AppleWebKit/537.36 (KHTML, like Gecko) Chrome/143.0.0.0 Safari/537.36 Edg/143.0.0.0"
14.108.233.156 - - [14/Jan/2026:17:48:20 +0800] "GET /wp-json/sliderrevolution/sliders/1?srengine=7&slideid=4 HTTP/1.1" 200 2573 "http://cqqizhou.com/" "Mozilla/5.0 (Windows NT 10.0; Win64; x64) AppleWebKit/537.36 (KHTML, like Gecko) Chrome/143.0.0.0 Safari/537.36 Edg/143.0.0.0"
14.108.233.156 - - [14/Jan/2026:17:48:20 +0800] "GET /wp-json/sliderrevolution/sliders/1?srengine=7&slideid=2 HTTP/1.1" 200 2002 "http://cqqizhou.com/" "Mozilla/5.0 (Windows NT 10.0; Win64; x64) AppleWebKit/537.36 (KHTML, like Gecko) Chrome/143.0.0.0 Safari/537.36 Edg/143.0.0.0"
14.108.233.156 - - [14/Jan/2026:17:48:27 +0800] "POST /wp-admin/admin-ajax.php HTTP/1.1" 200 78 "http://cqqizhou.com/wp-admin/admin.php?page=revslider&view=slide&id=4" "Mozilla/5.0 (Windows NT 10.0; Win64; x64) AppleWebKit/537.36 (KHTML, like Gecko) Chrome/143.0.0.0 Safari/537.36 Edg/143.0.0.0"
36.133.115.36 - - [14/Jan/2026:17:49:27 +0800] "POST /wp-cron.php?doing_wp_cron=1768384167.5711250305175781250000 HTTP/1.1" 200 31 "-" "WordPress/6.9; http://cqqizhou.com"
14.108.233.156 - - [14/Jan/2026:17:49:27 +0800] "POST /wp-admin/admin-ajax.php HTTP/1.1" 200 78 "http://cqqizhou.com/wp-admin/admin.php?page=revslider&view=slide&id=4" "Mozilla/5.0 (Windows NT 10.0; Win64; x64) AppleWebKit/537.36 (KHTML, like Gecko) Chrome/143.0.0.0 Safari/537.36 Edg/143.0.0.0"
36.133.115.36 - - [14/Jan/2026:17:50:27 +0800] "POST /wp-cron.php?doing_wp_cron=1768384227.6437110900878906250000 HTTP/1.1" 200 31 "-" "WordPress/6.9; http://cqqizhou.com"
14.108.233.156 - - [14/Jan/2026:17:50:27 +0800] "POST /wp-admin/admin-ajax.php HTTP/1.1" 200 78 "http://cqqizhou.com/wp-admin/admin.php?page=revslider&view=slide&id=4" "Mozilla/5.0 (Windows NT 10.0; Win64; x64) AppleWebKit/537.36 (KHTML, like Gecko) Chrome/143.0.0.0 Safari/537.36 Edg/143.0.0.0"
36.133.115.36 - - [14/Jan/2026:17:51:27 +0800] "POST /wp-cron.php?doing_wp_cron=1768384287.5594789981842041015625 HTTP/1.1" 200 31 "-" "WordPress/6.9; http://cqqizhou.com"
14.108.233.156 - - [14/Jan/2026:17:51:27 +0800] "POST /wp-admin/admin-ajax.php HTTP/1.1" 200 78 "http://cqqizhou.com/wp-admin/admin.php?page=revslider&view=slide&id=4" "Mozilla/5.0 (Windows NT 10.0; Win64; x64) AppleWebKit/537.36 (KHTML, like Gecko) Chrome/143.0.0.0 Safari/537.36 Edg/143.0.0.0"
36.133.115.36 - - [14/Jan/2026:17:51:49 +0800] "POST /wp-cron.php?doing_wp_cron=1768384309.5835170745849609375000 HTTP/1.1" 200 31 "-" "WordPress/6.9; http://cqqizhou.com"
14.108.233.156 - - [14/Jan/2026:17:51:49 +0800] "POST /wp-admin/admin-ajax.php HTTP/1.1" 200 95 "http://cqqizhou.com/wp-admin/admin.php?page=revslider&view=slide&id=4" "Mozilla/5.0 (Windows NT 10.0; Win64; x64) AppleWebKit/537.36 (KHTML, like Gecko) Chrome/143.0.0.0 Safari/537.36 Edg/143.0.0.0"
14.108.233.156 - - [14/Jan/2026:17:51:50 +0800] "POST /wp-admin/admin-ajax.php HTTP/1.1" 200 121 "http://cqqizhou.com/wp-admin/admin.php?page=revslider&view=slide&id=4" "Mozilla/5.0 (Windows NT 10.0; Win64; x64) AppleWebKit/537.36 (KHTML, like Gecko) Chrome/143.0.0.0 Safari/537.36 Edg/143.0.0.0"
14.108.233.156 - - [14/Jan/2026:17:51:51 +0800] "POST /wp-admin/admin-ajax.php HTTP/1.1" 200 81 "http://cqqizhou.com/wp-admin/admin.php?page=revslider&view=slide&id=4" "Mozilla/5.0 (Windows NT 10.0; Win64; x64) AppleWebKit/537.36 (KHTML, like Gecko) Chrome/143.0.0.0 Safari/537.36 Edg/143.0.0.0"
14.108.233.156 - - [14/Jan/2026:17:51:51 +0800] "POST /wp-admin/admin-ajax.php HTTP/1.1" 200 80 "http://cqqizhou.com/wp-admin/admin.php?page=revslider&view=slide&id=4" "Mozilla/5.0 (Windows NT 10.0; Win64; x64) AppleWebKit/537.36 (KHTML, like Gecko) Chrome/143.0.0.0 Safari/537.36 Edg/143.0.0.0"
14.108.233.156 - - [14/Jan/2026:17:51:51 +0800] "POST /wp-admin/admin-ajax.php HTTP/1.1" 200 80 "http://cqqizhou.com/wp-admin/admin.php?page=revslider&view=slide&id=4" "Mozilla/5.0 (Windows NT 10.0; Win64; x64) AppleWebKit/537.36 (KHTML, like Gecko) Chrome/143.0.0.0 Safari/537.36 Edg/143.0.0.0"
14.108.233.156 - - [14/Jan/2026:17:51:51 +0800] "POST /wp-admin/admin-ajax.php HTTP/1.1" 200 80 "http://cqqizhou.com/wp-admin/admin.php?page=revslider&view=slide&id=4" "Mozilla/5.0 (Windows NT 10.0; Win64; x64) AppleWebKit/537.36 (KHTML, like Gecko) Chrome/143.0.0.0 Safari/537.36 Edg/143.0.0.0"
14.108.233.156 - - [14/Jan/2026:17:51:51 +0800] "POST /wp-admin/admin-ajax.php HTTP/1.1" 200 80 "http://cqqizhou.com/wp-admin/admin.php?page=revslider&view=slide&id=4" "Mozilla/5.0 (Windows NT 10.0; Win64; x64) AppleWebKit/537.36 (KHTML, like Gecko) Chrome/143.0.0.0 Safari/537.36 Edg/143.0.0.0"
14.108.233.156 - - [14/Jan/2026:17:51:52 +0800] "POST /wp-admin/admin-ajax.php HTTP/1.1" 200 80 "http://cqqizhou.com/wp-admin/admin.php?page=revslider&view=slide&id=4" "Mozilla/5.0 (Windows NT 10.0; Win64; x64) AppleWebKit/537.36 (KHTML, like Gecko) Chrome/143.0.0.0 Safari/537.36 Edg/143.0.0.0"
14.108.233.156 - - [14/Jan/2026:17:51:53 +0800] "GET /wp-content/uploads/2026/01/1768280270-anquan_Slider_3840%C3%972160_20260114-scaled.webp HTTP/1.1" 200 198126 "http://cqqizhou.com/wp-admin/admin.php?page=revslider&view=slide&id=4" "Mozilla/5.0 (Windows NT 10.0; Win64; x64) AppleWebKit/537.36 (KHTML, like Gecko) Chrome/143.0.0.0 Safari/537.36 Edg/143.0.0.0"
14.108.233.156 - - [14/Jan/2026:17:52:14 +0800] "POST /wp-admin/admin-ajax.php HTTP/1.1" 200 95 "http://cqqizhou.com/wp-admin/admin.php?page=revslider&view=slide&id=2" "Mozilla/5.0 (Windows NT 10.0; Win64; x64) AppleWebKit/537.36 (KHTML, like Gecko) Chrome/143.0.0.0 Safari/537.36 Edg/143.0.0.0"
14.108.233.156 - - [14/Jan/2026:17:52:15 +0800] "POST /wp-admin/admin-ajax.php HTTP/1.1" 200 121 "http://cqqizhou.com/wp-admin/admin.php?page=revslider&view=slide&id=2" "Mozilla/5.0 (Windows NT 10.0; Win64; x64) AppleWebKit/537.36 (KHTML, like Gecko) Chrome/143.0.0.0 Safari/537.36 Edg/143.0.0.0"
14.108.233.156 - - [14/Jan/2026:17:52:16 +0800] "POST /wp-admin/admin-ajax.php HTTP/1.1" 200 81 "http://cqqizhou.com/wp-admin/admin.php?page=revslider&view=slide&id=2" "Mozilla/5.0 (Windows NT 10.0; Win64; x64) AppleWebKit/537.36 (KHTML, like Gecko) Chrome/143.0.0.0 Safari/537.36 Edg/143.0.0.0"
14.108.233.156 - - [14/Jan/2026:17:52:16 +0800] "POST /wp-admin/admin-ajax.php HTTP/1.1" 200 80 "http://cqqizhou.com/wp-admin/admin.php?page=revslider&view=slide&id=2" "Mozilla/5.0 (Windows NT 10.0; Win64; x64) AppleWebKit/537.36 (KHTML, like Gecko) Chrome/143.0.0.0 Safari/537.36 Edg/143.0.0.0"
14.108.233.156 - - [14/Jan/2026:17:52:16 +0800] "POST /wp-admin/admin-ajax.php HTTP/1.1" 200 80 "http://cqqizhou.com/wp-admin/admin.php?page=revslider&view=slide&id=2" "Mozilla/5.0 (Windows NT 10.0; Win64; x64) AppleWebKit/537.36 (KHTML, like Gecko) Chrome/143.0.0.0 Safari/537.36 Edg/143.0.0.0"
14.108.233.156 - - [14/Jan/2026:17:52:16 +0800] "POST /wp-admin/admin-ajax.php HTTP/1.1" 200 80 "http://cqqizhou.com/wp-admin/admin.php?page=revslider&view=slide&id=2" "Mozilla/5.0 (Windows NT 10.0; Win64; x64) AppleWebKit/537.36 (KHTML, like Gecko) Chrome/143.0.0.0 Safari/537.36 Edg/143.0.0.0"
14.108.233.156 - - [14/Jan/2026:17:52:16 +0800] "POST /wp-admin/admin-ajax.php HTTP/1.1" 200 80 "http://cqqizhou.com/wp-admin/admin.php?page=revslider&view=slide&id=2" "Mozilla/5.0 (Windows NT 10.0; Win64; x64) AppleWebKit/537.36 (KHTML, like Gecko) Chrome/143.0.0.0 Safari/537.36 Edg/143.0.0.0"
14.108.233.156 - - [14/Jan/2026:17:52:17 +0800] "POST /wp-admin/admin-ajax.php HTTP/1.1" 200 80 "http://cqqizhou.com/wp-admin/admin.php?page=revslider&view=slide&id=2" "Mozilla/5.0 (Windows NT 10.0; Win64; x64) AppleWebKit/537.36 (KHTML, like Gecko) Chrome/143.0.0.0 Safari/537.36 Edg/143.0.0.0"
14.108.233.156 - - [14/Jan/2026:17:52:19 +0800] "GET / HTTP/1.1" 200 43358 "http://cqqizhou.com/logistics/" "Mozilla/5.0 (Windows NT 10.0; Win64; x64) AppleWebKit/537.36 (KHTML, like Gecko) Chrome/143.0.0.0 Safari/537.36 Edg/143.0.0.0"
14.108.233.156 - - [14/Jan/2026:17:52:20 +0800] "GET /wp-json/sliderrevolution/sliders/1?srengine=7&slideid=4 HTTP/1.1" 200 2576 "http://cqqizhou.com/" "Mozilla/5.0 (Windows NT 10.0; Win64; x64) AppleWebKit/537.36 (KHTML, like Gecko) Chrome/143.0.0.0 Safari/537.36 Edg/143.0.0.0"
14.108.233.156 - - [14/Jan/2026:17:52:20 +0800] "GET /wp-json/sliderrevolution/sliders/1?srengine=7&slideid=2 HTTP/1.1" 200 2001 "http://cqqizhou.com/" "Mozilla/5.0 (Windows NT 10.0; Win64; x64) AppleWebKit/537.36 (KHTML, like Gecko) Chrome/143.0.0.0 Safari/537.36 Edg/143.0.0.0"
14.108.233.156 - - [14/Jan/2026:17:52:28 +0800] "POST /wp-admin/admin-ajax.php HTTP/1.1" 200 78 "http://cqqizhou.com/wp-admin/admin.php?page=revslider&view=slide&id=2" "Mozilla/5.0 (Windows NT 10.0; Win64; x64) AppleWebKit/537.36 (KHTML, like Gecko) Chrome/143.0.0.0 Safari/537.36 Edg/143.0.0.0"
167.94.138.48 - - [14/Jan/2026:17:52:39 +0800] "GET /robots.txt HTTP/1.1" 200 190 "-" "Mozilla/5.0 (compatible; CensysInspect/1.1; +https://about.censys.io/)"
14.108.233.156 - - [14/Jan/2026:17:52:57 +0800] "GET / HTTP/1.1" 200 35138 "-" "Mozilla/5.0 (Windows NT 10.0; Win64; x64) AppleWebKit/537.36 (KHTML, like Gecko) Chrome/135.0.0.0 Safari/537.36"
14.108.233.156 - - [14/Jan/2026:17:53:01 +0800] "GET /wp-content/uploads/revslider/slider-1/1750861156-logistics_Slider_3840%C3%972160_20250625191356-scaled.webp HTTP/1.1" 200 197360 "http://cqqizhou.com/" "Mozilla/5.0 (Windows NT 10.0; Win64; x64) AppleWebKit/537.36 (KHTML, like Gecko) Chrome/135.0.0.0 Safari/537.36"
14.108.233.156 - - [14/Jan/2026:17:53:01 +0800] "GET /wp-content/uploads/2026/01/1767691466-Article_images_W900%C3%97500px202601061.webp HTTP/1.1" 200 56014 "http://cqqizhou.com/" "Mozilla/5.0 (Windows NT 10.0; Win64; x64) AppleWebKit/537.36 (KHTML, like Gecko) Chrome/135.0.0.0 Safari/537.36"
14.108.233.156 - - [14/Jan/2026:17:53:01 +0800] "GET /wp-content/uploads/2025/12/1766647832-Article_images_W900%C3%97500px20251225.webp HTTP/1.1" 200 44582 "http://cqqizhou.com/" "Mozilla/5.0 (Windows NT 10.0; Win64; x64) AppleWebKit/537.36 (KHTML, like Gecko) Chrome/135.0.0.0 Safari/537.36"
14.108.233.156 - - [14/Jan/2026:17:53:01 +0800] "GET /wp-content/uploads/2025/12/1766064629-Article_images_20251218212623.webp HTTP/1.1" 200 20366 "http://cqqizhou.com/" "Mozilla/5.0 (Windows NT 10.0; Win64; x64) AppleWebKit/537.36 (KHTML, like Gecko) Chrome/135.0.0.0 Safari/537.36"
14.108.233.156 - - [14/Jan/2026:17:53:01 +0800] "GET /wp-content/uploads/2025/12/1765891153-Article20251216211543.webp HTTP/1.1" 200 43108 "http://cqqizhou.com/" "Mozilla/5.0 (Windows NT 10.0; Win64; x64) AppleWebKit/537.36 (KHTML, like Gecko) Chrome/135.0.0.0 Safari/537.36"
14.108.233.156 - - [14/Jan/2026:17:53:01 +0800] "GET /wp-content/uploads/2025/12/1765268955-qizhou_Slider1_3840%C3%972160_20251210-scaled.webp HTTP/1.1" 200 152162 "http://cqqizhou.com/" "Mozilla/5.0 (Windows NT 10.0; Win64; x64) AppleWebKit/537.36 (KHTML, like Gecko) Chrome/135.0.0.0 Safari/537.36"
14.108.233.156 - - [14/Jan/2026:17:53:04 +0800] "GET /wp-content/uploads/2025/07/1753456723-%E5%8F%8C%E7%9B%B8%E9%92%A2roduct_Single600.webp HTTP/1.1" 200 22790 "http://cqqizhou.com/" "Mozilla/5.0 (Windows NT 10.0; Win64; x64) AppleWebKit/537.36 (KHTML, like Gecko) Chrome/135.0.0.0 Safari/537.36"
14.108.233.156 - - [14/Jan/2026:17:53:04 +0800] "GET /wp-content/uploads/2025/07/1753453096-%E5%8F%8C%E7%9B%B8%E9%92%A2product_Single600%C3%97284.webp HTTP/1.1" 200 14562 "http://cqqizhou.com/" "Mozilla/5.0 (Windows NT 10.0; Win64; x64) AppleWebKit/537.36 (KHTML, like Gecko) Chrome/135.0.0.0 Safari/537.36"
14.108.233.156 - - [14/Jan/2026:17:53:04 +0800] "GET /wp-content/uploads/2025/07/1753453127-%E4%BD%99%E5%8D%B7product_Single600%C3%97284.webp HTTP/1.1" 200 18744 "http://cqqizhou.com/" "Mozilla/5.0 (Windows NT 10.0; Win64; x64) AppleWebKit/537.36 (KHTML, like Gecko) Chrome/135.0.0.0 Safari/537.36"
14.108.233.156 - - [14/Jan/2026:17:53:04 +0800] "GET /wp-content/uploads/2025/07/1753456770-%E7%83%AD%E9%95%80%E9%94%8C%E5%8D%B7product_Single600.webp HTTP/1.1" 200 27502 "http://cqqizhou.com/" "Mozilla/5.0 (Windows NT 10.0; Win64; x64) AppleWebKit/537.36 (KHTML, like Gecko) Chrome/135.0.0.0 Safari/537.36"
14.108.233.156 - - [14/Jan/2026:17:53:04 +0800] "GET /wp-content/uploads/revslider/slider-1/1750861156-logistics_Slider_3840%C3%972160_20250625191356-scaled-50x100.webp HTTP/1.1" 200 1416 "http://cqqizhou.com/" "Mozilla/5.0 (Windows NT 10.0; Win64; x64) AppleWebKit/537.36 (KHTML, like Gecko) Chrome/135.0.0.0 Safari/537.36"
14.108.233.156 - - [14/Jan/2026:17:53:04 +0800] "GET /wp-content/uploads/2026/01/1768276119-qizhoujiagong_Slider_3840%C3%972160_20260113-scaled-50x100.webp HTTP/1.1" 200 976 "http://cqqizhou.com/" "Mozilla/5.0 (Windows NT 10.0; Win64; x64) AppleWebKit/537.36 (KHTML, like Gecko) Chrome/135.0.0.0 Safari/537.36"
14.108.233.156 - - [14/Jan/2026:17:53:05 +0800] "GET /wp-json/sliderrevolution/sliders/1?srengine=7&slideid=4 HTTP/1.1" 200 2576 "http://cqqizhou.com/" "Mozilla/5.0 (Windows NT 10.0; Win64; x64) AppleWebKit/537.36 (KHTML, like Gecko) Chrome/135.0.0.0 Safari/537.36"
14.108.233.156 - - [14/Jan/2026:17:53:05 +0800] "GET /wp-content/uploads/2026/01/1768276119-qizhoujiagong_Slider_3840%C3%972160_20260113-scaled.webp HTTP/1.1" 200 131696 "http://cqqizhou.com/" "Mozilla/5.0 (Windows NT 10.0; Win64; x64) AppleWebKit/537.36 (KHTML, like Gecko) Chrome/135.0.0.0 Safari/537.36"
36.133.115.36 - - [14/Jan/2026:17:53:05 +0800] "POST /wp-cron.php?doing_wp_cron=1768384385.5018041133880615234375 HTTP/1.1" 200 31 "-" "WordPress/6.9; http://cqqizhou.com"
14.108.233.156 - - [14/Jan/2026:17:53:05 +0800] "GET /wp-json/sliderrevolution/sliders/1?srengine=7&slideid=2 HTTP/1.1" 200 2001 "http://cqqizhou.com/" "Mozilla/5.0 (Windows NT 10.0; Win64; x64) AppleWebKit/537.36 (KHTML, like Gecko) Chrome/135.0.0.0 Safari/537.36"
14.108.233.156 - - [14/Jan/2026:17:53:05 +0800] "GET /wp-content/uploads/2025/12/1765268955-qizhou_Slider1_3840%C3%972160_20251210-scaled-50x100.webp HTTP/1.1" 200 1812 "http://cqqizhou.com/" "Mozilla/5.0 (Windows NT 10.0; Win64; x64) AppleWebKit/537.36 (KHTML, like Gecko) Chrome/135.0.0.0 Safari/537.36"
14.108.233.156 - - [14/Jan/2026:17:53:28 +0800] "POST /wp-admin/admin-ajax.php HTTP/1.1" 200 78 "http://cqqizhou.com/wp-admin/admin.php?page=revslider&view=slide&id=2" "Mozilla/5.0 (Windows NT 10.0; Win64; x64) AppleWebKit/537.36 (KHTML, like Gecko) Chrome/143.0.0.0 Safari/537.36 Edg/143.0.0.0"
36.133.115.36 - - [14/Jan/2026:17:53:48 +0800] "POST /wp-cron.php?doing_wp_cron=1768384428.0113780498504638671875 HTTP/1.1" 200 31 "-" "WordPress/6.9; http://cqqizhou.com"
14.108.233.156 - - [14/Jan/2026:17:53:48 +0800] "GET /wp-admin/admin.php?page=revslider-documentation HTTP/1.1" 302 5 "http://cqqizhou.com/wp-admin/admin.php?page=revslider&view=slide&id=2" "Mozilla/5.0 (Windows NT 10.0; Win64; x64) AppleWebKit/537.36 (KHTML, like Gecko) Chrome/143.0.0.0 Safari/537.36 Edg/143.0.0.0"
14.108.233.156 - - [14/Jan/2026:17:53:59 +0800] "GET /wp-admin/admin.php?page=revslider HTTP/1.1" 200 178741 "http://cqqizhou.com/wp-admin/admin.php?page=revslider&view=slide&id=2" "Mozilla/5.0 (Windows NT 10.0; Win64; x64) AppleWebKit/537.36 (KHTML, like Gecko) Chrome/143.0.0.0 Safari/537.36 Edg/143.0.0.0"
14.108.233.156 - - [14/Jan/2026:17:54:02 +0800] "GET /wp-admin/admin.php?page=revslider HTTP/1.1" 200 178741 "http://cqqizhou.com/wp-admin/admin.php?page=revslider&view=slide&id=2" "Mozilla/5.0 (Windows NT 10.0; Win64; x64) AppleWebKit/537.36 (KHTML, like Gecko) Chrome/143.0.0.0 Safari/537.36 Edg/143.0.0.0"
14.108.233.156 - - [14/Jan/2026:17:54:22 +0800] "GET /wp-content/plugins/revslider/admin/views/features/assets/addonsvideo.mp4 HTTP/1.1" 206 1007 "http://cqqizhou.com/wp-admin/admin.php?page=revslider" "Mozilla/5.0 (Windows NT 10.0; Win64; x64) AppleWebKit/537.36 (KHTML, like Gecko) Chrome/143.0.0.0 Safari/537.36 Edg/143.0.0.0"
14.108.233.156 - - [14/Jan/2026:17:54:22 +0800] "GET /wp-content/plugins/revslider/admin/views/features/assets/templatesvideo.mp4 HTTP/1.1" 206 47 "http://cqqizhou.com/wp-admin/admin.php?page=revslider" "Mozilla/5.0 (Windows NT 10.0; Win64; x64) AppleWebKit/537.36 (KHTML, like Gecko) Chrome/143.0.0.0 Safari/537.36 Edg/143.0.0.0"
14.108.233.156 - - [14/Jan/2026:17:54:22 +0800] "GET /wp-content/plugins/revslider/admin/views/features/assets/library_video.mp4 HTTP/1.1" 206 785 "http://cqqizhou.com/wp-admin/admin.php?page=revslider" "Mozilla/5.0 (Windows NT 10.0; Win64; x64) AppleWebKit/537.36 (KHTML, like Gecko) Chrome/143.0.0.0 Safari/537.36 Edg/143.0.0.0"
36.133.115.36 - - [14/Jan/2026:17:55:06 +0800] "POST /wp-cron.php?doing_wp_cron=1768384506.2608730792999267578125 HTTP/1.1" 200 31 "-" "WordPress/6.9; http://cqqizhou.com"
14.108.233.156 - - [14/Jan/2026:17:55:06 +0800] "POST /wp-admin/admin-ajax.php HTTP/1.1" 200 7125 "http://cqqizhou.com/wp-admin/admin.php?page=revslider" "Mozilla/5.0 (Windows NT 10.0; Win64; x64) AppleWebKit/537.36 (KHTML, like Gecko) Chrome/143.0.0.0 Safari/537.36 Edg/143.0.0.0"
14.108.233.156 - - [14/Jan/2026:17:55:07 +0800] "POST /wp-admin/admin-ajax.php HTTP/1.1" 200 629 "http://cqqizhou.com/wp-admin/admin.php?page=revslider" "Mozilla/5.0 (Windows NT 10.0; Win64; x64) AppleWebKit/537.36 (KHTML, like Gecko) Chrome/143.0.0.0 Safari/537.36 Edg/143.0.0.0"
14.108.233.156 - - [14/Jan/2026:17:55:23 +0800] "POST /wp-admin/admin-ajax.php HTTP/1.1" 200 78 "http://cqqizhou.com/wp-admin/admin.php?page=revslider" "Mozilla/5.0 (Windows NT 10.0; Win64; x64) AppleWebKit/537.36 (KHTML, like Gecko) Chrome/143.0.0.0 Safari/537.36 Edg/143.0.0.0"
14.108.233.156 - - [14/Jan/2026:17:55:45 +0800] "POST /wp-admin/admin-ajax.php HTTP/1.1" 200 483 "http://cqqizhou.com/wp-admin/admin.php?page=revslider" "Mozilla/5.0 (Windows NT 10.0; Win64; x64) AppleWebKit/537.36 (KHTML, like Gecko) Chrome/143.0.0.0 Safari/537.36 Edg/143.0.0.0"
36.133.115.36 - - [14/Jan/2026:17:56:23 +0800] "POST /wp-cron.php?doing_wp_cron=1768384583.5672399997711181640625 HTTP/1.1" 200 31 "-" "WordPress/6.9; http://cqqizhou.com"
14.108.233.156 - - [14/Jan/2026:17:56:23 +0800] "POST /wp-admin/admin-ajax.php HTTP/1.1" 200 78 "http://cqqizhou.com/wp-admin/admin.php?page=revslider" "Mozilla/5.0 (Windows NT 10.0; Win64; x64) AppleWebKit/537.36 (KHTML, like Gecko) Chrome/143.0.0.0 Safari/537.36 Edg/143.0.0.0"
14.108.233.156 - - [14/Jan/2026:17:56:24 +0800] "POST /wp-admin/admin-ajax.php HTTP/1.1" 200 78 "http://cqqizhou.com/wp-admin/admin.php?page=revslider" "Mozilla/5.0 (Windows NT 10.0; Win64; x64) AppleWebKit/537.36 (KHTML, like Gecko) Chrome/143.0.0.0 Safari/537.36 Edg/143.0.0.0"
36.133.115.36 - - [14/Jan/2026:17:57:15 +0800] "POST /wp-cron.php?doing_wp_cron=1768384635.9099559783935546875000 HTTP/1.1" 200 31 "-" "WordPress/6.9; http://cqqizhou.com"
14.108.233.156 - - [14/Jan/2026:17:57:15 +0800] "POST /wp-admin/admin-ajax.php HTTP/1.1" 200 103 "http://cqqizhou.com/wp-admin/admin.php?page=revslider" "Mozilla/5.0 (Windows NT 10.0; Win64; x64) AppleWebKit/537.36 (KHTML, like Gecko) Chrome/143.0.0.0 Safari/537.36 Edg/143.0.0.0"
14.108.233.156 - - [14/Jan/2026:17:57:23 +0800] "POST /wp-admin/admin-ajax.php HTTP/1.1" 200 78 "http://cqqizhou.com/wp-admin/admin.php?page=revslider" "Mozilla/5.0 (Windows NT 10.0; Win64; x64) AppleWebKit/537.36 (KHTML, like Gecko) Chrome/143.0.0.0 Safari/537.36 Edg/143.0.0.0"
14.108.233.156 - - [14/Jan/2026:17:57:23 +0800] "GET / HTTP/1.1" 200 43356 "http://cqqizhou.com/logistics/" "Mozilla/5.0 (Windows NT 10.0; Win64; x64) AppleWebKit/537.36 (KHTML, like Gecko) Chrome/143.0.0.0 Safari/537.36 Edg/143.0.0.0"
14.108.233.156 - - [14/Jan/2026:17:57:25 +0800] "GET /wp-json/sliderrevolution/sliders/1?srengine=7&slideid=2 HTTP/1.1" 200 2001 "http://cqqizhou.com/" "Mozilla/5.0 (Windows NT 10.0; Win64; x64) AppleWebKit/537.36 (KHTML, like Gecko) Chrome/143.0.0.0 Safari/537.36 Edg/143.0.0.0"
14.108.233.156 - - [14/Jan/2026:17:57:25 +0800] "GET /wp-json/sliderrevolution/sliders/1?srengine=7&slideid=4 HTTP/1.1" 200 2576 "http://cqqizhou.com/" "Mozilla/5.0 (Windows NT 10.0; Win64; x64) AppleWebKit/537.36 (KHTML, like Gecko) Chrome/143.0.0.0 Safari/537.36 Edg/143.0.0.0"
36.133.115.36 - - [14/Jan/2026:17:58:24 +0800] "POST /wp-cron.php?doing_wp_cron=1768384704.6479580402374267578125 HTTP/1.1" 200 31 "-" "WordPress/6.9; http://cqqizhou.com"
14.108.233.156 - - [14/Jan/2026:17:58:24 +0800] "POST /wp-admin/admin-ajax.php HTTP/1.1" 200 78 "http://cqqizhou.com/wp-admin/admin.php?page=revslider" "Mozilla/5.0 (Windows NT 10.0; Win64; x64) AppleWebKit/537.36 (KHTML, like Gecko) Chrome/143.0.0.0 Safari/537.36 Edg/143.0.0.0"
14.108.233.156 - - [14/Jan/2026:17:58:25 +0800] "POST /wp-admin/admin-ajax.php HTTP/1.1" 200 78 "http://cqqizhou.com/wp-admin/admin.php?page=revslider" "Mozilla/5.0 (Windows NT 10.0; Win64; x64) AppleWebKit/537.36 (KHTML, like Gecko) Chrome/143.0.0.0 Safari/537.36 Edg/143.0.0.0"
14.108.233.156 - - [14/Jan/2026:17:58:33 +0800] "GET /wp-admin/admin.php?page=revslider&view=slide&id=1 HTTP/1.1" 200 233995 "http://cqqizhou.com/wp-admin/admin.php?page=revslider" "Mozilla/5.0 (Windows NT 10.0; Win64; x64) AppleWebKit/537.36 (KHTML, like Gecko) Chrome/143.0.0.0 Safari/537.36 Edg/143.0.0.0"
36.133.115.36 - - [14/Jan/2026:17:58:47 +0800] "POST /wp-cron.php?doing_wp_cron=1768384727.3129909038543701171875 HTTP/1.1" 200 31 "-" "WordPress/6.9; http://cqqizhou.com"
14.108.233.156 - - [14/Jan/2026:17:58:47 +0800] "GET /wp-admin/options-general.php HTTP/1.1" 200 86039 "http://cqqizhou.com/wp-admin/admin.php?page=revslider" "Mozilla/5.0 (Windows NT 10.0; Win64; x64) AppleWebKit/537.36 (KHTML, like Gecko) Chrome/143.0.0.0 Safari/537.36 Edg/143.0.0.0"
