176.65.132.122 - - [08/Jan/2026:15:05:47 +0800] "GET /wp-admin/ HTTP/1.1" 302 5 "https://www.google.com" "Mozilla/5.0 (Windows NT 10.0; Win64; x64) AppleWebKit/537.36 (KHTML, like Gecko) Chrome/90.0.4430.85 Safari/537.36"
176.65.132.122 - - [08/Jan/2026:15:05:48 +0800] "GET /wp-login.php?redirect_to=http%3A%2F%2Fcqqizhou.com%2Fwp-admin%2F&reauth=1 HTTP/1.1" 200 2773 "https://www.google.com" "Mozilla/5.0 (Windows NT 10.0; Win64; x64) AppleWebKit/537.36 (KHTML, like Gecko) Chrome/90.0.4430.85 Safari/537.36"
176.65.132.122 - - [08/Jan/2026:15:05:50 +0800] "POST /wp-login.php HTTP/1.1" 200 2913 "http://cqqizhou.com/wp-admin/" "Mozilla/5.0 (Windows NT 10.0; Win64; x64) AppleWebKit/537.36 (KHTML, like Gecko) Chrome/90.0.4430.85 Safari/537.36"
176.65.132.122 - - [08/Jan/2026:15:05:51 +0800] "GET /wp-admin/ HTTP/1.1" 302 5 "https://www.google.com" "Mozilla/5.0 (Windows NT 10.0; Win64; x64) AppleWebKit/537.36 (KHTML, like Gecko) Chrome/90.0.4430.85 Safari/537.36"
176.65.132.122 - - [08/Jan/2026:15:05:52 +0800] "GET /wp-login.php?redirect_to=http%3A%2F%2Fcqqizhou.com%2Fwp-admin%2F&reauth=1 HTTP/1.1" 200 2773 "https://www.google.com" "Mozilla/5.0 (Windows NT 10.0; Win64; x64) AppleWebKit/537.36 (KHTML, like Gecko) Chrome/90.0.4430.85 Safari/537.36"
176.65.132.122 - - [08/Jan/2026:15:05:54 +0800] "POST /wp-login.php HTTP/1.1" 200 2913 "http://cqqizhou.com/wp-admin/" "Mozilla/5.0 (Windows NT 10.0; Win64; x64) AppleWebKit/537.36 (KHTML, like Gecko) Chrome/90.0.4430.85 Safari/537.36"
176.65.132.122 - - [08/Jan/2026:15:05:56 +0800] "GET /wp-admin/ HTTP/1.1" 302 5 "https://www.google.com" "Mozilla/5.0 (Windows NT 10.0; Win64; x64) AppleWebKit/537.36 (KHTML, like Gecko) Chrome/90.0.4430.85 Safari/537.36"
176.65.132.122 - - [08/Jan/2026:15:05:57 +0800] "GET /wp-login.php?redirect_to=http%3A%2F%2Fcqqizhou.com%2Fwp-admin%2F&reauth=1 HTTP/1.1" 200 2773 "https://www.google.com" "Mozilla/5.0 (Windows NT 10.0; Win64; x64) AppleWebKit/537.36 (KHTML, like Gecko) Chrome/90.0.4430.85 Safari/537.36"
176.65.132.122 - - [08/Jan/2026:15:06:00 +0800] "POST /wp-login.php HTTP/1.1" 200 2913 "http://cqqizhou.com/wp-admin/" "Mozilla/5.0 (Windows NT 10.0; Win64; x64) AppleWebKit/537.36 (KHTML, like Gecko) Chrome/90.0.4430.85 Safari/537.36"
176.65.132.122 - - [08/Jan/2026:15:06:01 +0800] "GET /wp-admin/ HTTP/1.1" 302 5 "https://www.google.com" "Mozilla/5.0 (Windows NT 10.0; Win64; x64) AppleWebKit/537.36 (KHTML, like Gecko) Chrome/90.0.4430.85 Safari/537.36"
176.65.132.122 - - [08/Jan/2026:15:06:02 +0800] "GET /wp-login.php?redirect_to=http%3A%2F%2Fcqqizhou.com%2Fwp-admin%2F&reauth=1 HTTP/1.1" 200 2773 "https://www.google.com" "Mozilla/5.0 (Windows NT 10.0; Win64; x64) AppleWebKit/537.36 (KHTML, like Gecko) Chrome/90.0.4430.85 Safari/537.36"
176.65.132.122 - - [08/Jan/2026:15:06:05 +0800] "POST /wp-login.php HTTP/1.1" 200 2913 "http://cqqizhou.com/wp-admin/" "Mozilla/5.0 (Windows NT 10.0; Win64; x64) AppleWebKit/537.36 (KHTML, like Gecko) Chrome/90.0.4430.85 Safari/537.36"
176.65.132.122 - - [08/Jan/2026:15:06:06 +0800] "GET /wp-admin/ HTTP/1.1" 302 5 "https://www.google.com" "Mozilla/5.0 (Windows NT 10.0; Win64; x64) AppleWebKit/537.36 (KHTML, like Gecko) Chrome/90.0.4430.85 Safari/537.36"
176.65.132.122 - - [08/Jan/2026:15:06:07 +0800] "GET /wp-login.php?redirect_to=http%3A%2F%2Fcqqizhou.com%2Fwp-admin%2F&reauth=1 HTTP/1.1" 200 2773 "https://www.google.com" "Mozilla/5.0 (Windows NT 10.0; Win64; x64) AppleWebKit/537.36 (KHTML, like Gecko) Chrome/90.0.4430.85 Safari/537.36"
176.65.132.122 - - [08/Jan/2026:15:06:08 +0800] "POST /wp-login.php HTTP/1.1" 200 2913 "http://cqqizhou.com/wp-admin/" "Mozilla/5.0 (Windows NT 10.0; Win64; x64) AppleWebKit/537.36 (KHTML, like Gecko) Chrome/90.0.4430.85 Safari/537.36"
176.65.132.122 - - [08/Jan/2026:15:06:09 +0800] "GET /wp-admin/ HTTP/1.1" 302 5 "https://www.google.com" "Mozilla/5.0 (Windows NT 10.0; Win64; x64) AppleWebKit/537.36 (KHTML, like Gecko) Chrome/90.0.4430.85 Safari/537.36"
176.65.132.122 - - [08/Jan/2026:15:06:10 +0800] "GET /wp-login.php?redirect_to=http%3A%2F%2Fcqqizhou.com%2Fwp-admin%2F&reauth=1 HTTP/1.1" 200 2773 "https://www.google.com" "Mozilla/5.0 (Windows NT 10.0; Win64; x64) AppleWebKit/537.36 (KHTML, like Gecko) Chrome/90.0.4430.85 Safari/537.36"
176.65.132.122 - - [08/Jan/2026:15:06:13 +0800] "POST /wp-login.php HTTP/1.1" 200 2913 "http://cqqizhou.com/wp-admin/" "Mozilla/5.0 (Windows NT 10.0; Win64; x64) AppleWebKit/537.36 (KHTML, like Gecko) Chrome/90.0.4430.85 Safari/537.36"
176.65.132.122 - - [08/Jan/2026:15:06:13 +0800] "GET /wp-admin/ HTTP/1.1" 302 5 "https://www.google.com" "Mozilla/5.0 (Windows NT 10.0; Win64; x64) AppleWebKit/537.36 (KHTML, like Gecko) Chrome/90.0.4430.85 Safari/537.36"
176.65.132.122 - - [08/Jan/2026:15:06:14 +0800] "GET /wp-login.php?redirect_to=http%3A%2F%2Fcqqizhou.com%2Fwp-admin%2F&reauth=1 HTTP/1.1" 200 2773 "https://www.google.com" "Mozilla/5.0 (Windows NT 10.0; Win64; x64) AppleWebKit/537.36 (KHTML, like Gecko) Chrome/90.0.4430.85 Safari/537.36"
176.65.132.122 - - [08/Jan/2026:15:06:17 +0800] "POST /wp-login.php HTTP/1.1" 200 2913 "http://cqqizhou.com/wp-admin/" "Mozilla/5.0 (Windows NT 10.0; Win64; x64) AppleWebKit/537.36 (KHTML, like Gecko) Chrome/90.0.4430.85 Safari/537.36"
176.65.132.122 - - [08/Jan/2026:15:06:19 +0800] "GET /wp-admin/ HTTP/1.1" 302 5 "https://www.google.com" "Mozilla/5.0 (Windows NT 10.0; Win64; x64) AppleWebKit/537.36 (KHTML, like Gecko) Chrome/90.0.4430.85 Safari/537.36"
176.65.132.122 - - [08/Jan/2026:15:06:20 +0800] "GET /wp-login.php?redirect_to=http%3A%2F%2Fcqqizhou.com%2Fwp-admin%2F&reauth=1 HTTP/1.1" 200 2773 "https://www.google.com" "Mozilla/5.0 (Windows NT 10.0; Win64; x64) AppleWebKit/537.36 (KHTML, like Gecko) Chrome/90.0.4430.85 Safari/537.36"
176.65.132.122 - - [08/Jan/2026:15:06:23 +0800] "POST /wp-login.php HTTP/1.1" 200 2913 "http://cqqizhou.com/wp-admin/" "Mozilla/5.0 (Windows NT 10.0; Win64; x64) AppleWebKit/537.36 (KHTML, like Gecko) Chrome/90.0.4430.85 Safari/537.36"
176.65.132.122 - - [08/Jan/2026:15:06:24 +0800] "GET /wp-admin/ HTTP/1.1" 302 5 "https://www.google.com" "Mozilla/5.0 (Windows NT 10.0; Win64; x64) AppleWebKit/537.36 (KHTML, like Gecko) Chrome/90.0.4430.85 Safari/537.36"
176.65.132.122 - - [08/Jan/2026:15:06:25 +0800] "GET /wp-login.php?redirect_to=http%3A%2F%2Fcqqizhou.com%2Fwp-admin%2F&reauth=1 HTTP/1.1" 200 2773 "https://www.google.com" "Mozilla/5.0 (Windows NT 10.0; Win64; x64) AppleWebKit/537.36 (KHTML, like Gecko) Chrome/90.0.4430.85 Safari/537.36"
176.65.132.122 - - [08/Jan/2026:15:06:28 +0800] "POST /wp-login.php HTTP/1.1" 200 2913 "http://cqqizhou.com/wp-admin/" "Mozilla/5.0 (Windows NT 10.0; Win64; x64) AppleWebKit/537.36 (KHTML, like Gecko) Chrome/90.0.4430.85 Safari/537.36"
176.65.132.122 - - [08/Jan/2026:15:06:28 +0800] "GET /wp-admin/ HTTP/1.1" 302 5 "https://www.google.com" "Mozilla/5.0 (Windows NT 10.0; Win64; x64) AppleWebKit/537.36 (KHTML, like Gecko) Chrome/90.0.4430.85 Safari/537.36"
176.65.132.122 - - [08/Jan/2026:15:06:29 +0800] "GET /wp-login.php?redirect_to=http%3A%2F%2Fcqqizhou.com%2Fwp-admin%2F&reauth=1 HTTP/1.1" 200 2773 "https://www.google.com" "Mozilla/5.0 (Windows NT 10.0; Win64; x64) AppleWebKit/537.36 (KHTML, like Gecko) Chrome/90.0.4430.85 Safari/537.36"
176.65.132.122 - - [08/Jan/2026:15:06:31 +0800] "POST /wp-login.php HTTP/1.1" 200 2913 "http://cqqizhou.com/wp-admin/" "Mozilla/5.0 (Windows NT 10.0; Win64; x64) AppleWebKit/537.36 (KHTML, like Gecko) Chrome/90.0.4430.85 Safari/537.36"
176.65.132.122 - - [08/Jan/2026:15:06:32 +0800] "GET /wp-admin/ HTTP/1.1" 302 5 "https://www.google.com" "Mozilla/5.0 (Windows NT 10.0; Win64; x64) AppleWebKit/537.36 (KHTML, like Gecko) Chrome/90.0.4430.85 Safari/537.36"
176.65.132.122 - - [08/Jan/2026:15:06:33 +0800] "GET /wp-login.php?redirect_to=http%3A%2F%2Fcqqizhou.com%2Fwp-admin%2F&reauth=1 HTTP/1.1" 200 2773 "https://www.google.com" "Mozilla/5.0 (Windows NT 10.0; Win64; x64) AppleWebKit/537.36 (KHTML, like Gecko) Chrome/90.0.4430.85 Safari/537.36"
176.65.132.122 - - [08/Jan/2026:15:06:38 +0800] "POST /wp-login.php HTTP/1.1" 200 2913 "http://cqqizhou.com/wp-admin/" "Mozilla/5.0 (Windows NT 10.0; Win64; x64) AppleWebKit/537.36 (KHTML, like Gecko) Chrome/90.0.4430.85 Safari/537.36"
111.7.96.150 - - [08/Jan/2026:15:06:39 +0800] "GET / HTTP/1.1" 200 41369 "-" "curl/7.64.1"
176.65.132.122 - - [08/Jan/2026:15:06:39 +0800] "GET /wp-admin/ HTTP/1.1" 302 5 "https://www.google.com" "Mozilla/5.0 (Windows NT 10.0; Win64; x64) AppleWebKit/537.36 (KHTML, like Gecko) Chrome/90.0.4430.85 Safari/537.36"
176.65.132.122 - - [08/Jan/2026:15:06:40 +0800] "GET /wp-login.php?redirect_to=http%3A%2F%2Fcqqizhou.com%2Fwp-admin%2F&reauth=1 HTTP/1.1" 200 2773 "https://www.google.com" "Mozilla/5.0 (Windows NT 10.0; Win64; x64) AppleWebKit/537.36 (KHTML, like Gecko) Chrome/90.0.4430.85 Safari/537.36"
176.65.132.122 - - [08/Jan/2026:15:06:42 +0800] "POST /wp-login.php HTTP/1.1" 200 2913 "http://cqqizhou.com/wp-admin/" "Mozilla/5.0 (Windows NT 10.0; Win64; x64) AppleWebKit/537.36 (KHTML, like Gecko) Chrome/90.0.4430.85 Safari/537.36"
176.65.132.122 - - [08/Jan/2026:15:06:43 +0800] "GET /wp-admin/ HTTP/1.1" 302 5 "https://www.google.com" "Mozilla/5.0 (Windows NT 10.0; Win64; x64) AppleWebKit/537.36 (KHTML, like Gecko) Chrome/90.0.4430.85 Safari/537.36"
176.65.132.122 - - [08/Jan/2026:15:06:44 +0800] "GET /wp-login.php?redirect_to=http%3A%2F%2Fcqqizhou.com%2Fwp-admin%2F&reauth=1 HTTP/1.1" 200 2773 "https://www.google.com" "Mozilla/5.0 (Windows NT 10.0; Win64; x64) AppleWebKit/537.36 (KHTML, like Gecko) Chrome/90.0.4430.85 Safari/537.36"
36.133.115.36 - - [08/Jan/2026:15:06:46 +0800] "POST /wp-cron.php?doing_wp_cron=1767856006.1641139984130859375000 HTTP/1.1" 200 31 "-" "WordPress/6.8.3; http://cqqizhou.com"
176.65.132.122 - - [08/Jan/2026:15:06:46 +0800] "POST /wp-login.php HTTP/1.1" 200 2913 "http://cqqizhou.com/wp-admin/" "Mozilla/5.0 (Windows NT 10.0; Win64; x64) AppleWebKit/537.36 (KHTML, like Gecko) Chrome/90.0.4430.85 Safari/537.36"
176.65.132.122 - - [08/Jan/2026:15:06:47 +0800] "GET /wp-admin/ HTTP/1.1" 302 5 "https://www.google.com" "Mozilla/5.0 (Windows NT 10.0; Win64; x64) AppleWebKit/537.36 (KHTML, like Gecko) Chrome/90.0.4430.85 Safari/537.36"
176.65.132.122 - - [08/Jan/2026:15:06:48 +0800] "GET /wp-login.php?redirect_to=http%3A%2F%2Fcqqizhou.com%2Fwp-admin%2F&reauth=1 HTTP/1.1" 200 2773 "https://www.google.com" "Mozilla/5.0 (Windows NT 10.0; Win64; x64) AppleWebKit/537.36 (KHTML, like Gecko) Chrome/90.0.4430.85 Safari/537.36"
176.65.132.122 - - [08/Jan/2026:15:06:49 +0800] "POST /wp-login.php HTTP/1.1" 200 2913 "http://cqqizhou.com/wp-admin/" "Mozilla/5.0 (Windows NT 10.0; Win64; x64) AppleWebKit/537.36 (KHTML, like Gecko) Chrome/90.0.4430.85 Safari/537.36"
176.65.132.122 - - [08/Jan/2026:15:06:50 +0800] "GET /wp-admin/ HTTP/1.1" 302 5 "https://www.google.com" "Mozilla/5.0 (Windows NT 10.0; Win64; x64) AppleWebKit/537.36 (KHTML, like Gecko) Chrome/90.0.4430.85 Safari/537.36"
176.65.132.122 - - [08/Jan/2026:15:06:51 +0800] "GET /wp-login.php?redirect_to=http%3A%2F%2Fcqqizhou.com%2Fwp-admin%2F&reauth=1 HTTP/1.1" 200 2773 "https://www.google.com" "Mozilla/5.0 (Windows NT 10.0; Win64; x64) AppleWebKit/537.36 (KHTML, like Gecko) Chrome/90.0.4430.85 Safari/537.36"
176.65.132.122 - - [08/Jan/2026:15:06:57 +0800] "POST /wp-login.php HTTP/1.1" 200 2913 "http://cqqizhou.com/wp-admin/" "Mozilla/5.0 (Windows NT 10.0; Win64; x64) AppleWebKit/537.36 (KHTML, like Gecko) Chrome/90.0.4430.85 Safari/537.36"
176.65.132.122 - - [08/Jan/2026:15:06:58 +0800] "GET /wp-admin/ HTTP/1.1" 302 5 "https://www.google.com" "Mozilla/5.0 (Windows NT 10.0; Win64; x64) AppleWebKit/537.36 (KHTML, like Gecko) Chrome/90.0.4430.85 Safari/537.36"
176.65.132.122 - - [08/Jan/2026:15:07:00 +0800] "GET /wp-login.php?redirect_to=http%3A%2F%2Fcqqizhou.com%2Fwp-admin%2F&reauth=1 HTTP/1.1" 200 2773 "https://www.google.com" "Mozilla/5.0 (Windows NT 10.0; Win64; x64) AppleWebKit/537.36 (KHTML, like Gecko) Chrome/90.0.4430.85 Safari/537.36"
176.65.132.122 - - [08/Jan/2026:15:07:01 +0800] "POST /wp-login.php HTTP/1.1" 200 2913 "http://cqqizhou.com/wp-admin/" "Mozilla/5.0 (Windows NT 10.0; Win64; x64) AppleWebKit/537.36 (KHTML, like Gecko) Chrome/90.0.4430.85 Safari/537.36"
176.65.132.122 - - [08/Jan/2026:15:07:02 +0800] "GET /wp-admin/ HTTP/1.1" 302 5 "https://www.google.com" "Mozilla/5.0 (Windows NT 10.0; Win64; x64) AppleWebKit/537.36 (KHTML, like Gecko) Chrome/90.0.4430.85 Safari/537.36"
176.65.132.122 - - [08/Jan/2026:15:07:03 +0800] "GET /wp-login.php?redirect_to=http%3A%2F%2Fcqqizhou.com%2Fwp-admin%2F&reauth=1 HTTP/1.1" 200 2773 "https://www.google.com" "Mozilla/5.0 (Windows NT 10.0; Win64; x64) AppleWebKit/537.36 (KHTML, like Gecko) Chrome/90.0.4430.85 Safari/537.36"
176.65.132.122 - - [08/Jan/2026:15:07:08 +0800] "POST /wp-login.php HTTP/1.1" 200 2913 "http://cqqizhou.com/wp-admin/" "Mozilla/5.0 (Windows NT 10.0; Win64; x64) AppleWebKit/537.36 (KHTML, like Gecko) Chrome/90.0.4430.85 Safari/537.36"
176.65.132.122 - - [08/Jan/2026:15:07:09 +0800] "GET /wp-admin/ HTTP/1.1" 302 5 "https://www.google.com" "Mozilla/5.0 (Windows NT 10.0; Win64; x64) AppleWebKit/537.36 (KHTML, like Gecko) Chrome/90.0.4430.85 Safari/537.36"
176.65.132.122 - - [08/Jan/2026:15:07:10 +0800] "GET /wp-login.php?redirect_to=http%3A%2F%2Fcqqizhou.com%2Fwp-admin%2F&reauth=1 HTTP/1.1" 200 2773 "https://www.google.com" "Mozilla/5.0 (Windows NT 10.0; Win64; x64) AppleWebKit/537.36 (KHTML, like Gecko) Chrome/90.0.4430.85 Safari/537.36"
176.65.132.122 - - [08/Jan/2026:15:07:11 +0800] "POST /wp-login.php HTTP/1.1" 200 2913 "http://cqqizhou.com/wp-admin/" "Mozilla/5.0 (Windows NT 10.0; Win64; x64) AppleWebKit/537.36 (KHTML, like Gecko) Chrome/90.0.4430.85 Safari/537.36"
176.65.132.122 - - [08/Jan/2026:15:07:12 +0800] "GET /wp-admin/ HTTP/1.1" 302 5 "https://www.google.com" "Mozilla/5.0 (Windows NT 10.0; Win64; x64) AppleWebKit/537.36 (KHTML, like Gecko) Chrome/90.0.4430.85 Safari/537.36"
176.65.132.122 - - [08/Jan/2026:15:07:13 +0800] "GET /wp-login.php?redirect_to=http%3A%2F%2Fcqqizhou.com%2Fwp-admin%2F&reauth=1 HTTP/1.1" 200 2773 "https://www.google.com" "Mozilla/5.0 (Windows NT 10.0; Win64; x64) AppleWebKit/537.36 (KHTML, like Gecko) Chrome/90.0.4430.85 Safari/537.36"
176.65.132.122 - - [08/Jan/2026:15:07:15 +0800] "POST /wp-login.php HTTP/1.1" 200 2913 "http://cqqizhou.com/wp-admin/" "Mozilla/5.0 (Windows NT 10.0; Win64; x64) AppleWebKit/537.36 (KHTML, like Gecko) Chrome/90.0.4430.85 Safari/537.36"
176.65.132.122 - - [08/Jan/2026:15:07:16 +0800] "GET /wp-admin/ HTTP/1.1" 302 5 "https://www.google.com" "Mozilla/5.0 (Windows NT 10.0; Win64; x64) AppleWebKit/537.36 (KHTML, like Gecko) Chrome/90.0.4430.85 Safari/537.36"
176.65.132.122 - - [08/Jan/2026:15:07:17 +0800] "GET /wp-login.php?redirect_to=http%3A%2F%2Fcqqizhou.com%2Fwp-admin%2F&reauth=1 HTTP/1.1" 200 2773 "https://www.google.com" "Mozilla/5.0 (Windows NT 10.0; Win64; x64) AppleWebKit/537.36 (KHTML, like Gecko) Chrome/90.0.4430.85 Safari/537.36"
176.65.132.122 - - [08/Jan/2026:15:07:19 +0800] "POST /wp-login.php HTTP/1.1" 200 2913 "http://cqqizhou.com/wp-admin/" "Mozilla/5.0 (Windows NT 10.0; Win64; x64) AppleWebKit/537.36 (KHTML, like Gecko) Chrome/90.0.4430.85 Safari/537.36"
176.65.132.122 - - [08/Jan/2026:15:07:19 +0800] "GET /wp-admin/ HTTP/1.1" 302 5 "https://www.google.com" "Mozilla/5.0 (Windows NT 10.0; Win64; x64) AppleWebKit/537.36 (KHTML, like Gecko) Chrome/90.0.4430.85 Safari/537.36"
176.65.132.122 - - [08/Jan/2026:15:07:20 +0800] "GET /wp-login.php?redirect_to=http%3A%2F%2Fcqqizhou.com%2Fwp-admin%2F&reauth=1 HTTP/1.1" 200 2773 "https://www.google.com" "Mozilla/5.0 (Windows NT 10.0; Win64; x64) AppleWebKit/537.36 (KHTML, like Gecko) Chrome/90.0.4430.85 Safari/537.36"
176.65.132.122 - - [08/Jan/2026:15:07:23 +0800] "POST /wp-login.php HTTP/1.1" 200 2913 "http://cqqizhou.com/wp-admin/" "Mozilla/5.0 (Windows NT 10.0; Win64; x64) AppleWebKit/537.36 (KHTML, like Gecko) Chrome/90.0.4430.85 Safari/537.36"
176.65.132.122 - - [08/Jan/2026:15:07:24 +0800] "GET /wp-admin/ HTTP/1.1" 302 5 "https://www.google.com" "Mozilla/5.0 (Windows NT 10.0; Win64; x64) AppleWebKit/537.36 (KHTML, like Gecko) Chrome/90.0.4430.85 Safari/537.36"
176.65.132.122 - - [08/Jan/2026:15:07:25 +0800] "GET /wp-login.php?redirect_to=http%3A%2F%2Fcqqizhou.com%2Fwp-admin%2F&reauth=1 HTTP/1.1" 200 2773 "https://www.google.com" "Mozilla/5.0 (Windows NT 10.0; Win64; x64) AppleWebKit/537.36 (KHTML, like Gecko) Chrome/90.0.4430.85 Safari/537.36"
176.65.132.122 - - [08/Jan/2026:15:07:27 +0800] "POST /wp-login.php HTTP/1.1" 200 2913 "http://cqqizhou.com/wp-admin/" "Mozilla/5.0 (Windows NT 10.0; Win64; x64) AppleWebKit/537.36 (KHTML, like Gecko) Chrome/90.0.4430.85 Safari/537.36"
176.65.132.122 - - [08/Jan/2026:15:07:28 +0800] "GET /wp-admin/ HTTP/1.1" 302 5 "https://www.google.com" "Mozilla/5.0 (Windows NT 10.0; Win64; x64) AppleWebKit/537.36 (KHTML, like Gecko) Chrome/90.0.4430.85 Safari/537.36"
176.65.132.122 - - [08/Jan/2026:15:07:29 +0800] "GET /wp-login.php?redirect_to=http%3A%2F%2Fcqqizhou.com%2Fwp-admin%2F&reauth=1 HTTP/1.1" 200 2773 "https://www.google.com" "Mozilla/5.0 (Windows NT 10.0; Win64; x64) AppleWebKit/537.36 (KHTML, like Gecko) Chrome/90.0.4430.85 Safari/537.36"
176.65.132.122 - - [08/Jan/2026:15:07:32 +0800] "POST /wp-login.php HTTP/1.1" 200 2913 "http://cqqizhou.com/wp-admin/" "Mozilla/5.0 (Windows NT 10.0; Win64; x64) AppleWebKit/537.36 (KHTML, like Gecko) Chrome/90.0.4430.85 Safari/537.36"
176.65.132.122 - - [08/Jan/2026:15:07:33 +0800] "GET /wp-admin/ HTTP/1.1" 302 5 "https://www.google.com" "Mozilla/5.0 (Windows NT 10.0; Win64; x64) AppleWebKit/537.36 (KHTML, like Gecko) Chrome/90.0.4430.85 Safari/537.36"
176.65.132.122 - - [08/Jan/2026:15:07:34 +0800] "GET /wp-login.php?redirect_to=http%3A%2F%2Fcqqizhou.com%2Fwp-admin%2F&reauth=1 HTTP/1.1" 200 2773 "https://www.google.com" "Mozilla/5.0 (Windows NT 10.0; Win64; x64) AppleWebKit/537.36 (KHTML, like Gecko) Chrome/90.0.4430.85 Safari/537.36"
176.65.132.122 - - [08/Jan/2026:15:07:35 +0800] "POST /wp-login.php HTTP/1.1" 200 2913 "http://cqqizhou.com/wp-admin/" "Mozilla/5.0 (Windows NT 10.0; Win64; x64) AppleWebKit/537.36 (KHTML, like Gecko) Chrome/90.0.4430.85 Safari/537.36"
176.65.132.122 - - [08/Jan/2026:15:07:37 +0800] "GET /wp-admin/ HTTP/1.1" 302 5 "https://www.google.com" "Mozilla/5.0 (Windows NT 10.0; Win64; x64) AppleWebKit/537.36 (KHTML, like Gecko) Chrome/90.0.4430.85 Safari/537.36"
176.65.132.122 - - [08/Jan/2026:15:07:38 +0800] "GET /wp-login.php?redirect_to=http%3A%2F%2Fcqqizhou.com%2Fwp-admin%2F&reauth=1 HTTP/1.1" 200 2773 "https://www.google.com" "Mozilla/5.0 (Windows NT 10.0; Win64; x64) AppleWebKit/537.36 (KHTML, like Gecko) Chrome/90.0.4430.85 Safari/537.36"
113.141.81.99 - - [08/Jan/2026:15:07:39 +0800] "GET / HTTP/1.1" 301 5 "-" "Mozilla/5.0 (Macintosh; Intel Mac OS X 10_15_7) AppleWebKit/537.36 (KHTML, like Gecko) Chrome/96.0.4664.110 Safari/537.36"
113.141.81.99 - - [08/Jan/2026:15:07:39 +0800] "GET / HTTP/1.1" 200 34700 "http://36.133.115.36" "Mozilla/5.0 (Macintosh; Intel Mac OS X 10_15_7) AppleWebKit/537.36 (KHTML, like Gecko) Chrome/96.0.4664.110 Safari/537.36"
176.65.132.122 - - [08/Jan/2026:15:07:40 +0800] "POST /wp-login.php HTTP/1.1" 200 2913 "http://cqqizhou.com/wp-admin/" "Mozilla/5.0 (Windows NT 10.0; Win64; x64) AppleWebKit/537.36 (KHTML, like Gecko) Chrome/90.0.4430.85 Safari/537.36"
176.65.132.122 - - [08/Jan/2026:15:07:41 +0800] "GET /wp-admin/ HTTP/1.1" 302 5 "https://www.google.com" "Mozilla/5.0 (Windows NT 10.0; Win64; x64) AppleWebKit/537.36 (KHTML, like Gecko) Chrome/90.0.4430.85 Safari/537.36"
176.65.132.122 - - [08/Jan/2026:15:07:42 +0800] "GET /wp-login.php?redirect_to=http%3A%2F%2Fcqqizhou.com%2Fwp-admin%2F&reauth=1 HTTP/1.1" 200 2773 "https://www.google.com" "Mozilla/5.0 (Windows NT 10.0; Win64; x64) AppleWebKit/537.36 (KHTML, like Gecko) Chrome/90.0.4430.85 Safari/537.36"
176.65.132.122 - - [08/Jan/2026:15:07:43 +0800] "POST /wp-login.php HTTP/1.1" 200 2913 "http://cqqizhou.com/wp-admin/" "Mozilla/5.0 (Windows NT 10.0; Win64; x64) AppleWebKit/537.36 (KHTML, like Gecko) Chrome/90.0.4430.85 Safari/537.36"
176.65.132.122 - - [08/Jan/2026:15:07:44 +0800] "GET /wp-admin/ HTTP/1.1" 302 5 "https://www.google.com" "Mozilla/5.0 (Windows NT 10.0; Win64; x64) AppleWebKit/537.36 (KHTML, like Gecko) Chrome/90.0.4430.85 Safari/537.36"
36.133.115.36 - - [08/Jan/2026:15:07:46 +0800] "POST /wp-cron.php?doing_wp_cron=1767856066.4121050834655761718750 HTTP/1.1" 200 31 "-" "WordPress/6.8.3; http://cqqizhou.com"
176.65.132.122 - - [08/Jan/2026:15:07:46 +0800] "GET /wp-login.php?redirect_to=http%3A%2F%2Fcqqizhou.com%2Fwp-admin%2F&reauth=1 HTTP/1.1" 200 2773 "https://www.google.com" "Mozilla/5.0 (Windows NT 10.0; Win64; x64) AppleWebKit/537.36 (KHTML, like Gecko) Chrome/90.0.4430.85 Safari/537.36"
176.65.132.122 - - [08/Jan/2026:15:07:48 +0800] "POST /wp-login.php HTTP/1.1" 200 2913 "http://cqqizhou.com/wp-admin/" "Mozilla/5.0 (Windows NT 10.0; Win64; x64) AppleWebKit/537.36 (KHTML, like Gecko) Chrome/90.0.4430.85 Safari/537.36"
176.65.132.122 - - [08/Jan/2026:15:07:49 +0800] "GET /wp-admin/ HTTP/1.1" 302 5 "https://www.google.com" "Mozilla/5.0 (Windows NT 10.0; Win64; x64) AppleWebKit/537.36 (KHTML, like Gecko) Chrome/90.0.4430.85 Safari/537.36"
176.65.132.122 - - [08/Jan/2026:15:07:50 +0800] "GET /wp-login.php?redirect_to=http%3A%2F%2Fcqqizhou.com%2Fwp-admin%2F&reauth=1 HTTP/1.1" 200 2773 "https://www.google.com" "Mozilla/5.0 (Windows NT 10.0; Win64; x64) AppleWebKit/537.36 (KHTML, like Gecko) Chrome/90.0.4430.85 Safari/537.36"
176.65.132.122 - - [08/Jan/2026:15:07:52 +0800] "POST /wp-login.php HTTP/1.1" 200 2913 "http://cqqizhou.com/wp-admin/" "Mozilla/5.0 (Windows NT 10.0; Win64; x64) AppleWebKit/537.36 (KHTML, like Gecko) Chrome/90.0.4430.85 Safari/537.36"
176.65.132.122 - - [08/Jan/2026:15:07:53 +0800] "GET /wp-admin/ HTTP/1.1" 302 5 "https://www.google.com" "Mozilla/5.0 (Windows NT 10.0; Win64; x64) AppleWebKit/537.36 (KHTML, like Gecko) Chrome/90.0.4430.85 Safari/537.36"
176.65.132.122 - - [08/Jan/2026:15:07:54 +0800] "GET /wp-login.php?redirect_to=http%3A%2F%2Fcqqizhou.com%2Fwp-admin%2F&reauth=1 HTTP/1.1" 200 2773 "https://www.google.com" "Mozilla/5.0 (Windows NT 10.0; Win64; x64) AppleWebKit/537.36 (KHTML, like Gecko) Chrome/90.0.4430.85 Safari/537.36"
36.41.70.33 - - [08/Jan/2026:15:07:55 +0800] "GET / HTTP/1.1" 200 34700 "-" "Mozilla/5.0 (Macintosh; Intel Mac OS X 10_15_7) AppleWebKit/537.36 (KHTML, like Gecko) Chrome/96.0.4664.110 Safari/537.36"
176.65.132.122 - - [08/Jan/2026:15:07:56 +0800] "POST /wp-login.php HTTP/1.1" 200 2913 "http://cqqizhou.com/wp-admin/" "Mozilla/5.0 (Windows NT 10.0; Win64; x64) AppleWebKit/537.36 (KHTML, like Gecko) Chrome/90.0.4430.85 Safari/537.36"
176.65.132.122 - - [08/Jan/2026:15:07:58 +0800] "GET /wp-admin/ HTTP/1.1" 302 5 "https://www.google.com" "Mozilla/5.0 (Windows NT 10.0; Win64; x64) AppleWebKit/537.36 (KHTML, like Gecko) Chrome/90.0.4430.85 Safari/537.36"
176.65.132.122 - - [08/Jan/2026:15:07:59 +0800] "GET /wp-login.php?redirect_to=http%3A%2F%2Fcqqizhou.com%2Fwp-admin%2F&reauth=1 HTTP/1.1" 200 2773 "https://www.google.com" "Mozilla/5.0 (Windows NT 10.0; Win64; x64) AppleWebKit/537.36 (KHTML, like Gecko) Chrome/90.0.4430.85 Safari/537.36"
176.65.132.122 - - [08/Jan/2026:15:08:00 +0800] "POST /wp-login.php HTTP/1.1" 200 2913 "http://cqqizhou.com/wp-admin/" "Mozilla/5.0 (Windows NT 10.0; Win64; x64) AppleWebKit/537.36 (KHTML, like Gecko) Chrome/90.0.4430.85 Safari/537.36"
176.65.132.122 - - [08/Jan/2026:15:08:01 +0800] "GET /wp-admin/ HTTP/1.1" 302 5 "https://www.google.com" "Mozilla/5.0 (Windows NT 10.0; Win64; x64) AppleWebKit/537.36 (KHTML, like Gecko) Chrome/90.0.4430.85 Safari/537.36"
176.65.132.122 - - [08/Jan/2026:15:08:02 +0800] "GET /wp-login.php?redirect_to=http%3A%2F%2Fcqqizhou.com%2Fwp-admin%2F&reauth=1 HTTP/1.1" 200 2773 "https://www.google.com" "Mozilla/5.0 (Windows NT 10.0; Win64; x64) AppleWebKit/537.36 (KHTML, like Gecko) Chrome/90.0.4430.85 Safari/537.36"
176.65.132.122 - - [08/Jan/2026:15:08:04 +0800] "POST /wp-login.php HTTP/1.1" 200 2913 "http://cqqizhou.com/wp-admin/" "Mozilla/5.0 (Windows NT 10.0; Win64; x64) AppleWebKit/537.36 (KHTML, like Gecko) Chrome/90.0.4430.85 Safari/537.36"
176.65.132.122 - - [08/Jan/2026:15:08:05 +0800] "GET /wp-admin/ HTTP/1.1" 302 5 "https://www.google.com" "Mozilla/5.0 (Windows NT 10.0; Win64; x64) AppleWebKit/537.36 (KHTML, like Gecko) Chrome/90.0.4430.85 Safari/537.36"
176.65.132.122 - - [08/Jan/2026:15:08:06 +0800] "GET /wp-login.php?redirect_to=http%3A%2F%2Fcqqizhou.com%2Fwp-admin%2F&reauth=1 HTTP/1.1" 200 2773 "https://www.google.com" "Mozilla/5.0 (Windows NT 10.0; Win64; x64) AppleWebKit/537.36 (KHTML, like Gecko) Chrome/90.0.4430.85 Safari/537.36"
176.65.132.122 - - [08/Jan/2026:15:08:08 +0800] "POST /wp-login.php HTTP/1.1" 200 2913 "http://cqqizhou.com/wp-admin/" "Mozilla/5.0 (Windows NT 10.0; Win64; x64) AppleWebKit/537.36 (KHTML, like Gecko) Chrome/90.0.4430.85 Safari/537.36"
176.65.132.122 - - [08/Jan/2026:15:08:09 +0800] "GET /wp-admin/ HTTP/1.1" 302 5 "https://www.google.com" "Mozilla/5.0 (Windows NT 10.0; Win64; x64) AppleWebKit/537.36 (KHTML, like Gecko) Chrome/90.0.4430.85 Safari/537.36"
176.65.132.122 - - [08/Jan/2026:15:08:10 +0800] "GET /wp-login.php?redirect_to=http%3A%2F%2Fcqqizhou.com%2Fwp-admin%2F&reauth=1 HTTP/1.1" 200 2773 "https://www.google.com" "Mozilla/5.0 (Windows NT 10.0; Win64; x64) AppleWebKit/537.36 (KHTML, like Gecko) Chrome/90.0.4430.85 Safari/537.36"
176.65.132.122 - - [08/Jan/2026:15:08:12 +0800] "POST /wp-login.php HTTP/1.1" 200 2913 "http://cqqizhou.com/wp-admin/" "Mozilla/5.0 (Windows NT 10.0; Win64; x64) AppleWebKit/537.36 (KHTML, like Gecko) Chrome/90.0.4430.85 Safari/537.36"
176.65.132.122 - - [08/Jan/2026:15:08:13 +0800] "GET /wp-admin/ HTTP/1.1" 302 5 "https://www.google.com" "Mozilla/5.0 (Windows NT 10.0; Win64; x64) AppleWebKit/537.36 (KHTML, like Gecko) Chrome/90.0.4430.85 Safari/537.36"
176.65.132.122 - - [08/Jan/2026:15:08:16 +0800] "GET /wp-login.php?redirect_to=http%3A%2F%2Fcqqizhou.com%2Fwp-admin%2F&reauth=1 HTTP/1.1" 200 2773 "https://www.google.com" "Mozilla/5.0 (Windows NT 10.0; Win64; x64) AppleWebKit/537.36 (KHTML, like Gecko) Chrome/90.0.4430.85 Safari/537.36"
176.65.132.122 - - [08/Jan/2026:15:08:17 +0800] "POST /wp-login.php HTTP/1.1" 200 2913 "http://cqqizhou.com/wp-admin/" "Mozilla/5.0 (Windows NT 10.0; Win64; x64) AppleWebKit/537.36 (KHTML, like Gecko) Chrome/90.0.4430.85 Safari/537.36"
176.65.132.122 - - [08/Jan/2026:15:08:19 +0800] "GET /wp-admin/ HTTP/1.1" 302 5 "https://www.google.com" "Mozilla/5.0 (Windows NT 10.0; Win64; x64) AppleWebKit/537.36 (KHTML, like Gecko) Chrome/90.0.4430.85 Safari/537.36"
176.65.132.122 - - [08/Jan/2026:15:08:20 +0800] "GET /wp-login.php?redirect_to=http%3A%2F%2Fcqqizhou.com%2Fwp-admin%2F&reauth=1 HTTP/1.1" 200 2773 "https://www.google.com" "Mozilla/5.0 (Windows NT 10.0; Win64; x64) AppleWebKit/537.36 (KHTML, like Gecko) Chrome/90.0.4430.85 Safari/537.36"
113.141.90.115 - - [08/Jan/2026:15:08:22 +0800] "GET / HTTP/1.1" 301 5 "-" "Mozilla/5.0 (Macintosh; Intel Mac OS X 10_15_7) AppleWebKit/537.36 (KHTML, like Gecko) Chrome/96.0.4664.110 Safari/537.36"
113.141.90.115 - - [08/Jan/2026:15:08:22 +0800] "GET / HTTP/1.1" 200 34700 "http://www.cqqizhou.com" "Mozilla/5.0 (Macintosh; Intel Mac OS X 10_15_7) AppleWebKit/537.36 (KHTML, like Gecko) Chrome/96.0.4664.110 Safari/537.36"
176.65.132.122 - - [08/Jan/2026:15:08:25 +0800] "POST /wp-login.php HTTP/1.1" 200 2913 "http://cqqizhou.com/wp-admin/" "Mozilla/5.0 (Windows NT 10.0; Win64; x64) AppleWebKit/537.36 (KHTML, like Gecko) Chrome/90.0.4430.85 Safari/537.36"
176.65.132.122 - - [08/Jan/2026:15:08:26 +0800] "GET /wp-admin/ HTTP/1.1" 302 5 "https://www.google.com" "Mozilla/5.0 (Windows NT 10.0; Win64; x64) AppleWebKit/537.36 (KHTML, like Gecko) Chrome/90.0.4430.85 Safari/537.36"
176.65.132.122 - - [08/Jan/2026:15:08:26 +0800] "GET /wp-login.php?redirect_to=http%3A%2F%2Fcqqizhou.com%2Fwp-admin%2F&reauth=1 HTTP/1.1" 200 2773 "https://www.google.com" "Mozilla/5.0 (Windows NT 10.0; Win64; x64) AppleWebKit/537.36 (KHTML, like Gecko) Chrome/90.0.4430.85 Safari/537.36"
171.41.130.28 - - [08/Jan/2026:15:11:42 +0800] "HEAD /indexback.php HTTP/1.1" 404 0 "-" "-"
36.133.115.36 - - [08/Jan/2026:15:23:36 +0800] "POST /wp-cron.php?doing_wp_cron=1767857016.8262419700622558593750 HTTP/1.1" 200 31 "-" "WordPress/6.8.3; http://cqqizhou.com"
79.124.40.174 - - [08/Jan/2026:15:23:36 +0800] "GET /actuator/gateway/routes HTTP/1.1" 301 5 "-" "Mozilla/5.0 (Windows NT 10.0; Win64; x64) AppleWebKit/537.36 (KHTML, like Gecko) Chrome/78.0.3904.108 Safari/537.36"
79.124.40.174 - - [08/Jan/2026:15:23:38 +0800] "GET /actuator/gateway/routes HTTP/1.1" 404 8980 "http://36.133.115.36:80/actuator/gateway/routes" "Mozilla/5.0 (Windows NT 10.0; Win64; x64) AppleWebKit/537.36 (KHTML, like Gecko) Chrome/78.0.3904.108 Safari/537.36"
36.133.115.36 - - [08/Jan/2026:15:25:34 +0800] "POST /wp-cron.php?doing_wp_cron=1767857134.4869461059570312500000 HTTP/1.1" 200 31 "-" "WordPress/6.8.3; http://cqqizhou.com"
51.195.183.162 - - [08/Jan/2026:15:25:34 +0800] "GET /robots.txt HTTP/1.1" 200 190 "-" "Mozilla/5.0 (compatible; AhrefsBot/7.0; +http://ahrefs.com/robot/)"
198.244.226.195 - - [08/Jan/2026:15:25:38 +0800] "GET /company-news/ HTTP/1.1" 200 25639 "-" "Mozilla/5.0 (compatible; AhrefsBot/7.0; +http://ahrefs.com/robot/)"
36.133.115.36 - - [08/Jan/2026:15:30:14 +0800] "POST /wp-cron.php?doing_wp_cron=1767857414.1103229522705078125000 HTTP/1.1" 200 31 "-" "WordPress/6.8.3; http://cqqizhou.com"
182.42.110.255 - - [08/Jan/2026:15:30:14 +0800] "GET / HTTP/1.1" 200 34275 "-" "Mozilla/5.0 (iPhone; CPU iPhone OS 13_2_3 like Mac OS X) AppleWebKit/605.1.15 (KHTML, like Gecko) Version/13.0.3 Mobile/15E148 Safari/604.1"
36.133.115.36 - - [08/Jan/2026:15:59:55 +0800] "POST /wp-cron.php?doing_wp_cron=1767859195.3100790977478027343750 HTTP/1.1" 200 31 "-" "WordPress/6.8.3; http://cqqizhou.com"
173.197.14.231 - - [08/Jan/2026:15:59:55 +0800] "HEAD /invoker/EJBInvokerServlet HTTP/1.1" 404 0 "-" "Mozilla/5.0 (Windows NT 6.1; WOW64; rv:31.0) Gecko/20100101 Firefox/31.0"
173.197.14.231 - - [08/Jan/2026:15:59:57 +0800] "HEAD /jmx-console/HtmlAdaptor?action=inspectMBean&name=jboss.system:type=ServerInfo HTTP/1.1" 404 0 "-" "Mozilla/5.0 (Windows NT 6.1; WOW64; rv:31.0) Gecko/20100101 Firefox/31.0"
173.197.14.231 - - [08/Jan/2026:15:59:59 +0800] "HEAD /invoker/JMXInvokerServlet HTTP/1.1" 404 0 "-" "Mozilla/5.0 (Windows NT 6.1; WOW64; rv:31.0) Gecko/20100101 Firefox/31.0"
173.197.14.231 - - [08/Jan/2026:16:00:02 +0800] "HEAD /web-console/ServerInfo.jsp HTTP/1.1" 404 0 "-" "Mozilla/5.0 (Windows NT 6.1; WOW64; rv:31.0) Gecko/20100101 Firefox/31.0"
36.133.115.36 - - [08/Jan/2026:16:03:57 +0800] "POST /wp-cron.php?doing_wp_cron=1767859437.1397008895874023437500 HTTP/1.1" 200 31 "-" "WordPress/6.8.3; http://cqqizhou.com"
14.108.233.176 - - [08/Jan/2026:16:03:57 +0800] "GET /logistics/ HTTP/1.1" 200 32632 "http://cqqizhou.com/logistics/" "Mozilla/5.0 (Windows NT 10.0; Win64; x64) AppleWebKit/537.36 (KHTML, like Gecko) Chrome/143.0.0.0 Safari/537.36 Edg/143.0.0.0"
14.108.233.176 - - [08/Jan/2026:16:03:57 +0800] "GET /wp-content/uploads/2026/01/1767696162-qizhoutruck3.webp HTTP/1.1" 200 19026 "http://cqqizhou.com/logistics/" "Mozilla/5.0 (Windows NT 10.0; Win64; x64) AppleWebKit/537.36 (KHTML, like Gecko) Chrome/143.0.0.0 Safari/537.36 Edg/143.0.0.0"
14.108.233.176 - - [08/Jan/2026:16:03:57 +0800] "GET /wp-content/uploads/2026/01/1767696142-aojiaqiao20260104.webp HTTP/1.1" 200 184988 "http://cqqizhou.com/wp-content/uploads/elementor/css/post-1959.css?ver=1767848017" "Mozilla/5.0 (Windows NT 10.0; Win64; x64) AppleWebKit/537.36 (KHTML, like Gecko) Chrome/143.0.0.0 Safari/537.36 Edg/143.0.0.0"
14.108.233.176 - - [08/Jan/2026:16:03:58 +0800] "GET /wp-json/contact-form-7/v1/contact-forms/1444/feedback/schema HTTP/1.1" 200 270 "http://cqqizhou.com/logistics/" "Mozilla/5.0 (Windows NT 10.0; Win64; x64) AppleWebKit/537.36 (KHTML, like Gecko) Chrome/143.0.0.0 Safari/537.36 Edg/143.0.0.0"
14.108.233.176 - - [08/Jan/2026:16:03:58 +0800] "GET /wp-json/contact-form-7/v1/contact-forms/1444/refill HTTP/1.1" 200 33 "http://cqqizhou.com/logistics/" "Mozilla/5.0 (Windows NT 10.0; Win64; x64) AppleWebKit/537.36 (KHTML, like Gecko) Chrome/143.0.0.0 Safari/537.36 Edg/143.0.0.0"
14.108.233.176 - - [08/Jan/2026:16:04:00 +0800] "GET /wp-content/uploads/2026/01/1767618076-Logistics_BG2508.webp HTTP/1.1" 200 94788 "http://cqqizhou.com/wp-content/uploads/elementor/css/post-1959.css?ver=1767848017" "Mozilla/5.0 (Windows NT 10.0; Win64; x64) AppleWebKit/537.36 (KHTML, like Gecko) Chrome/143.0.0.0 Safari/537.36 Edg/143.0.0.0"
36.133.115.36 - - [08/Jan/2026:16:04:49 +0800] "POST /wp-cron.php?doing_wp_cron=1767859489.2793340682983398437500 HTTP/1.1" 200 31 "-" "WordPress/6.8.3; http://cqqizhou.com"
14.108.233.176 - - [08/Jan/2026:16:04:49 +0800] "GET /wp-json/elementor/v1/checklist/user-progress HTTP/1.1" 200 222 "http://cqqizhou.com/wp-admin/post.php?post=1959&action=elementor" "Mozilla/5.0 (Windows NT 10.0; Win64; x64) AppleWebKit/537.36 (KHTML, like Gecko) Chrome/143.0.0.0 Safari/537.36 Edg/143.0.0.0"
14.108.233.176 - - [08/Jan/2026:16:04:49 +0800] "POST /wp-admin/admin-ajax.php HTTP/1.1" 200 107 "http://cqqizhou.com/wp-admin/post.php?post=1959&action=elementor" "Mozilla/5.0 (Windows NT 10.0; Win64; x64) AppleWebKit/537.36 (KHTML, like Gecko) Chrome/143.0.0.0 Safari/537.36 Edg/143.0.0.0"
14.108.233.176 - - [08/Jan/2026:16:05:04 +0800] "POST /wp-admin/admin-ajax.php HTTP/1.1" 200 107 "http://cqqizhou.com/wp-admin/post.php?post=1959&action=elementor" "Mozilla/5.0 (Windows NT 10.0; Win64; x64) AppleWebKit/537.36 (KHTML, like Gecko) Chrome/143.0.0.0 Safari/537.36 Edg/143.0.0.0"
116.240.149.7 - - [08/Jan/2026:16:05:33 +0800] "GET /robots.txt HTTP/1.1" 200 390 "-" "Mozilla/5.0 (compatible; MJ12bot/v1.4.8; http://mj12bot.com/)"
116.240.149.7 - - [08/Jan/2026:16:05:37 +0800] "GET /portfolio/%E5%86%B7%E8%BD%A7%E5%8D%B7/ HTTP/1.1" 200 22101 "-" "Mozilla/5.0 (compatible; MJ12bot/v1.4.8; http://mj12bot.com/)"
36.133.115.36 - - [08/Jan/2026:16:06:37 +0800] "POST /wp-cron.php?doing_wp_cron=1767859597.6839029788970947265625 HTTP/1.1" 200 31 "-" "WordPress/6.8.3; http://cqqizhou.com"
43.159.139.164 - - [08/Jan/2026:16:06:38 +0800] "GET / HTTP/1.1" 200 34275 "-" "Mozilla/5.0 (iPhone; CPU iPhone OS 13_2_3 like Mac OS X) AppleWebKit/605.1.15 (KHTML, like Gecko) Version/13.0.3 Mobile/15E148 Safari/604.1"
36.133.115.36 - - [08/Jan/2026:16:07:04 +0800] "POST /wp-cron.php?doing_wp_cron=1767859624.3502469062805175781250 HTTP/1.1" 200 31 "-" "WordPress/6.8.3; http://cqqizhou.com"
14.108.233.176 - - [08/Jan/2026:16:07:04 +0800] "POST /wp-admin/admin-ajax.php HTTP/1.1" 200 107 "http://cqqizhou.com/wp-admin/post.php?post=1959&action=elementor" "Mozilla/5.0 (Windows NT 10.0; Win64; x64) AppleWebKit/537.36 (KHTML, like Gecko) Chrome/143.0.0.0 Safari/537.36 Edg/143.0.0.0"
95.214.55.71 - - [08/Jan/2026:16:07:11 +0800] "GET / HTTP/1.1" 200 34275 "-" "Mozilla/5.0 (Windows NT 10.0; Win64; x64; rv:143.0) Gecko/20100101 Firefox/143.0"
36.133.115.36 - - [08/Jan/2026:16:09:04 +0800] "POST /wp-cron.php?doing_wp_cron=1767859744.4901130199432373046875 HTTP/1.1" 200 31 "-" "WordPress/6.8.3; http://cqqizhou.com"
14.108.233.176 - - [08/Jan/2026:16:09:04 +0800] "POST /wp-admin/admin-ajax.php HTTP/1.1" 200 107 "http://cqqizhou.com/wp-admin/post.php?post=1959&action=elementor" "Mozilla/5.0 (Windows NT 10.0; Win64; x64) AppleWebKit/537.36 (KHTML, like Gecko) Chrome/143.0.0.0 Safari/537.36 Edg/143.0.0.0"
36.133.115.36 - - [08/Jan/2026:16:09:54 +0800] "POST /wp-cron.php?doing_wp_cron=1767859794.3009839057922363281250 HTTP/1.1" 200 31 "-" "WordPress/6.8.3; http://cqqizhou.com"
14.108.233.176 - - [08/Jan/2026:16:09:54 +0800] "GET /wp-json/elementor/v1/checklist/user-progress HTTP/1.1" 200 222 "http://cqqizhou.com/wp-admin/post.php?post=1959&action=elementor" "Mozilla/5.0 (Windows NT 10.0; Win64; x64) AppleWebKit/537.36 (KHTML, like Gecko) Chrome/143.0.0.0 Safari/537.36 Edg/143.0.0.0"
14.108.233.176 - - [08/Jan/2026:16:09:54 +0800] "POST /wp-admin/admin-ajax.php HTTP/1.1" 200 107 "http://cqqizhou.com/wp-admin/post.php?post=1959&action=elementor" "Mozilla/5.0 (Windows NT 10.0; Win64; x64) AppleWebKit/537.36 (KHTML, like Gecko) Chrome/143.0.0.0 Safari/537.36 Edg/143.0.0.0"
14.108.233.176 - - [08/Jan/2026:16:10:09 +0800] "POST /wp-admin/admin-ajax.php HTTP/1.1" 200 107 "http://cqqizhou.com/wp-admin/post.php?post=1959&action=elementor" "Mozilla/5.0 (Windows NT 10.0; Win64; x64) AppleWebKit/537.36 (KHTML, like Gecko) Chrome/143.0.0.0 Safari/537.36 Edg/143.0.0.0"
14.108.233.176 - - [08/Jan/2026:16:10:27 +0800] "POST /wp-admin/admin-ajax.php HTTP/1.1" 200 107 "http://cqqizhou.com/wp-admin/post.php?post=1959&action=elementor" "Mozilla/5.0 (Windows NT 10.0; Win64; x64) AppleWebKit/537.36 (KHTML, like Gecko) Chrome/143.0.0.0 Safari/537.36 Edg/143.0.0.0"
14.108.233.176 - - [08/Jan/2026:16:10:42 +0800] "POST /wp-admin/admin-ajax.php HTTP/1.1" 200 107 "http://cqqizhou.com/wp-admin/post.php?post=1959&action=elementor" "Mozilla/5.0 (Windows NT 10.0; Win64; x64) AppleWebKit/537.36 (KHTML, like Gecko) Chrome/143.0.0.0 Safari/537.36 Edg/143.0.0.0"
117.165.235.137 - - [08/Jan/2026:16:10:48 +0800] "GET / HTTP/1.1" 200 157675 "-" "Mozilla/5.0 (Macintosh; Intel Mac OS X 10_15_7) AppleWebKit/537.36 (KHTML, like Gecko) Chrome/120.0.0.0 Safari/537.36 Edg/120.0.0.0"
36.133.115.36 - - [08/Jan/2026:16:10:57 +0800] "POST /wp-cron.php?doing_wp_cron=1767859857.6981050968170166015625 HTTP/1.1" 200 31 "-" "WordPress/6.8.3; http://cqqizhou.com"
14.108.233.176 - - [08/Jan/2026:16:10:57 +0800] "POST /wp-admin/admin-ajax.php HTTP/1.1" 200 107 "http://cqqizhou.com/wp-admin/post.php?post=1959&action=elementor" "Mozilla/5.0 (Windows NT 10.0; Win64; x64) AppleWebKit/537.36 (KHTML, like Gecko) Chrome/143.0.0.0 Safari/537.36 Edg/143.0.0.0"
14.108.233.176 - - [08/Jan/2026:16:11:04 +0800] "GET /wp-json/elementor/v1/checklist/user-progress HTTP/1.1" 200 222 "http://cqqizhou.com/wp-admin/post.php?post=1959&action=elementor" "Mozilla/5.0 (Windows NT 10.0; Win64; x64) AppleWebKit/537.36 (KHTML, like Gecko) Chrome/143.0.0.0 Safari/537.36 Edg/143.0.0.0"
14.108.233.176 - - [08/Jan/2026:16:11:04 +0800] "POST /wp-admin/admin-ajax.php HTTP/1.1" 200 1018 "http://cqqizhou.com/wp-admin/post.php?post=1959&action=elementor" "Mozilla/5.0 (Windows NT 10.0; Win64; x64) AppleWebKit/537.36 (KHTML, like Gecko) Chrome/143.0.0.0 Safari/537.36 Edg/143.0.0.0"
14.108.233.176 - - [08/Jan/2026:16:11:04 +0800] "POST /wp-admin/admin-ajax.php HTTP/1.1" 200 258 "http://cqqizhou.com/wp-admin/post.php?post=1959&action=elementor" "Mozilla/5.0 (Windows NT 10.0; Win64; x64) AppleWebKit/537.36 (KHTML, like Gecko) Chrome/143.0.0.0 Safari/537.36 Edg/143.0.0.0"
14.108.233.176 - - [08/Jan/2026:16:11:12 +0800] "POST /wp-admin/admin-ajax.php HTTP/1.1" 200 107 "http://cqqizhou.com/wp-admin/post.php?post=1959&action=elementor" "Mozilla/5.0 (Windows NT 10.0; Win64; x64) AppleWebKit/537.36 (KHTML, like Gecko) Chrome/143.0.0.0 Safari/537.36 Edg/143.0.0.0"
14.108.233.176 - - [08/Jan/2026:16:11:15 +0800] "GET /wp-json/elementor/v1/checklist/user-progress HTTP/1.1" 200 222 "http://cqqizhou.com/wp-admin/post.php?post=1959&action=elementor" "Mozilla/5.0 (Windows NT 10.0; Win64; x64) AppleWebKit/537.36 (KHTML, like Gecko) Chrome/143.0.0.0 Safari/537.36 Edg/143.0.0.0"
14.108.233.176 - - [08/Jan/2026:16:11:15 +0800] "POST /wp-admin/admin-ajax.php HTTP/1.1" 200 259 "http://cqqizhou.com/wp-admin/post.php?post=1959&action=elementor" "Mozilla/5.0 (Windows NT 10.0; Win64; x64) AppleWebKit/537.36 (KHTML, like Gecko) Chrome/143.0.0.0 Safari/537.36 Edg/143.0.0.0"
14.108.233.176 - - [08/Jan/2026:16:11:15 +0800] "POST /wp-admin/admin-ajax.php HTTP/1.1" 200 1018 "http://cqqizhou.com/wp-admin/post.php?post=1959&action=elementor" "Mozilla/5.0 (Windows NT 10.0; Win64; x64) AppleWebKit/537.36 (KHTML, like Gecko) Chrome/143.0.0.0 Safari/537.36 Edg/143.0.0.0"
14.108.233.176 - - [08/Jan/2026:16:11:27 +0800] "POST /wp-admin/admin-ajax.php HTTP/1.1" 200 107 "http://cqqizhou.com/wp-admin/post.php?post=1959&action=elementor" "Mozilla/5.0 (Windows NT 10.0; Win64; x64) AppleWebKit/537.36 (KHTML, like Gecko) Chrome/143.0.0.0 Safari/537.36 Edg/143.0.0.0"
110.52.175.245 - - [08/Jan/2026:16:11:29 +0800] "GET /robots.txt HTTP/1.1" 200 190 "-" "Mozilla/5.0 (Macintosh; Intel Mac OS X 10_7_0) AppleWebKit/535.11 (KHTML, like Gecko) Chrome/17.0.963.56 Safari/535.11"
119.251.179.139 - - [08/Jan/2026:16:11:31 +0800] "GET /sitemap.xml HTTP/1.1" 200 492 "-" "Mozilla/5.0 (Macintosh; Intel Mac OS X 10_7_0) AppleWebKit/535.11 (KHTML, like Gecko) Chrome/17.0.963.56 Safari/535.11"
14.108.233.176 - - [08/Jan/2026:16:11:32 +0800] "POST /wp-admin/admin-ajax.php HTTP/1.1" 200 157 "http://cqqizhou.com/wp-admin/post.php?post=1959&action=elementor" "Mozilla/5.0 (Windows NT 10.0; Win64; x64) AppleWebKit/537.36 (KHTML, like Gecko) Chrome/143.0.0.0 Safari/537.36 Edg/143.0.0.0"
14.108.233.176 - - [08/Jan/2026:16:11:32 +0800] "POST /wp-admin/admin-ajax.php HTTP/1.1" 200 724 "http://cqqizhou.com/wp-admin/post.php?post=1959&action=elementor" "Mozilla/5.0 (Windows NT 10.0; Win64; x64) AppleWebKit/537.36 (KHTML, like Gecko) Chrome/143.0.0.0 Safari/537.36 Edg/143.0.0.0"
14.108.233.176 - - [08/Jan/2026:16:11:32 +0800] "POST /wp-admin/admin-ajax.php HTTP/1.1" 200 242 "http://cqqizhou.com/wp-admin/post.php?post=1959&action=elementor" "Mozilla/5.0 (Windows NT 10.0; Win64; x64) AppleWebKit/537.36 (KHTML, like Gecko) Chrome/143.0.0.0 Safari/537.36 Edg/143.0.0.0"
14.108.233.176 - - [08/Jan/2026:16:11:32 +0800] "POST /wp-admin/admin-ajax.php HTTP/1.1" 200 157 "http://cqqizhou.com/wp-admin/post.php?post=1959&action=elementor" "Mozilla/5.0 (Windows NT 10.0; Win64; x64) AppleWebKit/537.36 (KHTML, like Gecko) Chrome/143.0.0.0 Safari/537.36 Edg/143.0.0.0"
14.108.233.176 - - [08/Jan/2026:16:11:32 +0800] "POST /wp-admin/admin-ajax.php HTTP/1.1" 200 157 "http://cqqizhou.com/wp-admin/post.php?post=1959&action=elementor" "Mozilla/5.0 (Windows NT 10.0; Win64; x64) AppleWebKit/537.36 (KHTML, like Gecko) Chrome/143.0.0.0 Safari/537.36 Edg/143.0.0.0"
14.108.233.176 - - [08/Jan/2026:16:11:32 +0800] "POST /wp-admin/admin-ajax.php HTTP/1.1" 200 776 "http://cqqizhou.com/wp-admin/post.php?post=1959&action=elementor" "Mozilla/5.0 (Windows NT 10.0; Win64; x64) AppleWebKit/537.36 (KHTML, like Gecko) Chrome/143.0.0.0 Safari/537.36 Edg/143.0.0.0"
14.108.233.176 - - [08/Jan/2026:16:11:33 +0800] "GET /wp-json/elementor/v1/checklist/user-progress HTTP/1.1" 200 222 "http://cqqizhou.com/wp-admin/post.php?post=1959&action=elementor" "Mozilla/5.0 (Windows NT 10.0; Win64; x64) AppleWebKit/537.36 (KHTML, like Gecko) Chrome/143.0.0.0 Safari/537.36 Edg/143.0.0.0"
14.108.233.176 - - [08/Jan/2026:16:11:33 +0800] "POST /wp-admin/admin-ajax.php HTTP/1.1" 200 701 "http://cqqizhou.com/wp-admin/post.php?post=1959&action=elementor" "Mozilla/5.0 (Windows NT 10.0; Win64; x64) AppleWebKit/537.36 (KHTML, like Gecko) Chrome/143.0.0.0 Safari/537.36 Edg/143.0.0.0"
119.39.193.186 - - [08/Jan/2026:16:11:34 +0800] "GET /config.json HTTP/1.1" 404 8982 "-" "Mozilla/5.0 (Macintosh; Intel Mac OS X 10_7_0) AppleWebKit/535.11 (KHTML, like Gecko) Chrome/17.0.963.56 Safari/535.11"
14.108.233.176 - - [08/Jan/2026:16:11:41 +0800] "POST /wp-admin/admin-ajax.php HTTP/1.1" 200 242 "http://cqqizhou.com/wp-admin/post.php?post=1959&action=elementor" "Mozilla/5.0 (Windows NT 10.0; Win64; x64) AppleWebKit/537.36 (KHTML, like Gecko) Chrome/143.0.0.0 Safari/537.36 Edg/143.0.0.0"
14.108.233.176 - - [08/Jan/2026:16:11:41 +0800] "POST /wp-admin/admin-ajax.php HTTP/1.1" 200 724 "http://cqqizhou.com/wp-admin/post.php?post=1959&action=elementor" "Mozilla/5.0 (Windows NT 10.0; Win64; x64) AppleWebKit/537.36 (KHTML, like Gecko) Chrome/143.0.0.0 Safari/537.36 Edg/143.0.0.0"
14.108.233.176 - - [08/Jan/2026:16:11:41 +0800] "POST /wp-admin/admin-ajax.php HTTP/1.1" 200 156 "http://cqqizhou.com/wp-admin/post.php?post=1959&action=elementor" "Mozilla/5.0 (Windows NT 10.0; Win64; x64) AppleWebKit/537.36 (KHTML, like Gecko) Chrome/143.0.0.0 Safari/537.36 Edg/143.0.0.0"
14.108.233.176 - - [08/Jan/2026:16:11:41 +0800] "POST /wp-admin/admin-ajax.php HTTP/1.1" 200 157 "http://cqqizhou.com/wp-admin/post.php?post=1959&action=elementor" "Mozilla/5.0 (Windows NT 10.0; Win64; x64) AppleWebKit/537.36 (KHTML, like Gecko) Chrome/143.0.0.0 Safari/537.36 Edg/143.0.0.0"
14.108.233.176 - - [08/Jan/2026:16:11:41 +0800] "POST /wp-admin/admin-ajax.php HTTP/1.1" 200 777 "http://cqqizhou.com/wp-admin/post.php?post=1959&action=elementor" "Mozilla/5.0 (Windows NT 10.0; Win64; x64) AppleWebKit/537.36 (KHTML, like Gecko) Chrome/143.0.0.0 Safari/537.36 Edg/143.0.0.0"
14.108.233.176 - - [08/Jan/2026:16:11:41 +0800] "POST /wp-admin/admin-ajax.php HTTP/1.1" 200 156 "http://cqqizhou.com/wp-admin/post.php?post=1959&action=elementor" "Mozilla/5.0 (Windows NT 10.0; Win64; x64) AppleWebKit/537.36 (KHTML, like Gecko) Chrome/143.0.0.0 Safari/537.36 Edg/143.0.0.0"
14.108.233.176 - - [08/Jan/2026:16:11:42 +0800] "POST /wp-admin/admin-ajax.php HTTP/1.1" 200 701 "http://cqqizhou.com/wp-admin/post.php?post=1959&action=elementor" "Mozilla/5.0 (Windows NT 10.0; Win64; x64) AppleWebKit/537.36 (KHTML, like Gecko) Chrome/143.0.0.0 Safari/537.36 Edg/143.0.0.0"
14.108.233.176 - - [08/Jan/2026:16:11:42 +0800] "POST /wp-admin/admin-ajax.php HTTP/1.1" 200 107 "http://cqqizhou.com/wp-admin/post.php?post=1959&action=elementor" "Mozilla/5.0 (Windows NT 10.0; Win64; x64) AppleWebKit/537.36 (KHTML, like Gecko) Chrome/143.0.0.0 Safari/537.36 Edg/143.0.0.0"
36.133.115.36 - - [08/Jan/2026:16:11:57 +0800] "POST /wp-cron.php?doing_wp_cron=1767859917.3137800693511962890625 HTTP/1.1" 200 31 "-" "WordPress/6.8.3; http://cqqizhou.com"
14.108.233.176 - - [08/Jan/2026:16:11:57 +0800] "POST /wp-admin/admin-ajax.php HTTP/1.1" 200 251 "http://cqqizhou.com/wp-admin/post.php?post=1959&action=elementor" "Mozilla/5.0 (Windows NT 10.0; Win64; x64) AppleWebKit/537.36 (KHTML, like Gecko) Chrome/143.0.0.0 Safari/537.36 Edg/143.0.0.0"
14.108.233.176 - - [08/Jan/2026:16:11:57 +0800] "POST /wp-admin/admin-ajax.php HTTP/1.1" 200 308 "http://cqqizhou.com/wp-admin/post.php?post=1959&action=elementor" "Mozilla/5.0 (Windows NT 10.0; Win64; x64) AppleWebKit/537.36 (KHTML, like Gecko) Chrome/143.0.0.0 Safari/537.36 Edg/143.0.0.0"
14.108.233.176 - - [08/Jan/2026:16:11:57 +0800] "POST /wp-admin/admin-ajax.php HTTP/1.1" 200 222 "http://cqqizhou.com/wp-admin/post.php?post=1959&action=elementor" "Mozilla/5.0 (Windows NT 10.0; Win64; x64) AppleWebKit/537.36 (KHTML, like Gecko) Chrome/143.0.0.0 Safari/537.36 Edg/143.0.0.0"
14.108.233.176 - - [08/Jan/2026:16:11:57 +0800] "POST /wp-admin/admin-ajax.php HTTP/1.1" 200 107 "http://cqqizhou.com/wp-admin/post.php?post=1959&action=elementor" "Mozilla/5.0 (Windows NT 10.0; Win64; x64) AppleWebKit/537.36 (KHTML, like Gecko) Chrome/143.0.0.0 Safari/537.36 Edg/143.0.0.0"
14.108.233.176 - - [08/Jan/2026:16:12:12 +0800] "POST /wp-admin/admin-ajax.php HTTP/1.1" 200 107 "http://cqqizhou.com/wp-admin/post.php?post=1959&action=elementor" "Mozilla/5.0 (Windows NT 10.0; Win64; x64) AppleWebKit/537.36 (KHTML, like Gecko) Chrome/143.0.0.0 Safari/537.36 Edg/143.0.0.0"
42.229.131.156 - - [08/Jan/2026:16:12:18 +0800] "GET /wp-content/plugins/revslider/readme.txt HTTP/1.1" 404 8981 "-" "Mozilla/5.0 (iPhone; CPU iPhone OS 10_3_4 like Mac OS X) AppleWebKit/532.0 (KHTML, like Gecko) FxiOS/12.4t0220.0 Mobile/72W706 Safari/532.0"
14.108.233.176 - - [08/Jan/2026:16:12:27 +0800] "POST /wp-admin/admin-ajax.php HTTP/1.1" 200 107 "http://cqqizhou.com/wp-admin/post.php?post=1959&action=elementor" "Mozilla/5.0 (Windows NT 10.0; Win64; x64) AppleWebKit/537.36 (KHTML, like Gecko) Chrome/143.0.0.0 Safari/537.36 Edg/143.0.0.0"
42.229.133.44 - - [08/Jan/2026:16:12:35 +0800] "GET /wp-content/plugins/elementor-pro/readme.txt HTTP/1.1" 200 337 "-" "Mozilla/5.0 (iPhone; CPU iPhone OS 10_3_4 like Mac OS X) AppleWebKit/532.0 (KHTML, like Gecko) FxiOS/12.4t0220.0 Mobile/72W706 Safari/532.0"
14.108.233.176 - - [08/Jan/2026:16:12:42 +0800] "POST /wp-admin/admin-ajax.php HTTP/1.1" 200 107 "http://cqqizhou.com/wp-admin/post.php?post=1959&action=elementor" "Mozilla/5.0 (Windows NT 10.0; Win64; x64) AppleWebKit/537.36 (KHTML, like Gecko) Chrome/143.0.0.0 Safari/537.36 Edg/143.0.0.0"
36.133.115.36 - - [08/Jan/2026:16:12:57 +0800] "POST /wp-cron.php?doing_wp_cron=1767859977.4200670719146728515625 HTTP/1.1" 200 31 "-" "WordPress/6.8.3; http://cqqizhou.com"
14.108.233.176 - - [08/Jan/2026:16:12:57 +0800] "GET /wp-json/elementor/v1/checklist/user-progress HTTP/1.1" 200 222 "http://cqqizhou.com/wp-admin/post.php?post=1959&action=elementor" "Mozilla/5.0 (Windows NT 10.0; Win64; x64) AppleWebKit/537.36 (KHTML, like Gecko) Chrome/143.0.0.0 Safari/537.36 Edg/143.0.0.0"
14.108.233.176 - - [08/Jan/2026:16:12:57 +0800] "POST /wp-admin/admin-ajax.php HTTP/1.1" 200 107 "http://cqqizhou.com/wp-admin/post.php?post=1959&action=elementor" "Mozilla/5.0 (Windows NT 10.0; Win64; x64) AppleWebKit/537.36 (KHTML, like Gecko) Chrome/143.0.0.0 Safari/537.36 Edg/143.0.0.0"
14.108.233.176 - - [08/Jan/2026:16:12:58 +0800] "POST /wp-admin/admin-ajax.php HTTP/1.1" 200 494 "http://cqqizhou.com/wp-admin/post.php?post=1959&action=elementor" "Mozilla/5.0 (Windows NT 10.0; Win64; x64) AppleWebKit/537.36 (KHTML, like Gecko) Chrome/143.0.0.0 Safari/537.36 Edg/143.0.0.0"
14.108.233.176 - - [08/Jan/2026:16:12:59 +0800] "GET /wp-json/elementor/v1/checklist/user-progress HTTP/1.1" 200 222 "http://cqqizhou.com/wp-admin/post.php?post=1959&action=elementor" "Mozilla/5.0 (Windows NT 10.0; Win64; x64) AppleWebKit/537.36 (KHTML, like Gecko) Chrome/143.0.0.0 Safari/537.36 Edg/143.0.0.0"
111.34.99.124 - - [08/Jan/2026:16:13:09 +0800] "GET /wp-content/plugins/smartideo/readme.txt HTTP/1.1" 200 5930 "-" "Mozilla/5.0 (iPhone; CPU iPhone OS 10_3_4 like Mac OS X) AppleWebKit/532.0 (KHTML, like Gecko) FxiOS/12.4t0220.0 Mobile/72W706 Safari/532.0"
