36.133.115.36 - - [05/Jan/2026:08:02:41 +0800] "POST /wp-cron.php?doing_wp_cron=1767571361.4422459602355957031250 HTTP/1.1" 200 31 "-" "WordPress/6.8.3; http://cqqizhou.com"
64.62.156.212 - - [05/Jan/2026:08:02:41 +0800] "GET / HTTP/1.1" 301 5 "-" "Mozilla/5.0 (Windows NT 10.0; Win64; x64) AppleWebKit/537.36 (KHTML, like Gecko) Chrome/135.0.0.0 Safari/537.36 OPR/120.0.0.0"
64.62.156.212 - - [05/Jan/2026:08:03:53 +0800] "GET /webui/ HTTP/1.1" 499 0 "-" "Mozilla/5.0 (Windows NT 10.0; Win64; x64) AppleWebKit/537.36 (KHTML, like Gecko) Chrome/139.0.0.0 Safari/537.36 Edg/139.0.0.0"
36.133.115.36 - - [05/Jan/2026:08:03:54 +0800] "POST /wp-cron.php?doing_wp_cron=1767571434.4534509181976318359375 HTTP/1.1" 200 31 "-" "WordPress/6.8.3; http://cqqizhou.com"
145.239.66.34 - - [05/Jan/2026:08:04:15 +0800] "GET /robots.txt HTTP/1.1" 200 390 "-" "Mozilla/5.0 (compatible; MJ12bot/v1.4.8; http://mj12bot.com/)"
145.239.66.34 - - [05/Jan/2026:08:04:18 +0800] "GET /portfolio-tag/ansteel-thyssen/ HTTP/1.1" 200 22504 "-" "Mozilla/5.0 (compatible; MJ12bot/v1.4.8; http://mj12bot.com/)"
64.62.156.214 - - [05/Jan/2026:08:04:19 +0800] "GET / HTTP/1.1" 301 5 "-" "Mozilla/5.0 (Windows NT 10.0; Win64; x64) AppleWebKit/537.36 (KHTML, like Gecko) Chrome/139.0.0.0 Safari/537.36 Edg/139.0.0.0"
145.239.66.34 - - [05/Jan/2026:08:04:21 +0800] "GET /portfolio-tag/pangang/ HTTP/1.1" 200 21109 "-" "Mozilla/5.0 (compatible; MJ12bot/v1.4.8; http://mj12bot.com/)"
36.133.115.36 - - [05/Jan/2026:08:06:24 +0800] "POST /wp-cron.php?doing_wp_cron=1767571584.1502559185028076171875 HTTP/1.1" 200 31 "-" "WordPress/6.8.3; http://cqqizhou.com"
87.121.84.177 - - [05/Jan/2026:08:06:24 +0800] "GET http://httpbin.org/ip HTTP/1.1" 404 8983 "-" "ProxyPool-Scanner/2.0"
36.133.115.36 - - [05/Jan/2026:08:15:15 +0800] "POST /wp-cron.php?doing_wp_cron=1767572115.0740380287170410156250 HTTP/1.1" 200 31 "-" "WordPress/6.8.3; http://cqqizhou.com"
121.29.51.28 - - [05/Jan/2026:08:15:15 +0800] "GET / HTTP/1.1" 301 5 "-" "Dalvik/2.1.0 (Linux; U; Android 9.0; ZTE BA520 Build/MRA58K)"
121.29.51.28 - - [05/Jan/2026:08:15:19 +0800] "GET / HTTP/1.1" 200 34274 "-" "Dalvik/2.1.0 (Linux; U; Android 9.0; ZTE BA520 Build/MRA58K)"
36.133.115.36 - - [05/Jan/2026:08:20:22 +0800] "POST /wp-cron.php?doing_wp_cron=1767572422.8460769653320312500000 HTTP/1.1" 200 31 "-" "WordPress/6.8.3; http://cqqizhou.com"
121.29.51.28 - - [05/Jan/2026:08:20:22 +0800] "GET / HTTP/1.1" 301 5 "-" "Mozilla/5.0 (Macintosh; Intel Mac OS X 10_11) AppleWebKit/601.1.27 (KHTML, like Gecko) Chrome/47.0.2526.106 Safari/601.1.27"
121.29.51.28 - - [05/Jan/2026:08:20:24 +0800] "GET / HTTP/1.1" 200 34699 "-" "Mozilla/5.0 (Macintosh; Intel Mac OS X 10_11) AppleWebKit/601.1.27 (KHTML, like Gecko) Chrome/47.0.2526.106 Safari/601.1.27"
36.133.115.36 - - [05/Jan/2026:08:21:19 +0800] "POST /wp-cron.php?doing_wp_cron=1767572479.5241739749908447265625 HTTP/1.1" 200 31 "-" "WordPress/6.8.3; http://cqqizhou.com"
43.135.138.128 - - [05/Jan/2026:08:21:19 +0800] "GET / HTTP/1.1" 200 34274 "-" "Mozilla/5.0 (iPhone; CPU iPhone OS 13_2_3 like Mac OS X) AppleWebKit/605.1.15 (KHTML, like Gecko) Version/13.0.3 Mobile/15E148 Safari/604.1"
36.133.115.36 - - [05/Jan/2026:08:22:56 +0800] "POST /wp-cron.php?doing_wp_cron=1767572576.8194530010223388671875 HTTP/1.1" 200 31 "-" "WordPress/6.8.3; http://cqqizhou.com"
141.98.11.140 - - [05/Jan/2026:08:22:57 +0800] "GET / HTTP/1.1" 200 155928 "-" "-"
36.133.115.36 - - [05/Jan/2026:08:25:29 +0800] "POST /wp-cron.php?doing_wp_cron=1767572729.3822059631347656250000 HTTP/1.1" 200 31 "-" "WordPress/6.8.3; http://cqqizhou.com"
38.46.221.123 - - [05/Jan/2026:08:25:29 +0800] "GET http://check.9tb.org/ HTTP/1.1" 301 5 "-" "Go-http-client/1.1"
38.46.221.123 - - [05/Jan/2026:08:25:29 +0800] "GET http://cqqizhou.com/ HTTP/1.1" 200 34699 "http://check.9tb.org" "Go-http-client/1.1"
36.133.115.36 - - [05/Jan/2026:08:27:06 +0800] "POST /wp-cron.php?doing_wp_cron=1767572826.1991779804229736328125 HTTP/1.1" 200 31 "-" "WordPress/6.8.3; http://cqqizhou.com"
91.232.238.106 - - [05/Jan/2026:08:27:06 +0800] "GET /robots.txt HTTP/1.0" 200 378 "-" "xfa1"
204.76.203.219 - - [05/Jan/2026:08:27:31 +0800] "GET / HTTP/1.1" 200 34274 "-" "Mozilla/5.0 (Windows NT 10.0; Win64; x64) AppleWebKit/537.36 (KHTML, like Gecko) Chrome/90.0.4430.85 Safari/537.36 Edg/90.0.818.46"
36.133.115.36 - - [05/Jan/2026:08:27:52 +0800] "POST /wp-cron.php?doing_wp_cron=1767572871.9901130199432373046875 HTTP/1.1" 200 31 "-" "WordPress/6.8.3; http://cqqizhou.com"
52.167.144.23 - - [05/Jan/2026:08:27:52 +0800] "GET /sitemap_index.xml HTTP/1.1" 404 8982 "-" "Mozilla/5.0 AppleWebKit/537.36 (KHTML, like Gecko; compatible; bingbot/2.0; +http://www.bing.com/bingbot.htm) Chrome/116.0.1938.76 Safari/537.36"
36.133.115.36 - - [05/Jan/2026:08:38:21 +0800] "POST /wp-cron.php?doing_wp_cron=1767573501.3533968925476074218750 HTTP/1.1" 200 31 "-" "WordPress/6.8.3; http://cqqizhou.com"
36.133.108.121 - - [05/Jan/2026:08:38:21 +0800] "HEAD /user HTTP/1.1" 404 0 "-" "Mozilla/5.0 (compatible; MSIE 9.0; Windows NT 6.1; Trident/5.0; FunWebProducts)"
36.133.115.36 - - [05/Jan/2026:08:39:10 +0800] "POST /wp-cron.php?doing_wp_cron=1767573550.7115058898925781250000 HTTP/1.1" 200 31 "-" "WordPress/6.8.3; http://cqqizhou.com"
36.133.108.119 - - [05/Jan/2026:08:39:10 +0800] "HEAD / HTTP/1.1" 301 0 "-" "Mozilla/5.0 (compatible; MSIE 8.0; Windows NT 5.1; Trident/4.0; .NET CLR 1.1.4322; .NET CLR 2.0.50727)"
36.133.115.36 - - [05/Jan/2026:08:41:52 +0800] "POST /wp-cron.php?doing_wp_cron=1767573712.7858281135559082031250 HTTP/1.1" 200 31 "-" "WordPress/6.8.3; http://cqqizhou.com"
85.208.96.198 - - [05/Jan/2026:08:41:52 +0800] "GET /robots.txt HTTP/1.1" 200 190 "-" "Mozilla/5.0 (compatible; SemrushBot/7~bl; +http://www.semrush.com/bot.html)"
85.208.96.209 - - [05/Jan/2026:08:41:53 +0800] "GET /about/ HTTP/1.1" 200 29977 "-" "Mozilla/5.0 (compatible; SemrushBot/7~bl; +http://www.semrush.com/bot.html)"
220.181.108.175 - - [05/Jan/2026:08:45:00 +0800] "GET /about/ HTTP/1.1" 200 29977 "-" "Mozilla/5.0 (compatible; Baiduspider/2.0; +http://www.baidu.com/search/spider.html)"
116.179.37.159 - - [05/Jan/2026:08:45:03 +0800] "GET /wp-content/uploads/2025/07/1750945417-honor300%C3%97206_1.webp HTTP/1.1" 200 57666 "http://cqqizhou.com/about/" "Mozilla/5.0 (compatible; Baiduspider-render/2.0; +http://www.baidu.com/search/spider.html)"
36.133.115.36 - - [05/Jan/2026:08:46:41 +0800] "POST /wp-cron.php?doing_wp_cron=1767574001.2928678989410400390625 HTTP/1.1" 200 31 "-" "WordPress/6.8.3; http://cqqizhou.com"
35.203.210.66 - - [05/Jan/2026:08:46:41 +0800] "GET / HTTP/1.1" 200 34274 "-" "Hello from Palo Alto Networks, find out more about our scans in https://docs-cortex.paloaltonetworks.com/r/1/Cortex-Xpanse/Scanning-activity"
36.133.115.36 - - [05/Jan/2026:08:55:49 +0800] "POST /wp-cron.php?doing_wp_cron=1767574549.3772079944610595703125 HTTP/1.1" 200 31 "-" "WordPress/6.8.3; http://cqqizhou.com"
95.214.55.71 - - [05/Jan/2026:08:55:49 +0800] "GET / HTTP/1.1" 200 109842 "-" "python-requests/2.31.0"
36.133.115.36 - - [05/Jan/2026:09:01:17 +0800] "POST /wp-cron.php?doing_wp_cron=1767574877.5407180786132812500000 HTTP/1.1" 200 31 "-" "WordPress/6.8.3; http://cqqizhou.com"
167.94.138.200 - - [05/Jan/2026:09:01:17 +0800] "GET / HTTP/1.1" 301 5 "-" "Mozilla/5.0 (compatible; CensysInspect/1.1; +https://about.censys.io/)"
167.94.138.200 - - [05/Jan/2026:09:01:33 +0800] "GET /robots.txt HTTP/1.1" 200 190 "-" "Mozilla/5.0 (compatible; CensysInspect/1.1; +https://about.censys.io/)"
167.94.138.190 - - [05/Jan/2026:09:01:35 +0800] "GET /robots.txt HTTP/1.1" 200 190 "-" "Mozilla/5.0 (compatible; CensysInspect/1.1; +https://about.censys.io/)"
14.108.233.176 - - [05/Jan/2026:09:02:53 +0800] "GET / HTTP/1.1" 304 0 "-" "Mozilla/5.0 (Windows NT 10.0; Win64; x64) AppleWebKit/537.36 (KHTML, like Gecko) Chrome/143.0.0.0 Safari/537.36 Edg/143.0.0.0"
36.133.115.36 - - [05/Jan/2026:09:02:55 +0800] "POST /wp-cron.php?doing_wp_cron=1767574975.3408610820770263671875 HTTP/1.1" 200 31 "-" "WordPress/6.8.3; http://cqqizhou.com"
14.108.233.176 - - [05/Jan/2026:09:02:55 +0800] "GET /wp-json/sliderrevolution/sliders/1?srengine=7&slideid=3 HTTP/1.1" 200 2286 "http://cqqizhou.com/" "Mozilla/5.0 (Windows NT 10.0; Win64; x64) AppleWebKit/537.36 (KHTML, like Gecko) Chrome/143.0.0.0 Safari/537.36 Edg/143.0.0.0"
14.108.233.176 - - [05/Jan/2026:09:02:55 +0800] "GET /wp-json/sliderrevolution/sliders/1?srengine=7&slideid=2 HTTP/1.1" 200 2058 "http://cqqizhou.com/" "Mozilla/5.0 (Windows NT 10.0; Win64; x64) AppleWebKit/537.36 (KHTML, like Gecko) Chrome/143.0.0.0 Safari/537.36 Edg/143.0.0.0"
14.108.233.176 - - [05/Jan/2026:09:02:57 +0800] "GET /logistics/ HTTP/1.1" 304 0 "http://cqqizhou.com/" "Mozilla/5.0 (Windows NT 10.0; Win64; x64) AppleWebKit/537.36 (KHTML, like Gecko) Chrome/143.0.0.0 Safari/537.36 Edg/143.0.0.0"
14.108.233.176 - - [05/Jan/2026:09:02:57 +0800] "GET /wp-content/uploads/2026/01/1767530151-qizhoutruck2.webp HTTP/1.1" 304 0 "http://cqqizhou.com/logistics/" "Mozilla/5.0 (Windows NT 10.0; Win64; x64) AppleWebKit/537.36 (KHTML, like Gecko) Chrome/143.0.0.0 Safari/537.36 Edg/143.0.0.0"
14.108.233.176 - - [05/Jan/2026:09:02:57 +0800] "GET /wp-content/uploads/2026/01/1767530133-aojiaqiao20260102.webp HTTP/1.1" 304 0 "http://cqqizhou.com/wp-content/uploads/elementor/css/post-1959.css?ver=1767539350" "Mozilla/5.0 (Windows NT 10.0; Win64; x64) AppleWebKit/537.36 (KHTML, like Gecko) Chrome/143.0.0.0 Safari/537.36 Edg/143.0.0.0"
14.108.233.176 - - [05/Jan/2026:09:02:57 +0800] "GET /wp-json/contact-form-7/v1/contact-forms/1444/feedback/schema HTTP/1.1" 200 270 "http://cqqizhou.com/logistics/" "Mozilla/5.0 (Windows NT 10.0; Win64; x64) AppleWebKit/537.36 (KHTML, like Gecko) Chrome/143.0.0.0 Safari/537.36 Edg/143.0.0.0"
14.108.233.176 - - [05/Jan/2026:09:02:58 +0800] "GET /wp-json/contact-form-7/v1/contact-forms/1444/refill HTTP/1.1" 200 33 "http://cqqizhou.com/logistics/" "Mozilla/5.0 (Windows NT 10.0; Win64; x64) AppleWebKit/537.36 (KHTML, like Gecko) Chrome/143.0.0.0 Safari/537.36 Edg/143.0.0.0"
14.108.233.176 - - [05/Jan/2026:09:03:34 +0800] "GET /wp-content/uploads/2026/01/1767534397-4.2%E7%B1%B3%E4%BD%8E%E6%A0%8F%E8%B4%A7%E8%BD%A6.webp HTTP/1.1" 304 0 "http://cqqizhou.com/logistics/" "Mozilla/5.0 (Windows NT 10.0; Win64; x64) AppleWebKit/537.36 (KHTML, like Gecko) Chrome/143.0.0.0 Safari/537.36 Edg/143.0.0.0"
14.108.233.176 - - [05/Jan/2026:09:03:34 +0800] "GET /wp-content/uploads/2026/01/1767534398-6.8%E7%B1%B3%E9%AB%98%E6%A0%8F%E8%B4%A7%E8%BD%A6.webp HTTP/1.1" 304 0 "http://cqqizhou.com/logistics/" "Mozilla/5.0 (Windows NT 10.0; Win64; x64) AppleWebKit/537.36 (KHTML, like Gecko) Chrome/143.0.0.0 Safari/537.36 Edg/143.0.0.0"
14.108.233.176 - - [05/Jan/2026:09:03:34 +0800] "GET /wp-content/uploads/2026/01/1767534396-17.5%E7%B1%B3%E5%B9%B3%E6%9D%BF%E8%B4%A7%E8%BD%A6.webp HTTP/1.1" 304 0 "http://cqqizhou.com/logistics/" "Mozilla/5.0 (Windows NT 10.0; Win64; x64) AppleWebKit/537.36 (KHTML, like Gecko) Chrome/143.0.0.0 Safari/537.36 Edg/143.0.0.0"
36.133.115.36 - - [05/Jan/2026:09:04:10 +0800] "POST /wp-cron.php?doing_wp_cron=1767575050.3910009860992431640625 HTTP/1.1" 200 31 "-" "WordPress/6.8.3; http://cqqizhou.com"
40.124.175.166 - - [05/Jan/2026:09:04:10 +0800] "GET /ReportServer HTTP/1.1" 404 8980 "-" "Mozilla/5.0 zgrab/0.x"
91.224.92.121 - - [05/Jan/2026:09:05:51 +0800] "OPTIONS / HTTP/1.1" 405 552 "-" "Mozilla/5.0 (Windows NT 10.0; Win64; x64) AppleWebKit/537.36 (KHTML, like Gecko) Chrome/114.0.5735.199 Safari/537.36"
36.133.115.36 - - [05/Jan/2026:09:06:02 +0800] "POST /wp-cron.php?doing_wp_cron=1767575162.1396179199218750000000 HTTP/1.1" 200 31 "-" "WordPress/6.8.3; http://cqqizhou.com"
89.42.231.200 - - [05/Jan/2026:09:06:02 +0800] "GET /SDK/webLanguage HTTP/1.1" 301 5 "-" "Mozilla/5.0 (Windows NT 10.0; Win64; x64) AppleWebKit/537.36 (KHTML, like Gecko) Chrome/90.0.4430.85 Safari/537.36 Edg/90.0.818.46"
36.133.115.36 - - [05/Jan/2026:09:11:51 +0800] "POST /wp-cron.php?doing_wp_cron=1767575511.7841680049896240234375 HTTP/1.1" 200 31 "-" "WordPress/6.8.3; http://cqqizhou.com"
180.111.30.209 - - [05/Jan/2026:09:11:51 +0800] "GET / HTTP/1.1" 301 5 "-" "Mozilla/5.082584686 Mozilla/5.0 (iPhone; CPU iPhone OS 11_4_1 like Mac OS X) AppleWebKit/605.1.15 (KHTML, like Gecko) Version/11.0 Mobile/15E148 Safari/604.1"
36.250.220.10 - - [05/Jan/2026:09:11:54 +0800] "GET / HTTP/1.1" 200 34274 "-" "Mozilla/5.082584686 Mozilla/5.0 (iPhone; CPU iPhone OS 11_4_1 like Mac OS X) AppleWebKit/605.1.15 (KHTML, like Gecko) Version/11.0 Mobile/15E148 Safari/604.1"
36.133.115.36 - - [05/Jan/2026:09:14:17 +0800] "POST /wp-cron.php?doing_wp_cron=1767575657.4570150375366210937500 HTTP/1.1" 200 31 "-" "WordPress/6.8.3; http://cqqizhou.com"
152.42.188.148 - - [05/Jan/2026:09:14:17 +0800] "GET /.env HTTP/1.1" 404 8981 "-" "Go-http-client/1.1"
152.42.188.148 - - [05/Jan/2026:09:14:18 +0800] "GET /.env.local HTTP/1.1" 404 8981 "-" "Go-http-client/1.1"
152.42.188.148 - - [05/Jan/2026:09:14:19 +0800] "GET /.env.dev HTTP/1.1" 404 8981 "-" "Go-http-client/1.1"
152.42.188.148 - - [05/Jan/2026:09:14:20 +0800] "GET /.env.production HTTP/1.1" 404 8981 "-" "Go-http-client/1.1"
152.42.188.148 - - [05/Jan/2026:09:14:21 +0800] "GET /.env.bak HTTP/1.1" 404 8982 "-" "Go-http-client/1.1"
152.42.188.148 - - [05/Jan/2026:09:14:22 +0800] "GET /.env.old HTTP/1.1" 404 8982 "-" "Go-http-client/1.1"
152.42.188.148 - - [05/Jan/2026:09:14:22 +0800] "GET /.env.save HTTP/1.1" 404 8982 "-" "Go-http-client/1.1"
152.42.188.148 - - [05/Jan/2026:09:14:23 +0800] "GET /.env.example HTTP/1.1" 404 8982 "-" "Go-http-client/1.1"
152.42.188.148 - - [05/Jan/2026:09:14:23 +0800] "GET /.env.php HTTP/1.1" 404 47 "-" "Go-http-client/1.1"
152.42.188.148 - - [05/Jan/2026:09:14:24 +0800] "GET /.env.swp HTTP/1.1" 404 8983 "-" "Go-http-client/1.1"
152.42.188.148 - - [05/Jan/2026:09:14:25 +0800] "GET /.env~ HTTP/1.1" 404 8980 "-" "Go-http-client/1.1"
152.42.188.148 - - [05/Jan/2026:09:14:26 +0800] "GET /.env_1 HTTP/1.1" 404 8982 "-" "Go-http-client/1.1"
152.42.188.148 - - [05/Jan/2026:09:14:27 +0800] "GET /.env.dist HTTP/1.1" 404 8982 "-" "Go-http-client/1.1"
152.42.188.148 - - [05/Jan/2026:09:14:28 +0800] "GET /.env.setup HTTP/1.1" 404 8982 "-" "Go-http-client/1.1"
152.42.188.148 - - [05/Jan/2026:09:14:28 +0800] "GET /.git/config HTTP/1.1" 404 8982 "-" "Go-http-client/1.1"
152.42.188.148 - - [05/Jan/2026:09:14:29 +0800] "GET /.git/index HTTP/1.1" 404 8982 "-" "Go-http-client/1.1"
152.42.188.148 - - [05/Jan/2026:09:14:30 +0800] "GET /docker-compose.yml HTTP/1.1" 404 8981 "-" "Go-http-client/1.1"
152.42.188.148 - - [05/Jan/2026:09:14:31 +0800] "GET /Dockerfile HTTP/1.1" 404 8982 "-" "Go-http-client/1.1"
152.42.188.148 - - [05/Jan/2026:09:14:32 +0800] "GET /web.env HTTP/1.1" 404 8982 "-" "Go-http-client/1.1"
152.42.188.148 - - [05/Jan/2026:09:14:33 +0800] "GET /.dockerenv HTTP/1.1" 404 8982 "-" "Go-http-client/1.1"
152.42.188.148 - - [05/Jan/2026:09:14:34 +0800] "GET /core/.env HTTP/1.1" 404 8983 "-" "Go-http-client/1.1"
152.42.188.148 - - [05/Jan/2026:09:14:35 +0800] "GET /app/.env HTTP/1.1" 404 8981 "-" "Go-http-client/1.1"
152.42.188.148 - - [05/Jan/2026:09:14:36 +0800] "GET /api/.env HTTP/1.1" 404 8982 "-" "Go-http-client/1.1"
152.42.188.148 - - [05/Jan/2026:09:14:36 +0800] "GET /src/.env HTTP/1.1" 404 8982 "-" "Go-http-client/1.1"
152.42.188.148 - - [05/Jan/2026:09:14:37 +0800] "GET /config/.env HTTP/1.1" 404 8982 "-" "Go-http-client/1.1"
152.42.188.148 - - [05/Jan/2026:09:14:38 +0800] "GET /private/.env HTTP/1.1" 404 8982 "-" "Go-http-client/1.1"
152.42.188.148 - - [05/Jan/2026:09:14:39 +0800] "GET /web/.env HTTP/1.1" 404 8982 "-" "Go-http-client/1.1"
152.42.188.148 - - [05/Jan/2026:09:14:39 +0800] "GET /config/settings.php HTTP/1.1" 404 47 "-" "Go-http-client/1.1"
152.42.188.148 - - [05/Jan/2026:09:14:40 +0800] "GET /config/config.php HTTP/1.1" 404 47 "-" "Go-http-client/1.1"
152.42.188.148 - - [05/Jan/2026:09:14:40 +0800] "GET /config/database.php HTTP/1.1" 404 47 "-" "Go-http-client/1.1"
152.42.188.148 - - [05/Jan/2026:09:14:40 +0800] "GET /config/app.php HTTP/1.1" 404 47 "-" "Go-http-client/1.1"
152.42.188.148 - - [05/Jan/2026:09:14:40 +0800] "GET /config/services.php HTTP/1.1" 404 47 "-" "Go-http-client/1.1"
152.42.188.148 - - [05/Jan/2026:09:14:41 +0800] "GET /.env.local HTTP/1.1" 404 8982 "-" "Go-http-client/1.1"
152.42.188.148 - - [05/Jan/2026:09:14:42 +0800] "GET /.enc HTTP/1.1" 404 8982 "-" "Go-http-client/1.1"
152.42.188.148 - - [05/Jan/2026:09:14:43 +0800] "GET /config/settings.yml HTTP/1.1" 404 8982 "-" "Go-http-client/1.1"
152.42.188.148 - - [05/Jan/2026:09:14:44 +0800] "GET /config/database.yml HTTP/1.1" 404 8983 "-" "Go-http-client/1.1"
152.42.188.148 - - [05/Jan/2026:09:14:44 +0800] "GET /storage/.env HTTP/1.1" 404 8983 "-" "Go-http-client/1.1"
152.42.188.148 - - [05/Jan/2026:09:14:45 +0800] "GET /storage/logs/laravel.log HTTP/1.1" 404 8981 "-" "Go-http-client/1.1"
36.133.115.36 - - [05/Jan/2026:09:14:46 +0800] "POST /wp-cron.php?doing_wp_cron=1767575686.4063858985900878906250 HTTP/1.1" 200 31 "-" "WordPress/6.8.3; http://cqqizhou.com"
152.42.188.148 - - [05/Jan/2026:09:14:46 +0800] "GET /storage/logs/web.log HTTP/1.1" 404 8982 "-" "Go-http-client/1.1"
152.42.188.148 - - [05/Jan/2026:09:14:47 +0800] "GET /logs/error.log HTTP/1.1" 404 8982 "-" "Go-http-client/1.1"
152.42.188.148 - - [05/Jan/2026:09:14:48 +0800] "GET /logs/access.log HTTP/1.1" 404 8982 "-" "Go-http-client/1.1"
152.42.188.148 - - [05/Jan/2026:09:14:48 +0800] "GET /.vscode/settings.json HTTP/1.1" 404 8982 "-" "Go-http-client/1.1"
152.42.188.148 - - [05/Jan/2026:09:14:49 +0800] "GET /.idea/workspace.xml HTTP/1.1" 404 8982 "-" "Go-http-client/1.1"
152.42.188.148 - - [05/Jan/2026:09:14:50 +0800] "GET /package.json HTTP/1.1" 404 8981 "-" "Go-http-client/1.1"
152.42.188.148 - - [05/Jan/2026:09:14:51 +0800] "GET /composer.json HTTP/1.1" 404 8982 "-" "Go-http-client/1.1"
152.42.188.148 - - [05/Jan/2026:09:14:52 +0800] "GET /web.config HTTP/1.1" 404 8982 "-" "Go-http-client/1.1"
152.42.188.148 - - [05/Jan/2026:09:14:53 +0800] "GET /App.config HTTP/1.1" 404 8982 "-" "Go-http-client/1.1"
152.42.188.148 - - [05/Jan/2026:09:14:53 +0800] "GET /phpinfo.php HTTP/1.1" 404 47 "-" "Go-http-client/1.1"
152.42.188.148 - - [05/Jan/2026:09:14:53 +0800] "GET /info.php HTTP/1.1" 200 49 "-" "Go-http-client/1.1"
152.42.188.148 - - [05/Jan/2026:09:14:54 +0800] "GET /test.php HTTP/1.1" 404 47 "-" "Go-http-client/1.1"
152.42.188.148 - - [05/Jan/2026:09:14:54 +0800] "GET /debug.php HTTP/1.1" 404 47 "-" "Go-http-client/1.1"
152.42.188.148 - - [05/Jan/2026:09:14:54 +0800] "GET /version.php HTTP/1.1" 404 47 "-" "Go-http-client/1.1"
152.42.188.148 - - [05/Jan/2026:09:14:55 +0800] "GET /.env.zip HTTP/1.1" 404 8981 "-" "Go-http-client/1.1"
152.42.188.148 - - [05/Jan/2026:09:14:56 +0800] "GET /.env.tar.gz HTTP/1.1" 404 8982 "-" "Go-http-client/1.1"
152.42.188.148 - - [05/Jan/2026:09:14:57 +0800] "GET /.env.rar HTTP/1.1" 404 8982 "-" "Go-http-client/1.1"
152.42.188.148 - - [05/Jan/2026:09:14:57 +0800] "GET /env.txt HTTP/1.1" 200 19731 "-" "Go-http-client/1.1"
152.42.188.148 - - [05/Jan/2026:09:14:59 +0800] "GET /env.bak HTTP/1.1" 404 8982 "-" "Go-http-client/1.1"
152.42.188.148 - - [05/Jan/2026:09:15:00 +0800] "GET /backup.html HTTP/1.1" 404 8980 "-" "Go-http-client/1.1"
152.42.188.148 - - [05/Jan/2026:09:15:01 +0800] "GET /data.zip HTTP/1.1" 404 8981 "-" "Go-http-client/1.1"
152.42.188.148 - - [05/Jan/2026:09:15:02 +0800] "GET /sql.zip HTTP/1.1" 404 8981 "-" "Go-http-client/1.1"
152.42.188.148 - - [05/Jan/2026:09:15:04 +0800] "GET /.aws/credentials HTTP/1.1" 404 8982 "-" "Go-http-client/1.1"
152.42.188.148 - - [05/Jan/2026:09:15:05 +0800] "GET /.npmrc HTTP/1.1" 404 8981 "-" "Go-http-client/1.1"
152.42.188.148 - - [05/Jan/2026:09:15:06 +0800] "GET /.env.test HTTP/1.1" 404 8981 "-" "Go-http-client/1.1"
152.42.188.148 - - [05/Jan/2026:09:15:08 +0800] "GET /backup.sql HTTP/1.1" 404 8981 "-" "Go-http-client/1.1"
152.42.188.148 - - [05/Jan/2026:09:15:09 +0800] "GET /db.sql HTTP/1.1" 404 8981 "-" "Go-http-client/1.1"
152.42.188.148 - - [05/Jan/2026:09:15:11 +0800] "GET / HTTP/1.1" 301 5 "-" "Go-http-client/1.1"
14.108.233.176 - - [05/Jan/2026:09:15:56 +0800] "GET / HTTP/1.1" 304 0 "-" "Mozilla/5.0 (Windows NT 10.0; Win64; x64) AppleWebKit/537.36 (KHTML, like Gecko) Chrome/143.0.0.0 Safari/537.36 Edg/143.0.0.0"
36.133.115.36 - - [05/Jan/2026:09:15:57 +0800] "POST /wp-cron.php?doing_wp_cron=1767575757.8921129703521728515625 HTTP/1.1" 200 31 "-" "WordPress/6.8.3; http://cqqizhou.com"
14.108.233.176 - - [05/Jan/2026:09:15:57 +0800] "GET /wp-json/sliderrevolution/sliders/1?srengine=7&slideid=3 HTTP/1.1" 200 2286 "http://cqqizhou.com/" "Mozilla/5.0 (Windows NT 10.0; Win64; x64) AppleWebKit/537.36 (KHTML, like Gecko) Chrome/143.0.0.0 Safari/537.36 Edg/143.0.0.0"
14.108.233.176 - - [05/Jan/2026:09:15:57 +0800] "GET /wp-json/sliderrevolution/sliders/1?srengine=7&slideid=2 HTTP/1.1" 200 2058 "http://cqqizhou.com/" "Mozilla/5.0 (Windows NT 10.0; Win64; x64) AppleWebKit/537.36 (KHTML, like Gecko) Chrome/143.0.0.0 Safari/537.36 Edg/143.0.0.0"
14.108.233.176 - - [05/Jan/2026:09:16:17 +0800] "GET /wp-content/uploads/2025/12/1765268955-qizhou_Slider1_3840%C3%972160_20251210-scaled-50x100.webp HTTP/1.1" 200 1812 "http://cqqizhou.com/" "Mozilla/5.0 (Windows NT 10.0; Win64; x64) AppleWebKit/537.36 (KHTML, like Gecko) Chrome/143.0.0.0 Safari/537.36 Edg/143.0.0.0"
79.124.40.174 - - [05/Jan/2026:09:16:24 +0800] "GET /?XDEBUG_SESSION_START=phpstorm HTTP/1.1" 200 34273 "-" "Mozilla/5.0 (Windows NT 10.0; Win64; x64) AppleWebKit/537.36 (KHTML, like Gecko) Chrome/78.0.3904.108 Safari/537.36"
36.133.115.36 - - [05/Jan/2026:09:20:24 +0800] "POST /wp-cron.php?doing_wp_cron=1767576024.0714609622955322265625 HTTP/1.1" 200 31 "-" "WordPress/6.8.3; http://cqqizhou.com"
119.249.100.234 - - [05/Jan/2026:09:20:24 +0800] "GET /wp-content/uploads/2025/07/1753456723-%CB%AB%CF%E0%B8%D6roduct_Single600.webp HTTP/1.1" 404 31364 "http://www.cqqizhou.com/" "Mozilla/5.0 (Windows NT 10.0; WOW64) AppleWebKit/537.36 (KHTML, like Gecko) Chrome/48.0.2564.116 Safari/537.36"
119.249.100.238 - - [05/Jan/2026:09:20:24 +0800] "GET /wp-content/uploads/2025/07/1753456770-%C8%C8%B6%C6%D0%BF%BE%EDproduct_Single600.webp HTTP/1.1" 404 31364 "http://www.cqqizhou.com/" "Mozilla/5.0 (Windows NT 10.0; WOW64) AppleWebKit/537.36 (KHTML, like Gecko) Chrome/48.0.2564.116 Safari/537.36"
36.133.115.36 - - [05/Jan/2026:09:21:20 +0800] "POST /wp-cron.php?doing_wp_cron=1767576080.8474559783935546875000 HTTP/1.1" 200 31 "-" "WordPress/6.8.3; http://cqqizhou.com"
3.132.23.201 - - [05/Jan/2026:09:21:20 +0800] "GET / HTTP/1.1" 301 5 "-" "cypex.ai/scanning Mozilla/5.0 (Macintosh; Intel Mac OS X 10_15_7) Chrome/126.0.0.0 Safari/537.36"
14.108.233.176 - - [05/Jan/2026:09:21:29 +0800] "GET /wp-content/uploads/2025/11/1762864381-QZ_Photo-7-1536x1024.webp HTTP/1.1" 200 155402 "http://cqqizhou.com/logistics/" "Mozilla/5.0 (Windows NT 10.0; Win64; x64) AppleWebKit/537.36 (KHTML, like Gecko) Chrome/143.0.0.0 Safari/537.36 Edg/143.0.0.0"
14.108.233.176 - - [05/Jan/2026:09:22:05 +0800] "GET /services/ HTTP/1.1" 200 31631 "http://cqqizhou.com/logistics/" "Mozilla/5.0 (Windows NT 10.0; Win64; x64) AppleWebKit/537.36 (KHTML, like Gecko) Chrome/143.0.0.0 Safari/537.36 Edg/143.0.0.0"
36.133.115.36 - - [05/Jan/2026:09:22:16 +0800] "POST /wp-cron.php?doing_wp_cron=1767576136.5500340461730957031250 HTTP/1.1" 200 31 "-" "WordPress/6.8.3; http://cqqizhou.com"
3.132.23.201 - - [05/Jan/2026:09:22:16 +0800] "GET / HTTP/1.1" 301 5 "-" "cypex.ai/scanning Mozilla/5.0 (Macintosh; Intel Mac OS X 10_15_7) Chrome/126.0.0.0 Safari/537.36"
36.133.115.36 - - [05/Jan/2026:09:24:12 +0800] "POST /wp-cron.php?doing_wp_cron=1767576252.4438419342041015625000 HTTP/1.1" 200 31 "-" "WordPress/6.8.3; http://cqqizhou.com"
204.76.203.219 - - [05/Jan/2026:09:24:12 +0800] "GET / HTTP/1.1" 200 34274 "-" "Mozilla/5.0 (Windows NT 10.0; Win64; x64) AppleWebKit/537.36 (KHTML, like Gecko) Chrome/90.0.4430.85 Safari/537.36 Edg/90.0.818.46"
36.133.115.36 - - [05/Jan/2026:09:32:13 +0800] "POST /wp-cron.php?doing_wp_cron=1767576733.9407138824462890625000 HTTP/1.1" 200 31 "-" "WordPress/6.8.3; http://cqqizhou.com"
147.185.132.76 - - [05/Jan/2026:09:32:13 +0800] "GET / HTTP/1.0" 301 0 "-" "Hello from Palo Alto Networks, find out more about our scans in https://docs-cortex.paloaltonetworks.com/r/1/Cortex-Xpanse/Scanning-activity"
142.44.220.28 - - [05/Jan/2026:09:41:45 +0800] "GET / HTTP/1.1" 200 34699 "-" "Mozilla/5.0 (compatible; AhrefsBot/7.0; +http://ahrefs.com/robot/)"
36.133.115.36 - - [05/Jan/2026:09:45:39 +0800] "POST /wp-cron.php?doing_wp_cron=1767577539.7173800468444824218750 HTTP/1.1" 200 31 "-" "WordPress/6.8.3; http://cqqizhou.com"
95.215.0.144 - - [05/Jan/2026:09:45:40 +0800] "GET / HTTP/1.1" 200 110231 "-" "fasthttp"
95.215.0.144 - - [05/Jan/2026:09:45:41 +0800] "GET / HTTP/1.1" 200 110231 "-" "fasthttp"
46.161.50.108 - - [05/Jan/2026:09:45:42 +0800] "GET /aaa9 HTTP/1.1" 301 5 "-" "Mozilla/5.0 (Windows NT 10.0; Win64; x64) AppleWebKit/537.36 (KHTML, like Gecko) Chrome/70.0.3538.77 Safari/537.36"
95.215.0.144 - - [05/Jan/2026:09:45:43 +0800] "GET / HTTP/1.1" 200 110231 "-" "fasthttp"
46.161.50.108 - - [05/Jan/2026:09:45:43 +0800] "GET /aab9 HTTP/1.1" 301 5 "-" "Mozilla/5.0 (Windows NT 10.0; Win64; x64) AppleWebKit/537.36 (KHTML, like Gecko) Chrome/70.0.3538.77 Safari/537.36"
95.215.0.144 - - [05/Jan/2026:09:45:44 +0800] "GET / HTTP/1.1" 200 110231 "-" "fasthttp"
95.215.0.144 - - [05/Jan/2026:09:45:46 +0800] "GET / HTTP/1.1" 200 110231 "-" "fasthttp"
36.133.115.36 - - [05/Jan/2026:09:51:50 +0800] "POST /wp-cron.php?doing_wp_cron=1767577910.7222330570220947265625 HTTP/1.1" 200 31 "-" "WordPress/6.8.3; http://cqqizhou.com"
43.130.72.40 - - [05/Jan/2026:09:51:50 +0800] "GET / HTTP/1.1" 301 5 "-" "Mozilla/5.0 (iPhone; CPU iPhone OS 13_2_3 like Mac OS X) AppleWebKit/605.1.15 (KHTML, like Gecko) Version/13.0.3 Mobile/15E148 Safari/604.1"
43.130.72.40 - - [05/Jan/2026:09:51:53 +0800] "GET / HTTP/1.1" 200 34274 "http://www.cqqizhou.com" "Mozilla/5.0 (iPhone; CPU iPhone OS 13_2_3 like Mac OS X) AppleWebKit/605.1.15 (KHTML, like Gecko) Version/13.0.3 Mobile/15E148 Safari/604.1"
14.108.233.176 - - [05/Jan/2026:09:57:44 +0800] "GET / HTTP/1.1" 304 0 "-" "Mozilla/5.0 (Windows NT 10.0; Win64; x64) AppleWebKit/537.36 (KHTML, like Gecko) Chrome/143.0.0.0 Safari/537.36 Edg/143.0.0.0"
36.133.115.36 - - [05/Jan/2026:09:57:46 +0800] "POST /wp-cron.php?doing_wp_cron=1767578266.1759610176086425781250 HTTP/1.1" 200 31 "-" "WordPress/6.8.3; http://cqqizhou.com"
14.108.233.176 - - [05/Jan/2026:09:57:46 +0800] "GET /wp-json/sliderrevolution/sliders/1?srengine=7&slideid=3 HTTP/1.1" 200 2286 "http://cqqizhou.com/" "Mozilla/5.0 (Windows NT 10.0; Win64; x64) AppleWebKit/537.36 (KHTML, like Gecko) Chrome/143.0.0.0 Safari/537.36 Edg/143.0.0.0"
14.108.233.176 - - [05/Jan/2026:09:57:46 +0800] "GET /wp-json/sliderrevolution/sliders/1?srengine=7&slideid=2 HTTP/1.1" 200 2058 "http://cqqizhou.com/" "Mozilla/5.0 (Windows NT 10.0; Win64; x64) AppleWebKit/537.36 (KHTML, like Gecko) Chrome/143.0.0.0 Safari/537.36 Edg/143.0.0.0"
14.108.233.176 - - [05/Jan/2026:09:57:48 +0800] "GET /logistics/ HTTP/1.1" 304 0 "http://cqqizhou.com/" "Mozilla/5.0 (Windows NT 10.0; Win64; x64) AppleWebKit/537.36 (KHTML, like Gecko) Chrome/143.0.0.0 Safari/537.36 Edg/143.0.0.0"
14.108.233.176 - - [05/Jan/2026:09:57:49 +0800] "GET /wp-json/contact-form-7/v1/contact-forms/1444/feedback/schema HTTP/1.1" 200 270 "http://cqqizhou.com/logistics/" "Mozilla/5.0 (Windows NT 10.0; Win64; x64) AppleWebKit/537.36 (KHTML, like Gecko) Chrome/143.0.0.0 Safari/537.36 Edg/143.0.0.0"
14.108.233.176 - - [05/Jan/2026:09:57:49 +0800] "GET /wp-json/contact-form-7/v1/contact-forms/1444/refill HTTP/1.1" 200 33 "http://cqqizhou.com/logistics/" "Mozilla/5.0 (Windows NT 10.0; Win64; x64) AppleWebKit/537.36 (KHTML, like Gecko) Chrome/143.0.0.0 Safari/537.36 Edg/143.0.0.0"
85.90.208.132 - - [05/Jan/2026:10:11:02 +0800] "GET /portfolio-category/cold-rolled-coil/ HTTP/1.0" 200 75035 "http://cqqizhou.com/portfolio-category/cold-rolled-coil/" "Mozilla/5.0 (Windows NT 10.0; Win64; x64) AppleWebKit/537.36 (KHTML, like Gecko) Chrome/131.0.0.0 Safari/537.36 Avast/131.0.0.0"
36.133.115.36 - - [05/Jan/2026:10:11:09 +0800] "POST /wp-cron.php?doing_wp_cron=1767579069.4770669937133789062500 HTTP/1.1" 200 31 "-" "WordPress/6.8.3; http://cqqizhou.com"
85.90.208.132 - - [05/Jan/2026:10:11:09 +0800] "GET /wp-login.php?action=register HTTP/1.0" 302 0 "http://cqqizhou.com/wp-login.php?action=register" "Mozilla/5.0 (Windows NT 10.0; Win64; x64) AppleWebKit/537.36 (KHTML, like Gecko) Chrome/131.0.0.0 Safari/537.36 Avast/131.0.0.0"
85.90.208.132 - - [05/Jan/2026:10:11:13 +0800] "GET /wp-login.php?registration=disabled HTTP/1.0" 200 8840 "http://cqqizhou.com/wp-login.php?registration=disabled" "Mozilla/5.0 (Windows NT 10.0; Win64; x64) AppleWebKit/537.36 (KHTML, like Gecko) Chrome/131.0.0.0 Safari/537.36 Avast/131.0.0.0"
212.58.103.11 - - [05/Jan/2026:10:13:04 +0800] "GET / HTTP/1.0" 200 157653 "http://cqqizhou.com/" "Mozilla/5.0 (Windows NT 6.3; Win64; x64) AppleWebKit/537.36 (KHTML, like Gecko) Chrome/103.0.5060.53 Safari/537.36"
212.58.103.11 - - [05/Jan/2026:10:13:05 +0800] "GET /contacts/ HTTP/1.0" 200 78750 "http://cqqizhou.com/contacts/" "Mozilla/5.0 (Windows NT 6.3; Win64; x64) AppleWebKit/537.36 (KHTML, like Gecko) Chrome/103.0.5060.53 Safari/537.36"
36.133.115.36 - - [05/Jan/2026:10:17:16 +0800] "POST /wp-cron.php?doing_wp_cron=1767579436.5643889904022216796875 HTTP/1.1" 200 31 "-" "WordPress/6.8.3; http://cqqizhou.com"
204.76.203.219 - - [05/Jan/2026:10:17:16 +0800] "GET / HTTP/1.1" 200 34274 "-" "Mozilla/5.0 (Windows NT 10.0; Win64; x64) AppleWebKit/537.36 (KHTML, like Gecko) Chrome/90.0.4430.85 Safari/537.36 Edg/90.0.818.46"
36.133.115.36 - - [05/Jan/2026:10:19:13 +0800] "POST /wp-cron.php?doing_wp_cron=1767579553.3085899353027343750000 HTTP/1.1" 200 31 "-" "WordPress/6.8.3; http://cqqizhou.com"
93.158.90.30 - - [05/Jan/2026:10:19:13 +0800] "GET / HTTP/1.1" 200 34274 "-" "Mozilla/5.0 (iPhone; CPU iPhone OS 17_3_1 like Mac OS X) AppleWebKit/605.1.15 (KHTML, like Gecko) Version/17.3.1 Mobile/15E148 Safari/604"
93.158.90.30 - - [05/Jan/2026:10:19:16 +0800] "GET /portfolio-category/hot-dip-galvanized-coil/ HTTP/1.1" 200 17799 "-" "Mozilla/5.0 (iPhone; CPU iPhone OS 17_3_1 like Mac OS X) AppleWebKit/605.1.15 (KHTML, like Gecko) Version/17.3.1 Mobile/15E148 Safari/604"
93.158.90.46 - - [05/Jan/2026:10:19:19 +0800] "GET /portfolio/%e5%86%b7%e8%bd%a7%e6%9d%bf/ HTTP/1.1" 200 18750 "-" "Mozilla/5.0 (iPhone; CPU iPhone OS 17_3_1 like Mac OS X) AppleWebKit/605.1.15 (KHTML, like Gecko) Version/17.3.1 Mobile/15E148 Safari/604"
93.158.91.34 - - [05/Jan/2026:10:19:20 +0800] "GET /portfolio-category/cold-rolled-coil/ HTTP/1.1" 200 17802 "-" "Mozilla/5.0 (iPhone; CPU iPhone OS 17_3_1 like Mac OS X) AppleWebKit/605.1.15 (KHTML, like Gecko) Version/17.3.1 Mobile/15E148 Safari/604"
36.133.115.36 - - [05/Jan/2026:10:34:57 +0800] "POST /wp-cron.php?doing_wp_cron=1767580497.5636548995971679687500 HTTP/1.1" 200 31 "-" "WordPress/6.8.3; http://cqqizhou.com"
79.124.40.174 - - [05/Jan/2026:10:34:57 +0800] "GET /actuator/gateway/routes HTTP/1.1" 301 5 "-" "Mozilla/5.0 (Windows NT 10.0; Win64; x64) AppleWebKit/537.36 (KHTML, like Gecko) Chrome/78.0.3904.108 Safari/537.36"
79.124.40.174 - - [05/Jan/2026:10:34:58 +0800] "GET /actuator/gateway/routes HTTP/1.1" 404 8982 "http://36.133.115.36:80/actuator/gateway/routes" "Mozilla/5.0 (Windows NT 10.0; Win64; x64) AppleWebKit/537.36 (KHTML, like Gecko) Chrome/78.0.3904.108 Safari/537.36"
157.55.39.192 - - [05/Jan/2026:10:37:18 +0800] "GET /portfolio/hot-dip-galvanized-coil/ HTTP/1.1" 200 22324 "-" "Mozilla/5.0 AppleWebKit/537.36 (KHTML, like Gecko; compatible; bingbot/2.0; +http://www.bing.com/bingbot.htm) Chrome/116.0.1938.76 Safari/537.36"
36.133.115.36 - - [05/Jan/2026:10:38:56 +0800] "POST /wp-cron.php?doing_wp_cron=1767580736.4550149440765380859375 HTTP/1.1" 200 31 "-" "WordPress/6.8.3; http://cqqizhou.com"
68.183.217.184 - - [05/Jan/2026:10:38:56 +0800] "POST /hello.world?%ADd+allow_url_include%3d1+%ADd+auto_prepend_file%3dphp://input HTTP/1.1" 404 31364 "-" "libredtail-http"
68.183.217.184 - - [05/Jan/2026:10:38:58 +0800] "POST /?%ADd+allow_url_include%3d1+%ADd+auto_prepend_file%3dphp://input HTTP/1.1" 200 155928 "-" "libredtail-http"
68.183.217.184 - - [05/Jan/2026:10:38:59 +0800] "GET /vendor/phpunit/phpunit/src/Util/PHP/eval-stdin.php HTTP/1.1" 404 27 "-" "libredtail-http"
68.183.217.184 - - [05/Jan/2026:10:39:00 +0800] "GET /vendor/phpunit/phpunit/Util/PHP/eval-stdin.php HTTP/1.1" 404 27 "-" "libredtail-http"
68.183.217.184 - - [05/Jan/2026:10:39:00 +0800] "GET /vendor/phpunit/src/Util/PHP/eval-stdin.php HTTP/1.1" 404 27 "-" "libredtail-http"
68.183.217.184 - - [05/Jan/2026:10:39:01 +0800] "GET /vendor/phpunit/Util/PHP/eval-stdin.php HTTP/1.1" 404 27 "-" "libredtail-http"
68.183.217.184 - - [05/Jan/2026:10:39:02 +0800] "GET /vendor/phpunit/phpunit/LICENSE/eval-stdin.php HTTP/1.1" 404 27 "-" "libredtail-http"
68.183.217.184 - - [05/Jan/2026:10:39:03 +0800] "GET /vendor/vendor/phpunit/phpunit/src/Util/PHP/eval-stdin.php HTTP/1.1" 404 27 "-" "libredtail-http"
68.183.217.184 - - [05/Jan/2026:10:39:04 +0800] "GET /phpunit/phpunit/src/Util/PHP/eval-stdin.php HTTP/1.1" 404 27 "-" "libredtail-http"
68.183.217.184 - - [05/Jan/2026:10:39:05 +0800] "GET /phpunit/phpunit/Util/PHP/eval-stdin.php HTTP/1.1" 404 27 "-" "libredtail-http"
68.183.217.184 - - [05/Jan/2026:10:39:05 +0800] "GET /phpunit/src/Util/PHP/eval-stdin.php HTTP/1.1" 404 27 "-" "libredtail-http"
68.183.217.184 - - [05/Jan/2026:10:39:06 +0800] "GET /phpunit/Util/PHP/eval-stdin.php HTTP/1.1" 404 27 "-" "libredtail-http"
68.183.217.184 - - [05/Jan/2026:10:39:07 +0800] "GET /lib/phpunit/phpunit/src/Util/PHP/eval-stdin.php HTTP/1.1" 404 27 "-" "libredtail-http"
68.183.217.184 - - [05/Jan/2026:10:39:08 +0800] "GET /lib/phpunit/phpunit/Util/PHP/eval-stdin.php HTTP/1.1" 404 27 "-" "libredtail-http"
68.183.217.184 - - [05/Jan/2026:10:39:09 +0800] "GET /lib/phpunit/src/Util/PHP/eval-stdin.php HTTP/1.1" 404 27 "-" "libredtail-http"
68.183.217.184 - - [05/Jan/2026:10:39:09 +0800] "GET /lib/phpunit/Util/PHP/eval-stdin.php HTTP/1.1" 404 27 "-" "libredtail-http"
68.183.217.184 - - [05/Jan/2026:10:39:10 +0800] "GET /lib/vendor/phpunit/phpunit/src/Util/PHP/eval-stdin.php HTTP/1.1" 404 27 "-" "libredtail-http"
68.183.217.184 - - [05/Jan/2026:10:39:11 +0800] "GET /laravel/vendor/phpunit/phpunit/src/Util/PHP/eval-stdin.php HTTP/1.1" 404 27 "-" "libredtail-http"
68.183.217.184 - - [05/Jan/2026:10:39:12 +0800] "GET /www/vendor/phpunit/phpunit/src/Util/PHP/eval-stdin.php HTTP/1.1" 404 27 "-" "libredtail-http"
68.183.217.184 - - [05/Jan/2026:10:39:13 +0800] "GET /ws/vendor/phpunit/phpunit/src/Util/PHP/eval-stdin.php HTTP/1.1" 404 27 "-" "libredtail-http"
68.183.217.184 - - [05/Jan/2026:10:39:13 +0800] "GET /yii/vendor/phpunit/phpunit/src/Util/PHP/eval-stdin.php HTTP/1.1" 404 27 "-" "libredtail-http"
68.183.217.184 - - [05/Jan/2026:10:39:14 +0800] "GET /zend/vendor/phpunit/phpunit/src/Util/PHP/eval-stdin.php HTTP/1.1" 404 27 "-" "libredtail-http"
68.183.217.184 - - [05/Jan/2026:10:39:15 +0800] "GET /ws/ec/vendor/phpunit/phpunit/src/Util/PHP/eval-stdin.php HTTP/1.1" 404 27 "-" "libredtail-http"
68.183.217.184 - - [05/Jan/2026:10:39:16 +0800] "GET /V2/vendor/phpunit/phpunit/src/Util/PHP/eval-stdin.php HTTP/1.1" 404 27 "-" "libredtail-http"
68.183.217.184 - - [05/Jan/2026:10:39:17 +0800] "GET /tests/vendor/phpunit/phpunit/src/Util/PHP/eval-stdin.php HTTP/1.1" 404 27 "-" "libredtail-http"
68.183.217.184 - - [05/Jan/2026:10:39:18 +0800] "GET /test/vendor/phpunit/phpunit/src/Util/PHP/eval-stdin.php HTTP/1.1" 404 27 "-" "libredtail-http"
68.183.217.184 - - [05/Jan/2026:10:39:18 +0800] "GET /testing/vendor/phpunit/phpunit/src/Util/PHP/eval-stdin.php HTTP/1.1" 404 27 "-" "libredtail-http"
68.183.217.184 - - [05/Jan/2026:10:39:19 +0800] "GET /api/vendor/phpunit/phpunit/src/Util/PHP/eval-stdin.php HTTP/1.1" 404 27 "-" "libredtail-http"
68.183.217.184 - - [05/Jan/2026:10:39:20 +0800] "GET /demo/vendor/phpunit/phpunit/src/Util/PHP/eval-stdin.php HTTP/1.1" 404 27 "-" "libredtail-http"
68.183.217.184 - - [05/Jan/2026:10:39:21 +0800] "GET /cms/vendor/phpunit/phpunit/src/Util/PHP/eval-stdin.php HTTP/1.1" 404 27 "-" "libredtail-http"
68.183.217.184 - - [05/Jan/2026:10:39:21 +0800] "GET /crm/vendor/phpunit/phpunit/src/Util/PHP/eval-stdin.php HTTP/1.1" 404 27 "-" "libredtail-http"
68.183.217.184 - - [05/Jan/2026:10:39:22 +0800] "GET /admin/vendor/phpunit/phpunit/src/Util/PHP/eval-stdin.php HTTP/1.1" 404 27 "-" "libredtail-http"
68.183.217.184 - - [05/Jan/2026:10:39:23 +0800] "GET /backup/vendor/phpunit/phpunit/src/Util/PHP/eval-stdin.php HTTP/1.1" 404 27 "-" "libredtail-http"
68.183.217.184 - - [05/Jan/2026:10:39:23 +0800] "GET /blog/vendor/phpunit/phpunit/src/Util/PHP/eval-stdin.php HTTP/1.1" 404 27 "-" "libredtail-http"
68.183.217.184 - - [05/Jan/2026:10:39:24 +0800] "GET /workspace/drupal/vendor/phpunit/phpunit/src/Util/PHP/eval-stdin.php HTTP/1.1" 404 27 "-" "libredtail-http"
68.183.217.184 - - [05/Jan/2026:10:39:26 +0800] "GET /panel/vendor/phpunit/phpunit/src/Util/PHP/eval-stdin.php HTTP/1.1" 404 27 "-" "libredtail-http"
68.183.217.184 - - [05/Jan/2026:10:39:26 +0800] "GET /public/vendor/phpunit/phpunit/src/Util/PHP/eval-stdin.php HTTP/1.1" 404 27 "-" "libredtail-http"
68.183.217.184 - - [05/Jan/2026:10:39:27 +0800] "GET /apps/vendor/phpunit/phpunit/src/Util/PHP/eval-stdin.php HTTP/1.1" 404 27 "-" "libredtail-http"
68.183.217.184 - - [05/Jan/2026:10:39:28 +0800] "GET /app/vendor/phpunit/phpunit/src/Util/PHP/eval-stdin.php HTTP/1.1" 404 27 "-" "libredtail-http"
68.183.217.184 - - [05/Jan/2026:10:39:30 +0800] "GET /index.php?s=/index/\x5Cthink\x5Capp/invokefunction&function=call_user_func_array&vars[0]=md5&vars[1][]=Hello HTTP/1.1" 200 65604 "-" "libredtail-http"
68.183.217.184 - - [05/Jan/2026:10:39:31 +0800] "GET /public/index.php?s=/index/\x5Cthink\x5Capp/invokefunction&function=call_user_func_array&vars[0]=md5&vars[1][]=Hello HTTP/1.1" 404 27 "-" "libredtail-http"
68.183.217.184 - - [05/Jan/2026:10:39:33 +0800] "GET /index.php?lang=../../../../../../../../usr/local/lib/php/pearcmd&+config-create+/&/<?echo(md5(\x22hi\x22));?>+/tmp/index1.php HTTP/1.1" 200 155928 "-" "libredtail-http"
68.183.217.184 - - [05/Jan/2026:10:39:37 +0800] "GET /index.php?lang=../../../../../../../../tmp/index1 HTTP/1.1" 200 155928 "-" "libredtail-http"
68.183.217.184 - - [05/Jan/2026:10:39:40 +0800] "GET /containers/json HTTP/1.1" 301 5 "-" "libredtail-http"
68.183.217.184 - - [05/Jan/2026:10:39:42 +0800] "GET /containers/json HTTP/1.1" 301 5 "-" "libredtail-http"
36.133.115.36 - - [05/Jan/2026:10:47:12 +0800] "POST /wp-cron.php?doing_wp_cron=1767581232.0328390598297119140625 HTTP/1.1" 200 31 "-" "WordPress/6.8.3; http://cqqizhou.com"
139.9.55.116 - - [05/Jan/2026:10:47:12 +0800] "GET /cloud_admin/inc/webuploader/getRemoteImage.asp HTTP/1.1" 404 8981 "-" "Mozilla/5.0 (Windows NT 10.0; Win64; x64)"
36.133.115.36 - - [05/Jan/2026:10:53:43 +0800] "POST /wp-cron.php?doing_wp_cron=1767581623.6780169010162353515625 HTTP/1.1" 200 31 "-" "WordPress/6.8.3; http://cqqizhou.com"
114.119.151.89 - - [05/Jan/2026:10:53:43 +0800] "GET /wp-sitemap.xml HTTP/1.1" 501 253 "-" "Mozilla/5.0 (Linux; Android 7.0;) AppleWebKit/537.36 (KHTML, like Gecko) Mobile Safari/537.36 (compatible; PetalBot;+https://webmaster.petalsearch.com/site/petalbot)"
14.108.233.176 - - [05/Jan/2026:10:57:05 +0800] "GET / HTTP/1.1" 200 34699 "-" "Mozilla/5.0 (Windows NT 10.0; Win64; x64) AppleWebKit/537.36 (KHTML, like Gecko) Chrome/132.0.0.0 Safari/537.36"
14.108.233.176 - - [05/Jan/2026:10:57:07 +0800] "GET /wp-content/uploads/2025/12/1765268955-qizhou_Slider1_3840%C3%972160_20251210-scaled.webp HTTP/1.1" 200 152162 "http://cqqizhou.com/" "Mozilla/5.0 (Windows NT 10.0; Win64; x64) AppleWebKit/537.36 (KHTML, like Gecko) Chrome/132.0.0.0 Safari/537.36"
14.108.233.176 - - [05/Jan/2026:10:57:07 +0800] "GET /wp-content/uploads/2025/12/1765265398-qizhou_Slider_3840%C3%972160_20251209-scaled-50x100.webp HTTP/1.1" 200 2166 "http://cqqizhou.com/" "Mozilla/5.0 (Windows NT 10.0; Win64; x64) AppleWebKit/537.36 (KHTML, like Gecko) Chrome/132.0.0.0 Safari/537.36"
14.108.233.176 - - [05/Jan/2026:10:57:07 +0800] "GET /wp-content/uploads/revslider/slider-1/1750861156-logistics_Slider_3840%C3%972160_20250625191356-scaled-50x100.webp HTTP/1.1" 200 1416 "http://cqqizhou.com/" "Mozilla/5.0 (Windows NT 10.0; Win64; x64) AppleWebKit/537.36 (KHTML, like Gecko) Chrome/132.0.0.0 Safari/537.36"
14.108.233.176 - - [05/Jan/2026:10:57:08 +0800] "GET /wp-content/uploads/2025/07/1753456723-%E5%8F%8C%E7%9B%B8%E9%92%A2roduct_Single600.webp HTTP/1.1" 200 22790 "http://cqqizhou.com/" "Mozilla/5.0 (Windows NT 10.0; Win64; x64) AppleWebKit/537.36 (KHTML, like Gecko) Chrome/132.0.0.0 Safari/537.36"
14.108.233.176 - - [05/Jan/2026:10:57:08 +0800] "GET /wp-content/uploads/2025/07/1753456770-%E7%83%AD%E9%95%80%E9%94%8C%E5%8D%B7product_Single600.webp HTTP/1.1" 200 27502 "http://cqqizhou.com/" "Mozilla/5.0 (Windows NT 10.0; Win64; x64) AppleWebKit/537.36 (KHTML, like Gecko) Chrome/132.0.0.0 Safari/537.36"
14.108.233.176 - - [05/Jan/2026:10:57:08 +0800] "GET /wp-content/uploads/2025/07/1753453127-%E4%BD%99%E5%8D%B7product_Single600%C3%97284.webp HTTP/1.1" 200 18744 "http://cqqizhou.com/" "Mozilla/5.0 (Windows NT 10.0; Win64; x64) AppleWebKit/537.36 (KHTML, like Gecko) Chrome/132.0.0.0 Safari/537.36"
14.108.233.176 - - [05/Jan/2026:10:57:08 +0800] "GET /wp-content/uploads/2025/07/1753453096-%E5%8F%8C%E7%9B%B8%E9%92%A2product_Single600%C3%97284.webp HTTP/1.1" 200 14562 "http://cqqizhou.com/" "Mozilla/5.0 (Windows NT 10.0; Win64; x64) AppleWebKit/537.36 (KHTML, like Gecko) Chrome/132.0.0.0 Safari/537.36"
36.133.115.36 - - [05/Jan/2026:10:57:08 +0800] "POST /wp-cron.php?doing_wp_cron=1767581828.1442580223083496093750 HTTP/1.1" 200 31 "-" "WordPress/6.8.3; http://cqqizhou.com"
14.108.233.176 - - [05/Jan/2026:10:57:08 +0800] "GET /wp-json/sliderrevolution/sliders/1?srengine=7&slideid=2 HTTP/1.1" 200 2058 "http://cqqizhou.com/" "Mozilla/5.0 (Windows NT 10.0; Win64; x64) AppleWebKit/537.36 (KHTML, like Gecko) Chrome/132.0.0.0 Safari/537.36"
14.108.233.176 - - [05/Jan/2026:10:57:08 +0800] "GET /wp-json/sliderrevolution/sliders/1?srengine=7&slideid=3 HTTP/1.1" 200 2286 "http://cqqizhou.com/" "Mozilla/5.0 (Windows NT 10.0; Win64; x64) AppleWebKit/537.36 (KHTML, like Gecko) Chrome/132.0.0.0 Safari/537.36"
14.108.233.176 - - [05/Jan/2026:10:57:08 +0800] "GET /wp-content/uploads/revslider/slider-1/1750861156-logistics_Slider_3840%C3%972160_20250625191356-scaled.webp HTTP/1.1" 200 197360 "http://cqqizhou.com/" "Mozilla/5.0 (Windows NT 10.0; Win64; x64) AppleWebKit/537.36 (KHTML, like Gecko) Chrome/132.0.0.0 Safari/537.36"
14.108.233.176 - - [05/Jan/2026:10:57:08 +0800] "GET /wp-content/uploads/2025/12/1765265398-qizhou_Slider_3840%C3%972160_20251209-scaled.webp HTTP/1.1" 200 175208 "http://cqqizhou.com/" "Mozilla/5.0 (Windows NT 10.0; Win64; x64) AppleWebKit/537.36 (KHTML, like Gecko) Chrome/132.0.0.0 Safari/537.36"
14.108.233.176 - - [05/Jan/2026:10:57:09 +0800] "GET /logistics/ HTTP/1.1" 200 29813 "http://cqqizhou.com/" "Mozilla/5.0 (Windows NT 10.0; Win64; x64) AppleWebKit/537.36 (KHTML, like Gecko) Chrome/132.0.0.0 Safari/537.36"
14.108.233.176 - - [05/Jan/2026:10:57:09 +0800] "GET /wp-content/uploads/2026/01/1767530151-qizhoutruck2.webp HTTP/1.1" 200 10876 "http://cqqizhou.com/logistics/" "Mozilla/5.0 (Windows NT 10.0; Win64; x64) AppleWebKit/537.36 (KHTML, like Gecko) Chrome/132.0.0.0 Safari/537.36"
14.108.233.176 - - [05/Jan/2026:10:57:09 +0800] "GET /wp-content/uploads/2025/11/1762864381-QZ_Photo-7.webp HTTP/1.1" 200 129922 "http://cqqizhou.com/logistics/" "Mozilla/5.0 (Windows NT 10.0; Win64; x64) AppleWebKit/537.36 (KHTML, like Gecko) Chrome/132.0.0.0 Safari/537.36"
14.108.233.176 - - [05/Jan/2026:10:57:09 +0800] "GET /wp-content/uploads/2026/01/1767530133-aojiaqiao20260102.webp HTTP/1.1" 200 97174 "http://cqqizhou.com/wp-content/uploads/elementor/css/post-1959.css?ver=1767539350" "Mozilla/5.0 (Windows NT 10.0; Win64; x64) AppleWebKit/537.36 (KHTML, like Gecko) Chrome/132.0.0.0 Safari/537.36"
14.108.233.176 - - [05/Jan/2026:10:57:10 +0800] "GET /wp-content/uploads/logistics/Conatiner-5.webp HTTP/1.1" 200 63396 "http://cqqizhou.com/logistics/" "Mozilla/5.0 (Windows NT 10.0; Win64; x64) AppleWebKit/537.36 (KHTML, like Gecko) Chrome/132.0.0.0 Safari/537.36"
14.108.233.176 - - [05/Jan/2026:10:57:10 +0800] "GET /wp-json/contact-form-7/v1/contact-forms/1444/feedback/schema HTTP/1.1" 200 270 "http://cqqizhou.com/logistics/" "Mozilla/5.0 (Windows NT 10.0; Win64; x64) AppleWebKit/537.36 (KHTML, like Gecko) Chrome/132.0.0.0 Safari/537.36"
14.108.233.176 - - [05/Jan/2026:10:57:10 +0800] "GET /wp-json/contact-form-7/v1/contact-forms/1444/refill HTTP/1.1" 200 33 "http://cqqizhou.com/logistics/" "Mozilla/5.0 (Windows NT 10.0; Win64; x64) AppleWebKit/537.36 (KHTML, like Gecko) Chrome/132.0.0.0 Safari/537.36"
14.108.233.176 - - [05/Jan/2026:10:57:11 +0800] "POST /wp-admin/admin-ajax.php HTTP/1.1" 200 100 "http://cqqizhou.com/logistics/" "Mozilla/5.0 (Windows NT 10.0; Win64; x64) AppleWebKit/537.36 (KHTML, like Gecko) Chrome/132.0.0.0 Safari/537.36"
14.108.233.176 - - [05/Jan/2026:10:57:11 +0800] "POST /wp-admin/admin-ajax.php HTTP/1.1" 200 500 "http://cqqizhou.com/logistics/" "Mozilla/5.0 (Windows NT 10.0; Win64; x64) AppleWebKit/537.36 (KHTML, like Gecko) Chrome/132.0.0.0 Safari/537.36"
123.6.49.47 - - [05/Jan/2026:10:57:16 +0800] "GET / HTTP/1.1" 200 34273 "-" "Mozilla/5.0 (Linux; Android 10; HUAWEI P30 Pro) AppleWebKit/537.36 (KHTML, like Gecko) Chrome/89.0.4389.105 Mobile Safari/537.36"
14.108.233.176 - - [05/Jan/2026:10:57:17 +0800] "GET /wp-content/uploads/2025/07/1753407887-Logistics_Banner2000%C3%97400px-%E6%8B%B7%E8%B4%9D.webp HTTP/1.1" 200 18866 "http://cqqizhou.com/wp-content/uploads/elementor/css/post-1959.css?ver=1767539350" "Mozilla/5.0 (Windows NT 10.0; Win64; x64) AppleWebKit/537.36 (KHTML, like Gecko) Chrome/132.0.0.0 Safari/537.36"
14.108.233.176 - - [05/Jan/2026:10:57:17 +0800] "GET /wp-content/uploads/2026/01/1767534397-4.2%E7%B1%B3%E4%BD%8E%E6%A0%8F%E8%B4%A7%E8%BD%A6.webp HTTP/1.1" 200 91652 "http://cqqizhou.com/logistics/" "Mozilla/5.0 (Windows NT 10.0; Win64; x64) AppleWebKit/537.36 (KHTML, like Gecko) Chrome/132.0.0.0 Safari/537.36"
14.108.233.176 - - [05/Jan/2026:10:57:17 +0800] "GET /wp-content/uploads/2026/01/1767534396-17.5%E7%B1%B3%E5%B9%B3%E6%9D%BF%E8%B4%A7%E8%BD%A6.webp HTTP/1.1" 200 118248 "http://cqqizhou.com/logistics/" "Mozilla/5.0 (Windows NT 10.0; Win64; x64) AppleWebKit/537.36 (KHTML, like Gecko) Chrome/132.0.0.0 Safari/537.36"
14.108.233.176 - - [05/Jan/2026:10:57:17 +0800] "GET /wp-content/uploads/2026/01/1767534398-6.8%E7%B1%B3%E9%AB%98%E6%A0%8F%E8%B4%A7%E8%BD%A6.webp HTTP/1.1" 200 113794 "http://cqqizhou.com/logistics/" "Mozilla/5.0 (Windows NT 10.0; Win64; x64) AppleWebKit/537.36 (KHTML, like Gecko) Chrome/132.0.0.0 Safari/537.36"
123.6.49.18 - - [05/Jan/2026:10:57:18 +0800] "GET /wp-content/uploads/2025/07/1751425283-qizhou.kf_.qq_.com_.webp HTTP/1.1" 200 16864 "http://cqqizhou.com/" "Mozilla/5.0 (Linux; Android 10; HUAWEI P30 Pro) AppleWebKit/537.36 (KHTML, like Gecko) Chrome/89.0.4389.105 Mobile Safari/537.36"
123.6.49.18 - - [05/Jan/2026:10:57:18 +0800] "GET /wp-content/uploads/2025/07/1753456723-%E5%8F%8C%E7%9B%B8%E9%92%A2roduct_Single600.webp HTTP/1.1" 200 22790 "http://cqqizhou.com/" "Mozilla/5.0 (Linux; Android 10; HUAWEI P30 Pro) AppleWebKit/537.36 (KHTML, like Gecko) Chrome/89.0.4389.105 Mobile Safari/537.36"
123.6.49.18 - - [05/Jan/2026:10:57:18 +0800] "GET /wp-content/uploads/2025/07/1753453096-%E5%8F%8C%E7%9B%B8%E9%92%A2product_Single600%C3%97284.webp HTTP/1.1" 200 14562 "http://cqqizhou.com/" "Mozilla/5.0 (Linux; Android 10; HUAWEI P30 Pro) AppleWebKit/537.36 (KHTML, like Gecko) Chrome/89.0.4389.105 Mobile Safari/537.36"
123.6.49.18 - - [05/Jan/2026:10:57:18 +0800] "GET /wp-content/uploads/2025/07/1753456770-%E7%83%AD%E9%95%80%E9%94%8C%E5%8D%B7product_Single600.webp HTTP/1.1" 200 27502 "http://cqqizhou.com/" "Mozilla/5.0 (Linux; Android 10; HUAWEI P30 Pro) AppleWebKit/537.36 (KHTML, like Gecko) Chrome/89.0.4389.105 Mobile Safari/537.36"
123.6.49.18 - - [05/Jan/2026:10:57:18 +0800] "GET /wp-content/uploads/2025/07/1753453127-%E4%BD%99%E5%8D%B7product_Single600%C3%97284.webp HTTP/1.1" 200 18744 "http://cqqizhou.com/" "Mozilla/5.0 (Linux; Android 10; HUAWEI P30 Pro) AppleWebKit/537.36 (KHTML, like Gecko) Chrome/89.0.4389.105 Mobile Safari/537.36"
123.6.49.18 - - [05/Jan/2026:10:57:18 +0800] "GET /wp-content/uploads/2025/07/1753454089-Article_images_W900px-768x432.webp HTTP/1.1" 200 28786 "http://cqqizhou.com/" "Mozilla/5.0 (Linux; Android 10; HUAWEI P30 Pro) AppleWebKit/537.36 (KHTML, like Gecko) Chrome/89.0.4389.105 Mobile Safari/537.36"
123.6.49.18 - - [05/Jan/2026:10:57:18 +0800] "GET /wp-content/uploads/2025/07/1753454299-Article_images_W900px-768x432.webp HTTP/1.1" 200 53850 "http://cqqizhou.com/" "Mozilla/5.0 (Linux; Android 10; HUAWEI P30 Pro) AppleWebKit/537.36 (KHTML, like Gecko) Chrome/89.0.4389.105 Mobile Safari/537.36"
123.6.49.15 - - [05/Jan/2026:10:57:29 +0800] "GET / HTTP/1.1" 200 34273 "-" "Mozilla/5.0 (Linux; Android 11; V2055A) AppleWebKit/537.36 (KHTML, like Gecko) Chrome/91.0.4472.101 Mobile Safari/537.36"
27.115.124.38 - - [05/Jan/2026:10:57:29 +0800] "GET /logistics/ HTTP/1.1" 200 23994 "-" "Mozilla/5.0 (Linux; Android 11; V2055A) AppleWebKit/537.36 (KHTML, like Gecko) Chrome/91.0.4472.101 Mobile Safari/537.36"
27.115.124.38 - - [05/Jan/2026:10:57:30 +0800] "GET /wp-content/uploads/2026/01/1767530151-qizhoutruck2.webp HTTP/1.1" 200 10876 "http://cqqizhou.com/logistics/" "Mozilla/5.0 (Linux; Android 11; V2055A) AppleWebKit/537.36 (KHTML, like Gecko) Chrome/91.0.4472.101 Mobile Safari/537.36"
