14.108.234.20 - - [31/Dec/2025:17:03:52 +0800] "GET /wp-content/uploads/2025/07/1753453127-%E4%BD%99%E5%8D%B7product_Single600%C3%97284.webp HTTP/1.1" 200 18744 "http://cqqizhou.com/" "Mozilla/5.0 (Windows NT 10.0; Win64; x64) AppleWebKit/537.36 (KHTML, like Gecko) Chrome/143.0.0.0 Safari/537.36 Edg/143.0.0.0"
36.133.115.36 - - [31/Dec/2025:17:03:52 +0800] "POST /wp-cron.php?doing_wp_cron=1767171832.8036139011383056640625 HTTP/1.1" 200 31 "-" "WordPress/6.8.3; http://cqqizhou.com"
36.133.115.36 - - [31/Dec/2025:17:03:52 +0800] "POST /wp-cron.php?doing_wp_cron=1767171832.8045489788055419921875 HTTP/1.1" 200 31 "-" "WordPress/6.8.3; http://cqqizhou.com"
14.108.234.20 - - [31/Dec/2025:17:03:52 +0800] "GET /wp-json/sliderrevolution/sliders/1?srengine=7&slideid=3 HTTP/1.1" 200 2286 "http://cqqizhou.com/" "Mozilla/5.0 (Windows NT 10.0; Win64; x64) AppleWebKit/537.36 (KHTML, like Gecko) Chrome/143.0.0.0 Safari/537.36 Edg/143.0.0.0"
14.108.234.20 - - [31/Dec/2025:17:03:52 +0800] "GET /wp-json/sliderrevolution/sliders/1?srengine=7&slideid=2 HTTP/1.1" 200 2058 "http://cqqizhou.com/" "Mozilla/5.0 (Windows NT 10.0; Win64; x64) AppleWebKit/537.36 (KHTML, like Gecko) Chrome/143.0.0.0 Safari/537.36 Edg/143.0.0.0"
14.108.234.20 - - [31/Dec/2025:17:03:52 +0800] "GET /wp-content/uploads/2025/12/1765265398-qizhou_Slider_3840%C3%972160_20251209-scaled.webp HTTP/1.1" 200 175208 "http://cqqizhou.com/" "Mozilla/5.0 (Windows NT 10.0; Win64; x64) AppleWebKit/537.36 (KHTML, like Gecko) Chrome/143.0.0.0 Safari/537.36 Edg/143.0.0.0"
14.108.234.20 - - [31/Dec/2025:17:03:52 +0800] "GET /wp-content/uploads/revslider/slider-1/1750861156-logistics_Slider_3840%C3%972160_20250625191356-scaled.webp HTTP/1.1" 200 197360 "http://cqqizhou.com/" "Mozilla/5.0 (Windows NT 10.0; Win64; x64) AppleWebKit/537.36 (KHTML, like Gecko) Chrome/143.0.0.0 Safari/537.36 Edg/143.0.0.0"
14.108.234.20 - - [31/Dec/2025:17:03:54 +0800] "GET /media/ HTTP/1.1" 200 30193 "http://cqqizhou.com/" "Mozilla/5.0 (Windows NT 10.0; Win64; x64) AppleWebKit/537.36 (KHTML, like Gecko) Chrome/143.0.0.0 Safari/537.36 Edg/143.0.0.0"
14.108.234.20 - - [31/Dec/2025:17:03:54 +0800] "GET /wp-content/uploads/2025/11/1762861549-%E5%85%A8%E6%99%AF%E5%90%AF%E8%88%9F%E5%9D%A4%E7%85%8C%E5%BA%93.webp HTTP/1.1" 200 18812 "http://cqqizhou.com/media/" "Mozilla/5.0 (Windows NT 10.0; Win64; x64) AppleWebKit/537.36 (KHTML, like Gecko) Chrome/143.0.0.0 Safari/537.36 Edg/143.0.0.0"
14.108.234.20 - - [31/Dec/2025:17:03:54 +0800] "GET /wp-content/uploads/2025/11/1762861550-%E4%B8%87%E5%98%89%E7%9B%9B%E5%BA%93%E5%85%A8%E6%99%AF%E5%9B%BE.webp HTTP/1.1" 200 24278 "http://cqqizhou.com/media/" "Mozilla/5.0 (Windows NT 10.0; Win64; x64) AppleWebKit/537.36 (KHTML, like Gecko) Chrome/143.0.0.0 Safari/537.36 Edg/143.0.0.0"
14.108.234.20 - - [31/Dec/2025:17:03:54 +0800] "GET /wp-content/uploads/media/qizhou_Brochure.webp HTTP/1.1" 200 26142 "http://cqqizhou.com/media/" "Mozilla/5.0 (Windows NT 10.0; Win64; x64) AppleWebKit/537.36 (KHTML, like Gecko) Chrome/143.0.0.0 Safari/537.36 Edg/143.0.0.0"
36.133.115.36 - - [31/Dec/2025:17:04:49 +0800] "POST /wp-cron.php?doing_wp_cron=1767171889.6479270458221435546875 HTTP/1.1" 200 31 "-" "WordPress/6.8.3; http://cqqizhou.com"
36.133.108.121 - - [31/Dec/2025:17:04:49 +0800] "HEAD / HTTP/1.1" 301 0 "-" "Mozilla/1.22 (compatible; MSIE 10.0; Windows 3.1)"
36.133.115.36 - - [31/Dec/2025:17:37:09 +0800] "POST /wp-cron.php?doing_wp_cron=1767173829.2701981067657470703125 HTTP/1.1" 200 31 "-" "WordPress/6.8.3; http://cqqizhou.com"
204.76.203.219 - - [31/Dec/2025:17:37:09 +0800] "GET / HTTP/1.1" 200 33679 "-" "Mozilla/5.0 (Windows NT 10.0; Win64; x64) AppleWebKit/537.36 (KHTML, like Gecko) Chrome/90.0.4430.85 Safari/537.36 Edg/90.0.818.46"
36.133.115.36 - - [31/Dec/2025:17:40:11 +0800] "POST /wp-cron.php?doing_wp_cron=1767174010.9942500591278076171875 HTTP/1.1" 200 31 "-" "WordPress/6.8.3; http://cqqizhou.com"
207.154.250.140 - - [31/Dec/2025:17:40:11 +0800] "POST /xmlrpc.php HTTP/1.1" 200 217 "-" "Mozilla/5.0 (Windows NT 10.0; Win64; x64; rv:56.0) Gecko/20100101 Firefox/56.0"
36.133.115.36 - - [31/Dec/2025:17:48:44 +0800] "POST /wp-cron.php?doing_wp_cron=1767174524.5471820831298828125000 HTTP/1.1" 200 31 "-" "WordPress/6.8.3; http://cqqizhou.com"
38.46.221.123 - - [31/Dec/2025:17:48:44 +0800] "GET http://check.9tb.org/ HTTP/1.1" 301 5 "-" "Go-http-client/1.1"
38.46.221.123 - - [31/Dec/2025:17:48:44 +0800] "GET http://cqqizhou.com/ HTTP/1.1" 200 34110 "http://check.9tb.org" "Go-http-client/1.1"
36.133.115.36 - - [31/Dec/2025:17:56:31 +0800] "POST /wp-cron.php?doing_wp_cron=1767174991.7767291069030761718750 HTTP/1.1" 200 31 "-" "WordPress/6.8.3; http://cqqizhou.com"
14.108.234.20 - - [31/Dec/2025:17:56:31 +0800] "GET /wp-json/sliderrevolution/sliders/1?srengine=7&slideid=3 HTTP/1.1" 200 2286 "http://cqqizhou.com/" "Mozilla/5.0 (Windows NT 10.0; Win64; x64) AppleWebKit/537.36 (KHTML, like Gecko) Chrome/143.0.0.0 Safari/537.36 Edg/143.0.0.0"
14.108.234.20 - - [31/Dec/2025:17:56:31 +0800] "GET /wp-json/sliderrevolution/sliders/1?srengine=7&slideid=2 HTTP/1.1" 200 2058 "http://cqqizhou.com/" "Mozilla/5.0 (Windows NT 10.0; Win64; x64) AppleWebKit/537.36 (KHTML, like Gecko) Chrome/143.0.0.0 Safari/537.36 Edg/143.0.0.0"
14.108.234.20 - - [31/Dec/2025:17:56:32 +0800] "GET /wp-content/uploads/2025/07/1750174127-Marketing1920x800_3.webp HTTP/1.1" 200 52790 "http://cqqizhou.com/wp-content/uploads/elementor/css/post-1666.css?ver=1765890155" "Mozilla/5.0 (Windows NT 10.0; Win64; x64) AppleWebKit/537.36 (KHTML, like Gecko) Chrome/143.0.0.0 Safari/537.36 Edg/143.0.0.0"
14.108.234.20 - - [31/Dec/2025:17:56:40 +0800] "GET /wp-content/uploads/2025/12/1765268955-qizhou_Slider1_3840%C3%972160_20251210-scaled-50x100.webp HTTP/1.1" 200 1812 "http://cqqizhou.com/" "Mozilla/5.0 (Windows NT 10.0; Win64; x64) AppleWebKit/537.36 (KHTML, like Gecko) Chrome/143.0.0.0 Safari/537.36 Edg/143.0.0.0"
14.108.234.20 - - [31/Dec/2025:17:56:45 +0800] "GET /wp-content/uploads/2025/07/1751829454-Smart-warehousing800x500.webp HTTP/1.1" 200 79504 "http://cqqizhou.com/wp-content/uploads/elementor/css/post-1666.css?ver=1765890155" "Mozilla/5.0 (Windows NT 10.0; Win64; x64) AppleWebKit/537.36 (KHTML, like Gecko) Chrome/143.0.0.0 Safari/537.36 Edg/143.0.0.0"
14.108.234.20 - - [31/Dec/2025:17:56:45 +0800] "GET /wp-content/uploads/2025/07/1753454089-Article_images_W900px.webp HTTP/1.1" 200 27552 "http://cqqizhou.com/" "Mozilla/5.0 (Windows NT 10.0; Win64; x64) AppleWebKit/537.36 (KHTML, like Gecko) Chrome/143.0.0.0 Safari/537.36 Edg/143.0.0.0"
14.108.234.20 - - [31/Dec/2025:17:56:45 +0800] "GET /wp-content/uploads/2025/07/1753454299-Article_images_W900px.webp HTTP/1.1" 200 52418 "http://cqqizhou.com/" "Mozilla/5.0 (Windows NT 10.0; Win64; x64) AppleWebKit/537.36 (KHTML, like Gecko) Chrome/143.0.0.0 Safari/537.36 Edg/143.0.0.0"
14.108.234.20 - - [31/Dec/2025:17:56:45 +0800] "GET /wp-content/uploads/2025/07/1751988544-Logistics-delivery_images_W900%C3%97300.webp HTTP/1.1" 200 26142 "http://cqqizhou.com/wp-content/uploads/elementor/css/post-1666.css?ver=1765890155" "Mozilla/5.0 (Windows NT 10.0; Win64; x64) AppleWebKit/537.36 (KHTML, like Gecko) Chrome/143.0.0.0 Safari/537.36 Edg/143.0.0.0"
69.58.4.36 - - [31/Dec/2025:18:01:27 +0800] "GET / HTTP/1.1" 200 34110 "-" "Mozilla/5.0 (Windows NT 10.0; Win64; x64) AppleWebKit/537.36 (KHTML, like Gecko) Chrome/114.0.0.0 YaBrowser/22.7.0 Yowser/2.5 Safari/537.36"
69.58.4.36 - - [31/Dec/2025:18:01:29 +0800] "GET /contacts/ HTTP/1.1" 200 21595 "http://cqqizhou.com" "Mozilla/5.0 (Windows NT 10.0; Win64; x64) AppleWebKit/537.36 (KHTML, like Gecko) Chrome/114.0.0.0 YaBrowser/22.7.0 Yowser/2.5 Safari/537.36"
36.133.115.36 - - [31/Dec/2025:18:01:31 +0800] "POST /wp-cron.php?doing_wp_cron=1767175291.7396531105041503906250 HTTP/1.1" 200 31 "-" "WordPress/6.8.3; http://cqqizhou.com"
69.58.4.36 - - [31/Dec/2025:18:01:31 +0800] "GET /bug HTTP/1.1" 301 5 "http://cqqizhou.com" "Mozilla/5.0 (Windows NT 10.0; Win64; x64) AppleWebKit/537.36 (KHTML, like Gecko) Chrome/114.0.0.0 YaBrowser/22.7.0 Yowser/2.5 Safari/537.36"
69.58.4.36 - - [31/Dec/2025:18:01:32 +0800] "GET /bug/ HTTP/1.1" 200 12840 "http://cqqizhou.com/bug" "Mozilla/5.0 (Windows NT 10.0; Win64; x64) AppleWebKit/537.36 (KHTML, like Gecko) Chrome/114.0.0.0 YaBrowser/22.7.0 Yowser/2.5 Safari/537.36"
69.58.4.36 - - [31/Dec/2025:18:01:36 +0800] "POST /wp-json/contact-form-7/v1/contact-forms/158/feedback HTTP/1.1" 200 219 "http://cqqizhou.com/contacts/" "Mozilla/5.0 (Windows NT 10.0; Win64; x64) AppleWebKit/537.36 (KHTML, like Gecko) Chrome/114.0.0.0 YaBrowser/22.7.0 Yowser/2.5 Safari/537.36"
36.133.115.36 - - [31/Dec/2025:18:03:25 +0800] "POST /wp-cron.php?doing_wp_cron=1767175405.1033360958099365234375 HTTP/1.1" 200 31 "-" "WordPress/6.8.3; http://cqqizhou.com"
78.153.140.151 - - [31/Dec/2025:18:03:25 +0800] "GET /.env HTTP/1.1" 404 31364 "-" "Mozilla/5.0 (Android 4.4.2; Tablet; rv:54.0) Gecko/54.0 Firefox/54.0"
78.153.140.151 - - [31/Dec/2025:18:03:26 +0800] "GET /api/.env HTTP/1.1" 404 31364 "-" "Mozilla/5.0 (iPhone; U; CPU like Mac OS X; en) AppleWebKit/420.1 (KHTML, like Gecko) Version/3.0 Mobile/4A102 Safari/419 (United States)"
78.153.140.151 - - [31/Dec/2025:18:03:28 +0800] "GET /backend/.env HTTP/1.1" 404 31364 "-" "Mozilla/5.0 (Linux; Android 5.1.1; Alcatel_4060A Build/LMY47V; wv) AppleWebKit/537.36 (KHTML, like Gecko) Version/4.0 Chrome/46.0.2490.76 Mobile Safari/537.36"
78.153.140.151 - - [31/Dec/2025:18:03:30 +0800] "GET /admin/.env HTTP/1.1" 404 31364 "-" "Mozilla/5.0 (X11; U; Linux i686; en-US; rv:1.9.2) Gecko/20100128 Gentoo Firefox/3.6"
78.153.140.151 - - [31/Dec/2025:18:03:33 +0800] "GET /.env.example HTTP/1.1" 404 31364 "-" "Mozilla/5.0 (Windows NT 5.1; rv:50.0) Gecko/20100101 Firefox/50.0"
78.153.140.151 - - [31/Dec/2025:18:03:34 +0800] "GET /app_dev.php/_profiler/phpinfo HTTP/1.1" 404 31364 "-" "Mozilla/5.0 (Windows NT 6.2; rv:35.0) Gecko/20100101 Firefox/35.0"
14.108.234.20 - - [31/Dec/2025:18:07:17 +0800] "GET /wp-content/uploads/2025/07/1750174127-Marketing1920x800_3.webp HTTP/1.1" 200 52790 "http://cqqizhou.com/wp-content/uploads/elementor/css/post-1666.css?ver=1765890155" "Mozilla/5.0 (Windows NT 10.0; Win64; x64) AppleWebKit/537.36 (KHTML, like Gecko) Chrome/143.0.0.0 Safari/537.36 Edg/143.0.0.0"
36.133.115.36 - - [31/Dec/2025:18:07:17 +0800] "POST /wp-cron.php?doing_wp_cron=1767175637.2106649875640869140625 HTTP/1.1" 200 31 "-" "WordPress/6.8.3; http://cqqizhou.com"
14.108.234.20 - - [31/Dec/2025:18:07:17 +0800] "GET /wp-json/sliderrevolution/sliders/1?srengine=7&slideid=3 HTTP/1.1" 200 2286 "http://cqqizhou.com/" "Mozilla/5.0 (Windows NT 10.0; Win64; x64) AppleWebKit/537.36 (KHTML, like Gecko) Chrome/143.0.0.0 Safari/537.36 Edg/143.0.0.0"
14.108.234.20 - - [31/Dec/2025:18:07:17 +0800] "GET /wp-json/sliderrevolution/sliders/1?srengine=7&slideid=2 HTTP/1.1" 200 2058 "http://cqqizhou.com/" "Mozilla/5.0 (Windows NT 10.0; Win64; x64) AppleWebKit/537.36 (KHTML, like Gecko) Chrome/143.0.0.0 Safari/537.36 Edg/143.0.0.0"
14.108.234.20 - - [31/Dec/2025:18:07:18 +0800] "GET /wp-content/uploads/2025/07/1751829454-Smart-warehousing800x500.webp HTTP/1.1" 200 79504 "http://cqqizhou.com/wp-content/uploads/elementor/css/post-1666.css?ver=1765890155" "Mozilla/5.0 (Windows NT 10.0; Win64; x64) AppleWebKit/537.36 (KHTML, like Gecko) Chrome/143.0.0.0 Safari/537.36 Edg/143.0.0.0"
36.133.115.36 - - [31/Dec/2025:18:11:36 +0800] "POST /wp-cron.php?doing_wp_cron=1767175896.0179529190063476562500 HTTP/1.1" 200 31 "-" "WordPress/6.8.3; http://cqqizhou.com"
66.249.68.71 - - [31/Dec/2025:18:11:36 +0800] "GET /services HTTP/1.1" 301 5 "-" "Mozilla/5.0 (Linux; Android 6.0.1; Nexus 5X Build/MMB29P) AppleWebKit/537.36 (KHTML, like Gecko) Chrome/141.0.7390.122 Mobile Safari/537.36 (compatible; Googlebot/2.1; +http://www.google.com/bot.html)"
66.249.68.64 - - [31/Dec/2025:18:11:37 +0800] "GET /services/ HTTP/1.1" 200 25813 "-" "Mozilla/5.0 (Linux; Android 6.0.1; Nexus 5X Build/MMB29P) AppleWebKit/537.36 (KHTML, like Gecko) Chrome/141.0.7390.122 Mobile Safari/537.36 (compatible; Googlebot/2.1; +http://www.google.com/bot.html)"
36.133.115.36 - - [31/Dec/2025:18:15:35 +0800] "POST /wp-cron.php?doing_wp_cron=1767176135.8105740547180175781250 HTTP/1.1" 200 31 "-" "WordPress/6.8.3; http://cqqizhou.com"
124.156.157.91 - - [31/Dec/2025:18:15:36 +0800] "GET / HTTP/1.1" 200 33677 "-" "Mozilla/5.0 (iPhone; CPU iPhone OS 13_2_3 like Mac OS X) AppleWebKit/605.1.15 (KHTML, like Gecko) Version/13.0.3 Mobile/15E148 Safari/604.1"
36.133.115.36 - - [31/Dec/2025:18:21:04 +0800] "POST /wp-cron.php?doing_wp_cron=1767176464.1705379486083984375000 HTTP/1.1" 200 31 "-" "WordPress/6.8.3; http://cqqizhou.com"
89.42.231.239 - - [31/Dec/2025:18:21:09 +0800] "GET / HTTP/1.1" 200 152290 "-" "-"
36.133.115.36 - - [31/Dec/2025:18:27:56 +0800] "POST /wp-cron.php?doing_wp_cron=1767176876.9107110500335693359375 HTTP/1.1" 200 31 "-" "WordPress/6.8.3; http://cqqizhou.com"
43.157.149.188 - - [31/Dec/2025:18:27:56 +0800] "GET / HTTP/1.1" 301 5 "-" "Mozilla/5.0 (iPhone; CPU iPhone OS 13_2_3 like Mac OS X) AppleWebKit/605.1.15 (KHTML, like Gecko) Version/13.0.3 Mobile/15E148 Safari/604.1"
43.157.149.188 - - [31/Dec/2025:18:27:59 +0800] "GET / HTTP/1.1" 200 33677 "http://www.cqqizhou.com" "Mozilla/5.0 (iPhone; CPU iPhone OS 13_2_3 like Mac OS X) AppleWebKit/605.1.15 (KHTML, like Gecko) Version/13.0.3 Mobile/15E148 Safari/604.1"
36.133.115.36 - - [31/Dec/2025:18:28:46 +0800] "POST /wp-cron.php?doing_wp_cron=1767176926.1975278854370117187500 HTTP/1.1" 200 31 "-" "WordPress/6.8.3; http://cqqizhou.com"
204.76.203.219 - - [31/Dec/2025:18:28:46 +0800] "GET / HTTP/1.1" 200 33677 "-" "Mozilla/5.0 (Windows NT 10.0; Win64; x64) AppleWebKit/537.36 (KHTML, like Gecko) Chrome/90.0.4430.85 Safari/537.36 Edg/90.0.818.46"
66.249.68.64 - - [31/Dec/2025:18:31:28 +0800] "GET /wp-content/uploads/2025/12/1766388811-Article_images_202507249.webp HTTP/1.1" 200 51010 "-" "Googlebot-Image/1.0"
36.133.115.36 - - [31/Dec/2025:18:34:09 +0800] "POST /wp-cron.php?doing_wp_cron=1767177249.5425689220428466796875 HTTP/1.1" 200 31 "-" "WordPress/6.8.3; http://cqqizhou.com"
94.23.209.194 - - [31/Dec/2025:18:34:09 +0800] "POST /xmlrpc.php HTTP/1.1" 200 217 "-" "Mozilla/5.0 (Windows NT 10.0; Win64; x64; rv:65.0) Gecko/20100101 Firefox/65.0"
101.47.139.244 - - [31/Dec/2025:18:56:23 +0800] "GET /2160/ HTTP/1.1" 200 29449 "-" "Mozilla/5.0 (Macintosh; Intel Mac OS X 10_15_7) AppleWebKit/537.36 (KHTML, like Gecko) Chrome/120.0.0.0 Safari/537.36"
36.133.115.36 - - [31/Dec/2025:18:58:49 +0800] "POST /wp-cron.php?doing_wp_cron=1767178729.0117390155792236328125 HTTP/1.1" 200 31 "-" "WordPress/6.8.3; http://cqqizhou.com"
3.132.23.201 - - [31/Dec/2025:18:58:49 +0800] "GET / HTTP/1.1" 301 5 "-" "cypex.ai/scanning Mozilla/5.0 (Macintosh; Intel Mac OS X 10_15_7) Chrome/126.0.0.0 Safari/537.36"
220.181.108.165 - - [31/Dec/2025:19:00:28 +0800] "GET /2153/ HTTP/1.1" 200 24303 "-" "Mozilla/5.0 (compatible; Baiduspider/2.0; +http://www.baidu.com/search/spider.html)"
116.179.37.25 - - [31/Dec/2025:19:00:32 +0800] "GET /wp-content/uploads/2025/07/1751425283-qizhou.kf_.qq_.com_.webp HTTP/1.1" 200 16864 "http://cqqizhou.com/2153/" "Mozilla/5.0 (compatible; Baiduspider-render/2.0; +http://www.baidu.com/search/spider.html)"
36.133.115.36 - - [31/Dec/2025:19:00:45 +0800] "POST /wp-cron.php?doing_wp_cron=1767178845.3221819400787353515625 HTTP/1.1" 200 31 "-" "WordPress/6.8.3; http://cqqizhou.com"
119.249.100.170 - - [31/Dec/2025:19:00:45 +0800] "GET /robots.txt HTTP/1.1" 200 190 "-" "Mozilla/5.0 (Windows NT 10.0; WOW64) AppleWebKit/537.36 (KHTML, like Gecko) Chrome/48.0.2564.116 Safari/537.36"
36.133.115.36 - - [31/Dec/2025:19:00:49 +0800] "POST /wp-cron.php?doing_wp_cron=1767178849.4056720733642578125000 HTTP/1.1" 200 31 "-" "WordPress/6.8.3; http://cqqizhou.com"
220.181.51.90 - - [31/Dec/2025:19:00:49 +0800] "GET /robots.txt HTTP/1.1" 200 190 "-" "Mozilla/5.0 (Windows NT 10.0; WOW64) AppleWebKit/537.36 (KHTML, like Gecko) Chrome/48.0.2564.116 Safari/537.36"
3.132.23.201 - - [31/Dec/2025:19:01:05 +0800] "GET / HTTP/1.1" 301 5 "-" "cypex.ai/scanning Mozilla/5.0 (Macintosh; Intel Mac OS X 10_15_7) Chrome/126.0.0.0 Safari/537.36"
119.249.100.43 - - [31/Dec/2025:19:01:33 +0800] "GET /robots.txt HTTP/1.1" 200 190 "-" "Mozilla/5.0 (Windows NT 10.0; WOW64) AppleWebKit/537.36 (KHTML, like Gecko) Chrome/48.0.2564.116 Safari/537.36"
52.167.144.197 - - [31/Dec/2025:19:07:35 +0800] "GET /wp-content/uploads/2025/07/1753453127-%E4%BD%99%E5%8D%B7product_Single600%C3%97284.webp HTTP/1.1" 200 18744 "-" "Mozilla/5.0 AppleWebKit/537.36 (KHTML, like Gecko; compatible; bingbot/2.0; +http://www.bing.com/bingbot.htm) Chrome/116.0.1938.76 Safari/537.36"
36.133.115.36 - - [31/Dec/2025:19:12:06 +0800] "POST /wp-cron.php?doing_wp_cron=1767179526.2615571022033691406250 HTTP/1.1" 200 31 "-" "WordPress/6.8.3; http://cqqizhou.com"
36.133.108.119 - - [31/Dec/2025:19:12:06 +0800] "HEAD /index.php HTTP/1.1" 200 0 "-" "Mozilla/5.0 (Windows NT 6.1) AppleWebKit/537.36 (KHTML, like Gecko) Chrome/27.0.1453.90 Safari/537.36"
101.47.139.37 - - [31/Dec/2025:19:12:49 +0800] "GET /portfolio-category/cold-rolled-coil/ HTTP/1.1" 200 21147 "-" "Mozilla/5.0 (Macintosh; Intel Mac OS X 10_15_7) AppleWebKit/537.36 (KHTML, like Gecko) Chrome/119.0.0.0 Safari/537.36"
36.133.115.36 - - [31/Dec/2025:19:13:28 +0800] "POST /wp-cron.php?doing_wp_cron=1767179608.5037119388580322265625 HTTP/1.1" 200 31 "-" "WordPress/6.8.3; http://cqqizhou.com"
38.46.221.123 - - [31/Dec/2025:19:13:28 +0800] "GET http://check.9tb.org/ HTTP/1.1" 301 5 "-" "Go-http-client/1.1"
38.46.221.123 - - [31/Dec/2025:19:13:30 +0800] "GET http://cqqizhou.com/ HTTP/1.1" 200 34110 "http://check.9tb.org" "Go-http-client/1.1"
101.47.139.226 - - [31/Dec/2025:19:19:15 +0800] "GET /services/ HTTP/1.1" 200 31630 "-" "Mozilla/5.0 (Macintosh; Intel Mac OS X 10_15_7) AppleWebKit/537.36 (KHTML, like Gecko) Chrome/120.0.0.0 Safari/537.36"
36.133.115.36 - - [31/Dec/2025:19:27:13 +0800] "POST /wp-cron.php?doing_wp_cron=1767180433.7244610786437988281250 HTTP/1.1" 200 31 "-" "WordPress/6.8.3; http://cqqizhou.com"
111.37.99.218 - - [31/Dec/2025:19:27:13 +0800] "GET / HTTP/1.1" 301 5 "-" "Mozilla/5.0 (Macintosh; Intel Mac OS X 10_15_7) AppleWebKit/537.36 (KHTML, like Gecko) Chrome/120.0.0.0 Safari/537.36 Edg/120.0.0.0"
1.25.148.93 - - [31/Dec/2025:19:27:34 +0800] "GET /robots.txt HTTP/1.1" 301 5 "-" "Mozilla/5.0 (Macintosh; Intel Mac OS X 10_7_0) AppleWebKit/535.11 (KHTML, like Gecko) Chrome/17.0.963.56 Safari/535.11"
42.234.194.76 - - [31/Dec/2025:19:27:35 +0800] "GET /robots.txt HTTP/1.1" 200 190 "http://www.cqqizhou.com/robots.txt" "Mozilla/5.0 (Macintosh; Intel Mac OS X 10_7_0) AppleWebKit/535.11 (KHTML, like Gecko) Chrome/17.0.963.56 Safari/535.11"
123.15.160.27 - - [31/Dec/2025:19:27:36 +0800] "GET /sitemap.xml HTTP/1.1" 200 500 "-" "Mozilla/5.0 (Macintosh; Intel Mac OS X 10_7_0) AppleWebKit/535.11 (KHTML, like Gecko) Chrome/17.0.963.56 Safari/535.11"
36.133.115.36 - - [31/Dec/2025:19:29:38 +0800] "POST /wp-cron.php?doing_wp_cron=1767180578.1143178939819335937500 HTTP/1.1" 200 31 "-" "WordPress/6.8.3; http://cqqizhou.com"
51.89.19.88 - - [31/Dec/2025:19:29:38 +0800] "POST /xmlrpc.php HTTP/1.1" 200 217 "-" "Mozilla/5.0 (Windows NT 10.0; Win64; x64; rv:99.0) Gecko/20100101 Firefox/99.0"
36.133.115.36 - - [31/Dec/2025:19:35:44 +0800] "POST /wp-cron.php?doing_wp_cron=1767180944.6620481014251708984375 HTTP/1.1" 200 31 "-" "WordPress/6.8.3; http://cqqizhou.com"
74.7.227.147 - - [31/Dec/2025:19:35:44 +0800] "GET /wp-sitemap.xml HTTP/1.1" 501 253 "-" "Mozilla/5.0 AppleWebKit/537.36 (KHTML, like Gecko; compatible; GPTBot/1.3; +https://openai.com/gptbot)"
36.133.115.36 - - [31/Dec/2025:19:35:46 +0800] "POST /wp-cron.php?doing_wp_cron=1767180946.2981610298156738281250 HTTP/1.1" 200 31 "-" "WordPress/6.8.3; http://cqqizhou.com"
74.7.228.41 - - [31/Dec/2025:19:35:46 +0800] "GET /robots.txt HTTP/1.1" 200 190 "-" "Mozilla/5.0 (Macintosh; Intel Mac OS X 10_15_7) AppleWebKit/537.36 (KHTML, like Gecko) Chrome/131.0.0.0 Safari/537.36; compatible; OAI-SearchBot/1.3; robots.txt; +https://openai.com/searchbot"
36.133.115.36 - - [31/Dec/2025:19:45:44 +0800] "POST /wp-cron.php?doing_wp_cron=1767181544.1036748886108398437500 HTTP/1.1" 200 31 "-" "WordPress/6.8.3; http://cqqizhou.com"
47.92.65.140 - - [31/Dec/2025:19:45:44 +0800] "GET / HTTP/1.0" 301 0 "-" "-"
36.133.115.36 - - [31/Dec/2025:19:45:50 +0800] "POST /wp-cron.php?doing_wp_cron=1767181550.4356310367584228515625 HTTP/1.1" 200 31 "-" "WordPress/6.8.3; http://cqqizhou.com"
47.92.65.140 - - [31/Dec/2025:19:45:50 +0800] "GET /.git/HEAD HTTP/1.1" 404 31364 "-" "curl/7.54.0"
47.92.65.140 - - [31/Dec/2025:19:45:50 +0800] "POST /scripts/WPnBr.dll HTTP/1.1" 404 31364 "-" "curl/7.54.0"
47.92.65.140 - - [31/Dec/2025:19:45:50 +0800] "GET /?=PHPE9568F36-D428-11d2-A769-00AA001ACF42 HTTP/1.1" 200 152290 "-" "curl/7.54.0"
47.92.65.140 - - [31/Dec/2025:19:45:50 +0800] "GET /Portal/Portal.mwsl HTTP/1.1" 404 31364 "-" "curl/7.54.0"
47.92.65.140 - - [31/Dec/2025:19:45:50 +0800] "GET /inicio.php HTTP/1.1" 404 27 "-" "curl/7.54.0"
47.92.65.140 - - [31/Dec/2025:19:45:50 +0800] "GET /webui HTTP/1.1" 404 31364 "-" "curl/7.54.0"
47.92.65.140 - - [31/Dec/2025:19:45:51 +0800] "GET /webui HTTP/1.1" 404 31364 "-" "curl/7.54.0"
47.92.65.140 - - [31/Dec/2025:19:45:51 +0800] "GET /__Additional HTTP/1.1" 404 31364 "-" "curl/7.54.0"
47.92.65.140 - - [31/Dec/2025:19:45:51 +0800] "GET /nmaplowercheck1767181545 HTTP/1.1" 404 31364 "-" "curl/7.54.0"
47.92.65.140 - - [31/Dec/2025:19:45:51 +0800] "POST /sdk HTTP/1.1" 404 31364 "-" "curl/7.54.0"
47.92.65.140 - - [31/Dec/2025:19:45:51 +0800] "GET / HTTP/1.1" 301 5 "-" "curl/7.54.0"
47.92.65.140 - - [31/Dec/2025:19:45:51 +0800] "GET /docs/cplugError.html/ HTTP/1.1" 404 31364 "-" "curl/7.54.0"
47.92.65.140 - - [31/Dec/2025:19:45:51 +0800] "GET /menu.cgi HTTP/1.1" 404 31364 "-" "curl/7.54.0"
47.92.65.140 - - [31/Dec/2025:19:45:51 +0800] "GET / HTTP/1.1" 301 5 "-" "curl/7.54.0"
47.92.65.140 - - [31/Dec/2025:19:45:51 +0800] "GET /user HTTP/1.1" 404 31364 "-" "curl/7.54.0"
47.92.65.140 - - [31/Dec/2025:19:45:51 +0800] "GET / HTTP/1.1" 301 5 "-" "curl/7.54.0"
47.92.65.140 - - [31/Dec/2025:19:45:52 +0800] "GET /HNAP1 HTTP/1.1" 404 31364 "-" "curl/7.54.0"
47.92.65.140 - - [31/Dec/2025:19:45:52 +0800] "GET /pools/default/buckets HTTP/1.1" 404 31364 "-" "curl/7.54.0"
47.92.65.140 - - [31/Dec/2025:19:45:52 +0800] "GET / HTTP/1.1" 200 153978 "-" "curl/7.54.0"
47.92.65.140 - - [31/Dec/2025:19:45:52 +0800] "GET / HTTP/1.1" 200 153978 "-" "curl/7.54.0"
47.92.65.140 - - [31/Dec/2025:19:45:52 +0800] "GET /user HTTP/1.1" 404 31364 "-" "curl/7.54.0"
47.92.65.140 - - [31/Dec/2025:19:45:52 +0800] "GET /pools HTTP/1.1" 404 31364 "-" "curl/7.54.0"
47.92.65.140 - - [31/Dec/2025:19:45:53 +0800] "GET /owa/ HTTP/1.1" 404 31364 "-" "curl/7.54.0"
47.92.65.140 - - [31/Dec/2025:19:45:53 +0800] "GET /human.aspx HTTP/1.1" 404 31364 "-" "curl/7.54.0"
47.92.65.140 - - [31/Dec/2025:19:45:54 +0800] "GET /human.aspx HTTP/1.1" 404 31364 "-" "curl/7.54.0"
14.108.234.20 - - [31/Dec/2025:19:45:55 +0800] "GET / HTTP/1.1" 200 34110 "-" "Mozilla/5.0 (Windows NT 10.0; Win64; x64) AppleWebKit/537.36 (KHTML, like Gecko) Chrome/142.0.0.0 Safari/537.36 Edg/142.0.0.0"
47.92.65.140 - - [31/Dec/2025:19:45:55 +0800] "GET /dana-cached/hc/HostCheckerInstaller.osx HTTP/1.1" 404 31364 "-" "curl/7.54.0"
47.92.65.140 - - [31/Dec/2025:19:45:56 +0800] "GET /dana-na/nc/nc_gina_ver.txt HTTP/1.1" 404 31364 "-" "curl/7.54.0"
47.92.65.140 - - [31/Dec/2025:19:45:56 +0800] "GET /+CSCOE+/logon.html HTTP/1.1" 404 31364 "-" "curl/7.54.0"
47.92.65.140 - - [31/Dec/2025:19:45:57 +0800] "GET /CFIDE/componentutils/ HTTP/1.1" 404 31364 "-" "curl/7.54.0"
14.108.234.20 - - [31/Dec/2025:19:46:00 +0800] "GET /wp-content/uploads/2025/12/1765268955-qizhou_Slider1_3840%C3%972160_20251210-scaled.webp HTTP/1.1" 304 0 "http://cqqizhou.com/" "Mozilla/5.0 (Windows NT 10.0; Win64; x64) AppleWebKit/537.36 (KHTML, like Gecko) Chrome/142.0.0.0 Safari/537.36 Edg/142.0.0.0"
14.108.234.20 - - [31/Dec/2025:19:46:00 +0800] "GET /wp-content/uploads/2025/12/1765265398-qizhou_Slider_3840%C3%972160_20251209-scaled-50x100.webp HTTP/1.1" 304 0 "http://cqqizhou.com/" "Mozilla/5.0 (Windows NT 10.0; Win64; x64) AppleWebKit/537.36 (KHTML, like Gecko) Chrome/142.0.0.0 Safari/537.36 Edg/142.0.0.0"
14.108.234.20 - - [31/Dec/2025:19:46:01 +0800] "GET /wp-json/sliderrevolution/sliders/1?srengine=7&slideid=3 HTTP/1.1" 200 2286 "http://cqqizhou.com/" "Mozilla/5.0 (Windows NT 10.0; Win64; x64) AppleWebKit/537.36 (KHTML, like Gecko) Chrome/142.0.0.0 Safari/537.36 Edg/142.0.0.0"
14.108.234.20 - - [31/Dec/2025:19:46:01 +0800] "GET /wp-json/sliderrevolution/sliders/1?srengine=7&slideid=2 HTTP/1.1" 200 2058 "http://cqqizhou.com/" "Mozilla/5.0 (Windows NT 10.0; Win64; x64) AppleWebKit/537.36 (KHTML, like Gecko) Chrome/142.0.0.0 Safari/537.36 Edg/142.0.0.0"
14.108.234.20 - - [31/Dec/2025:19:46:01 +0800] "GET /wp-content/uploads/2025/12/1765265398-qizhou_Slider_3840%C3%972160_20251209-scaled.webp HTTP/1.1" 304 0 "http://cqqizhou.com/" "Mozilla/5.0 (Windows NT 10.0; Win64; x64) AppleWebKit/537.36 (KHTML, like Gecko) Chrome/142.0.0.0 Safari/537.36 Edg/142.0.0.0"
47.92.65.140 - - [31/Dec/2025:19:46:01 +0800] "GET / HTTP/1.0" 301 0 "-" "-"
14.108.234.20 - - [31/Dec/2025:19:46:02 +0800] "GET /contacts/ HTTP/1.1" 200 21595 "http://cqqizhou.com/" "Mozilla/5.0 (Windows NT 10.0; Win64; x64) AppleWebKit/537.36 (KHTML, like Gecko) Chrome/142.0.0.0 Safari/537.36 Edg/142.0.0.0"
14.108.234.20 - - [31/Dec/2025:19:46:02 +0800] "GET /wp-content/uploads/2025/11/1762826323-Contacts2000x400_20251111.webp HTTP/1.1" 200 15144 "http://cqqizhou.com/contacts/" "Mozilla/5.0 (Windows NT 10.0; Win64; x64) AppleWebKit/537.36 (KHTML, like Gecko) Chrome/142.0.0.0 Safari/537.36 Edg/142.0.0.0"
14.108.234.20 - - [31/Dec/2025:19:46:02 +0800] "GET /wp-content/uploads/2025/07/1750005875-qizhou_map2025616.webp HTTP/1.1" 200 348798 "http://cqqizhou.com/contacts/" "Mozilla/5.0 (Windows NT 10.0; Win64; x64) AppleWebKit/537.36 (KHTML, like Gecko) Chrome/142.0.0.0 Safari/537.36 Edg/142.0.0.0"
14.108.234.20 - - [31/Dec/2025:19:46:02 +0800] "GET /wp-json/contact-form-7/v1/contact-forms/158/feedback/schema HTTP/1.1" 200 358 "http://cqqizhou.com/contacts/" "Mozilla/5.0 (Windows NT 10.0; Win64; x64) AppleWebKit/537.36 (KHTML, like Gecko) Chrome/142.0.0.0 Safari/537.36 Edg/142.0.0.0"
14.108.234.20 - - [31/Dec/2025:19:46:03 +0800] "GET /wp-json/contact-form-7/v1/contact-forms/158/refill HTTP/1.1" 200 33 "http://cqqizhou.com/contacts/" "Mozilla/5.0 (Windows NT 10.0; Win64; x64) AppleWebKit/537.36 (KHTML, like Gecko) Chrome/142.0.0.0 Safari/537.36 Edg/142.0.0.0"
121.199.174.62 - - [31/Dec/2025:19:46:57 +0800] "GET / HTTP/1.1" 200 34110 "-" "Mozilla/5.0 (Windows NT 10.0; Win64; x64) AppleWebKit/537.36 (KHTML, like Gecko) Chrome/59.0.3071.115 Safari/537.36"
36.133.115.36 - - [31/Dec/2025:19:47:39 +0800] "POST /wp-cron.php?doing_wp_cron=1767181659.8167281150817871093750 HTTP/1.1" 200 31 "-" "WordPress/6.8.3; http://cqqizhou.com"
162.142.125.203 - - [31/Dec/2025:19:47:40 +0800] "GET /security.txt HTTP/1.1" 200 19734 "-" "Mozilla/5.0 (compatible; CensysInspect/1.1; +https://about.censys.io/)"
36.133.108.119 - - [31/Dec/2025:19:52:55 +0800] "HEAD /phpmyadmin/index.php HTTP/1.1" 404 0 "-" "Mozilla/5.0 (Windows NT 6.1) AppleWebKit/537.36 (KHTML, like Gecko) Chrome/27.0.1453.90 Safari/537.36"
36.133.115.36 - - [31/Dec/2025:20:07:04 +0800] "POST /wp-cron.php?doing_wp_cron=1767182824.7312850952148437500000 HTTP/1.1" 200 31 "-" "WordPress/6.8.3; http://cqqizhou.com"
121.199.160.207 - - [31/Dec/2025:20:07:04 +0800] "GET / HTTP/1.1" 301 5 "-" "Mozilla/5.0 (Windows NT 10.0; Win64; x64) AppleWebKit/537.36 (KHTML, like Gecko) Chrome/59.0.3071.115 Safari/537.36"
101.47.140.40 - - [31/Dec/2025:20:23:17 +0800] "GET /portfolio/duplex-stainless-steel/ HTTP/1.1" 200 22177 "-" "Mozilla/5.0 (Macintosh; Intel Mac OS X 10_15_7) AppleWebKit/537.36 (KHTML, like Gecko) Chrome/120.0.0.0 Safari/537.36"
36.133.115.36 - - [31/Dec/2025:20:25:27 +0800] "POST /wp-cron.php?doing_wp_cron=1767183927.0650980472564697265625 HTTP/1.1" 200 31 "-" "WordPress/6.8.3; http://cqqizhou.com"
178.33.49.166 - - [31/Dec/2025:20:25:27 +0800] "POST /xmlrpc.php HTTP/1.1" 200 217 "-" "Mozilla/5.0 (Windows NT 10.0; Win64; x64; rv:84.0) Gecko/20100101 Firefox/84.0"
36.133.115.36 - - [31/Dec/2025:20:27:55 +0800] "POST /wp-cron.php?doing_wp_cron=1767184075.6204349994659423828125 HTTP/1.1" 200 31 "-" "WordPress/6.8.3; http://cqqizhou.com"
204.76.203.125 - - [31/Dec/2025:20:27:55 +0800] "POST /v1/chat/completions HTTP/1.1" 404 31364 "-" "-"
204.76.203.125 - - [31/Dec/2025:20:27:57 +0800] "POST /v1/messages HTTP/1.1" 404 31364 "-" "-"
204.76.203.125 - - [31/Dec/2025:20:27:58 +0800] "POST /v1/chat/completions HTTP/1.1" 404 31364 "-" "-"
204.76.203.125 - - [31/Dec/2025:20:27:59 +0800] "POST /v1/messages HTTP/1.1" 404 31364 "-" "-"
204.76.203.125 - - [31/Dec/2025:20:28:01 +0800] "POST /v1/chat/completions HTTP/1.1" 404 31364 "-" "-"
36.133.115.36 - - [31/Dec/2025:20:29:56 +0800] "POST /wp-cron.php?doing_wp_cron=1767184196.5550100803375244140625 HTTP/1.1" 200 31 "-" "WordPress/6.8.3; http://cqqizhou.com"
54.39.0.251 - - [31/Dec/2025:20:29:56 +0800] "GET /robots.txt HTTP/1.1" 200 190 "-" "Mozilla/5.0 (compatible; AhrefsBot/7.0; +http://ahrefs.com/robot/)"
54.38.147.122 - - [31/Dec/2025:20:30:01 +0800] "GET /news/ HTTP/1.1" 304 0 "-" "Mozilla/5.0 (compatible; AhrefsBot/7.0; +http://ahrefs.com/robot/)"
36.133.115.36 - - [31/Dec/2025:20:37:23 +0800] "POST /wp-cron.php?doing_wp_cron=1767184643.5738608837127685546875 HTTP/1.1" 200 31 "-" "WordPress/6.8.3; http://cqqizhou.com"
38.46.221.123 - - [31/Dec/2025:20:37:23 +0800] "GET http://check.9tb.org/ HTTP/1.1" 301 5 "-" "Go-http-client/1.1"
38.46.221.123 - - [31/Dec/2025:20:37:24 +0800] "GET http://cqqizhou.com/ HTTP/1.1" 200 34110 "http://check.9tb.org" "Go-http-client/1.1"
36.133.115.36 - - [31/Dec/2025:20:40:49 +0800] "POST /wp-cron.php?doing_wp_cron=1767184849.0084540843963623046875 HTTP/1.1" 200 31 "-" "WordPress/6.8.3; http://cqqizhou.com"
89.42.231.239 - - [31/Dec/2025:20:40:50 +0800] "GET / HTTP/1.1" 200 152290 "-" "-"
43.156.168.214 - - [31/Dec/2025:20:40:51 +0800] "GET / HTTP/1.1" 301 5 "-" "Mozilla/5.0 (iPhone; CPU iPhone OS 13_2_3 like Mac OS X) AppleWebKit/605.1.15 (KHTML, like Gecko) Version/13.0.3 Mobile/15E148 Safari/604.1"
43.156.168.214 - - [31/Dec/2025:20:40:53 +0800] "GET / HTTP/1.1" 200 33679 "http://36.133.115.36" "Mozilla/5.0 (iPhone; CPU iPhone OS 13_2_3 like Mac OS X) AppleWebKit/605.1.15 (KHTML, like Gecko) Version/13.0.3 Mobile/15E148 Safari/604.1"
36.133.115.36 - - [31/Dec/2025:20:51:38 +0800] "POST /wp-cron.php?doing_wp_cron=1767185498.1883609294891357421875 HTTP/1.1" 200 31 "-" "WordPress/6.8.3; http://cqqizhou.com"
5.187.35.158 - - [31/Dec/2025:20:51:38 +0800] "GET /SDK/webLanguage HTTP/1.1" 301 5 "-" "Mozilla/5.0 (Windows NT 10.0; Win64; x64) AppleWebKit/537.36 (KHTML, like Gecko) Chrome/90.0.4430.85 Safari/537.36 Edg/90.0.818.46"
91.224.92.121 - - [31/Dec/2025:20:56:01 +0800] "OPTIONS / HTTP/1.1" 405 552 "-" "Mozilla/5.0 (Windows NT 10.0; Win64; x64) AppleWebKit/537.36 (KHTML, like Gecko) Chrome/114.0.5735.199 Safari/537.36"
36.133.115.36 - - [31/Dec/2025:20:56:11 +0800] "POST /wp-cron.php?doing_wp_cron=1767185771.8843600749969482421875 HTTP/1.1" 200 31 "-" "WordPress/6.8.3; http://cqqizhou.com"
89.42.231.239 - - [31/Dec/2025:20:56:11 +0800] "GET /SDK/webLanguage HTTP/1.1" 301 5 "-" "Mozilla/5.0 (Windows NT 10.0; Win64; x64) AppleWebKit/537.36 (KHTML, like Gecko) Chrome/90.0.4430.85 Safari/537.36 Edg/90.0.818.46"
36.133.115.36 - - [31/Dec/2025:21:01:03 +0800] "POST /wp-cron.php?doing_wp_cron=1767186063.0313119888305664062500 HTTP/1.1" 200 31 "-" "WordPress/6.8.3; http://cqqizhou.com"
91.232.238.106 - - [31/Dec/2025:21:01:03 +0800] "GET /robots.txt HTTP/1.0" 200 378 "-" "xfa1"
36.133.115.36 - - [31/Dec/2025:21:17:12 +0800] "POST /wp-cron.php?doing_wp_cron=1767187032.6829710006713867187500 HTTP/1.1" 200 31 "-" "WordPress/6.8.3; http://cqqizhou.com"
120.82.65.2 - - [31/Dec/2025:21:17:12 +0800] "GET / HTTP/1.1" 301 5 "-" "Mozilla/5.0 (Macintosh; Intel Mac OS X 10_15_7) AppleWebKit/537.36 (KHTML, like Gecko) Chrome/120.0.0.0 Safari/537.36 Edg/120.0.0.0"
101.26.28.38 - - [31/Dec/2025:21:17:34 +0800] "GET /robots.txt HTTP/1.1" 200 190 "-" "Mozilla/5.0 (Macintosh; Intel Mac OS X 10_7_0) AppleWebKit/535.11 (KHTML, like Gecko) Chrome/17.0.963.56 Safari/535.11"
222.138.223.255 - - [31/Dec/2025:21:17:36 +0800] "GET /sitemap.xml HTTP/1.1" 200 500 "-" "Mozilla/5.0 (Macintosh; Intel Mac OS X 10_7_0) AppleWebKit/535.11 (KHTML, like Gecko) Chrome/17.0.963.56 Safari/535.11"
36.133.115.36 - - [31/Dec/2025:21:18:05 +0800] "POST /wp-cron.php?doing_wp_cron=1767187085.6270968914031982421875 HTTP/1.1" 200 31 "-" "WordPress/6.8.3; http://cqqizhou.com"
204.76.203.219 - - [31/Dec/2025:21:18:05 +0800] "GET / HTTP/1.1" 200 33679 "-" "Mozilla/5.0 (Windows NT 10.0; Win64; x64) AppleWebKit/537.36 (KHTML, like Gecko) Chrome/90.0.4430.85 Safari/537.36 Edg/90.0.818.46"
36.133.115.36 - - [31/Dec/2025:21:19:45 +0800] "POST /wp-cron.php?doing_wp_cron=1767187185.5082569122314453125000 HTTP/1.1" 200 31 "-" "WordPress/6.8.3; http://cqqizhou.com"
104.37.174.183 - - [31/Dec/2025:21:19:45 +0800] "POST /xmlrpc.php HTTP/1.1" 200 217 "-" "Mozilla/5.0 (Windows NT 10.0; Win64; x64; rv:48.0) Gecko/20100101 Firefox/48.0"
60.5.26.227 - - [31/Dec/2025:21:20:11 +0800] "GET / HTTP/1.1" 200 153978 "-" "Mozilla/5.0 (Macintosh; Intel Mac OS X 10_15_7) AppleWebKit/537.36 (KHTML, like Gecko) Chrome/120.0.0.0 Safari/537.36 Edg/120.0.0.0"
36.133.115.36 - - [31/Dec/2025:21:20:55 +0800] "POST /wp-cron.php?doing_wp_cron=1767187255.1354019641876220703125 HTTP/1.1" 200 31 "-" "WordPress/6.8.3; http://cqqizhou.com"
223.88.41.104 - - [31/Dec/2025:21:20:55 +0800] "GET /robots.txt HTTP/1.1" 200 190 "-" "Mozilla/5.0 (Macintosh; Intel Mac OS X 10_7_0) AppleWebKit/535.11 (KHTML, like Gecko) Chrome/17.0.963.56 Safari/535.11"
120.230.21.26 - - [31/Dec/2025:21:20:57 +0800] "GET /sitemap.xml HTTP/1.1" 200 500 "-" "Mozilla/5.0 (Macintosh; Intel Mac OS X 10_7_0) AppleWebKit/535.11 (KHTML, like Gecko) Chrome/17.0.963.56 Safari/535.11"
223.85.209.97 - - [31/Dec/2025:21:20:58 +0800] "GET /config.json HTTP/1.1" 404 8981 "-" "Mozilla/5.0 (Macintosh; Intel Mac OS X 10_7_0) AppleWebKit/535.11 (KHTML, like Gecko) Chrome/17.0.963.56 Safari/535.11"
120.230.12.97 - - [31/Dec/2025:21:21:30 +0800] "GET /wp-content/plugins/elementor-pro/readme.txt HTTP/1.1" 200 337 "-" "Mozilla/5.0 (X11; Linux i686; rv:1.9.6.20) Gecko/9389-10-07 07:46:39.353760 Firefox/14.0"
101.47.139.69 - - [31/Dec/2025:21:21:48 +0800] "GET /portfolio/%E5%86%B7%E8%BD%A7%E6%9D%BF/ HTTP/1.1" 200 22137 "-" "Mozilla/5.0 (Macintosh; Intel Mac OS X 10_15_7) AppleWebKit/537.36 (KHTML, like Gecko) Chrome/120.0.0.0 Safari/537.36"
198.244.226.168 - - [31/Dec/2025:21:21:53 +0800] "GET / HTTP/1.1" 200 34110 "-" "Mozilla/5.0 (compatible; AhrefsBot/7.0; +http://ahrefs.com/robot/)"
111.21.202.158 - - [31/Dec/2025:21:22:00 +0800] "GET /wp-content/plugins/elementor/readme.txt HTTP/1.1" 200 10261 "-" "Mozilla/5.0 (X11; Linux i686; rv:1.9.6.20) Gecko/9389-10-07 07:46:39.353760 Firefox/14.0"
36.133.115.36 - - [31/Dec/2025:21:22:16 +0800] "POST /wp-cron.php?doing_wp_cron=1767187336.7975249290466308593750 HTTP/1.1" 200 31 "-" "WordPress/6.8.3; http://cqqizhou.com"
202.8.43.235 - - [31/Dec/2025:21:22:16 +0800] "GET /robots.txt HTTP/1.1" 200 190 "-" "Mozilla/5.0 (compatible; AhrefsBot/7.0; +http://ahrefs.com/robot/)"
36.133.115.36 - - [31/Dec/2025:21:23:35 +0800] "POST /wp-cron.php?doing_wp_cron=1767187415.7286241054534912109375 HTTP/1.1" 200 31 "-" "WordPress/6.8.3; http://cqqizhou.com"
112.48.89.245 - - [31/Dec/2025:21:23:35 +0800] "GET / HTTP/1.1" 301 5 "-" "Mozilla/5.0 (Macintosh; Intel Mac OS X 10_15_7) AppleWebKit/537.36 (KHTML, like Gecko) Chrome/120.0.0.0 Safari/537.36 Edg/120.0.0.0"
36.133.115.36 - - [31/Dec/2025:21:23:55 +0800] "POST /wp-cron.php?doing_wp_cron=1767187435.2986559867858886718750 HTTP/1.1" 200 31 "-" "WordPress/6.8.3; http://cqqizhou.com"
183.253.151.151 - - [31/Dec/2025:21:23:55 +0800] "GET /robots.txt HTTP/1.1" 200 190 "-" "Mozilla/5.0 (Macintosh; Intel Mac OS X 10_7_0) AppleWebKit/535.11 (KHTML, like Gecko) Chrome/17.0.963.56 Safari/535.11"
120.216.106.229 - - [31/Dec/2025:21:23:56 +0800] "GET /sitemap.xml HTTP/1.1" 200 500 "-" "Mozilla/5.0 (Macintosh; Intel Mac OS X 10_7_0) AppleWebKit/535.11 (KHTML, like Gecko) Chrome/17.0.963.56 Safari/535.11"
175.43.81.201 - - [31/Dec/2025:21:25:40 +0800] "GET / HTTP/1.1" 200 153978 "-" "Mozilla/5.0 (Macintosh; Intel Mac OS X 10_15_7) AppleWebKit/537.36 (KHTML, like Gecko) Chrome/120.0.0.0 Safari/537.36 Edg/120.0.0.0"
36.133.115.36 - - [31/Dec/2025:21:26:16 +0800] "POST /wp-cron.php?doing_wp_cron=1767187576.8827741146087646484375 HTTP/1.1" 200 31 "-" "WordPress/6.8.3; http://cqqizhou.com"
120.230.20.49 - - [31/Dec/2025:21:26:16 +0800] "GET /robots.txt HTTP/1.1" 200 190 "-" "Mozilla/5.0 (Macintosh; Intel Mac OS X 10_7_0) AppleWebKit/535.11 (KHTML, like Gecko) Chrome/17.0.963.56 Safari/535.11"
183.253.238.147 - - [31/Dec/2025:21:26:19 +0800] "GET /sitemap.xml HTTP/1.1" 200 500 "-" "Mozilla/5.0 (Macintosh; Intel Mac OS X 10_7_0) AppleWebKit/535.11 (KHTML, like Gecko) Chrome/17.0.963.56 Safari/535.11"
111.52.39.83 - - [31/Dec/2025:21:26:20 +0800] "GET /config.json HTTP/1.1" 404 8981 "-" "Mozilla/5.0 (Macintosh; Intel Mac OS X 10_7_0) AppleWebKit/535.11 (KHTML, like Gecko) Chrome/17.0.963.56 Safari/535.11"
36.133.115.36 - - [31/Dec/2025:21:27:05 +0800] "POST /wp-cron.php?doing_wp_cron=1767187625.8373379707336425781250 HTTP/1.1" 200 31 "-" "WordPress/6.8.3; http://cqqizhou.com"
36.158.47.243 - - [31/Dec/2025:21:27:05 +0800] "GET /wp-content/plugins/revslider/readme.txt HTTP/1.1" 404 8981 "-" "Mozilla/5.0 (Linux; Android 4.1.2) AppleWebKit/531.1 (KHTML, like Gecko) Chrome/33.0.884.0 Safari/531.1"
112.48.88.117 - - [31/Dec/2025:21:27:12 +0800] "GET /wp-content/plugins/elementor-pro/readme.txt HTTP/1.1" 200 337 "-" "Mozilla/5.0 (Linux; Android 4.1.2) AppleWebKit/531.1 (KHTML, like Gecko) Chrome/33.0.884.0 Safari/531.1"
223.85.38.189 - - [31/Dec/2025:21:27:16 +0800] "GET /wp-content/plugins/smartideo/readme.txt HTTP/1.1" 200 5930 "-" "Mozilla/5.0 (Linux; Android 4.1.2) AppleWebKit/531.1 (KHTML, like Gecko) Chrome/33.0.884.0 Safari/531.1"
112.47.154.202 - - [31/Dec/2025:21:27:17 +0800] "GET /wp-content/plugins/elementor/readme.txt HTTP/1.1" 200 10261 "-" "Mozilla/5.0 (Linux; Android 4.1.2) AppleWebKit/531.1 (KHTML, like Gecko) Chrome/33.0.884.0 Safari/531.1"
223.85.253.127 - - [31/Dec/2025:21:27:18 +0800] "GET /wp-content/themes/qizhou/readme.txt HTTP/1.1" 200 1348 "-" "Mozilla/5.0 (Linux; Android 4.1.2) AppleWebKit/531.1 (KHTML, like Gecko) Chrome/33.0.884.0 Safari/531.1"
36.133.115.36 - - [31/Dec/2025:21:45:38 +0800] "POST /wp-cron.php?doing_wp_cron=1767188738.4522740840911865234375 HTTP/1.1" 200 31 "-" "WordPress/6.8.3; http://cqqizhou.com"
162.62.132.25 - - [31/Dec/2025:21:45:38 +0800] "GET / HTTP/1.1" 200 33680 "-" "Mozilla/5.0 (iPhone; CPU iPhone OS 13_2_3 like Mac OS X) AppleWebKit/605.1.15 (KHTML, like Gecko) Version/13.0.3 Mobile/15E148 Safari/604.1"
36.133.115.36 - - [31/Dec/2025:21:59:17 +0800] "POST /wp-cron.php?doing_wp_cron=1767189557.0108540058135986328125 HTTP/1.1" 200 31 "-" "WordPress/6.8.3; http://cqqizhou.com"
38.46.221.123 - - [31/Dec/2025:21:59:17 +0800] "GET http://check.9tb.org/ HTTP/1.1" 301 5 "-" "Go-http-client/1.1"
38.46.221.123 - - [31/Dec/2025:21:59:17 +0800] "GET http://cqqizhou.com/ HTTP/1.1" 200 34110 "http://check.9tb.org" "Go-http-client/1.1"
36.133.115.36 - - [31/Dec/2025:22:10:03 +0800] "POST /wp-cron.php?doing_wp_cron=1767190203.4775090217590332031250 HTTP/1.1" 200 31 "-" "WordPress/6.8.3; http://cqqizhou.com"
204.76.203.219 - - [31/Dec/2025:22:10:03 +0800] "GET / HTTP/1.1" 200 33679 "-" "Mozilla/5.0 (Windows NT 10.0; Win64; x64) AppleWebKit/537.36 (KHTML, like Gecko) Chrome/90.0.4430.85 Safari/537.36 Edg/90.0.818.46"
36.133.115.36 - - [31/Dec/2025:22:12:04 +0800] "POST /wp-cron.php?doing_wp_cron=1767190324.5569460391998291015625 HTTP/1.1" 200 31 "-" "WordPress/6.8.3; http://cqqizhou.com"
36.133.108.121 - - [31/Dec/2025:22:12:04 +0800] "HEAD /api/.git/config HTTP/1.1" 404 0 "-" "Mozilla/5.0 (X11; CrOS i686 4319.74.0) AppleWebKit/537.36 (KHTML, like Gecko) Chrome/29.0.1547.57 Safari/537.36"
36.133.115.36 - - [31/Dec/2025:22:15:12 +0800] "POST /wp-cron.php?doing_wp_cron=1767190512.8274369239807128906250 HTTP/1.1" 200 31 "-" "WordPress/6.8.3; http://cqqizhou.com"
185.249.227.216 - - [31/Dec/2025:22:15:12 +0800] "POST /xmlrpc.php HTTP/1.1" 200 217 "-" "Mozilla/5.0 (Windows NT 10.0; Win64; x64; rv:98.0) Gecko/20100101 Firefox/98.0"
36.133.115.36 - - [31/Dec/2025:22:28:53 +0800] "POST /wp-cron.php?doing_wp_cron=1767191333.2058610916137695312500 HTTP/1.1" 200 31 "-" "WordPress/6.8.3; http://cqqizhou.com"
193.142.147.209 - - [31/Dec/2025:22:28:54 +0800] "POST / HTTP/1.1" 200 33679 "-" "Mozilla/5.0 (Windows NT 10.0; Win64; x64) AppleWebKit/537.36"
91.224.92.109 - - [31/Dec/2025:22:29:28 +0800] "OPTIONS / HTTP/1.1" 405 552 "-" "Mozilla/5.0 (Windows NT 10.0; Win64; x64) AppleWebKit/537.36 (KHTML, like Gecko) Chrome/114.0.5735.199 Safari/537.36"
36.133.115.36 - - [31/Dec/2025:22:30:04 +0800] "POST /wp-cron.php?doing_wp_cron=1767191404.7857580184936523437500 HTTP/1.1" 200 31 "-" "WordPress/6.8.3; http://cqqizhou.com"
52.167.144.228 - - [31/Dec/2025:22:30:05 +0800] "GET /category/uncategorized/ HTTP/1.1" 301 65446 "-" "Mozilla/5.0 AppleWebKit/537.36 (KHTML, like Gecko; compatible; bingbot/2.0; +http://www.bing.com/bingbot.htm) Chrome/116.0.1938.76 Safari/537.36"
198.244.183.220 - - [31/Dec/2025:22:39:17 +0800] "GET /2388/ HTTP/1.1" 304 0 "-" "Mozilla/5.0 (compatible; AhrefsBot/7.0; +http://ahrefs.com/robot/)"
36.133.115.36 - - [31/Dec/2025:22:40:21 +0800] "POST /wp-cron.php?doing_wp_cron=1767192021.7287600040435791015625 HTTP/1.1" 200 31 "-" "WordPress/6.8.3; http://cqqizhou.com"
34.224.33.24 - - [31/Dec/2025:22:40:21 +0800] "GET / HTTP/1.1" 301 5 "-" "Mozilla/5.0 (Windows NT 10.0; Win64; x64) AppleWebKit/537.36 (KHTML, like Gecko) Chrome/136.0.0.0 Safari/537.36"
36.133.115.36 - - [31/Dec/2025:22:44:09 +0800] "POST /wp-cron.php?doing_wp_cron=1767192249.3547990322113037109375 HTTP/1.1" 200 31 "-" "WordPress/6.8.3; http://cqqizhou.com"
45.142.154.15 - - [31/Dec/2025:22:44:09 +0800] "GET /version HTTP/1.1" 301 5 "-" "-"
45.142.154.15 - - [31/Dec/2025:22:44:10 +0800] "GET / HTTP/1.1" 200 152290 "-" "-"
45.142.154.15 - - [31/Dec/2025:22:44:11 +0800] "GET / HTTP/1.1" 200 152290 "-" "-"
45.142.154.15 - - [31/Dec/2025:22:44:12 +0800] "GET /v1 HTTP/1.1" 301 5 "-" "-"
45.142.154.15 - - [31/Dec/2025:22:44:13 +0800] "GET / HTTP/1.1" 200 152290 "-" "-"
45.142.154.15 - - [31/Dec/2025:22:44:15 +0800] "GET / HTTP/1.1" 200 152290 "-" "Mozilla/5.0 (Windows NT 6.1) AppleWebKit/537.36 (KHTML, like Gecko) Chrome/49.0.2623.112 Safari/537.36"
36.133.115.36 - - [31/Dec/2025:22:53:37 +0800] "POST /wp-cron.php?doing_wp_cron=1767192816.9769940376281738281250 HTTP/1.1" 200 31 "-" "WordPress/6.8.3; http://cqqizhou.com"
162.142.125.33 - - [31/Dec/2025:22:53:37 +0800] "GET /sitemap.xml HTTP/1.1" 200 500 "-" "Mozilla/5.0 (compatible; CensysInspect/1.1; +https://about.censys.io/)"
36.133.115.36 - - [31/Dec/2025:22:56:19 +0800] "POST /wp-cron.php?doing_wp_cron=1767192979.1831569671630859375000 HTTP/1.1" 200 31 "-" "WordPress/6.8.3; http://cqqizhou.com"
167.94.138.171 - - [31/Dec/2025:22:56:19 +0800] "GET / HTTP/1.1" 301 5 "-" "Mozilla/5.0 (compatible; CensysInspect/1.1; +https://about.censys.io/)"
36.133.115.36 - - [31/Dec/2025:22:58:50 +0800] "POST /wp-cron.php?doing_wp_cron=1767193130.6411180496215820312500 HTTP/1.1" 200 31 "-" "WordPress/6.8.3; http://cqqizhou.com"
167.94.138.171 - - [31/Dec/2025:22:58:50 +0800] "GET /sitemap.xml HTTP/1.1" 200 500 "-" "Mozilla/5.0 (compatible; CensysInspect/1.1; +https://about.censys.io/)"
164.52.24.178 - - [31/Dec/2025:22:59:26 +0800] "GET / HTTP/1.1" 301 5 "-" "Mozilla/5.0 (Windows NT 10.0; Win64; x64) AppleWebKit/537.36 (KHTML, like Gecko) Chrome/114.0.0.0 Safari/537.36"
164.52.24.178 - - [31/Dec/2025:22:59:30 +0800] "GET / HTTP/1.1" 301 5 "-" "-"
164.52.24.178 - - [31/Dec/2025:22:59:33 +0800] "GET / HTTP/1.1" 200 153978 "-" "Mozilla/5.0 (Windows NT 10.0; Win64; x64) AppleWebKit/537.36 (KHTML, like Gecko) Chrome/114.0.0.0 Safari/537.36"
36.133.115.36 - - [31/Dec/2025:23:03:24 +0800] "POST /wp-cron.php?doing_wp_cron=1767193404.4300971031188964843750 HTTP/1.1" 200 31 "-" "WordPress/6.8.3; http://cqqizhou.com"
204.76.203.219 - - [31/Dec/2025:23:03:24 +0800] "GET / HTTP/1.1" 200 33679 "-" "Mozilla/5.0 (Windows NT 10.0; Win64; x64) AppleWebKit/537.36 (KHTML, like Gecko) Chrome/90.0.4430.85 Safari/537.36 Edg/90.0.818.46"
36.133.115.36 - - [31/Dec/2025:23:10:03 +0800] "POST /wp-cron.php?doing_wp_cron=1767193803.6618919372558593750000 HTTP/1.1" 200 31 "-" "WordPress/6.8.3; http://cqqizhou.com"
94.228.127.24 - - [31/Dec/2025:23:10:03 +0800] "POST /xmlrpc.php HTTP/1.1" 200 217 "-" "Mozilla/5.0 (Windows NT 10.0; Win64; x64; rv:61.0) Gecko/20100101 Firefox/61.0"
36.133.115.36 - - [31/Dec/2025:23:17:27 +0800] "POST /wp-cron.php?doing_wp_cron=1767194247.5412640571594238281250 HTTP/1.1" 200 31 "-" "WordPress/6.8.3; http://cqqizhou.com"
66.249.68.64 - - [31/Dec/2025:23:17:27 +0800] "GET /robots.txt HTTP/1.1" 200 190 "-" "Mozilla/5.0 (compatible; Googlebot/2.1; +http://www.google.com/bot.html)"
66.249.68.64 - - [31/Dec/2025:23:17:28 +0800] "GET /2231/ HTTP/1.1" 200 19565 "-" "Mozilla/5.0 (Linux; Android 6.0.1; Nexus 5X Build/MMB29P) AppleWebKit/537.36 (KHTML, like Gecko) Chrome/141.0.7390.122 Mobile Safari/537.36 (compatible; Googlebot/2.1; +http://www.google.com/bot.html)"
36.133.115.36 - - [31/Dec/2025:23:20:02 +0800] "POST /wp-cron.php?doing_wp_cron=1767194402.3490281105041503906250 HTTP/1.1" 200 31 "-" "WordPress/6.8.3; http://cqqizhou.com"
95.214.55.71 - - [31/Dec/2025:23:20:02 +0800] "GET / HTTP/1.1" 200 33679 "-" "Mozilla/5.0 (Windows NT 10.0; Win64; x64; rv:143.0) Gecko/20100101 Firefox/143.0"
36.133.115.36 - - [31/Dec/2025:23:44:58 +0800] "POST /wp-cron.php?doing_wp_cron=1767195898.9317240715026855468750 HTTP/1.1" 200 31 "-" "WordPress/6.8.3; http://cqqizhou.com"
125.80.136.103 - - [31/Dec/2025:23:44:58 +0800] "GET / HTTP/1.1" 301 5 "https://m.baidu.com/?eqid=7fa517290968be59100000026955446c" "Mozilla/5.0 (iPhone; CPU iPhone OS 18_7 like Mac OS X) AppleWebKit/605.1.15 (KHTML, like Gecko) Mobile/15E148 SP-engine/3.53.0 main/1.0 matrixstyle/0 info baiduboxapp/6.86.0.10 (Baidu; P2 26.1) NABar/1.0 themeUA=Theme/default"
125.80.136.103 - - [31/Dec/2025:23:45:00 +0800] "GET / HTTP/1.1" 200 33678 "https://m.baidu.com/?eqid=7fa517290968be59100000026955446c" "Mozilla/5.0 (iPhone; CPU iPhone OS 18_7 like Mac OS X) AppleWebKit/605.1.15 (KHTML, like Gecko) Mobile/15E148 SP-engine/3.53.0 main/1.0 matrixstyle/0 info baiduboxapp/6.86.0.10 (Baidu; P2 26.1) NABar/1.0 themeUA=Theme/default"
125.80.136.103 - - [31/Dec/2025:23:45:03 +0800] "GET /wp-content/uploads/2025/07/1751425283-qizhou.kf_.qq_.com_.webp HTTP/1.1" 200 16864 "http://cqqizhou.com/" "Mozilla/5.0 (iPhone; CPU iPhone OS 18_7 like Mac OS X) AppleWebKit/605.1.15 (KHTML, like Gecko) Mobile/15E148 SP-engine/3.53.0 main/1.0 matrixstyle/0 info baiduboxapp/6.86.0.10 (Baidu; P2 26.1) NABar/1.0 themeUA=Theme/default"
125.80.136.103 - - [31/Dec/2025:23:45:05 +0800] "GET /wp-content/uploads/2025/07/1753456723-%E5%8F%8C%E7%9B%B8%E9%92%A2roduct_Single600.webp HTTP/1.1" 200 22790 "http://cqqizhou.com/" "Mozilla/5.0 (iPhone; CPU iPhone OS 18_7 like Mac OS X) AppleWebKit/605.1.15 (KHTML, like Gecko) Mobile/15E148 SP-engine/3.53.0 main/1.0 matrixstyle/0 info baiduboxapp/6.86.0.10 (Baidu; P2 26.1) NABar/1.0 themeUA=Theme/default"
125.80.136.103 - - [31/Dec/2025:23:45:05 +0800] "GET /wp-content/uploads/2025/07/1753453096-%E5%8F%8C%E7%9B%B8%E9%92%A2product_Single600%C3%97284.webp HTTP/1.1" 200 14562 "http://cqqizhou.com/" "Mozilla/5.0 (iPhone; CPU iPhone OS 18_7 like Mac OS X) AppleWebKit/605.1.15 (KHTML, like Gecko) Mobile/15E148 SP-engine/3.53.0 main/1.0 matrixstyle/0 info baiduboxapp/6.86.0.10 (Baidu; P2 26.1) NABar/1.0 themeUA=Theme/default"
125.80.136.103 - - [31/Dec/2025:23:45:05 +0800] "GET /wp-content/uploads/2025/07/1753456770-%E7%83%AD%E9%95%80%E9%94%8C%E5%8D%B7product_Single600.webp HTTP/1.1" 200 27502 "http://cqqizhou.com/" "Mozilla/5.0 (iPhone; CPU iPhone OS 18_7 like Mac OS X) AppleWebKit/605.1.15 (KHTML, like Gecko) Mobile/15E148 SP-engine/3.53.0 main/1.0 matrixstyle/0 info baiduboxapp/6.86.0.10 (Baidu; P2 26.1) NABar/1.0 themeUA=Theme/default"
125.80.136.103 - - [31/Dec/2025:23:45:05 +0800] "GET /wp-content/uploads/2025/07/1753453127-%E4%BD%99%E5%8D%B7product_Single600%C3%97284.webp HTTP/1.1" 200 18744 "http://cqqizhou.com/" "Mozilla/5.0 (iPhone; CPU iPhone OS 18_7 like Mac OS X) AppleWebKit/605.1.15 (KHTML, like Gecko) Mobile/15E148 SP-engine/3.53.0 main/1.0 matrixstyle/0 info baiduboxapp/6.86.0.10 (Baidu; P2 26.1) NABar/1.0 themeUA=Theme/default"
125.80.136.103 - - [31/Dec/2025:23:45:05 +0800] "GET /wp-content/uploads/2025/12/1765268955-qizhou_Slider1_3840%C3%972160_20251210-scaled.webp HTTP/1.1" 200 152162 "http://cqqizhou.com/" "Mozilla/5.0 (iPhone; CPU iPhone OS 18_7 like Mac OS X) AppleWebKit/605.1.15 (KHTML, like Gecko) Mobile/15E148 SP-engine/3.53.0 main/1.0 matrixstyle/0 info baiduboxapp/6.86.0.10 (Baidu; P2 26.1) NABar/1.0 themeUA=Theme/default"
125.80.136.103 - - [31/Dec/2025:23:45:05 +0800] "GET /wp-content/uploads/2025/12/1765265398-qizhou_Slider_3840%C3%972160_20251209-scaled-50x100.webp HTTP/1.1" 200 2166 "http://cqqizhou.com/" "Mozilla/5.0 (iPhone; CPU iPhone OS 18_7 like Mac OS X) AppleWebKit/605.1.15 (KHTML, like Gecko) Mobile/15E148 SP-engine/3.53.0 main/1.0 matrixstyle/0 info baiduboxapp/6.86.0.10 (Baidu; P2 26.1) NABar/1.0 themeUA=Theme/default"
