43.135.182.95 - - [27/Dec/2025:06:55:19 +0800] "GET /wp-content/uploads/2025/07/1750649203-qizhou1920x1080_8.webp HTTP/1.1" 200 256782 "-" "Mozilla/5.0 (iPhone; CPU iPhone OS 13_2_3 like Mac OS X) AppleWebKit/605.1.15 (KHTML, like Gecko) Version/13.0.3 Mobile/15E148 Safari/604.1"
36.133.115.36 - - [27/Dec/2025:06:58:02 +0800] "POST /wp-cron.php?doing_wp_cron=1766789882.6986489295959472656250 HTTP/1.1" 200 31 "-" "WordPress/6.8.3; http://cqqizhou.com"
43.135.134.127 - - [27/Dec/2025:06:58:02 +0800] "GET /services HTTP/1.1" 301 5 "-" "Mozilla/5.0 (iPhone; CPU iPhone OS 13_2_3 like Mac OS X) AppleWebKit/605.1.15 (KHTML, like Gecko) Version/13.0.3 Mobile/15E148 Safari/604.1"
43.135.134.127 - - [27/Dec/2025:06:58:04 +0800] "GET /services/ HTTP/1.1" 200 25815 "http://36.133.115.36:80/services" "Mozilla/5.0 (iPhone; CPU iPhone OS 13_2_3 like Mac OS X) AppleWebKit/605.1.15 (KHTML, like Gecko) Version/13.0.3 Mobile/15E148 Safari/604.1"
36.133.115.36 - - [27/Dec/2025:07:01:30 +0800] "POST /wp-cron.php?doing_wp_cron=1766790090.8471410274505615234375 HTTP/1.1" 200 31 "-" "WordPress/6.8.3; http://cqqizhou.com"
116.179.32.49 - - [27/Dec/2025:07:01:30 +0800] "GET /wp-json/oembed/1.0/embed?url=http%3A%2F%2Fcqqizhou.com%2Fbug%2F HTTP/1.1" 200 1105 "-" "Mozilla/5.0 (compatible; Baiduspider/2.0; +http://www.baidu.com/search/spider.html)"
36.133.115.36 - - [27/Dec/2025:07:04:49 +0800] "POST /wp-cron.php?doing_wp_cron=1766790289.2073121070861816406250 HTTP/1.1" 200 31 "-" "WordPress/6.8.3; http://cqqizhou.com"
43.133.253.253 - - [27/Dec/2025:07:04:49 +0800] "GET / HTTP/1.1" 200 33677 "-" "Mozilla/5.0 (iPhone; CPU iPhone OS 13_2_3 like Mac OS X) AppleWebKit/605.1.15 (KHTML, like Gecko) Version/13.0.3 Mobile/15E148 Safari/604.1"
43.135.140.225 - - [27/Dec/2025:07:06:07 +0800] "GET /wp-content/uploads/elementor/thumbs/1751373145-About_Qizhoudalou_W800px-r91b70ok8huvvdr4ynxnf302e8ie3iydlh6ag9ew82.webp HTTP/1.1" 200 37938 "-" "Mozilla/5.0 (iPhone; CPU iPhone OS 13_2_3 like Mac OS X) AppleWebKit/605.1.15 (KHTML, like Gecko) Version/13.0.3 Mobile/15E148 Safari/604.1"
36.133.115.36 - - [27/Dec/2025:07:13:21 +0800] "POST /wp-cron.php?doing_wp_cron=1766790801.1468288898468017578125 HTTP/1.1" 200 31 "-" "WordPress/6.8.3; http://cqqizhou.com"
38.46.221.123 - - [27/Dec/2025:07:13:21 +0800] "GET http://check.9tb.org/ HTTP/1.1" 301 5 "-" "Go-http-client/1.1"
38.46.221.123 - - [27/Dec/2025:07:13:21 +0800] "GET http://cqqizhou.com/ HTTP/1.1" 200 34109 "http://check.9tb.org" "Go-http-client/1.1"
36.133.115.36 - - [27/Dec/2025:07:16:41 +0800] "POST /wp-cron.php?doing_wp_cron=1766791001.2956659793853759765625 HTTP/1.1" 200 31 "-" "WordPress/6.8.3; http://cqqizhou.com"
43.130.228.73 - - [27/Dec/2025:07:16:41 +0800] "GET /wp-json/oembed/1.0/embed?url=http%3A%2F%2Fcqqizhou.com%2Fcontacts%2F HTTP/1.1" 200 1112 "-" "Mozilla/5.0 (iPhone; CPU iPhone OS 13_2_3 like Mac OS X) AppleWebKit/605.1.15 (KHTML, like Gecko) Version/13.0.3 Mobile/15E148 Safari/604.1"
36.133.115.36 - - [27/Dec/2025:07:16:46 +0800] "POST /wp-cron.php?doing_wp_cron=1766791006.5497920513153076171875 HTTP/1.1" 200 31 "-" "WordPress/6.8.3; http://cqqizhou.com"
170.106.152.218 - - [27/Dec/2025:07:16:46 +0800] "GET /logistics HTTP/1.1" 301 5 "-" "Mozilla/5.0 (iPhone; CPU iPhone OS 13_2_3 like Mac OS X) AppleWebKit/605.1.15 (KHTML, like Gecko) Version/13.0.3 Mobile/15E148 Safari/604.1"
170.106.152.218 - - [27/Dec/2025:07:16:48 +0800] "GET /logistics/ HTTP/1.1" 200 18299 "http://36.133.115.36:80/logistics" "Mozilla/5.0 (iPhone; CPU iPhone OS 13_2_3 like Mac OS X) AppleWebKit/605.1.15 (KHTML, like Gecko) Version/13.0.3 Mobile/15E148 Safari/604.1"
36.133.115.36 - - [27/Dec/2025:07:18:06 +0800] "POST /wp-cron.php?doing_wp_cron=1766791086.8586690425872802734375 HTTP/1.1" 200 31 "-" "WordPress/6.8.3; http://cqqizhou.com"
193.142.147.209 - - [27/Dec/2025:07:18:07 +0800] "POST / HTTP/1.1" 200 33678 "-" "Mozilla/5.0 (Windows NT 10.0; Win64; x64) AppleWebKit/537.36"
36.133.115.36 - - [27/Dec/2025:07:25:10 +0800] "POST /wp-cron.php?doing_wp_cron=1766791510.4014320373535156250000 HTTP/1.1" 200 31 "-" "WordPress/6.8.3; http://cqqizhou.com"
157.90.79.58 - - [27/Dec/2025:07:25:10 +0800] "POST /xmlrpc.php HTTP/1.1" 200 217 "-" "Mozilla/5.0 (Windows NT 10.0; Win64; x64; rv:94.0) Gecko/20100101 Firefox/94.0"
36.133.115.36 - - [27/Dec/2025:07:26:56 +0800] "POST /wp-cron.php?doing_wp_cron=1766791616.4329800605773925781250 HTTP/1.1" 200 31 "-" "WordPress/6.8.3; http://cqqizhou.com"
43.157.153.236 - - [27/Dec/2025:07:26:56 +0800] "GET /wp-admin/admin-ajax.php HTTP/1.1" 400 11 "-" "Mozilla/5.0 (iPhone; CPU iPhone OS 13_2_3 like Mac OS X) AppleWebKit/605.1.15 (KHTML, like Gecko) Version/13.0.3 Mobile/15E148 Safari/604.1"
36.133.115.36 - - [27/Dec/2025:07:28:09 +0800] "POST /wp-cron.php?doing_wp_cron=1766791689.1252200603485107421875 HTTP/1.1" 200 31 "-" "WordPress/6.8.3; http://cqqizhou.com"
43.159.143.190 - - [27/Dec/2025:07:28:09 +0800] "GET / HTTP/1.1" 200 33678 "-" "Mozilla/5.0 (iPhone; CPU iPhone OS 13_2_3 like Mac OS X) AppleWebKit/605.1.15 (KHTML, like Gecko) Version/13.0.3 Mobile/15E148 Safari/604.1"
36.133.115.36 - - [27/Dec/2025:07:37:03 +0800] "POST /wp-cron.php?doing_wp_cron=1766792223.8909881114959716796875 HTTP/1.1" 200 31 "-" "WordPress/6.8.3; http://cqqizhou.com"
43.153.87.54 - - [27/Dec/2025:07:37:04 +0800] "GET / HTTP/1.1" 200 33678 "-" "Mozilla/5.0 (iPhone; CPU iPhone OS 13_2_3 like Mac OS X) AppleWebKit/605.1.15 (KHTML, like Gecko) Version/13.0.3 Mobile/15E148 Safari/604.1"
43.135.145.73 - - [27/Dec/2025:07:37:10 +0800] "GET /comments/feed/ HTTP/1.1" 200 704 "-" "Mozilla/5.0 (iPhone; CPU iPhone OS 13_2_3 like Mac OS X) AppleWebKit/605.1.15 (KHTML, like Gecko) Version/13.0.3 Mobile/15E148 Safari/604.1"
36.133.115.36 - - [27/Dec/2025:07:38:44 +0800] "POST /wp-cron.php?doing_wp_cron=1766792324.1318728923797607421875 HTTP/1.1" 200 31 "-" "WordPress/6.8.3; http://cqqizhou.com"
204.76.203.219 - - [27/Dec/2025:07:38:44 +0800] "GET / HTTP/1.1" 200 33678 "-" "Mozilla/5.0 (Windows NT 10.0; Win64; x64) AppleWebKit/537.36 (KHTML, like Gecko) Chrome/90.0.4430.85 Safari/537.36 Edg/90.0.818.46"
36.133.115.36 - - [27/Dec/2025:07:44:10 +0800] "POST /wp-cron.php?doing_wp_cron=1766792650.5533161163330078125000 HTTP/1.1" 200 31 "-" "WordPress/6.8.3; http://cqqizhou.com"
43.153.76.247 - - [27/Dec/2025:07:44:10 +0800] "GET /wp-json/oembed/1.0/embed?url=http%3A%2F%2Fcqqizhou.com%2Fservices%2F HTTP/1.1" 200 1111 "-" "Mozilla/5.0 (iPhone; CPU iPhone OS 13_2_3 like Mac OS X) AppleWebKit/605.1.15 (KHTML, like Gecko) Version/13.0.3 Mobile/15E148 Safari/604.1"
36.133.115.36 - - [27/Dec/2025:07:50:27 +0800] "POST /wp-cron.php?doing_wp_cron=1766793027.1435079574584960937500 HTTP/1.1" 200 31 "-" "WordPress/6.8.3; http://cqqizhou.com"
43.130.154.56 - - [27/Dec/2025:07:50:27 +0800] "GET / HTTP/1.1" 200 33678 "-" "Mozilla/5.0 (iPhone; CPU iPhone OS 13_2_3 like Mac OS X) AppleWebKit/605.1.15 (KHTML, like Gecko) Version/13.0.3 Mobile/15E148 Safari/604.1"
106.228.15.212 - - [27/Dec/2025:07:54:27 +0800] "GET /admin.php HTTP/1.1" 404 47 "http://www.cqqizhou.com/admin.php" "Mozilla/5.0 (Windows NT 6.1; WOW64) AppleWebKit/537.11 (KHTML, like Gecko) Chrome/23.0.1271.97 Safari/537.11"
220.175.85.37 - - [27/Dec/2025:07:54:27 +0800] "GET /1234.php HTTP/1.1" 404 47 "http://www.cqqizhou.com/1234.php" "Mozilla/5.0 (Windows NT 6.1; WOW64) AppleWebKit/537.11 (KHTML, like Gecko) Chrome/23.0.1271.97 Safari/537.11"
106.228.15.212 - - [27/Dec/2025:07:54:27 +0800] "GET /1.php HTTP/1.1" 404 47 "http://www.cqqizhou.com/1.php" "Mozilla/5.0 (Windows NT 6.1; WOW64) AppleWebKit/537.11 (KHTML, like Gecko) Chrome/23.0.1271.97 Safari/537.11"
106.228.15.212 - - [27/Dec/2025:07:54:27 +0800] "GET /11.php HTTP/1.1" 404 47 "http://www.cqqizhou.com/11.php" "Mozilla/5.0 (Windows NT 6.1; WOW64) AppleWebKit/537.11 (KHTML, like Gecko) Chrome/23.0.1271.97 Safari/537.11"
106.228.15.212 - - [27/Dec/2025:07:54:27 +0800] "GET /ak.php HTTP/1.1" 404 47 "http://www.cqqizhou.com/ak.php" "Mozilla/5.0 (Windows NT 6.1; WOW64) AppleWebKit/537.11 (KHTML, like Gecko) Chrome/23.0.1271.97 Safari/537.11"
106.228.15.212 - - [27/Dec/2025:07:54:27 +0800] "GET /nginx.php HTTP/1.1" 404 47 "http://www.cqqizhou.com/nginx.php" "Mozilla/5.0 (Windows NT 6.1; WOW64) AppleWebKit/537.11 (KHTML, like Gecko) Chrome/23.0.1271.97 Safari/537.11"
106.228.15.212 - - [27/Dec/2025:07:54:27 +0800] "GET /newfile.php HTTP/1.1" 404 47 "http://www.cqqizhou.com/newfile.php" "Mozilla/5.0 (Windows NT 6.1; WOW64) AppleWebKit/537.11 (KHTML, like Gecko) Chrome/23.0.1271.97 Safari/537.11"
106.228.15.212 - - [27/Dec/2025:07:54:27 +0800] "GET /dd.php HTTP/1.1" 404 47 "http://www.cqqizhou.com/dd.php" "Mozilla/5.0 (Windows NT 6.1; WOW64) AppleWebKit/537.11 (KHTML, like Gecko) Chrome/23.0.1271.97 Safari/537.11"
106.228.15.212 - - [27/Dec/2025:07:54:28 +0800] "GET /demodata.php HTTP/1.1" 404 47 "http://www.cqqizhou.com/demodata.php" "Mozilla/5.0 (Windows NT 6.1; WOW64) AppleWebKit/537.11 (KHTML, like Gecko) Chrome/23.0.1271.97 Safari/537.11"
106.228.15.212 - - [27/Dec/2025:07:54:28 +0800] "GET /admins.php HTTP/1.1" 404 47 "http://www.cqqizhou.com/admins.php" "Mozilla/5.0 (Windows NT 6.1; WOW64) AppleWebKit/537.11 (KHTML, like Gecko) Chrome/23.0.1271.97 Safari/537.11"
106.228.15.212 - - [27/Dec/2025:07:54:28 +0800] "GET /x.php HTTP/1.1" 404 47 "http://www.cqqizhou.com/x.php" "Mozilla/5.0 (Windows NT 6.1; WOW64) AppleWebKit/537.11 (KHTML, like Gecko) Chrome/23.0.1271.97 Safari/537.11"
106.228.15.212 - - [27/Dec/2025:07:54:28 +0800] "GET /apache.php HTTP/1.1" 404 47 "http://www.cqqizhou.com/apache.php" "Mozilla/5.0 (Windows NT 6.1; WOW64) AppleWebKit/537.11 (KHTML, like Gecko) Chrome/23.0.1271.97 Safari/537.11"
182.96.239.186 - - [27/Dec/2025:07:54:28 +0800] "GET /a.php HTTP/1.1" 404 47 "http://www.cqqizhou.com/a.php" "Mozilla/5.0 (Windows NT 6.1; WOW64) AppleWebKit/537.11 (KHTML, like Gecko) Chrome/23.0.1271.97 Safari/537.11"
36.133.115.36 - - [27/Dec/2025:07:56:22 +0800] "POST /wp-cron.php?doing_wp_cron=1766793382.5289208889007568359375 HTTP/1.1" 200 31 "-" "WordPress/6.8.3; http://cqqizhou.com"
5.187.35.158 - - [27/Dec/2025:07:56:22 +0800] "GET /SDK/webLanguage HTTP/1.1" 301 5 "-" "Mozilla/5.0 (Windows NT 10.0; Win64; x64) AppleWebKit/537.36 (KHTML, like Gecko) Chrome/90.0.4430.85 Safari/537.36 Edg/90.0.818.46"
43.153.74.75 - - [27/Dec/2025:07:56:24 +0800] "GET /wp-content/uploads/2025/12/1764853157-ISO3.webp HTTP/1.1" 200 225894 "-" "Mozilla/5.0 (iPhone; CPU iPhone OS 13_2_3 like Mac OS X) AppleWebKit/605.1.15 (KHTML, like Gecko) Version/13.0.3 Mobile/15E148 Safari/604.1"
36.133.115.36 - - [27/Dec/2025:07:57:42 +0800] "POST /wp-cron.php?doing_wp_cron=1766793462.8142819404602050781250 HTTP/1.1" 200 31 "-" "WordPress/6.8.3; http://cqqizhou.com"
101.32.52.164 - - [27/Dec/2025:07:57:43 +0800] "GET /contacts/ HTTP/1.1" 200 18592 "-" "Mozilla/5.0 (iPhone; CPU iPhone OS 13_2_3 like Mac OS X) AppleWebKit/605.1.15 (KHTML, like Gecko) Version/13.0.3 Mobile/15E148 Safari/604.1"
36.133.115.36 - - [27/Dec/2025:08:01:46 +0800] "POST /wp-cron.php?doing_wp_cron=1766793706.0424439907073974609375 HTTP/1.1" 200 31 "-" "WordPress/6.8.3; http://cqqizhou.com"
45.12.18.180 - - [27/Dec/2025:08:01:46 +0800] "POST /xmlrpc.php HTTP/1.1" 200 217 "-" "Mozilla/5.0 (Windows NT 10.0; Win64; x64; rv:100.0) Gecko/20100101 Firefox/100.0"
36.133.115.36 - - [27/Dec/2025:08:08:07 +0800] "POST /wp-cron.php?doing_wp_cron=1766794087.8842599391937255859375 HTTP/1.1" 200 31 "-" "WordPress/6.8.3; http://cqqizhou.com"
130.12.180.207 - - [27/Dec/2025:08:08:08 +0800] "POST / HTTP/1.1" 200 33678 "-" "Go-http-client/1.1"
36.133.115.36 - - [27/Dec/2025:08:08:59 +0800] "POST /wp-cron.php?doing_wp_cron=1766794139.1023089885711669921875 HTTP/1.1" 200 31 "-" "WordPress/6.8.3; http://cqqizhou.com"
43.166.255.122 - - [27/Dec/2025:08:08:59 +0800] "GET /portfolio/remaining-rolls/ HTTP/1.1" 200 18734 "-" "Mozilla/5.0 (iPhone; CPU iPhone OS 13_2_3 like Mac OS X) AppleWebKit/605.1.15 (KHTML, like Gecko) Version/13.0.3 Mobile/15E148 Safari/604.1"
36.133.115.36 - - [27/Dec/2025:08:10:04 +0800] "POST /wp-cron.php?doing_wp_cron=1766794204.4773681163787841796875 HTTP/1.1" 200 31 "-" "WordPress/6.8.3; http://cqqizhou.com"
93.174.93.12 - - [27/Dec/2025:08:10:04 +0800] "GET / HTTP/1.0" 301 0 "-" "Mozilla/5.0 (Windows NT 6.1; Win64; x64) AppleWebKit/537.36 (KHTML, like Gecko) Chrome/77.0.3835.0 Safari/537.36"
43.130.141.193 - - [27/Dec/2025:08:10:12 +0800] "GET /bug HTTP/1.1" 301 5 "-" "Mozilla/5.0 (iPhone; CPU iPhone OS 13_2_3 like Mac OS X) AppleWebKit/605.1.15 (KHTML, like Gecko) Version/13.0.3 Mobile/15E148 Safari/604.1"
43.130.141.193 - - [27/Dec/2025:08:10:16 +0800] "GET /bug/ HTTP/1.1" 200 11676 "http://36.133.115.36/bug" "Mozilla/5.0 (iPhone; CPU iPhone OS 13_2_3 like Mac OS X) AppleWebKit/605.1.15 (KHTML, like Gecko) Version/13.0.3 Mobile/15E148 Safari/604.1"
194.150.220.102 - - [27/Dec/2025:08:10:35 +0800] "POST /hello.world?%ADd+allow_url_include%3d1+%ADd+auto_prepend_file%3dphp://input HTTP/1.1" 404 31364 "-" "libredtail-http"
194.150.220.102 - - [27/Dec/2025:08:10:37 +0800] "POST /?%ADd+allow_url_include%3d1+%ADd+auto_prepend_file%3dphp://input HTTP/1.1" 200 152290 "-" "libredtail-http"
194.150.220.102 - - [27/Dec/2025:08:10:38 +0800] "GET /vendor/phpunit/phpunit/src/Util/PHP/eval-stdin.php HTTP/1.1" 404 27 "-" "libredtail-http"
194.150.220.102 - - [27/Dec/2025:08:10:39 +0800] "GET /vendor/phpunit/phpunit/Util/PHP/eval-stdin.php HTTP/1.1" 404 27 "-" "libredtail-http"
194.150.220.102 - - [27/Dec/2025:08:10:39 +0800] "GET /vendor/phpunit/src/Util/PHP/eval-stdin.php HTTP/1.1" 404 27 "-" "libredtail-http"
194.150.220.102 - - [27/Dec/2025:08:10:40 +0800] "GET /vendor/phpunit/Util/PHP/eval-stdin.php HTTP/1.1" 404 27 "-" "libredtail-http"
194.150.220.102 - - [27/Dec/2025:08:10:40 +0800] "GET /vendor/phpunit/phpunit/LICENSE/eval-stdin.php HTTP/1.1" 404 27 "-" "libredtail-http"
194.150.220.102 - - [27/Dec/2025:08:10:41 +0800] "GET /vendor/vendor/phpunit/phpunit/src/Util/PHP/eval-stdin.php HTTP/1.1" 404 27 "-" "libredtail-http"
194.150.220.102 - - [27/Dec/2025:08:10:41 +0800] "GET /phpunit/phpunit/src/Util/PHP/eval-stdin.php HTTP/1.1" 404 27 "-" "libredtail-http"
194.150.220.102 - - [27/Dec/2025:08:10:42 +0800] "GET /phpunit/phpunit/Util/PHP/eval-stdin.php HTTP/1.1" 404 27 "-" "libredtail-http"
194.150.220.102 - - [27/Dec/2025:08:10:43 +0800] "GET /phpunit/src/Util/PHP/eval-stdin.php HTTP/1.1" 404 27 "-" "libredtail-http"
194.150.220.102 - - [27/Dec/2025:08:10:43 +0800] "GET /phpunit/Util/PHP/eval-stdin.php HTTP/1.1" 404 27 "-" "libredtail-http"
194.150.220.102 - - [27/Dec/2025:08:10:43 +0800] "GET /lib/phpunit/phpunit/src/Util/PHP/eval-stdin.php HTTP/1.1" 404 27 "-" "libredtail-http"
194.150.220.102 - - [27/Dec/2025:08:10:44 +0800] "GET /lib/phpunit/phpunit/Util/PHP/eval-stdin.php HTTP/1.1" 404 27 "-" "libredtail-http"
194.150.220.102 - - [27/Dec/2025:08:10:44 +0800] "GET /lib/phpunit/src/Util/PHP/eval-stdin.php HTTP/1.1" 404 27 "-" "libredtail-http"
194.150.220.102 - - [27/Dec/2025:08:10:45 +0800] "GET /lib/phpunit/Util/PHP/eval-stdin.php HTTP/1.1" 404 27 "-" "libredtail-http"
194.150.220.102 - - [27/Dec/2025:08:10:46 +0800] "GET /lib/vendor/phpunit/phpunit/src/Util/PHP/eval-stdin.php HTTP/1.1" 404 27 "-" "libredtail-http"
194.150.220.102 - - [27/Dec/2025:08:10:47 +0800] "GET /laravel/vendor/phpunit/phpunit/src/Util/PHP/eval-stdin.php HTTP/1.1" 404 27 "-" "libredtail-http"
194.150.220.102 - - [27/Dec/2025:08:10:47 +0800] "GET /www/vendor/phpunit/phpunit/src/Util/PHP/eval-stdin.php HTTP/1.1" 404 27 "-" "libredtail-http"
194.150.220.102 - - [27/Dec/2025:08:10:48 +0800] "GET /ws/vendor/phpunit/phpunit/src/Util/PHP/eval-stdin.php HTTP/1.1" 404 27 "-" "libredtail-http"
194.150.220.102 - - [27/Dec/2025:08:10:48 +0800] "GET /yii/vendor/phpunit/phpunit/src/Util/PHP/eval-stdin.php HTTP/1.1" 404 27 "-" "libredtail-http"
194.150.220.102 - - [27/Dec/2025:08:10:49 +0800] "GET /zend/vendor/phpunit/phpunit/src/Util/PHP/eval-stdin.php HTTP/1.1" 404 27 "-" "libredtail-http"
194.150.220.102 - - [27/Dec/2025:08:10:49 +0800] "GET /ws/ec/vendor/phpunit/phpunit/src/Util/PHP/eval-stdin.php HTTP/1.1" 404 27 "-" "libredtail-http"
194.150.220.102 - - [27/Dec/2025:08:10:50 +0800] "GET /V2/vendor/phpunit/phpunit/src/Util/PHP/eval-stdin.php HTTP/1.1" 404 27 "-" "libredtail-http"
194.150.220.102 - - [27/Dec/2025:08:10:51 +0800] "GET /tests/vendor/phpunit/phpunit/src/Util/PHP/eval-stdin.php HTTP/1.1" 404 27 "-" "libredtail-http"
194.150.220.102 - - [27/Dec/2025:08:10:51 +0800] "GET /test/vendor/phpunit/phpunit/src/Util/PHP/eval-stdin.php HTTP/1.1" 404 27 "-" "libredtail-http"
194.150.220.102 - - [27/Dec/2025:08:10:52 +0800] "GET /testing/vendor/phpunit/phpunit/src/Util/PHP/eval-stdin.php HTTP/1.1" 404 27 "-" "libredtail-http"
194.150.220.102 - - [27/Dec/2025:08:10:53 +0800] "GET /api/vendor/phpunit/phpunit/src/Util/PHP/eval-stdin.php HTTP/1.1" 404 27 "-" "libredtail-http"
194.150.220.102 - - [27/Dec/2025:08:10:53 +0800] "GET /demo/vendor/phpunit/phpunit/src/Util/PHP/eval-stdin.php HTTP/1.1" 404 27 "-" "libredtail-http"
194.150.220.102 - - [27/Dec/2025:08:10:54 +0800] "GET /cms/vendor/phpunit/phpunit/src/Util/PHP/eval-stdin.php HTTP/1.1" 404 27 "-" "libredtail-http"
194.150.220.102 - - [27/Dec/2025:08:10:54 +0800] "GET /crm/vendor/phpunit/phpunit/src/Util/PHP/eval-stdin.php HTTP/1.1" 404 27 "-" "libredtail-http"
194.150.220.102 - - [27/Dec/2025:08:10:55 +0800] "GET /admin/vendor/phpunit/phpunit/src/Util/PHP/eval-stdin.php HTTP/1.1" 404 27 "-" "libredtail-http"
194.150.220.102 - - [27/Dec/2025:08:10:55 +0800] "GET /backup/vendor/phpunit/phpunit/src/Util/PHP/eval-stdin.php HTTP/1.1" 404 27 "-" "libredtail-http"
194.150.220.102 - - [27/Dec/2025:08:10:56 +0800] "GET /blog/vendor/phpunit/phpunit/src/Util/PHP/eval-stdin.php HTTP/1.1" 404 27 "-" "libredtail-http"
194.150.220.102 - - [27/Dec/2025:08:10:56 +0800] "GET /workspace/drupal/vendor/phpunit/phpunit/src/Util/PHP/eval-stdin.php HTTP/1.1" 404 27 "-" "libredtail-http"
194.150.220.102 - - [27/Dec/2025:08:10:57 +0800] "GET /panel/vendor/phpunit/phpunit/src/Util/PHP/eval-stdin.php HTTP/1.1" 404 27 "-" "libredtail-http"
194.150.220.102 - - [27/Dec/2025:08:10:57 +0800] "GET /public/vendor/phpunit/phpunit/src/Util/PHP/eval-stdin.php HTTP/1.1" 404 27 "-" "libredtail-http"
194.150.220.102 - - [27/Dec/2025:08:10:58 +0800] "GET /apps/vendor/phpunit/phpunit/src/Util/PHP/eval-stdin.php HTTP/1.1" 404 27 "-" "libredtail-http"
194.150.220.102 - - [27/Dec/2025:08:10:58 +0800] "GET /app/vendor/phpunit/phpunit/src/Util/PHP/eval-stdin.php HTTP/1.1" 404 27 "-" "libredtail-http"
36.133.115.36 - - [27/Dec/2025:08:11:00 +0800] "POST /wp-cron.php?doing_wp_cron=1766794260.0610499382019042968750 HTTP/1.1" 200 31 "-" "WordPress/6.8.3; http://cqqizhou.com"
194.150.220.102 - - [27/Dec/2025:08:11:00 +0800] "GET /index.php?s=/index/\x5Cthink\x5Capp/invokefunction&function=call_user_func_array&vars[0]=md5&vars[1][]=Hello HTTP/1.1" 200 65604 "-" "libredtail-http"
194.150.220.102 - - [27/Dec/2025:08:11:01 +0800] "GET /public/index.php?s=/index/\x5Cthink\x5Capp/invokefunction&function=call_user_func_array&vars[0]=md5&vars[1][]=Hello HTTP/1.1" 404 27 "-" "libredtail-http"
194.150.220.102 - - [27/Dec/2025:08:11:02 +0800] "GET /index.php?lang=../../../../../../../../usr/local/lib/php/pearcmd&+config-create+/&/<?echo(md5(\x22hi\x22));?>+/tmp/index1.php HTTP/1.1" 200 152290 "-" "libredtail-http"
194.150.220.102 - - [27/Dec/2025:08:11:05 +0800] "GET /index.php?lang=../../../../../../../../tmp/index1 HTTP/1.1" 200 152290 "-" "libredtail-http"
194.150.220.102 - - [27/Dec/2025:08:11:07 +0800] "GET /containers/json HTTP/1.1" 301 5 "-" "libredtail-http"
194.150.220.102 - - [27/Dec/2025:08:11:08 +0800] "GET /containers/json HTTP/1.1" 301 5 "-" "libredtail-http"
212.54.229.15 - - [27/Dec/2025:08:11:39 +0800] "POST /xmlrpc.php HTTP/1.1" 200 217 "-" "Mozilla/5.0 (Windows NT 10.0; Win64; x64; rv:94.0) Gecko/20100101 Firefox/94.0"
36.133.115.36 - - [27/Dec/2025:08:13:31 +0800] "POST /wp-cron.php?doing_wp_cron=1766794411.8686089515686035156250 HTTP/1.1" 200 31 "-" "WordPress/6.8.3; http://cqqizhou.com"
107.170.37.124 - - [27/Dec/2025:08:13:31 +0800] "GET /.env HTTP/1.1" 404 8975 "-" "Mozilla/5.0; Keydrop.io/1.0(onlyscans.com/about);"
107.170.37.124 - - [27/Dec/2025:08:13:33 +0800] "GET /.git/config HTTP/1.1" 404 8975 "-" "Mozilla/5.0; Keydrop.io/1.0(onlyscans.com/about);"
36.133.115.36 - - [27/Dec/2025:08:18:46 +0800] "POST /wp-cron.php?doing_wp_cron=1766794726.2002279758453369140625 HTTP/1.1" 200 31 "-" "WordPress/6.8.3; http://cqqizhou.com"
89.42.231.239 - - [27/Dec/2025:08:18:46 +0800] "GET / HTTP/1.1" 200 152290 "-" "-"
170.106.140.110 - - [27/Dec/2025:08:18:52 +0800] "GET /wp-content/uploads/2025/07/1751864664-Logistics800x500_1-768x480.webp HTTP/1.1" 200 83946 "-" "Mozilla/5.0 (iPhone; CPU iPhone OS 13_2_3 like Mac OS X) AppleWebKit/605.1.15 (KHTML, like Gecko) Version/13.0.3 Mobile/15E148 Safari/604.1"
36.133.115.36 - - [27/Dec/2025:08:26:04 +0800] "POST /wp-cron.php?doing_wp_cron=1766795164.2166199684143066406250 HTTP/1.1" 200 31 "-" "WordPress/6.8.3; http://cqqizhou.com"
49.51.47.100 - - [27/Dec/2025:08:26:04 +0800] "GET /portfolio-category/dual-phase-steel/ HTTP/1.1" 200 17784 "-" "Mozilla/5.0 (iPhone; CPU iPhone OS 13_2_3 like Mac OS X) AppleWebKit/605.1.15 (KHTML, like Gecko) Version/13.0.3 Mobile/15E148 Safari/604.1"
36.133.115.36 - - [27/Dec/2025:08:27:44 +0800] "POST /wp-cron.php?doing_wp_cron=1766795264.1782429218292236328125 HTTP/1.1" 200 31 "-" "WordPress/6.8.3; http://cqqizhou.com"
124.225.206.172 - - [27/Dec/2025:08:27:44 +0800] "GET / HTTP/1.1" 301 5 "-" "Python/3.8 aiohttp/3.9.5"
36.133.115.36 - - [27/Dec/2025:08:34:59 +0800] "POST /wp-cron.php?doing_wp_cron=1766795699.2143900394439697265625 HTTP/1.1" 200 31 "-" "WordPress/6.8.3; http://cqqizhou.com"
38.46.221.123 - - [27/Dec/2025:08:34:59 +0800] "GET http://check.9tb.org/ HTTP/1.1" 301 5 "-" "Go-http-client/1.1"
38.46.221.123 - - [27/Dec/2025:08:34:59 +0800] "GET http://cqqizhou.com/ HTTP/1.1" 200 34109 "http://check.9tb.org" "Go-http-client/1.1"
36.133.115.36 - - [27/Dec/2025:08:36:45 +0800] "POST /wp-cron.php?doing_wp_cron=1766795805.0416669845581054687500 HTTP/1.1" 200 31 "-" "WordPress/6.8.3; http://cqqizhou.com"
43.166.7.113 - - [27/Dec/2025:08:36:45 +0800] "GET /portfolio-category/cold-rolled-coil/ HTTP/1.1" 200 17801 "-" "Mozilla/5.0 (iPhone; CPU iPhone OS 13_2_3 like Mac OS X) AppleWebKit/605.1.15 (KHTML, like Gecko) Version/13.0.3 Mobile/15E148 Safari/604.1"
36.133.115.36 - - [27/Dec/2025:08:37:18 +0800] "POST /wp-cron.php?doing_wp_cron=1766795838.3648810386657714843750 HTTP/1.1" 200 31 "-" "WordPress/6.8.3; http://cqqizhou.com"
157.245.107.90 - - [27/Dec/2025:08:37:18 +0800] "POST /xmlrpc.php HTTP/1.1" 200 217 "-" "Mozilla/5.0 (Windows NT 10.0; Win64; x64; rv:62.0) Gecko/20100101 Firefox/62.0"
36.133.115.36 - - [27/Dec/2025:08:38:09 +0800] "POST /wp-cron.php?doing_wp_cron=1766795889.4595808982849121093750 HTTP/1.1" 200 31 "-" "WordPress/6.8.3; http://cqqizhou.com"
223.160.226.84 - - [27/Dec/2025:08:38:09 +0800] "GET /2339/ HTTP/1.1" 200 20578 "-" "Mozilla/5.0 (Linux; Android 16; RMX5060 Build/BP2A.250605.015; wv) AppleWebKit/537.36 (KHTML, like Gecko) Version/4.0 Chrome/142.0.7444.173 Mobile Safari/537.36 XWEB/1420113 MMWEBSDK/20251006 MMWEBID/4706 MicroMessenger/8.0.66.2980(0x28004250) WeChat/arm64 Weixin NetType/5G Language/zh_CN ABI/arm64"
223.160.226.84 - - [27/Dec/2025:08:38:10 +0800] "GET /wp-content/uploads/2025/12/1765891413-20251209103501.webp HTTP/1.1" 200 24878 "http://cqqizhou.com/2339/" "Mozilla/5.0 (Linux; Android 16; RMX5060 Build/BP2A.250605.015; wv) AppleWebKit/537.36 (KHTML, like Gecko) Version/4.0 Chrome/142.0.7444.173 Mobile Safari/537.36 XWEB/1420113 MMWEBSDK/20251006 MMWEBID/4706 MicroMessenger/8.0.66.2980(0x28004250) WeChat/arm64 Weixin NetType/5G Language/zh_CN ABI/arm64"
223.160.226.84 - - [27/Dec/2025:08:38:10 +0800] "GET /wp-content/uploads/2025/12/1766647832-Article_images_W900%C3%97500px20251225.webp HTTP/1.1" 200 44582 "http://cqqizhou.com/2339/" "Mozilla/5.0 (Linux; Android 16; RMX5060 Build/BP2A.250605.015; wv) AppleWebKit/537.36 (KHTML, like Gecko) Version/4.0 Chrome/142.0.7444.173 Mobile Safari/537.36 XWEB/1420113 MMWEBSDK/20251006 MMWEBID/4706 MicroMessenger/8.0.66.2980(0x28004250) WeChat/arm64 Weixin NetType/5G Language/zh_CN ABI/arm64"
223.160.226.84 - - [27/Dec/2025:08:38:10 +0800] "GET /wp-content/uploads/2025/12/1766064629-Article_images_20251218212623.webp HTTP/1.1" 200 20366 "http://cqqizhou.com/2339/" "Mozilla/5.0 (Linux; Android 16; RMX5060 Build/BP2A.250605.015; wv) AppleWebKit/537.36 (KHTML, like Gecko) Version/4.0 Chrome/142.0.7444.173 Mobile Safari/537.36 XWEB/1420113 MMWEBSDK/20251006 MMWEBID/4706 MicroMessenger/8.0.66.2980(0x28004250) WeChat/arm64 Weixin NetType/5G Language/zh_CN ABI/arm64"
223.160.226.84 - - [27/Dec/2025:08:38:10 +0800] "GET /wp-content/uploads/2025/12/1765248735-20251209104226_108_60.webp HTTP/1.1" 200 55962 "http://cqqizhou.com/2339/" "Mozilla/5.0 (Linux; Android 16; RMX5060 Build/BP2A.250605.015; wv) AppleWebKit/537.36 (KHTML, like Gecko) Version/4.0 Chrome/142.0.7444.173 Mobile Safari/537.36 XWEB/1420113 MMWEBSDK/20251006 MMWEBID/4706 MicroMessenger/8.0.66.2980(0x28004250) WeChat/arm64 Weixin NetType/5G Language/zh_CN ABI/arm64"
223.160.226.84 - - [27/Dec/2025:08:38:10 +0800] "GET /wp-content/uploads/2025/12/1765248770-20251209104226_107_60.webp HTTP/1.1" 200 66916 "http://cqqizhou.com/2339/" "Mozilla/5.0 (Linux; Android 16; RMX5060 Build/BP2A.250605.015; wv) AppleWebKit/537.36 (KHTML, like Gecko) Version/4.0 Chrome/142.0.7444.173 Mobile Safari/537.36 XWEB/1420113 MMWEBSDK/20251006 MMWEBID/4706 MicroMessenger/8.0.66.2980(0x28004250) WeChat/arm64 Weixin NetType/5G Language/zh_CN ABI/arm64"
223.160.226.84 - - [27/Dec/2025:08:38:10 +0800] "GET /wp-content/uploads/2025/07/1753410289-News2000%C3%97400_202571.webp HTTP/1.1" 200 17830 "http://cqqizhou.com/2339/" "Mozilla/5.0 (Linux; Android 16; RMX5060 Build/BP2A.250605.015; wv) AppleWebKit/537.36 (KHTML, like Gecko) Version/4.0 Chrome/142.0.7444.173 Mobile Safari/537.36 XWEB/1420113 MMWEBSDK/20251006 MMWEBID/4706 MicroMessenger/8.0.66.2980(0x28004250) WeChat/arm64 Weixin NetType/5G Language/zh_CN ABI/arm64"
223.160.226.84 - - [27/Dec/2025:08:38:10 +0800] "GET /wp-content/uploads/2025/07/1751425283-qizhou.kf_.qq_.com_.webp HTTP/1.1" 200 16864 "http://cqqizhou.com/2339/" "Mozilla/5.0 (Linux; Android 16; RMX5060 Build/BP2A.250605.015; wv) AppleWebKit/537.36 (KHTML, like Gecko) Version/4.0 Chrome/142.0.7444.173 Mobile Safari/537.36 XWEB/1420113 MMWEBSDK/20251006 MMWEBID/4706 MicroMessenger/8.0.66.2980(0x28004250) WeChat/arm64 Weixin NetType/5G Language/zh_CN ABI/arm64"
223.160.226.84 - - [27/Dec/2025:08:38:10 +0800] "GET /wp-content/uploads/2025/12/1765249046-20251209104228_110_60.webp HTTP/1.1" 200 64834 "http://cqqizhou.com/2339/" "Mozilla/5.0 (Linux; Android 16; RMX5060 Build/BP2A.250605.015; wv) AppleWebKit/537.36 (KHTML, like Gecko) Version/4.0 Chrome/142.0.7444.173 Mobile Safari/537.36 XWEB/1420113 MMWEBSDK/20251006 MMWEBID/4706 MicroMessenger/8.0.66.2980(0x28004250) WeChat/arm64 Weixin NetType/5G Language/zh_CN ABI/arm64"
36.133.115.36 - - [27/Dec/2025:08:45:27 +0800] "POST /wp-cron.php?doing_wp_cron=1766796327.9193019866943359375000 HTTP/1.1" 200 31 "-" "WordPress/6.8.3; http://cqqizhou.com"
52.167.144.162 - - [27/Dec/2025:08:45:28 +0800] "GET /?s= HTTP/1.1" 200 19763 "-" "Mozilla/5.0 AppleWebKit/537.36 (KHTML, like Gecko; compatible; bingbot/2.0; +http://www.bing.com/bingbot.htm) Chrome/116.0.1938.76 Safari/537.36"
36.133.115.36 - - [27/Dec/2025:08:46:07 +0800] "POST /wp-cron.php?doing_wp_cron=1766796367.0845379829406738281250 HTTP/1.1" 200 31 "-" "WordPress/6.8.3; http://cqqizhou.com"
43.155.140.157 - - [27/Dec/2025:08:46:07 +0800] "GET /wp-content/uploads/revslider/slider-1/1750861156-logistics_Slider_3840 HTTP/1.1" 404 8975 "-" "Mozilla/5.0 (iPhone; CPU iPhone OS 13_2_3 like Mac OS X) AppleWebKit/605.1.15 (KHTML, like Gecko) Version/13.0.3 Mobile/15E148 Safari/604.1"
36.133.115.36 - - [27/Dec/2025:08:48:55 +0800] "POST /wp-cron.php?doing_wp_cron=1766796535.5183019638061523437500 HTTP/1.1" 200 31 "-" "WordPress/6.8.3; http://cqqizhou.com"
66.249.68.71 - - [27/Dec/2025:08:48:55 +0800] "GET /business/ HTTP/1.1" 404 8976 "-" "Mozilla/5.0 (Linux; Android 6.0.1; Nexus 5X Build/MMB29P) AppleWebKit/537.36 (KHTML, like Gecko) Chrome/141.0.7390.122 Mobile Safari/537.36 (compatible; Googlebot/2.1; +http://www.google.com/bot.html)"
43.166.7.113 - - [27/Dec/2025:08:56:04 +0800] "GET /wp-content/uploads/2025/07/1750005875-qizhou_map2025616.webp HTTP/1.1" 200 348798 "-" "Mozilla/5.0 (iPhone; CPU iPhone OS 13_2_3 like Mac OS X) AppleWebKit/605.1.15 (KHTML, like Gecko) Version/13.0.3 Mobile/15E148 Safari/604.1"
36.133.115.36 - - [27/Dec/2025:09:02:32 +0800] "POST /wp-cron.php?doing_wp_cron=1766797352.3469130992889404296875 HTTP/1.1" 200 31 "-" "WordPress/6.8.3; http://cqqizhou.com"
51.68.236.59 - - [27/Dec/2025:09:02:32 +0800] "GET /robots.txt HTTP/1.1" 200 190 "-" "Mozilla/5.0 (compatible; MJ12bot/v2.0.4; http://mj12bot.com/)"
51.68.236.59 - - [27/Dec/2025:09:02:32 +0800] "GET / HTTP/1.1" 200 34109 "-" "Mozilla/5.0 (compatible; MJ12bot/v2.0.4; http://mj12bot.com/)"
167.94.146.55 - - [27/Dec/2025:09:02:34 +0800] "GET / HTTP/1.1" 301 5 "-" "Mozilla/5.0 (compatible; CensysInspect/1.1; +https://about.censys.io/)"
167.94.146.55 - - [27/Dec/2025:09:02:41 +0800] "GET /login HTTP/1.1" 302 5 "-" "Mozilla/5.0 (compatible; CensysInspect/1.1; +https://about.censys.io/)"
36.133.115.36 - - [27/Dec/2025:09:03:01 +0800] "POST /wp-cron.php?doing_wp_cron=1766797381.5552780628204345703125 HTTP/1.1" 200 31 "-" "WordPress/6.8.3; http://cqqizhou.com"
204.76.203.212 - - [27/Dec/2025:09:03:01 +0800] "GET / HTTP/1.1" 200 33678 "-" "Mozilla/5.0 (Windows NT 10.0; Win64; x64) AppleWebKit/537.36 (KHTML, like Gecko) Chrome/90.0.4430.85 Safari/537.36 Edg/90.0.818.46"
36.133.115.36 - - [27/Dec/2025:09:07:47 +0800] "POST /wp-cron.php?doing_wp_cron=1766797667.4799239635467529296875 HTTP/1.1" 200 31 "-" "WordPress/6.8.3; http://cqqizhou.com"
43.166.129.247 - - [27/Dec/2025:09:07:47 +0800] "GET /media/ HTTP/1.1" 200 23987 "-" "Mozilla/5.0 (iPhone; CPU iPhone OS 13_2_3 like Mac OS X) AppleWebKit/605.1.15 (KHTML, like Gecko) Version/13.0.3 Mobile/15E148 Safari/604.1"
40.77.167.26 - - [27/Dec/2025:09:12:00 +0800] "GET /services/ HTTP/1.1" 200 31630 "-" "Mozilla/5.0 AppleWebKit/537.36 (KHTML, like Gecko; compatible; bingbot/2.0; +http://www.bing.com/bingbot.htm) Chrome/116.0.1938.76 Safari/537.36"
36.133.115.36 - - [27/Dec/2025:09:16:11 +0800] "POST /wp-cron.php?doing_wp_cron=1766798171.4736680984497070312500 HTTP/1.1" 200 31 "-" "WordPress/6.8.3; http://cqqizhou.com"
68.193.181.207 - - [27/Dec/2025:09:16:11 +0800] "POST /xmlrpc.php HTTP/1.1" 200 217 "-" "Mozilla/5.0 (Windows NT 10.0; Win64; x64; rv:44.0) Gecko/20100101 Firefox/44.0"
36.133.115.36 - - [27/Dec/2025:09:17:05 +0800] "POST /wp-cron.php?doing_wp_cron=1766798224.9710040092468261718750 HTTP/1.1" 200 31 "-" "WordPress/6.8.3; http://cqqizhou.com"
43.158.91.71 - - [27/Dec/2025:09:17:05 +0800] "GET /2388/ HTTP/1.1" 200 20482 "-" "Mozilla/5.0 (iPhone; CPU iPhone OS 13_2_3 like Mac OS X) AppleWebKit/605.1.15 (KHTML, like Gecko) Version/13.0.3 Mobile/15E148 Safari/604.1"
158.173.156.203 - - [27/Dec/2025:09:21:25 +0800] "GET / HTTP/1.0" 200 153956 "http://cqqizhou.com/" "Mozilla/5.0 (Windows NT 10.0; Win64; x64) AppleWebKit/537.36 (KHTML, like Gecko) Chrome/130.0.0.0 Safari/537.36"
158.173.156.203 - - [27/Dec/2025:09:21:26 +0800] "GET /contacts/ HTTP/1.0" 200 76700 "http://cqqizhou.com/contacts/" "Mozilla/5.0 (Windows NT 10.0; Win64; x64) AppleWebKit/537.36 (KHTML, like Gecko) Chrome/130.0.0.0 Safari/537.36"
36.133.115.36 - - [27/Dec/2025:09:21:28 +0800] "POST /wp-cron.php?doing_wp_cron=1766798488.9010300636291503906250 HTTP/1.1" 200 31 "-" "WordPress/6.8.3; http://cqqizhou.com"
158.173.156.203 - - [27/Dec/2025:09:21:30 +0800] "POST /contacts/ HTTP/1.0" 200 70088 "http://cqqizhou.com/contacts/" "Mozilla/5.0 (Windows NT 10.0; Win64; x64) AppleWebKit/537.36 (KHTML, like Gecko) Chrome/130.0.0.0 Safari/537.36"
36.133.115.36 - - [27/Dec/2025:09:25:35 +0800] "POST /wp-cron.php?doing_wp_cron=1766798735.3646650314331054687500 HTTP/1.1" 200 31 "-" "WordPress/6.8.3; http://cqqizhou.com"
204.76.203.219 - - [27/Dec/2025:09:25:35 +0800] "GET / HTTP/1.1" 200 33677 "-" "Mozilla/5.0 (Windows NT 10.0; Win64; x64) AppleWebKit/537.36 (KHTML, like Gecko) Chrome/90.0.4430.85 Safari/537.36 Edg/90.0.818.46"
170.106.152.218 - - [27/Dec/2025:09:28:18 +0800] "GET /wp-content/plugins/ HTTP/1.1" 200 31 "-" "Mozilla/5.0 (iPhone; CPU iPhone OS 13_2_3 like Mac OS X) AppleWebKit/605.1.15 (KHTML, like Gecko) Version/13.0.3 Mobile/15E148 Safari/604.1"
36.133.115.36 - - [27/Dec/2025:09:35:34 +0800] "POST /wp-cron.php?doing_wp_cron=1766799334.0606648921966552734375 HTTP/1.1" 200 31 "-" "WordPress/6.8.3; http://cqqizhou.com"
43.153.47.201 - - [27/Dec/2025:09:35:34 +0800] "GET /portfolio/%e5%86%b7%e8%bd%a7%e6%9d%bf/ HTTP/1.1" 200 18773 "-" "Mozilla/5.0 (iPhone; CPU iPhone OS 13_2_3 like Mac OS X) AppleWebKit/605.1.15 (KHTML, like Gecko) Version/13.0.3 Mobile/15E148 Safari/604.1"
36.133.115.36 - - [27/Dec/2025:09:46:56 +0800] "POST /wp-cron.php?doing_wp_cron=1766800016.3428549766540527343750 HTTP/1.1" 200 31 "-" "WordPress/6.8.3; http://cqqizhou.com"
95.214.55.71 - - [27/Dec/2025:09:46:56 +0800] "GET / HTTP/1.1" 200 109842 "-" "python-requests/2.31.0"
36.133.115.36 - - [27/Dec/2025:09:52:25 +0800] "POST /wp-cron.php?doing_wp_cron=1766800345.8125119209289550781250 HTTP/1.1" 200 31 "-" "WordPress/6.8.3; http://cqqizhou.com"
213.132.222.51 - - [27/Dec/2025:09:52:25 +0800] "POST /xmlrpc.php HTTP/1.1" 200 217 "-" "Mozilla/5.0 (Windows NT 10.0; Win64; x64; rv:93.0) Gecko/20100101 Firefox/93.0"
36.133.115.36 - - [27/Dec/2025:09:54:36 +0800] "POST /wp-cron.php?doing_wp_cron=1766800476.8971319198608398437500 HTTP/1.1" 200 31 "-" "WordPress/6.8.3; http://cqqizhou.com"
38.46.221.123 - - [27/Dec/2025:09:54:36 +0800] "GET http://check.9tb.org/ HTTP/1.1" 301 5 "-" "Go-http-client/1.1"
38.46.221.123 - - [27/Dec/2025:09:54:37 +0800] "GET http://cqqizhou.com/ HTTP/1.1" 200 34109 "http://check.9tb.org" "Go-http-client/1.1"
36.133.115.36 - - [27/Dec/2025:10:07:09 +0800] "POST /wp-cron.php?doing_wp_cron=1766801229.4495370388031005859375 HTTP/1.1" 200 31 "-" "WordPress/6.8.3; http://cqqizhou.com"
89.42.231.239 - - [27/Dec/2025:10:07:10 +0800] "GET / HTTP/1.1" 200 152290 "-" "-"
36.133.115.36 - - [27/Dec/2025:10:14:23 +0800] "POST /wp-cron.php?doing_wp_cron=1766801663.3142409324645996093750 HTTP/1.1" 200 31 "-" "WordPress/6.8.3; http://cqqizhou.com"
193.142.147.209 - - [27/Dec/2025:10:14:24 +0800] "POST / HTTP/1.1" 200 33676 "-" "Mozilla/5.0 (Windows NT 10.0; Win64; x64) AppleWebKit/537.36"
36.133.115.36 - - [27/Dec/2025:10:17:49 +0800] "POST /wp-cron.php?doing_wp_cron=1766801869.4735679626464843750000 HTTP/1.1" 200 31 "-" "WordPress/6.8.3; http://cqqizhou.com"
161.189.90.122 - - [27/Dec/2025:10:17:49 +0800] "GET / HTTP/1.1" 200 152290 "-" "Python-urllib/2.7"
36.133.115.36 - - [27/Dec/2025:10:20:50 +0800] "POST /wp-cron.php?doing_wp_cron=1766802050.1263549327850341796875 HTTP/1.1" 200 31 "-" "WordPress/6.8.3; http://cqqizhou.com"
54.36.179.84 - - [27/Dec/2025:10:20:50 +0800] "GET /robots.txt HTTP/1.1" 200 390 "-" "Mozilla/5.0 (compatible; MJ12bot/v1.4.8; http://mj12bot.com/)"
54.36.179.84 - - [27/Dec/2025:10:20:51 +0800] "GET /portfolio-tag/%E9%9E%8D%E9%92%A2%E8%92%82%E6%A3%AE/ HTTP/1.1" 200 22871 "-" "Mozilla/5.0 (compatible; MJ12bot/v1.4.8; http://mj12bot.com/)"
54.36.179.84 - - [27/Dec/2025:10:20:53 +0800] "GET /portfolio/%E5%86%B7%E8%BD%A7%E5%8D%B7/ HTTP/1.1" 200 22115 "-" "Mozilla/5.0 (compatible; MJ12bot/v1.4.8; http://mj12bot.com/)"
54.36.179.84 - - [27/Dec/2025:10:20:55 +0800] "GET /portfolio/%E5%86%B7%E8%BD%A7%E6%9D%BF/ HTTP/1.1" 200 22137 "-" "Mozilla/5.0 (compatible; MJ12bot/v1.4.8; http://mj12bot.com/)"
40.77.167.11 - - [27/Dec/2025:10:27:51 +0800] "GET /2354/ HTTP/1.1" 200 24355 "-" "Mozilla/5.0 AppleWebKit/537.36 (KHTML, like Gecko; compatible; bingbot/2.0; +http://www.bing.com/bingbot.htm) Chrome/116.0.1938.76 Safari/537.36"
36.133.115.36 - - [27/Dec/2025:10:29:08 +0800] "POST /wp-cron.php?doing_wp_cron=1766802548.9327940940856933593750 HTTP/1.1" 200 31 "-" "WordPress/6.8.3; http://cqqizhou.com"
198.186.130.79 - - [27/Dec/2025:10:29:08 +0800] "POST /xmlrpc.php HTTP/1.1" 200 217 "-" "Mozilla/5.0 (Windows NT 10.0; Win64; x64; rv:79.0) Gecko/20100101 Firefox/79.0"
180.153.236.54 - - [27/Dec/2025:10:37:20 +0800] "GET / HTTP/1.1" 200 34109 "http://cqqizhou.com/" "Mozilla/5.0 (Windows NT 10.0; Win64; x64) AppleWebKit/537.36 (KHTML, like Gecko) Chrome/140.0.0.0 Safari/537.36 Edg/140.0.0.0; 360Spider"
36.133.115.36 - - [27/Dec/2025:10:42:24 +0800] "POST /wp-cron.php?doing_wp_cron=1766803344.2073919773101806640625 HTTP/1.1" 200 31 "-" "WordPress/6.8.3; http://cqqizhou.com"
141.98.11.140 - - [27/Dec/2025:10:42:24 +0800] "GET /login.asp HTTP/1.1" 301 5 "-" "Mozilla/5.0"
149.56.150.1 - - [27/Dec/2025:10:42:36 +0800] "GET / HTTP/1.1" 301 5 "-" "Mozilla/5.0 (compatible; Dataprovider.com)"
149.56.150.1 - - [27/Dec/2025:10:42:38 +0800] "GET / HTTP/1.1" 200 153978 "-" "Mozilla/5.0 (compatible; Dataprovider.com)"
149.56.150.1 - - [27/Dec/2025:10:42:40 +0800] "GET /robots.txt HTTP/1.1" 200 390 "-" "Mozilla/5.0 (compatible; Dataprovider.com)"
149.56.150.1 - - [27/Dec/2025:10:42:41 +0800] "GET /wp-sitemap.xml HTTP/1.1" 501 253 "-" "Mozilla/5.0 (compatible; Dataprovider.com)"
149.56.150.1 - - [27/Dec/2025:10:42:43 +0800] "GET /contacts/ HTTP/1.1" 200 76714 "-" "Mozilla/5.0 (compatible; Dataprovider.com)"
149.56.150.1 - - [27/Dec/2025:10:42:44 +0800] "GET /2162/ HTTP/1.1" 200 86651 "-" "Mozilla/5.0 (compatible; Dataprovider.com)"
149.56.150.1 - - [27/Dec/2025:10:42:45 +0800] "GET /logistics/ HTTP/1.1" 200 83603 "-" "Mozilla/5.0 (compatible; Dataprovider.com)"
149.56.150.1 - - [27/Dec/2025:10:42:46 +0800] "GET /services/ HTTP/1.1" 200 126166 "-" "Mozilla/5.0 (compatible; Dataprovider.com)"
149.56.150.1 - - [27/Dec/2025:10:42:47 +0800] "GET /about/ HTTP/1.1" 200 119274 "-" "Mozilla/5.0 (compatible; Dataprovider.com)"
149.56.150.1 - - [27/Dec/2025:10:42:48 +0800] "GET /wp-content/uploads/2025/07/1750649179-qizhou1920x1080_1.webp HTTP/1.1" 200 172154 "-" "Mozilla/5.0 (compatible; Dataprovider.com)"
149.56.150.1 - - [27/Dec/2025:10:42:50 +0800] "GET /wp-content/uploads/2025/07/1750649186-qizhou1920x1080_3.webp HTTP/1.1" 200 134070 "-" "Mozilla/5.0 (compatible; Dataprovider.com)"
149.56.150.1 - - [27/Dec/2025:10:42:52 +0800] "GET /wp-content/uploads/2025/07/1750649183-qizhou1920x1080_2.webp HTTP/1.1" 200 267936 "-" "Mozilla/5.0 (compatible; Dataprovider.com)"
149.56.150.1 - - [27/Dec/2025:10:42:59 +0800] "GET /wp-content/uploads/2025/07/1750649189-qizhou1920x1080_4.webp HTTP/1.1" 200 174962 "-" "Mozilla/5.0 (compatible; Dataprovider.com)"
36.133.115.36 - - [27/Dec/2025:10:43:04 +0800] "POST /wp-cron.php?doing_wp_cron=1766803384.6278250217437744140625 HTTP/1.1" 200 31 "-" "WordPress/6.8.3; http://cqqizhou.com"
149.56.150.1 - - [27/Dec/2025:10:43:04 +0800] "GET /llms.txt HTTP/1.1" 200 97878 "-" "Mozilla/5.0 (compatible; Dataprovider.com)"
149.56.150.1 - - [27/Dec/2025:10:43:07 +0800] "GET /ads.txt HTTP/1.1" 200 97875 "-" "Mozilla/5.0 (compatible; Dataprovider.com)"
149.56.150.1 - - [27/Dec/2025:10:43:09 +0800] "GET /humans.txt HTTP/1.1" 200 97884 "-" "Mozilla/5.0 (compatible; Dataprovider.com)"
149.56.150.1 - - [27/Dec/2025:10:43:11 +0800] "GET /security.txt HTTP/1.1" 200 97890 "-" "Mozilla/5.0 (compatible; Dataprovider.com)"
149.56.150.1 - - [27/Dec/2025:10:43:13 +0800] "GET /.well-known/security.txt HTTP/1.1" 404 31364 "-" "Mozilla/5.0 (compatible; Dataprovider.com)"
149.56.150.1 - - [27/Dec/2025:10:43:16 +0800] "GET / HTTP/1.1" 200 152290 "-" "Mozilla/5.0 (Linux; Android 10; SM-G981B) AppleWebKit/537.36 (KHTML, like Gecko) Chrome/80.0.3987.162 Mobile Safari/537.36"
149.56.150.209 - - [27/Dec/2025:10:43:24 +0800] "GET / HTTP/1.1" 301 5 "-" "Mozilla/5.0 (compatible; Dataprovider.com)"
149.56.150.209 - - [27/Dec/2025:10:43:25 +0800] "GET / HTTP/1.1" 200 34109 "-" "Mozilla/5.0 (compatible; Dataprovider.com)"
149.56.150.209 - - [27/Dec/2025:10:43:29 +0800] "GET /wp-content/uploads/2025/07/1750174127-Marketing1920x800_3.webp HTTP/1.1" 200 52790 "http://cqqizhou.com/wp-content/uploads/elementor/css/post-1666.css?ver=1765890155" "Mozilla/5.0 (compatible; Dataprovider.com)"
149.56.150.209 - - [27/Dec/2025:10:43:29 +0800] "GET /wp-content/uploads/2025/07/1751425283-qizhou.kf_.qq_.com_.webp HTTP/1.1" 200 16864 "http://cqqizhou.com/" "Mozilla/5.0 (compatible; Dataprovider.com)"
149.56.150.209 - - [27/Dec/2025:10:43:30 +0800] "GET /wp-content/uploads/2025/07/1753454089-Article_images_W900px.webp HTTP/1.1" 200 27552 "http://cqqizhou.com/" "Mozilla/5.0 (compatible; Dataprovider.com)"
149.56.150.209 - - [27/Dec/2025:10:43:31 +0800] "GET /wp-content/uploads/2025/07/1753456723-%E5%8F%8C%E7%9B%B8%E9%92%A2roduct_Single600.webp HTTP/1.1" 200 22790 "http://cqqizhou.com/" "Mozilla/5.0 (compatible; Dataprovider.com)"
149.56.150.209 - - [27/Dec/2025:10:43:31 +0800] "GET /wp-content/uploads/2025/07/1753453127-%E4%BD%99%E5%8D%B7product_Single600%C3%97284.webp HTTP/1.1" 200 18744 "http://cqqizhou.com/" "Mozilla/5.0 (compatible; Dataprovider.com)"
149.56.150.209 - - [27/Dec/2025:10:43:31 +0800] "GET /wp-content/uploads/2025/07/1753456770-%E7%83%AD%E9%95%80%E9%94%8C%E5%8D%B7product_Single600.webp HTTP/1.1" 200 27502 "http://cqqizhou.com/" "Mozilla/5.0 (compatible; Dataprovider.com)"
149.56.150.209 - - [27/Dec/2025:10:43:31 +0800] "GET /wp-content/uploads/2025/07/1753453096-%E5%8F%8C%E7%9B%B8%E9%92%A2product_Single600%C3%97284.webp HTTP/1.1" 200 14562 "http://cqqizhou.com/" "Mozilla/5.0 (compatible; Dataprovider.com)"
149.56.150.209 - - [27/Dec/2025:10:43:32 +0800] "GET /wp-content/uploads/2025/12/1765268955-qizhou_Slider1_3840%C3%972160_20251210-scaled.webp HTTP/1.1" 200 152162 "http://cqqizhou.com/" "Mozilla/5.0 (compatible; Dataprovider.com)"
149.56.150.209 - - [27/Dec/2025:10:43:34 +0800] "GET /wp-content/uploads/2025/12/1765265398-qizhou_Slider_3840%C3%972160_20251209-scaled-50x100.webp HTTP/1.1" 200 2166 "http://cqqizhou.com/" "Mozilla/5.0 (compatible; Dataprovider.com)"
149.56.150.209 - - [27/Dec/2025:10:43:34 +0800] "GET /wp-content/uploads/revslider/slider-1/1750861156-logistics_Slider_3840%C3%972160_20250625191356-scaled-50x100.webp HTTP/1.1" 200 1416 "http://cqqizhou.com/" "Mozilla/5.0 (compatible; Dataprovider.com)"
149.56.150.209 - - [27/Dec/2025:10:43:35 +0800] "GET /wp-json/sliderrevolution/sliders/1?srengine=7&slideid=2 HTTP/1.1" 200 2058 "http://cqqizhou.com/" "Mozilla/5.0 (compatible; Dataprovider.com)"
149.56.150.209 - - [27/Dec/2025:10:43:35 +0800] "GET /wp-json/sliderrevolution/sliders/1?srengine=7&slideid=3 HTTP/1.1" 200 2286 "http://cqqizhou.com/" "Mozilla/5.0 (compatible; Dataprovider.com)"
149.56.150.209 - - [27/Dec/2025:10:43:36 +0800] "GET /wp-content/uploads/2025/12/1765265398-qizhou_Slider_3840%C3%972160_20251209-scaled.webp HTTP/1.1" 200 175208 "http://cqqizhou.com/" "Mozilla/5.0 (compatible; Dataprovider.com)"
149.56.150.209 - - [27/Dec/2025:10:43:36 +0800] "GET /wp-content/uploads/revslider/slider-1/1750861156-logistics_Slider_3840%C3%972160_20250625191356-scaled.webp HTTP/1.1" 200 197360 "http://cqqizhou.com/" "Mozilla/5.0 (compatible; Dataprovider.com)"
149.56.150.209 - - [27/Dec/2025:10:43:37 +0800] "GET /wp-content/uploads/2025/07/1753454299-Article_images_W900px.webp HTTP/1.1" 200 52418 "http://cqqizhou.com/" "Mozilla/5.0 (compatible; Dataprovider.com)"
149.56.150.209 - - [27/Dec/2025:10:43:43 +0800] "GET /wp-content/uploads/2025/12/1765268955-qizhou_Slider1_3840%C3%972160_20251210-scaled-50x100.webp HTTP/1.1" 200 1812 "http://cqqizhou.com/" "Mozilla/5.0 (compatible; Dataprovider.com)"
36.133.115.36 - - [27/Dec/2025:10:53:48 +0800] "POST /wp-cron.php?doing_wp_cron=1766804028.1726269721984863281250 HTTP/1.1" 200 31 "-" "WordPress/6.8.3; http://cqqizhou.com"
182.43.70.143 - - [27/Dec/2025:10:53:48 +0800] "GET / HTTP/1.1" 301 5 "-" "Mozilla/5.0 (iPhone; CPU iPhone OS 13_2_3 like Mac OS X) AppleWebKit/605.1.15 (KHTML, like Gecko) Version/13.0.3 Mobile/15E148 Safari/604.1"
182.43.70.143 - - [27/Dec/2025:10:53:49 +0800] "GET / HTTP/1.1" 200 33677 "http://www.cqqizhou.com" "Mozilla/5.0 (iPhone; CPU iPhone OS 13_2_3 like Mac OS X) AppleWebKit/605.1.15 (KHTML, like Gecko) Version/13.0.3 Mobile/15E148 Safari/604.1"
36.133.115.36 - - [27/Dec/2025:10:56:01 +0800] "POST /wp-cron.php?doing_wp_cron=1766804161.4815280437469482421875 HTTP/1.1" 200 31 "-" "WordPress/6.8.3; http://cqqizhou.com"
204.76.203.212 - - [27/Dec/2025:10:56:01 +0800] "GET / HTTP/1.1" 200 33677 "-" "Mozilla/5.0 (Windows NT 10.0; Win64; x64) AppleWebKit/537.36 (KHTML, like Gecko) Chrome/90.0.4430.85 Safari/537.36 Edg/90.0.818.46"
36.133.115.36 - - [27/Dec/2025:10:58:26 +0800] "POST /wp-cron.php?doing_wp_cron=1766804306.5116589069366455078125 HTTP/1.1" 200 31 "-" "WordPress/6.8.3; http://cqqizhou.com"
179.43.191.19 - - [27/Dec/2025:10:58:26 +0800] "GET /mailman/listinfo/mailman HTTP/1.1" 404 31364 "-" "-"
36.133.115.36 - - [27/Dec/2025:11:06:33 +0800] "POST /wp-cron.php?doing_wp_cron=1766804793.7752909660339355468750 HTTP/1.1" 200 31 "-" "WordPress/6.8.3; http://cqqizhou.com"
149.202.92.141 - - [27/Dec/2025:11:06:33 +0800] "POST /xmlrpc.php HTTP/1.1" 200 217 "-" "Mozilla/5.0 (Windows NT 10.0; Win64; x64; rv:57.0) Gecko/20100101 Firefox/57.0"
36.133.115.36 - - [27/Dec/2025:11:11:54 +0800] "POST /wp-cron.php?doing_wp_cron=1766805114.7303080558776855468750 HTTP/1.1" 200 31 "-" "WordPress/6.8.3; http://cqqizhou.com"
38.46.221.123 - - [27/Dec/2025:11:11:54 +0800] "GET http://check.9tb.org/ HTTP/1.1" 301 5 "-" "Go-http-client/1.1"
38.46.221.123 - - [27/Dec/2025:11:11:56 +0800] "GET http://cqqizhou.com/ HTTP/1.1" 200 34109 "http://check.9tb.org" "Go-http-client/1.1"
36.133.115.36 - - [27/Dec/2025:11:16:56 +0800] "POST /wp-cron.php?doing_wp_cron=1766805416.0016400814056396484375 HTTP/1.1" 200 31 "-" "WordPress/6.8.3; http://cqqizhou.com"
20.65.219.131 - - [27/Dec/2025:11:16:56 +0800] "GET /manager/html HTTP/1.1" 404 8975 "-" "Mozilla/5.0 zgrab/0.x"
36.133.115.36 - - [27/Dec/2025:11:37:22 +0800] "POST /wp-cron.php?doing_wp_cron=1766806642.7295539379119873046875 HTTP/1.1" 200 31 "-" "WordPress/6.8.3; http://cqqizhou.com"
43.130.106.18 - - [27/Dec/2025:11:37:22 +0800] "GET / HTTP/1.1" 301 5 "-" "Mozilla/5.0 (iPhone; CPU iPhone OS 13_2_3 like Mac OS X) AppleWebKit/605.1.15 (KHTML, like Gecko) Version/13.0.3 Mobile/15E148 Safari/604.1"
43.130.106.18 - - [27/Dec/2025:11:37:25 +0800] "GET / HTTP/1.1" 200 33677 "http://36.133.115.36" "Mozilla/5.0 (iPhone; CPU iPhone OS 13_2_3 like Mac OS X) AppleWebKit/605.1.15 (KHTML, like Gecko) Version/13.0.3 Mobile/15E148 Safari/604.1"
36.133.115.36 - - [27/Dec/2025:11:38:20 +0800] "POST /wp-cron.php?doing_wp_cron=1766806700.5176439285278320312500 HTTP/1.1" 200 31 "-" "WordPress/6.8.3; http://cqqizhou.com"
165.154.239.141 - - [27/Dec/2025:11:38:21 +0800] "GET / HTTP/1.1" 200 152290 "-" "Mozilla/5.0 (Windows NT 10.0; Win64; x64) AppleWebKit/537.36 (KHTML, like Gecko) Chrome/125.0.0.0 Safari/537.36"
204.76.203.219 - - [27/Dec/2025:11:38:33 +0800] "GET / HTTP/1.1" 200 33678 "-" "Mozilla/5.0 (Windows NT 10.0; Win64; x64) AppleWebKit/537.36 (KHTML, like Gecko) Chrome/90.0.4430.85 Safari/537.36 Edg/90.0.818.46"
36.133.115.36 - - [27/Dec/2025:11:42:27 +0800] "POST /wp-cron.php?doing_wp_cron=1766806947.8815960884094238281250 HTTP/1.1" 200 31 "-" "WordPress/6.8.3; http://cqqizhou.com"
167.86.127.246 - - [27/Dec/2025:11:42:27 +0800] "GET /robots.txt HTTP/1.1" 200 390 "-" "Mozilla/5.0 (compatible; MJ12bot/v1.4.8; http://mj12bot.com/)"
167.86.127.246 - - [27/Dec/2025:11:42:29 +0800] "GET /portfolio/%E5%86%B7%E8%BD%A7%E5%8D%B7/ HTTP/1.1" 200 22115 "-" "Mozilla/5.0 (compatible; MJ12bot/v1.4.8; http://mj12bot.com/)"
36.133.115.36 - - [27/Dec/2025:11:47:28 +0800] "POST /wp-cron.php?doing_wp_cron=1766807248.7235579490661621093750 HTTP/1.1" 200 31 "-" "WordPress/6.8.3; http://cqqizhou.com"
152.53.37.34 - - [27/Dec/2025:11:47:28 +0800] "POST /xmlrpc.php HTTP/1.1" 200 217 "-" "Mozilla/5.0 (Windows NT 10.0; Win64; x64; rv:91.0) Gecko/20100101 Firefox/91.0"
36.133.115.36 - - [27/Dec/2025:11:49:51 +0800] "POST /wp-cron.php?doing_wp_cron=1766807391.7763240337371826171875 HTTP/1.1" 200 31 "-" "WordPress/6.8.3; http://cqqizhou.com"
43.153.135.208 - - [27/Dec/2025:11:49:52 +0800] "GET / HTTP/1.1" 200 33677 "-" "Mozilla/5.0 (iPhone; CPU iPhone OS 13_2_3 like Mac OS X) AppleWebKit/605.1.15 (KHTML, like Gecko) Version/13.0.3 Mobile/15E148 Safari/604.1"
123.57.13.121 - - [27/Dec/2025:11:54:20 +0800] "GET / HTTP/1.1" 200 34109 "-" "Mozilla/5.0 (Windows NT 10.0; Win64; x64) AppleWebKit/537.36 (KHTML, like Gecko) Chrome/104.0.0.0 Safari/537.36"
36.133.115.36 - - [27/Dec/2025:11:54:21 +0800] "POST /wp-cron.php?doing_wp_cron=1766807660.9594700336456298828125 HTTP/1.1" 200 31 "-" "WordPress/6.8.3; http://cqqizhou.com"
123.57.13.121 - - [27/Dec/2025:11:54:21 +0800] "GET / HTTP/1.1" 301 5 "-" "Mozilla/5.0 (Windows NT 10.0; Win64; x64) AppleWebKit/537.36 (KHTML, like Gecko) Chrome/104.0.0.0 Safari/537.36"
36.133.115.36 - - [27/Dec/2025:12:10:33 +0800] "POST /wp-cron.php?doing_wp_cron=1766808633.7065360546112060546875 HTTP/1.1" 200 31 "-" "WordPress/6.8.3; http://cqqizhou.com"
43.157.179.227 - - [27/Dec/2025:12:10:33 +0800] "GET /portfolio/hot-dip-galvanized-coil/ HTTP/1.1" 200 18856 "-" "Mozilla/5.0 (iPhone; CPU iPhone OS 13_2_3 like Mac OS X) AppleWebKit/605.1.15 (KHTML, like Gecko) Version/13.0.3 Mobile/15E148 Safari/604.1"
36.133.115.36 - - [27/Dec/2025:12:21:28 +0800] "POST /wp-cron.php?doing_wp_cron=1766809288.4941489696502685546875 HTTP/1.1" 200 31 "-" "WordPress/6.8.3; http://cqqizhou.com"
89.42.231.239 - - [27/Dec/2025:12:21:29 +0800] "GET / HTTP/1.1" 200 152290 "-" "-"
