68.218.101.253 - - [06/Dec/2025:11:39:49 +0800] "GET /wp-includes/Requests/Proxy/ HTTP/1.1" 404 31364 "https://www.google.com/" "Mozilla/5.0 (Linux; Android 13; M2101K6G) AppleWebKit/537.36 (KHTML, like Gecko) Chrome/116.0.0.0 Mobile Safari/537.36"
68.218.101.253 - - [06/Dec/2025:11:39:50 +0800] "GET /wp-includes/Requests/Response/ HTTP/1.1" 404 31364 "https://duckduckgo.com/" "Mozilla/5.0 (Linux; Android 12; SM-A525F) AppleWebKit/537.36 (KHTML, like Gecko) Chrome/117.0.0.0 Mobile Safari/537.36"
68.218.101.253 - - [06/Dec/2025:11:39:51 +0800] "GET /wp-includes/Requests/Transport/ HTTP/1.1" 404 31364 "https://www.google.co.uk/" "Mozilla/5.0 (iPhone; CPU iPhone OS 17_1 like Mac OS X) AppleWebKit/605.1.15 (KHTML, like Gecko) CriOS/119.0.6045.109 Mobile/15E148 Safari/604.1"
68.218.101.253 - - [06/Dec/2025:11:39:53 +0800] "GET /wp-includes/Requests/Utility/ HTTP/1.1" 404 31364 "https://www.google.com/" "Mozilla/5.0 (Linux; Android 10; K) AppleWebKit/537.36 (KHTML, like Gecko) Chrome/117.0.0.0 Mobile Safari/537.36"
68.218.101.253 - - [06/Dec/2025:11:39:54 +0800] "GET /wp-includes/js/codemirror/ HTTP/1.1" 403 548 "https://www.google.fr/" "Mozilla/5.0 (Linux; Android 11; CPH2251) AppleWebKit/537.36 (KHTML, like Gecko) Chrome/116.0.0.0 Mobile Safari/537.36"
68.218.101.253 - - [06/Dec/2025:11:39:55 +0800] "GET /wp-includes/Requests/Exception/HTTP/ HTTP/1.1" 404 31364 "https://www.google.fr/" "Mozilla/5.0 (Linux; Android 12; V2134) AppleWebKit/537.36 (KHTML, like Gecko) Chrome/116.0.0.0 Mobile Safari/537.36"
68.218.101.253 - - [06/Dec/2025:11:39:56 +0800] "GET /wp-includes/images/crystal/ HTTP/1.1" 403 146 "https://www.bing.com/" "Mozilla/5.0 (iPhone; CPU iPhone OS 15_7_9 like Mac OS X) AppleWebKit/605.1.15 (KHTML, like Gecko) Version/15.6.5 Mobile/15E148 Safari/604.1"
68.218.101.253 - - [06/Dec/2025:11:39:56 +0800] "GET /wp-includes/images/media/ HTTP/1.1" 403 548 "https://www.bing.com/" "Mozilla/5.0 (Linux; Android 12; V2134) AppleWebKit/537.36 (KHTML, like Gecko) Chrome/116.0.0.0 Mobile Safari/537.36"
68.218.101.253 - - [06/Dec/2025:11:39:56 +0800] "GET /wp-includes/images/smilies/ HTTP/1.1" 403 548 "https://www.google.com/" "Mozilla/5.0 (Linux; Android 10; LM-Q720) AppleWebKit/537.36 (KHTML, like Gecko) Chrome/116.0.0.0 Mobile Safari/537.36"
68.218.101.253 - - [06/Dec/2025:11:39:57 +0800] "GET /wp-includes/images/wlw/ HTTP/1.1" 404 31364 "https://www.bing.com/" "Mozilla/5.0 (Linux; Android 10; K) AppleWebKit/537.36 (KHTML, like Gecko) Chrome/117.0.0.0 Mobile Safari/537.36"
68.218.101.253 - - [06/Dec/2025:11:39:57 +0800] "GET /wp-includes/rest-api/search/ HTTP/1.1" 403 548 "https://www.google.co.uk/" "Mozilla/5.0 (Linux; Android 10; LM-Q720) AppleWebKit/537.36 (KHTML, like Gecko) Chrome/116.0.0.0 Mobile Safari/537.36"
68.218.101.253 - - [06/Dec/2025:11:39:58 +0800] "GET /wp-includes/Requests/Exception/ HTTP/1.1" 404 31364 "https://www.google.com/" "Mozilla/5.g (Linux; Android 13; Pixel 7) AppleWebKit/537.36 (KHTML, like Gecko) Chrome/116.0.0.0 Mobile Safari/537.36"
68.218.101.253 - - [06/Dec/2025:11:39:59 +0800] "GET /wp-includes/Requests/Auth/ HTTP/1.1" 404 31364 "https://www.google.co.uk/" "Mozilla/5.0 (Linux; Android 14; Pixel 8 Pro) AppleWebKit/537.36 (KHTML, like Gecko) Chrome/119.0.0.0 Mobile Safari/537.36"
68.218.101.253 - - [06/Dec/2025:11:40:00 +0800] "GET /wp-includes/sodium_compat/src/ HTTP/1.1" 403 548 "https://www.google.fr/" "Mozilla/5.0 (Linux; Android 11; 21081111RG) AppleWebKit/537.36 (KHTML, like Gecko) Chrome/116.0.0.0 Mobile Safari/537.36"
68.218.101.253 - - [06/Dec/2025:11:40:00 +0800] "GET /wp-includes/sitemaps/providers/ HTTP/1.1" 403 548 "https://www.yahoo.com/" "Mozilla/5.0 (Linux; Android 12; V2134) AppleWebKit/537.36 (KHTML, like Gecko) Chrome/116.0.0.0 Mobile Safari/537.36"
68.218.101.253 - - [06/Dec/2025:11:40:01 +0800] "GET /wp-includes/Text/Diff/Engine/Engine/ HTTP/1.1" 404 31364 "https://www.bing.com/" "Mozilla/5.0 (iPhone; CPU iPhone OS 17_1 like Mac OS X) AppleWebKit/605.1.15 (KHTML, like Gecko) CriOS/119.0.6045.109 Mobile/15E148 Safari/604.1"
68.218.101.253 - - [06/Dec/2025:11:40:01 +0800] "GET /wp-includes/html-api/ HTTP/1.1" 403 146 "https://duckduckgo.com/" "Mozilla/5.0 (iPad; CPU OS 17_0_3 like Mac OS X) AppleWebKit/605.1.15 (KHTML, like Gecko) Version/17.0.1 Mobile/15E148 Safari/604.1"
68.218.101.253 - - [06/Dec/2025:11:40:01 +0800] "GET /wp-includes/php-compat/ HTTP/1.1" 403 548 "https://www.bing.com/" "Mozilla/5.0 (Linux; Android 12; SM-A525F) AppleWebKit/537.36 (KHTML, like Gecko) Chrome/117.0.0.0 Mobile Safari/537.36"
68.218.101.253 - - [06/Dec/2025:11:40:02 +0800] "GET /wp-includes/random_compat/ HTTP/1.1" 404 31364 "https://www.google.com/" "Mozilla/5.0 (Linux; Android 13; SM-G991U) AppleWebKit/537.36 (KHTML, like Gecko) Chrome/117.0.0.0 Mobile Safari/537.36"
68.218.101.253 - - [06/Dec/2025:11:40:02 +0800] "GET /wp-includes/sitemaps/ HTTP/1.1" 403 548 "https://duckduckgo.com/" "Mozilla/5.0 (Linux; Android 13; SM-S908E) AppleWebKit/537.36 (KHTML, like Gecko) Chrome/116.0.0.0 Mobile Safari/537.36"
68.218.101.253 - - [06/Dec/2025:11:40:03 +0800] "GET /wp-includes/sodium_compat/ HTTP/1.1" 403 146 "https://www.google.com/" "Mozilla/5.0 (iPhone; CPU iPhone OS 17_1_1 like Mac OS X) AppleWebKit/605.1.15 (KHTML, like Gecko) Version/17.1 Mobile/15E148 Safari/604.1"
68.218.101.253 - - [06/Dec/2025:11:40:03 +0800] "GET /wp-includes/style-engine/ HTTP/1.1" 403 548 "https://duckduckgo.com/" "Mozilla/5.0 (Linux; Android 13; SM-S908E) AppleWebKit/537.36 (KHTML, like Gecko) Chrome/116.0.0.0 Mobile Safari/537.36"
68.218.101.253 - - [06/Dec/2025:11:40:03 +0800] "GET /wp-admin/css/colors/ectoplasm/ HTTP/1.1" 403 146 "https://duckduckgo.com/" "Mozilla/5.0 (iPhone; CPU iPhone OS 17_1 like Mac OS X) AppleWebKit/605.1.15 (KHTML, like Gecko) CriOS/119.0.6045.109 Mobile/15E148 Safari/604.1"
68.218.101.253 - - [06/Dec/2025:11:40:03 +0800] "GET /wp-admin/css/colors/ HTTP/1.1" 403 548 "https://www.google.com/" "Mozilla/5.0 (Linux; Android 12; V2134) AppleWebKit/537.36 (KHTML, like Gecko) Chrome/116.0.0.0 Mobile Safari/537.36"
68.218.101.253 - - [06/Dec/2025:11:40:04 +0800] "GET /admin/images/slider/ HTTP/1.1" 404 31364 "https://www.google.co.uk/" "Mozilla/5.0 (Linux; Android 10; LM-Q720) AppleWebKit/537.36 (KHTML, like Gecko) Chrome/116.0.0.0 Mobile Safari/537.36"
68.218.101.253 - - [06/Dec/2025:11:40:05 +0800] "GET /admin/fckeditor/editor/filemanager/ HTTP/1.1" 404 31364 "https://www.google.com/" "Mozilla/5.0 (iPhone; CPU iPhone OS 17_0_3 like Mac OS X) AppleWebKit/605.1.15 (KHTML, like Gecko) Version/17.0.1 Mobile/15E148 Safari/604.1"
68.218.101.253 - - [06/Dec/2025:11:40:06 +0800] "GET /sites/default/files/ HTTP/1.1" 404 31364 "https://duckduckgo.com/" "Mozilla/5.0 (Linux; Android 12; SM-A525F) AppleWebKit/537.36 (KHTML, like Gecko) Chrome/117.0.0.0 Mobile Safari/537.36"
68.218.101.253 - - [06/Dec/2025:11:40:07 +0800] "GET /admin/controller/extension/extension/ HTTP/1.1" 404 31364 "https://www.google.co.uk/" "Mozilla/5.0 (Linux; Android 13; SM-G991U) AppleWebKit/537.36 (KHTML, like Gecko) Chrome/117.0.0.0 Mobile Safari/537.36"
68.218.101.253 - - [06/Dec/2025:11:40:08 +0800] "GET /modules/mod_simplefileuploadv1.3/elements/ HTTP/1.1" 404 31364 "https://www.google.co.uk/" "Mozilla/5.0 (Linux; Android 12; SM-A525F) AppleWebKit/537.36 (KHTML, like Gecko) Chrome/117.0.0.0 Mobile Safari/537.36"
68.218.101.253 - - [06/Dec/2025:11:40:10 +0800] "GET /components/ HTTP/1.1" 404 31364 "https://www.yahoo.com/" "Mozilla/5.0 (Linux; Android 13; M2101K6G) AppleWebKit/537.36 (KHTML, like Gecko) Chrome/116.0.0.0 Mobile Safari/537.36"
68.218.101.253 - - [06/Dec/2025:11:40:11 +0800] "GET /admin/uploads/images/ HTTP/1.1" 404 31364 "https://www.google.com/" "Mozilla/5.0 (Linux; Android 11; CPH2251) AppleWebKit/537.36 (KHTML, like Gecko) Chrome/116.0.0.0 Mobile Safari/537.36"
36.133.115.36 - - [06/Dec/2025:11:43:05 +0800] "POST /wp-cron.php?doing_wp_cron=1764992585.9441499710083007812500 HTTP/1.1" 200 31 "-" "WordPress/6.8.3; http://cqqizhou.com"
61.1.237.10 - - [06/Dec/2025:11:43:11 +0800] "GET /boaform/admin/formLogin?username=ec8&psd=ec8 HTTP/1.0" 404 31351 "-" "-"
36.133.115.36 - - [06/Dec/2025:11:44:48 +0800] "POST /wp-cron.php?doing_wp_cron=1764992688.3555819988250732421875 HTTP/1.1" 200 31 "-" "WordPress/6.8.3; http://cqqizhou.com"
141.98.11.170 - - [06/Dec/2025:11:44:48 +0800] "GET / HTTP/1.1" 200 33624 "-" "Mozilla/5.0 (Windows NT 10.0; Win64; x64) AppleWebKit/537.36 (KHTML, like Gecko) Chrome/90.0.4430.85 Safari/537.36 Edg/90.0.818.46"
36.133.115.36 - - [06/Dec/2025:11:48:01 +0800] "POST /wp-cron.php?doing_wp_cron=1764992881.6708619594573974609375 HTTP/1.1" 200 31 "-" "WordPress/6.8.3; http://cqqizhou.com"
167.94.138.179 - - [06/Dec/2025:11:48:01 +0800] "GET / HTTP/1.1" 301 5 "-" "Mozilla/5.0 (compatible; CensysInspect/1.1; +https://about.censys.io/)"
123.57.13.121 - - [06/Dec/2025:12:00:53 +0800] "GET / HTTP/1.1" 200 34067 "-" "Mozilla/5.0 (Windows NT 10.0; Win64; x64) AppleWebKit/537.36 (KHTML, like Gecko) Chrome/104.0.0.0 Safari/537.36"
36.133.115.36 - - [06/Dec/2025:12:00:54 +0800] "POST /wp-cron.php?doing_wp_cron=1764993654.5495169162750244140625 HTTP/1.1" 200 31 "-" "WordPress/6.8.3; http://cqqizhou.com"
123.57.13.121 - - [06/Dec/2025:12:00:54 +0800] "GET / HTTP/1.1" 301 5 "-" "Mozilla/5.0 (Windows NT 10.0; Win64; x64) AppleWebKit/537.36 (KHTML, like Gecko) Chrome/104.0.0.0 Safari/537.36"
36.133.115.36 - - [06/Dec/2025:12:05:33 +0800] "POST /wp-cron.php?doing_wp_cron=1764993933.1795821189880371093750 HTTP/1.1" 200 31 "-" "WordPress/6.8.3; http://cqqizhou.com"
95.156.229.82 - - [06/Dec/2025:12:05:33 +0800] "POST / HTTP/1.0" 200 86702 "-" "Mozilla/5.0 (Windows NT 10.0; Win64; x64) AppleWebKit/537.36 (KHTML, like Gecko) Chrome/120.0.0.0 Safari/537.36"
36.133.115.36 - - [06/Dec/2025:12:17:56 +0800] "POST /wp-cron.php?doing_wp_cron=1764994676.2733659744262695312500 HTTP/1.1" 200 31 "-" "WordPress/6.8.3; http://cqqizhou.com"
43.152.72.247 - - [06/Dec/2025:12:17:56 +0800] "GET / HTTP/1.1" 200 33624 "-" "Mozilla/5.0 (iPhone; CPU iPhone OS 13_2_3 like Mac OS X) AppleWebKit/605.1.15 (KHTML, like Gecko) Version/13.0.3 Mobile/15E148 Safari/604.1"
36.133.115.36 - - [06/Dec/2025:12:21:48 +0800] "POST /wp-cron.php?doing_wp_cron=1764994908.1872599124908447265625 HTTP/1.1" 200 31 "-" "WordPress/6.8.3; http://cqqizhou.com"
193.142.147.209 - - [06/Dec/2025:12:21:48 +0800] "GET /cgi-bin/luci/;stok=/locale HTTP/1.1" 301 5 "-" "-"
193.142.147.209 - - [06/Dec/2025:12:21:49 +0800] "GET /cgi-bin/luci/;stok=/locale HTTP/1.1" 404 31364 "http://36.133.115.36:80/cgi-bin/luci/;stok=/locale" "-"
36.133.115.36 - - [06/Dec/2025:12:46:07 +0800] "POST /wp-cron.php?doing_wp_cron=1764996367.9092619419097900390625 HTTP/1.1" 200 31 "-" "WordPress/6.8.3; http://cqqizhou.com"
167.94.138.55 - - [06/Dec/2025:12:46:07 +0800] "GET /robots.txt HTTP/1.1" 200 190 "-" "Mozilla/5.0 (compatible; CensysInspect/1.1; +https://about.censys.io/)"
36.133.115.36 - - [06/Dec/2025:12:54:05 +0800] "POST /wp-cron.php?doing_wp_cron=1764996845.7234570980072021484375 HTTP/1.1" 200 31 "-" "WordPress/6.8.3; http://cqqizhou.com"
141.98.11.170 - - [06/Dec/2025:12:54:06 +0800] "GET / HTTP/1.1" 200 33624 "-" "Mozilla/5.0 (Windows NT 10.0; Win64; x64) AppleWebKit/537.36 (KHTML, like Gecko) Chrome/90.0.4430.85 Safari/537.36 Edg/90.0.818.46"
36.133.115.36 - - [06/Dec/2025:13:24:42 +0800] "POST /wp-cron.php?doing_wp_cron=1764998682.7507679462432861328125 HTTP/1.1" 200 31 "-" "WordPress/6.8.3; http://cqqizhou.com"
151.238.211.59 - - [06/Dec/2025:13:24:43 +0800] "GET / HTTP/1.1" 200 152382 "-" "Mozilla/5.0 (Windows NT 10.0; WOW64) AppleWebKit/537.36 (KHTML, like Gecko) Chrome/52.0.2743.116 Safari/537.36"
36.133.115.36 - - [06/Dec/2025:13:31:03 +0800] "POST /wp-cron.php?doing_wp_cron=1764999063.4778571128845214843750 HTTP/1.1" 200 31 "-" "WordPress/6.8.3; http://cqqizhou.com"
204.76.203.212 - - [06/Dec/2025:13:31:03 +0800] "GET / HTTP/1.1" 200 33623 "-" "Mozilla/5.0 (Windows NT 10.0; Win64; x64) AppleWebKit/537.36 (KHTML, like Gecko) Chrome/90.0.4430.85 Safari/537.36 Edg/90.0.818.46"
180.153.236.51 - - [06/Dec/2025:13:46:44 +0800] "GET / HTTP/1.1" 200 34067 "http://cqqizhou.com" "Mozilla/5.0 (Windows NT 10.0; Win64; x64) AppleWebKit/537.36 (KHTML, like Gecko) Chrome/140.0.0.0 Safari/537.36 Edg/140.0.0.0; 360Spider"
36.133.115.36 - - [06/Dec/2025:13:53:43 +0800] "POST /wp-cron.php?doing_wp_cron=1765000423.0353429317474365234375 HTTP/1.1" 200 31 "-" "WordPress/6.8.3; http://cqqizhou.com"
119.28.177.175 - - [06/Dec/2025:13:53:43 +0800] "GET / HTTP/1.1" 301 5 "-" "Mozilla/5.0 (iPhone; CPU iPhone OS 13_2_3 like Mac OS X) AppleWebKit/605.1.15 (KHTML, like Gecko) Version/13.0.3 Mobile/15E148 Safari/604.1"
119.28.177.175 - - [06/Dec/2025:13:53:45 +0800] "GET / HTTP/1.1" 200 33625 "http://36.133.115.36" "Mozilla/5.0 (iPhone; CPU iPhone OS 13_2_3 like Mac OS X) AppleWebKit/605.1.15 (KHTML, like Gecko) Version/13.0.3 Mobile/15E148 Safari/604.1"
36.133.115.36 - - [06/Dec/2025:14:01:06 +0800] "POST /wp-cron.php?doing_wp_cron=1765000866.1332280635833740234375 HTTP/1.1" 200 31 "-" "WordPress/6.8.3; http://cqqizhou.com"
207.46.13.86 - - [06/Dec/2025:14:01:06 +0800] "GET /sitemap.xml.gz HTTP/1.1" 301 5 "-" "Mozilla/5.0 AppleWebKit/537.36 (KHTML, like Gecko; compatible; bingbot/2.0; +http://www.bing.com/bingbot.htm) Chrome/116.0.1938.76 Safari/537.36"
40.77.167.203 - - [06/Dec/2025:14:01:11 +0800] "GET /robots.txt HTTP/1.1" 200 190 "-" "Mozilla/5.0 AppleWebKit/537.36 (KHTML, like Gecko; compatible; bingbot/2.0; +http://www.bing.com/bingbot.htm) Chrome/116.0.1938.76 Safari/537.36"
157.55.39.203 - - [06/Dec/2025:14:01:15 +0800] "GET /wp-sitemap.xml HTTP/1.1" 501 253 "-" "Mozilla/5.0 AppleWebKit/537.36 (KHTML, like Gecko; compatible; bingbot/2.0; +http://www.bing.com/bingbot.htm) Chrome/116.0.1938.76 Safari/537.36"
36.133.115.36 - - [06/Dec/2025:14:03:32 +0800] "POST /wp-cron.php?doing_wp_cron=1765001012.2803430557250976562500 HTTP/1.1" 200 31 "-" "WordPress/6.8.3; http://cqqizhou.com"
141.98.11.170 - - [06/Dec/2025:14:03:32 +0800] "GET / HTTP/1.1" 200 33624 "-" "Mozilla/5.0 (Windows NT 10.0; Win64; x64) AppleWebKit/537.36 (KHTML, like Gecko) Chrome/90.0.4430.85 Safari/537.36 Edg/90.0.818.46"
36.133.115.36 - - [06/Dec/2025:14:08:30 +0800] "POST /wp-cron.php?doing_wp_cron=1765001310.9476459026336669921875 HTTP/1.1" 200 31 "-" "WordPress/6.8.3; http://cqqizhou.com"
193.142.147.209 - - [06/Dec/2025:14:08:31 +0800] "GET /cgi-bin/luci/;stok=/locale HTTP/1.1" 301 5 "-" "-"
193.142.147.209 - - [06/Dec/2025:14:08:34 +0800] "GET /cgi-bin/luci/;stok=/locale HTTP/1.1" 404 31364 "http://36.133.115.36:80/cgi-bin/luci/;stok=/locale" "-"
36.133.115.36 - - [06/Dec/2025:14:12:26 +0800] "POST /wp-cron.php?doing_wp_cron=1765001545.9728870391845703125000 HTTP/1.1" 200 31 "-" "WordPress/6.8.3; http://cqqizhou.com"
93.158.90.42 - - [06/Dec/2025:14:12:26 +0800] "GET /robots.txt HTTP/1.1" 200 190 "-" "Mozilla/5.0 (iPhone; CPU iPhone OS 17_3_1 like Mac OS X) AppleWebKit/605.1.15 (KHTML, like Gecko) Version/17.3.1 Mobile/15E148 Safari/604"
93.158.90.17 - - [06/Dec/2025:14:12:30 +0800] "GET / HTTP/1.1" 200 33625 "-" "Mozilla/5.0 (iPhone; CPU iPhone OS 17_3_1 like Mac OS X) AppleWebKit/605.1.15 (KHTML, like Gecko) Version/17.3.1 Mobile/15E148 Safari/604"
36.133.115.36 - - [06/Dec/2025:14:14:03 +0800] "POST /wp-cron.php?doing_wp_cron=1765001643.9319539070129394531250 HTTP/1.1" 200 31 "-" "WordPress/6.8.3; http://cqqizhou.com"
121.43.116.91 - - [06/Dec/2025:14:14:03 +0800] "GET / HTTP/1.0" 301 0 "-" "-"
121.43.116.91 - - [06/Dec/2025:14:14:14 +0800] "GET / HTTP/1.0" 301 0 "-" "-"
121.43.116.91 - - [06/Dec/2025:14:14:14 +0800] "GET /nmaplowercheck1765001651 HTTP/1.1" 404 31364 "-" "Mozilla/5.0 (compatible; Nmap Scripting Engine; https://nmap.org/book/nse.html)"
121.43.116.91 - - [06/Dec/2025:14:14:14 +0800] "POST /sdk HTTP/1.1" 404 31364 "-" "Mozilla/5.0 (compatible; Nmap Scripting Engine; https://nmap.org/book/nse.html)"
121.43.116.91 - - [06/Dec/2025:14:14:15 +0800] "GET /evox/about HTTP/1.1" 404 31364 "-" "Mozilla/5.0 (compatible; Nmap Scripting Engine; https://nmap.org/book/nse.html)"
121.43.116.91 - - [06/Dec/2025:14:14:15 +0800] "GET /HNAP1 HTTP/1.1" 404 31364 "-" "Mozilla/5.0 (compatible; Nmap Scripting Engine; https://nmap.org/book/nse.html)"
121.43.116.91 - - [06/Dec/2025:14:14:24 +0800] "GET / HTTP/1.0" 301 0 "-" "-"
121.43.116.91 - - [06/Dec/2025:14:14:25 +0800] "GET / HTTP/1.1" 301 5 "-" "-"
36.133.115.36 - - [06/Dec/2025:14:18:40 +0800] "POST /wp-cron.php?doing_wp_cron=1765001920.4088170528411865234375 HTTP/1.1" 200 31 "-" "WordPress/6.8.3; http://cqqizhou.com"
204.76.203.212 - - [06/Dec/2025:14:18:40 +0800] "GET / HTTP/1.1" 200 33624 "-" "Mozilla/5.0 (Windows NT 10.0; Win64; x64) AppleWebKit/537.36 (KHTML, like Gecko) Chrome/90.0.4430.85 Safari/537.36 Edg/90.0.818.46"
36.133.115.36 - - [06/Dec/2025:14:38:59 +0800] "POST /wp-cron.php?doing_wp_cron=1765003139.8665380477905273437500 HTTP/1.1" 200 31 "-" "WordPress/6.8.3; http://cqqizhou.com"
207.46.13.54 - - [06/Dec/2025:14:39:00 +0800] "GET /media/ HTTP/1.1" 200 24202 "-" "Mozilla/5.0 AppleWebKit/537.36 (KHTML, like Gecko; compatible; bingbot/2.0; +http://www.bing.com/bingbot.htm) Chrome/116.0.1938.76 Safari/537.36"
36.133.115.36 - - [06/Dec/2025:14:39:12 +0800] "POST /wp-cron.php HTTP/1.1" 200 31 "-" "WordPress/6.8.3; http://cqqizhou.com"
36.133.115.36 - - [06/Dec/2025:14:39:12 +0800] "GET / HTTP/1.1" 200 34067 "-" "WordPress/6.8.3; http://cqqizhou.com"
36.133.115.36 - - [06/Dec/2025:14:39:12 +0800] "GET / HTTP/1.1" 200 34067 "-" "WordPress/6.8.3; http://cqqizhou.com"
36.133.115.36 - - [06/Dec/2025:14:39:12 +0800] "GET / HTTP/1.1" 200 34067 "-" "WordPress/6.8.3; http://cqqizhou.com"
36.133.115.36 - - [06/Dec/2025:14:50:32 +0800] "POST /wp-cron.php?doing_wp_cron=1765003832.6334021091461181640625 HTTP/1.1" 200 31 "-" "WordPress/6.8.3; http://cqqizhou.com"
121.91.235.186 - - [06/Dec/2025:14:50:32 +0800] "GET http://httpbin.org/ip HTTP/1.1" 404 8981 "-" "Mozilla/5.0 (Windows NT 10.0; Win64; x64) AppleWebKit/537.36"
36.133.115.36 - - [06/Dec/2025:15:00:06 +0800] "POST /wp-cron.php?doing_wp_cron=1765004406.0594670772552490234375 HTTP/1.1" 200 31 "-" "WordPress/6.8.3; http://cqqizhou.com"
95.214.52.170 - - [06/Dec/2025:15:00:06 +0800] "POST / HTTP/1.1" 200 33625 "-" "Mozilla/5.0 (Linux; Android 10; K) AppleWebKit/537.36 (KHTML, like Gecko) Chrome/134.0.6998.135 Mobile Safari/537.36"
36.133.115.36 - - [06/Dec/2025:15:02:19 +0800] "POST /wp-cron.php?doing_wp_cron=1765004539.3070371150970458984375 HTTP/1.1" 200 31 "-" "WordPress/6.8.3; http://cqqizhou.com"
183.207.45.117 - - [06/Dec/2025:15:02:19 +0800] "GET / HTTP/1.1" 301 5 "-" "Mozilla/5.0 (Windows NT 10.0; Win64; x64) AppleWebKit/537.36 (KHTML, like Gecko) Chrome/107.0.0.0 Safari/537.36"
183.207.45.117 - - [06/Dec/2025:15:02:19 +0800] "GET / HTTP/1.1" 200 34067 "-" "Mozilla/5.0 (Windows NT 10.0; Win64; x64) AppleWebKit/537.36 (KHTML, like Gecko) Chrome/107.0.0.0 Safari/537.36"
183.207.45.117 - - [06/Dec/2025:15:02:21 +0800] "GET /wp-json/oembed/1.0/embed?url=http%3A%2F%2Fcqqizhou.com%2F HTTP/1.1" 200 1094 "-" "Mozilla/5.0 (Windows NT 10.0; Win64; x64) AppleWebKit/537.36 (KHTML, like Gecko) Chrome/107.0.0.0 Safari/537.36"
183.207.45.117 - - [06/Dec/2025:15:02:23 +0800] "GET /comments/feed/ HTTP/1.1" 200 704 "-" "Mozilla/5.0 (Windows NT 10.0; Win64; x64) AppleWebKit/537.36 (KHTML, like Gecko) Chrome/107.0.0.0 Safari/537.36"
183.207.45.117 - - [06/Dec/2025:15:02:23 +0800] "GET /feed/ HTTP/1.1" 200 82044 "-" "Mozilla/5.0 (Windows NT 10.0; Win64; x64) AppleWebKit/537.36 (KHTML, like Gecko) Chrome/107.0.0.0 Safari/537.36"
183.207.45.117 - - [06/Dec/2025:15:02:24 +0800] "GET /bug HTTP/1.1" 301 5 "-" "Mozilla/5.0 (Windows NT 10.0; Win64; x64) AppleWebKit/537.36 (KHTML, like Gecko) Chrome/107.0.0.0 Safari/537.36"
183.207.45.117 - - [06/Dec/2025:15:02:24 +0800] "GET /bug/ HTTP/1.1" 200 12837 "-" "Mozilla/5.0 (Windows NT 10.0; Win64; x64) AppleWebKit/537.36 (KHTML, like Gecko) Chrome/107.0.0.0 Safari/537.36"
183.207.45.117 - - [06/Dec/2025:15:02:25 +0800] "GET /club/ HTTP/1.1" 200 13033 "-" "Mozilla/5.0 (Windows NT 10.0; Win64; x64) AppleWebKit/537.36 (KHTML, like Gecko) Chrome/107.0.0.0 Safari/537.36"
183.207.45.117 - - [06/Dec/2025:15:02:26 +0800] "GET /contacts/ HTTP/1.1" 301 5 "-" "Mozilla/5.0 (Windows NT 10.0; Win64; x64) AppleWebKit/537.36 (KHTML, like Gecko) Chrome/107.0.0.0 Safari/537.36"
183.207.45.117 - - [06/Dec/2025:15:02:26 +0800] "GET /contacts/ HTTP/1.1" 200 21585 "-" "Mozilla/5.0 (Windows NT 10.0; Win64; x64) AppleWebKit/537.36 (KHTML, like Gecko) Chrome/107.0.0.0 Safari/537.36"
183.207.45.117 - - [06/Dec/2025:15:02:27 +0800] "GET /2159/ HTTP/1.1" 200 29049 "-" "Mozilla/5.0 (Windows NT 10.0; Win64; x64) AppleWebKit/537.36 (KHTML, like Gecko) Chrome/107.0.0.0 Safari/537.36"
183.207.45.117 - - [06/Dec/2025:15:02:28 +0800] "GET /industry/ HTTP/1.1" 200 21992 "-" "Mozilla/5.0 (Windows NT 10.0; Win64; x64) AppleWebKit/537.36 (KHTML, like Gecko) Chrome/107.0.0.0 Safari/537.36"
183.207.45.117 - - [06/Dec/2025:15:02:29 +0800] "GET /2160/ HTTP/1.1" 200 30061 "-" "Mozilla/5.0 (Windows NT 10.0; Win64; x64) AppleWebKit/537.36 (KHTML, like Gecko) Chrome/107.0.0.0 Safari/537.36"
183.207.45.117 - - [06/Dec/2025:15:02:29 +0800] "GET /2162/ HTTP/1.1" 200 25503 "-" "Mozilla/5.0 (Windows NT 10.0; Win64; x64) AppleWebKit/537.36 (KHTML, like Gecko) Chrome/107.0.0.0 Safari/537.36"
183.207.45.117 - - [06/Dec/2025:15:02:30 +0800] "GET /2163/ HTTP/1.1" 200 24099 "-" "Mozilla/5.0 (Windows NT 10.0; Win64; x64) AppleWebKit/537.36 (KHTML, like Gecko) Chrome/107.0.0.0 Safari/537.36"
183.207.45.117 - - [06/Dec/2025:15:02:31 +0800] "GET /policy/ HTTP/1.1" 200 23688 "-" "Mozilla/5.0 (Windows NT 10.0; Win64; x64) AppleWebKit/537.36 (KHTML, like Gecko) Chrome/107.0.0.0 Safari/537.36"
183.207.45.117 - - [06/Dec/2025:15:02:32 +0800] "GET /2164/ HTTP/1.1" 200 23841 "-" "Mozilla/5.0 (Windows NT 10.0; Win64; x64) AppleWebKit/537.36 (KHTML, like Gecko) Chrome/107.0.0.0 Safari/537.36"
183.207.45.117 - - [06/Dec/2025:15:02:32 +0800] "GET /material.html HTTP/1.1" 200 6459 "-" "Mozilla/5.0 (Windows NT 10.0; Win64; x64) AppleWebKit/537.36 (KHTML, like Gecko) Chrome/107.0.0.0 Safari/537.36"
183.207.45.117 - - [06/Dec/2025:15:02:32 +0800] "GET /logistics HTTP/1.1" 301 5 "-" "Mozilla/5.0 (Windows NT 10.0; Win64; x64) AppleWebKit/537.36 (KHTML, like Gecko) Chrome/107.0.0.0 Safari/537.36"
183.207.45.117 - - [06/Dec/2025:15:02:33 +0800] "GET /logistics/ HTTP/1.1" 200 22451 "-" "Mozilla/5.0 (Windows NT 10.0; Win64; x64) AppleWebKit/537.36 (KHTML, like Gecko) Chrome/107.0.0.0 Safari/537.36"
183.207.45.117 - - [06/Dec/2025:15:02:34 +0800] "GET /services HTTP/1.1" 301 5 "-" "Mozilla/5.0 (Windows NT 10.0; Win64; x64) AppleWebKit/537.36 (KHTML, like Gecko) Chrome/107.0.0.0 Safari/537.36"
183.207.45.117 - - [06/Dec/2025:15:02:34 +0800] "GET /services/ HTTP/1.1" 200 28690 "-" "Mozilla/5.0 (Windows NT 10.0; Win64; x64) AppleWebKit/537.36 (KHTML, like Gecko) Chrome/107.0.0.0 Safari/537.36"
183.207.45.117 - - [06/Dec/2025:15:02:35 +0800] "GET / HTTP/1.1" 301 5 "-" "Mozilla/5.0 (Windows NT 10.0; Win64; x64) AppleWebKit/537.36 (KHTML, like Gecko) Chrome/107.0.0.0 Safari/537.36"
183.207.45.117 - - [06/Dec/2025:15:02:35 +0800] "GET / HTTP/1.1" 200 34067 "-" "Mozilla/5.0 (Windows NT 10.0; Win64; x64) AppleWebKit/537.36 (KHTML, like Gecko) Chrome/107.0.0.0 Safari/537.36"
183.207.45.117 - - [06/Dec/2025:15:02:36 +0800] "GET /portfolio-category/remaining-rolls/ HTTP/1.1" 200 20962 "-" "Mozilla/5.0 (Windows NT 10.0; Win64; x64) AppleWebKit/537.36 (KHTML, like Gecko) Chrome/107.0.0.0 Safari/537.36"
183.207.45.117 - - [06/Dec/2025:15:02:36 +0800] "GET /portfolio/remaining-rolls/ HTTP/1.1" 200 22192 "-" "Mozilla/5.0 (Windows NT 10.0; Win64; x64) AppleWebKit/537.36 (KHTML, like Gecko) Chrome/107.0.0.0 Safari/537.36"
183.207.45.117 - - [06/Dec/2025:15:02:37 +0800] "GET /portfolio-category/hot-dip-galvanized-coil/ HTTP/1.1" 200 21001 "-" "Mozilla/5.0 (Windows NT 10.0; Win64; x64) AppleWebKit/537.36 (KHTML, like Gecko) Chrome/107.0.0.0 Safari/537.36"
183.207.45.117 - - [06/Dec/2025:15:02:38 +0800] "GET /portfolio/hot-dip-galvanized-coil/ HTTP/1.1" 200 22320 "-" "Mozilla/5.0 (Windows NT 10.0; Win64; x64) AppleWebKit/537.36 (KHTML, like Gecko) Chrome/107.0.0.0 Safari/537.36"
183.207.45.117 - - [06/Dec/2025:15:02:38 +0800] "GET /portfolio-category/dual-phase-steel/ HTTP/1.1" 200 20985 "-" "Mozilla/5.0 (Windows NT 10.0; Win64; x64) AppleWebKit/537.36 (KHTML, like Gecko) Chrome/107.0.0.0 Safari/537.36"
183.207.45.117 - - [06/Dec/2025:15:02:39 +0800] "GET /portfolio/duplex-stainless-steel/ HTTP/1.1" 200 22160 "-" "Mozilla/5.0 (Windows NT 10.0; Win64; x64) AppleWebKit/537.36 (KHTML, like Gecko) Chrome/107.0.0.0 Safari/537.36"
183.207.45.117 - - [06/Dec/2025:15:02:40 +0800] "GET /portfolio-category/cold-rolled-coil/ HTTP/1.1" 200 21003 "-" "Mozilla/5.0 (Windows NT 10.0; Win64; x64) AppleWebKit/537.36 (KHTML, like Gecko) Chrome/107.0.0.0 Safari/537.36"
183.207.45.117 - - [06/Dec/2025:15:02:40 +0800] "GET /portfolio/%e5%86%b7%e8%bd%a7%e6%9d%bf/ HTTP/1.1" 200 18981 "-" "Mozilla/5.0 (Windows NT 10.0; Win64; x64) AppleWebKit/537.36 (KHTML, like Gecko) Chrome/107.0.0.0 Safari/537.36"
183.207.45.117 - - [06/Dec/2025:15:02:41 +0800] "GET / HTTP/1.1" 301 5 "-" "Mozilla/5.0 (Windows NT 10.0; Win64; x64) AppleWebKit/537.36 (KHTML, like Gecko) Chrome/107.0.0.0 Safari/537.36"
183.207.45.117 - - [06/Dec/2025:15:02:41 +0800] "GET / HTTP/1.1" 200 34067 "-" "Mozilla/5.0 (Windows NT 10.0; Win64; x64) AppleWebKit/537.36 (KHTML, like Gecko) Chrome/107.0.0.0 Safari/537.36"
183.207.45.117 - - [06/Dec/2025:15:02:42 +0800] "GET / HTTP/1.1" 301 5 "-" "Mozilla/5.0 (Windows NT 10.0; Win64; x64) AppleWebKit/537.36 (KHTML, like Gecko) Chrome/107.0.0.0 Safari/537.36"
183.207.45.117 - - [06/Dec/2025:15:02:42 +0800] "GET / HTTP/1.1" 200 34067 "-" "Mozilla/5.0 (Windows NT 10.0; Win64; x64) AppleWebKit/537.36 (KHTML, like Gecko) Chrome/107.0.0.0 Safari/537.36"
183.207.45.117 - - [06/Dec/2025:15:02:43 +0800] "GET / HTTP/1.1" 301 5 "-" "Mozilla/5.0 (Windows NT 10.0; Win64; x64) AppleWebKit/537.36 (KHTML, like Gecko) Chrome/107.0.0.0 Safari/537.36"
183.207.45.117 - - [06/Dec/2025:15:02:43 +0800] "GET / HTTP/1.1" 200 34067 "-" "Mozilla/5.0 (Windows NT 10.0; Win64; x64) AppleWebKit/537.36 (KHTML, like Gecko) Chrome/107.0.0.0 Safari/537.36"
183.207.45.117 - - [06/Dec/2025:15:02:43 +0800] "GET / HTTP/1.1" 301 5 "-" "Mozilla/5.0 (Windows NT 10.0; Win64; x64) AppleWebKit/537.36 (KHTML, like Gecko) Chrome/107.0.0.0 Safari/537.36"
183.207.45.117 - - [06/Dec/2025:15:02:43 +0800] "GET / HTTP/1.1" 200 34067 "-" "Mozilla/5.0 (Windows NT 10.0; Win64; x64) AppleWebKit/537.36 (KHTML, like Gecko) Chrome/107.0.0.0 Safari/537.36"
183.207.45.117 - - [06/Dec/2025:15:02:44 +0800] "GET /contacts/ HTTP/1.1" 200 21585 "-" "Mozilla/5.0 (Windows NT 10.0; Win64; x64) AppleWebKit/537.36 (KHTML, like Gecko) Chrome/107.0.0.0 Safari/537.36"
183.207.45.117 - - [06/Dec/2025:15:02:44 +0800] "GET /media/ HTTP/1.1" 200 24222 "-" "Mozilla/5.0 (Windows NT 10.0; Win64; x64) AppleWebKit/537.36 (KHTML, like Gecko) Chrome/107.0.0.0 Safari/537.36"
183.207.45.117 - - [06/Dec/2025:15:02:44 +0800] "GET /logistics/ HTTP/1.1" 200 22473 "-" "Mozilla/5.0 (Windows NT 10.0; Win64; x64) AppleWebKit/537.36 (KHTML, like Gecko) Chrome/107.0.0.0 Safari/537.36"
183.207.45.117 - - [06/Dec/2025:15:02:44 +0800] "GET /services/ HTTP/1.1" 200 28690 "-" "Mozilla/5.0 (Windows NT 10.0; Win64; x64) AppleWebKit/537.36 (KHTML, like Gecko) Chrome/107.0.0.0 Safari/537.36"
183.207.45.117 - - [06/Dec/2025:15:02:44 +0800] "GET /about/ HTTP/1.1" 200 29975 "-" "Mozilla/5.0 (Windows NT 10.0; Win64; x64) AppleWebKit/537.36 (KHTML, like Gecko) Chrome/107.0.0.0 Safari/537.36"
183.207.45.117 - - [06/Dec/2025:15:02:44 +0800] "GET / HTTP/1.1" 200 34067 "-" "Mozilla/5.0 (Windows NT 10.0; Win64; x64) AppleWebKit/537.36 (KHTML, like Gecko) Chrome/107.0.0.0 Safari/537.36"
183.207.45.117 - - [06/Dec/2025:15:02:44 +0800] "GET /wp-content/uploads/2025/07/1753454299-Article_images_W900px.webp HTTP/1.1" 200 52418 "-" "Mozilla/5.0 (Windows NT 10.0; Win64; x64) AppleWebKit/537.36 (KHTML, like Gecko) Chrome/107.0.0.0 Safari/537.36"
183.207.45.117 - - [06/Dec/2025:15:02:44 +0800] "GET /wp-content/uploads/2025/07/1753454089-Article_images_W900px.webp HTTP/1.1" 200 27552 "-" "Mozilla/5.0 (Windows NT 10.0; Win64; x64) AppleWebKit/537.36 (KHTML, like Gecko) Chrome/107.0.0.0 Safari/537.36"
183.207.45.117 - - [06/Dec/2025:15:02:44 +0800] "GET /wp-content/uploads/2025/07/1753453127-%E4%BD%99%E5%8D%B7product_Single600%C3%97284.webp HTTP/1.1" 200 18744 "-" "Mozilla/5.0 (Windows NT 10.0; Win64; x64) AppleWebKit/537.36 (KHTML, like Gecko) Chrome/107.0.0.0 Safari/537.36"
183.207.45.117 - - [06/Dec/2025:15:02:44 +0800] "GET /wp-content/uploads/2025/07/1753456770-%E7%83%AD%E9%95%80%E9%94%8C%E5%8D%B7product_Single600.webp HTTP/1.1" 200 27502 "-" "Mozilla/5.0 (Windows NT 10.0; Win64; x64) AppleWebKit/537.36 (KHTML, like Gecko) Chrome/107.0.0.0 Safari/537.36"
183.207.45.117 - - [06/Dec/2025:15:02:44 +0800] "GET /wp-content/uploads/2025/07/1753453096-%E5%8F%8C%E7%9B%B8%E9%92%A2product_Single600%C3%97284.webp HTTP/1.1" 200 14562 "-" "Mozilla/5.0 (Windows NT 10.0; Win64; x64) AppleWebKit/537.36 (KHTML, like Gecko) Chrome/107.0.0.0 Safari/537.36"
183.207.45.117 - - [06/Dec/2025:15:02:44 +0800] "GET /wp-content/uploads/2025/07/1753456723-%E5%8F%8C%E7%9B%B8%E9%92%A2roduct_Single600.webp HTTP/1.1" 200 22790 "-" "Mozilla/5.0 (Windows NT 10.0; Win64; x64) AppleWebKit/537.36 (KHTML, like Gecko) Chrome/107.0.0.0 Safari/537.36"
183.207.45.117 - - [06/Dec/2025:15:02:44 +0800] "GET /wp-content/uploads/2025/07/1751425283-qizhou.kf_.qq_.com_.webp HTTP/1.1" 200 16864 "-" "Mozilla/5.0 (Windows NT 10.0; Win64; x64) AppleWebKit/537.36 (KHTML, like Gecko) Chrome/107.0.0.0 Safari/537.36"
183.207.45.117 - - [06/Dec/2025:15:02:44 +0800] "GET /wp-content/uploads/2025/07/1753587901-Slider_3840%C3%972160_20250727-scaled.webp HTTP/1.1" 200 141034 "-" "Mozilla/5.0 (Windows NT 10.0; Win64; x64) AppleWebKit/537.36 (KHTML, like Gecko) Chrome/107.0.0.0 Safari/537.36"
183.207.45.117 - - [06/Dec/2025:15:02:44 +0800] "GET /wp-content/uploads/revslider/slider-1/1750861156-logistics_Slider_3840%C3%972160_20250625191356-scaled.webp HTTP/1.1" 200 197360 "-" "Mozilla/5.0 (Windows NT 10.0; Win64; x64) AppleWebKit/537.36 (KHTML, like Gecko) Chrome/107.0.0.0 Safari/537.36"
183.207.45.117 - - [06/Dec/2025:15:02:44 +0800] "GET /wp-content/uploads/revslider/slider-1/1750929639-yuanjing_Slider_3840%C3%972160_20250626171955-scaled.webp HTTP/1.1" 200 203290 "-" "Mozilla/5.0 (Windows NT 10.0; Win64; x64) AppleWebKit/537.36 (KHTML, like Gecko) Chrome/107.0.0.0 Safari/537.36"
183.207.45.117 - - [06/Dec/2025:15:02:45 +0800] "GET /bug HTTP/1.1" 301 5 "-" "Mozilla/5.0 (Windows NT 10.0; Win64; x64) AppleWebKit/537.36 (KHTML, like Gecko) Chrome/107.0.0.0 Safari/537.36"
183.207.45.117 - - [06/Dec/2025:15:02:45 +0800] "GET /bug/ HTTP/1.1" 200 12837 "-" "Mozilla/5.0 (Windows NT 10.0; Win64; x64) AppleWebKit/537.36 (KHTML, like Gecko) Chrome/107.0.0.0 Safari/537.36"
36.133.115.36 - - [06/Dec/2025:15:19:51 +0800] "POST /wp-cron.php?doing_wp_cron=1765005591.7062070369720458984375 HTTP/1.1" 200 31 "-" "WordPress/6.8.3; http://cqqizhou.com"
141.98.11.170 - - [06/Dec/2025:15:19:52 +0800] "GET / HTTP/1.1" 200 33625 "-" "Mozilla/5.0 (Windows NT 10.0; Win64; x64) AppleWebKit/537.36 (KHTML, like Gecko) Chrome/90.0.4430.85 Safari/537.36 Edg/90.0.818.46"
207.46.13.141 - - [06/Dec/2025:15:22:03 +0800] "GET /about/ HTTP/1.1" 200 29975 "-" "Mozilla/5.0 AppleWebKit/537.36 (KHTML, like Gecko; compatible; bingbot/2.0; +http://www.bing.com/bingbot.htm) Chrome/116.0.1938.76 Safari/537.36"
36.133.115.36 - - [06/Dec/2025:15:33:37 +0800] "POST /wp-cron.php?doing_wp_cron=1765006417.3703958988189697265625 HTTP/1.1" 200 31 "-" "WordPress/6.8.3; http://cqqizhou.com"
86.48.30.142 - - [06/Dec/2025:15:33:37 +0800] "POST /hello.world?%ADd+allow_url_include%3d1+%ADd+auto_prepend_file%3dphp://input HTTP/1.1" 404 31364 "-" "libredtail-http"
86.48.30.142 - - [06/Dec/2025:15:33:39 +0800] "POST /?%ADd+allow_url_include%3d1+%ADd+auto_prepend_file%3dphp://input HTTP/1.1" 200 152382 "-" "libredtail-http"
86.48.30.142 - - [06/Dec/2025:15:33:39 +0800] "GET /vendor/phpunit/phpunit/src/Util/PHP/eval-stdin.php HTTP/1.1" 404 27 "-" "libredtail-http"
86.48.30.142 - - [06/Dec/2025:15:33:40 +0800] "GET /vendor/phpunit/phpunit/Util/PHP/eval-stdin.php HTTP/1.1" 404 27 "-" "libredtail-http"
86.48.30.142 - - [06/Dec/2025:15:33:40 +0800] "GET /vendor/phpunit/src/Util/PHP/eval-stdin.php HTTP/1.1" 404 27 "-" "libredtail-http"
86.48.30.142 - - [06/Dec/2025:15:33:40 +0800] "GET /vendor/phpunit/Util/PHP/eval-stdin.php HTTP/1.1" 404 27 "-" "libredtail-http"
86.48.30.142 - - [06/Dec/2025:15:33:40 +0800] "GET /vendor/phpunit/phpunit/LICENSE/eval-stdin.php HTTP/1.1" 404 27 "-" "libredtail-http"
86.48.30.142 - - [06/Dec/2025:15:33:41 +0800] "GET /vendor/vendor/phpunit/phpunit/src/Util/PHP/eval-stdin.php HTTP/1.1" 404 27 "-" "libredtail-http"
86.48.30.142 - - [06/Dec/2025:15:33:41 +0800] "GET /phpunit/phpunit/src/Util/PHP/eval-stdin.php HTTP/1.1" 404 27 "-" "libredtail-http"
86.48.30.142 - - [06/Dec/2025:15:33:41 +0800] "GET /phpunit/phpunit/Util/PHP/eval-stdin.php HTTP/1.1" 404 27 "-" "libredtail-http"
86.48.30.142 - - [06/Dec/2025:15:33:42 +0800] "GET /phpunit/src/Util/PHP/eval-stdin.php HTTP/1.1" 404 27 "-" "libredtail-http"
86.48.30.142 - - [06/Dec/2025:15:33:42 +0800] "GET /phpunit/Util/PHP/eval-stdin.php HTTP/1.1" 404 27 "-" "libredtail-http"
86.48.30.142 - - [06/Dec/2025:15:33:43 +0800] "GET /lib/phpunit/phpunit/src/Util/PHP/eval-stdin.php HTTP/1.1" 404 27 "-" "libredtail-http"
86.48.30.142 - - [06/Dec/2025:15:33:43 +0800] "GET /lib/phpunit/phpunit/Util/PHP/eval-stdin.php HTTP/1.1" 404 27 "-" "libredtail-http"
86.48.30.142 - - [06/Dec/2025:15:33:44 +0800] "GET /lib/phpunit/src/Util/PHP/eval-stdin.php HTTP/1.1" 404 27 "-" "libredtail-http"
86.48.30.142 - - [06/Dec/2025:15:33:45 +0800] "GET /lib/phpunit/Util/PHP/eval-stdin.php HTTP/1.1" 404 27 "-" "libredtail-http"
86.48.30.142 - - [06/Dec/2025:15:33:45 +0800] "GET /lib/vendor/phpunit/phpunit/src/Util/PHP/eval-stdin.php HTTP/1.1" 404 27 "-" "libredtail-http"
86.48.30.142 - - [06/Dec/2025:15:33:45 +0800] "GET /laravel/vendor/phpunit/phpunit/src/Util/PHP/eval-stdin.php HTTP/1.1" 404 27 "-" "libredtail-http"
86.48.30.142 - - [06/Dec/2025:15:33:45 +0800] "GET /www/vendor/phpunit/phpunit/src/Util/PHP/eval-stdin.php HTTP/1.1" 404 27 "-" "libredtail-http"
86.48.30.142 - - [06/Dec/2025:15:33:46 +0800] "GET /ws/vendor/phpunit/phpunit/src/Util/PHP/eval-stdin.php HTTP/1.1" 404 27 "-" "libredtail-http"
86.48.30.142 - - [06/Dec/2025:15:33:46 +0800] "GET /yii/vendor/phpunit/phpunit/src/Util/PHP/eval-stdin.php HTTP/1.1" 404 27 "-" "libredtail-http"
86.48.30.142 - - [06/Dec/2025:15:33:47 +0800] "GET /zend/vendor/phpunit/phpunit/src/Util/PHP/eval-stdin.php HTTP/1.1" 404 27 "-" "libredtail-http"
86.48.30.142 - - [06/Dec/2025:15:33:47 +0800] "GET /ws/ec/vendor/phpunit/phpunit/src/Util/PHP/eval-stdin.php HTTP/1.1" 404 27 "-" "libredtail-http"
86.48.30.142 - - [06/Dec/2025:15:33:47 +0800] "GET /V2/vendor/phpunit/phpunit/src/Util/PHP/eval-stdin.php HTTP/1.1" 404 27 "-" "libredtail-http"
86.48.30.142 - - [06/Dec/2025:15:33:48 +0800] "GET /tests/vendor/phpunit/phpunit/src/Util/PHP/eval-stdin.php HTTP/1.1" 404 27 "-" "libredtail-http"
86.48.30.142 - - [06/Dec/2025:15:33:48 +0800] "GET /test/vendor/phpunit/phpunit/src/Util/PHP/eval-stdin.php HTTP/1.1" 404 27 "-" "libredtail-http"
86.48.30.142 - - [06/Dec/2025:15:33:49 +0800] "GET /testing/vendor/phpunit/phpunit/src/Util/PHP/eval-stdin.php HTTP/1.1" 404 27 "-" "libredtail-http"
86.48.30.142 - - [06/Dec/2025:15:33:49 +0800] "GET /api/vendor/phpunit/phpunit/src/Util/PHP/eval-stdin.php HTTP/1.1" 404 27 "-" "libredtail-http"
86.48.30.142 - - [06/Dec/2025:15:33:49 +0800] "GET /demo/vendor/phpunit/phpunit/src/Util/PHP/eval-stdin.php HTTP/1.1" 404 27 "-" "libredtail-http"
86.48.30.142 - - [06/Dec/2025:15:33:50 +0800] "GET /cms/vendor/phpunit/phpunit/src/Util/PHP/eval-stdin.php HTTP/1.1" 404 27 "-" "libredtail-http"
86.48.30.142 - - [06/Dec/2025:15:33:50 +0800] "GET /crm/vendor/phpunit/phpunit/src/Util/PHP/eval-stdin.php HTTP/1.1" 404 27 "-" "libredtail-http"
86.48.30.142 - - [06/Dec/2025:15:33:50 +0800] "GET /admin/vendor/phpunit/phpunit/src/Util/PHP/eval-stdin.php HTTP/1.1" 404 27 "-" "libredtail-http"
86.48.30.142 - - [06/Dec/2025:15:33:51 +0800] "GET /backup/vendor/phpunit/phpunit/src/Util/PHP/eval-stdin.php HTTP/1.1" 404 27 "-" "libredtail-http"
86.48.30.142 - - [06/Dec/2025:15:33:51 +0800] "GET /blog/vendor/phpunit/phpunit/src/Util/PHP/eval-stdin.php HTTP/1.1" 404 27 "-" "libredtail-http"
86.48.30.142 - - [06/Dec/2025:15:33:52 +0800] "GET /workspace/drupal/vendor/phpunit/phpunit/src/Util/PHP/eval-stdin.php HTTP/1.1" 404 27 "-" "libredtail-http"
86.48.30.142 - - [06/Dec/2025:15:33:52 +0800] "GET /panel/vendor/phpunit/phpunit/src/Util/PHP/eval-stdin.php HTTP/1.1" 404 27 "-" "libredtail-http"
86.48.30.142 - - [06/Dec/2025:15:33:52 +0800] "GET /public/vendor/phpunit/phpunit/src/Util/PHP/eval-stdin.php HTTP/1.1" 404 27 "-" "libredtail-http"
86.48.30.142 - - [06/Dec/2025:15:33:53 +0800] "GET /apps/vendor/phpunit/phpunit/src/Util/PHP/eval-stdin.php HTTP/1.1" 404 27 "-" "libredtail-http"
86.48.30.142 - - [06/Dec/2025:15:33:53 +0800] "GET /app/vendor/phpunit/phpunit/src/Util/PHP/eval-stdin.php HTTP/1.1" 404 27 "-" "libredtail-http"
36.133.115.36 - - [06/Dec/2025:15:33:54 +0800] "POST /wp-cron.php?doing_wp_cron=1765006434.7055280208587646484375 HTTP/1.1" 200 31 "-" "WordPress/6.8.3; http://cqqizhou.com"
86.48.30.142 - - [06/Dec/2025:15:33:54 +0800] "GET /index.php?s=/index/\x5Cthink\x5Capp/invokefunction&function=call_user_func_array&vars[0]=md5&vars[1][]=Hello HTTP/1.1" 200 65461 "-" "libredtail-http"
86.48.30.142 - - [06/Dec/2025:15:33:55 +0800] "GET /public/index.php?s=/index/\x5Cthink\x5Capp/invokefunction&function=call_user_func_array&vars[0]=md5&vars[1][]=Hello HTTP/1.1" 404 27 "-" "libredtail-http"
86.48.30.142 - - [06/Dec/2025:15:33:56 +0800] "GET /index.php?lang=../../../../../../../../usr/local/lib/php/pearcmd&+config-create+/&/<?echo(md5(\x22hi\x22));?>+/tmp/index1.php HTTP/1.1" 200 152382 "-" "libredtail-http"
86.48.30.142 - - [06/Dec/2025:15:33:58 +0800] "GET /index.php?lang=../../../../../../../../tmp/index1 HTTP/1.1" 200 152382 "-" "libredtail-http"
86.48.30.142 - - [06/Dec/2025:15:33:59 +0800] "GET /containers/json HTTP/1.1" 301 5 "-" "libredtail-http"
86.48.30.142 - - [06/Dec/2025:15:34:02 +0800] "GET /containers/json HTTP/1.1" 301 5 "-" "libredtail-http"
36.133.115.36 - - [06/Dec/2025:15:37:24 +0800] "POST /wp-cron.php?doing_wp_cron=1765006644.8308610916137695312500 HTTP/1.1" 200 31 "-" "WordPress/6.8.3; http://cqqizhou.com"
78.153.140.178 - - [06/Dec/2025:15:37:24 +0800] "GET /.env HTTP/1.1" 404 31364 "-" "Mozilla/5.0 (Windows NT 10.0; WOW64) AppleWebKit/537.36 (KHTML, like Gecko) Chrome/47.0.2526.73 Safari/537.36 OPR/34.0.2036.36"
36.133.115.36 - - [06/Dec/2025:15:45:22 +0800] "POST /wp-cron.php?doing_wp_cron=1765007122.3319389820098876953125 HTTP/1.1" 200 31 "-" "WordPress/6.8.3; http://cqqizhou.com"
193.142.147.209 - - [06/Dec/2025:15:45:22 +0800] "GET /cgi-bin/luci/;stok=/locale HTTP/1.1" 301 5 "-" "-"
193.142.147.209 - - [06/Dec/2025:15:45:23 +0800] "GET /cgi-bin/luci/;stok=/locale HTTP/1.1" 404 31364 "http://36.133.115.36:80/cgi-bin/luci/;stok=/locale" "-"
36.133.115.36 - - [06/Dec/2025:15:46:22 +0800] "POST /wp-cron.php?doing_wp_cron=1765007182.9245779514312744140625 HTTP/1.1" 200 31 "-" "WordPress/6.8.3; http://cqqizhou.com"
162.142.125.207 - - [06/Dec/2025:15:46:23 +0800] "GET /security.txt HTTP/1.1" 200 19435 "-" "Mozilla/5.0 (compatible; CensysInspect/1.1; +https://about.censys.io/)"
36.133.115.36 - - [06/Dec/2025:15:46:52 +0800] "POST /wp-cron.php?doing_wp_cron=1765007212.6904659271240234375000 HTTP/1.1" 200 31 "-" "WordPress/6.8.3; http://cqqizhou.com"
106.119.167.146 - - [06/Dec/2025:15:46:52 +0800] "GET / HTTP/1.1" 301 5 "-" "Mozilla/5.0 (iPhone; CPU iPhone OS 13_2_3 like Mac OS X) AppleWebKit/605.1.15 (KHTML, like Gecko) Version/13.0.3 Mobile/15E148 Safari/604.1"
106.119.167.146 - - [06/Dec/2025:15:46:55 +0800] "GET / HTTP/1.1" 200 33625 "http://www.cqqizhou.com" "Mozilla/5.0 (iPhone; CPU iPhone OS 13_2_3 like Mac OS X) AppleWebKit/605.1.15 (KHTML, like Gecko) Version/13.0.3 Mobile/15E148 Safari/604.1"
43.157.179.227 - - [06/Dec/2025:15:47:41 +0800] "GET / HTTP/1.1" 301 5 "-" "Mozilla/5.0 (iPhone; CPU iPhone OS 13_2_3 like Mac OS X) AppleWebKit/605.1.15 (KHTML, like Gecko) Version/13.0.3 Mobile/15E148 Safari/604.1"
43.157.179.227 - - [06/Dec/2025:15:47:44 +0800] "GET / HTTP/1.1" 200 33625 "http://www.cqqizhou.com" "Mozilla/5.0 (iPhone; CPU iPhone OS 13_2_3 like Mac OS X) AppleWebKit/605.1.15 (KHTML, like Gecko) Version/13.0.3 Mobile/15E148 Safari/604.1"
36.133.115.36 - - [06/Dec/2025:15:54:26 +0800] "POST /wp-cron.php?doing_wp_cron=1765007666.8237850666046142578125 HTTP/1.1" 200 31 "-" "WordPress/6.8.3; http://cqqizhou.com"
204.76.203.212 - - [06/Dec/2025:15:54:27 +0800] "GET / HTTP/1.1" 200 33624 "-" "Mozilla/5.0 (Windows NT 10.0; Win64; x64) AppleWebKit/537.36 (KHTML, like Gecko) Chrome/90.0.4430.85 Safari/537.36 Edg/90.0.818.46"
185.39.19.97 - - [06/Dec/2025:16:02:34 +0800] "GET / HTTP/1.0" 200 154048 "http://cqqizhou.com/" "Mozilla/5.0 (Windows NT 10.0; Win64; x64) AppleWebKit/537.36 (KHTML, like Gecko) Chrome/130.0.0.0 Safari/537.36"
185.39.19.97 - - [06/Dec/2025:16:02:35 +0800] "GET /contacts/ HTTP/1.0" 200 76700 "http://cqqizhou.com/contacts/" "Mozilla/5.0 (Windows NT 10.0; Win64; x64) AppleWebKit/537.36 (KHTML, like Gecko) Chrome/130.0.0.0 Safari/537.36"
36.133.115.36 - - [06/Dec/2025:16:02:37 +0800] "POST /wp-cron.php?doing_wp_cron=1765008157.6452579498291015625000 HTTP/1.1" 200 31 "-" "WordPress/6.8.3; http://cqqizhou.com"
185.39.19.97 - - [06/Dec/2025:16:02:38 +0800] "POST /contacts/ HTTP/1.0" 200 69249 "http://cqqizhou.com/contacts/" "Mozilla/5.0 (Windows NT 10.0; Win64; x64) AppleWebKit/537.36 (KHTML, like Gecko) Chrome/130.0.0.0 Safari/537.36"
36.133.115.36 - - [06/Dec/2025:16:16:13 +0800] "POST /wp-cron.php?doing_wp_cron=1765008973.3584558963775634765625 HTTP/1.1" 200 31 "-" "WordPress/6.8.3; http://cqqizhou.com"
114.119.150.248 - - [06/Dec/2025:16:16:13 +0800] "GET /wp-sitemap.xml HTTP/1.1" 501 253 "-" "Mozilla/5.0 (Linux; Android 7.0;) AppleWebKit/537.36 (KHTML, like Gecko) Mobile Safari/537.36 (compatible; PetalBot;+https://webmaster.petalsearch.com/site/petalbot)"
36.133.115.36 - - [06/Dec/2025:16:21:14 +0800] "POST /wp-cron.php?doing_wp_cron=1765009274.8874249458312988281250 HTTP/1.1" 200 31 "-" "WordPress/6.8.3; http://cqqizhou.com"
114.119.158.31 - - [06/Dec/2025:16:21:14 +0800] "GET /wp-sitemap.xml HTTP/1.1" 501 253 "-" "Mozilla/5.0 (Linux; Android 7.0;) AppleWebKit/537.36 (KHTML, like Gecko) Mobile Safari/537.36 (compatible; PetalBot;+https://webmaster.petalsearch.com/site/petalbot)"
36.133.115.36 - - [06/Dec/2025:16:26:14 +0800] "POST /wp-cron.php?doing_wp_cron=1765009574.6879498958587646484375 HTTP/1.1" 200 31 "-" "WordPress/6.8.3; http://cqqizhou.com"
114.119.136.138 - - [06/Dec/2025:16:26:14 +0800] "GET /wp-sitemap.xml HTTP/1.1" 501 253 "-" "Mozilla/5.0 (Linux; Android 7.0;) AppleWebKit/537.36 (KHTML, like Gecko) Mobile Safari/537.36 (compatible; PetalBot;+https://webmaster.petalsearch.com/site/petalbot)"
36.133.115.36 - - [06/Dec/2025:16:28:34 +0800] "POST /wp-cron.php?doing_wp_cron=1765009714.6537809371948242187500 HTTP/1.1" 200 31 "-" "WordPress/6.8.3; http://cqqizhou.com"
141.98.11.170 - - [06/Dec/2025:16:28:35 +0800] "GET / HTTP/1.1" 200 33625 "-" "Mozilla/5.0 (Windows NT 10.0; Win64; x64) AppleWebKit/537.36 (KHTML, like Gecko) Chrome/90.0.4430.85 Safari/537.36 Edg/90.0.818.46"
36.133.115.36 - - [06/Dec/2025:16:38:50 +0800] "POST /wp-cron.php?doing_wp_cron=1765010330.6741321086883544921875 HTTP/1.1" 200 31 "-" "WordPress/6.8.3; http://cqqizhou.com"
45.135.193.9 - - [06/Dec/2025:16:38:50 +0800] "GET http://ip-api.com/json/ HTTP/1.1" 404 8981 "-" "Go-http-client/1.1"
36.133.115.36 - - [06/Dec/2025:16:43:28 +0800] "POST /wp-cron.php?doing_wp_cron=1765010608.8219349384307861328125 HTTP/1.1" 200 31 "-" "WordPress/6.8.3; http://cqqizhou.com"
142.44.228.128 - - [06/Dec/2025:16:43:28 +0800] "GET /robots.txt HTTP/1.1" 200 190 "-" "Mozilla/5.0 (compatible; AhrefsBot/7.0; +http://ahrefs.com/robot/)"
198.244.183.37 - - [06/Dec/2025:16:43:37 +0800] "GET /media/ HTTP/1.1" 200 24222 "-" "Mozilla/5.0 (compatible; AhrefsBot/7.0; +http://ahrefs.com/robot/)"
36.133.115.36 - - [06/Dec/2025:16:44:43 +0800] "POST /wp-cron.php?doing_wp_cron=1765010683.6976199150085449218750 HTTP/1.1" 200 31 "-" "WordPress/6.8.3; http://cqqizhou.com"
204.76.203.212 - - [06/Dec/2025:16:44:44 +0800] "GET / HTTP/1.1" 200 33625 "-" "Mozilla/5.0 (Windows NT 10.0; Win64; x64) AppleWebKit/537.36 (KHTML, like Gecko) Chrome/90.0.4430.85 Safari/537.36 Edg/90.0.818.46"
36.133.115.36 - - [06/Dec/2025:16:52:11 +0800] "POST /wp-cron.php?doing_wp_cron=1765011131.3867199420928955078125 HTTP/1.1" 200 31 "-" "WordPress/6.8.3; http://cqqizhou.com"
65.49.1.122 - - [06/Dec/2025:16:52:11 +0800] "GET / HTTP/1.1" 301 5 "-" "Mozilla/5.0 (Windows NT 10.0; Win64; x64; rv:142.0) Gecko/20100101 Firefox/142.0"
36.133.115.36 - - [06/Dec/2025:16:53:36 +0800] "POST /wp-cron.php?doing_wp_cron=1765011216.5989539623260498046875 HTTP/1.1" 200 31 "-" "WordPress/6.8.3; http://cqqizhou.com"
65.49.1.122 - - [06/Dec/2025:16:53:36 +0800] "GET /webui/ HTTP/1.1" 404 8981 "-" "Mozilla/5.0 (X11; Linux x86_64; rv:142.0) Gecko/20100101 Firefox/142.0"
36.133.115.36 - - [06/Dec/2025:16:53:57 +0800] "POST /wp-cron.php?doing_wp_cron=1765011237.7261049747467041015625 HTTP/1.1" 200 31 "-" "WordPress/6.8.3; http://cqqizhou.com"
65.49.1.130 - - [06/Dec/2025:16:53:57 +0800] "GET / HTTP/1.1" 301 5 "-" "Mozilla/5.0 (X11; Linux x86_64; rv:142.0) Gecko/20100101 Firefox/142.0"
65.49.1.126 - - [06/Dec/2025:16:53:59 +0800] "GET / HTTP/1.1" 200 34067 "http://36.133.115.36/" "Mozilla/5.0 (X11; Linux x86_64; rv:142.0) Gecko/20100101 Firefox/142.0"
36.133.115.36 - - [06/Dec/2025:16:55:54 +0800] "POST /wp-cron.php?doing_wp_cron=1765011354.4504721164703369140625 HTTP/1.1" 200 31 "-" "WordPress/6.8.3; http://cqqizhou.com"
65.49.1.122 - - [06/Dec/2025:16:55:54 +0800] "GET /geoserver/web/ HTTP/1.1" 404 8982 "-" "Mozilla/5.0 (Windows NT 10.0; Win64; x64; rv:142.0) Gecko/20100101 Firefox/142.0"
36.133.115.36 - - [06/Dec/2025:17:30:34 +0800] "POST /wp-cron.php?doing_wp_cron=1765013433.9963641166687011718750 HTTP/1.1" 200 31 "-" "WordPress/6.8.3; http://cqqizhou.com"
141.98.11.170 - - [06/Dec/2025:17:30:34 +0800] "GET / HTTP/1.1" 200 33625 "-" "Mozilla/5.0 (Windows NT 10.0; Win64; x64) AppleWebKit/537.36 (KHTML, like Gecko) Chrome/90.0.4430.85 Safari/537.36 Edg/90.0.818.46"
36.133.115.36 - - [06/Dec/2025:17:30:48 +0800] "POST /wp-cron.php?doing_wp_cron=1765013448.3404660224914550781250 HTTP/1.1" 200 31 "-" "WordPress/6.8.3; http://cqqizhou.com"
204.76.203.212 - - [06/Dec/2025:17:30:48 +0800] "GET / HTTP/1.1" 200 33625 "-" "Mozilla/5.0 (Windows NT 10.0; Win64; x64) AppleWebKit/537.36 (KHTML, like Gecko) Chrome/90.0.4430.85 Safari/537.36 Edg/90.0.818.46"
20.65.194.169 - - [06/Dec/2025:17:31:21 +0800] "GET /manager/text/list HTTP/1.1" 404 8981 "-" "Mozilla/5.0 zgrab/0.x"
36.133.115.36 - - [06/Dec/2025:17:33:31 +0800] "POST /wp-cron.php?doing_wp_cron=1765013611.0194549560546875000000 HTTP/1.1" 200 31 "-" "WordPress/6.8.3; http://cqqizhou.com"
193.142.147.209 - - [06/Dec/2025:17:33:31 +0800] "GET /cgi-bin/luci/;stok=/locale HTTP/1.1" 301 5 "-" "-"
193.142.147.209 - - [06/Dec/2025:17:33:32 +0800] "GET /cgi-bin/luci/;stok=/locale HTTP/1.1" 404 31364 "http://36.133.115.36:80/cgi-bin/luci/;stok=/locale" "-"
36.133.115.36 - - [06/Dec/2025:17:43:44 +0800] "POST /wp-cron.php?doing_wp_cron=1765014224.2684519290924072265625 HTTP/1.1" 200 31 "-" "WordPress/6.8.3; http://cqqizhou.com"
110.249.201.67 - - [06/Dec/2025:17:43:44 +0800] "GET /robots.txt HTTP/1.1" 200 190 "-" "Mozilla/5.0 (Linux; Android 5.0) AppleWebKit/537.36 (KHTML, like Gecko) Mobile Safari/537.36 (compatible; Bytespider; https://zhanzhang.toutiao.com/)"
36.133.115.36 - - [06/Dec/2025:17:49:51 +0800] "POST /wp-cron.php?doing_wp_cron=1765014591.0002579689025878906250 HTTP/1.1" 200 31 "-" "WordPress/6.8.3; http://cqqizhou.com"
20.119.72.191 - - [06/Dec/2025:17:49:51 +0800] "GET / HTTP/1.1" 301 5 "-" "Mozilla/5.0 zgrab/0.x"
123.57.13.121 - - [06/Dec/2025:17:59:55 +0800] "GET / HTTP/1.1" 200 34067 "-" "Mozilla/5.0 (Windows NT 10.0; Win64; x64) AppleWebKit/537.36 (KHTML, like Gecko) Chrome/104.0.0.0 Safari/537.36"
36.133.115.36 - - [06/Dec/2025:18:23:12 +0800] "POST /wp-cron.php?doing_wp_cron=1765016592.6206419467926025390625 HTTP/1.1" 200 31 "-" "WordPress/6.8.3; http://cqqizhou.com"
204.76.203.212 - - [06/Dec/2025:18:23:12 +0800] "GET / HTTP/1.1" 200 33625 "-" "Mozilla/5.0 (Windows NT 10.0; Win64; x64) AppleWebKit/537.36 (KHTML, like Gecko) Chrome/90.0.4430.85 Safari/537.36 Edg/90.0.818.46"
36.133.115.36 - - [06/Dec/2025:18:26:24 +0800] "POST /wp-cron.php?doing_wp_cron=1765016784.5580449104309082031250 HTTP/1.1" 200 31 "-" "WordPress/6.8.3; http://cqqizhou.com"
94.26.88.18 - - [06/Dec/2025:18:26:24 +0800] "GET /.git/config HTTP/1.1" 404 8983 "-" "Mozilla/5.0 (Windows NT 10.0; WOW64) AppleWebKit/537.36 (KHTML, like Gecko) Chrome/70.0.3538.25 Safari/537.36 Core/1.70.3722.400 QQBrowser/10.5.3763.400"
36.133.115.36 - - [06/Dec/2025:18:27:59 +0800] "POST /wp-cron.php?doing_wp_cron=1765016879.1439220905303955078125 HTTP/1.1" 200 31 "-" "WordPress/6.8.3; http://cqqizhou.com"
43.166.226.57 - - [06/Dec/2025:18:27:59 +0800] "GET / HTTP/1.1" 200 33625 "-" "Mozilla/5.0 (iPhone; CPU iPhone OS 13_2_3 like Mac OS X) AppleWebKit/605.1.15 (KHTML, like Gecko) Version/13.0.3 Mobile/15E148 Safari/604.1"
