91.224.92.119 - - [16/Nov/2025:12:57:11 +0800] "POST /wp-login.php HTTP/1.1" 200 2979 "http://cqqizhou.com/wp-login.php" "Mozilla/5.0 (Windows NT 11.0; Win64; x64) AppleWebKit/537.36 (KHTML, like Gecko) Chrome/118.0.0.0 Safari/537.36"
91.224.92.119 - - [16/Nov/2025:12:57:15 +0800] "POST /wp-login.php HTTP/1.1" 200 2982 "http://cqqizhou.com/wp-login.php" "Mozilla/5.0 (Macintosh; Intel Mac OS X 13_6_1) AppleWebKit/537.36 (KHTML, like Gecko) Chrome/119.0.0.0 Safari/537.36"
106.85.152.142 - - [16/Nov/2025:12:57:18 +0800] "GET / HTTP/1.1" 301 5 "-" "Mozilla/5.0 (iPhone; CPU iPhone OS 17_2_1 like Mac OS X) AppleWebKit/605.1.15 (KHTML, like Gecko) Version/17.2 Mobile/15E148 Safari/604.1"
106.85.152.142 - - [16/Nov/2025:12:57:19 +0800] "GET / HTTP/1.1" 200 33527 "-" "Mozilla/5.0 (iPhone; CPU iPhone OS 17_2_1 like Mac OS X) AppleWebKit/605.1.15 (KHTML, like Gecko) Version/17.2 Mobile/15E148 Safari/604.1"
91.224.92.119 - - [16/Nov/2025:12:57:20 +0800] "POST /wp-login.php HTTP/1.1" 200 2979 "http://cqqizhou.com/wp-login.php" "Mozilla/5.0 (X11; Ubuntu; Linux x86_64) AppleWebKit/537.36 (KHTML, like Gecko) Chrome/118.0.0.0 Safari/537.36"
91.224.92.119 - - [16/Nov/2025:12:57:25 +0800] "POST /wp-login.php HTTP/1.1" 200 2923 "http://cqqizhou.com/wp-login.php" "Mozilla/5.0 (Windows NT 10.0; Win64; x64) AppleWebKit/537.36 (KHTML, like Gecko) Chrome/121.0.0.0 Safari/537.36"
216.73.216.183 - - [16/Nov/2025:12:57:29 +0800] "GET /robots.txt HTTP/1.1" 200 390 "-" "Mozilla/5.0 AppleWebKit/537.36 (KHTML, like Gecko; compatible; ClaudeBot/1.0; +claudebot@anthropic.com)"
216.73.216.183 - - [16/Nov/2025:12:57:30 +0800] "GET /wp-sitemap.xml HTTP/1.1" 501 253 "-" "Mozilla/5.0 AppleWebKit/537.36 (KHTML, like Gecko; compatible; ClaudeBot/1.0; +claudebot@anthropic.com)"
91.224.92.119 - - [16/Nov/2025:12:57:30 +0800] "POST /wp-login.php HTTP/1.1" 200 2978 "http://cqqizhou.com/wp-login.php" "Mozilla/5.0 (Windows NT 11.0; Win64; x64; rv:119.0) Gecko/20100101 Firefox/119.0"
91.224.92.119 - - [16/Nov/2025:12:57:37 +0800] "POST /wp-login.php HTTP/1.1" 200 2923 "http://cqqizhou.com/wp-login.php" "Mozilla/5.0 (Macintosh; Intel Mac OS X 13_6_1) AppleWebKit/605.1.15 (KHTML, like Gecko) Version/17.2 Safari/605.1.15"
91.224.92.119 - - [16/Nov/2025:12:57:43 +0800] "POST /wp-login.php HTTP/1.1" 200 2977 "http://cqqizhou.com/wp-login.php" "Mozilla/5.0 (Macintosh; Intel Mac OS X 13_6_1; rv:118.0) Gecko/20100101 Firefox/118.0"
36.133.115.36 - - [16/Nov/2025:12:57:48 +0800] "POST /wp-cron.php?doing_wp_cron=1763269068.5957229137420654296875 HTTP/1.1" 200 31 "-" "WordPress/6.8.3; http://cqqizhou.com"
91.224.92.119 - - [16/Nov/2025:12:57:48 +0800] "POST /wp-login.php HTTP/1.1" 200 2981 "http://cqqizhou.com/wp-login.php" "Mozilla/5.0 (X11; Linux x86_64) AppleWebKit/537.36 (KHTML, like Gecko) Chrome/119.0.0.0 Safari/537.36"
91.224.92.119 - - [16/Nov/2025:12:58:00 +0800] "POST /wp-login.php HTTP/1.1" 200 2981 "http://cqqizhou.com/wp-login.php" "Mozilla/5.0 (X11; Linux x86_64) AppleWebKit/537.36 (KHTML, like Gecko) Chrome/119.0.0.0 Safari/537.36"
91.224.92.119 - - [16/Nov/2025:12:58:03 +0800] "POST /wp-login.php HTTP/1.1" 200 2894 "http://cqqizhou.com/wp-login.php" "Mozilla/5.0 (Macintosh; Intel Mac OS X 10_15_7) AppleWebKit/537.36 (KHTML, like Gecko) Chrome/119.0.0.0 Safari/537.36"
91.224.92.119 - - [16/Nov/2025:12:58:08 +0800] "POST /wp-login.php HTTP/1.1" 200 2978 "http://cqqizhou.com/wp-login.php" "Mozilla/5.0 (Macintosh; Intel Mac OS X 10_15_7) AppleWebKit/605.1.15 (KHTML, like Gecko) Version/17.0 Safari/605.1.15"
91.224.92.119 - - [16/Nov/2025:12:58:12 +0800] "POST /wp-login.php HTTP/1.1" 200 2983 "http://cqqizhou.com/wp-login.php" "Mozilla/5.0 (X11; Ubuntu; Linux x86_64) AppleWebKit/537.36 (KHTML, like Gecko) Chrome/118.0.0.0 Safari/537.36"
91.224.92.119 - - [16/Nov/2025:12:58:19 +0800] "POST /wp-login.php HTTP/1.1" 200 2976 "http://cqqizhou.com/wp-login.php" "Mozilla/5.0 (Macintosh; Intel Mac OS X 13_6_1) AppleWebKit/605.1.15 (KHTML, like Gecko) Version/16.6 Safari/605.1.15"
91.224.92.119 - - [16/Nov/2025:12:58:23 +0800] "POST /wp-login.php HTTP/1.1" 200 2894 "http://cqqizhou.com/wp-login.php" "Mozilla/5.0 (Macintosh; Intel Mac OS X 10_15_7; rv:121.0) Gecko/20100101 Firefox/121.0"
91.224.92.119 - - [16/Nov/2025:12:58:30 +0800] "POST /wp-login.php HTTP/1.1" 200 2976 "http://cqqizhou.com/wp-login.php" "Mozilla/5.0 (Macintosh; Intel Mac OS X 10_15_7; rv:120.0) Gecko/20100101 Firefox/120.0"
91.224.92.119 - - [16/Nov/2025:12:58:35 +0800] "POST /wp-login.php HTTP/1.1" 200 2894 "http://cqqizhou.com/wp-login.php" "Mozilla/5.0 (Windows NT 10.0; Win64; x64) AppleWebKit/537.36 (KHTML, like Gecko) Chrome/121.0.0.0 Safari/537.36"
91.224.92.119 - - [16/Nov/2025:12:58:40 +0800] "POST /wp-login.php HTTP/1.1" 200 2974 "http://cqqizhou.com/wp-login.php" "Mozilla/5.0 (Macintosh; Intel Mac OS X 10_15_7) AppleWebKit/605.1.15 (KHTML, like Gecko) Version/17.0 Safari/605.1.15"
91.224.92.119 - - [16/Nov/2025:12:58:44 +0800] "POST /wp-login.php HTTP/1.1" 200 2978 "http://cqqizhou.com/wp-login.php" "Mozilla/5.0 (Windows NT 11.0; Win64; x64) AppleWebKit/537.36 (KHTML, like Gecko) Chrome/118.0.0.0 Safari/537.36"
36.133.115.36 - - [16/Nov/2025:12:58:49 +0800] "POST /wp-cron.php?doing_wp_cron=1763269129.5508430004119873046875 HTTP/1.1" 200 31 "-" "WordPress/6.8.3; http://cqqizhou.com"
91.224.92.119 - - [16/Nov/2025:12:58:49 +0800] "POST /wp-login.php HTTP/1.1" 200 2981 "http://cqqizhou.com/wp-login.php" "Mozilla/5.0 (Macintosh; Intel Mac OS X 10_15_7) AppleWebKit/605.1.15 (KHTML, like Gecko) Version/17.1 Safari/605.1.15"
91.224.92.119 - - [16/Nov/2025:12:58:55 +0800] "POST /wp-login.php HTTP/1.1" 200 2981 "http://cqqizhou.com/wp-login.php" "Mozilla/5.0 (Macintosh; Intel Mac OS X 13_6_1) AppleWebKit/537.36 (KHTML, like Gecko) Chrome/118.0.0.0 Safari/537.36"
91.224.92.119 - - [16/Nov/2025:12:59:01 +0800] "POST /wp-login.php HTTP/1.1" 200 2894 "http://cqqizhou.com/wp-login.php" "Mozilla/5.0 (Macintosh; Intel Mac OS X 13_6_1) AppleWebKit/537.36 (KHTML, like Gecko) Chrome/119.0.0.0 Safari/537.36"
91.224.92.119 - - [16/Nov/2025:12:59:05 +0800] "POST /wp-login.php HTTP/1.1" 200 2975 "http://cqqizhou.com/wp-login.php" "Mozilla/5.0 (Windows NT 11.0; Win64; x64; rv:119.0) Gecko/20100101 Firefox/119.0"
91.224.92.119 - - [16/Nov/2025:12:59:10 +0800] "POST /wp-login.php HTTP/1.1" 200 2980 "http://cqqizhou.com/wp-login.php" "Mozilla/5.0 (Windows NT 10.0; Win64; x64; rv:119.0) Gecko/20100101 Firefox/119.0"
91.224.92.119 - - [16/Nov/2025:12:59:15 +0800] "POST /wp-login.php HTTP/1.1" 200 2977 "http://cqqizhou.com/wp-login.php" "Mozilla/5.0 (Macintosh; Intel Mac OS X 10_15_7; rv:119.0) Gecko/20100101 Firefox/119.0"
91.224.92.119 - - [16/Nov/2025:12:59:20 +0800] "POST /wp-login.php HTTP/1.1" 200 2979 "http://cqqizhou.com/wp-login.php" "Mozilla/5.0 (Windows NT 10.0; Win64; x64) AppleWebKit/537.36 (KHTML, like Gecko) Chrome/120.0.0.0 Safari/537.36"
36.133.115.36 - - [16/Nov/2025:13:24:24 +0800] "POST /wp-cron.php?doing_wp_cron=1763270664.5941979885101318359375 HTTP/1.1" 200 31 "-" "WordPress/6.8.3; http://cqqizhou.com"
170.106.181.163 - - [16/Nov/2025:13:24:24 +0800] "GET / HTTP/1.1" 301 5 "-" "Mozilla/5.0 (iPhone; CPU iPhone OS 13_2_3 like Mac OS X) AppleWebKit/605.1.15 (KHTML, like Gecko) Version/13.0.3 Mobile/15E148 Safari/604.1"
170.106.181.163 - - [16/Nov/2025:13:24:27 +0800] "GET / HTTP/1.1" 200 33525 "http://www.cqqizhou.com" "Mozilla/5.0 (iPhone; CPU iPhone OS 13_2_3 like Mac OS X) AppleWebKit/605.1.15 (KHTML, like Gecko) Version/13.0.3 Mobile/15E148 Safari/604.1"
36.133.115.36 - - [16/Nov/2025:13:39:40 +0800] "POST /wp-cron.php?doing_wp_cron=1763271580.4874060153961181640625 HTTP/1.1" 200 31 "-" "WordPress/6.8.3; http://cqqizhou.com"
95.93.6.85 - - [16/Nov/2025:13:39:41 +0800] "GET / HTTP/1.0" 200 152167 "-" "-"
36.133.115.36 - - [16/Nov/2025:13:42:33 +0800] "POST /wp-cron.php?doing_wp_cron=1763271753.0697600841522216796875 HTTP/1.1" 200 31 "-" "WordPress/6.8.3; http://cqqizhou.com"
104.131.58.215 - - [16/Nov/2025:13:42:33 +0800] "GET /.git/config HTTP/1.1" 404 8988 "-" "Mozilla/5.0 (X11; Linux x86_64) AppleWebKit/537.36 (KHTML, like Gecko) Chrome/81.0.4044.129 Safari/537.36"
36.133.115.36 - - [16/Nov/2025:14:12:36 +0800] "POST /wp-cron.php?doing_wp_cron=1763273556.3517050743103027343750 HTTP/1.1" 200 31 "-" "WordPress/6.8.3; http://cqqizhou.com"
121.43.146.23 - - [16/Nov/2025:14:12:36 +0800] "GET / HTTP/1.1" 301 5 "-" "Mozilla/5.0 (Windows NT 10.0; Win64; x64) AppleWebKit/537.36 (KHTML, like Gecko) Chrome/59.0.3071.115 Safari/537.36"
36.133.115.36 - - [16/Nov/2025:14:17:15 +0800] "POST /wp-cron.php?doing_wp_cron=1763273835.9322609901428222656250 HTTP/1.1" 200 31 "-" "WordPress/6.8.3; http://cqqizhou.com"
8.219.209.185 - - [16/Nov/2025:14:17:16 +0800] "GET http://passport.baidu.com/ HTTP/1.1" 200 33526 "-" "-"
36.133.115.36 - - [16/Nov/2025:14:33:59 +0800] "POST /wp-cron.php?doing_wp_cron=1763274839.8158349990844726562500 HTTP/1.1" 200 31 "-" "WordPress/6.8.3; http://cqqizhou.com"
113.219.218.197 - - [16/Nov/2025:14:34:00 +0800] "GET / HTTP/1.1" 200 33527 "-" "Mozilla/5.0 (iPhone; CPU iPhone OS 13_2_3 like Mac OS X) AppleWebKit/605.1.15 (KHTML, like Gecko) Version/13.0.3 Mobile/15E148 Safari/604.1"
36.133.115.36 - - [16/Nov/2025:15:03:09 +0800] "POST /wp-cron.php?doing_wp_cron=1763276589.9491119384765625000000 HTTP/1.1" 200 31 "-" "WordPress/6.8.3; http://cqqizhou.com"
43.157.95.239 - - [16/Nov/2025:15:03:10 +0800] "GET / HTTP/1.1" 200 33526 "-" "Mozilla/5.0 (iPhone; CPU iPhone OS 13_2_3 like Mac OS X) AppleWebKit/605.1.15 (KHTML, like Gecko) Version/13.0.3 Mobile/15E148 Safari/604.1"
36.133.115.36 - - [16/Nov/2025:15:23:08 +0800] "POST /wp-cron.php?doing_wp_cron=1763277788.4387280941009521484375 HTTP/1.1" 200 31 "-" "WordPress/6.8.3; http://cqqizhou.com"
216.73.216.183 - - [16/Nov/2025:15:23:08 +0800] "GET /robots.txt HTTP/1.1" 200 390 "-" "Mozilla/5.0 AppleWebKit/537.36 (KHTML, like Gecko; compatible; ClaudeBot/1.0; +claudebot@anthropic.com)"
216.73.216.183 - - [16/Nov/2025:15:23:09 +0800] "GET /wp-sitemap.xml HTTP/1.1" 501 253 "-" "Mozilla/5.0 AppleWebKit/537.36 (KHTML, like Gecko; compatible; ClaudeBot/1.0; +claudebot@anthropic.com)"
36.133.115.36 - - [16/Nov/2025:15:31:53 +0800] "POST /wp-cron.php?doing_wp_cron=1763278313.6769669055938720703125 HTTP/1.1" 200 31 "-" "WordPress/6.8.3; http://cqqizhou.com"
162.216.149.27 - - [16/Nov/2025:15:31:54 +0800] "GET / HTTP/1.1" 200 33527 "-" "Hello from Palo Alto Networks, find out more about our scans in https://docs-cortex.paloaltonetworks.com/r/1/Cortex-Xpanse/Scanning-activity"
36.133.115.36 - - [16/Nov/2025:15:33:54 +0800] "POST /wp-cron.php?doing_wp_cron=1763278434.5063149929046630859375 HTTP/1.1" 200 31 "-" "WordPress/6.8.3; http://cqqizhou.com"
111.40.59.23 - - [16/Nov/2025:15:33:54 +0800] "GET / HTTP/1.1" 301 5 "-" "Mozilla/5.0 (Windows NT 6.2; Win64; x64) AppleWebKit/537.36 (KHTML, like Gecko) Chrome/71.0.3578.33"
111.40.59.23 - - [16/Nov/2025:15:33:55 +0800] "GET / HTTP/1.1" 200 33929 "-" "Mozilla/5.0 (Windows NT 6.2; Win64; x64) AppleWebKit/537.36 (KHTML, like Gecko) Chrome/71.0.3578.33"
223.85.250.162 - - [16/Nov/2025:15:34:08 +0800] "GET / HTTP/1.1" 200 33929 "-" "Mozilla/5.0 (Windows NT 6.2; Win64; x64) AppleWebKit/537.36 (KHTML, like Gecko) Chrome/83.0.4103.14"
36.133.115.36 - - [16/Nov/2025:15:39:27 +0800] "POST /wp-cron.php?doing_wp_cron=1763278767.4387199878692626953125 HTTP/1.1" 200 31 "-" "WordPress/6.8.3; http://cqqizhou.com"
47.237.177.222 - - [16/Nov/2025:15:39:27 +0800] "GET http://passport.baidu.com/ HTTP/1.1" 200 33527 "-" "-"
36.133.115.36 - - [16/Nov/2025:15:39:46 +0800] "POST /wp-cron.php?doing_wp_cron=1763278786.1753070354461669921875 HTTP/1.1" 200 31 "-" "WordPress/6.8.3; http://cqqizhou.com"
176.65.148.220 - - [16/Nov/2025:15:39:46 +0800] "GET /dispatch.asp HTTP/1.1" 301 5 "-" "Mozilla/5.0 (Windows NT 10.0; Win64; x64) AppleWebKit/537.36 (KHTML, like Gecko) Chrome/90.0.4430.85 Safari/537.36 Edg/90.0.818.46"
36.133.115.36 - - [16/Nov/2025:15:53:02 +0800] "POST /wp-cron.php?doing_wp_cron=1763279582.6135089397430419921875 HTTP/1.1" 200 31 "-" "WordPress/6.8.3; http://cqqizhou.com"
104.131.58.215 - - [16/Nov/2025:15:53:02 +0800] "GET /.git/config HTTP/1.1" 404 8989 "-" "Mozilla/5.0 (X11; Linux x86_64) AppleWebKit/537.36 (KHTML, like Gecko) Chrome/81.0.4044.129 Safari/537.36"
20.197.112.224 - - [16/Nov/2025:16:02:58 +0800] "GET /about/ HTTP/1.1" 200 107055 "-" "Mozilla/5.0 (Windows NT 10.0; Win64; x64) AppleWebKit/537.36 (KHTML, like Gecko) Chrome/131.0.0.0 Safari/537.36 Edg/131.0.0.0"
36.133.115.36 - - [16/Nov/2025:16:03:07 +0800] "POST /wp-cron.php?doing_wp_cron=1763280187.3032848834991455078125 HTTP/1.1" 200 31 "-" "WordPress/6.8.3; http://cqqizhou.com"
170.106.163.48 - - [16/Nov/2025:16:03:07 +0800] "GET / HTTP/1.1" 200 33527 "-" "Mozilla/5.0 (iPhone; CPU iPhone OS 13_2_3 like Mac OS X) AppleWebKit/605.1.15 (KHTML, like Gecko) Version/13.0.3 Mobile/15E148 Safari/604.1"
36.133.115.36 - - [16/Nov/2025:16:08:01 +0800] "POST /wp-cron.php?doing_wp_cron=1763280481.7105340957641601562500 HTTP/1.1" 200 31 "-" "WordPress/6.8.3; http://cqqizhou.com"
216.73.216.183 - - [16/Nov/2025:16:08:01 +0800] "GET /wp-sitemap.xml HTTP/1.1" 501 253 "-" "Mozilla/5.0 AppleWebKit/537.36 (KHTML, like Gecko; compatible; ClaudeBot/1.0; +claudebot@anthropic.com)"
36.133.115.36 - - [16/Nov/2025:16:12:19 +0800] "POST /wp-cron.php?doing_wp_cron=1763280739.6249248981475830078125 HTTP/1.1" 200 31 "-" "WordPress/6.8.3; http://cqqizhou.com"
36.133.108.121 - - [16/Nov/2025:16:12:19 +0800] "HEAD /index.php?s=captcha HTTP/1.1" 200 0 "-" "Mozilla/5.0 (Windows; U; Windows NT 5.1; ru-RU) AppleWebKit/533.19.4 (KHTML, like Gecko) Version/5.0.3 Safari/533.19.4"
36.133.115.36 - - [16/Nov/2025:16:14:48 +0800] "POST /wp-cron.php?doing_wp_cron=1763280888.2844099998474121093750 HTTP/1.1" 200 31 "-" "WordPress/6.8.3; http://cqqizhou.com"
54.37.86.225 - - [16/Nov/2025:16:14:48 +0800] "GET /robots.txt HTTP/1.1" 200 390 "-" "Mozilla/5.0 (compatible; MJ12bot/v1.4.8; http://mj12bot.com/)"
54.37.86.225 - - [16/Nov/2025:16:14:50 +0800] "GET /portfolio-tag/%E9%9E%8D%E9%92%A2%E8%92%82%E6%A3%AE/ HTTP/1.1" 200 22746 "-" "Mozilla/5.0 (compatible; MJ12bot/v1.4.8; http://mj12bot.com/)"
54.37.86.225 - - [16/Nov/2025:16:14:53 +0800] "GET /portfolio/%E5%86%B7%E8%BD%A7%E6%9D%BF/ HTTP/1.1" 200 22121 "-" "Mozilla/5.0 (compatible; MJ12bot/v1.4.8; http://mj12bot.com/)"
36.133.115.36 - - [16/Nov/2025:16:50:51 +0800] "POST /wp-cron.php?doing_wp_cron=1763283051.1126439571380615234375 HTTP/1.1" 200 31 "-" "WordPress/6.8.3; http://cqqizhou.com"
176.65.148.220 - - [16/Nov/2025:16:50:51 +0800] "GET /dispatch.asp HTTP/1.1" 301 5 "-" "Mozilla/5.0 (Windows NT 10.0; Win64; x64) AppleWebKit/537.36 (KHTML, like Gecko) Chrome/90.0.4430.85 Safari/537.36 Edg/90.0.818.46"
36.133.115.36 - - [16/Nov/2025:16:59:28 +0800] "POST /wp-cron.php?doing_wp_cron=1763283568.7555379867553710937500 HTTP/1.1" 200 31 "-" "WordPress/6.8.3; http://cqqizhou.com"
119.102.251.250 - - [16/Nov/2025:16:59:28 +0800] "GET / HTTP/1.1" 301 5 "-" "Mozilla/5.0 (Windows NT 7.0; Win64; x64) AppleWebKit/537.36 (KHTML, like Gecko) Chrome/78.0.1260.88 Safari/537.36"
119.102.251.250 - - [16/Nov/2025:16:59:29 +0800] "GET / HTTP/1.1" 200 33929 "-" "Mozilla/5.0 (Windows NT 7.0; Win64; x64) AppleWebKit/537.36 (KHTML, like Gecko) Chrome/78.0.1260.88 Safari/537.36"
119.102.251.250 - - [16/Nov/2025:16:59:29 +0800] "GET /contacts/ HTTP/1.1" 200 21608 "-" "Mozilla/5.0 (Windows NT 9.2; Win64; x64) AppleWebKit/537.36 (KHTML, like Gecko) Chrome/73.0.1277.88 Safari/537.36"
36.133.115.36 - - [16/Nov/2025:17:13:22 +0800] "POST /wp-cron.php?doing_wp_cron=1763284402.7565228939056396484375 HTTP/1.1" 200 31 "-" "WordPress/6.8.3; http://cqqizhou.com"
162.216.150.252 - - [16/Nov/2025:17:13:22 +0800] "GET /wp-login.php HTTP/1.1" 200 8672 "-" "Hello from Palo Alto Networks, find out more about our scans in https://docs-cortex.paloaltonetworks.com/r/1/Cortex-Xpanse/Scanning-activity"
158.173.154.13 - - [16/Nov/2025:17:13:25 +0800] "GET / HTTP/1.0" 200 153587 "http://cqqizhou.com/" "Mozilla/5.0 (Windows NT 10.0; Win64; x64) AppleWebKit/537.36 (KHTML, like Gecko) Chrome/131.0.0.0 Safari/537.36"
158.173.154.13 - - [16/Nov/2025:17:13:27 +0800] "GET /contacts/ HTTP/1.0" 200 76629 "http://cqqizhou.com/contacts/" "Mozilla/5.0 (Windows NT 10.0; Win64; x64) AppleWebKit/537.36 (KHTML, like Gecko) Chrome/131.0.0.0 Safari/537.36"
158.173.154.13 - - [16/Nov/2025:17:13:32 +0800] "POST /contacts/ HTTP/1.0" 200 69651 "http://cqqizhou.com/contacts/" "Mozilla/5.0 (Windows NT 10.0; Win64; x64) AppleWebKit/537.36 (KHTML, like Gecko) Chrome/131.0.0.0 Safari/537.36"
36.133.115.36 - - [16/Nov/2025:17:19:36 +0800] "POST /wp-cron.php?doing_wp_cron=1763284776.8790938854217529296875 HTTP/1.1" 200 31 "-" "WordPress/6.8.3; http://cqqizhou.com"
216.73.216.183 - - [16/Nov/2025:17:19:36 +0800] "GET /robots.txt HTTP/1.1" 200 390 "-" "Mozilla/5.0 AppleWebKit/537.36 (KHTML, like Gecko; compatible; ClaudeBot/1.0; +claudebot@anthropic.com)"
216.73.216.183 - - [16/Nov/2025:17:19:37 +0800] "GET /wp-sitemap.xml HTTP/1.1" 501 253 "-" "Mozilla/5.0 AppleWebKit/537.36 (KHTML, like Gecko; compatible; ClaudeBot/1.0; +claudebot@anthropic.com)"
36.133.115.36 - - [16/Nov/2025:17:30:57 +0800] "POST /wp-cron.php?doing_wp_cron=1763285457.3385140895843505859375 HTTP/1.1" 200 31 "-" "WordPress/6.8.3; http://cqqizhou.com"
193.70.46.175 - - [16/Nov/2025:17:30:57 +0800] "GET /robots.txt HTTP/1.1" 200 390 "-" "Mozilla/5.0 (compatible; MJ12bot/v1.4.8; http://mj12bot.com/)"
193.70.46.175 - - [16/Nov/2025:17:31:01 +0800] "GET /portfolio/%E5%86%B7%E8%BD%A7%E5%8D%B7/ HTTP/1.1" 200 22115 "-" "Mozilla/5.0 (compatible; MJ12bot/v1.4.8; http://mj12bot.com/)"
220.181.108.103 - - [16/Nov/2025:17:42:44 +0800] "GET / HTTP/1.1" 200 33929 "-" "Mozilla/5.0 (compatible; Baiduspider/2.0; +http://www.baidu.com/search/spider.html)"
36.133.115.36 - - [16/Nov/2025:17:42:44 +0800] "POST /wp-cron.php?doing_wp_cron=1763286164.7298250198364257812500 HTTP/1.1" 200 31 "-" "WordPress/6.8.3; http://cqqizhou.com"
220.181.108.176 - - [16/Nov/2025:17:42:44 +0800] "GET /services HTTP/1.1" 301 5 "-" "Mozilla/5.0 (compatible; Baiduspider/2.0; +http://www.baidu.com/search/spider.html)"
220.181.108.94 - - [16/Nov/2025:17:42:44 +0800] "GET /news/page/1/ HTTP/1.1" 301 5 "-" "Mozilla/5.0 (compatible; Baiduspider/2.0; +http://www.baidu.com/search/spider.html)"
116.179.32.149 - - [16/Nov/2025:17:42:44 +0800] "GET /wp-json/oembed/1.0/embed?url=http%3A%2F%2Fcqqizhou.com%2Fbug%2F HTTP/1.1" 200 1105 "-" "Mozilla/5.0 (compatible; Baiduspider/2.0; +http://www.baidu.com/search/spider.html)"
220.181.108.155 - - [16/Nov/2025:17:42:44 +0800] "GET /services/ HTTP/1.1" 200 25614 "-" "Mozilla/5.0 (compatible; Baiduspider/2.0; +http://www.baidu.com/search/spider.html)"
220.181.108.168 - - [16/Nov/2025:17:42:44 +0800] "GET /portfolio/pickled-coil/ HTTP/1.1" 200 22184 "-" "Mozilla/5.0 (compatible; Baiduspider/2.0; +http://www.baidu.com/search/spider.html)"
220.181.108.80 - - [16/Nov/2025:17:42:45 +0800] "GET /news/ HTTP/1.1" 200 25297 "-" "Mozilla/5.0 (compatible; Baiduspider/2.0; +http://www.baidu.com/search/spider.html)"
116.179.37.156 - - [16/Nov/2025:17:42:48 +0800] "GET /wp-content/uploads/2025/09/1756868614-20250903104654_74_5.webp HTTP/1.1" 200 47858 "http://cqqizhou.com/news/" "Mozilla/5.0 (compatible; Baiduspider-render/2.0; +http://www.baidu.com/search/spider.html)"
116.179.37.10 - - [16/Nov/2025:17:42:48 +0800] "GET /wp-content/uploads/2025/08/1755826390-DSC01765.webp HTTP/1.1" 200 71514 "http://cqqizhou.com/news/" "Mozilla/5.0 (compatible; Baiduspider-render/2.0; +http://www.baidu.com/search/spider.html)"
116.179.37.78 - - [16/Nov/2025:17:42:48 +0800] "GET /wp-content/uploads/2025/07/1753455746-DSC01472.webp HTTP/1.1" 200 31854 "http://cqqizhou.com/news/" "Mozilla/5.0 (compatible; Baiduspider-render/2.0; +http://www.baidu.com/search/spider.html)"
36.133.115.36 - - [16/Nov/2025:17:43:22 +0800] "POST /wp-cron.php?doing_wp_cron=1763286202.6238560676574707031250 HTTP/1.1" 200 31 "-" "WordPress/6.8.3; http://cqqizhou.com"
119.249.100.179 - - [16/Nov/2025:17:43:22 +0800] "GET /wp-content/uploads/2025/07/1753453127-%D3%E0%BE%EDproduct_Single600%A1%C1284.webp HTTP/1.1" 404 31381 "http://cqqizhou.com/" "Mozilla/5.0 (Windows NT 10.0; WOW64) AppleWebKit/537.36 (KHTML, like Gecko) Chrome/48.0.2564.116 Safari/537.36"
119.249.100.171 - - [16/Nov/2025:17:43:23 +0800] "GET /wp-content/uploads/2025/07/1753453127-%D3%E0%BE%EDproduct_Single600%A1%C1284.webp HTTP/1.1" 404 31381 "http://cqqizhou.com/" "Mozilla/5.0 (Windows NT 10.0; WOW64) AppleWebKit/537.36 (KHTML, like Gecko) Chrome/48.0.2564.116 Safari/537.36"
116.179.32.238 - - [16/Nov/2025:17:46:04 +0800] "GET /portfolio-tag/%E9%9E%8D%E9%92%A2%E8%92%82%E6%A3%AE/ HTTP/1.1" 200 22746 "-" "Mozilla/5.0 (compatible; Baiduspider/2.0; +http://www.baidu.com/search/spider.html)"
220.181.108.113 - - [16/Nov/2025:17:46:05 +0800] "GET / HTTP/1.1" 200 33929 "-" "Mozilla/5.0 (compatible; Baiduspider/2.0; +http://www.baidu.com/search/spider.html)"
116.179.37.92 - - [16/Nov/2025:17:46:08 +0800] "GET /wp-content/uploads/2025/07/1753453127-%E4%BD%99%E5%8D%B7product_Single600%C3%97284.webp HTTP/1.1" 200 18744 "http://cqqizhou.com/portfolio-tag/%E9%9E%8D%E9%92%A2%E8%92%82%E6%A3%AE/" "Mozilla/5.0 (compatible; Baiduspider-render/2.0; +http://www.baidu.com/search/spider.html)"
36.133.115.36 - - [16/Nov/2025:17:56:26 +0800] "POST /wp-cron.php?doing_wp_cron=1763286985.9914340972900390625000 HTTP/1.1" 200 31 "-" "WordPress/6.8.3; http://cqqizhou.com"
40.76.124.166 - - [16/Nov/2025:17:56:26 +0800] "GET /developmentserver/metadatauploader HTTP/1.1" 404 8989 "-" "Mozilla/5.0 zgrab/0.x"
36.133.115.36 - - [16/Nov/2025:18:03:53 +0800] "POST /wp-cron.php?doing_wp_cron=1763287433.2917890548706054687500 HTTP/1.1" 200 31 "-" "WordPress/6.8.3; http://cqqizhou.com"
216.73.216.183 - - [16/Nov/2025:18:03:53 +0800] "GET /wp-sitemap.xml HTTP/1.1" 501 253 "-" "Mozilla/5.0 AppleWebKit/537.36 (KHTML, like Gecko; compatible; ClaudeBot/1.0; +claudebot@anthropic.com)"
36.133.115.36 - - [16/Nov/2025:18:08:04 +0800] "POST /wp-cron.php?doing_wp_cron=1763287684.1526570320129394531250 HTTP/1.1" 200 31 "-" "WordPress/6.8.3; http://cqqizhou.com"
43.157.158.178 - - [16/Nov/2025:18:08:04 +0800] "GET / HTTP/1.1" 301 5 "-" "Mozilla/5.0 (iPhone; CPU iPhone OS 13_2_3 like Mac OS X) AppleWebKit/605.1.15 (KHTML, like Gecko) Version/13.0.3 Mobile/15E148 Safari/604.1"
43.157.158.178 - - [16/Nov/2025:18:08:06 +0800] "GET / HTTP/1.1" 200 33526 "http://36.133.115.36" "Mozilla/5.0 (iPhone; CPU iPhone OS 13_2_3 like Mac OS X) AppleWebKit/605.1.15 (KHTML, like Gecko) Version/13.0.3 Mobile/15E148 Safari/604.1"
36.133.115.36 - - [16/Nov/2025:18:20:53 +0800] "POST /wp-cron.php?doing_wp_cron=1763288453.9115059375762939453125 HTTP/1.1" 200 31 "-" "WordPress/6.8.3; http://cqqizhou.com"
117.132.188.204 - - [16/Nov/2025:18:20:53 +0800] "GET / HTTP/1.1" 301 5 "-" "Mozilla/5.0 (Windows NT 10.0; Win64; x64) AppleWebKit/537.36 (KHTML, like Gecko) Chrome/107.0.0.0 Safari/537.36"
117.132.188.204 - - [16/Nov/2025:18:20:54 +0800] "GET / HTTP/1.1" 200 33929 "-" "Mozilla/5.0 (Windows NT 10.0; Win64; x64) AppleWebKit/537.36 (KHTML, like Gecko) Chrome/107.0.0.0 Safari/537.36"
117.132.188.204 - - [16/Nov/2025:18:20:54 +0800] "GET /wp-content/uploads/2025/07/1753454089-Article_images_W900px.webp HTTP/1.1" 200 27552 "-" "Mozilla/5.0 (Windows NT 10.0; Win64; x64) AppleWebKit/537.36 (KHTML, like Gecko) Chrome/107.0.0.0 Safari/537.36"
117.132.188.204 - - [16/Nov/2025:18:20:54 +0800] "GET / HTTP/1.1" 200 33929 "-" "Mozilla/5.0 (Windows NT 10.0; Win64; x64) AppleWebKit/537.36 (KHTML, like Gecko) Chrome/107.0.0.0 Safari/537.36"
117.132.188.204 - - [16/Nov/2025:18:20:54 +0800] "GET /about/ HTTP/1.1" 200 24617 "-" "Mozilla/5.0 (Windows NT 10.0; Win64; x64) AppleWebKit/537.36 (KHTML, like Gecko) Chrome/107.0.0.0 Safari/537.36"
117.132.188.204 - - [16/Nov/2025:18:20:54 +0800] "GET /services/ HTTP/1.1" 200 25614 "-" "Mozilla/5.0 (Windows NT 10.0; Win64; x64) AppleWebKit/537.36 (KHTML, like Gecko) Chrome/107.0.0.0 Safari/537.36"
117.132.188.204 - - [16/Nov/2025:18:20:54 +0800] "GET /logistics/ HTTP/1.1" 200 22478 "-" "Mozilla/5.0 (Windows NT 10.0; Win64; x64) AppleWebKit/537.36 (KHTML, like Gecko) Chrome/107.0.0.0 Safari/537.36"
117.132.188.204 - - [16/Nov/2025:18:20:54 +0800] "GET /media/ HTTP/1.1" 200 29703 "-" "Mozilla/5.0 (Windows NT 10.0; Win64; x64) AppleWebKit/537.36 (KHTML, like Gecko) Chrome/107.0.0.0 Safari/537.36"
117.132.188.204 - - [16/Nov/2025:18:20:54 +0800] "GET /wp-content/uploads/2025/07/1753454299-Article_images_W900px.webp HTTP/1.1" 200 52418 "-" "Mozilla/5.0 (Windows NT 10.0; Win64; x64) AppleWebKit/537.36 (KHTML, like Gecko) Chrome/107.0.0.0 Safari/537.36"
117.132.188.204 - - [16/Nov/2025:18:20:55 +0800] "GET /wp-content/uploads/2025/07/1753453127-%E4%BD%99%E5%8D%B7product_Single600%C3%97284.webp HTTP/1.1" 200 18744 "-" "Mozilla/5.0 (Windows NT 10.0; Win64; x64) AppleWebKit/537.36 (KHTML, like Gecko) Chrome/107.0.0.0 Safari/537.36"
117.132.188.204 - - [16/Nov/2025:18:20:55 +0800] "GET /contacts/ HTTP/1.1" 200 21608 "-" "Mozilla/5.0 (Windows NT 10.0; Win64; x64) AppleWebKit/537.36 (KHTML, like Gecko) Chrome/107.0.0.0 Safari/537.36"
117.132.188.204 - - [16/Nov/2025:18:20:55 +0800] "GET /wp-content/uploads/2025/07/1753456770-%E7%83%AD%E9%95%80%E9%94%8C%E5%8D%B7product_Single600.webp HTTP/1.1" 200 27502 "-" "Mozilla/5.0 (Windows NT 10.0; Win64; x64) AppleWebKit/537.36 (KHTML, like Gecko) Chrome/107.0.0.0 Safari/537.36"
117.132.188.204 - - [16/Nov/2025:18:20:55 +0800] "GET /wp-content/uploads/2025/07/1753453096-%E5%8F%8C%E7%9B%B8%E9%92%A2product_Single600%C3%97284.webp HTTP/1.1" 200 14562 "-" "Mozilla/5.0 (Windows NT 10.0; Win64; x64) AppleWebKit/537.36 (KHTML, like Gecko) Chrome/107.0.0.0 Safari/537.36"
117.132.188.204 - - [16/Nov/2025:18:20:55 +0800] "GET / HTTP/1.1" 301 5 "-" "Mozilla/5.0 (Windows NT 10.0; Win64; x64) AppleWebKit/537.36 (KHTML, like Gecko) Chrome/107.0.0.0 Safari/537.36"
117.132.188.204 - - [16/Nov/2025:18:20:55 +0800] "GET / HTTP/1.1" 200 33929 "-" "Mozilla/5.0 (Windows NT 10.0; Win64; x64) AppleWebKit/537.36 (KHTML, like Gecko) Chrome/107.0.0.0 Safari/537.36"
117.132.188.204 - - [16/Nov/2025:18:20:56 +0800] "GET /wp-content/uploads/2025/07/1753456723-%E5%8F%8C%E7%9B%B8%E9%92%A2roduct_Single600.webp HTTP/1.1" 200 22790 "-" "Mozilla/5.0 (Windows NT 10.0; Win64; x64) AppleWebKit/537.36 (KHTML, like Gecko) Chrome/107.0.0.0 Safari/537.36"
117.132.188.204 - - [16/Nov/2025:18:20:56 +0800] "GET /wp-content/uploads/2025/07/1751425283-qizhou.kf_.qq_.com_.webp HTTP/1.1" 200 16864 "-" "Mozilla/5.0 (Windows NT 10.0; Win64; x64) AppleWebKit/537.36 (KHTML, like Gecko) Chrome/107.0.0.0 Safari/537.36"
117.132.188.204 - - [16/Nov/2025:18:20:56 +0800] "GET /wp-content/uploads/2025/07/1753587901-Slider_3840%C3%972160_20250727-scaled.webp HTTP/1.1" 200 141034 "-" "Mozilla/5.0 (Windows NT 10.0; Win64; x64) AppleWebKit/537.36 (KHTML, like Gecko) Chrome/107.0.0.0 Safari/537.36"
117.132.188.204 - - [16/Nov/2025:18:20:56 +0800] "GET /wp-content/uploads/revslider/slider-1/1750861156-logistics_Slider_3840%C3%972160_20250625191356-scaled.webp HTTP/1.1" 200 197360 "-" "Mozilla/5.0 (Windows NT 10.0; Win64; x64) AppleWebKit/537.36 (KHTML, like Gecko) Chrome/107.0.0.0 Safari/537.36"
117.132.188.204 - - [16/Nov/2025:18:20:56 +0800] "GET /wp-content/uploads/revslider/slider-1/1750929639-yuanjing_Slider_3840%C3%972160_20250626171955-scaled.webp HTTP/1.1" 200 203290 "-" "Mozilla/5.0 (Windows NT 10.0; Win64; x64) AppleWebKit/537.36 (KHTML, like Gecko) Chrome/107.0.0.0 Safari/537.36"
117.132.188.204 - - [16/Nov/2025:18:20:58 +0800] "GET /wp-json/oembed/1.0/embed?url=http%3A%2F%2Fcqqizhou.com%2F HTTP/1.1" 200 1097 "-" "Mozilla/5.0 (Windows NT 10.0; Win64; x64) AppleWebKit/537.36 (KHTML, like Gecko) Chrome/107.0.0.0 Safari/537.36"
117.132.188.204 - - [16/Nov/2025:18:20:59 +0800] "GET /comments/feed/ HTTP/1.1" 200 704 "-" "Mozilla/5.0 (Windows NT 10.0; Win64; x64) AppleWebKit/537.36 (KHTML, like Gecko) Chrome/107.0.0.0 Safari/537.36"
117.132.188.204 - - [16/Nov/2025:18:21:00 +0800] "GET /feed/ HTTP/1.1" 200 82044 "-" "Mozilla/5.0 (Windows NT 10.0; Win64; x64) AppleWebKit/537.36 (KHTML, like Gecko) Chrome/107.0.0.0 Safari/537.36"
117.132.188.204 - - [16/Nov/2025:18:21:01 +0800] "GET /bug HTTP/1.1" 301 5 "-" "Mozilla/5.0 (Windows NT 10.0; Win64; x64) AppleWebKit/537.36 (KHTML, like Gecko) Chrome/107.0.0.0 Safari/537.36"
117.132.188.204 - - [16/Nov/2025:18:21:02 +0800] "GET /bug/ HTTP/1.1" 200 12828 "-" "Mozilla/5.0 (Windows NT 10.0; Win64; x64) AppleWebKit/537.36 (KHTML, like Gecko) Chrome/107.0.0.0 Safari/537.36"
117.132.188.204 - - [16/Nov/2025:18:21:02 +0800] "GET /club/ HTTP/1.1" 200 12116 "-" "Mozilla/5.0 (Windows NT 10.0; Win64; x64) AppleWebKit/537.36 (KHTML, like Gecko) Chrome/107.0.0.0 Safari/537.36"
117.132.188.204 - - [16/Nov/2025:18:21:03 +0800] "GET /contacts/ HTTP/1.1" 301 5 "-" "Mozilla/5.0 (Windows NT 10.0; Win64; x64) AppleWebKit/537.36 (KHTML, like Gecko) Chrome/107.0.0.0 Safari/537.36"
117.132.188.204 - - [16/Nov/2025:18:21:03 +0800] "GET /contacts/ HTTP/1.1" 200 21608 "-" "Mozilla/5.0 (Windows NT 10.0; Win64; x64) AppleWebKit/537.36 (KHTML, like Gecko) Chrome/107.0.0.0 Safari/537.36"
117.132.188.204 - - [16/Nov/2025:18:21:04 +0800] "GET /2159/ HTTP/1.1" 200 29051 "-" "Mozilla/5.0 (Windows NT 10.0; Win64; x64) AppleWebKit/537.36 (KHTML, like Gecko) Chrome/107.0.0.0 Safari/537.36"
117.132.188.204 - - [16/Nov/2025:18:21:05 +0800] "GET /industry/ HTTP/1.1" 200 22000 "-" "Mozilla/5.0 (Windows NT 10.0; Win64; x64) AppleWebKit/537.36 (KHTML, like Gecko) Chrome/107.0.0.0 Safari/537.36"
117.132.188.204 - - [16/Nov/2025:18:21:06 +0800] "GET /2160/ HTTP/1.1" 200 25879 "-" "Mozilla/5.0 (Windows NT 10.0; Win64; x64) AppleWebKit/537.36 (KHTML, like Gecko) Chrome/107.0.0.0 Safari/537.36"
117.132.188.204 - - [16/Nov/2025:18:21:06 +0800] "GET /2162/ HTTP/1.1" 200 25506 "-" "Mozilla/5.0 (Windows NT 10.0; Win64; x64) AppleWebKit/537.36 (KHTML, like Gecko) Chrome/107.0.0.0 Safari/537.36"
117.132.188.204 - - [16/Nov/2025:18:21:07 +0800] "GET /2163/ HTTP/1.1" 200 20158 "-" "Mozilla/5.0 (Windows NT 10.0; Win64; x64) AppleWebKit/537.36 (KHTML, like Gecko) Chrome/107.0.0.0 Safari/537.36"
117.132.188.204 - - [16/Nov/2025:18:21:08 +0800] "GET /policy/ HTTP/1.1" 200 23692 "-" "Mozilla/5.0 (Windows NT 10.0; Win64; x64) AppleWebKit/537.36 (KHTML, like Gecko) Chrome/107.0.0.0 Safari/537.36"
117.132.188.204 - - [16/Nov/2025:18:21:09 +0800] "GET /2164/ HTTP/1.1" 200 23849 "-" "Mozilla/5.0 (Windows NT 10.0; Win64; x64) AppleWebKit/537.36 (KHTML, like Gecko) Chrome/107.0.0.0 Safari/537.36"
117.132.188.204 - - [16/Nov/2025:18:21:09 +0800] "GET /material.html HTTP/1.1" 200 6459 "-" "Mozilla/5.0 (Windows NT 10.0; Win64; x64) AppleWebKit/537.36 (KHTML, like Gecko) Chrome/107.0.0.0 Safari/537.36"
117.132.188.204 - - [16/Nov/2025:18:21:09 +0800] "GET /logistics HTTP/1.1" 301 5 "-" "Mozilla/5.0 (Windows NT 10.0; Win64; x64) AppleWebKit/537.36 (KHTML, like Gecko) Chrome/107.0.0.0 Safari/537.36"
117.132.188.204 - - [16/Nov/2025:18:21:10 +0800] "GET /logistics/ HTTP/1.1" 200 22478 "-" "Mozilla/5.0 (Windows NT 10.0; Win64; x64) AppleWebKit/537.36 (KHTML, like Gecko) Chrome/107.0.0.0 Safari/537.36"
117.132.188.204 - - [16/Nov/2025:18:21:10 +0800] "GET /services HTTP/1.1" 301 5 "-" "Mozilla/5.0 (Windows NT 10.0; Win64; x64) AppleWebKit/537.36 (KHTML, like Gecko) Chrome/107.0.0.0 Safari/537.36"
117.132.188.204 - - [16/Nov/2025:18:21:10 +0800] "GET /services/ HTTP/1.1" 200 25614 "-" "Mozilla/5.0 (Windows NT 10.0; Win64; x64) AppleWebKit/537.36 (KHTML, like Gecko) Chrome/107.0.0.0 Safari/537.36"
117.132.188.204 - - [16/Nov/2025:18:21:11 +0800] "GET / HTTP/1.1" 301 5 "-" "Mozilla/5.0 (Windows NT 10.0; Win64; x64) AppleWebKit/537.36 (KHTML, like Gecko) Chrome/107.0.0.0 Safari/537.36"
117.132.188.204 - - [16/Nov/2025:18:21:11 +0800] "GET / HTTP/1.1" 200 33929 "-" "Mozilla/5.0 (Windows NT 10.0; Win64; x64) AppleWebKit/537.36 (KHTML, like Gecko) Chrome/107.0.0.0 Safari/537.36"
117.132.188.204 - - [16/Nov/2025:18:21:12 +0800] "GET /portfolio-category/remaining-rolls/ HTTP/1.1" 200 20956 "-" "Mozilla/5.0 (Windows NT 10.0; Win64; x64) AppleWebKit/537.36 (KHTML, like Gecko) Chrome/107.0.0.0 Safari/537.36"
117.132.188.204 - - [16/Nov/2025:18:21:12 +0800] "GET /portfolio/remaining-rolls/ HTTP/1.1" 200 22199 "-" "Mozilla/5.0 (Windows NT 10.0; Win64; x64) AppleWebKit/537.36 (KHTML, like Gecko) Chrome/107.0.0.0 Safari/537.36"
117.132.188.204 - - [16/Nov/2025:18:21:13 +0800] "GET /portfolio-category/hot-dip-galvanized-coil/ HTTP/1.1" 200 17860 "-" "Mozilla/5.0 (Windows NT 10.0; Win64; x64) AppleWebKit/537.36 (KHTML, like Gecko) Chrome/107.0.0.0 Safari/537.36"
117.132.188.204 - - [16/Nov/2025:18:21:14 +0800] "GET /portfolio/hot-dip-galvanized-coil/ HTTP/1.1" 200 22333 "-" "Mozilla/5.0 (Windows NT 10.0; Win64; x64) AppleWebKit/537.36 (KHTML, like Gecko) Chrome/107.0.0.0 Safari/537.36"
117.132.188.204 - - [16/Nov/2025:18:21:15 +0800] "GET /portfolio-category/dual-phase-steel/ HTTP/1.1" 200 20985 "-" "Mozilla/5.0 (Windows NT 10.0; Win64; x64) AppleWebKit/537.36 (KHTML, like Gecko) Chrome/107.0.0.0 Safari/537.36"
117.132.188.204 - - [16/Nov/2025:18:21:16 +0800] "GET /portfolio/duplex-stainless-steel/ HTTP/1.1" 200 18917 "-" "Mozilla/5.0 (Windows NT 10.0; Win64; x64) AppleWebKit/537.36 (KHTML, like Gecko) Chrome/107.0.0.0 Safari/537.36"
117.132.188.204 - - [16/Nov/2025:18:21:17 +0800] "GET /portfolio-category/cold-rolled-coil/ HTTP/1.1" 200 21010 "-" "Mozilla/5.0 (Windows NT 10.0; Win64; x64) AppleWebKit/537.36 (KHTML, like Gecko) Chrome/107.0.0.0 Safari/537.36"
117.132.188.204 - - [16/Nov/2025:18:21:17 +0800] "GET /portfolio/%e5%86%b7%e8%bd%a7%e6%9d%bf/ HTTP/1.1" 200 22121 "-" "Mozilla/5.0 (Windows NT 10.0; Win64; x64) AppleWebKit/537.36 (KHTML, like Gecko) Chrome/107.0.0.0 Safari/537.36"
117.132.188.204 - - [16/Nov/2025:18:21:17 +0800] "GET / HTTP/1.1" 301 5 "-" "Mozilla/5.0 (Windows NT 10.0; Win64; x64) AppleWebKit/537.36 (KHTML, like Gecko) Chrome/107.0.0.0 Safari/537.36"
117.132.188.204 - - [16/Nov/2025:18:21:17 +0800] "GET / HTTP/1.1" 200 33929 "-" "Mozilla/5.0 (Windows NT 10.0; Win64; x64) AppleWebKit/537.36 (KHTML, like Gecko) Chrome/107.0.0.0 Safari/537.36"
117.132.188.204 - - [16/Nov/2025:18:21:18 +0800] "GET / HTTP/1.1" 301 5 "-" "Mozilla/5.0 (Windows NT 10.0; Win64; x64) AppleWebKit/537.36 (KHTML, like Gecko) Chrome/107.0.0.0 Safari/537.36"
117.132.188.204 - - [16/Nov/2025:18:21:18 +0800] "GET / HTTP/1.1" 200 33929 "-" "Mozilla/5.0 (Windows NT 10.0; Win64; x64) AppleWebKit/537.36 (KHTML, like Gecko) Chrome/107.0.0.0 Safari/537.36"
117.132.188.204 - - [16/Nov/2025:18:21:19 +0800] "GET / HTTP/1.1" 301 5 "-" "Mozilla/5.0 (Windows NT 10.0; Win64; x64) AppleWebKit/537.36 (KHTML, like Gecko) Chrome/107.0.0.0 Safari/537.36"
117.132.188.204 - - [16/Nov/2025:18:21:19 +0800] "GET / HTTP/1.1" 200 33929 "-" "Mozilla/5.0 (Windows NT 10.0; Win64; x64) AppleWebKit/537.36 (KHTML, like Gecko) Chrome/107.0.0.0 Safari/537.36"
117.132.188.204 - - [16/Nov/2025:18:21:19 +0800] "GET / HTTP/1.1" 200 33929 "-" "Mozilla/5.0 (Windows NT 10.0; Win64; x64) AppleWebKit/537.36 (KHTML, like Gecko) Chrome/107.0.0.0 Safari/537.36"
36.133.115.36 - - [16/Nov/2025:18:29:31 +0800] "POST /wp-cron.php?doing_wp_cron=1763288971.7672109603881835937500 HTTP/1.1" 200 31 "-" "WordPress/6.8.3; http://cqqizhou.com"
112.34.110.21 - - [16/Nov/2025:18:29:32 +0800] "GET / HTTP/1.1" 200 33527 "http://www.baidu.com/" "Mozilla/5.0 (iPhone; CPU iPhone OS 16_6 like Mac OS X) AppleWebKit/605.1.15 (KHTML, like Gecko) Version/16.6 Mobile/15E148 Safari/604.1"
36.133.115.36 - - [16/Nov/2025:18:30:40 +0800] "POST /wp-cron.php?doing_wp_cron=1763289040.5027980804443359375000 HTTP/1.1" 200 31 "-" "WordPress/6.8.3; http://cqqizhou.com"
167.71.2.206 - - [16/Nov/2025:18:30:40 +0800] "GET / HTTP/1.1" 301 5 "-" "Mozilla/5.0 (X11; Linux x86_64) AppleWebKit/537.36 (KHTML, like Gecko) Chrome/139.0.0.0 Safari/537.36"
36.133.115.36 - - [16/Nov/2025:18:32:57 +0800] "POST /wp-cron.php?doing_wp_cron=1763289177.2409570217132568359375 HTTP/1.1" 200 31 "-" "WordPress/6.8.3; http://cqqizhou.com"
116.179.32.105 - - [16/Nov/2025:18:32:57 +0800] "GET /news/page/1/ HTTP/1.1" 301 5 "-" "Mozilla/5.0 (compatible; Baiduspider/2.0; +http://www.baidu.com/search/spider.html)"
116.179.32.167 - - [16/Nov/2025:18:32:57 +0800] "GET /news/ HTTP/1.1" 200 25316 "-" "Mozilla/5.0 (compatible; Baiduspider/2.0; +http://www.baidu.com/search/spider.html)"
36.133.115.36 - - [16/Nov/2025:18:34:36 +0800] "POST /wp-cron.php?doing_wp_cron=1763289276.4830939769744873046875 HTTP/1.1" 200 31 "-" "WordPress/6.8.3; http://cqqizhou.com"
112.34.110.21 - - [16/Nov/2025:18:34:36 +0800] "GET / HTTP/1.1" 200 33526 "http://www.baidu.com/" "Mozilla/5.0 (iPhone; CPU iPhone OS 16_6 like Mac OS X) AppleWebKit/605.1.15 (KHTML, like Gecko) Version/16.6 Mobile/15E148 Safari/604.1"
36.133.115.36 - - [16/Nov/2025:18:35:31 +0800] "POST /wp-cron.php?doing_wp_cron=1763289331.0667440891265869140625 HTTP/1.1" 200 31 "-" "WordPress/6.8.3; http://cqqizhou.com"
62.84.185.69 - - [16/Nov/2025:18:35:31 +0800] "GET /robots.txt HTTP/1.1" 200 390 "-" "Mozilla/5.0 (compatible; MJ12bot/v1.4.8; http://mj12bot.com/)"
62.84.185.69 - - [16/Nov/2025:18:35:33 +0800] "GET /portfolio-tag/%E9%9E%8D%E9%92%A2%E8%92%82%E6%A3%AE/ HTTP/1.1" 200 22746 "-" "Mozilla/5.0 (compatible; MJ12bot/v1.4.8; http://mj12bot.com/)"
62.84.185.69 - - [16/Nov/2025:18:35:36 +0800] "GET /portfolio/%E5%86%B7%E8%BD%A7%E5%8D%B7/ HTTP/1.1" 200 22115 "-" "Mozilla/5.0 (compatible; MJ12bot/v1.4.8; http://mj12bot.com/)"
36.133.115.36 - - [16/Nov/2025:18:43:00 +0800] "POST /wp-cron.php?doing_wp_cron=1763289780.2521719932556152343750 HTTP/1.1" 200 31 "-" "WordPress/6.8.3; http://cqqizhou.com"
39.191.208.24 - - [16/Nov/2025:18:43:00 +0800] "GET http://ywotttv.bj.chinamobile.com/PLTV/88888888/224/3221226558/1.m3u8 HTTP/1.1" 404 31381 "-" "ZTE/1.0.6"
36.133.115.36 - - [16/Nov/2025:18:44:25 +0800] "POST /wp-cron.php?doing_wp_cron=1763289865.6957039833068847656250 HTTP/1.1" 200 31 "-" "WordPress/6.8.3; http://cqqizhou.com"
71.6.199.65 - - [16/Nov/2025:18:44:25 +0800] "GET / HTTP/1.1" 301 5 "-" "Mozilla/5.0 zgrab/0.x"
91.232.238.153 - - [16/Nov/2025:18:47:41 +0800] "GET /admin/config.php HTTP/1.0" 404 16 "-" "xfa1"
36.133.115.36 - - [16/Nov/2025:18:49:54 +0800] "POST /wp-cron.php?doing_wp_cron=1763290194.1770250797271728515625 HTTP/1.1" 200 31 "-" "WordPress/6.8.3; http://cqqizhou.com"
3.131.215.38 - - [16/Nov/2025:18:49:54 +0800] "GET / HTTP/1.1" 301 5 "-" "cypex.ai/scanning Mozilla/5.0 (Macintosh; Intel Mac OS X 10_15_7) Chrome/126.0.0.0 Safari/537.36"
36.133.115.36 - - [16/Nov/2025:18:51:32 +0800] "POST /wp-cron.php?doing_wp_cron=1763290292.0485069751739501953125 HTTP/1.1" 200 31 "-" "WordPress/6.8.3; http://cqqizhou.com"
43.130.72.40 - - [16/Nov/2025:18:51:32 +0800] "GET / HTTP/1.1" 301 5 "-" "Mozilla/5.0 (iPhone; CPU iPhone OS 13_2_3 like Mac OS X) AppleWebKit/605.1.15 (KHTML, like Gecko) Version/13.0.3 Mobile/15E148 Safari/604.1"
43.130.72.40 - - [16/Nov/2025:18:51:34 +0800] "GET / HTTP/1.1" 200 33526 "http://www.cqqizhou.com" "Mozilla/5.0 (iPhone; CPU iPhone OS 13_2_3 like Mac OS X) AppleWebKit/605.1.15 (KHTML, like Gecko) Version/13.0.3 Mobile/15E148 Safari/604.1"
220.181.108.104 - - [16/Nov/2025:18:52:59 +0800] "GET /contacts/ HTTP/1.1" 200 21608 "-" "Mozilla/5.0 (compatible; Baiduspider/2.0; +http://www.baidu.com/search/spider.html)"
180.153.236.2 - - [16/Nov/2025:19:11:28 +0800] "GET / HTTP/1.1" 200 33929 "http://cqqizhou.com/" "Mozilla/5.0 (Windows NT 10.0; Win64; x64) AppleWebKit/537.36 (KHTML, like Gecko) Chrome/140.0.0.0 Safari/537.36 Edg/140.0.0.0; 360Spider"
220.181.108.111 - - [16/Nov/2025:19:17:37 +0800] "GET / HTTP/1.1" 200 33929 "-" "Mozilla/5.0 (compatible; Baiduspider/2.0; +http://www.baidu.com/search/spider.html)"
36.133.115.36 - - [16/Nov/2025:19:17:40 +0800] "POST /wp-cron.php?doing_wp_cron=1763291860.4431550502777099609375 HTTP/1.1" 200 31 "-" "WordPress/6.8.3; http://cqqizhou.com"
220.181.108.105 - - [16/Nov/2025:19:17:40 +0800] "GET / HTTP/1.1" 200 33526 "-" "Mozilla/5.0 (Linux;u;Android 4.2.2;zh-cn;) AppleWebKit/534.46 (KHTML,like Gecko) Version/5.1 Mobile Safari/10600.6.3 (compatible; Baiduspider/2.0; +http://www.baidu.com/search/spider.html)"
36.133.115.36 - - [16/Nov/2025:19:21:30 +0800] "POST /wp-cron.php?doing_wp_cron=1763292090.7071759700775146484375 HTTP/1.1" 200 31 "-" "WordPress/6.8.3; http://cqqizhou.com"
92.110.84.248 - - [16/Nov/2025:19:21:31 +0800] "GET / HTTP/1.0" 200 152167 "-" "-"
36.133.115.36 - - [16/Nov/2025:19:37:20 +0800] "POST /wp-cron.php?doing_wp_cron=1763293040.4599349498748779296875 HTTP/1.1" 200 31 "-" "WordPress/6.8.3; http://cqqizhou.com"
85.208.96.212 - - [16/Nov/2025:19:37:20 +0800] "GET /robots.txt HTTP/1.1" 200 190 "-" "Mozilla/5.0 (compatible; SemrushBot/7~bl; +http://www.semrush.com/bot.html)"
36.133.115.36 - - [16/Nov/2025:21:07:09 +0800] "POST /wp-cron.php?doing_wp_cron=1763298429.0196239948272705078125 HTTP/1.1" 200 31 "-" "WordPress/6.8.3; http://cqqizhou.com"
103.107.188.149 - - [16/Nov/2025:21:07:09 +0800] "GET /index.php HTTP/1.1" 200 152189 "-" "Mozilla/5.0 (Windows NT 6.1; WOW64; rv:18.0) Gecko/20100101 Firefox/18.0"
103.107.188.149 - - [16/Nov/2025:21:07:09 +0800] "GET /phpmyadmin/index.php HTTP/1.1" 404 27 "-" "Mozilla/5.0 (Windows NT 6.1; WOW64; rv:18.0) Gecko/20100101 Firefox/18.0"
36.133.115.36 - - [16/Nov/2025:21:11:09 +0800] "POST /wp-cron.php?doing_wp_cron=1763298669.4685919284820556640625 HTTP/1.1" 200 31 "-" "WordPress/6.8.3; http://cqqizhou.com"
182.43.70.143 - - [16/Nov/2025:21:11:09 +0800] "GET / HTTP/1.1" 301 5 "-" "Mozilla/5.0 (iPhone; CPU iPhone OS 13_2_3 like Mac OS X) AppleWebKit/605.1.15 (KHTML, like Gecko) Version/13.0.3 Mobile/15E148 Safari/604.1"
182.43.70.143 - - [16/Nov/2025:21:11:13 +0800] "GET / HTTP/1.1" 200 33527 "http://www.cqqizhou.com" "Mozilla/5.0 (iPhone; CPU iPhone OS 13_2_3 like Mac OS X) AppleWebKit/605.1.15 (KHTML, like Gecko) Version/13.0.3 Mobile/15E148 Safari/604.1"
36.133.115.36 - - [16/Nov/2025:21:19:12 +0800] "POST /wp-cron.php?doing_wp_cron=1763299152.3913478851318359375000 HTTP/1.1" 200 31 "-" "WordPress/6.8.3; http://cqqizhou.com"
71.6.146.186 - - [16/Nov/2025:21:19:12 +0800] "GET / HTTP/1.1" 301 5 "-" "Mozilla/5.0 (Windows NT 6.1) AppleWebKit/537.36 (KHTML, like Gecko) Chrome/41.0.2228.0 Safari/537.36"
71.6.146.186 - - [16/Nov/2025:21:19:14 +0800] "GET / HTTP/1.1" 200 153609 "-" "Mozilla/5.0 (Windows NT 6.1) AppleWebKit/537.36 (KHTML, like Gecko) Chrome/41.0.2228.0 Safari/537.36"
71.6.146.186 - - [16/Nov/2025:21:19:18 +0800] "GET /robots.txt HTTP/1.1" 200 390 "-" "-"
71.6.146.186 - - [16/Nov/2025:21:19:20 +0800] "GET /sitemap.xml HTTP/1.1" 200 2410 "-" "-"
71.6.146.186 - - [16/Nov/2025:21:19:23 +0800] "GET /.well-known/security.txt HTTP/1.1" 404 31381 "-" "-"
117.95.235.64 - - [16/Nov/2025:21:31:29 +0800] "GET http://cqqizhou.com/ HTTP/1.1" 200 33929 "-" "Mozilla/5.0 (Windows NT 10.0; Win64; x64) AppleWebKit/537.36 (KHTML, like Gecko) Chrome/136.0.0.0 Safari/537.36"
36.133.115.36 - - [16/Nov/2025:21:31:30 +0800] "POST /wp-cron.php?doing_wp_cron=1763299890.5743451118469238281250 HTTP/1.1" 200 31 "-" "WordPress/6.8.3; http://cqqizhou.com"
113.235.249.136 - - [16/Nov/2025:21:31:30 +0800] "GET http://www.cqqizhou.com/ HTTP/1.1" 301 5 "-" "Mozilla/5.0 (Windows NT 10.0; Win64; x64) AppleWebKit/537.36 (KHTML, like Gecko) Chrome/136.0.0.0 Safari/537.36"
113.235.249.136 - - [16/Nov/2025:21:31:30 +0800] "GET http://cqqizhou.com/ HTTP/1.1" 200 33929 "-" "Mozilla/5.0 (Windows NT 10.0; Win64; x64) AppleWebKit/537.36 (KHTML, like Gecko) Chrome/136.0.0.0 Safari/537.36"
117.95.235.64 - - [16/Nov/2025:21:31:32 +0800] "GET http://cqqizhou.com/ HTTP/1.1" 200 33929 "http://cqqizhou.com" "Mozilla/5.0 (Windows NT 10.0; Win64; x64) AppleWebKit/537.36 (KHTML, like Gecko) Chrome/136.0.0.0 Safari/537.36"
113.235.249.136 - - [16/Nov/2025:21:31:34 +0800] "GET http://www.cqqizhou.com/ HTTP/1.1" 301 5 "http://www.cqqizhou.com" "Mozilla/5.0 (Windows NT 10.0; Win64; x64) AppleWebKit/537.36 (KHTML, like Gecko) Chrome/136.0.0.0 Safari/537.36"
117.95.235.64 - - [16/Nov/2025:21:31:34 +0800] "GET http://cqqizhou.com/contacts/ HTTP/1.1" 200 21608 "http://cqqizhou.com" "Mozilla/5.0 (Windows NT 10.0; Win64; x64) AppleWebKit/537.36 (KHTML, like Gecko) Chrome/136.0.0.0 Safari/537.36"
113.235.249.136 - - [16/Nov/2025:21:31:34 +0800] "GET http://cqqizhou.com/contacts/ HTTP/1.1" 200 21608 "http://www.cqqizhou.com" "Mozilla/5.0 (Windows NT 10.0; Win64; x64) AppleWebKit/537.36 (KHTML, like Gecko) Chrome/136.0.0.0 Safari/537.36"
113.235.249.136 - - [16/Nov/2025:21:31:34 +0800] "GET http://cqqizhou.com/ HTTP/1.1" 200 33929 "http://www.cqqizhou.com" "Mozilla/5.0 (Windows NT 10.0; Win64; x64) AppleWebKit/537.36 (KHTML, like Gecko) Chrome/136.0.0.0 Safari/537.36"
117.95.235.64 - - [16/Nov/2025:21:31:35 +0800] "GET http://cqqizhou.com/contacts/ HTTP/1.1" 200 21608 "http://cqqizhou.com/contacts/" "Mozilla/5.0 (Windows NT 10.0; Win64; x64) AppleWebKit/537.36 (KHTML, like Gecko) Chrome/136.0.0.0 Safari/537.36"
113.235.249.136 - - [16/Nov/2025:21:31:36 +0800] "GET http://cqqizhou.com/contacts/ HTTP/1.1" 200 21608 "http://cqqizhou.com/contacts/" "Mozilla/5.0 (Windows NT 10.0; Win64; x64) AppleWebKit/537.36 (KHTML, like Gecko) Chrome/136.0.0.0 Safari/537.36"
36.133.115.36 - - [16/Nov/2025:21:33:40 +0800] "POST /wp-cron.php?doing_wp_cron=1763300020.5325930118560791015625 HTTP/1.1" 200 31 "-" "WordPress/6.8.3; http://cqqizhou.com"
121.237.36.29 - - [16/Nov/2025:21:33:40 +0800] "GET / HTTP/1.1" 200 33525 "-" "Mozilla/5.0 (Linux; Android 8.0; BLN-AL40 Build/HONORBLN-AL40; wv) AppleWebKit/537.36 (KHTML, like Gecko) Version/4.0 Chrome/57.0.2987.132 MQQBrowser/6.2 TBS/044207 Mobile Safari/537.36 MicroMessenger/6.7.2.1340(0x2607023A) NetType/4G Language/zh_CN"
36.133.115.36 - - [16/Nov/2025:21:34:35 +0800] "POST /wp-cron.php?doing_wp_cron=1763300075.1399080753326416015625 HTTP/1.1" 200 31 "-" "WordPress/6.8.3; http://cqqizhou.com"
121.237.36.27 - - [16/Nov/2025:21:34:35 +0800] "GET / HTTP/1.1" 200 33525 "-" "Dalvik/2.1.0 (Linux; U; Android 9.0; ZTE BA520 Build/MRA58K)"
36.133.115.36 - - [16/Nov/2025:21:37:32 +0800] "POST /wp-cron.php?doing_wp_cron=1763300252.1348109245300292968750 HTTP/1.1" 200 31 "-" "WordPress/6.8.3; http://cqqizhou.com"
43.157.148.38 - - [16/Nov/2025:21:37:32 +0800] "GET / HTTP/1.1" 200 33526 "-" "Mozilla/5.0 (iPhone; CPU iPhone OS 13_2_3 like Mac OS X) AppleWebKit/605.1.15 (KHTML, like Gecko) Version/13.0.3 Mobile/15E148 Safari/604.1"
121.237.36.28 - - [16/Nov/2025:21:44:58 +0800] "GET / HTTP/1.1" 200 33929 "-" "Mozilla/5.0 (Macintosh; Intel Mac OS X 10_11) AppleWebKit/601.1.27 (KHTML, like Gecko) Chrome/47.0.2526.106 Safari/601.1.27"
36.133.115.36 - - [16/Nov/2025:21:50:14 +0800] "POST /wp-cron.php?doing_wp_cron=1763301014.8343999385833740234375 HTTP/1.1" 200 31 "-" "WordPress/6.8.3; http://cqqizhou.com"
47.128.28.60 - - [16/Nov/2025:21:50:14 +0800] "GET /robots.txt HTTP/1.1" 200 190 "-" "Mozilla/5.0 (Linux; Android 5.0) AppleWebKit/537.36 (KHTML, like Gecko) Mobile Safari/537.36 (compatible; Bytespider; spider-feedback@bytedance.com)"
36.133.115.36 - - [16/Nov/2025:21:58:19 +0800] "POST /wp-cron.php?doing_wp_cron=1763301499.9538490772247314453125 HTTP/1.1" 200 31 "-" "WordPress/6.8.3; http://cqqizhou.com"
118.99.121.211 - - [16/Nov/2025:21:58:20 +0800] "GET / HTTP/1.1" 200 152189 "-" "Mozilla/5.0 (Windows NT 6.1; WOW64) AppleWebKit/537.36 (KHTML, like Gecko) Chrome/52.0.2743.116 Safari/537.36"
36.133.115.36 - - [16/Nov/2025:22:15:16 +0800] "POST /wp-cron.php?doing_wp_cron=1763302516.4703390598297119140625 HTTP/1.1" 200 31 "-" "WordPress/6.8.3; http://cqqizhou.com"
176.65.148.34 - - [16/Nov/2025:22:15:16 +0800] "GET / HTTP/1.1" 200 33525 "-" "Linux Gnu (cow)"
36.133.115.36 - - [16/Nov/2025:22:35:02 +0800] "POST /wp-cron.php?doing_wp_cron=1763303702.4899499416351318359375 HTTP/1.1" 200 31 "-" "WordPress/6.8.3; http://cqqizhou.com"
216.73.216.183 - - [16/Nov/2025:22:35:02 +0800] "GET /robots.txt HTTP/1.1" 200 390 "-" "Mozilla/5.0 AppleWebKit/537.36 (KHTML, like Gecko; compatible; ClaudeBot/1.0; +claudebot@anthropic.com)"
216.73.216.183 - - [16/Nov/2025:22:35:03 +0800] "GET /wp-sitemap.xml HTTP/1.1" 501 253 "-" "Mozilla/5.0 AppleWebKit/537.36 (KHTML, like Gecko; compatible; ClaudeBot/1.0; +claudebot@anthropic.com)"
36.133.115.36 - - [16/Nov/2025:22:41:47 +0800] "POST /wp-cron.php?doing_wp_cron=1763304107.5193490982055664062500 HTTP/1.1" 200 31 "-" "WordPress/6.8.3; http://cqqizhou.com"
35.171.157.77 - - [16/Nov/2025:22:41:47 +0800] "GET / HTTP/1.1" 301 5 "-" "Mozilla/5.0 (Windows NT 10.0; Win64; x64) AppleWebKit/537.36 (KHTML, like Gecko) Chrome/136.0.0.0 Safari/537.36"
36.133.115.36 - - [16/Nov/2025:22:51:07 +0800] "POST /wp-cron.php?doing_wp_cron=1763304667.1878890991210937500000 HTTP/1.1" 200 31 "-" "WordPress/6.8.3; http://cqqizhou.com"
43.135.138.128 - - [16/Nov/2025:22:51:07 +0800] "GET / HTTP/1.1" 200 33527 "-" "Mozilla/5.0 (iPhone; CPU iPhone OS 13_2_3 like Mac OS X) AppleWebKit/605.1.15 (KHTML, like Gecko) Version/13.0.3 Mobile/15E148 Safari/604.1"
36.133.115.36 - - [16/Nov/2025:23:19:54 +0800] "POST /wp-cron.php?doing_wp_cron=1763306394.2915349006652832031250 HTTP/1.1" 200 31 "-" "WordPress/6.8.3; http://cqqizhou.com"
216.73.216.183 - - [16/Nov/2025:23:19:54 +0800] "GET /wp-sitemap.xml HTTP/1.1" 501 253 "-" "Mozilla/5.0 AppleWebKit/537.36 (KHTML, like Gecko; compatible; ClaudeBot/1.0; +claudebot@anthropic.com)"