File: //home/logs/cqqizhou_access_2025-11-16.log
36.133.115.36 - - [16/Nov/2025:00:15:04 +0800] "POST /wp-cron.php?doing_wp_cron=1763223304.6928730010986328125000 HTTP/1.1" 200 31 "-" "WordPress/6.8.3; http://cqqizhou.com"
62.84.185.55 - - [16/Nov/2025:00:15:04 +0800] "GET /robots.txt HTTP/1.1" 200 390 "-" "Mozilla/5.0 (compatible; MJ12bot/v1.4.8; http://mj12bot.com/)"
62.84.185.55 - - [16/Nov/2025:00:15:07 +0800] "GET /portfolio-tag/%E9%9E%8D%E9%92%A2%E8%92%82%E6%A3%AE/ HTTP/1.1" 200 22746 "-" "Mozilla/5.0 (compatible; MJ12bot/v1.4.8; http://mj12bot.com/)"
62.84.185.55 - - [16/Nov/2025:00:15:11 +0800] "GET /portfolio/%E5%86%B7%E8%BD%A7%E6%9D%BF/ HTTP/1.1" 200 22121 "-" "Mozilla/5.0 (compatible; MJ12bot/v1.4.8; http://mj12bot.com/)"
36.133.115.36 - - [16/Nov/2025:00:19:59 +0800] "POST /wp-cron.php?doing_wp_cron=1763223599.2699220180511474609375 HTTP/1.1" 200 31 "-" "WordPress/6.8.3; http://cqqizhou.com"
14.183.237.108 - - [16/Nov/2025:00:20:00 +0800] "GET / HTTP/1.0" 200 152167 "-" "-"
36.133.115.36 - - [16/Nov/2025:00:22:54 +0800] "POST /wp-cron.php?doing_wp_cron=1763223773.9866769313812255859375 HTTP/1.1" 200 31 "-" "WordPress/6.8.3; http://cqqizhou.com"
54.37.252.46 - - [16/Nov/2025:00:22:54 +0800] "GET /robots.txt HTTP/1.1" 200 390 "-" "Mozilla/5.0 (compatible; MJ12bot/v1.4.8; http://mj12bot.com/)"
54.37.252.46 - - [16/Nov/2025:00:22:56 +0800] "GET /portfolio-tag/%E9%9E%8D%E9%92%A2%E8%92%82%E6%A3%AE/ HTTP/1.1" 200 22746 "-" "Mozilla/5.0 (compatible; MJ12bot/v1.4.8; http://mj12bot.com/)"
54.37.252.46 - - [16/Nov/2025:00:22:58 +0800] "GET /portfolio/%E5%86%B7%E8%BD%A7%E5%8D%B7/ HTTP/1.1" 200 22115 "-" "Mozilla/5.0 (compatible; MJ12bot/v1.4.8; http://mj12bot.com/)"
36.133.115.36 - - [16/Nov/2025:00:53:12 +0800] "POST /wp-cron.php?doing_wp_cron=1763225592.8922491073608398437500 HTTP/1.1" 200 31 "-" "WordPress/6.8.3; http://cqqizhou.com"
20.102.108.84 - - [16/Nov/2025:00:53:12 +0800] "GET /hudson HTTP/1.1" 404 8990 "-" "Mozilla/5.0 zgrab/0.x"
36.133.115.36 - - [16/Nov/2025:00:54:00 +0800] "POST /wp-cron.php?doing_wp_cron=1763225640.2098190784454345703125 HTTP/1.1" 200 31 "-" "WordPress/6.8.3; http://cqqizhou.com"
145.239.65.226 - - [16/Nov/2025:00:54:00 +0800] "GET /robots.txt HTTP/1.1" 200 390 "-" "Mozilla/5.0 (compatible; MJ12bot/v1.4.8; http://mj12bot.com/)"
145.239.65.226 - - [16/Nov/2025:00:54:03 +0800] "GET /portfolio/%E5%86%B7%E8%BD%A7%E5%8D%B7/ HTTP/1.1" 200 22115 "-" "Mozilla/5.0 (compatible; MJ12bot/v1.4.8; http://mj12bot.com/)"
45.89.70.31 - - [16/Nov/2025:01:13:57 +0800] "GET / HTTP/1.0" 200 153587 "http://cqqizhou.com/" "Mozilla/5.0 (Windows NT 10.0; Win64; x64) AppleWebKit/537.36 (KHTML, like Gecko) Chrome/129.0.0.0 Safari/537.36"
45.89.70.31 - - [16/Nov/2025:01:13:58 +0800] "GET /contacts/ HTTP/1.0" 200 76629 "http://cqqizhou.com/contacts/" "Mozilla/5.0 (Windows NT 10.0; Win64; x64) AppleWebKit/537.36 (KHTML, like Gecko) Chrome/129.0.0.0 Safari/537.36"
36.133.115.36 - - [16/Nov/2025:01:14:03 +0800] "POST /wp-cron.php?doing_wp_cron=1763226843.8298261165618896484375 HTTP/1.1" 200 31 "-" "WordPress/6.8.3; http://cqqizhou.com"
45.89.70.31 - - [16/Nov/2025:01:14:04 +0800] "POST /contacts/ HTTP/1.0" 200 69180 "http://cqqizhou.com/contacts/" "Mozilla/5.0 (Windows NT 10.0; Win64; x64) AppleWebKit/537.36 (KHTML, like Gecko) Chrome/129.0.0.0 Safari/537.36"
36.133.115.36 - - [16/Nov/2025:01:23:07 +0800] "POST /wp-cron.php?doing_wp_cron=1763227387.2955489158630371093750 HTTP/1.1" 200 31 "-" "WordPress/6.8.3; http://cqqizhou.com"
170.106.180.246 - - [16/Nov/2025:01:23:07 +0800] "GET / HTTP/1.1" 301 5 "-" "Mozilla/5.0 (iPhone; CPU iPhone OS 13_2_3 like Mac OS X) AppleWebKit/605.1.15 (KHTML, like Gecko) Version/13.0.3 Mobile/15E148 Safari/604.1"
170.106.180.246 - - [16/Nov/2025:01:23:09 +0800] "GET / HTTP/1.1" 200 33527 "http://www.cqqizhou.com" "Mozilla/5.0 (iPhone; CPU iPhone OS 13_2_3 like Mac OS X) AppleWebKit/605.1.15 (KHTML, like Gecko) Version/13.0.3 Mobile/15E148 Safari/604.1"
36.133.115.36 - - [16/Nov/2025:01:25:31 +0800] "POST /wp-cron.php?doing_wp_cron=1763227531.3628690242767333984375 HTTP/1.1" 200 31 "-" "WordPress/6.8.3; http://cqqizhou.com"
43.130.101.151 - - [16/Nov/2025:01:25:31 +0800] "GET / HTTP/1.1" 301 5 "-" "Mozilla/5.0 (iPhone; CPU iPhone OS 13_2_3 like Mac OS X) AppleWebKit/605.1.15 (KHTML, like Gecko) Version/13.0.3 Mobile/15E148 Safari/604.1"
43.130.101.151 - - [16/Nov/2025:01:25:35 +0800] "GET / HTTP/1.1" 200 33526 "http://36.133.115.36" "Mozilla/5.0 (iPhone; CPU iPhone OS 13_2_3 like Mac OS X) AppleWebKit/605.1.15 (KHTML, like Gecko) Version/13.0.3 Mobile/15E148 Safari/604.1"
36.133.115.36 - - [16/Nov/2025:01:26:58 +0800] "POST /wp-cron.php?doing_wp_cron=1763227618.0911240577697753906250 HTTP/1.1" 200 31 "-" "WordPress/6.8.3; http://cqqizhou.com"
199.45.154.121 - - [16/Nov/2025:01:26:58 +0800] "GET / HTTP/1.1" 301 5 "-" "Mozilla/5.0 (compatible; CensysInspect/1.1; +https://about.censys.io/)"
199.45.154.121 - - [16/Nov/2025:01:27:06 +0800] "GET /robots.txt HTTP/1.1" 200 190 "-" "Mozilla/5.0 (compatible; CensysInspect/1.1; +https://about.censys.io/)"
36.133.115.36 - - [16/Nov/2025:01:33:25 +0800] "POST /wp-cron.php?doing_wp_cron=1763228005.3176119327545166015625 HTTP/1.1" 200 31 "-" "WordPress/6.8.3; http://cqqizhou.com"
20.115.83.250 - - [16/Nov/2025:01:33:25 +0800] "GET / HTTP/1.1" 301 5 "-" "Mozilla/5.0 zgrab/0.x"
220.181.108.80 - - [16/Nov/2025:01:38:05 +0800] "GET /services/processing/ HTTP/1.1" 200 22985 "-" "Mozilla/5.0 (compatible; Baiduspider/2.0; +http://www.baidu.com/search/spider.html)"
36.133.115.36 - - [16/Nov/2025:01:38:06 +0800] "POST /wp-cron.php?doing_wp_cron=1763228285.9946510791778564453125 HTTP/1.1" 200 31 "-" "WordPress/6.8.3; http://cqqizhou.com"
116.179.32.164 - - [16/Nov/2025:01:38:06 +0800] "GET /logistics HTTP/1.1" 301 5 "-" "Mozilla/5.0 (compatible; Baiduspider/2.0; +http://www.baidu.com/search/spider.html)"
116.179.32.237 - - [16/Nov/2025:01:38:06 +0800] "GET /logistics/ HTTP/1.1" 200 22478 "-" "Mozilla/5.0 (compatible; Baiduspider/2.0; +http://www.baidu.com/search/spider.html)"
36.133.115.36 - - [16/Nov/2025:01:40:42 +0800] "POST /wp-cron.php?doing_wp_cron=1763228442.8781490325927734375000 HTTP/1.1" 200 31 "-" "WordPress/6.8.3; http://cqqizhou.com"
115.159.33.43 - - [16/Nov/2025:01:40:42 +0800] "GET / HTTP/1.1" 301 5 "-" "Mozilla/5.0 (Windows NT 10.0; Win64; x64) AppleWebKit/537.36 (KHTML, like Gecko) Chrome/79.0.3945.117 Safari/537.36"
180.153.236.158 - - [16/Nov/2025:01:40:52 +0800] "GET / HTTP/1.1" 200 33929 "http://cqqizhou.com/" "Mozilla/5.0 (Windows NT 10.0; Win64; x64) AppleWebKit/537.36 (KHTML, like Gecko) Chrome/140.0.0.0 Safari/537.36 Edg/140.0.0.0; 360Spider"
36.133.115.36 - - [16/Nov/2025:01:44:08 +0800] "POST /wp-cron.php?doing_wp_cron=1763228648.6728169918060302734375 HTTP/1.1" 200 31 "-" "WordPress/6.8.3; http://cqqizhou.com"
180.110.203.108 - - [16/Nov/2025:01:44:09 +0800] "GET / HTTP/1.1" 200 33525 "-" "Mozilla/5.0 (iPhone; CPU iPhone OS 13_2_3 like Mac OS X) AppleWebKit/605.1.15 (KHTML, like Gecko) Version/13.0.3 Mobile/15E148 Safari/604.1"
36.133.115.36 - - [16/Nov/2025:02:23:16 +0800] "POST /wp-cron.php?doing_wp_cron=1763230996.2950360774993896484375 HTTP/1.1" 200 31 "-" "WordPress/6.8.3; http://cqqizhou.com"
20.64.104.53 - - [16/Nov/2025:02:23:16 +0800] "GET /portal/redlion HTTP/1.1" 404 8990 "-" "Mozilla/5.0 zgrab/0.x"
36.133.115.36 - - [16/Nov/2025:02:41:46 +0800] "POST /wp-cron.php?doing_wp_cron=1763232106.7503299713134765625000 HTTP/1.1" 200 31 "-" "WordPress/6.8.3; http://cqqizhou.com"
216.73.216.183 - - [16/Nov/2025:02:41:46 +0800] "GET /robots.txt HTTP/1.1" 200 390 "-" "Mozilla/5.0 AppleWebKit/537.36 (KHTML, like Gecko; compatible; ClaudeBot/1.0; +claudebot@anthropic.com)"
216.73.216.183 - - [16/Nov/2025:02:41:47 +0800] "GET /wp-sitemap.xml HTTP/1.1" 501 253 "-" "Mozilla/5.0 AppleWebKit/537.36 (KHTML, like Gecko; compatible; ClaudeBot/1.0; +claudebot@anthropic.com)"
36.133.115.36 - - [16/Nov/2025:02:55:47 +0800] "POST /wp-cron.php?doing_wp_cron=1763232947.0835220813751220703125 HTTP/1.1" 200 31 "-" "WordPress/6.8.3; http://cqqizhou.com"
216.73.216.183 - - [16/Nov/2025:02:55:47 +0800] "GET /wp-sitemap.xml HTTP/1.1" 501 253 "-" "Mozilla/5.0 AppleWebKit/537.36 (KHTML, like Gecko; compatible; ClaudeBot/1.0; +claudebot@anthropic.com)"
36.133.115.36 - - [16/Nov/2025:02:59:45 +0800] "POST /wp-cron.php?doing_wp_cron=1763233185.2323510646820068359375 HTTP/1.1" 200 31 "-" "WordPress/6.8.3; http://cqqizhou.com"
180.153.236.92 - - [16/Nov/2025:02:59:45 +0800] "GET / HTTP/1.1" 200 33527 "http://cqqizhou.com/" "Mozilla/5.0 (Linux; Android 10; K) AppleWebKit/537.36 (KHTML, like Gecko) Chrome/131.0.0.0 Mobile Safari/537.36; 360Spider"
36.133.115.36 - - [16/Nov/2025:03:29:32 +0800] "POST /wp-cron.php?doing_wp_cron=1763234972.7659060955047607421875 HTTP/1.1" 200 31 "-" "WordPress/6.8.3; http://cqqizhou.com"
194.50.16.36 - - [16/Nov/2025:03:29:32 +0800] "GET / HTTP/1.1" 301 5 "-" "python-requests/2.32.3"
194.50.16.36 - - [16/Nov/2025:03:29:33 +0800] "GET / HTTP/1.1" 200 33929 "-" "python-requests/2.32.3"
36.133.115.36 - - [16/Nov/2025:04:08:04 +0800] "POST /wp-cron.php?doing_wp_cron=1763237284.6345849037170410156250 HTTP/1.1" 200 31 "-" "WordPress/6.8.3; http://cqqizhou.com"
39.99.143.17 - - [16/Nov/2025:04:08:04 +0800] "GET / HTTP/1.0" 301 0 "-" "-"
39.99.143.17 - - [16/Nov/2025:04:08:05 +0800] "GET / HTTP/1.1" 200 33526 "-" "Mozilla/5.0 (Macintosh; Intel Mac OS X 11) AppleWebKit/538.41 (KHTML, like Gecko) Chrome/87.0.4280.88 Safari/537.36"
36.133.115.36 - - [16/Nov/2025:04:23:25 +0800] "POST /wp-cron.php?doing_wp_cron=1763238205.2056651115417480468750 HTTP/1.1" 200 31 "-" "WordPress/6.8.3; http://cqqizhou.com"
43.167.239.66 - - [16/Nov/2025:04:23:25 +0800] "GET / HTTP/1.1" 200 33527 "-" "Mozilla/5.0 (iPhone; CPU iPhone OS 13_2_3 like Mac OS X) AppleWebKit/605.1.15 (KHTML, like Gecko) Version/13.0.3 Mobile/15E148 Safari/604.1"
36.133.115.36 - - [16/Nov/2025:04:25:17 +0800] "POST /wp-cron.php?doing_wp_cron=1763238317.3001039028167724609375 HTTP/1.1" 200 31 "-" "WordPress/6.8.3; http://cqqizhou.com"
103.203.57.3 - - [16/Nov/2025:04:25:17 +0800] "GET / HTTP/1.1" 301 5 "-" "Mozilla/5.0 zgrab/0.x"
36.133.115.36 - - [16/Nov/2025:04:43:10 +0800] "POST /wp-cron.php?doing_wp_cron=1763239390.4288339614868164062500 HTTP/1.1" 200 31 "-" "WordPress/6.8.3; http://cqqizhou.com"
216.73.216.183 - - [16/Nov/2025:04:43:10 +0800] "GET /robots.txt HTTP/1.1" 200 390 "-" "Mozilla/5.0 AppleWebKit/537.36 (KHTML, like Gecko; compatible; ClaudeBot/1.0; +claudebot@anthropic.com)"
216.73.216.183 - - [16/Nov/2025:04:43:11 +0800] "GET /wp-sitemap.xml HTTP/1.1" 501 253 "-" "Mozilla/5.0 AppleWebKit/537.36 (KHTML, like Gecko; compatible; ClaudeBot/1.0; +claudebot@anthropic.com)"
36.133.115.36 - - [16/Nov/2025:04:54:44 +0800] "POST /wp-cron.php?doing_wp_cron=1763240084.8485848903656005859375 HTTP/1.1" 200 31 "-" "WordPress/6.8.3; http://cqqizhou.com"
216.73.216.183 - - [16/Nov/2025:04:54:44 +0800] "GET /wp-sitemap.xml HTTP/1.1" 501 253 "-" "Mozilla/5.0 AppleWebKit/537.36 (KHTML, like Gecko; compatible; ClaudeBot/1.0; +claudebot@anthropic.com)"
36.133.115.36 - - [16/Nov/2025:05:30:48 +0800] "POST /wp-cron.php?doing_wp_cron=1763242248.1966230869293212890625 HTTP/1.1" 200 31 "-" "WordPress/6.8.3; http://cqqizhou.com"
87.121.84.52 - - [16/Nov/2025:05:30:49 +0800] "GET / HTTP/1.0" 200 109870 "-" "Mozilla/5.0 (X11; Linux x86_64; rv:140.0) Gecko/20100101 Firefox/140.0"
36.133.115.36 - - [16/Nov/2025:05:39:16 +0800] "POST /wp-cron.php?doing_wp_cron=1763242756.6772089004516601562500 HTTP/1.1" 200 31 "-" "WordPress/6.8.3; http://cqqizhou.com"
191.36.152.9 - - [16/Nov/2025:05:39:17 +0800] "GET / HTTP/1.1" 200 152189 "-" "Mozilla/5.0 (Windows NT 6.1; WOW64) AppleWebKit/537.36 (KHTML, like Gecko) Chrome/52.0.2743.116 Safari/537.36"
121.43.55.31 - - [16/Nov/2025:06:17:48 +0800] "GET / HTTP/1.1" 200 33929 "-" "Mozilla/5.0 (Windows NT 10.0; Win64; x64) AppleWebKit/537.36 (KHTML, like Gecko) Chrome/59.0.3071.115 Safari/537.36"
36.133.115.36 - - [16/Nov/2025:06:30:43 +0800] "POST /wp-cron.php?doing_wp_cron=1763245843.4642078876495361328125 HTTP/1.1" 200 31 "-" "WordPress/6.8.3; http://cqqizhou.com"
49.51.72.236 - - [16/Nov/2025:06:30:43 +0800] "GET / HTTP/1.1" 200 33527 "-" "Mozilla/5.0 (iPhone; CPU iPhone OS 13_2_3 like Mac OS X) AppleWebKit/605.1.15 (KHTML, like Gecko) Version/13.0.3 Mobile/15E148 Safari/604.1"
36.133.115.36 - - [16/Nov/2025:06:31:55 +0800] "POST /wp-cron.php?doing_wp_cron=1763245915.4579238891601562500000 HTTP/1.1" 200 31 "-" "WordPress/6.8.3; http://cqqizhou.com"
39.191.208.24 - - [16/Nov/2025:06:31:55 +0800] "GET /zqhswlive.itv.cmvideo.cn/000000001000/1000000001000021973/1000000001000021973_1500000_20251116_063000_3.ts?channel-id=ystenlive&Contentid=1000000001000021973&livemode=1&stbId=0F9B9C9B1DEFD39C758D41DB769CE68B&version=1.0&owaccmark=1000000001000021973&owchid=ystenlive&owsid=4308581763245895231&AuthInfo=SNuzqM13QFYwy2HIiqZmQAK9HrPqk%2B6g0LRluBpLZ7xOkxFx3Hp59J6Y%2Fxp71RFzgfdRSKRN5gJZKIbmpJLq%2FWC3XvKTZBtv7zsdt4nHG%2F7B8YBmJ2v71YgyRyWcfr0q HTTP/1.1" 404 31381 "-" "ZTE/1.0.6"
39.191.208.24 - - [16/Nov/2025:06:31:55 +0800] "GET /cache.ott.hnbblive.itv.cmvideo.cn/000000001000/1000000001000021973/1000000001000021973_1500000_20251116_063000_3.ts?channel-id=ystenlive&Contentid=1000000001000021973&livemode=1&stbId=0F9B9C9B1DEFD39C758D41DB769CE68B&version=1.0&owaccmark=1000000001000021973&owchid=ystenlive&owsid=4308581763245895231&AuthInfo=SNuzqM13QFYwy2HIiqZmQAK9HrPqk%2B6g0LRluBpLZ7xOkxFx3Hp59J6Y%2Fxp71RFzgfdRSKRN5gJZKIbmpJLq%2FWC3XvKTZBtv7zsdt4nHG%2F7B8YBmJ2v71YgyRyWcfr0q HTTP/1.1" 404 31381 "-" "ZTE/1.0.6"
39.191.208.24 - - [16/Nov/2025:06:31:55 +0800] "GET /cache.ott.mstgwvod.itv.cmvideo.cn/000000001000/1000000001000021973/1000000001000021973_1500000_20251116_063000_3.ts?channel-id=ystenlive&Contentid=1000000001000021973&livemode=1&stbId=0F9B9C9B1DEFD39C758D41DB769CE68B&version=1.0&owaccmark=1000000001000021973&owchid=ystenlive&owsid=4308581763245895231&AuthInfo=SNuzqM13QFYwy2HIiqZmQAK9HrPqk%2B6g0LRluBpLZ7xOkxFx3Hp59J6Y%2Fxp71RFzgfdRSKRN5gJZKIbmpJLq%2FWC3XvKTZBtv7zsdt4nHG%2F7B8YBmJ2v71YgyRyWcfr0q HTTP/1.1" 404 31381 "-" "ZTE/1.0.6"
39.191.208.24 - - [16/Nov/2025:06:31:55 +0800] "GET /cache.ott.mstgwlive.itv.cmvideo.cn/000000001000/1000000001000021973/1000000001000021973_1500000_20251116_063000_3.ts?channel-id=ystenlive&Contentid=1000000001000021973&livemode=1&stbId=0F9B9C9B1DEFD39C758D41DB769CE68B&version=1.0&owaccmark=1000000001000021973&owchid=ystenlive&owsid=4308581763245895231&AuthInfo=SNuzqM13QFYwy2HIiqZmQAK9HrPqk%2B6g0LRluBpLZ7xOkxFx3Hp59J6Y%2Fxp71RFzgfdRSKRN5gJZKIbmpJLq%2FWC3XvKTZBtv7zsdt4nHG%2F7B8YBmJ2v71YgyRyWcfr0q HTTP/1.1" 404 31381 "-" "ZTE/1.0.6"
39.191.208.24 - - [16/Nov/2025:06:31:55 +0800] "GET /cache.ott.fifavod.itv.cmvideo.cn/000000001000/1000000001000021973/1000000001000021973_1500000_20251116_063000_3.ts?channel-id=ystenlive&Contentid=1000000001000021973&livemode=1&stbId=0F9B9C9B1DEFD39C758D41DB769CE68B&version=1.0&owaccmark=1000000001000021973&owchid=ystenlive&owsid=4308581763245895231&AuthInfo=SNuzqM13QFYwy2HIiqZmQAK9HrPqk%2B6g0LRluBpLZ7xOkxFx3Hp59J6Y%2Fxp71RFzgfdRSKRN5gJZKIbmpJLq%2FWC3XvKTZBtv7zsdt4nHG%2F7B8YBmJ2v71YgyRyWcfr0q HTTP/1.1" 404 31381 "-" "ZTE/1.0.6"
39.191.208.24 - - [16/Nov/2025:06:31:55 +0800] "GET /zqhswvod.itv.cmvideo.cn/000000001000/1000000001000021973/1000000001000021973_1500000_20251116_063000_3.ts?channel-id=ystenlive&Contentid=1000000001000021973&livemode=1&stbId=0F9B9C9B1DEFD39C758D41DB769CE68B&version=1.0&owaccmark=1000000001000021973&owchid=ystenlive&owsid=4308581763245895231&AuthInfo=SNuzqM13QFYwy2HIiqZmQAK9HrPqk%2B6g0LRluBpLZ7xOkxFx3Hp59J6Y%2Fxp71RFzgfdRSKRN5gJZKIbmpJLq%2FWC3XvKTZBtv7zsdt4nHG%2F7B8YBmJ2v71YgyRyWcfr0q HTTP/1.1" 404 31381 "-" "ZTE/1.0.6"
39.191.208.24 - - [16/Nov/2025:06:31:56 +0800] "GET /cache.ott.ygyhlive.itv.cmvideo.cn/000000001000/1000000001000021973/1000000001000021973_1500000_20251116_063000_3.ts?channel-id=ystenlive&Contentid=1000000001000021973&livemode=1&stbId=0F9B9C9B1DEFD39C758D41DB769CE68B&version=1.0&owaccmark=1000000001000021973&owchid=ystenlive&owsid=4308581763245895231&AuthInfo=SNuzqM13QFYwy2HIiqZmQAK9HrPqk%2B6g0LRluBpLZ7xOkxFx3Hp59J6Y%2Fxp71RFzgfdRSKRN5gJZKIbmpJLq%2FWC3XvKTZBtv7zsdt4nHG%2F7B8YBmJ2v71YgyRyWcfr0q HTTP/1.1" 404 31381 "-" "ZTE/1.0.6"
39.191.208.24 - - [16/Nov/2025:06:31:56 +0800] "GET /cache.ott.hnbbvod.itv.cmvideo.cn/000000001000/1000000001000021973/1000000001000021973_1500000_20251116_063000_3.ts?channel-id=ystenlive&Contentid=1000000001000021973&livemode=1&stbId=0F9B9C9B1DEFD39C758D41DB769CE68B&version=1.0&owaccmark=1000000001000021973&owchid=ystenlive&owsid=4308581763245895231&AuthInfo=SNuzqM13QFYwy2HIiqZmQAK9HrPqk%2B6g0LRluBpLZ7xOkxFx3Hp59J6Y%2Fxp71RFzgfdRSKRN5gJZKIbmpJLq%2FWC3XvKTZBtv7zsdt4nHG%2F7B8YBmJ2v71YgyRyWcfr0q HTTP/1.1" 404 31381 "-" "ZTE/1.0.6"
39.191.208.24 - - [16/Nov/2025:06:31:56 +0800] "GET /cache.ott.ystenlive.itv.cmvideo.cn/000000001000/1000000001000021973/1000000001000021973_1500000_20251116_063000_3.ts?channel-id=ystenlive&Contentid=1000000001000021973&livemode=1&stbId=0F9B9C9B1DEFD39C758D41DB769CE68B&version=1.0&owaccmark=1000000001000021973&owchid=ystenlive&owsid=4308581763245895231&AuthInfo=SNuzqM13QFYwy2HIiqZmQAK9HrPqk%2B6g0LRluBpLZ7xOkxFx3Hp59J6Y%2Fxp71RFzgfdRSKRN5gJZKIbmpJLq%2FWC3XvKTZBtv7zsdt4nHG%2F7B8YBmJ2v71YgyRyWcfr0q HTTP/1.1" 404 31381 "-" "ZTE/1.0.6"
39.191.208.24 - - [16/Nov/2025:06:31:56 +0800] "GET /cache.ott.wasuvod.itv.cmvideo.cn/000000001000/1000000001000021973/1000000001000021973_1500000_20251116_063000_3.ts?channel-id=ystenlive&Contentid=1000000001000021973&livemode=1&stbId=0F9B9C9B1DEFD39C758D41DB769CE68B&version=1.0&owaccmark=1000000001000021973&owchid=ystenlive&owsid=4308581763245895231&AuthInfo=SNuzqM13QFYwy2HIiqZmQAK9HrPqk%2B6g0LRluBpLZ7xOkxFx3Hp59J6Y%2Fxp71RFzgfdRSKRN5gJZKIbmpJLq%2FWC3XvKTZBtv7zsdt4nHG%2F7B8YBmJ2v71YgyRyWcfr0q HTTP/1.1" 404 31381 "-" "ZTE/1.0.6"
39.191.208.24 - - [16/Nov/2025:06:31:56 +0800] "GET /cache.ott.ygyhvod.itv.cmvideo.cn/000000001000/1000000001000021973/1000000001000021973_1500000_20251116_063000_3.ts?channel-id=ystenlive&Contentid=1000000001000021973&livemode=1&stbId=0F9B9C9B1DEFD39C758D41DB769CE68B&version=1.0&owaccmark=1000000001000021973&owchid=ystenlive&owsid=4308581763245895231&AuthInfo=SNuzqM13QFYwy2HIiqZmQAK9HrPqk%2B6g0LRluBpLZ7xOkxFx3Hp59J6Y%2Fxp71RFzgfdRSKRN5gJZKIbmpJLq%2FWC3XvKTZBtv7zsdt4nHG%2F7B8YBmJ2v71YgyRyWcfr0q HTTP/1.1" 404 31381 "-" "ZTE/1.0.6"
39.191.208.24 - - [16/Nov/2025:06:31:56 +0800] "GET /cache.ott.wasulive.itv.cmvideo.cn/000000001000/1000000001000021973/1000000001000021973_1500000_20251116_063000_3.ts?channel-id=ystenlive&Contentid=1000000001000021973&livemode=1&stbId=0F9B9C9B1DEFD39C758D41DB769CE68B&version=1.0&owaccmark=1000000001000021973&owchid=ystenlive&owsid=4308581763245895231&AuthInfo=SNuzqM13QFYwy2HIiqZmQAK9HrPqk%2B6g0LRluBpLZ7xOkxFx3Hp59J6Y%2Fxp71RFzgfdRSKRN5gJZKIbmpJLq%2FWC3XvKTZBtv7zsdt4nHG%2F7B8YBmJ2v71YgyRyWcfr0q HTTP/1.1" 404 31381 "-" "ZTE/1.0.6"
39.191.208.24 - - [16/Nov/2025:06:31:56 +0800] "GET /cache.ott.bestvod.itv.cmvideo.cn/000000001000/1000000001000021973/1000000001000021973_1500000_20251116_063000_3.ts?channel-id=ystenlive&Contentid=1000000001000021973&livemode=1&stbId=0F9B9C9B1DEFD39C758D41DB769CE68B&version=1.0&owaccmark=1000000001000021973&owchid=ystenlive&owsid=4308581763245895231&AuthInfo=SNuzqM13QFYwy2HIiqZmQAK9HrPqk%2B6g0LRluBpLZ7xOkxFx3Hp59J6Y%2Fxp71RFzgfdRSKRN5gJZKIbmpJLq%2FWC3XvKTZBtv7zsdt4nHG%2F7B8YBmJ2v71YgyRyWcfr0q HTTP/1.1" 404 31381 "-" "ZTE/1.0.6"
39.191.208.24 - - [16/Nov/2025:06:31:56 +0800] "GET /cache.ott.ystenvod.itv.cmvideo.cn/000000001000/1000000001000021973/1000000001000021973_1500000_20251116_063000_3.ts?channel-id=ystenlive&Contentid=1000000001000021973&livemode=1&stbId=0F9B9C9B1DEFD39C758D41DB769CE68B&version=1.0&owaccmark=1000000001000021973&owchid=ystenlive&owsid=4308581763245895231&AuthInfo=SNuzqM13QFYwy2HIiqZmQAK9HrPqk%2B6g0LRluBpLZ7xOkxFx3Hp59J6Y%2Fxp71RFzgfdRSKRN5gJZKIbmpJLq%2FWC3XvKTZBtv7zsdt4nHG%2F7B8YBmJ2v71YgyRyWcfr0q HTTP/1.1" 404 31381 "-" "ZTE/1.0.6"
39.191.208.24 - - [16/Nov/2025:06:31:56 +0800] "GET /mglivesu.hometv.komect.com/000000001000/1000000001000021973/1000000001000021973_1500000_20251116_063000_3.ts?channel-id=ystenlive&Contentid=1000000001000021973&livemode=1&stbId=0F9B9C9B1DEFD39C758D41DB769CE68B&version=1.0&owaccmark=1000000001000021973&owchid=ystenlive&owsid=4308581763245895231&AuthInfo=SNuzqM13QFYwy2HIiqZmQAK9HrPqk%2B6g0LRluBpLZ7xOkxFx3Hp59J6Y%2Fxp71RFzgfdRSKRN5gJZKIbmpJLq%2FWC3XvKTZBtv7zsdt4nHG%2F7B8YBmJ2v71YgyRyWcfr0q HTTP/1.1" 404 31381 "-" "ZTE/1.0.6"
39.191.208.24 - - [16/Nov/2025:06:31:56 +0800] "GET /sx18k-livepull.migucloud.com/000000001000/1000000001000021973/1000000001000021973_1500000_20251116_063000_3.ts?channel-id=ystenlive&Contentid=1000000001000021973&livemode=1&stbId=0F9B9C9B1DEFD39C758D41DB769CE68B&version=1.0&owaccmark=1000000001000021973&owchid=ystenlive&owsid=4308581763245895231&AuthInfo=SNuzqM13QFYwy2HIiqZmQAK9HrPqk%2B6g0LRluBpLZ7xOkxFx3Hp59J6Y%2Fxp71RFzgfdRSKRN5gJZKIbmpJLq%2FWC3XvKTZBtv7zsdt4nHG%2F7B8YBmJ2v71YgyRyWcfr0q HTTP/1.1" 404 31381 "-" "ZTE/1.0.6"
39.191.208.24 - - [16/Nov/2025:06:31:56 +0800] "GET /cache.ott.bestlive.itv.cmvideo.cn/000000001000/1000000001000021973/1000000001000021973_1500000_20251116_063000_3.ts?channel-id=ystenlive&Contentid=1000000001000021973&livemode=1&stbId=0F9B9C9B1DEFD39C758D41DB769CE68B&version=1.0&owaccmark=1000000001000021973&owchid=ystenlive&owsid=4308581763245895231&AuthInfo=SNuzqM13QFYwy2HIiqZmQAK9HrPqk%2B6g0LRluBpLZ7xOkxFx3Hp59J6Y%2Fxp71RFzgfdRSKRN5gJZKIbmpJLq%2FWC3XvKTZBtv7zsdt4nHG%2F7B8YBmJ2v71YgyRyWcfr0q HTTP/1.1" 404 31381 "-" "ZTE/1.0.6"
39.191.208.24 - - [16/Nov/2025:06:31:56 +0800] "GET /studentvod.migucloud.com/000000001000/1000000001000021973/1000000001000021973_1500000_20251116_063000_3.ts?channel-id=ystenlive&Contentid=1000000001000021973&livemode=1&stbId=0F9B9C9B1DEFD39C758D41DB769CE68B&version=1.0&owaccmark=1000000001000021973&owchid=ystenlive&owsid=4308581763245895231&AuthInfo=SNuzqM13QFYwy2HIiqZmQAK9HrPqk%2B6g0LRluBpLZ7xOkxFx3Hp59J6Y%2Fxp71RFzgfdRSKRN5gJZKIbmpJLq%2FWC3XvKTZBtv7zsdt4nHG%2F7B8YBmJ2v71YgyRyWcfr0q HTTP/1.1" 404 31381 "-" "ZTE/1.0.6"
39.191.208.24 - - [16/Nov/2025:06:31:56 +0800] "GET /cache.ott.fifalive.itv.cmvideo.cn/000000001000/1000000001000021973/1000000001000021973_1500000_20251116_063000_3.ts?channel-id=ystenlive&Contentid=1000000001000021973&livemode=1&stbId=0F9B9C9B1DEFD39C758D41DB769CE68B&version=1.0&owaccmark=1000000001000021973&owchid=ystenlive&owsid=4308581763245895231&AuthInfo=SNuzqM13QFYwy2HIiqZmQAK9HrPqk%2B6g0LRluBpLZ7xOkxFx3Hp59J6Y%2Fxp71RFzgfdRSKRN5gJZKIbmpJLq%2FWC3XvKTZBtv7zsdt4nHG%2F7B8YBmJ2v71YgyRyWcfr0q HTTP/1.1" 404 31381 "-" "ZTE/1.0.6"
39.191.208.24 - - [16/Nov/2025:06:31:56 +0800] "GET /studentlive.migucloud.com/000000001000/1000000001000021973/1000000001000021973_1500000_20251116_063000_3.ts?channel-id=ystenlive&Contentid=1000000001000021973&livemode=1&stbId=0F9B9C9B1DEFD39C758D41DB769CE68B&version=1.0&owaccmark=1000000001000021973&owchid=ystenlive&owsid=4308581763245895231&AuthInfo=SNuzqM13QFYwy2HIiqZmQAK9HrPqk%2B6g0LRluBpLZ7xOkxFx3Hp59J6Y%2Fxp71RFzgfdRSKRN5gJZKIbmpJLq%2FWC3XvKTZBtv7zsdt4nHG%2F7B8YBmJ2v71YgyRyWcfr0q HTTP/1.1" 404 31381 "-" "ZTE/1.0.6"
36.133.115.36 - - [16/Nov/2025:06:39:56 +0800] "POST /wp-cron.php?doing_wp_cron=1763246396.0879590511322021484375 HTTP/1.1" 200 31 "-" "WordPress/6.8.3; http://cqqizhou.com"
36.133.108.119 - - [16/Nov/2025:06:39:56 +0800] "HEAD /nmaplowercheck1763058722 HTTP/1.1" 404 0 "-" "Mozilla/5.0 (Windows NT 6.1) AppleWebKit/537.36 (KHTML, like Gecko) Chrome/27.0.1453.90 Safari/537.36"
36.133.115.36 - - [16/Nov/2025:07:07:46 +0800] "POST /wp-cron.php?doing_wp_cron=1763248065.9642889499664306640625 HTTP/1.1" 200 31 "-" "WordPress/6.8.3; http://cqqizhou.com"
103.124.80.162 - - [16/Nov/2025:07:07:46 +0800] "GET / HTTP/1.1" 200 152189 "-" "Mozilla/5.0 (Windows NT 10.0; WOW64) AppleWebKit/537.36 (KHTML, like Gecko) Chrome/51.0.2704.103 Safari/537.36"
36.133.115.36 - - [16/Nov/2025:07:10:23 +0800] "POST /wp-cron.php?doing_wp_cron=1763248223.1513369083404541015625 HTTP/1.1" 200 31 "-" "WordPress/6.8.3; http://cqqizhou.com"
124.156.226.179 - - [16/Nov/2025:07:10:23 +0800] "GET / HTTP/1.1" 301 5 "-" "Mozilla/5.0 (iPhone; CPU iPhone OS 13_2_3 like Mac OS X) AppleWebKit/605.1.15 (KHTML, like Gecko) Version/13.0.3 Mobile/15E148 Safari/604.1"
124.156.226.179 - - [16/Nov/2025:07:10:25 +0800] "GET / HTTP/1.1" 200 33527 "http://www.cqqizhou.com" "Mozilla/5.0 (iPhone; CPU iPhone OS 13_2_3 like Mac OS X) AppleWebKit/605.1.15 (KHTML, like Gecko) Version/13.0.3 Mobile/15E148 Safari/604.1"
171.43.2.42 - - [16/Nov/2025:07:32:40 +0800] "GET / HTTP/1.1" 200 33929 "-" "Mozilla/5.0 (Windows NT 6.1; WOW64) AppleWebKit/537.36 (KHTML, like Gecko) Chrome/81.0.4044.138"
36.133.115.36 - - [16/Nov/2025:07:32:42 +0800] "POST /wp-cron.php?doing_wp_cron=1763249562.6248309612274169921875 HTTP/1.1" 200 31 "-" "WordPress/6.8.3; http://cqqizhou.com"
183.198.89.191 - - [16/Nov/2025:07:32:42 +0800] "GET / HTTP/1.1" 301 5 "-" "Mozilla/5.0 (Windows NT 10.0; Win64; x64) AppleWebKit/537.36 (KHTML, like Gecko) Chrome/75.0.3770.140"
183.198.89.191 - - [16/Nov/2025:07:32:43 +0800] "GET / HTTP/1.1" 200 33929 "-" "Mozilla/5.0 (Windows NT 10.0; Win64; x64) AppleWebKit/537.36 (KHTML, like Gecko) Chrome/75.0.3770.140"
194.163.129.51 - - [16/Nov/2025:07:39:06 +0800] "GET /admin/config.php HTTP/1.0" 404 16 "-" "xfa1"
36.133.115.36 - - [16/Nov/2025:07:40:56 +0800] "POST /wp-cron.php?doing_wp_cron=1763250056.8256850242614746093750 HTTP/1.1" 200 31 "-" "WordPress/6.8.3; http://cqqizhou.com"
216.73.216.183 - - [16/Nov/2025:07:40:56 +0800] "GET /robots.txt HTTP/1.1" 200 390 "-" "Mozilla/5.0 AppleWebKit/537.36 (KHTML, like Gecko; compatible; ClaudeBot/1.0; +claudebot@anthropic.com)"
216.73.216.183 - - [16/Nov/2025:07:40:57 +0800] "GET /wp-sitemap.xml HTTP/1.1" 501 253 "-" "Mozilla/5.0 AppleWebKit/537.36 (KHTML, like Gecko; compatible; ClaudeBot/1.0; +claudebot@anthropic.com)"
54.89.124.82 - - [16/Nov/2025:08:01:27 +0800] "GET / HTTP/1.1" 200 33929 "-" "Mozilla/5.0 (Macintosh; Intel Mac OS X 10_15_7) AppleWebKit/537.36 (KHTML, like Gecko) Chrome/135.0.0.0 Safari/537.36"
36.133.115.36 - - [16/Nov/2025:08:04:02 +0800] "POST /wp-cron.php?doing_wp_cron=1763251442.0253229141235351562500 HTTP/1.1" 200 31 "-" "WordPress/6.8.3; http://cqqizhou.com"
194.163.129.51 - - [16/Nov/2025:08:04:02 +0800] "GET /robots.txt HTTP/1.1" 301 5 "-" "Mozilla/5.0"
194.163.129.51 - - [16/Nov/2025:08:04:03 +0800] "GET /robots.txt HTTP/1.1" 200 190 "http://36.133.115.36:80/robots.txt" "Mozilla/5.0"
36.133.115.36 - - [16/Nov/2025:08:07:38 +0800] "POST /wp-cron.php?doing_wp_cron=1763251658.5423130989074707031250 HTTP/1.1" 200 31 "-" "WordPress/6.8.3; http://cqqizhou.com"
36.133.108.125 - - [16/Nov/2025:08:07:38 +0800] "HEAD /evox/about HTTP/1.1" 404 0 "-" "Mozilla/5.0 (compatible; MSIE 9.0; Windows NT 6.1; Trident/5.0; yie8)"
36.133.115.36 - - [16/Nov/2025:08:09:21 +0800] "POST /wp-cron.php?doing_wp_cron=1763251761.5169770717620849609375 HTTP/1.1" 200 31 "-" "WordPress/6.8.3; http://cqqizhou.com"
182.40.104.255 - - [16/Nov/2025:08:09:21 +0800] "GET / HTTP/1.1" 301 5 "-" "Mozilla/5.0 (iPhone; CPU iPhone OS 13_2_3 like Mac OS X) AppleWebKit/605.1.15 (KHTML, like Gecko) Version/13.0.3 Mobile/15E148 Safari/604.1"
182.40.104.255 - - [16/Nov/2025:08:09:26 +0800] "GET / HTTP/1.1" 200 33524 "http://www.cqqizhou.com" "Mozilla/5.0 (iPhone; CPU iPhone OS 13_2_3 like Mac OS X) AppleWebKit/605.1.15 (KHTML, like Gecko) Version/13.0.3 Mobile/15E148 Safari/604.1"
36.133.115.36 - - [16/Nov/2025:08:19:32 +0800] "POST /wp-cron.php?doing_wp_cron=1763252372.7097740173339843750000 HTTP/1.1" 200 31 "-" "WordPress/6.8.3; http://cqqizhou.com"
36.133.108.119 - - [16/Nov/2025:08:19:32 +0800] "HEAD /HNAP1 HTTP/1.1" 404 0 "-" "Mozilla/5.0 (Windows NT 6.1; WOW64) AppleWebKit/537.17 (KHTML, like Gecko) Chrome/24.0.1312.60 Safari/537.17"
36.133.115.36 - - [16/Nov/2025:08:54:47 +0800] "POST /wp-cron.php?doing_wp_cron=1763254487.2346749305725097656250 HTTP/1.1" 200 31 "-" "WordPress/6.8.3; http://cqqizhou.com"
121.199.163.183 - - [16/Nov/2025:08:54:47 +0800] "GET / HTTP/1.0" 301 0 "-" "-"
121.199.163.183 - - [16/Nov/2025:08:54:58 +0800] "GET /nmaplowercheck1763254497 HTTP/1.1" 404 31381 "-" "Mozilla/5.0 (compatible; Nmap Scripting Engine; https://nmap.org/book/nse.html)"
121.199.163.183 - - [16/Nov/2025:08:54:58 +0800] "GET / HTTP/1.0" 301 0 "-" "-"
121.199.163.183 - - [16/Nov/2025:08:54:58 +0800] "POST /sdk HTTP/1.1" 404 31381 "-" "Mozilla/5.0 (compatible; Nmap Scripting Engine; https://nmap.org/book/nse.html)"
121.199.163.183 - - [16/Nov/2025:08:54:58 +0800] "GET /evox/about HTTP/1.1" 404 31381 "-" "Mozilla/5.0 (compatible; Nmap Scripting Engine; https://nmap.org/book/nse.html)"
121.199.163.183 - - [16/Nov/2025:08:54:58 +0800] "GET /HNAP1 HTTP/1.1" 404 31381 "-" "Mozilla/5.0 (compatible; Nmap Scripting Engine; https://nmap.org/book/nse.html)"
121.199.163.183 - - [16/Nov/2025:08:55:18 +0800] "GET / HTTP/1.0" 301 0 "-" "-"
121.199.163.183 - - [16/Nov/2025:08:55:18 +0800] "GET / HTTP/1.1" 301 5 "-" "-"
36.133.115.36 - - [16/Nov/2025:09:02:33 +0800] "POST /wp-cron.php?doing_wp_cron=1763254953.0679891109466552734375 HTTP/1.1" 200 31 "-" "WordPress/6.8.3; http://cqqizhou.com"
165.22.184.62 - - [16/Nov/2025:09:02:33 +0800] "GET / HTTP/1.1" 301 5 "-" "Mozilla/5.0 (Windows NT 10.0; Win64; x64; rv:109.0) Gecko/20100101 Firefox/118.0"
36.133.115.36 - - [16/Nov/2025:09:28:49 +0800] "POST /wp-cron.php?doing_wp_cron=1763256529.4151220321655273437500 HTTP/1.1" 200 31 "-" "WordPress/6.8.3; http://cqqizhou.com"
114.119.130.99 - - [16/Nov/2025:09:28:49 +0800] "GET /wp-sitemap.xml HTTP/1.1" 501 253 "-" "Mozilla/5.0 (Linux; Android 7.0;) AppleWebKit/537.36 (KHTML, like Gecko) Mobile Safari/537.36 (compatible; PetalBot;+https://webmaster.petalsearch.com/site/petalbot)"
36.133.115.36 - - [16/Nov/2025:09:32:54 +0800] "POST /wp-cron.php?doing_wp_cron=1763256774.5526249408721923828125 HTTP/1.1" 200 31 "-" "WordPress/6.8.3; http://cqqizhou.com"
85.208.96.207 - - [16/Nov/2025:09:32:54 +0800] "GET /robots.txt HTTP/1.1" 200 190 "-" "Mozilla/5.0 (compatible; SemrushBot/7~bl; +http://www.semrush.com/bot.html)"
85.208.96.204 - - [16/Nov/2025:09:32:56 +0800] "GET /2162/ HTTP/1.1" 200 25487 "-" "Mozilla/5.0 (compatible; SemrushBot/7~bl; +http://www.semrush.com/bot.html)"
36.133.115.36 - - [16/Nov/2025:09:34:43 +0800] "POST /wp-cron.php?doing_wp_cron=1763256883.7509610652923583984375 HTTP/1.1" 200 31 "-" "WordPress/6.8.3; http://cqqizhou.com"
114.119.151.146 - - [16/Nov/2025:09:34:43 +0800] "GET /wp-sitemap.xml HTTP/1.1" 501 253 "-" "Mozilla/5.0 (Linux; Android 7.0;) AppleWebKit/537.36 (KHTML, like Gecko) Mobile Safari/537.36 (compatible; PetalBot;+https://webmaster.petalsearch.com/site/petalbot)"
62.60.131.73 - - [16/Nov/2025:09:39:45 +0800] "GET / HTTP/1.1" 200 33929 "-" "Go-http-client/1.1"
36.133.115.36 - - [16/Nov/2025:09:51:04 +0800] "POST /wp-cron.php?doing_wp_cron=1763257864.3531620502471923828125 HTTP/1.1" 200 31 "-" "WordPress/6.8.3; http://cqqizhou.com"
36.133.108.119 - - [16/Nov/2025:09:51:04 +0800] "HEAD / HTTP/1.1" 301 0 "-" "Mozilla/5.0 (Windows; U; Windows NT 6.1; en-US) AppleWebKit/533.20.25 (KHTML, like Gecko) Version/5.0.4 Safari/533.20.27"
36.133.115.36 - - [16/Nov/2025:10:01:05 +0800] "POST /wp-cron.php?doing_wp_cron=1763258465.6765239238739013671875 HTTP/1.1" 200 31 "-" "WordPress/6.8.3; http://cqqizhou.com"
43.157.179.227 - - [16/Nov/2025:10:01:05 +0800] "GET / HTTP/1.1" 301 5 "-" "Mozilla/5.0 (iPhone; CPU iPhone OS 13_2_3 like Mac OS X) AppleWebKit/605.1.15 (KHTML, like Gecko) Version/13.0.3 Mobile/15E148 Safari/604.1"
43.157.179.227 - - [16/Nov/2025:10:01:08 +0800] "GET / HTTP/1.1" 200 33526 "http://36.133.115.36" "Mozilla/5.0 (iPhone; CPU iPhone OS 13_2_3 like Mac OS X) AppleWebKit/605.1.15 (KHTML, like Gecko) Version/13.0.3 Mobile/15E148 Safari/604.1"
36.133.115.36 - - [16/Nov/2025:10:09:28 +0800] "POST /wp-cron.php?doing_wp_cron=1763258968.5784170627593994140625 HTTP/1.1" 200 31 "-" "WordPress/6.8.3; http://cqqizhou.com"
205.169.39.50 - - [16/Nov/2025:10:09:28 +0800] "GET / HTTP/1.1" 301 5 "-" "Mozilla/5.0 (Windows NT 10.0; Win64; x64) AppleWebKit/537.36 (KHTML, like Gecko) Chrome/117.0.5938.132 Safari/537.36"
205.169.39.50 - - [16/Nov/2025:10:09:29 +0800] "GET / HTTP/1.1" 200 33929 "-" "Mozilla/5.0 (Windows NT 10.0; Win64; x64) AppleWebKit/537.36 (KHTML, like Gecko) Chrome/117.0.5938.132 Safari/537.36"
205.169.39.50 - - [16/Nov/2025:10:09:31 +0800] "GET /wp-content/uploads/2025/07/1751425283-qizhou.kf_.qq_.com_.webp HTTP/1.1" 200 16864 "http://cqqizhou.com/" "Mozilla/5.0 (Windows NT 10.0; Win64; x64) AppleWebKit/537.36 (KHTML, like Gecko) Chrome/117.0.5938.132 Safari/537.36"
205.169.39.50 - - [16/Nov/2025:10:09:32 +0800] "GET /wp-content/uploads/2025/07/1750174127-Marketing1920x800_3.webp HTTP/1.1" 200 52790 "http://cqqizhou.com/wp-content/uploads/elementor/css/post-1666.css?ver=1762870941" "Mozilla/5.0 (Windows NT 10.0; Win64; x64) AppleWebKit/537.36 (KHTML, like Gecko) Chrome/117.0.5938.132 Safari/537.36"
205.169.39.50 - - [16/Nov/2025:10:09:33 +0800] "GET /wp-content/uploads/2025/07/1753454299-Article_images_W900px.webp HTTP/1.1" 200 52418 "http://cqqizhou.com/" "Mozilla/5.0 (Windows NT 10.0; Win64; x64) AppleWebKit/537.36 (KHTML, like Gecko) Chrome/117.0.5938.132 Safari/537.36"
205.169.39.50 - - [16/Nov/2025:10:09:33 +0800] "GET /wp-content/uploads/2025/07/1753454089-Article_images_W900px.webp HTTP/1.1" 200 27552 "http://cqqizhou.com/" "Mozilla/5.0 (Windows NT 10.0; Win64; x64) AppleWebKit/537.36 (KHTML, like Gecko) Chrome/117.0.5938.132 Safari/537.36"
205.169.39.50 - - [16/Nov/2025:10:09:34 +0800] "GET /wp-content/uploads/revslider/slider-1/1750929639-yuanjing_Slider_3840%C3%972160_20250626171955-scaled.webp HTTP/1.1" 200 203290 "http://cqqizhou.com/" "Mozilla/5.0 (Windows NT 10.0; Win64; x64) AppleWebKit/537.36 (KHTML, like Gecko) Chrome/117.0.5938.132 Safari/537.36"
205.169.39.50 - - [16/Nov/2025:10:09:34 +0800] "GET /wp-content/uploads/2025/07/1753456770-%E7%83%AD%E9%95%80%E9%94%8C%E5%8D%B7product_Single600.webp HTTP/1.1" 200 27502 "http://cqqizhou.com/" "Mozilla/5.0 (Windows NT 10.0; Win64; x64) AppleWebKit/537.36 (KHTML, like Gecko) Chrome/117.0.5938.132 Safari/537.36"
205.169.39.50 - - [16/Nov/2025:10:09:34 +0800] "GET /wp-content/uploads/2025/07/1753456723-%E5%8F%8C%E7%9B%B8%E9%92%A2roduct_Single600.webp HTTP/1.1" 200 22790 "http://cqqizhou.com/" "Mozilla/5.0 (Windows NT 10.0; Win64; x64) AppleWebKit/537.36 (KHTML, like Gecko) Chrome/117.0.5938.132 Safari/537.36"
205.169.39.50 - - [16/Nov/2025:10:09:34 +0800] "GET /wp-content/uploads/2025/07/1753453096-%E5%8F%8C%E7%9B%B8%E9%92%A2product_Single600%C3%97284.webp HTTP/1.1" 200 14562 "http://cqqizhou.com/" "Mozilla/5.0 (Windows NT 10.0; Win64; x64) AppleWebKit/537.36 (KHTML, like Gecko) Chrome/117.0.5938.132 Safari/537.36"
205.169.39.50 - - [16/Nov/2025:10:09:34 +0800] "GET /wp-content/uploads/2025/07/1753453127-%E4%BD%99%E5%8D%B7product_Single600%C3%97284.webp HTTP/1.1" 200 18744 "http://cqqizhou.com/" "Mozilla/5.0 (Windows NT 10.0; Win64; x64) AppleWebKit/537.36 (KHTML, like Gecko) Chrome/117.0.5938.132 Safari/537.36"
205.169.39.50 - - [16/Nov/2025:10:09:34 +0800] "GET /wp-content/uploads/revslider/slider-1/1750861156-logistics_Slider_3840%C3%972160_20250625191356-scaled-50x100.webp HTTP/1.1" 200 1416 "http://cqqizhou.com/" "Mozilla/5.0 (Windows NT 10.0; Win64; x64) AppleWebKit/537.36 (KHTML, like Gecko) Chrome/117.0.5938.132 Safari/537.36"
205.169.39.50 - - [16/Nov/2025:10:09:34 +0800] "GET /wp-content/uploads/2025/07/1753587901-Slider_3840%C3%972160_20250727-scaled-50x100.webp HTTP/1.1" 200 1660 "http://cqqizhou.com/" "Mozilla/5.0 (Windows NT 10.0; Win64; x64) AppleWebKit/537.36 (KHTML, like Gecko) Chrome/117.0.5938.132 Safari/537.36"
205.169.39.50 - - [16/Nov/2025:10:09:35 +0800] "GET /wp-content/uploads/2025/07/1753587901-Slider_3840%C3%972160_20250727-scaled-50x100.webp HTTP/1.1" 200 1660 "http://cqqizhou.com/" "Mozilla/5.0 (Windows NT 10.0; Win64; x64) AppleWebKit/537.36 (KHTML, like Gecko) Chrome/117.0.5938.132 Safari/537.36"
205.169.39.50 - - [16/Nov/2025:10:09:35 +0800] "GET /wp-content/uploads/revslider/slider-1/1750861156-logistics_Slider_3840%C3%972160_20250625191356-scaled-50x100.webp HTTP/1.1" 200 1416 "http://cqqizhou.com/" "Mozilla/5.0 (Windows NT 10.0; Win64; x64) AppleWebKit/537.36 (KHTML, like Gecko) Chrome/117.0.5938.132 Safari/537.36"
205.169.39.50 - - [16/Nov/2025:10:09:35 +0800] "GET /wp-json/sliderrevolution/sliders/1?srengine=7&slideid=2 HTTP/1.1" 200 2058 "http://cqqizhou.com/" "Mozilla/5.0 (Windows NT 10.0; Win64; x64) AppleWebKit/537.36 (KHTML, like Gecko) Chrome/117.0.5938.132 Safari/537.36"
205.169.39.50 - - [16/Nov/2025:10:09:35 +0800] "GET /wp-json/sliderrevolution/sliders/1?srengine=7&slideid=3 HTTP/1.1" 200 2292 "http://cqqizhou.com/" "Mozilla/5.0 (Windows NT 10.0; Win64; x64) AppleWebKit/537.36 (KHTML, like Gecko) Chrome/117.0.5938.132 Safari/537.36"
205.169.39.50 - - [16/Nov/2025:10:09:35 +0800] "GET /wp-content/uploads/2025/07/1753587901-Slider_3840%C3%972160_20250727-scaled.webp HTTP/1.1" 200 141034 "http://cqqizhou.com/" "Mozilla/5.0 (Windows NT 10.0; Win64; x64) AppleWebKit/537.36 (KHTML, like Gecko) Chrome/117.0.5938.132 Safari/537.36"
205.169.39.50 - - [16/Nov/2025:10:09:36 +0800] "GET /wp-content/uploads/revslider/slider-1/1750861156-logistics_Slider_3840%C3%972160_20250625191356-scaled.webp HTTP/1.1" 200 197360 "http://cqqizhou.com/" "Mozilla/5.0 (Windows NT 10.0; Win64; x64) AppleWebKit/537.36 (KHTML, like Gecko) Chrome/117.0.5938.132 Safari/537.36"
36.133.115.36 - - [16/Nov/2025:10:20:43 +0800] "POST /wp-cron.php?doing_wp_cron=1763259643.1113100051879882812500 HTTP/1.1" 200 31 "-" "WordPress/6.8.3; http://cqqizhou.com"
183.134.59.133 - - [16/Nov/2025:10:20:43 +0800] "GET / HTTP/1.1" 200 33526 "-" "Mozilla/5.0 (Linux; U; Android 7.1.1; zh-cn; OPPO A77 Build/NMF26F) AppleWebKit/537.36 (KHTML, like Gecko) Version/4.0 Chrome/57.0.2987.132 MQQBrowser/8.4 Mobile Safari/537.36"
36.133.115.36 - - [16/Nov/2025:10:21:47 +0800] "POST /wp-cron.php?doing_wp_cron=1763259707.5789730548858642578125 HTTP/1.1" 200 31 "-" "WordPress/6.8.3; http://cqqizhou.com"
183.134.59.133 - - [16/Nov/2025:10:21:47 +0800] "GET / HTTP/1.1" 200 33526 "-" "Dalvik/2.1.0 (Linux; U; Android 9.0; ZTE BA520 Build/MRA58K)"
183.134.59.133 - - [16/Nov/2025:10:23:30 +0800] "GET / HTTP/1.1" 200 33929 "-" "Mozilla/5.0 (Macintosh; Intel Mac OS X 10_11) AppleWebKit/601.1.27 (KHTML, like Gecko) Chrome/47.0.2526.106 Safari/601.1.27"
180.153.236.29 - - [16/Nov/2025:10:23:52 +0800] "GET / HTTP/1.1" 200 33929 "-" "Mozilla/5.0 (Windows NT 10.0; Win64; x64) AppleWebKit/537.36 (KHTML, like Gecko) Chrome/140.0.0.0 Safari/537.36 Edg/140.0.0.0; 360Spider"
180.153.236.42 - - [16/Nov/2025:10:24:57 +0800] "GET / HTTP/1.1" 200 33929 "-" "Mozilla/5.0 (Windows NT 10.0; Win64; x64) AppleWebKit/537.36 (KHTML, like Gecko) Chrome/140.0.0.0 Safari/537.36 Edg/140.0.0.0; 360Spider"
36.133.115.36 - - [16/Nov/2025:10:42:04 +0800] "POST /wp-cron.php?doing_wp_cron=1763260924.2953829765319824218750 HTTP/1.1" 200 31 "-" "WordPress/6.8.3; http://cqqizhou.com"
103.203.56.1 - - [16/Nov/2025:10:42:04 +0800] "GET / HTTP/1.1" 301 5 "-" "HTTP Banner Detection (https://security.ipip.net)"
43.157.53.115 - - [16/Nov/2025:10:42:37 +0800] "GET / HTTP/1.1" 200 33526 "-" "Mozilla/5.0 (iPhone; CPU iPhone OS 13_2_3 like Mac OS X) AppleWebKit/605.1.15 (KHTML, like Gecko) Version/13.0.3 Mobile/15E148 Safari/604.1"
106.57.254.2 - - [16/Nov/2025:10:43:55 +0800] "GET / HTTP/1.1" 200 33929 "-" "Mozilla/5.0 (Windows NT 10.0; Win64; x64) AppleWebKit/537.36 (KHTML, like Gecko) Chrome/122.0.0.0 Safari/537.36 Edg/122.0.0.0"
36.133.115.36 - - [16/Nov/2025:11:22:07 +0800] "POST /wp-cron.php?doing_wp_cron=1763263327.1249809265136718750000 HTTP/1.1" 200 31 "-" "WordPress/6.8.3; http://cqqizhou.com"
104.131.58.215 - - [16/Nov/2025:11:22:07 +0800] "GET /.git/config HTTP/1.1" 404 8989 "-" "Mozilla/5.0 (X11; Linux x86_64) AppleWebKit/537.36 (KHTML, like Gecko) Chrome/81.0.4044.129 Safari/537.36"
36.133.115.36 - - [16/Nov/2025:11:43:43 +0800] "POST /wp-cron.php?doing_wp_cron=1763264623.2865190505981445312500 HTTP/1.1" 200 31 "-" "WordPress/6.8.3; http://cqqizhou.com"
213.209.157.254 - - [16/Nov/2025:11:43:43 +0800] "GET /.git/config HTTP/1.1" 404 8989 "-" "Mozilla/5.0 (Linux; Android 9; SM-G965U) AppleWebKit/537.36 (KHTML, like Gecko) Chrome/75.0.3770.101 Mobile Safari/537.36"
36.133.115.36 - - [16/Nov/2025:12:03:24 +0800] "POST /wp-cron.php?doing_wp_cron=1763265804.5409450531005859375000 HTTP/1.1" 200 31 "-" "WordPress/6.8.3; http://cqqizhou.com"
114.119.130.109 - - [16/Nov/2025:12:03:24 +0800] "GET /robots.txt HTTP/1.1" 200 190 "-" "Mozilla/5.0 (compatible;PetalBot;+https://webmaster.petalsearch.com/site/petalbot)"
36.133.115.36 - - [16/Nov/2025:12:08:33 +0800] "POST /wp-cron.php?doing_wp_cron=1763266113.4146099090576171875000 HTTP/1.1" 200 31 "-" "WordPress/6.8.3; http://cqqizhou.com"
114.119.137.190 - - [16/Nov/2025:12:08:33 +0800] "GET /robots.txt HTTP/1.1" 200 190 "-" "Mozilla/5.0 (compatible;PetalBot;+https://webmaster.petalsearch.com/site/petalbot)"
36.133.115.36 - - [16/Nov/2025:12:11:12 +0800] "POST /wp-cron.php?doing_wp_cron=1763266272.0614581108093261718750 HTTP/1.1" 200 31 "-" "WordPress/6.8.3; http://cqqizhou.com"
103.252.89.75 - - [16/Nov/2025:12:11:12 +0800] "GET / HTTP/1.1" 200 152189 "-" "-"
36.133.115.36 - - [16/Nov/2025:12:18:42 +0800] "POST /wp-cron.php?doing_wp_cron=1763266722.4525649547576904296875 HTTP/1.1" 200 31 "-" "WordPress/6.8.3; http://cqqizhou.com"
206.168.34.217 - - [16/Nov/2025:12:18:42 +0800] "GET /sitemap.xml HTTP/1.1" 200 499 "-" "Mozilla/5.0 (compatible; CensysInspect/1.1; +https://about.censys.io/)"
185.242.226.102 - - [16/Nov/2025:12:19:31 +0800] "GET / HTTP/1.1" 499 0 "-" "python-requests/2.26.0"
36.133.115.36 - - [16/Nov/2025:12:19:31 +0800] "POST /wp-cron.php?doing_wp_cron=1763266771.4825830459594726562500 HTTP/1.1" 200 31 "-" "WordPress/6.8.3; http://cqqizhou.com"
36.133.115.36 - - [16/Nov/2025:12:31:43 +0800] "POST /wp-cron.php?doing_wp_cron=1763267503.5410530567169189453125 HTTP/1.1" 200 31 "-" "WordPress/6.8.3; http://cqqizhou.com"
91.202.233.79 - - [16/Nov/2025:12:31:43 +0800] "GET /.git/config HTTP/1.1" 404 31381 "-" "-"
36.133.115.36 - - [16/Nov/2025:12:39:05 +0800] "POST /wp-cron.php?doing_wp_cron=1763267945.0161790847778320312500 HTTP/1.1" 200 31 "-" "WordPress/6.8.3; http://cqqizhou.com"
143.198.18.119 - - [16/Nov/2025:12:39:05 +0800] "GET /.env HTTP/1.1" 404 8989 "-" "Mozilla/5.0; Keydrop.io/1.0(onlyscans.com/about);"
143.198.18.119 - - [16/Nov/2025:12:39:06 +0800] "GET /.git/config HTTP/1.1" 404 8989 "-" "Mozilla/5.0; Keydrop.io/1.0(onlyscans.com/about);"
36.133.115.36 - - [16/Nov/2025:12:40:12 +0800] "POST /wp-cron.php?doing_wp_cron=1763268012.2754490375518798828125 HTTP/1.1" 200 31 "-" "WordPress/6.8.3; http://cqqizhou.com"
91.224.92.119 - - [16/Nov/2025:12:40:12 +0800] "GET /wp-login.php HTTP/1.1" 200 2782 "" "Mozilla/5.0 (Macintosh; Intel Mac OS X 13_6_1) AppleWebKit/537.36 (KHTML, like Gecko) Chrome/121.0.0.0 Safari/537.36"
91.224.92.119 - - [16/Nov/2025:12:40:18 +0800] "POST /wp-login.php HTTP/1.1" 200 2977 "http://cqqizhou.com/wp-login.php" "Mozilla/5.0 (Windows NT 11.0; Win64; x64; rv:118.0) Gecko/20100101 Firefox/118.0"
91.224.92.119 - - [16/Nov/2025:12:40:20 +0800] "POST /wp-login.php HTTP/1.1" 200 2894 "http://cqqizhou.com/wp-login.php" "Mozilla/5.0 (Windows NT 11.0; Win64; x64) AppleWebKit/537.36 (KHTML, like Gecko) Chrome/119.0.0.0 Safari/537.36"
91.224.92.119 - - [16/Nov/2025:12:40:22 +0800] "POST /wp-login.php HTTP/1.1" 200 2976 "http://cqqizhou.com/wp-login.php" "Mozilla/5.0 (Macintosh; Intel Mac OS X 10_15_7) AppleWebKit/537.36 (KHTML, like Gecko) Chrome/118.0.0.0 Safari/537.36"
91.224.92.119 - - [16/Nov/2025:12:40:26 +0800] "POST /wp-login.php HTTP/1.1" 200 2975 "http://cqqizhou.com/wp-login.php" "Mozilla/5.0 (X11; Linux x86_64) AppleWebKit/537.36 (KHTML, like Gecko) Chrome/118.0.0.0 Safari/537.36"
91.224.92.119 - - [16/Nov/2025:12:40:29 +0800] "POST /wp-login.php HTTP/1.1" 200 2979 "http://cqqizhou.com/wp-login.php" "Mozilla/5.0 (Macintosh; Intel Mac OS X 10_15_7) AppleWebKit/537.36 (KHTML, like Gecko) Chrome/120.0.0.0 Safari/537.36"
91.224.92.119 - - [16/Nov/2025:12:40:31 +0800] "POST /wp-login.php HTTP/1.1" 200 2980 "http://cqqizhou.com/wp-login.php" "Mozilla/5.0 (Macintosh; Intel Mac OS X 10_15_7; rv:120.0) Gecko/20100101 Firefox/120.0"
91.224.92.119 - - [16/Nov/2025:12:40:34 +0800] "POST /wp-login.php HTTP/1.1" 200 2982 "http://cqqizhou.com/wp-login.php" "Mozilla/5.0 (Windows NT 11.0; Win64; x64) AppleWebKit/537.36 (KHTML, like Gecko) Chrome/119.0.0.0 Safari/537.36"
91.224.92.119 - - [16/Nov/2025:12:40:37 +0800] "POST /wp-login.php HTTP/1.1" 200 2982 "http://cqqizhou.com/wp-login.php" "Mozilla/5.0 (Windows NT 10.0; Win64; x64) AppleWebKit/537.36 (KHTML, like Gecko) Chrome/119.0.0.0 Safari/537.36"
91.224.92.119 - - [16/Nov/2025:12:40:40 +0800] "POST /wp-login.php HTTP/1.1" 200 2923 "http://cqqizhou.com/wp-login.php" "Mozilla/5.0 (Macintosh; Intel Mac OS X 10_15_7) AppleWebKit/537.36 (KHTML, like Gecko) Chrome/120.0.0.0 Safari/537.36"
91.224.92.119 - - [16/Nov/2025:12:40:44 +0800] "POST /wp-login.php HTTP/1.1" 200 2976 "http://cqqizhou.com/wp-login.php" "Mozilla/5.0 (Windows NT 10.0; Win64; x64) AppleWebKit/537.36 (KHTML, like Gecko) Chrome/118.0.0.0 Safari/537.36"
36.133.115.36 - - [16/Nov/2025:12:40:47 +0800] "POST /wp-cron.php?doing_wp_cron=1763268047.1150569915771484375000 HTTP/1.1" 200 31 "-" "WordPress/6.8.3; http://cqqizhou.com"
91.224.92.119 - - [16/Nov/2025:12:40:47 +0800] "POST /wp-login.php HTTP/1.1" 200 2923 "http://cqqizhou.com/wp-login.php" "Mozilla/5.0 (Windows NT 11.0; Win64; x64; rv:119.0) Gecko/20100101 Firefox/119.0"
91.224.92.119 - - [16/Nov/2025:12:40:49 +0800] "POST /wp-login.php HTTP/1.1" 200 2979 "http://cqqizhou.com/wp-login.php" "Mozilla/5.0 (Windows NT 10.0; Win64; x64; rv:121.0) Gecko/20100101 Firefox/121.0"
91.224.92.119 - - [16/Nov/2025:12:40:52 +0800] "POST /wp-login.php HTTP/1.1" 200 2979 "http://cqqizhou.com/wp-login.php" "Mozilla/5.0 (Macintosh; Intel Mac OS X 10_15_7) AppleWebKit/537.36 (KHTML, like Gecko) Chrome/121.0.0.0 Safari/537.36"
91.224.92.119 - - [16/Nov/2025:12:40:55 +0800] "POST /wp-login.php HTTP/1.1" 200 2982 "http://cqqizhou.com/wp-login.php" "Mozilla/5.0 (Windows NT 10.0; Win64; x64; rv:121.0) Gecko/20100101 Firefox/121.0"
91.224.92.119 - - [16/Nov/2025:12:40:58 +0800] "POST /wp-login.php HTTP/1.1" 200 2977 "http://cqqizhou.com/wp-login.php" "Mozilla/5.0 (Windows NT 11.0; Win64; x64; rv:121.0) Gecko/20100101 Firefox/121.0"
91.224.92.119 - - [16/Nov/2025:12:41:00 +0800] "POST /wp-login.php HTTP/1.1" 200 2982 "http://cqqizhou.com/wp-login.php" "Mozilla/5.0 (Windows NT 11.0; Win64; x64) AppleWebKit/537.36 (KHTML, like Gecko) Chrome/121.0.0.0 Safari/537.36"
91.224.92.119 - - [16/Nov/2025:12:41:02 +0800] "POST /wp-login.php HTTP/1.1" 200 2982 "http://cqqizhou.com/wp-login.php" "Mozilla/5.0 (Macintosh; Intel Mac OS X 13_6_1) AppleWebKit/537.36 (KHTML, like Gecko) Chrome/121.0.0.0 Safari/537.36"
91.224.92.119 - - [16/Nov/2025:12:41:04 +0800] "POST /wp-login.php HTTP/1.1" 200 2923 "http://cqqizhou.com/wp-login.php" "Mozilla/5.0 (X11; Ubuntu; Linux x86_64) AppleWebKit/537.36 (KHTML, like Gecko) Chrome/121.0.0.0 Safari/537.36"
91.224.92.119 - - [16/Nov/2025:12:41:08 +0800] "POST /wp-login.php HTTP/1.1" 200 2976 "http://cqqizhou.com/wp-login.php" "Mozilla/5.0 (X11; Linux x86_64) AppleWebKit/537.36 (KHTML, like Gecko) Chrome/120.0.0.0 Safari/537.36"
91.224.92.119 - - [16/Nov/2025:12:41:12 +0800] "POST /wp-login.php HTTP/1.1" 200 2977 "http://cqqizhou.com/wp-login.php" "Mozilla/5.0 (Macintosh; Intel Mac OS X 13_6_1; rv:119.0) Gecko/20100101 Firefox/119.0"
91.224.92.119 - - [16/Nov/2025:12:41:16 +0800] "POST /wp-login.php HTTP/1.1" 200 2977 "http://cqqizhou.com/wp-login.php" "Mozilla/5.0 (Windows NT 10.0; Win64; x64) AppleWebKit/537.36 (KHTML, like Gecko) Chrome/118.0.0.0 Safari/537.36"
91.224.92.119 - - [16/Nov/2025:12:41:19 +0800] "POST /wp-login.php HTTP/1.1" 200 2924 "http://cqqizhou.com/wp-login.php" "Mozilla/5.0 (Macintosh; Intel Mac OS X 13_6_1) AppleWebKit/605.1.15 (KHTML, like Gecko) Version/17.0 Safari/605.1.15"
91.224.92.119 - - [16/Nov/2025:12:41:22 +0800] "POST /wp-login.php HTTP/1.1" 200 2982 "http://cqqizhou.com/wp-login.php" "Mozilla/5.0 (X11; Linux x86_64) AppleWebKit/537.36 (KHTML, like Gecko) Chrome/119.0.0.0 Safari/537.36"
91.224.92.119 - - [16/Nov/2025:12:41:34 +0800] "POST /wp-login.php HTTP/1.1" 200 2977 "http://cqqizhou.com/wp-login.php" "Mozilla/5.0 (X11; Ubuntu; Linux x86_64) AppleWebKit/537.36 (KHTML, like Gecko) Chrome/119.0.0.0 Safari/537.36"
91.224.92.119 - - [16/Nov/2025:12:41:36 +0800] "POST /wp-login.php HTTP/1.1" 200 2923 "http://cqqizhou.com/wp-login.php" "Mozilla/5.0 (Windows NT 10.0; Win64; x64; rv:120.0) Gecko/20100101 Firefox/120.0"
91.224.92.119 - - [16/Nov/2025:12:41:40 +0800] "POST /wp-login.php HTTP/1.1" 200 2982 "http://cqqizhou.com/wp-login.php" "Mozilla/5.0 (Macintosh; Intel Mac OS X 13_6_1) AppleWebKit/605.1.15 (KHTML, like Gecko) Version/16.6 Safari/605.1.15"
91.224.92.119 - - [16/Nov/2025:12:41:43 +0800] "POST /wp-login.php HTTP/1.1" 200 2977 "http://cqqizhou.com/wp-login.php" "Mozilla/5.0 (Macintosh; Intel Mac OS X 13_6_1) AppleWebKit/605.1.15 (KHTML, like Gecko) Version/17.0 Safari/605.1.15"
36.133.115.36 - - [16/Nov/2025:12:41:48 +0800] "POST /wp-cron.php?doing_wp_cron=1763268108.2058789730072021484375 HTTP/1.1" 200 31 "-" "WordPress/6.8.3; http://cqqizhou.com"
91.224.92.119 - - [16/Nov/2025:12:41:48 +0800] "POST /wp-login.php HTTP/1.1" 200 2975 "http://cqqizhou.com/wp-login.php" "Mozilla/5.0 (X11; Linux x86_64) AppleWebKit/537.36 (KHTML, like Gecko) Chrome/119.0.0.0 Safari/537.36"
