75.119.208.120 - - [29/Oct/2025:07:26:23 +0800] "GET /wp-login.php HTTP/1.1" 200 2780 "-" "Mozilla/5.0 (X11; Ubuntu; Linux x86_64; rv:85.0) Gecko/20100101 Firefox/91.0"
75.119.208.120 - - [29/Oct/2025:07:26:24 +0800] "POST /wp-login.php HTTP/1.1" 200 2919 "-" "Mozilla/5.0 (X11; Ubuntu; Linux x86_64; rv:85.0) Gecko/20100101 Firefox/91.0"
36.133.115.36 - - [29/Oct/2025:07:29:03 +0800] "POST /wp-cron.php?doing_wp_cron=1761694143.1490540504455566406250 HTTP/1.1" 200 31 "-" "WordPress/6.8.2; http://cqqizhou.com"
212.11.64.31 - - [29/Oct/2025:07:29:03 +0800] "GET / HTTP/1.1" 301 5 "-" "Mozilla/5.0 (Windows NT 10.0; Win64; x64) AppleWebKit/537.36 (KHTML, like Gecko) Chrome/118.0.0.0 Safari/537.36"
36.133.115.36 - - [29/Oct/2025:07:30:30 +0800] "POST /wp-cron.php?doing_wp_cron=1761694229.9975070953369140625000 HTTP/1.1" 200 31 "-" "WordPress/6.8.2; http://cqqizhou.com"
182.42.104.32 - - [29/Oct/2025:07:30:30 +0800] "GET / HTTP/1.1" 200 33466 "-" "Mozilla/5.0 (iPhone; CPU iPhone OS 13_2_3 like Mac OS X) AppleWebKit/605.1.15 (KHTML, like Gecko) Version/13.0.3 Mobile/15E148 Safari/604.1"
36.133.115.36 - - [29/Oct/2025:07:30:48 +0800] "POST /wp-cron.php?doing_wp_cron=1761694248.2380220890045166015625 HTTP/1.1" 200 31 "-" "WordPress/6.8.2; http://cqqizhou.com"
102.66.192.182 - - [29/Oct/2025:07:30:49 +0800] "GET / HTTP/1.1" 200 151919 "-" "Mozilla/5.0 (Windows NT 10.0; WOW64) AppleWebKit/537.36 (KHTML, like Gecko) Chrome/52.0.2743.116 Safari/537.36"
36.133.115.36 - - [29/Oct/2025:07:51:56 +0800] "POST /wp-cron.php?doing_wp_cron=1761695516.3982279300689697265625 HTTP/1.1" 200 31 "-" "WordPress/6.8.2; http://cqqizhou.com"
66.181.74.78 - - [29/Oct/2025:07:51:56 +0800] "POST /xmlrpc.php HTTP/1.1" 200 217 "-" "Mozilla/5.0 (Windows NT 10.0; Win64; x64; rv:60.0) Gecko/20100101 Firefox/60.0"
36.133.115.36 - - [29/Oct/2025:07:56:52 +0800] "POST /wp-cron.php?doing_wp_cron=1761695812.3105919361114501953125 HTTP/1.1" 200 31 "-" "WordPress/6.8.2; http://cqqizhou.com"
94.74.191.126 - - [29/Oct/2025:07:56:53 +0800] "GET / HTTP/1.1" 200 151919 "-" "-"
45.89.70.30 - - [29/Oct/2025:07:57:09 +0800] "GET / HTTP/1.0" 200 153652 "http://cqqizhou.com/" "Mozilla/5.0 (Windows NT 10.0; Win64; x64) AppleWebKit/537.36 (KHTML, like Gecko) Chrome/130.0.0.0 Safari/537.36 CCleaner/130.0.0.0"
45.89.70.30 - - [29/Oct/2025:07:57:10 +0800] "GET /contacts/ HTTP/1.0" 200 76283 "http://cqqizhou.com/contacts/" "Mozilla/5.0 (Windows NT 10.0; Win64; x64) AppleWebKit/537.36 (KHTML, like Gecko) Chrome/130.0.0.0 Safari/537.36 CCleaner/130.0.0.0"
45.89.70.30 - - [29/Oct/2025:07:57:13 +0800] "POST /contacts/ HTTP/1.0" 200 68821 "http://cqqizhou.com/contacts/" "Mozilla/5.0 (Windows NT 10.0; Win64; x64) AppleWebKit/537.36 (KHTML, like Gecko) Chrome/130.0.0.0 Safari/537.36 CCleaner/130.0.0.0"
36.133.115.36 - - [29/Oct/2025:07:58:05 +0800] "POST /wp-cron.php?doing_wp_cron=1761695885.3575479984283447265625 HTTP/1.1" 200 31 "-" "WordPress/6.8.2; http://cqqizhou.com"
94.74.191.2 - - [29/Oct/2025:07:58:05 +0800] "GET /cgi-bin/luci/;stok=/locale HTTP/1.1" 301 5 "-" "-"
94.74.191.2 - - [29/Oct/2025:07:58:07 +0800] "GET /cgi-bin/luci/;stok=/locale HTTP/1.1" 404 31381 "http://36.133.115.36:80/cgi-bin/luci/;stok=/locale" "-"
36.133.115.36 - - [29/Oct/2025:08:03:21 +0800] "POST /wp-cron.php?doing_wp_cron=1761696201.3409819602966308593750 HTTP/1.1" 200 31 "-" "WordPress/6.8.2; http://cqqizhou.com"
213.209.143.66 - - [29/Oct/2025:08:03:21 +0800] "GET / HTTP/1.1" 200 33466 "-" "Mozilla/5.0 (Windows NT 10.0; Win64; x64) AppleWebKit/537.36 (KHTML, like Gecko) Chrome/90.0.4430.85 Safari/537.36 Edg/90.0.818.46"
36.133.115.36 - - [29/Oct/2025:08:05:44 +0800] "POST /wp-cron.php?doing_wp_cron=1761696344.4926400184631347656250 HTTP/1.1" 200 31 "-" "WordPress/6.8.2; http://cqqizhou.com"
87.120.191.94 - - [29/Oct/2025:08:05:45 +0800] "GET / HTTP/1.1" 200 151919 "-" "-"
36.133.115.36 - - [29/Oct/2025:08:18:44 +0800] "POST /wp-cron.php?doing_wp_cron=1761697124.3547370433807373046875 HTTP/1.1" 200 31 "-" "WordPress/6.8.2; http://cqqizhou.com"
34.80.26.96 - - [29/Oct/2025:08:18:44 +0800] "GET /wp-login.php HTTP/1.1" 200 2780 "-" "Mozilla/5.0 (X11; Ubuntu; Linux x86_64; rv:85.0) Gecko/20100101 Firefox/91.0"
34.80.26.96 - - [29/Oct/2025:08:18:45 +0800] "POST /wp-login.php HTTP/1.1" 200 2918 "-" "Mozilla/5.0 (X11; Ubuntu; Linux x86_64; rv:85.0) Gecko/20100101 Firefox/91.0"
36.133.115.36 - - [29/Oct/2025:08:28:32 +0800] "POST /wp-cron.php?doing_wp_cron=1761697712.2021660804748535156250 HTTP/1.1" 200 31 "-" "WordPress/6.8.2; http://cqqizhou.com"
94.74.182.74 - - [29/Oct/2025:08:28:37 +0800] "GET / HTTP/1.1" 200 151919 "-" "Mozilla/5.0 (Windows NT 10.0; Win64; x64) AppleWebKit/537.36 (KHTML, like Gecko) Chrome/42.0.2311.135 Safari/537.36 Edge/12.246"
36.133.115.36 - - [29/Oct/2025:08:29:16 +0800] "POST /wp-cron.php?doing_wp_cron=1761697756.1472809314727783203125 HTTP/1.1" 200 31 "-" "WordPress/6.8.2; http://cqqizhou.com"
20.171.25.78 - - [29/Oct/2025:08:29:16 +0800] "GET / HTTP/1.1" 301 5 "-" "Mozilla/5.0 zgrab/0.x"
62.60.131.204 - - [29/Oct/2025:08:30:49 +0800] "GET / HTTP/1.1" 200 33931 "-" "Go-http-client/1.1"
62.60.131.204 - - [29/Oct/2025:08:30:51 +0800] "GET /test.php HTTP/1.1" 404 47 "-" "Go-http-client/1.1"
62.60.131.204 - - [29/Oct/2025:08:30:57 +0800] "GET /pinfo.php HTTP/1.1" 404 47 "-" "Go-http-client/1.1"
62.60.131.204 - - [29/Oct/2025:08:30:57 +0800] "GET /linusadmin-phpinfo.php HTTP/1.1" 404 47 "-" "Go-http-client/1.1"
62.60.131.204 - - [29/Oct/2025:08:30:57 +0800] "GET /info.php HTTP/1.1" 200 49 "-" "Go-http-client/1.1"
62.60.131.204 - - [29/Oct/2025:08:30:57 +0800] "GET /infos.php HTTP/1.1" 404 47 "-" "Go-http-client/1.1"
62.60.131.204 - - [29/Oct/2025:08:30:57 +0800] "GET /dashboard/phpinfo.php HTTP/1.1" 404 47 "-" "Go-http-client/1.1"
62.60.131.204 - - [29/Oct/2025:08:30:57 +0800] "GET /_profiler/phpinfo.php HTTP/1.1" 404 47 "-" "Go-http-client/1.1"
62.60.131.204 - - [29/Oct/2025:08:30:57 +0800] "GET /phpversion.php HTTP/1.1" 404 47 "-" "Go-http-client/1.1"
62.60.131.204 - - [29/Oct/2025:08:30:57 +0800] "GET /config/cli_bootstrap.php HTTP/1.1" 404 47 "-" "Go-http-client/1.1"
62.60.131.204 - - [29/Oct/2025:08:30:57 +0800] "GET /application/config/email.php HTTP/1.1" 404 47 "-" "Go-http-client/1.1"
62.60.131.204 - - [29/Oct/2025:08:30:57 +0800] "GET /application/config/hooks.php HTTP/1.1" 404 47 "-" "Go-http-client/1.1"
62.60.131.204 - - [29/Oct/2025:08:30:57 +0800] "GET /config/autoload/local.php HTTP/1.1" 404 47 "-" "Go-http-client/1.1"
62.60.131.204 - - [29/Oct/2025:08:30:57 +0800] "GET /config/services.php HTTP/1.1" 404 47 "-" "Go-http-client/1.1"
62.60.131.204 - - [29/Oct/2025:08:30:57 +0800] "GET /application/config/config.php HTTP/1.1" 404 47 "-" "Go-http-client/1.1"
62.60.131.204 - - [29/Oct/2025:08:30:57 +0800] "GET /application/config/profiler.php HTTP/1.1" 404 47 "-" "Go-http-client/1.1"
62.60.131.204 - - [29/Oct/2025:08:30:57 +0800] "GET /config/application.config.php HTTP/1.1" 404 47 "-" "Go-http-client/1.1"
62.60.131.204 - - [29/Oct/2025:08:30:57 +0800] "GET /config/security.config.php HTTP/1.1" 404 47 "-" "Go-http-client/1.1"
62.60.131.204 - - [29/Oct/2025:08:30:57 +0800] "GET /application/config/autoload.php HTTP/1.1" 404 47 "-" "Go-http-client/1.1"
62.60.131.204 - - [29/Oct/2025:08:30:57 +0800] "GET /config/test.config.php HTTP/1.1" 404 47 "-" "Go-http-client/1.1"
62.60.131.204 - - [29/Oct/2025:08:30:57 +0800] "GET /application/config/mimes.php HTTP/1.1" 404 47 "-" "Go-http-client/1.1"
62.60.131.204 - - [29/Oct/2025:08:30:57 +0800] "GET /config/filesystems.php HTTP/1.1" 404 47 "-" "Go-http-client/1.1"
62.60.131.204 - - [29/Oct/2025:08:30:57 +0800] "GET /application/config/routes.php HTTP/1.1" 404 47 "-" "Go-http-client/1.1"
62.60.131.204 - - [29/Oct/2025:08:30:57 +0800] "GET /application/config/foreign_chars.php HTTP/1.1" 404 47 "-" "Go-http-client/1.1"
62.60.131.204 - - [29/Oct/2025:08:30:57 +0800] "GET /config/acl.config.php HTTP/1.1" 404 47 "-" "Go-http-client/1.1"
62.60.131.204 - - [29/Oct/2025:08:30:57 +0800] "GET /config/app_local.php HTTP/1.1" 404 47 "-" "Go-http-client/1.1"
62.60.131.204 - - [29/Oct/2025:08:30:57 +0800] "GET /asdf.php HTTP/1.1" 404 47 "-" "Go-http-client/1.1"
62.60.131.204 - - [29/Oct/2025:08:30:57 +0800] "GET /config/cache.php HTTP/1.1" 404 47 "-" "Go-http-client/1.1"
62.60.131.204 - - [29/Oct/2025:08:30:57 +0800] "GET /application/config/doctypes.php HTTP/1.1" 404 47 "-" "Go-http-client/1.1"
62.60.131.204 - - [29/Oct/2025:08:30:57 +0800] "GET /config/database.config.php HTTP/1.1" 404 47 "-" "Go-http-client/1.1"
62.60.131.204 - - [29/Oct/2025:08:30:57 +0800] "GET /application/config/encryption.php HTTP/1.1" 404 47 "-" "Go-http-client/1.1"
62.60.131.204 - - [29/Oct/2025:08:30:57 +0800] "GET /config/session.php HTTP/1.1" 404 47 "-" "Go-http-client/1.1"
62.60.131.204 - - [29/Oct/2025:08:30:57 +0800] "GET /application/config/constants.php HTTP/1.1" 404 47 "-" "Go-http-client/1.1"
62.60.131.204 - - [29/Oct/2025:08:30:57 +0800] "GET /?pp=env&pp=env HTTP/1.1" 200 33931 "-" "Go-http-client/1.1"
62.60.131.204 - - [29/Oct/2025:08:30:57 +0800] "GET /application/config/database.php HTTP/1.1" 404 47 "-" "Go-http-client/1.1"
62.60.131.204 - - [29/Oct/2025:08:30:57 +0800] "GET /app/etc/env.php HTTP/1.1" 404 47 "-" "Go-http-client/1.1"
62.60.131.204 - - [29/Oct/2025:08:30:57 +0800] "GET / HTTP/1.1" 200 33931 "-" "Go-http-client/1.1"
62.60.131.204 - - [29/Oct/2025:08:30:57 +0800] "GET /phpinfos.php HTTP/1.1" 404 47 "-" "Go-http-client/1.1"
62.60.131.204 - - [29/Oct/2025:08:30:57 +0800] "GET /config/development.config.php HTTP/1.1" 404 47 "-" "Go-http-client/1.1"
62.60.131.204 - - [29/Oct/2025:08:30:57 +0800] "GET /config/routes.php HTTP/1.1" 404 47 "-" "Go-http-client/1.1"
62.60.131.204 - - [29/Oct/2025:08:30:57 +0800] "GET /.env.dist HTTP/1.1" 404 146 "-" "Go-http-client/1.1"
62.60.131.204 - - [29/Oct/2025:08:30:57 +0800] "GET /config/broadcasting.php HTTP/1.1" 404 47 "-" "Go-http-client/1.1"
62.60.131.204 - - [29/Oct/2025:08:30:57 +0800] "GET /config/app.default.php HTTP/1.1" 404 47 "-" "Go-http-client/1.1"
62.60.131.204 - - [29/Oct/2025:08:30:58 +0800] "GET /phpinfo.php4 HTTP/1.1" 404 8990 "-" "Go-http-client/1.1"
62.60.131.204 - - [29/Oct/2025:08:30:58 +0800] "GET /config/paths.php HTTP/1.1" 404 47 "-" "Go-http-client/1.1"
62.60.131.204 - - [29/Oct/2025:08:30:59 +0800] "GET /config/autoload/global.php HTTP/1.1" 404 47 "-" "Go-http-client/1.1"
62.60.131.204 - - [29/Oct/2025:08:30:59 +0800] "GET /?pp=enable&pp=env HTTP/1.1" 200 33931 "-" "Go-http-client/1.1"
62.60.131.204 - - [29/Oct/2025:08:30:59 +0800] "GET /_profiler/phpinfo HTTP/1.1" 404 8990 "-" "Go-http-client/1.1"
36.133.115.36 - - [29/Oct/2025:08:30:59 +0800] "POST /wp-cron.php?doing_wp_cron=1761697858.2846031188964843750000 HTTP/1.1" 499 0 "-" "WordPress/6.8.2; http://cqqizhou.com"
62.60.131.204 - - [29/Oct/2025:08:30:59 +0800] "GET /src/config/environment.json HTTP/1.1" 404 8990 "-" "Go-http-client/1.1"
62.60.131.204 - - [29/Oct/2025:08:30:59 +0800] "GET /local/.env HTTP/1.1" 404 8990 "-" "Go-http-client/1.1"
62.60.131.204 - - [29/Oct/2025:08:30:59 +0800] "GET /config/aws.yml HTTP/1.1" 404 8990 "-" "Go-http-client/1.1"
62.60.131.204 - - [29/Oct/2025:08:30:59 +0800] "GET /kyc/.env HTTP/1.1" 404 8990 "-" "Go-http-client/1.1"
62.60.131.204 - - [29/Oct/2025:08:30:59 +0800] "GET /meteor.settings.json HTTP/1.1" 404 8990 "-" "Go-http-client/1.1"
62.60.131.204 - - [29/Oct/2025:08:30:59 +0800] "GET /.env~ HTTP/1.1" 404 8990 "-" "Go-http-client/1.1"
62.60.131.204 - - [29/Oct/2025:08:30:59 +0800] "GET /config/local.json HTTP/1.1" 404 8990 "-" "Go-http-client/1.1"
62.60.131.204 - - [29/Oct/2025:08:30:59 +0800] "GET /phpinfo.php5 HTTP/1.1" 404 8990 "-" "Go-http-client/1.1"
62.60.131.204 - - [29/Oct/2025:08:30:59 +0800] "GET /aws.yml HTTP/1.1" 404 8990 "-" "Go-http-client/1.1"
62.60.131.204 - - [29/Oct/2025:08:30:59 +0800] "GET /php-info.php HTTP/1.1" 404 47 "-" "Go-http-client/1.1"
62.60.131.204 - - [29/Oct/2025:08:30:59 +0800] "GET /private/config.json HTTP/1.1" 404 8990 "-" "Go-http-client/1.1"
62.60.131.204 - - [29/Oct/2025:08:31:00 +0800] "GET /php_info.php HTTP/1.1" 404 47 "-" "Go-http-client/1.1"
62.60.131.204 - - [29/Oct/2025:08:31:00 +0800] "GET /backend/.env HTTP/1.1" 404 8990 "-" "Go-http-client/1.1"
62.60.131.204 - - [29/Oct/2025:08:31:00 +0800] "GET /beta/.env HTTP/1.1" 404 8989 "-" "Go-http-client/1.1"
62.60.131.204 - - [29/Oct/2025:08:31:00 +0800] "GET /public/.env HTTP/1.1" 404 8989 "-" "Go-http-client/1.1"
62.60.131.204 - - [29/Oct/2025:08:31:00 +0800] "GET /time.php HTTP/1.1" 404 47 "-" "Go-http-client/1.1"
62.60.131.204 - - [29/Oct/2025:08:31:00 +0800] "GET /i.php HTTP/1.1" 404 47 "-" "Go-http-client/1.1"
62.60.131.204 - - [29/Oct/2025:08:31:00 +0800] "GET /.env HTTP/1.1" 404 8989 "-" "Go-http-client/1.1"
62.60.131.204 - - [29/Oct/2025:08:31:00 +0800] "GET /config/daemon.json HTTP/1.1" 404 8989 "-" "Go-http-client/1.1"
62.60.131.204 - - [29/Oct/2025:08:31:00 +0800] "GET /app/etc/config.local.php HTTP/1.1" 404 47 "-" "Go-http-client/1.1"
62.60.131.204 - - [29/Oct/2025:08:31:00 +0800] "GET /prod/.env HTTP/1.1" 404 8989 "-" "Go-http-client/1.1"
62.60.131.204 - - [29/Oct/2025:08:31:00 +0800] "GET /phpinfo.php3 HTTP/1.1" 404 8989 "-" "Go-http-client/1.1"
62.60.131.204 - - [29/Oct/2025:08:31:00 +0800] "GET /crm/.env HTTP/1.1" 404 8989 "-" "Go-http-client/1.1"
62.60.131.204 - - [29/Oct/2025:08:31:00 +0800] "GET /private/env.json HTTP/1.1" 404 8989 "-" "Go-http-client/1.1"
62.60.131.204 - - [29/Oct/2025:08:31:00 +0800] "GET /.docker/laravel/app/.env HTTP/1.1" 404 8989 "-" "Go-http-client/1.1"
62.60.131.204 - - [29/Oct/2025:08:31:00 +0800] "GET /app/.env HTTP/1.1" 404 8989 "-" "Go-http-client/1.1"
62.60.131.204 - - [29/Oct/2025:08:31:00 +0800] "GET /.docker/config.json HTTP/1.1" 404 8989 "-" "Go-http-client/1.1"
62.60.131.204 - - [29/Oct/2025:08:31:00 +0800] "GET /appsettings.Local.json HTTP/1.1" 404 8989 "-" "Go-http-client/1.1"
62.60.131.204 - - [29/Oct/2025:08:31:00 +0800] "GET /config/environment.json HTTP/1.1" 404 8989 "-" "Go-http-client/1.1"
62.60.131.204 - - [29/Oct/2025:08:31:00 +0800] "GET /config/dev.json HTTP/1.1" 404 8989 "-" "Go-http-client/1.1"
62.60.131.204 - - [29/Oct/2025:08:31:00 +0800] "GET /application/.env HTTP/1.1" 404 8989 "-" "Go-http-client/1.1"
62.60.131.204 - - [29/Oct/2025:08:31:00 +0800] "GET /admin/.env HTTP/1.1" 404 8989 "-" "Go-http-client/1.1"
62.60.131.204 - - [29/Oct/2025:08:31:00 +0800] "GET /conf/application.json HTTP/1.1" 404 8989 "-" "Go-http-client/1.1"
62.60.131.204 - - [29/Oct/2025:08:31:00 +0800] "GET /.vscode/.env HTTP/1.1" 404 8989 "-" "Go-http-client/1.1"
62.60.131.204 - - [29/Oct/2025:08:31:00 +0800] "GET /config/env.php HTTP/1.1" 404 47 "-" "Go-http-client/1.1"
62.60.131.204 - - [29/Oct/2025:08:31:00 +0800] "GET /laravel/.env HTTP/1.1" 404 8989 "-" "Go-http-client/1.1"
62.60.131.204 - - [29/Oct/2025:08:31:00 +0800] "GET /phpinfo.php HTTP/1.1" 404 47 "-" "Go-http-client/1.1"
62.60.131.204 - - [29/Oct/2025:08:31:00 +0800] "GET /api/.env HTTP/1.1" 404 8989 "-" "Go-http-client/1.1"
62.60.131.204 - - [29/Oct/2025:08:31:00 +0800] "GET /config/queue.php HTTP/1.1" 404 47 "-" "Go-http-client/1.1"
62.60.131.204 - - [29/Oct/2025:08:31:00 +0800] "GET /.env.php HTTP/1.1" 404 47 "-" "Go-http-client/1.1"
62.60.131.204 - - [29/Oct/2025:08:31:00 +0800] "GET /src/config/config.json HTTP/1.1" 404 8989 "-" "Go-http-client/1.1"
62.60.131.204 - - [29/Oct/2025:08:31:00 +0800] "GET /.env HTTP/1.1" 404 8989 "-" "Go-http-client/1.1"
62.60.131.204 - - [29/Oct/2025:08:31:00 +0800] "GET /config/config.php HTTP/1.1" 404 47 "-" "Go-http-client/1.1"
62.60.131.204 - - [29/Oct/2025:08:31:00 +0800] "GET /php.php HTTP/1.1" 404 47 "-" "Go-http-client/1.1"
62.60.131.204 - - [29/Oct/2025:08:31:01 +0800] "GET /.docker/.env HTTP/1.1" 404 8990 "-" "Go-http-client/1.1"
62.60.131.204 - - [29/Oct/2025:08:31:02 +0800] "GET /appsettings.Development.json HTTP/1.1" 499 0 "-" "Go-http-client/1.1"
62.60.131.204 - - [29/Oct/2025:08:31:02 +0800] "GET /config/config.json HTTP/1.1" 499 0 "-" "Go-http-client/1.1"
62.60.131.204 - - [29/Oct/2025:08:31:02 +0800] "GET /sftp-config.json HTTP/1.1" 499 0 "-" "Go-http-client/1.1"
62.60.131.204 - - [29/Oct/2025:08:31:02 +0800] "GET /config/php.ini HTTP/1.1" 499 0 "-" "Go-http-client/1.1"
62.60.131.204 - - [29/Oct/2025:08:31:02 +0800] "GET /frontend_dev.php/$ HTTP/1.1" 499 0 "-" "Go-http-client/1.1"
62.60.131.204 - - [29/Oct/2025:08:31:02 +0800] "GET /phpinfo HTTP/1.1" 499 0 "-" "Go-http-client/1.1"
62.60.131.204 - - [29/Oct/2025:08:31:02 +0800] "GET /.git/config HTTP/1.1" 499 0 "-" "Go-http-client/1.1"
62.60.131.204 - - [29/Oct/2025:08:31:02 +0800] "GET /application/config/constants.php/ HTTP/1.1" 499 0 "-" "Go-http-client/1.1"
62.60.131.204 - - [29/Oct/2025:08:31:02 +0800] "GET /config/production.config.php HTTP/1.1" 499 0 "-" "Go-http-client/1.1"
62.60.131.204 - - [29/Oct/2025:08:31:02 +0800] "GET /.remote HTTP/1.1" 499 0 "-" "Go-http-client/1.1"
62.60.131.204 - - [29/Oct/2025:08:31:02 +0800] "GET /temp.php HTTP/1.1" 499 0 "-" "Go-http-client/1.1"
62.60.131.204 - - [29/Oct/2025:08:31:02 +0800] "GET /.vscode/settings.json HTTP/1.1" 499 0 "-" "Go-http-client/1.1"
62.60.131.204 - - [29/Oct/2025:08:31:02 +0800] "GET /.aws/credentials HTTP/1.1" 499 0 "-" "Go-http-client/1.1"
62.60.131.204 - - [29/Oct/2025:08:31:02 +0800] "GET /wp-config.php HTTP/1.1" 499 0 "-" "Go-http-client/1.1"
62.60.131.204 - - [29/Oct/2025:08:31:02 +0800] "GET /.local HTTP/1.1" 499 0 "-" "Go-http-client/1.1"
62.60.131.204 - - [29/Oct/2025:08:31:02 +0800] "GET /prevlaravel/sftp-config.json HTTP/1.1" 499 0 "-" "Go-http-client/1.1"
62.60.131.204 - - [29/Oct/2025:08:31:02 +0800] "GET /symfony/_profiler/phpinfo HTTP/1.1" 499 0 "-" "Go-http-client/1.1"
62.60.131.204 - - [29/Oct/2025:08:31:02 +0800] "GET /config/view.php HTTP/1.1" 499 0 "-" "Go-http-client/1.1"
62.60.131.204 - - [29/Oct/2025:08:31:02 +0800] "GET /app/etc/config.php HTTP/1.1" 499 0 "-" "Go-http-client/1.1"
62.60.131.204 - - [29/Oct/2025:08:31:02 +0800] "GET /wp-config.php.bak HTTP/1.1" 499 0 "-" "Go-http-client/1.1"
62.60.131.204 - - [29/Oct/2025:08:31:02 +0800] "GET /config/bootstrap.php HTTP/1.1" 499 0 "-" "Go-http-client/1.1"
62.60.131.204 - - [29/Oct/2025:08:31:02 +0800] "GET /infophp.php HTTP/1.1" 499 0 "-" "Go-http-client/1.1"
62.60.131.204 - - [29/Oct/2025:08:31:02 +0800] "GET /config/requirements.php HTTP/1.1" 499 0 "-" "Go-http-client/1.1"
62.60.131.204 - - [29/Oct/2025:08:31:02 +0800] "GET /config/auth.php HTTP/1.1" 499 0 "-" "Go-http-client/1.1"
62.60.131.204 - - [29/Oct/2025:08:31:02 +0800] "GET /.production HTTP/1.1" 499 0 "-" "Go-http-client/1.1"
62.60.131.204 - - [29/Oct/2025:08:31:02 +0800] "GET /sftp.json HTTP/1.1" 499 0 "-" "Go-http-client/1.1"
62.60.131.204 - - [29/Oct/2025:08:31:02 +0800] "GET /dev/phpinfo.php HTTP/1.1" 499 0 "-" "Go-http-client/1.1"
62.60.131.204 - - [29/Oct/2025:08:31:02 +0800] "GET /index.php/phpinfo HTTP/1.1" 499 0 "-" "Go-http-client/1.1"
62.60.131.204 - - [29/Oct/2025:08:31:02 +0800] "GET /public/client/planinfo HTTP/1.1" 499 0 "-" "Go-http-client/1.1"
62.60.131.204 - - [29/Oct/2025:08:31:02 +0800] "GET /.wp-config.php.swp HTTP/1.1" 499 0 "-" "Go-http-client/1.1"
62.60.131.204 - - [29/Oct/2025:08:31:02 +0800] "GET /.ssh/sftp-config.json HTTP/1.1" 499 0 "-" "Go-http-client/1.1"
62.60.131.204 - - [29/Oct/2025:08:31:02 +0800] "GET /.aws/config HTTP/1.1" 499 0 "-" "Go-http-client/1.1"
62.60.131.204 - - [29/Oct/2025:08:31:02 +0800] "GET /app_dev.php/_profiler/phpinfo HTTP/1.1" 499 0 "-" "Go-http-client/1.1"
62.60.131.204 - - [29/Oct/2025:08:31:02 +0800] "GET /config/app.php HTTP/1.1" 499 0 "-" "Go-http-client/1.1"
62.60.131.204 - - [29/Oct/2025:08:31:02 +0800] "GET /login/index.php HTTP/1.1" 499 0 "-" "Go-http-client/1.1"
62.60.131.204 - - [29/Oct/2025:08:31:02 +0800] "GET /.vscode/sftp.json HTTP/1.1" 499 0 "-" "Go-http-client/1.1"
62.60.131.204 - - [29/Oct/2025:08:31:02 +0800] "GET /test1.php HTTP/1.1" 499 0 "-" "Go-http-client/1.1"
62.60.131.204 - - [29/Oct/2025:08:31:02 +0800] "GET /old_phpinfo.php HTTP/1.1" 499 0 "-" "Go-http-client/1.1"
62.60.131.204 - - [29/Oct/2025:08:31:02 +0800] "GET /config/default.json HTTP/1.1" 499 0 "-" "Go-http-client/1.1"
62.60.131.204 - - [29/Oct/2025:08:31:02 +0800] "GET /config/database.php HTTP/1.1" 499 0 "-" "Go-http-client/1.1"
62.60.131.204 - - [29/Oct/2025:08:31:02 +0800] "GET /application/config/migration.php HTTP/1.1" 499 0 "-" "Go-http-client/1.1"
62.60.131.204 - - [29/Oct/2025:08:31:02 +0800] "GET /config.php HTTP/1.1" 499 0 "-" "Go-http-client/1.1"
62.60.131.204 - - [29/Oct/2025:08:31:02 +0800] "GET /install/index.php HTTP/1.1" 499 0 "-" "Go-http-client/1.1"
62.60.131.204 - - [29/Oct/2025:08:31:02 +0800] "GET /appsettings.Production.json HTTP/1.1" 499 0 "-" "Go-http-client/1.1"
62.60.131.204 - - [29/Oct/2025:08:31:02 +0800] "GET /?phpinfo=1 HTTP/1.1" 499 0 "-" "Go-http-client/1.1"
62.60.131.204 - - [29/Oct/2025:08:31:02 +0800] "GET /appsettings.Staging.json HTTP/1.1" 499 0 "-" "Go-http-client/1.1"
62.60.131.204 - - [29/Oct/2025:08:31:02 +0800] "GET /test2.php HTTP/1.1" 499 0 "-" "Go-http-client/1.1"
62.60.131.204 - - [29/Oct/2025:08:31:02 +0800] "GET /config.json HTTP/1.1" 499 0 "-" "Go-http-client/1.1"
62.60.131.204 - - [29/Oct/2025:08:31:02 +0800] "GET /angular.json HTTP/1.1" 499 0 "-" "Go-http-client/1.1"
62.60.131.204 - - [29/Oct/2025:08:31:02 +0800] "GET /tsconfig.app.json HTTP/1.1" 499 0 "-" "Go-http-client/1.1"
62.60.131.204 - - [29/Oct/2025:08:31:02 +0800] "GET /config/aws.json HTTP/1.1" 499 0 "-" "Go-http-client/1.1"
62.60.131.204 - - [29/Oct/2025:08:31:02 +0800] "GET /appsettings.json HTTP/1.1" 499 0 "-" "Go-http-client/1.1"
62.60.131.204 - - [29/Oct/2025:08:31:02 +0800] "GET /manifest.json HTTP/1.1" 499 0 "-" "Go-http-client/1.1"
62.60.131.204 - - [29/Oct/2025:08:31:02 +0800] "GET /config/mail.php HTTP/1.1" 499 0 "-" "Go-http-client/1.1"
62.60.131.204 - - [29/Oct/2025:08:31:02 +0800] "GET /secured/phpinfo.php HTTP/1.1" 499 0 "-" "Go-http-client/1.1"
62.60.131.204 - - [29/Oct/2025:08:31:02 +0800] "GET /api/config/tsconfig.json HTTP/1.1" 499 0 "-" "Go-http-client/1.1"
62.60.131.204 - - [29/Oct/2025:08:31:02 +0800] "GET /config/module.config.php HTTP/1.1" 499 0 "-" "Go-http-client/1.1"
62.60.131.204 - - [29/Oct/2025:08:31:02 +0800] "GET /development/.env HTTP/1.1" 499 0 "-" "Go-http-client/1.1"
62.60.131.204 - - [29/Oct/2025:08:31:02 +0800] "GET /bundleconfig.json HTTP/1.1" 499 0 "-" "Go-http-client/1.1"
62.60.131.204 - - [29/Oct/2025:08:31:02 +0800] "GET /.env.development.sample HTTP/1.1" 499 0 "-" "Go-http-client/1.1"
62.60.131.204 - - [29/Oct/2025:08:31:02 +0800] "GET /launchSettings.json HTTP/1.1" 499 0 "-" "Go-http-client/1.1"
62.60.131.204 - - [29/Oct/2025:08:31:02 +0800] "GET /settings.json HTTP/1.1" 499 0 "-" "Go-http-client/1.1"
62.60.131.204 - - [29/Oct/2025:08:31:02 +0800] "GET /tsconfig.json HTTP/1.1" 499 0 "-" "Go-http-client/1.1"
62.60.131.204 - - [29/Oct/2025:08:31:02 +0800] "GET /.env.dev.local HTTP/1.1" 499 0 "-" "Go-http-client/1.1"
62.60.131.204 - - [29/Oct/2025:08:31:02 +0800] "GET /.env.backup HTTP/1.1" 499 0 "-" "Go-http-client/1.1"
62.60.131.204 - - [29/Oct/2025:08:31:02 +0800] "GET /.env.travis HTTP/1.1" 499 0 "-" "Go-http-client/1.1"
62.60.131.204 - - [29/Oct/2025:08:31:02 +0800] "GET /app/etc/env.local.php HTTP/1.1" 499 0 "-" "Go-http-client/1.1"
62.60.131.204 - - [29/Oct/2025:08:31:02 +0800] "GET /admin-app/.env HTTP/1.1" 499 0 "-" "Go-http-client/1.1"
62.60.131.204 - - [29/Oct/2025:08:31:02 +0800] "GET /config/test.json HTTP/1.1" 499 0 "-" "Go-http-client/1.1"
62.60.131.204 - - [29/Oct/2025:08:31:02 +0800] "GET /.env.bak HTTP/1.1" 499 0 "-" "Go-http-client/1.1"
62.60.131.204 - - [29/Oct/2025:08:31:02 +0800] "GET /hosting.json HTTP/1.1" 499 0 "-" "Go-http-client/1.1"
62.60.131.204 - - [29/Oct/2025:08:31:02 +0800] "GET /appsettings.Test.json HTTP/1.1" 499 0 "-" "Go-http-client/1.1"
62.60.131.204 - - [29/Oct/2025:08:31:02 +0800] "GET /config/settings.json HTTP/1.1" 499 0 "-" "Go-http-client/1.1"
62.60.131.204 - - [29/Oct/2025:08:31:02 +0800] "GET /.env.docker HTTP/1.1" 499 0 "-" "Go-http-client/1.1"
62.60.131.204 - - [29/Oct/2025:08:31:02 +0800] "GET /.env.stage HTTP/1.1" 499 0 "-" "Go-http-client/1.1"
62.60.131.204 - - [29/Oct/2025:08:31:02 +0800] "GET /live_env HTTP/1.1" 499 0 "-" "Go-http-client/1.1"
62.60.131.204 - - [29/Oct/2025:08:31:02 +0800] "GET /.env.save HTTP/1.1" 499 0 "-" "Go-http-client/1.1"
62.60.131.204 - - [29/Oct/2025:08:31:02 +0800] "GET /wp-config.php.old HTTP/1.1" 499 0 "-" "Go-http-client/1.1"
62.60.131.204 - - [29/Oct/2025:08:31:02 +0800] "GET /.envs HTTP/1.1" 499 0 "-" "Go-http-client/1.1"
62.60.131.204 - - [29/Oct/2025:08:31:02 +0800] "GET /config/development.json HTTP/1.1" 499 0 "-" "Go-http-client/1.1"
62.60.131.204 - - [29/Oct/2025:08:31:02 +0800] "GET /mailer/.env HTTP/1.1" 499 0 "-" "Go-http-client/1.1"
62.60.131.204 - - [29/Oct/2025:08:31:02 +0800] "GET /appsettings.QA.json HTTP/1.1" 499 0 "-" "Go-http-client/1.1"
62.60.131.204 - - [29/Oct/2025:08:31:02 +0800] "GET /.env.docker.dev HTTP/1.1" 499 0 "-" "Go-http-client/1.1"
62.60.131.204 - - [29/Oct/2025:08:31:02 +0800] "GET /config/prod.json HTTP/1.1" 499 0 "-" "Go-http-client/1.1"
62.60.131.204 - - [29/Oct/2025:08:31:02 +0800] "GET /apps/.env HTTP/1.1" 499 0 "-" "Go-http-client/1.1"
62.60.131.204 - - [29/Oct/2025:08:31:02 +0800] "GET /config/staging.json HTTP/1.1" 499 0 "-" "Go-http-client/1.1"
62.60.131.204 - - [29/Oct/2025:08:31:02 +0800] "GET /web/.env HTTP/1.1" 499 0 "-" "Go-http-client/1.1"
62.60.131.204 - - [29/Oct/2025:08:31:02 +0800] "GET /.env.production.local HTTP/1.1" 499 0 "-" "Go-http-client/1.1"
62.60.131.204 - - [29/Oct/2025:08:31:02 +0800] "GET /config/production.json HTTP/1.1" 499 0 "-" "Go-http-client/1.1"
62.60.131.204 - - [29/Oct/2025:08:31:02 +0800] "GET /.env.prod.local HTTP/1.1" 499 0 "-" "Go-http-client/1.1"
62.60.131.204 - - [29/Oct/2025:08:31:02 +0800] "GET /.env.project HTTP/1.1" 499 0 "-" "Go-http-client/1.1"
62.60.131.204 - - [29/Oct/2025:08:31:02 +0800] "GET /Properties/launchSettings.json HTTP/1.1" 499 0 "-" "Go-http-client/1.1"
62.60.131.204 - - [29/Oct/2025:08:31:02 +0800] "GET /.envrc HTTP/1.1" 499 0 "-" "Go-http-client/1.1"
62.60.131.204 - - [29/Oct/2025:08:31:02 +0800] "GET /tsconfig.spec.json HTTP/1.1" 499 0 "-" "Go-http-client/1.1"
62.60.131.204 - - [29/Oct/2025:08:31:02 +0800] "GET /.env.prod HTTP/1.1" 499 0 "-" "Go-http-client/1.1"
62.60.131.204 - - [29/Oct/2025:08:31:02 +0800] "GET /.env.production HTTP/1.1" 499 0 "-" "Go-http-client/1.1"
62.60.131.204 - - [29/Oct/2025:08:31:02 +0800] "GET /shared/.env HTTP/1.1" 499 0 "-" "Go-http-client/1.1"
62.60.131.204 - - [29/Oct/2025:08:31:02 +0800] "GET /login?pp=enable&pp=env HTTP/1.1" 499 0 "-" "Go-http-client/1.1"
62.60.131.204 - - [29/Oct/2025:08:31:02 +0800] "GET /.env.development.local HTTP/1.1" 499 0 "-" "Go-http-client/1.1"
62.60.131.204 - - [29/Oct/2025:08:31:02 +0800] "GET /.env.config HTTP/1.1" 499 0 "-" "Go-http-client/1.1"
62.60.131.204 - - [29/Oct/2025:08:31:02 +0800] "GET /.env-example HTTP/1.1" 499 0 "-" "Go-http-client/1.1"
62.60.131.204 - - [29/Oct/2025:08:31:02 +0800] "GET /config/env.json HTTP/1.1" 499 0 "-" "Go-http-client/1.1"
62.60.131.204 - - [29/Oct/2025:08:31:02 +0800] "GET /.env-sample HTTP/1.1" 499 0 "-" "Go-http-client/1.1"
62.60.131.204 - - [29/Oct/2025:08:31:02 +0800] "GET /.gitlab-ci/.env HTTP/1.1" 499 0 "-" "Go-http-client/1.1"
62.60.131.204 - - [29/Oct/2025:08:31:02 +0800] "GET /.env.local HTTP/1.1" 499 0 "-" "Go-http-client/1.1"
62.60.131.204 - - [29/Oct/2025:08:31:02 +0800] "GET /.env.example HTTP/1.1" 499 0 "-" "Go-http-client/1.1"
62.60.131.204 - - [29/Oct/2025:08:31:02 +0800] "GET /laravel/core/.env HTTP/1.1" 499 0 "-" "Go-http-client/1.1"
62.60.131.204 - - [29/Oct/2025:08:31:02 +0800] "GET /src/settings.json HTTP/1.1" 499 0 "-" "Go-http-client/1.1"
62.60.131.204 - - [29/Oct/2025:08:31:02 +0800] "GET /.env.dev HTTP/1.1" 499 0 "-" "Go-http-client/1.1"
62.60.131.204 - - [29/Oct/2025:08:31:02 +0800] "GET /.env.sample HTTP/1.1" 499 0 "-" "Go-http-client/1.1"
62.60.131.204 - - [29/Oct/2025:08:31:02 +0800] "GET /env.json HTTP/1.1" 499 0 "-" "Go-http-client/1.1"
36.133.115.36 - - [29/Oct/2025:08:39:10 +0800] "POST /wp-cron.php?doing_wp_cron=1761698350.3016850948333740234375 HTTP/1.1" 200 31 "-" "WordPress/6.8.2; http://cqqizhou.com"
87.106.77.177 - - [29/Oct/2025:08:39:10 +0800] "POST /xmlrpc.php HTTP/1.1" 200 217 "-" "Mozilla/5.0 (Windows NT 10.0; Win64; x64; rv:73.0) Gecko/20100101 Firefox/73.0"
36.133.115.36 - - [29/Oct/2025:09:14:50 +0800] "POST /wp-cron.php?doing_wp_cron=1761700490.5089120864868164062500 HTTP/1.1" 200 31 "-" "WordPress/6.8.2; http://cqqizhou.com"
101.71.10.226 - - [29/Oct/2025:09:14:50 +0800] "GET / HTTP/1.1" 301 5 "-" "-"
101.71.10.226 - - [29/Oct/2025:09:14:50 +0800] "GET / HTTP/1.1" 200 153674 "-" "-"
217.154.227.88 - - [29/Oct/2025:09:15:06 +0800] "GET /wp-login.php HTTP/1.1" 200 2780 "-" "Mozilla/5.0 (X11; Ubuntu; Linux x86_64; rv:85.0) Gecko/20100101 Firefox/91.0"
217.154.227.88 - - [29/Oct/2025:09:15:07 +0800] "POST /wp-login.php HTTP/1.1" 200 2918 "-" "Mozilla/5.0 (X11; Ubuntu; Linux x86_64; rv:85.0) Gecko/20100101 Firefox/91.0"
36.133.115.36 - - [29/Oct/2025:09:17:19 +0800] "POST /wp-cron.php?doing_wp_cron=1761700639.0700418949127197265625 HTTP/1.1" 200 31 "-" "WordPress/6.8.2; http://cqqizhou.com"
66.132.153.126 - - [29/Oct/2025:09:17:19 +0800] "GET / HTTP/1.1" 301 5 "-" "Mozilla/5.0 (compatible; CensysInspect/1.1; +https://about.censys.io/)"
66.132.153.126 - - [29/Oct/2025:09:17:27 +0800] "GET / HTTP/1.1" 200 33931 "-" "Mozilla/5.0 (compatible; CensysInspect/1.1; +https://about.censys.io/)"
36.133.115.36 - - [29/Oct/2025:09:21:11 +0800] "POST /wp-cron.php?doing_wp_cron=1761700871.4027819633483886718750 HTTP/1.1" 200 31 "-" "WordPress/6.8.2; http://cqqizhou.com"
94.74.182.74 - - [29/Oct/2025:09:21:23 +0800] "GET / HTTP/1.1" 200 151919 "-" "Mozilla/5.0 (Windows NT 10.0; Win64; x64) AppleWebKit/537.36 (KHTML, like Gecko) Chrome/42.0.2311.135 Safari/537.36 Edge/12.246"
34.38.19.235 - - [29/Oct/2025:09:21:33 +0800] "GET / HTTP/1.1" 301 5 "-" "python-requests/2.32.5"
36.133.115.36 - - [29/Oct/2025:09:23:04 +0800] "POST /wp-cron.php?doing_wp_cron=1761700984.0659570693969726562500 HTTP/1.1" 200 31 "-" "WordPress/6.8.2; http://cqqizhou.com"
104.37.191.206 - - [29/Oct/2025:09:23:04 +0800] "POST /xmlrpc.php HTTP/1.1" 200 217 "-" "Mozilla/5.0 (Windows NT 10.0; Win64; x64; rv:48.0) Gecko/20100101 Firefox/48.0"
36.133.115.36 - - [29/Oct/2025:10:10:53 +0800] "POST /wp-cron.php?doing_wp_cron=1761703853.9292590618133544921875 HTTP/1.1" 200 31 "-" "WordPress/6.8.2; http://cqqizhou.com"
156.67.31.208 - - [29/Oct/2025:10:10:53 +0800] "POST /xmlrpc.php HTTP/1.1" 200 217 "-" "Mozilla/5.0 (Windows NT 10.0; Win64; x64; rv:88.0) Gecko/20100101 Firefox/88.0"
36.133.115.36 - - [29/Oct/2025:10:15:11 +0800] "POST /wp-cron.php?doing_wp_cron=1761704111.6955709457397460937500 HTTP/1.1" 200 31 "-" "WordPress/6.8.2; http://cqqizhou.com"
212.147.5.172 - - [29/Oct/2025:10:15:11 +0800] "GET /wp-login.php HTTP/1.1" 200 2780 "-" "Mozilla/5.0 (X11; Ubuntu; Linux x86_64; rv:85.0) Gecko/20100101 Firefox/91.0"
212.147.5.172 - - [29/Oct/2025:10:15:13 +0800] "POST /wp-login.php HTTP/1.1" 200 2918 "-" "Mozilla/5.0 (X11; Ubuntu; Linux x86_64; rv:85.0) Gecko/20100101 Firefox/91.0"
36.133.115.36 - - [29/Oct/2025:10:16:40 +0800] "POST /wp-cron.php?doing_wp_cron=1761704200.3263640403747558593750 HTTP/1.1" 200 31 "-" "WordPress/6.8.2; http://cqqizhou.com"
185.242.226.102 - - [29/Oct/2025:10:16:40 +0800] "GET / HTTP/1.1" 301 5 "-" "Mozilla/5.0 (Windows NT 10.0; Win64; x64) AppleWebKit/537.36 (KHTML, like Gecko) Chrome/88.0.4324.190 Safari/537.36"
185.242.226.102 - - [29/Oct/2025:10:16:49 +0800] "GET / HTTP/1.1" 200 33931 "http://36.133.115.36:80/" "Mozilla/5.0 (Windows NT 10.0; Win64; x64) AppleWebKit/537.36 (KHTML, like Gecko) Chrome/88.0.4324.190 Safari/537.36"
58.49.145.133 - - [29/Oct/2025:10:27:17 +0800] "GET / HTTP/1.1" 200 33931 "-" "Mozilla/5.0 (Windows NT 10.0; Win64; x64) AppleWebKit/537.36 (KHTML, like Gecko) Chrome/113.0.0.0 Safari/537.36"
36.133.115.36 - - [29/Oct/2025:10:27:17 +0800] "POST /wp-cron.php?doing_wp_cron=1761704837.6790781021118164062500 HTTP/1.1" 200 31 "-" "WordPress/6.8.2; http://cqqizhou.com"
171.111.198.93 - - [29/Oct/2025:10:27:17 +0800] "GET / HTTP/1.1" 301 5 "-" "Mozilla/5.0 (Windows NT 10.0; Win64; x64) AppleWebKit/537.36 (KHTML, like Gecko) Chrome/113.0.0.0 Safari/537.36"
171.111.198.93 - - [29/Oct/2025:10:27:17 +0800] "GET / HTTP/1.1" 200 33931 "-" "Mozilla/5.0 (Windows NT 10.0; Win64; x64) AppleWebKit/537.36 (KHTML, like Gecko) Chrome/113.0.0.0 Safari/537.36"
36.133.115.36 - - [29/Oct/2025:10:33:20 +0800] "POST /wp-cron.php?doing_wp_cron=1761705200.5902760028839111328125 HTTP/1.1" 200 31 "-" "WordPress/6.8.2; http://cqqizhou.com"
163.47.34.82 - - [29/Oct/2025:10:33:20 +0800] "GET /robots.txt HTTP/1.0" 200 378 "-" "xfa1"
36.133.115.36 - - [29/Oct/2025:10:42:13 +0800] "POST /wp-cron.php?doing_wp_cron=1761705733.2590739727020263671875 HTTP/1.1" 200 31 "-" "WordPress/6.8.2; http://cqqizhou.com"
196.251.72.177 - - [29/Oct/2025:10:42:13 +0800] "GET /.env HTTP/1.1" 404 8990 "-" "Mozilla/5.0 (Windows NT 6.1; WOW64) AppleWebKit/537.1 (KHTML like Gecko) Maxthon/4.0.0.2000 Chrome/22.0.1229.79 Safari/537.1"
36.133.115.36 - - [29/Oct/2025:10:49:18 +0800] "POST /wp-cron.php?doing_wp_cron=1761706158.7916319370269775390625 HTTP/1.1" 200 31 "-" "WordPress/6.8.2; http://cqqizhou.com"
213.209.143.66 - - [29/Oct/2025:10:49:19 +0800] "GET / HTTP/1.1" 200 33466 "-" "Mozilla/5.0 (Windows NT 10.0; Win64; x64) AppleWebKit/537.36 (KHTML, like Gecko) Chrome/90.0.4430.85 Safari/537.36 Edg/90.0.818.46"
36.133.115.36 - - [29/Oct/2025:10:53:37 +0800] "POST /wp-cron.php?doing_wp_cron=1761706417.3639090061187744140625 HTTP/1.1" 200 31 "-" "WordPress/6.8.2; http://cqqizhou.com"
185.182.158.121 - - [29/Oct/2025:10:53:37 +0800] "POST /xmlrpc.php HTTP/1.1" 200 217 "-" "Mozilla/5.0 (Windows NT 10.0; Win64; x64; rv:80.0) Gecko/20100101 Firefox/80.0"
36.133.115.36 - - [29/Oct/2025:11:16:53 +0800] "POST /wp-cron.php?doing_wp_cron=1761707813.7892079353332519531250 HTTP/1.1" 200 31 "-" "WordPress/6.8.2; http://cqqizhou.com"
157.230.185.105 - - [29/Oct/2025:11:16:53 +0800] "GET /wp-login.php HTTP/1.1" 200 2780 "-" "Mozilla/5.0 (X11; Ubuntu; Linux x86_64; rv:85.0) Gecko/20100101 Firefox/91.0"
157.230.185.105 - - [29/Oct/2025:11:16:55 +0800] "POST /wp-login.php HTTP/1.1" 200 2918 "-" "Mozilla/5.0 (X11; Ubuntu; Linux x86_64; rv:85.0) Gecko/20100101 Firefox/91.0"
36.133.115.36 - - [29/Oct/2025:11:42:09 +0800] "POST /wp-cron.php?doing_wp_cron=1761709329.0790390968322753906250 HTTP/1.1" 200 31 "-" "WordPress/6.8.2; http://cqqizhou.com"
178.62.251.129 - - [29/Oct/2025:11:42:09 +0800] "POST /xmlrpc.php HTTP/1.1" 200 217 "-" "Mozilla/5.0 (Windows NT 10.0; Win64; x64; rv:92.0) Gecko/20100101 Firefox/92.0"
39.151.110.154 - - [29/Oct/2025:11:48:27 +0800] "GET / HTTP/1.1" 200 153674 "-" "Mozilla/5.0 (Macintosh; Intel Mac OS X 10_15_7) AppleWebKit/537.36 (KHTML, like Gecko) Chrome/120.0.0.0 Safari/537.36 Edg/120.0.0.0"
36.133.115.36 - - [29/Oct/2025:11:49:04 +0800] "POST /wp-cron.php?doing_wp_cron=1761709744.9012470245361328125000 HTTP/1.1" 200 31 "-" "WordPress/6.8.2; http://cqqizhou.com"
183.217.136.5 - - [29/Oct/2025:11:49:04 +0800] "GET /robots.txt HTTP/1.1" 200 190 "-" "Mozilla/5.0 (Macintosh; Intel Mac OS X 10_7_0) AppleWebKit/535.11 (KHTML, like Gecko) Chrome/17.0.963.56 Safari/535.11"
112.8.100.40 - - [29/Oct/2025:11:49:07 +0800] "GET /sitemap.xml HTTP/1.1" 200 496 "-" "Mozilla/5.0 (Macintosh; Intel Mac OS X 10_7_0) AppleWebKit/535.11 (KHTML, like Gecko) Chrome/17.0.963.56 Safari/535.11"
120.231.24.116 - - [29/Oct/2025:11:49:09 +0800] "GET /config.json HTTP/1.1" 404 8990 "-" "Mozilla/5.0 (Macintosh; Intel Mac OS X 10_7_0) AppleWebKit/535.11 (KHTML, like Gecko) Chrome/17.0.963.56 Safari/535.11"
183.228.240.192 - - [29/Oct/2025:11:50:06 +0800] "GET /wp-content/plugins/smartideo/readme.txt HTTP/1.1" 200 5930 "-" "Mozilla/5.0 (iPod; U; CPU iPhone OS 4_1 like Mac OS X; af-ZA) AppleWebKit/532.36.4 (KHTML, like Gecko) Version/3.0.5 Mobile/8B115 Safari/6532.36.4"
36.143.31.32 - - [29/Oct/2025:11:50:27 +0800] "GET /wp-content/plugins/elementor/readme.txt HTTP/1.1" 200 10671 "-" "Mozilla/5.0 (iPod; U; CPU iPhone OS 4_1 like Mac OS X; af-ZA) AppleWebKit/532.36.4 (KHTML, like Gecko) Version/3.0.5 Mobile/8B115 Safari/6532.36.4"
36.133.115.36 - - [29/Oct/2025:11:50:38 +0800] "POST /wp-cron.php?doing_wp_cron=1761709838.7062029838562011718750 HTTP/1.1" 200 31 "-" "WordPress/6.8.2; http://cqqizhou.com"
39.154.6.132 - - [29/Oct/2025:11:50:38 +0800] "GET /wp-content/plugins/revslider/readme.txt HTTP/1.1" 404 8990 "-" "Mozilla/5.0 (iPod; U; CPU iPhone OS 4_1 like Mac OS X; af-ZA) AppleWebKit/532.36.4 (KHTML, like Gecko) Version/3.0.5 Mobile/8B115 Safari/6532.36.4"
183.197.213.185 - - [29/Oct/2025:11:50:56 +0800] "GET /wp-content/plugins/elementor-pro/readme.txt HTTP/1.1" 200 337 "-" "Mozilla/5.0 (iPod; U; CPU iPhone OS 4_1 like Mac OS X; af-ZA) AppleWebKit/532.36.4 (KHTML, like Gecko) Version/3.0.5 Mobile/8B115 Safari/6532.36.4"
39.182.56.224 - - [29/Oct/2025:11:51:07 +0800] "GET /wp-content/themes/qizhou/readme.txt HTTP/1.1" 200 1348 "-" "Mozilla/5.0 (iPod; U; CPU iPhone OS 4_1 like Mac OS X; af-ZA) AppleWebKit/532.36.4 (KHTML, like Gecko) Version/3.0.5 Mobile/8B115 Safari/6532.36.4"
36.133.115.36 - - [29/Oct/2025:12:01:21 +0800] "POST /wp-cron.php?doing_wp_cron=1761710481.8940300941467285156250 HTTP/1.1" 200 31 "-" "WordPress/6.8.2; http://cqqizhou.com"
37.49.148.238 - - [29/Oct/2025:12:01:21 +0800] "GET /cgi-bin/luci/;stok=/locale HTTP/1.1" 301 5 "-" "-"
36.133.115.36 - - [29/Oct/2025:12:05:30 +0800] "POST /wp-cron.php?doing_wp_cron=1761710730.6587800979614257812500 HTTP/1.1" 200 31 "-" "WordPress/6.8.2; http://cqqizhou.com"
103.70.76.242 - - [29/Oct/2025:12:05:30 +0800] "GET /index/ajax/lang?lang=..//..//application/database HTTP/1.1" 404 8989 "-" "Mozilla/5.0 (Windows NT 10.0; WOW64; rv:48.0) Gecko/20100101 Firefox/48.0"
36.133.115.36 - - [29/Oct/2025:12:20:05 +0800] "POST /wp-cron.php?doing_wp_cron=1761711605.5592908859252929687500 HTTP/1.1" 200 31 "-" "WordPress/6.8.2; http://cqqizhou.com"
35.194.45.168 - - [29/Oct/2025:12:20:05 +0800] "GET /wp-login.php HTTP/1.1" 200 2780 "-" "Mozilla/5.0 (X11; Ubuntu; Linux x86_64; rv:85.0) Gecko/20100101 Firefox/91.0"
35.194.45.168 - - [29/Oct/2025:12:20:07 +0800] "POST /wp-login.php HTTP/1.1" 200 2918 "-" "Mozilla/5.0 (X11; Ubuntu; Linux x86_64; rv:85.0) Gecko/20100101 Firefox/91.0"
36.133.115.36 - - [29/Oct/2025:12:21:42 +0800] "POST /wp-cron.php?doing_wp_cron=1761711702.9416921138763427734375 HTTP/1.1" 200 31 "-" "WordPress/6.8.2; http://cqqizhou.com"
144.172.107.244 - - [29/Oct/2025:12:21:43 +0800] "GET / HTTP/1.0" 200 109870 "-" "Mozilla/5.0 (X11; Linux x86_64; rv:140.0) Gecko/20100101 Firefox/140.0"
36.133.115.36 - - [29/Oct/2025:12:23:21 +0800] "POST /wp-cron.php?doing_wp_cron=1761711801.1186919212341308593750 HTTP/1.1" 200 31 "-" "WordPress/6.8.2; http://cqqizhou.com"
220.181.108.83 - - [29/Oct/2025:12:23:21 +0800] "GET /2153/ HTTP/1.1" 200 24647 "-" "Mozilla/5.0 (compatible; Baiduspider/2.0; +http://www.baidu.com/search/spider.html)"
116.179.37.15 - - [29/Oct/2025:12:23:24 +0800] "GET /wp-content/uploads/2025/07/1753453986-Article_images_W900px-150x150.webp HTTP/1.1" 200 7296 "http://cqqizhou.com/2153/" "Mozilla/5.0 (compatible; Baiduspider-render/2.0; +http://www.baidu.com/search/spider.html)"
116.179.37.34 - - [29/Oct/2025:12:23:24 +0800] "GET /wp-content/uploads/2025/07/1751425283-qizhou.kf_.qq_.com_.webp HTTP/1.1" 200 16864 "http://cqqizhou.com/2153/" "Mozilla/5.0 (compatible; Baiduspider-render/2.0; +http://www.baidu.com/search/spider.html)"
36.133.115.36 - - [29/Oct/2025:12:23:52 +0800] "POST /wp-cron.php?doing_wp_cron=1761711832.7990670204162597656250 HTTP/1.1" 200 31 "-" "WordPress/6.8.2; http://cqqizhou.com"
24.199.106.26 - - [29/Oct/2025:12:23:52 +0800] "POST /xmlrpc.php HTTP/1.1" 200 217 "-" "Mozilla/5.0 (Windows NT 10.0; Win64; x64; rv:64.0) Gecko/20100101 Firefox/64.0"
36.133.115.36 - - [29/Oct/2025:12:26:06 +0800] "POST /wp-cron.php?doing_wp_cron=1761711966.4315218925476074218750 HTTP/1.1" 200 31 "-" "WordPress/6.8.2; http://cqqizhou.com"
110.249.202.120 - - [29/Oct/2025:12:26:06 +0800] "GET /2160/ HTTP/1.1" 200 25566 "-" "Mozilla/5.0 (Linux; Android 5.0) AppleWebKit/537.36 (KHTML, like Gecko) Mobile Safari/537.36 (compatible; Bytespider; https://zhanzhang.toutiao.com/)"
110.249.202.12 - - [29/Oct/2025:12:26:07 +0800] "GET /wp-content/uploads/2025/07/1753454299-Article_images_W900px-768x432.webp HTTP/1.1" 206 500 "http://cqqizhou.com/2160/" "Mozilla/5.0 (Linux; Android 5.0) AppleWebKit/537.36 (KHTML, like Gecko) Mobile Safari/537.36 (compatible; Bytespider; https://zhanzhang.toutiao.com/)"
110.249.202.150 - - [29/Oct/2025:12:26:07 +0800] "GET /wp-content/uploads/2025/07/1753454089-Article_images_W900px-150x150.webp HTTP/1.1" 206 500 "http://cqqizhou.com/2160/" "Mozilla/5.0 (Linux; Android 5.0) AppleWebKit/537.36 (KHTML, like Gecko) Mobile Safari/537.36 (compatible; Bytespider; https://zhanzhang.toutiao.com/)"
110.249.202.138 - - [29/Oct/2025:12:26:07 +0800] "GET /wp-content/uploads/2025/07/1753454089-Article_images_W900px-768x432.webp HTTP/1.1" 206 500 "http://cqqizhou.com/2160/" "Mozilla/5.0 (Linux; Android 5.0) AppleWebKit/537.36 (KHTML, like Gecko) Mobile Safari/537.36 (compatible; Bytespider; https://zhanzhang.toutiao.com/)"
110.249.202.150 - - [29/Oct/2025:12:26:08 +0800] "GET /wp-content/uploads/2025/07/1753410289-News2000%C3%97400_202571.webp HTTP/1.1" 206 500 "http://cqqizhou.com/2160/" "Mozilla/5.0 (Linux; Android 5.0) AppleWebKit/537.36 (KHTML, like Gecko) Mobile Safari/537.36 (compatible; Bytespider; https://zhanzhang.toutiao.com/)"
110.249.202.179 - - [29/Oct/2025:12:26:08 +0800] "GET /wp-content/uploads/2025/07/1751425283-qizhou.kf_.qq_.com_.webp HTTP/1.1" 206 500 "http://cqqizhou.com/2160/" "Mozilla/5.0 (Linux; Android 5.0) AppleWebKit/537.36 (KHTML, like Gecko) Mobile Safari/537.36 (compatible; Bytespider; https://zhanzhang.toutiao.com/)"
36.133.115.36 - - [29/Oct/2025:12:30:22 +0800] "POST /wp-cron.php?doing_wp_cron=1761712222.2716379165649414062500 HTTP/1.1" 200 31 "-" "WordPress/6.8.2; http://cqqizhou.com"
110.249.202.174 - - [29/Oct/2025:12:30:22 +0800] "GET /robots.txt HTTP/1.1" 200 190 "-" "Mozilla/5.0 (Linux; Android 5.0) AppleWebKit/537.36 (KHTML, like Gecko) Mobile Safari/537.36 (compatible; Bytespider; https://zhanzhang.toutiao.com/)"
36.133.115.36 - - [29/Oct/2025:12:44:16 +0800] "POST /wp-cron.php?doing_wp_cron=1761713056.1177220344543457031250 HTTP/1.1" 200 31 "-" "WordPress/6.8.2; http://cqqizhou.com"
206.168.34.201 - - [29/Oct/2025:12:44:16 +0800] "GET /robots.txt HTTP/1.1" 200 190 "-" "Mozilla/5.0 (compatible; CensysInspect/1.1; +https://about.censys.io/)"
36.133.115.36 - - [29/Oct/2025:12:50:58 +0800] "POST /wp-cron.php?doing_wp_cron=1761713458.3447790145874023437500 HTTP/1.1" 200 31 "-" "WordPress/6.8.2; http://cqqizhou.com"
144.172.107.244 - - [29/Oct/2025:12:50:58 +0800] "GET / HTTP/1.0" 200 109870 "-" "Mozilla/5.0 (X11; Linux x86_64; rv:140.0) Gecko/20100101 Firefox/140.0"
36.133.115.36 - - [29/Oct/2025:12:57:54 +0800] "POST /wp-cron.php?doing_wp_cron=1761713874.8237659931182861328125 HTTP/1.1" 200 31 "-" "WordPress/6.8.2; http://cqqizhou.com"
101.33.81.73 - - [29/Oct/2025:12:57:54 +0800] "GET / HTTP/1.1" 301 5 "-" "Mozilla/5.0 (iPhone; CPU iPhone OS 13_2_3 like Mac OS X) AppleWebKit/605.1.15 (KHTML, like Gecko) Version/13.0.3 Mobile/15E148 Safari/604.1"
101.33.81.73 - - [29/Oct/2025:12:58:00 +0800] "GET / HTTP/1.1" 200 33466 "http://www.cqqizhou.com" "Mozilla/5.0 (iPhone; CPU iPhone OS 13_2_3 like Mac OS X) AppleWebKit/605.1.15 (KHTML, like Gecko) Version/13.0.3 Mobile/15E148 Safari/604.1"
36.133.115.36 - - [29/Oct/2025:13:07:06 +0800] "POST /wp-cron.php?doing_wp_cron=1761714426.5512380599975585937500 HTTP/1.1" 200 31 "-" "WordPress/6.8.2; http://cqqizhou.com"
149.100.11.243 - - [29/Oct/2025:13:07:06 +0800] "GET / HTTP/1.1" 301 5 "-" "Mozilla/5.0 (Windows NT 10.0; Win64; x64) AppleWebKit/537.36"
36.133.115.36 - - [29/Oct/2025:13:09:08 +0800] "POST /wp-cron.php?doing_wp_cron=1761714548.0585150718688964843750 HTTP/1.1" 200 31 "-" "WordPress/6.8.2; http://cqqizhou.com"
90.156.142.31 - - [29/Oct/2025:13:09:08 +0800] "POST /xmlrpc.php HTTP/1.1" 200 217 "-" "Mozilla/5.0 (Windows NT 10.0; Win64; x64; rv:67.0) Gecko/20100101 Firefox/67.0"
36.133.115.36 - - [29/Oct/2025:13:11:52 +0800] "POST /wp-cron.php?doing_wp_cron=1761714712.4367339611053466796875 HTTP/1.1" 200 31 "-" "WordPress/6.8.2; http://cqqizhou.com"
217.154.227.88 - - [29/Oct/2025:13:11:52 +0800] "GET /wp-login.php HTTP/1.1" 200 2780 "-" "Mozilla/5.0 (X11; Ubuntu; Linux x86_64; rv:85.0) Gecko/20100101 Firefox/91.0"
217.154.227.88 - - [29/Oct/2025:13:11:54 +0800] "POST /wp-login.php HTTP/1.1" 200 2918 "-" "Mozilla/5.0 (X11; Ubuntu; Linux x86_64; rv:85.0) Gecko/20100101 Firefox/91.0"
43.166.238.12 - - [29/Oct/2025:13:12:25 +0800] "GET /portfolio/%e5%86%b7%e8%bd%a7%e6%9d%bf/ HTTP/1.1" 200 18719 "-" "Mozilla/5.0 (iPhone; CPU iPhone OS 13_2_3 like Mac OS X) AppleWebKit/605.1.15 (KHTML, like Gecko) Version/13.0.3 Mobile/15E148 Safari/604.1"
36.133.115.36 - - [29/Oct/2025:13:21:25 +0800] "POST /wp-cron.php?doing_wp_cron=1761715285.7581150531768798828125 HTTP/1.1" 200 31 "-" "WordPress/6.8.2; http://cqqizhou.com"
43.159.152.187 - - [29/Oct/2025:13:21:26 +0800] "GET / HTTP/1.1" 200 33466 "-" "Mozilla/5.0 (iPhone; CPU iPhone OS 13_2_3 like Mac OS X) AppleWebKit/605.1.15 (KHTML, like Gecko) Version/13.0.3 Mobile/15E148 Safari/604.1"
36.133.115.36 - - [29/Oct/2025:13:30:01 +0800] "POST /wp-cron.php?doing_wp_cron=1761715801.6014499664306640625000 HTTP/1.1" 200 31 "-" "WordPress/6.8.2; http://cqqizhou.com"
111.68.9.62 - - [29/Oct/2025:13:30:01 +0800] "GET /index.php?s=/home/page/uploadImg HTTP/1.1" 200 17170 "-" "Mozilla/5.0 (Windows NT 10.0; WOW64; rv:48.0) Gecko/20100101 Firefox/48.0"
111.68.9.62 - - [29/Oct/2025:13:30:16 +0800] "GET /admin/auth/login HTTP/1.1" 404 8990 "-" "Mozilla/5.0 (Windows NT 10.0; WOW64; rv:48.0) Gecko/20100101 Firefox/48.0"
36.133.115.36 - - [29/Oct/2025:13:31:48 +0800] "POST /wp-cron.php?doing_wp_cron=1761715908.4628159999847412109375 HTTP/1.1" 200 31 "-" "WordPress/6.8.2; http://cqqizhou.com"
35.242.254.186 - - [29/Oct/2025:13:31:48 +0800] "POST /xmlrpc.php HTTP/1.1" 200 217 "-" "Mozilla/5.0 (Windows NT 10.0; Win64; x64; rv:87.0) Gecko/20100101 Firefox/87.0"
36.133.115.36 - - [29/Oct/2025:13:32:53 +0800] "POST /wp-cron.php?doing_wp_cron=1761715973.0316929817199707031250 HTTP/1.1" 200 31 "-" "WordPress/6.8.2; http://cqqizhou.com"
43.130.78.203 - - [29/Oct/2025:13:32:53 +0800] "GET /wp-content/uploads/revslider/slider-1/1750861156-logistics_Slider_3840 HTTP/1.1" 404 8990 "-" "Mozilla/5.0 (iPhone; CPU iPhone OS 13_2_3 like Mac OS X) AppleWebKit/605.1.15 (KHTML, like Gecko) Version/13.0.3 Mobile/15E148 Safari/604.1"
36.133.115.36 - - [29/Oct/2025:13:40:56 +0800] "POST /wp-cron.php?doing_wp_cron=1761716456.0742099285125732421875 HTTP/1.1" 200 31 "-" "WordPress/6.8.2; http://cqqizhou.com"
43.133.69.37 - - [29/Oct/2025:13:40:56 +0800] "GET /wp-content/uploads/2025/07/1753456723- HTTP/1.1" 404 8990 "-" "Mozilla/5.0 (iPhone; CPU iPhone OS 13_2_3 like Mac OS X) AppleWebKit/605.1.15 (KHTML, like Gecko) Version/13.0.3 Mobile/15E148 Safari/604.1"
36.133.115.36 - - [29/Oct/2025:13:49:10 +0800] "POST /wp-cron.php?doing_wp_cron=1761716950.2931399345397949218750 HTTP/1.1" 200 31 "-" "WordPress/6.8.2; http://cqqizhou.com"
213.209.143.66 - - [29/Oct/2025:13:49:10 +0800] "GET / HTTP/1.1" 200 33466 "-" "Mozilla/5.0 (Windows NT 10.0; Win64; x64) AppleWebKit/537.36 (KHTML, like Gecko) Chrome/90.0.4430.85 Safari/537.36 Edg/90.0.818.46"
36.133.115.36 - - [29/Oct/2025:13:52:11 +0800] "POST /wp-cron.php?doing_wp_cron=1761717131.4982309341430664062500 HTTP/1.1" 200 31 "-" "WordPress/6.8.2; http://cqqizhou.com"
43.159.128.247 - - [29/Oct/2025:13:52:11 +0800] "GET /wp-json/oembed/1.0/embed?url=http%3A%2F%2Fcqqizhou.com%2Fportfolio%2F%25e5%2586%25b7%25e8%25bd%25a7%25e6%259d%25bf%2F HTTP/1.1" 200 1219 "-" "Mozilla/5.0 (iPhone; CPU iPhone OS 13_2_3 like Mac OS X) AppleWebKit/605.1.15 (KHTML, like Gecko) Version/13.0.3 Mobile/15E148 Safari/604.1"
36.133.115.36 - - [29/Oct/2025:13:53:16 +0800] "POST /wp-cron.php?doing_wp_cron=1761717195.9945569038391113281250 HTTP/1.1" 200 31 "-" "WordPress/6.8.2; http://cqqizhou.com"
194.108.42.75 - - [29/Oct/2025:13:53:16 +0800] "POST /xmlrpc.php HTTP/1.1" 200 217 "-" "Mozilla/5.0 (Windows NT 10.0; Win64; x64; rv:64.0) Gecko/20100101 Firefox/64.0"
36.133.115.36 - - [29/Oct/2025:14:02:00 +0800] "POST /wp-cron.php?doing_wp_cron=1761717720.1908071041107177734375 HTTP/1.1" 200 31 "-" "WordPress/6.8.2; http://cqqizhou.com"
43.159.152.187 - - [29/Oct/2025:14:02:00 +0800] "GET /bug HTTP/1.1" 301 5 "-" "Mozilla/5.0 (iPhone; CPU iPhone OS 13_2_3 like Mac OS X) AppleWebKit/605.1.15 (KHTML, like Gecko) Version/13.0.3 Mobile/15E148 Safari/604.1"
43.159.152.187 - - [29/Oct/2025:14:02:05 +0800] "GET /bug/ HTTP/1.1" 200 11681 "http://cqqizhou.com/bug" "Mozilla/5.0 (iPhone; CPU iPhone OS 13_2_3 like Mac OS X) AppleWebKit/605.1.15 (KHTML, like Gecko) Version/13.0.3 Mobile/15E148 Safari/604.1"
36.133.115.36 - - [29/Oct/2025:14:04:47 +0800] "POST /wp-cron.php?doing_wp_cron=1761717887.1265630722045898437500 HTTP/1.1" 200 31 "-" "WordPress/6.8.2; http://cqqizhou.com"
223.165.66.10 - - [29/Oct/2025:14:04:47 +0800] "GET /wp-login.php HTTP/1.1" 200 2780 "-" "Mozilla/5.0 (X11; Ubuntu; Linux x86_64; rv:85.0) Gecko/20100101 Firefox/91.0"
223.165.66.10 - - [29/Oct/2025:14:04:48 +0800] "POST /wp-login.php HTTP/1.1" 200 2918 "-" "Mozilla/5.0 (X11; Ubuntu; Linux x86_64; rv:85.0) Gecko/20100101 Firefox/91.0"
52.167.144.146 - - [29/Oct/2025:14:06:14 +0800] "GET /services/ HTTP/1.1" 200 25526 "-" "Mozilla/5.0 AppleWebKit/537.36 (KHTML, like Gecko; compatible; bingbot/2.0; +http://www.bing.com/bingbot.htm) Chrome/116.0.1938.76 Safari/537.36"
