172.192.8.200 - - [12/Oct/2025:13:44:21 +0800] "GET /opop.php HTTP/1.1" 404 27 "-" "-"
172.192.8.200 - - [12/Oct/2025:13:44:21 +0800] "GET /lol.php HTTP/1.1" 404 27 "-" "-"
172.192.8.200 - - [12/Oct/2025:13:44:21 +0800] "GET /plss3.php HTTP/1.1" 404 27 "-" "-"
172.192.8.200 - - [12/Oct/2025:13:44:21 +0800] "GET /alam.php HTTP/1.1" 404 27 "-" "-"
172.192.8.200 - - [12/Oct/2025:13:44:22 +0800] "GET /alfa.php HTTP/1.1" 404 27 "-" "-"
172.192.8.200 - - [12/Oct/2025:13:44:22 +0800] "GET /wpc.php HTTP/1.1" 404 27 "-" "-"
172.192.8.200 - - [12/Oct/2025:13:44:22 +0800] "GET /usep.php HTTP/1.1" 404 27 "-" "-"
172.192.8.200 - - [12/Oct/2025:13:44:22 +0800] "GET /file88.php HTTP/1.1" 404 27 "-" "-"
172.192.8.200 - - [12/Oct/2025:13:44:22 +0800] "GET /nfmr.php HTTP/1.1" 404 27 "-" "-"
172.192.8.200 - - [12/Oct/2025:13:44:22 +0800] "GET /file4.php HTTP/1.1" 404 27 "-" "-"
172.192.8.200 - - [12/Oct/2025:13:44:22 +0800] "GET /filesss.php HTTP/1.1" 404 27 "-" "-"
172.192.8.200 - - [12/Oct/2025:13:44:22 +0800] "GET /.well-known/acme-challenge/about.php HTTP/1.1" 404 27 "-" "-"
172.192.8.200 - - [12/Oct/2025:13:44:23 +0800] "GET /gelay.php HTTP/1.1" 404 27 "-" "-"
172.192.8.200 - - [12/Oct/2025:13:44:23 +0800] "GET /cccc.php HTTP/1.1" 404 27 "-" "-"
172.192.8.200 - - [12/Oct/2025:13:44:23 +0800] "GET /fffff.php HTTP/1.1" 404 27 "-" "-"
172.192.8.200 - - [12/Oct/2025:13:44:23 +0800] "GET /vanta.php HTTP/1.1" 404 27 "-" "-"
172.192.8.200 - - [12/Oct/2025:13:44:23 +0800] "GET /cfile.php HTTP/1.1" 404 27 "-" "-"
172.192.8.200 - - [12/Oct/2025:13:44:23 +0800] "GET /pn.php HTTP/1.1" 404 27 "-" "-"
172.192.8.200 - - [12/Oct/2025:13:44:23 +0800] "GET /file2.php HTTP/1.1" 404 27 "-" "-"
172.192.8.200 - - [12/Oct/2025:13:44:23 +0800] "GET /blex.php HTTP/1.1" 404 27 "-" "-"
172.192.8.200 - - [12/Oct/2025:13:44:23 +0800] "GET /aves.php HTTP/1.1" 404 27 "-" "-"
172.192.8.200 - - [12/Oct/2025:13:44:24 +0800] "GET /fass.php HTTP/1.1" 404 27 "-" "-"
172.192.8.200 - - [12/Oct/2025:13:44:24 +0800] "GET /lock360.php HTTP/1.1" 404 27 "-" "-"
172.192.8.200 - - [12/Oct/2025:13:44:24 +0800] "GET /huangs.php HTTP/1.1" 404 27 "-" "-"
172.192.8.200 - - [12/Oct/2025:13:44:24 +0800] "GET /f6.php HTTP/1.1" 404 27 "-" "-"
172.192.8.200 - - [12/Oct/2025:13:44:24 +0800] "GET /w.php HTTP/1.1" 404 27 "-" "-"
172.192.8.200 - - [12/Oct/2025:13:44:24 +0800] "GET /wh.php HTTP/1.1" 404 27 "-" "-"
172.192.8.200 - - [12/Oct/2025:13:44:24 +0800] "GET /gof.php HTTP/1.1" 404 27 "-" "-"
172.192.8.200 - - [12/Oct/2025:13:44:24 +0800] "GET /hk.php HTTP/1.1" 404 27 "-" "-"
172.192.8.200 - - [12/Oct/2025:13:44:25 +0800] "GET /1.php HTTP/1.1" 404 27 "-" "-"
172.192.8.200 - - [12/Oct/2025:13:44:25 +0800] "GET /520.php HTTP/1.1" 404 27 "-" "-"
172.192.8.200 - - [12/Oct/2025:13:44:25 +0800] "GET /file7.php HTTP/1.1" 404 27 "-" "-"
172.192.8.200 - - [12/Oct/2025:13:44:25 +0800] "GET /gm.php HTTP/1.1" 404 27 "-" "-"
172.192.8.200 - - [12/Oct/2025:13:44:25 +0800] "GET /tox.php HTTP/1.1" 404 27 "-" "-"
172.192.8.200 - - [12/Oct/2025:13:44:25 +0800] "GET /ton.php HTTP/1.1" 404 27 "-" "-"
172.192.8.200 - - [12/Oct/2025:13:44:25 +0800] "GET /mlex.php HTTP/1.1" 404 27 "-" "-"
172.192.8.200 - - [12/Oct/2025:13:44:25 +0800] "GET /keu.php HTTP/1.1" 404 27 "-" "-"
172.192.8.200 - - [12/Oct/2025:13:44:25 +0800] "GET /inde.php HTTP/1.1" 404 27 "-" "-"
172.192.8.200 - - [12/Oct/2025:13:44:26 +0800] "GET /fileas.php HTTP/1.1" 404 27 "-" "-"
172.192.8.200 - - [12/Oct/2025:13:44:26 +0800] "GET /a1.php HTTP/1.1" 404 27 "-" "-"
172.192.8.200 - - [12/Oct/2025:13:44:26 +0800] "GET /x.php HTTP/1.1" 404 27 "-" "-"
172.192.8.200 - - [12/Oct/2025:13:44:26 +0800] "GET /ssss.php HTTP/1.1" 404 27 "-" "-"
172.192.8.200 - - [12/Oct/2025:13:44:26 +0800] "GET /NewFile.php HTTP/1.1" 404 27 "-" "-"
172.192.8.200 - - [12/Oct/2025:13:44:26 +0800] "GET /makeasmtp.php HTTP/1.1" 404 27 "-" "-"
172.192.8.200 - - [12/Oct/2025:13:44:26 +0800] "GET /ahax.php HTTP/1.1" 404 27 "-" "-"
172.192.8.200 - - [12/Oct/2025:13:44:26 +0800] "GET /ckk.php HTTP/1.1" 404 27 "-" "-"
172.192.8.200 - - [12/Oct/2025:13:44:26 +0800] "GET /wp.php HTTP/1.1" 404 27 "-" "-"
172.192.8.200 - - [12/Oct/2025:13:44:27 +0800] "GET /r.php HTTP/1.1" 404 27 "-" "-"
172.192.8.200 - - [12/Oct/2025:13:44:27 +0800] "GET /yellow.php HTTP/1.1" 404 27 "-" "-"
172.192.8.200 - - [12/Oct/2025:13:44:27 +0800] "GET /wg.php HTTP/1.1" 404 27 "-" "-"
172.192.8.200 - - [12/Oct/2025:13:44:27 +0800] "GET /efile.php HTTP/1.1" 404 27 "-" "-"
172.192.8.200 - - [12/Oct/2025:13:44:27 +0800] "GET /a2.php HTTP/1.1" 404 27 "-" "-"
172.192.8.200 - - [12/Oct/2025:13:44:27 +0800] "GET /ee.php HTTP/1.1" 404 27 "-" "-"
172.192.8.200 - - [12/Oct/2025:13:44:27 +0800] "GET /we.php HTTP/1.1" 404 27 "-" "-"
172.192.8.200 - - [12/Oct/2025:13:44:27 +0800] "GET /resp.php HTTP/1.1" 404 27 "-" "-"
172.192.8.200 - - [12/Oct/2025:13:44:27 +0800] "GET /info.php HTTP/1.1" 200 29 "-" "-"
172.192.8.200 - - [12/Oct/2025:13:44:28 +0800] "GET /lv.php HTTP/1.1" 404 27 "-" "-"
172.192.8.200 - - [12/Oct/2025:13:44:28 +0800] "GET /wf.php HTTP/1.1" 404 27 "-" "-"
172.192.8.200 - - [12/Oct/2025:13:44:28 +0800] "GET /pp.php HTTP/1.1" 404 27 "-" "-"
172.192.8.200 - - [12/Oct/2025:13:44:28 +0800] "GET /wc.php HTTP/1.1" 404 27 "-" "-"
172.192.8.200 - - [12/Oct/2025:13:44:28 +0800] "GET /wa.php HTTP/1.1" 404 27 "-" "-"
172.192.8.200 - - [12/Oct/2025:13:44:28 +0800] "GET /v4.php HTTP/1.1" 404 27 "-" "-"
172.192.8.200 - - [12/Oct/2025:13:44:28 +0800] "GET /zwso.php HTTP/1.1" 404 27 "-" "-"
172.192.8.200 - - [12/Oct/2025:13:44:28 +0800] "GET /system_log.php HTTP/1.1" 404 27 "-" "-"
172.192.8.200 - - [12/Oct/2025:13:44:29 +0800] "GET /3.php HTTP/1.1" 404 27 "-" "-"
172.192.8.200 - - [12/Oct/2025:13:44:29 +0800] "GET /222.php HTTP/1.1" 404 27 "-" "-"
172.192.8.200 - - [12/Oct/2025:13:44:29 +0800] "GET /2.php HTTP/1.1" 404 27 "-" "-"
172.192.8.200 - - [12/Oct/2025:13:44:29 +0800] "GET /build.php HTTP/1.1" 404 27 "-" "-"
172.192.8.200 - - [12/Oct/2025:13:44:29 +0800] "GET /an.php HTTP/1.1" 404 27 "-" "-"
172.192.8.200 - - [12/Oct/2025:13:44:29 +0800] "GET /ut.php HTTP/1.1" 404 27 "-" "-"
172.192.8.200 - - [12/Oct/2025:13:44:29 +0800] "GET /anan.php HTTP/1.1" 404 27 "-" "-"
172.192.8.200 - - [12/Oct/2025:13:44:29 +0800] "GET /nfile.php HTTP/1.1" 404 27 "-" "-"
172.192.8.200 - - [12/Oct/2025:13:44:30 +0800] "GET /jsp.php HTTP/1.1" 404 27 "-" "-"
172.192.8.200 - - [12/Oct/2025:13:44:30 +0800] "GET /0x0x.php HTTP/1.1" 404 27 "-" "-"
172.192.8.200 - - [12/Oct/2025:13:44:30 +0800] "GET /tiny.php HTTP/1.1" 404 27 "-" "-"
172.192.8.200 - - [12/Oct/2025:13:44:30 +0800] "GET /011i.php HTTP/1.1" 404 27 "-" "-"
172.192.8.200 - - [12/Oct/2025:13:44:30 +0800] "GET /sec.php HTTP/1.1" 404 27 "-" "-"
172.192.8.200 - - [12/Oct/2025:13:44:30 +0800] "GET /snus.php HTTP/1.1" 404 27 "-" "-"
172.192.8.200 - - [12/Oct/2025:13:44:30 +0800] "GET /simp.php HTTP/1.1" 404 27 "-" "-"
172.192.8.200 - - [12/Oct/2025:13:44:30 +0800] "GET /epinyins.php HTTP/1.1" 404 27 "-" "-"
172.192.8.200 - - [12/Oct/2025:13:44:30 +0800] "GET /klex.php HTTP/1.1" 404 27 "-" "-"
172.192.8.200 - - [12/Oct/2025:13:44:31 +0800] "GET /hexx.php HTTP/1.1" 404 27 "-" "-"
172.192.8.200 - - [12/Oct/2025:13:44:31 +0800] "GET /ddgg.php HTTP/1.1" 404 27 "-" "-"
172.192.8.200 - - [12/Oct/2025:13:44:31 +0800] "GET /ff2.php HTTP/1.1" 404 27 "-" "-"
172.192.8.200 - - [12/Oct/2025:13:44:31 +0800] "GET /gmo.php HTTP/1.1" 404 27 "-" "-"
172.192.8.200 - - [12/Oct/2025:13:44:31 +0800] "GET /ilex.php HTTP/1.1" 404 27 "-" "-"
172.192.8.200 - - [12/Oct/2025:13:44:31 +0800] "GET /aa21.php HTTP/1.1" 404 27 "-" "-"
172.192.8.200 - - [12/Oct/2025:13:44:31 +0800] "GET /aa.php HTTP/1.1" 404 27 "-" "-"
172.192.8.200 - - [12/Oct/2025:13:44:31 +0800] "GET /about3.php HTTP/1.1" 404 27 "-" "-"
172.192.8.200 - - [12/Oct/2025:13:44:31 +0800] "GET /rrr.php HTTP/1.1" 404 27 "-" "-"
172.192.8.200 - - [12/Oct/2025:13:44:32 +0800] "GET /thh.php HTTP/1.1" 404 27 "-" "-"
172.192.8.200 - - [12/Oct/2025:13:44:32 +0800] "GET /he.php HTTP/1.1" 404 27 "-" "-"
172.192.8.200 - - [12/Oct/2025:13:44:32 +0800] "GET /wi.php HTTP/1.1" 404 27 "-" "-"
172.192.8.200 - - [12/Oct/2025:13:44:32 +0800] "GET /manager.php HTTP/1.1" 404 27 "-" "-"
172.192.8.200 - - [12/Oct/2025:13:44:32 +0800] "GET /geck.php HTTP/1.1" 404 27 "-" "-"
172.192.8.200 - - [12/Oct/2025:13:44:32 +0800] "GET /error.php HTTP/1.1" 404 27 "-" "-"
172.192.8.200 - - [12/Oct/2025:13:44:32 +0800] "GET /about.php HTTP/1.1" 404 27 "-" "-"
172.192.8.200 - - [12/Oct/2025:13:44:32 +0800] "GET /hook.php HTTP/1.1" 404 27 "-" "-"
172.192.8.200 - - [12/Oct/2025:13:44:32 +0800] "GET /t.php HTTP/1.1" 404 27 "-" "-"
172.192.8.200 - - [12/Oct/2025:13:44:33 +0800] "GET /ffile.php HTTP/1.1" 404 27 "-" "-"
172.192.8.200 - - [12/Oct/2025:13:44:33 +0800] "GET /xx.php HTTP/1.1" 404 27 "-" "-"
36.133.115.36 - - [12/Oct/2025:13:57:22 +0800] "POST /wp-cron.php?doing_wp_cron=1760248642.0698258876800537109375 HTTP/1.1" 200 31 "-" "WordPress/6.8.2; http://cqqizhou.com"
116.179.32.211 - - [12/Oct/2025:13:57:22 +0800] "GET /2214/ HTTP/1.1" 200 24877 "-" "Mozilla/5.0 (compatible; Baiduspider/2.0; +http://www.baidu.com/search/spider.html)"
36.133.115.36 - - [12/Oct/2025:14:00:04 +0800] "POST /wp-cron.php?doing_wp_cron=1760248804.2058970928192138671875 HTTP/1.1" 200 31 "-" "WordPress/6.8.2; http://cqqizhou.com"
87.120.191.92 - - [12/Oct/2025:14:00:04 +0800] "GET / HTTP/1.1" 200 33464 "-" "Mozilla/5.0 (Windows NT 10.0; Win64; x64) AppleWebKit/537.36 (KHTML, like Gecko) Chrome/90.0.4430.85 Safari/537.36 Edg/90.0.818.46"
36.133.115.36 - - [12/Oct/2025:14:29:48 +0800] "POST /wp-cron.php?doing_wp_cron=1760250588.7029130458831787109375 HTTP/1.1" 200 31 "-" "WordPress/6.8.2; http://cqqizhou.com"
87.120.191.93 - - [12/Oct/2025:14:29:49 +0800] "GET / HTTP/1.1" 200 33465 "-" "Mozilla/5.0 (Windows NT 10.0; Win64; x64) AppleWebKit/537.36 (KHTML, like Gecko) Chrome/90.0.4430.85 Safari/537.36 Edg/90.0.818.46"
36.133.115.36 - - [12/Oct/2025:14:32:35 +0800] "POST /wp-cron.php?doing_wp_cron=1760250755.6366269588470458984375 HTTP/1.1" 200 31 "-" "WordPress/6.8.2; http://cqqizhou.com"
91.224.92.17 - - [12/Oct/2025:14:32:36 +0800] "GET / HTTP/1.1" 200 151919 "-" "-"
36.133.115.36 - - [12/Oct/2025:14:39:07 +0800] "POST /wp-cron.php?doing_wp_cron=1760251147.7265601158142089843750 HTTP/1.1" 200 31 "-" "WordPress/6.8.2; http://cqqizhou.com"
87.120.191.6 - - [12/Oct/2025:14:39:08 +0800] "GET / HTTP/1.1" 200 33465 "-" "Mozilla/5.0 (Windows NT 10.0; Win64; x64) AppleWebKit/537.36 (KHTML, like Gecko) Chrome/90.0.4430.85 Safari/537.36 Edg/90.0.818.46"
42.236.17.28 - - [12/Oct/2025:14:43:01 +0800] "GET / HTTP/1.1" 200 39371 "http://cqqizhou.com/" "Mozilla/5.0 (Windows NT 10.0; Win64; x64) AppleWebKit/537.36 (KHTML, like Gecko) Chrome/140.0.0.0 Safari/537.36 Edg/140.0.0.0; 360Spider"
36.133.115.36 - - [12/Oct/2025:14:43:44 +0800] "POST /wp-cron.php?doing_wp_cron=1760251424.4211740493774414062500 HTTP/1.1" 200 31 "-" "WordPress/6.8.2; http://cqqizhou.com"
43.153.47.201 - - [12/Oct/2025:14:43:44 +0800] "GET / HTTP/1.1" 301 5 "-" "Mozilla/5.0 (iPhone; CPU iPhone OS 13_2_3 like Mac OS X) AppleWebKit/605.1.15 (KHTML, like Gecko) Version/13.0.3 Mobile/15E148 Safari/604.1"
36.133.115.36 - - [12/Oct/2025:14:43:47 +0800] "POST /wp-cron.php?doing_wp_cron=1760251427.1238210201263427734375 HTTP/1.1" 200 31 "-" "WordPress/6.8.2; http://cqqizhou.com"
43.153.47.201 - - [12/Oct/2025:14:43:47 +0800] "GET / HTTP/1.1" 200 33465 "http://36.133.115.36" "Mozilla/5.0 (iPhone; CPU iPhone OS 13_2_3 like Mac OS X) AppleWebKit/605.1.15 (KHTML, like Gecko) Version/13.0.3 Mobile/15E148 Safari/604.1"
36.133.115.36 - - [12/Oct/2025:14:47:13 +0800] "POST /wp-cron.php?doing_wp_cron=1760251633.1780269145965576171875 HTTP/1.1" 200 31 "-" "WordPress/6.8.2; http://cqqizhou.com"
87.120.191.92 - - [12/Oct/2025:14:47:13 +0800] "GET / HTTP/1.1" 200 33464 "-" "Mozilla/5.0 (Windows NT 10.0; Win64; x64) AppleWebKit/537.36 (KHTML, like Gecko) Chrome/90.0.4430.85 Safari/537.36 Edg/90.0.818.46"
36.133.115.36 - - [12/Oct/2025:14:56:51 +0800] "POST /wp-cron.php?doing_wp_cron=1760252211.1010708808898925781250 HTTP/1.1" 200 31 "-" "WordPress/6.8.2; http://cqqizhou.com"
185.247.137.114 - - [12/Oct/2025:14:56:51 +0800] "GET / HTTP/1.1" 301 5 "-" "Mozilla/5.0 (compatible; InternetMeasurement/1.0; +https://internet-measurement.com/)"
185.247.137.114 - - [12/Oct/2025:14:56:51 +0800] "GET / HTTP/1.1" 200 39371 "http://36.133.115.36" "Mozilla/5.0 (compatible; InternetMeasurement/1.0; +https://internet-measurement.com/)"
93.174.93.12 - - [12/Oct/2025:14:57:08 +0800] "GET / HTTP/1.0" 301 0 "-" "Lynx/2.8.5rel.1 libwww-FM/2.14 SSL-MM/1.4.1 GNUTLS/0.8.12"
36.133.115.36 - - [12/Oct/2025:15:09:59 +0800] "POST /wp-cron.php?doing_wp_cron=1760252999.0412869453430175781250 HTTP/1.1" 200 31 "-" "WordPress/6.8.2; http://cqqizhou.com"
87.120.191.90 - - [12/Oct/2025:15:09:59 +0800] "GET / HTTP/1.1" 200 33464 "-" "Mozilla/5.0 (Windows NT 10.0; Win64; x64) AppleWebKit/537.36 (KHTML, like Gecko) Chrome/90.0.4430.85 Safari/537.36 Edg/90.0.818.46"
36.133.115.36 - - [12/Oct/2025:15:21:41 +0800] "POST /wp-cron.php?doing_wp_cron=1760253701.6373770236968994140625 HTTP/1.1" 200 31 "-" "WordPress/6.8.2; http://cqqizhou.com"
176.65.141.87 - - [12/Oct/2025:15:21:43 +0800] "GET / HTTP/1.1" 200 151919 "-" "Mozilla/5.0 (Windows NT 10.0; Win64; x64) AppleWebKit/537.36 (KHTML, like Gecko) Chrome/42.0.2311.135 Safari/537.36 Edge/12.246"
36.133.115.36 - - [12/Oct/2025:15:29:22 +0800] "POST /wp-cron.php?doing_wp_cron=1760254162.5537090301513671875000 HTTP/1.1" 200 31 "-" "WordPress/6.8.2; http://cqqizhou.com"
87.120.191.92 - - [12/Oct/2025:15:29:22 +0800] "GET / HTTP/1.1" 200 33464 "-" "Mozilla/5.0 (Windows NT 10.0; Win64; x64) AppleWebKit/537.36 (KHTML, like Gecko) Chrome/90.0.4430.85 Safari/537.36 Edg/90.0.818.46"
36.133.115.36 - - [12/Oct/2025:15:33:39 +0800] "POST /wp-cron.php?doing_wp_cron=1760254419.2043950557708740234375 HTTP/1.1" 200 31 "-" "WordPress/6.8.2; http://cqqizhou.com"
87.120.191.93 - - [12/Oct/2025:15:33:39 +0800] "GET / HTTP/1.1" 200 33464 "-" "Mozilla/5.0 (Windows NT 10.0; Win64; x64) AppleWebKit/537.36 (KHTML, like Gecko) Chrome/90.0.4430.85 Safari/537.36 Edg/90.0.818.46"
52.167.144.54 - - [12/Oct/2025:15:33:41 +0800] "GET /robots.txt HTTP/1.1" 200 190 "-" "Mozilla/5.0 AppleWebKit/537.36 (KHTML, like Gecko; compatible; bingbot/2.0; +http://www.bing.com/bingbot.htm) Chrome/116.0.1938.76 Safari/537.36"
36.133.115.36 - - [12/Oct/2025:15:33:49 +0800] "POST /wp-cron.php?doing_wp_cron=1760254429.6795449256896972656250 HTTP/1.1" 200 31 "-" "WordPress/6.8.2; http://cqqizhou.com"
52.167.144.172 - - [12/Oct/2025:15:33:49 +0800] "GET /uncategorized/ HTTP/1.1" 200 20903 "-" "Mozilla/5.0 AppleWebKit/537.36 (KHTML, like Gecko; compatible; bingbot/2.0; +http://www.bing.com/bingbot.htm) Chrome/116.0.1938.76 Safari/537.36"
36.133.115.36 - - [12/Oct/2025:16:04:53 +0800] "POST /wp-cron.php?doing_wp_cron=1760256293.1207098960876464843750 HTTP/1.1" 200 31 "-" "WordPress/6.8.2; http://cqqizhou.com"
87.120.191.6 - - [12/Oct/2025:16:04:53 +0800] "GET / HTTP/1.1" 200 33464 "-" "Mozilla/5.0 (Windows NT 10.0; Win64; x64) AppleWebKit/537.36 (KHTML, like Gecko) Chrome/90.0.4430.85 Safari/537.36 Edg/90.0.818.46"
36.133.115.36 - - [12/Oct/2025:16:17:21 +0800] "POST /wp-cron.php?doing_wp_cron=1760257041.3619360923767089843750 HTTP/1.1" 200 31 "-" "WordPress/6.8.2; http://cqqizhou.com"
87.120.191.92 - - [12/Oct/2025:16:17:21 +0800] "GET / HTTP/1.1" 200 33465 "-" "Mozilla/5.0 (Windows NT 10.0; Win64; x64) AppleWebKit/537.36 (KHTML, like Gecko) Chrome/90.0.4430.85 Safari/537.36 Edg/90.0.818.46"
176.65.149.218 - - [12/Oct/2025:16:17:40 +0800] "GET /phpMyAdmin-3.0.0.0-all-languages/scripts/setup.php HTTP/1.1" 404 27 "-" "Go-http-client/1.1"
176.65.149.218 - - [12/Oct/2025:16:17:41 +0800] "GET /phpMyAdmin-2.10.1.0/scripts/setup.php HTTP/1.1" 404 27 "-" "Go-http-client/1.1"
176.65.149.218 - - [12/Oct/2025:16:17:41 +0800] "GET /phpMyAdmin-2.10.2.0/scripts/setup.php HTTP/1.1" 404 27 "-" "Go-http-client/1.1"
176.65.149.218 - - [12/Oct/2025:16:17:41 +0800] "GET /phpMyAdmin-2.10.0.0/scripts/setup.php HTTP/1.1" 404 27 "-" "Go-http-client/1.1"
176.65.149.218 - - [12/Oct/2025:16:17:42 +0800] "GET /phpMyAdmin-2.10.0.1/scripts/setup.php HTTP/1.1" 404 27 "-" "Go-http-client/1.1"
176.65.149.218 - - [12/Oct/2025:16:17:42 +0800] "GET /phpMyAdmin-2.10.0.2/scripts/setup.php HTTP/1.1" 404 27 "-" "Go-http-client/1.1"
176.65.149.218 - - [12/Oct/2025:16:17:42 +0800] "GET /phpMyAdmin-2.10.0/scripts/setup.php HTTP/1.1" 404 27 "-" "Go-http-client/1.1"
176.65.149.218 - - [12/Oct/2025:16:17:43 +0800] "GET /phpMyAdmin-2.11.0.0/scripts/setup.php HTTP/1.1" 404 27 "-" "Go-http-client/1.1"
176.65.149.218 - - [12/Oct/2025:16:17:43 +0800] "GET /phpMyAdmin-2.11.1.0/scripts/setup.php HTTP/1.1" 404 27 "-" "Go-http-client/1.1"
176.65.149.218 - - [12/Oct/2025:16:17:44 +0800] "GET /phpMyAdmin-2.11.1.1/scripts/setup.php HTTP/1.1" 404 27 "-" "Go-http-client/1.1"
176.65.149.218 - - [12/Oct/2025:16:17:44 +0800] "GET /phpMyAdmin-2.11.1.2/scripts/setup.php HTTP/1.1" 404 27 "-" "Go-http-client/1.1"
176.65.149.218 - - [12/Oct/2025:16:17:44 +0800] "GET /phpMyAdmin-2.6.1-pl2/scripts/setup.php HTTP/1.1" 404 27 "-" "Go-http-client/1.1"
176.65.149.218 - - [12/Oct/2025:16:17:45 +0800] "GET /phpMyAdmin-2.6.1-pl3/scripts/setup.php HTTP/1.1" 404 27 "-" "Go-http-client/1.1"
176.65.149.218 - - [12/Oct/2025:16:17:45 +0800] "GET /phpMyAdmin-2.6.4-pl3/scripts/setup.php HTTP/1.1" 404 27 "-" "Go-http-client/1.1"
176.65.149.218 - - [12/Oct/2025:16:17:45 +0800] "GET /phpMyAdmin-2.6.4-pl4/scripts/setup.php HTTP/1.1" 404 27 "-" "Go-http-client/1.1"
176.65.149.218 - - [12/Oct/2025:16:17:46 +0800] "GET /phpMyAdmin-2.6.4-rc1/scripts/setup.php HTTP/1.1" 404 27 "-" "Go-http-client/1.1"
176.65.149.218 - - [12/Oct/2025:16:17:46 +0800] "GET /phpMyAdmin-2.6.5/scripts/setup.php HTTP/1.1" 404 27 "-" "Go-http-client/1.1"
176.65.149.218 - - [12/Oct/2025:16:17:46 +0800] "GET /phpMyAdmin-2.6.6/scripts/setup.php HTTP/1.1" 404 27 "-" "Go-http-client/1.1"
176.65.149.218 - - [12/Oct/2025:16:17:47 +0800] "GET /phpMyAdmin-2.6.9/scripts/setup.php HTTP/1.1" 404 27 "-" "Go-http-client/1.1"
176.65.149.218 - - [12/Oct/2025:16:17:47 +0800] "GET /phpMyAdmin-2.7.0-beta1/scripts/setup.php HTTP/1.1" 404 27 "-" "Go-http-client/1.1"
176.65.149.218 - - [12/Oct/2025:16:17:47 +0800] "GET /phpMyAdmin-2.7.0-pl1/scripts/setup.php HTTP/1.1" 404 27 "-" "Go-http-client/1.1"
176.65.149.218 - - [12/Oct/2025:16:17:48 +0800] "GET /phpMyAdmin-2.7.0-pl2/scripts/setup.php HTTP/1.1" 404 27 "-" "Go-http-client/1.1"
176.65.149.218 - - [12/Oct/2025:16:17:48 +0800] "GET /phpMyAdmin-2.7.0-rc1/scripts/setup.php HTTP/1.1" 404 27 "-" "Go-http-client/1.1"
176.65.149.218 - - [12/Oct/2025:16:17:48 +0800] "GET /phpMyAdmin-2.7.5/scripts/setup.php HTTP/1.1" 404 27 "-" "Go-http-client/1.1"
176.65.149.218 - - [12/Oct/2025:16:17:49 +0800] "GET /phpMyAdmin-2.7.6/scripts/setup.php HTTP/1.1" 404 27 "-" "Go-http-client/1.1"
176.65.149.218 - - [12/Oct/2025:16:17:49 +0800] "GET /phpMyAdmin-2.7.7/scripts/setup.php HTTP/1.1" 404 27 "-" "Go-http-client/1.1"
176.65.149.218 - - [12/Oct/2025:16:17:49 +0800] "GET /phpMyAdmin-2.8.2.3/scripts/setup.php HTTP/1.1" 404 27 "-" "Go-http-client/1.1"
176.65.149.218 - - [12/Oct/2025:16:17:50 +0800] "GET /phpMyAdmin-2.8.2/scripts/setup.php HTTP/1.1" 404 27 "-" "Go-http-client/1.1"
176.65.149.218 - - [12/Oct/2025:16:17:51 +0800] "GET /phpMyAdmin-2.8.3/scripts/setup.php HTTP/1.1" 404 27 "-" "Go-http-client/1.1"
176.65.149.218 - - [12/Oct/2025:16:17:51 +0800] "GET /phpMyAdmin-2.8.4/scripts/setup.php HTTP/1.1" 404 27 "-" "Go-http-client/1.1"
176.65.149.218 - - [12/Oct/2025:16:17:51 +0800] "GET /phpMyAdmin-2.8.5/scripts/setup.php HTTP/1.1" 404 27 "-" "Go-http-client/1.1"
176.65.149.218 - - [12/Oct/2025:16:17:51 +0800] "GET /phpMyAdmin-2.8.6/scripts/setup.php HTTP/1.1" 404 27 "-" "Go-http-client/1.1"
176.65.149.218 - - [12/Oct/2025:16:17:52 +0800] "GET /phpMyAdmin-2.8.7/scripts/setup.php HTTP/1.1" 404 27 "-" "Go-http-client/1.1"
176.65.149.218 - - [12/Oct/2025:16:17:52 +0800] "GET /phpMyAdmin-2.8.8/scripts/setup.php HTTP/1.1" 404 27 "-" "Go-http-client/1.1"
176.65.149.218 - - [12/Oct/2025:16:17:52 +0800] "GET /phpMyAdmin-2.8.9/scripts/setup.php HTTP/1.1" 404 27 "-" "Go-http-client/1.1"
176.65.149.218 - - [12/Oct/2025:16:17:53 +0800] "GET /phpMyAdmin-2.9.0-rc1/scripts/setup.php HTTP/1.1" 404 27 "-" "Go-http-client/1.1"
176.65.149.218 - - [12/Oct/2025:16:17:53 +0800] "GET /phpMyAdmin-2.9.0.1/scripts/setup.php HTTP/1.1" 404 27 "-" "Go-http-client/1.1"
176.65.149.218 - - [12/Oct/2025:16:17:53 +0800] "GET /phpMyAdmin-2.9.0.2/scripts/setup.php HTTP/1.1" 404 27 "-" "Go-http-client/1.1"
176.65.149.218 - - [12/Oct/2025:16:17:54 +0800] "GET /phpMyAdmin-2.9.0/scripts/setup.php HTTP/1.1" 404 27 "-" "Go-http-client/1.1"
176.65.149.218 - - [12/Oct/2025:16:17:54 +0800] "GET /phpMyAdmin-2.9.1/scripts/setup.php HTTP/1.1" 404 27 "-" "Go-http-client/1.1"
176.65.149.218 - - [12/Oct/2025:16:17:54 +0800] "GET /phpMyAdmin-2.9.2/scripts/setup.php HTTP/1.1" 404 27 "-" "Go-http-client/1.1"
176.65.149.218 - - [12/Oct/2025:16:17:55 +0800] "GET /phpMyAdmin-3.0.1.0/scripts/setup.php HTTP/1.1" 404 27 "-" "Go-http-client/1.1"
176.65.149.218 - - [12/Oct/2025:16:17:55 +0800] "GET /phpMyAdmin-3.0.1.1/scripts/setup.php HTTP/1.1" 404 27 "-" "Go-http-client/1.1"
176.65.149.218 - - [12/Oct/2025:16:17:55 +0800] "GET /phpMyAdmin-3.1.0.0/scripts/setup.php HTTP/1.1" 404 27 "-" "Go-http-client/1.1"
176.65.149.218 - - [12/Oct/2025:16:17:56 +0800] "GET /phpMyAdmin-3.1.2.0/scripts/setup.php HTTP/1.1" 404 27 "-" "Go-http-client/1.1"
176.65.149.218 - - [12/Oct/2025:16:17:56 +0800] "GET /phpMyAdmin-3.4.3.1/scripts/setup.php HTTP/1.1" 404 27 "-" "Go-http-client/1.1"
176.65.149.218 - - [12/Oct/2025:16:17:56 +0800] "GET /phpMyAdmin-2.11.11/scripts/setup.php HTTP/1.1" 404 27 "-" "Go-http-client/1.1"
36.133.115.36 - - [12/Oct/2025:16:17:57 +0800] "POST /wp-cron.php?doing_wp_cron=1760257077.7264680862426757812500 HTTP/1.1" 200 31 "-" "WordPress/6.8.2; http://cqqizhou.com"
176.65.149.218 - - [12/Oct/2025:16:17:57 +0800] "GET /phpMyAdmin-2.11.11.3/scripts/setup.ph HTTP/1.1" 301 5 "-" "Go-http-client/1.1"
176.65.149.218 - - [12/Oct/2025:16:17:59 +0800] "GET /phpMyAdmin-2.11.11.3/scripts/setup.ph HTTP/1.1" 404 31381 "http://36.133.115.36:80/phpMyAdmin-2.11.11.3/scripts/setup.ph" "Go-http-client/1.1"
176.65.149.218 - - [12/Oct/2025:16:17:59 +0800] "GET /phpMyAdmin-2.11.11.3/scripts/setup.php HTTP/1.1" 404 27 "-" "Go-http-client/1.1"
176.65.149.218 - - [12/Oct/2025:16:18:00 +0800] "GET /phpMyAdmin-2.11.1-all-languages/scripts/setup.php HTTP/1.1" 404 27 "-" "Go-http-client/1.1"
176.65.149.218 - - [12/Oct/2025:16:18:00 +0800] "GET /phpMyAdmin-2/scripts/setup.php HTTP/1.1" 404 27 "-" "Go-http-client/1.1"
176.65.149.218 - - [12/Oct/2025:16:18:00 +0800] "GET /phpMyadmin-2/scripts/setup.php HTTP/1.1" 404 27 "-" "Go-http-client/1.1"
176.65.149.218 - - [12/Oct/2025:16:18:01 +0800] "GET /phpMyAdmin3/scripts/setup.php HTTP/1.1" 404 27 "-" "Go-http-client/1.1"
176.65.149.218 - - [12/Oct/2025:16:18:01 +0800] "GET /my/scripts/setup.php HTTP/1.1" 404 27 "-" "Go-http-client/1.1"
176.65.149.218 - - [12/Oct/2025:16:18:01 +0800] "GET /MyAdmin/scripts/setup.php HTTP/1.1" 404 27 "-" "Go-http-client/1.1"
176.65.149.218 - - [12/Oct/2025:16:18:02 +0800] "GET /PHPMYADMIN/scripts/setup.php HTTP/1.1" 404 27 "-" "Go-http-client/1.1"
176.65.149.218 - - [12/Oct/2025:16:18:02 +0800] "GET /db/scripts/setup.php HTTP/1.1" 404 27 "-" "Go-http-client/1.1"
176.65.149.218 - - [12/Oct/2025:16:18:02 +0800] "GET /dbadmin/scripts/setup.php HTTP/1.1" 404 27 "-" "Go-http-client/1.1"
176.65.149.218 - - [12/Oct/2025:16:18:03 +0800] "GET /myadmin/scripts/setup.php HTTP/1.1" 404 27 "-" "Go-http-client/1.1"
176.65.149.218 - - [12/Oct/2025:16:18:03 +0800] "GET /MySQL/scripts/setup.php HTTP/1.1" 404 27 "-" "Go-http-client/1.1"
176.65.149.218 - - [12/Oct/2025:16:18:03 +0800] "GET /mysql/scripts/setup.php HTTP/1.1" 404 27 "-" "Go-http-client/1.1"
176.65.149.218 - - [12/Oct/2025:16:18:04 +0800] "GET /mysqladmin/scripts/setup.php HTTP/1.1" 404 27 "-" "Go-http-client/1.1"
176.65.149.218 - - [12/Oct/2025:16:18:04 +0800] "GET /pHpMyAdMiN/scripts/setup.php HTTP/1.1" 404 27 "-" "Go-http-client/1.1"
176.65.149.218 - - [12/Oct/2025:16:18:04 +0800] "GET /phpMyAdmin/scripts/setup.php HTTP/1.1" 404 27 "-" "Go-http-client/1.1"
176.65.149.218 - - [12/Oct/2025:16:18:04 +0800] "GET /phpadmin/scripts/setup.php HTTP/1.1" 404 27 "-" "Go-http-client/1.1"
176.65.149.218 - - [12/Oct/2025:16:18:05 +0800] "GET /phpmyadmin/scripts/setup.php HTTP/1.1" 404 27 "-" "Go-http-client/1.1"
176.65.149.218 - - [12/Oct/2025:16:18:05 +0800] "GET /sqladm/scripts/setup.php HTTP/1.1" 404 27 "-" "Go-http-client/1.1"
176.65.149.218 - - [12/Oct/2025:16:18:05 +0800] "GET /sqladmin/scripts/setup.php HTTP/1.1" 404 27 "-" "Go-http-client/1.1"
176.65.149.218 - - [12/Oct/2025:16:18:06 +0800] "GET /phpmyadmin/scripts/db.init.php HTTP/1.1" 404 27 "-" "Go-http-client/1.1"
176.65.149.218 - - [12/Oct/2025:16:18:06 +0800] "GET /phpMyAdmin/scripts/db.init.php HTTP/1.1" 404 27 "-" "Go-http-client/1.1"
176.65.149.218 - - [12/Oct/2025:16:18:06 +0800] "GET /MyAdmin/scripts/setup.php HTTP/1.1" 404 27 "-" "Go-http-client/1.1"
176.65.149.218 - - [12/Oct/2025:16:18:07 +0800] "GET /database/scripts/setup.php HTTP/1.1" 404 27 "-" "Go-http-client/1.1"
176.65.149.218 - - [12/Oct/2025:16:18:07 +0800] "GET /phpAdmin/scripts/setup.php HTTP/1.1" 404 27 "-" "Go-http-client/1.1"
176.65.149.218 - - [12/Oct/2025:16:18:07 +0800] "GET /phpmyadmin1/scripts/setup.php HTTP/1.1" 404 27 "-" "Go-http-client/1.1"
176.65.149.218 - - [12/Oct/2025:16:18:08 +0800] "GET /phpmyadmin2/scripts/setup.php HTTP/1.1" 404 27 "-" "Go-http-client/1.1"
176.65.149.218 - - [12/Oct/2025:16:18:08 +0800] "GET /pma/scripts/setup.php HTTP/1.1" 404 27 "-" "Go-http-client/1.1"
176.65.149.218 - - [12/Oct/2025:16:18:09 +0800] "GET /PMA/scripts/setup.php HTTP/1.1" 404 27 "-" "Go-http-client/1.1"
176.65.149.218 - - [12/Oct/2025:16:18:09 +0800] "GET /php/phpMyAdmin/scripts/setup.php HTTP/1.1" 404 27 "-" "Go-http-client/1.1"
176.65.149.218 - - [12/Oct/2025:16:18:10 +0800] "GET /php/phpmyadmin/scripts/setup.php HTTP/1.1" 404 27 "-" "Go-http-client/1.1"
176.65.149.218 - - [12/Oct/2025:16:18:10 +0800] "GET /forum/phpmyadmin/scripts/setup.php HTTP/1.1" 404 27 "-" "Go-http-client/1.1"
176.65.149.218 - - [12/Oct/2025:16:18:10 +0800] "GET /_phpMyAdmin/scripts/setup.php HTTP/1.1" 404 27 "-" "Go-http-client/1.1"
176.65.149.218 - - [12/Oct/2025:16:18:11 +0800] "GET /_phpmyadmin/scripts/setup.php HTTP/1.1" 404 27 "-" "Go-http-client/1.1"
176.65.149.218 - - [12/Oct/2025:16:18:11 +0800] "GET /_pHpMyAdMiN/scripts/setup.php HTTP/1.1" 404 27 "-" "Go-http-client/1.1"
176.65.149.218 - - [12/Oct/2025:16:18:12 +0800] "GET /websql/scripts/setup.php HTTP/1.1" 404 27 "-" "Go-http-client/1.1"
176.65.149.218 - - [12/Oct/2025:16:18:12 +0800] "GET /php-my-admin/scripts/setup.php HTTP/1.1" 404 27 "-" "Go-http-client/1.1"
176.65.149.218 - - [12/Oct/2025:16:18:12 +0800] "GET /php-myadmin/scripts/setup.php HTTP/1.1" 404 27 "-" "Go-http-client/1.1"
176.65.149.218 - - [12/Oct/2025:16:18:12 +0800] "GET /web/scripts/setup.php HTTP/1.1" 404 27 "-" "Go-http-client/1.1"
176.65.149.218 - - [12/Oct/2025:16:18:13 +0800] "GET /xampp/phpmyadmin/scripts/setup.php HTTP/1.1" 404 27 "-" "Go-http-client/1.1"
176.65.149.218 - - [12/Oct/2025:16:18:13 +0800] "GET /web/phpMyAdmin/scripts/setup.php HTTP/1.1" 404 27 "-" "Go-http-client/1.1"
176.65.149.218 - - [12/Oct/2025:16:18:13 +0800] "GET /web/phpmyadmin/scripts/setup.php HTTP/1.1" 404 27 "-" "Go-http-client/1.1"
176.65.149.218 - - [12/Oct/2025:16:18:14 +0800] "GET /typo3/phpmyadmin/scripts/setup.php HTTP/1.1" 404 27 "-" "Go-http-client/1.1"
176.65.149.218 - - [12/Oct/2025:16:18:14 +0800] "GET /cpphpmyadmin/scripts/setup.php HTTP/1.1" 404 27 "-" "Go-http-client/1.1"
176.65.149.218 - - [12/Oct/2025:16:18:14 +0800] "GET /cpanelphpmyadmin/scripts/setup.php HTTP/1.1" 404 27 "-" "Go-http-client/1.1"
176.65.149.218 - - [12/Oct/2025:16:18:15 +0800] "GET /blog/phpmyadmin/scripts/setup.php HTTP/1.1" 404 27 "-" "Go-http-client/1.1"
176.65.149.218 - - [12/Oct/2025:16:18:15 +0800] "GET /apache-default/phpmyadmin/scripts/setup.php HTTP/1.1" 404 27 "-" "Go-http-client/1.1"
176.65.149.218 - - [12/Oct/2025:16:18:15 +0800] "GET /administrator/components/com_joommyadmin/phpmyadmin/scripts/setup.php HTTP/1.1" 404 27 "-" "Go-http-client/1.1"
176.65.149.218 - - [12/Oct/2025:16:18:16 +0800] "GET /admin/phpmyadmin/scripts/setup.php HTTP/1.1" 404 27 "-" "Go-http-client/1.1"
176.65.149.218 - - [12/Oct/2025:16:18:16 +0800] "GET /Admin/phpMyAdmin/scripts/setup.php HTTP/1.1" 404 27 "-" "Go-http-client/1.1"
176.65.149.218 - - [12/Oct/2025:16:18:16 +0800] "GET /Admin/phpmyadmin/scripts/setup.php HTTP/1.1" 404 27 "-" "Go-http-client/1.1"
176.65.149.218 - - [12/Oct/2025:16:18:17 +0800] "GET /admin/pma/scripts/setup.php HTTP/1.1" 404 27 "-" "Go-http-client/1.1"
176.65.149.218 - - [12/Oct/2025:16:18:17 +0800] "GET /admin/scripts/setup.php HTTP/1.1" 404 27 "-" "Go-http-client/1.1"
176.65.149.218 - - [12/Oct/2025:16:18:18 +0800] "GET /phpmyadmin7/scripts/setup.php HTTP/1.1" 404 27 "-" "Go-http-client/1.1"
176.65.149.218 - - [12/Oct/2025:16:18:18 +0800] "GET /phpmyadmin6/scripts/setup.php HTTP/1.1" 404 27 "-" "Go-http-client/1.1"
176.65.149.218 - - [12/Oct/2025:16:18:18 +0800] "GET /phpmyadmin5/scripts/setup.php HTTP/1.1" 404 27 "-" "Go-http-client/1.1"
176.65.149.218 - - [12/Oct/2025:16:18:19 +0800] "GET /phpmyadmin4/scripts/setup.php HTTP/1.1" 404 27 "-" "Go-http-client/1.1"
176.65.149.218 - - [12/Oct/2025:16:18:19 +0800] "GET /phpmyadmin3/scripts/setup.php HTTP/1.1" 404 27 "-" "Go-http-client/1.1"
176.65.149.218 - - [12/Oct/2025:16:18:19 +0800] "GET /scripts/setup.php HTTP/1.1" 404 27 "-" "Go-http-client/1.1"
176.65.149.218 - - [12/Oct/2025:16:18:20 +0800] "GET /setup.php HTTP/1.1" 404 27 "-" "Go-http-client/1.1"
176.65.149.218 - - [12/Oct/2025:16:18:20 +0800] "GET /phpmyadmin/scripts/db___.init.php HTTP/1.1" 404 27 "-" "Go-http-client/1.1"
176.65.149.218 - - [12/Oct/2025:16:18:20 +0800] "GET /phpMyAdmin/scripts/db___.init.php HTTP/1.1" 404 27 "-" "Go-http-client/1.1"
176.65.149.218 - - [12/Oct/2025:16:18:21 +0800] "GET /myadmin/scripts/db___.init.php HTTP/1.1" 404 27 "-" "Go-http-client/1.1"
176.65.149.218 - - [12/Oct/2025:16:18:21 +0800] "GET /PMA/scripts/db___.init.php HTTP/1.1" 404 27 "-" "Go-http-client/1.1"
176.65.149.218 - - [12/Oct/2025:16:18:21 +0800] "GET /pma/scripts/db___.init.php HTTP/1.1" 404 27 "-" "Go-http-client/1.1"
176.65.149.218 - - [12/Oct/2025:16:18:22 +0800] "GET /MyAdmin/scripts/db___.init.php HTTP/1.1" 404 27 "-" "Go-http-client/1.1"
176.65.149.218 - - [12/Oct/2025:16:18:22 +0800] "GET /scripts/db___.init.php HTTP/1.1" 404 27 "-" "Go-http-client/1.1"
176.65.149.218 - - [12/Oct/2025:16:18:23 +0800] "GET /sqlweb/scripts/setup.php HTTP/1.1" 404 27 "-" "Go-http-client/1.1"
176.65.149.218 - - [12/Oct/2025:16:18:24 +0800] "GET /phpLDAPadmin/scripts/setup HTTP/1.1" 301 5 "-" "Go-http-client/1.1"
176.65.149.218 - - [12/Oct/2025:16:18:25 +0800] "GET /phpLDAPadmin/scripts/setup HTTP/1.1" 404 31381 "http://36.133.115.36:80/phpLDAPadmin/scripts/setup" "Go-http-client/1.1"
176.65.149.218 - - [12/Oct/2025:16:18:25 +0800] "GET /p/m/a/scripts/setup.php HTTP/1.1" 404 27 "-" "Go-http-client/1.1"
176.65.149.218 - - [12/Oct/2025:16:18:26 +0800] "GET /phpmy-admin/scripts/setup.php HTTP/1.1" 404 27 "-" "Go-http-client/1.1"
176.65.149.218 - - [12/Oct/2025:16:18:26 +0800] "GET /phpMyAdmin/css/phpmyadmin.css.php HTTP/1.1" 404 27 "-" "Go-http-client/1.1"
176.65.149.218 - - [12/Oct/2025:16:18:26 +0800] "GET /phpmyadmin/config.user.inc.php HTTP/1.1" 404 27 "-" "Go-http-client/1.1"
36.133.115.36 - - [12/Oct/2025:16:18:54 +0800] "POST /wp-cron.php?doing_wp_cron=1760257134.5976378917694091796875 HTTP/1.1" 200 31 "-" "WordPress/6.8.2; http://cqqizhou.com"
43.132.214.228 - - [12/Oct/2025:16:18:54 +0800] "GET / HTTP/1.1" 200 33465 "-" "Mozilla/5.0 (iPhone; CPU iPhone OS 13_2_3 like Mac OS X) AppleWebKit/605.1.15 (KHTML, like Gecko) Version/13.0.3 Mobile/15E148 Safari/604.1"
36.133.115.36 - - [12/Oct/2025:16:20:22 +0800] "POST /wp-cron.php?doing_wp_cron=1760257222.0487740039825439453125 HTTP/1.1" 200 31 "-" "WordPress/6.8.2; http://cqqizhou.com"
87.120.191.91 - - [12/Oct/2025:16:20:22 +0800] "GET / HTTP/1.1" 200 33465 "-" "Mozilla/5.0 (Windows NT 10.0; Win64; x64) AppleWebKit/537.36 (KHTML, like Gecko) Chrome/90.0.4430.85 Safari/537.36 Edg/90.0.818.46"
36.133.115.36 - - [12/Oct/2025:16:38:00 +0800] "POST /wp-cron.php?doing_wp_cron=1760258280.7593379020690917968750 HTTP/1.1" 200 31 "-" "WordPress/6.8.2; http://cqqizhou.com"
87.120.191.93 - - [12/Oct/2025:16:38:01 +0800] "GET / HTTP/1.1" 200 33465 "-" "Mozilla/5.0 (Windows NT 10.0; Win64; x64) AppleWebKit/537.36 (KHTML, like Gecko) Chrome/90.0.4430.85 Safari/537.36 Edg/90.0.818.46"
36.133.115.36 - - [12/Oct/2025:17:03:02 +0800] "POST /wp-cron.php?doing_wp_cron=1760259782.5725760459899902343750 HTTP/1.1" 200 31 "-" "WordPress/6.8.2; http://cqqizhou.com"
87.120.191.92 - - [12/Oct/2025:17:03:02 +0800] "GET / HTTP/1.1" 200 33465 "-" "Mozilla/5.0 (Windows NT 10.0; Win64; x64) AppleWebKit/537.36 (KHTML, like Gecko) Chrome/90.0.4430.85 Safari/537.36 Edg/90.0.818.46"
36.133.115.36 - - [12/Oct/2025:17:10:49 +0800] "POST /wp-cron.php?doing_wp_cron=1760260249.8503260612487792968750 HTTP/1.1" 200 31 "-" "WordPress/6.8.2; http://cqqizhou.com"
195.178.110.15 - - [12/Oct/2025:17:10:49 +0800] "GET / HTTP/1.1" 301 5 "-" "l9tcpid/v1.1.0"
36.133.108.119 - - [12/Oct/2025:17:11:43 +0800] "HEAD /systembc/password.php HTTP/1.1" 404 0 "-" "Mozilla/5.0 (compatible; MSIE 8.0; Windows NT 5.1; Trident/4.0; SLCC1; .NET CLR 3.0.4506.2152; .NET CLR 3.5.30729; .NET CLR 1.1.4322)"
36.133.115.36 - - [12/Oct/2025:17:28:40 +0800] "POST /wp-cron.php?doing_wp_cron=1760261320.8131830692291259765625 HTTP/1.1" 200 31 "-" "WordPress/6.8.2; http://cqqizhou.com"
147.185.133.34 - - [12/Oct/2025:17:28:41 +0800] "GET / HTTP/1.1" 200 33464 "-" "Hello from Palo Alto Networks, find out more about our scans in https://docs-cortex.paloaltonetworks.com/r/1/Cortex-Xpanse/Scanning-activity"
36.133.115.36 - - [12/Oct/2025:17:32:39 +0800] "POST /wp-cron.php?doing_wp_cron=1760261559.8619589805603027343750 HTTP/1.1" 200 31 "-" "WordPress/6.8.2; http://cqqizhou.com"
87.120.191.6 - - [12/Oct/2025:17:32:40 +0800] "GET / HTTP/1.1" 200 33464 "-" "Mozilla/5.0 (Windows NT 10.0; Win64; x64) AppleWebKit/537.36 (KHTML, like Gecko) Chrome/90.0.4430.85 Safari/537.36 Edg/90.0.818.46"
36.133.115.36 - - [12/Oct/2025:17:33:36 +0800] "POST /wp-cron.php?doing_wp_cron=1760261616.6112480163574218750000 HTTP/1.1" 200 31 "-" "WordPress/6.8.2; http://cqqizhou.com"
182.42.110.255 - - [12/Oct/2025:17:33:36 +0800] "GET / HTTP/1.1" 301 5 "-" "Mozilla/5.0 (iPhone; CPU iPhone OS 13_2_3 like Mac OS X) AppleWebKit/605.1.15 (KHTML, like Gecko) Version/13.0.3 Mobile/15E148 Safari/604.1"
182.42.110.255 - - [12/Oct/2025:17:33:41 +0800] "GET / HTTP/1.1" 200 33464 "http://www.cqqizhou.com" "Mozilla/5.0 (iPhone; CPU iPhone OS 13_2_3 like Mac OS X) AppleWebKit/605.1.15 (KHTML, like Gecko) Version/13.0.3 Mobile/15E148 Safari/604.1"
36.133.115.36 - - [12/Oct/2025:17:37:43 +0800] "POST /wp-cron.php?doing_wp_cron=1760261863.7915029525756835937500 HTTP/1.1" 200 31 "-" "WordPress/6.8.2; http://cqqizhou.com"
138.201.194.13 - - [12/Oct/2025:17:37:43 +0800] "GET /robots.txt HTTP/1.1" 200 190 "-" "serpstatbot/2.1 (advanced backlink tracking bot; https://serpstatbot.com/; abuse@serpstatbot.com)"
138.201.194.13 - - [12/Oct/2025:17:37:45 +0800] "GET /services/processing/ HTTP/1.1" 200 22882 "-" "serpstatbot/2.1 (advanced backlink tracking bot; https://serpstatbot.com/; abuse@serpstatbot.com)"
138.201.194.13 - - [12/Oct/2025:17:37:57 +0800] "GET /services/ HTTP/1.1" 200 25527 "-" "serpstatbot/2.1 (advanced backlink tracking bot; https://serpstatbot.com/; abuse@serpstatbot.com)"
138.201.194.13 - - [12/Oct/2025:17:38:14 +0800] "GET /portfolio/remaining-rolls/ HTTP/1.1" 200 22143 "-" "serpstatbot/2.1 (advanced backlink tracking bot; https://serpstatbot.com/; abuse@serpstatbot.com)"
138.201.194.13 - - [12/Oct/2025:17:38:34 +0800] "GET /portfolio/pickled-coil/ HTTP/1.1" 200 22146 "-" "serpstatbot/2.1 (advanced backlink tracking bot; https://serpstatbot.com/; abuse@serpstatbot.com)"
138.201.194.13 - - [12/Oct/2025:17:38:52 +0800] "GET /portfolio/hot-dip-galvanized-coil/ HTTP/1.1" 200 22290 "-" "serpstatbot/2.1 (advanced backlink tracking bot; https://serpstatbot.com/; abuse@serpstatbot.com)"
138.201.194.13 - - [12/Oct/2025:17:39:10 +0800] "GET /portfolio/duplex-stainless-steel/ HTTP/1.1" 200 22130 "-" "serpstatbot/2.1 (advanced backlink tracking bot; https://serpstatbot.com/; abuse@serpstatbot.com)"
138.201.194.13 - - [12/Oct/2025:17:39:30 +0800] "GET /portfolio/%E5%86%B7%E8%BD%A7%E6%9D%BF/ HTTP/1.1" 200 22093 "-" "serpstatbot/2.1 (advanced backlink tracking bot; https://serpstatbot.com/; abuse@serpstatbot.com)"
36.133.115.36 - - [12/Oct/2025:17:39:46 +0800] "POST /wp-cron.php?doing_wp_cron=1760261986.1795549392700195312500 HTTP/1.1" 200 31 "-" "WordPress/6.8.2; http://cqqizhou.com"
138.201.194.13 - - [12/Oct/2025:17:39:46 +0800] "GET /portfolio/%E5%86%B7%E8%BD%A7%E5%8D%B7/ HTTP/1.1" 200 22051 "-" "serpstatbot/2.1 (advanced backlink tracking bot; https://serpstatbot.com/; abuse@serpstatbot.com)"
138.201.194.13 - - [12/Oct/2025:17:40:02 +0800] "GET /portfolio/ HTTP/1.1" 200 20556 "-" "serpstatbot/2.1 (advanced backlink tracking bot; https://serpstatbot.com/; abuse@serpstatbot.com)"
138.201.194.13 - - [12/Oct/2025:17:40:20 +0800] "GET /portfolio-tag/%E9%9E%8D%E9%92%A2%E8%92%82%E6%A3%AE/ HTTP/1.1" 200 22694 "-" "serpstatbot/2.1 (advanced backlink tracking bot; https://serpstatbot.com/; abuse@serpstatbot.com)"
138.201.194.13 - - [12/Oct/2025:17:40:32 +0800] "GET /portfolio-category/remaining-rolls/ HTTP/1.1" 200 20926 "-" "serpstatbot/2.1 (advanced backlink tracking bot; https://serpstatbot.com/; abuse@serpstatbot.com)"
36.133.115.36 - - [12/Oct/2025:17:40:52 +0800] "POST /wp-cron.php?doing_wp_cron=1760262052.0298779010772705078125 HTTP/1.1" 200 31 "-" "WordPress/6.8.2; http://cqqizhou.com"
138.201.194.13 - - [12/Oct/2025:17:40:52 +0800] "GET /portfolio-category/pickled-coil/ HTTP/1.1" 200 20919 "-" "serpstatbot/2.1 (advanced backlink tracking bot; https://serpstatbot.com/; abuse@serpstatbot.com)"
87.120.191.93 - - [12/Oct/2025:17:40:53 +0800] "GET / HTTP/1.1" 200 33464 "-" "Mozilla/5.0 (Windows NT 10.0; Win64; x64) AppleWebKit/537.36 (KHTML, like Gecko) Chrome/90.0.4430.85 Safari/537.36 Edg/90.0.818.46"
138.201.194.13 - - [12/Oct/2025:17:41:07 +0800] "GET /portfolio-category/hot-dip-galvanized-coil/ HTTP/1.1" 200 20954 "-" "serpstatbot/2.1 (advanced backlink tracking bot; https://serpstatbot.com/; abuse@serpstatbot.com)"
138.201.194.13 - - [12/Oct/2025:17:41:24 +0800] "GET /portfolio-category/dual-phase-steel/ HTTP/1.1" 200 20955 "-" "serpstatbot/2.1 (advanced backlink tracking bot; https://serpstatbot.com/; abuse@serpstatbot.com)"
138.201.194.13 - - [12/Oct/2025:17:41:38 +0800] "GET /portfolio-category/cold-rolled-coil/ HTTP/1.1" 200 20974 "-" "serpstatbot/2.1 (advanced backlink tracking bot; https://serpstatbot.com/; abuse@serpstatbot.com)"
138.201.194.13 - - [12/Oct/2025:17:41:54 +0800] "GET /policy/ HTTP/1.1" 200 23663 "-" "serpstatbot/2.1 (advanced backlink tracking bot; https://serpstatbot.com/; abuse@serpstatbot.com)"
138.201.194.13 - - [12/Oct/2025:17:42:10 +0800] "GET /news/ HTTP/1.1" 200 25257 "-" "serpstatbot/2.1 (advanced backlink tracking bot; https://serpstatbot.com/; abuse@serpstatbot.com)"
138.201.194.13 - - [12/Oct/2025:17:42:26 +0800] "GET /logistics/ HTTP/1.1" 200 22415 "-" "serpstatbot/2.1 (advanced backlink tracking bot; https://serpstatbot.com/; abuse@serpstatbot.com)"
138.201.194.13 - - [12/Oct/2025:17:42:45 +0800] "GET /industry/ HTTP/1.1" 200 21962 "-" "serpstatbot/2.1 (advanced backlink tracking bot; https://serpstatbot.com/; abuse@serpstatbot.com)"
138.201.194.13 - - [12/Oct/2025:17:42:58 +0800] "GET /contacts/ HTTP/1.1" 200 21517 "-" "serpstatbot/2.1 (advanced backlink tracking bot; https://serpstatbot.com/; abuse@serpstatbot.com)"
36.133.115.36 - - [12/Oct/2025:17:43:14 +0800] "POST /wp-cron.php?doing_wp_cron=1760262194.1137769222259521484375 HTTP/1.1" 200 31 "-" "WordPress/6.8.2; http://cqqizhou.com"
138.201.194.13 - - [12/Oct/2025:17:43:14 +0800] "GET /business/ HTTP/1.1" 200 22411 "-" "serpstatbot/2.1 (advanced backlink tracking bot; https://serpstatbot.com/; abuse@serpstatbot.com)"
138.201.194.13 - - [12/Oct/2025:17:43:30 +0800] "GET /bug/ HTTP/1.1" 200 12811 "-" "serpstatbot/2.1 (advanced backlink tracking bot; https://serpstatbot.com/; abuse@serpstatbot.com)"
138.201.194.13 - - [12/Oct/2025:17:43:43 +0800] "GET /about/ HTTP/1.1" 200 30090 "-" "serpstatbot/2.1 (advanced backlink tracking bot; https://serpstatbot.com/; abuse@serpstatbot.com)"
36.133.115.36 - - [12/Oct/2025:17:44:00 +0800] "POST /wp-cron.php?doing_wp_cron=1760262240.6803810596466064453125 HTTP/1.1" 200 31 "-" "WordPress/6.8.2; http://cqqizhou.com"
138.201.194.13 - - [12/Oct/2025:17:44:01 +0800] "GET /2165/ HTTP/1.1" 200 27241 "-" "serpstatbot/2.1 (advanced backlink tracking bot; https://serpstatbot.com/; abuse@serpstatbot.com)"
138.201.194.13 - - [12/Oct/2025:17:44:17 +0800] "GET /2164/ HTTP/1.1" 200 23818 "-" "serpstatbot/2.1 (advanced backlink tracking bot; https://serpstatbot.com/; abuse@serpstatbot.com)"
138.201.194.13 - - [12/Oct/2025:17:44:34 +0800] "GET /2163/ HTTP/1.1" 200 24072 "-" "serpstatbot/2.1 (advanced backlink tracking bot; https://serpstatbot.com/; abuse@serpstatbot.com)"
138.201.194.13 - - [12/Oct/2025:17:44:50 +0800] "GET /2162/ HTTP/1.1" 200 25457 "-" "serpstatbot/2.1 (advanced backlink tracking bot; https://serpstatbot.com/; abuse@serpstatbot.com)"
138.201.194.13 - - [12/Oct/2025:17:45:05 +0800] "GET /2160/ HTTP/1.1" 200 30012 "-" "serpstatbot/2.1 (advanced backlink tracking bot; https://serpstatbot.com/; abuse@serpstatbot.com)"
138.201.194.13 - - [12/Oct/2025:17:45:20 +0800] "GET /2159/ HTTP/1.1" 200 29012 "-" "serpstatbot/2.1 (advanced backlink tracking bot; https://serpstatbot.com/; abuse@serpstatbot.com)"
36.133.115.36 - - [12/Oct/2025:17:45:35 +0800] "POST /wp-cron.php?doing_wp_cron=1760262335.6500520706176757812500 HTTP/1.1" 200 31 "-" "WordPress/6.8.2; http://cqqizhou.com"
138.201.194.13 - - [12/Oct/2025:17:45:35 +0800] "GET /2155/ HTTP/1.1" 200 29428 "-" "serpstatbot/2.1 (advanced backlink tracking bot; https://serpstatbot.com/; abuse@serpstatbot.com)"
36.133.115.36 - - [12/Oct/2025:17:45:57 +0800] "POST /wp-cron.php?doing_wp_cron=1760262357.3334989547729492187500 HTTP/1.1" 200 31 "-" "WordPress/6.8.2; http://cqqizhou.com"
138.201.194.13 - - [12/Oct/2025:17:45:57 +0800] "GET /2153/ HTTP/1.1" 200 24658 "-" "serpstatbot/2.1 (advanced backlink tracking bot; https://serpstatbot.com/; abuse@serpstatbot.com)"
138.201.194.13 - - [12/Oct/2025:17:46:07 +0800] "GET /2052/ HTTP/1.1" 200 25928 "-" "serpstatbot/2.1 (advanced backlink tracking bot; https://serpstatbot.com/; abuse@serpstatbot.com)"
138.201.194.13 - - [12/Oct/2025:17:46:23 +0800] "GET / HTTP/1.1" 200 39371 "-" "serpstatbot/2.1 (advanced backlink tracking bot; https://serpstatbot.com/; abuse@serpstatbot.com)"
138.201.194.13 - - [12/Oct/2025:17:46:36 +0800] "GET / HTTP/1.1" 200 39371 "-" "serpstatbot/2.1 (advanced backlink tracking bot; https://serpstatbot.com/; abuse@serpstatbot.com)"
36.133.115.36 - - [12/Oct/2025:17:47:12 +0800] "POST /wp-cron.php?doing_wp_cron=1760262432.5479359626770019531250 HTTP/1.1" 200 31 "-" "WordPress/6.8.2; http://cqqizhou.com"
87.120.191.92 - - [12/Oct/2025:17:47:12 +0800] "GET / HTTP/1.1" 200 33464 "-" "Mozilla/5.0 (Windows NT 10.0; Win64; x64) AppleWebKit/537.36 (KHTML, like Gecko) Chrome/90.0.4430.85 Safari/537.36 Edg/90.0.818.46"
36.133.115.36 - - [12/Oct/2025:17:50:20 +0800] "POST /wp-cron.php?doing_wp_cron=1760262620.6378419399261474609375 HTTP/1.1" 200 31 "-" "WordPress/6.8.2; http://cqqizhou.com"
42.236.17.18 - - [12/Oct/2025:17:50:20 +0800] "GET /robots.txt HTTP/1.1" 200 190 "http://cqqizhou.com/robots.txt" "Mozilla/5.0 (Windows NT 10.0; Win64; x64) AppleWebKit/537.36 (KHTML, like Gecko) Chrome/140.0.0.0 Safari/537.36 Edg/140.0.0.0; 360Spider"
36.133.115.36 - - [12/Oct/2025:17:59:47 +0800] "POST /wp-cron.php?doing_wp_cron=1760263187.5192909240722656250000 HTTP/1.1" 200 31 "-" "WordPress/6.8.2; http://cqqizhou.com"
43.135.142.7 - - [12/Oct/2025:17:59:47 +0800] "GET / HTTP/1.1" 200 33465 "-" "Mozilla/5.0 (iPhone; CPU iPhone OS 13_2_3 like Mac OS X) AppleWebKit/605.1.15 (KHTML, like Gecko) Version/13.0.3 Mobile/15E148 Safari/604.1"
138.201.194.13 - - [12/Oct/2025:18:10:21 +0800] "GET /uncategorized/ HTTP/1.1" 200 20922 "-" "serpstatbot/2.1 (advanced backlink tracking bot; https://serpstatbot.com/; abuse@serpstatbot.com)"
36.133.115.36 - - [12/Oct/2025:18:10:43 +0800] "POST /wp-cron.php?doing_wp_cron=1760263843.4647181034088134765625 HTTP/1.1" 200 31 "-" "WordPress/6.8.2; http://cqqizhou.com"
138.201.194.13 - - [12/Oct/2025:18:10:43 +0800] "GET /services/processing/qzgyl@cq-qizhou.com HTTP/1.1" 404 8989 "-" "serpstatbot/2.1 (advanced backlink tracking bot; https://serpstatbot.com/; abuse@serpstatbot.com)"
36.133.115.36 - - [12/Oct/2025:18:11:08 +0800] "POST /wp-cron.php?doing_wp_cron=1760263868.3729560375213623046875 HTTP/1.1" 200 31 "-" "WordPress/6.8.2; http://cqqizhou.com"
138.201.194.13 - - [12/Oct/2025:18:11:08 +0800] "GET /services HTTP/1.1" 301 5 "-" "serpstatbot/2.1 (advanced backlink tracking bot; https://serpstatbot.com/; abuse@serpstatbot.com)"
138.201.194.13 - - [12/Oct/2025:18:11:31 +0800] "GET /process/processing HTTP/1.1" 301 5 "-" "serpstatbot/2.1 (advanced backlink tracking bot; https://serpstatbot.com/; abuse@serpstatbot.com)"
36.133.115.36 - - [12/Oct/2025:18:11:51 +0800] "POST /wp-cron.php?doing_wp_cron=1760263911.9434540271759033203125 HTTP/1.1" 200 31 "-" "WordPress/6.8.2; http://cqqizhou.com"
138.201.194.13 - - [12/Oct/2025:18:11:52 +0800] "GET /news/page/2/ HTTP/1.1" 200 21542 "-" "serpstatbot/2.1 (advanced backlink tracking bot; https://serpstatbot.com/; abuse@serpstatbot.com)"
138.201.194.13 - - [12/Oct/2025:18:12:11 +0800] "GET /logistics HTTP/1.1" 301 5 "-" "serpstatbot/2.1 (advanced backlink tracking bot; https://serpstatbot.com/; abuse@serpstatbot.com)"
138.201.194.13 - - [12/Oct/2025:18:12:30 +0800] "GET /club/ HTTP/1.1" 200 13064 "-" "serpstatbot/2.1 (advanced backlink tracking bot; https://serpstatbot.com/; abuse@serpstatbot.com)"
36.133.115.36 - - [12/Oct/2025:18:12:54 +0800] "POST /wp-cron.php?doing_wp_cron=1760263974.1794741153717041015625 HTTP/1.1" 200 31 "-" "WordPress/6.8.2; http://cqqizhou.com"
138.201.194.13 - - [12/Oct/2025:18:12:54 +0800] "GET /bug HTTP/1.1" 301 5 "-" "serpstatbot/2.1 (advanced backlink tracking bot; https://serpstatbot.com/; abuse@serpstatbot.com)"
138.201.194.13 - - [12/Oct/2025:18:13:12 +0800] "GET /2231/ HTTP/1.1" 200 23664 "-" "serpstatbot/2.1 (advanced backlink tracking bot; https://serpstatbot.com/; abuse@serpstatbot.com)"
138.201.194.13 - - [12/Oct/2025:18:13:33 +0800] "GET /2215/ HTTP/1.1" 200 24280 "-" "serpstatbot/2.1 (advanced backlink tracking bot; https://serpstatbot.com/; abuse@serpstatbot.com)"
138.201.194.13 - - [12/Oct/2025:18:13:54 +0800] "GET /2214/ HTTP/1.1" 200 24896 "-" "serpstatbot/2.1 (advanced backlink tracking bot; https://serpstatbot.com/; abuse@serpstatbot.com)"
36.133.115.36 - - [12/Oct/2025:18:32:31 +0800] "POST /wp-cron.php?doing_wp_cron=1760265151.3795189857482910156250 HTTP/1.1" 200 31 "-" "WordPress/6.8.2; http://cqqizhou.com"
87.120.191.92 - - [12/Oct/2025:18:32:31 +0800] "GET / HTTP/1.1" 200 33464 "-" "Mozilla/5.0 (Windows NT 10.0; Win64; x64) AppleWebKit/537.36 (KHTML, like Gecko) Chrome/90.0.4430.85 Safari/537.36 Edg/90.0.818.46"
36.133.115.36 - - [12/Oct/2025:18:41:53 +0800] "POST /wp-cron.php?doing_wp_cron=1760265713.7962520122528076171875 HTTP/1.1" 200 31 "-" "WordPress/6.8.2; http://cqqizhou.com"
87.120.191.93 - - [12/Oct/2025:18:41:54 +0800] "GET / HTTP/1.1" 200 33465 "-" "Mozilla/5.0 (Windows NT 10.0; Win64; x64) AppleWebKit/537.36 (KHTML, like Gecko) Chrome/90.0.4430.85 Safari/537.36 Edg/90.0.818.46"
36.133.115.36 - - [12/Oct/2025:18:43:09 +0800] "POST /wp-cron.php?doing_wp_cron=1760265789.7122240066528320312500 HTTP/1.1" 200 31 "-" "WordPress/6.8.2; http://cqqizhou.com"
138.201.194.13 - - [12/Oct/2025:18:43:09 +0800] "GET /services/processing/qzgyl@cq-qizhou.com HTTP/1.1" 404 8989 "-" "serpstatbot/2.1 (advanced backlink tracking bot; https://serpstatbot.com/; abuse@serpstatbot.com)"
36.133.115.36 - - [12/Oct/2025:18:43:55 +0800] "POST /wp-cron.php?doing_wp_cron=1760265835.5264179706573486328125 HTTP/1.1" 200 31 "-" "WordPress/6.8.2; http://cqqizhou.com"
138.201.194.13 - - [12/Oct/2025:18:43:55 +0800] "GET /news/page/1/ HTTP/1.1" 301 5 "-" "serpstatbot/2.1 (advanced backlink tracking bot; https://serpstatbot.com/; abuse@serpstatbot.com)"
36.133.115.36 - - [12/Oct/2025:18:50:21 +0800] "POST /wp-cron.php?doing_wp_cron=1760266221.1143629550933837890625 HTTP/1.1" 200 31 "-" "WordPress/6.8.2; http://cqqizhou.com"
87.120.191.90 - - [12/Oct/2025:18:50:21 +0800] "GET / HTTP/1.1" 200 33464 "-" "Mozilla/5.0 (Windows NT 10.0; Win64; x64) AppleWebKit/537.36 (KHTML, like Gecko) Chrome/90.0.4430.85 Safari/537.36 Edg/90.0.818.46"
36.133.115.36 - - [12/Oct/2025:18:52:29 +0800] "POST /wp-cron.php?doing_wp_cron=1760266349.0437719821929931640625 HTTP/1.1" 200 31 "-" "WordPress/6.8.2; http://cqqizhou.com"
87.120.191.6 - - [12/Oct/2025:18:52:29 +0800] "GET / HTTP/1.1" 200 33464 "-" "Mozilla/5.0 (Windows NT 10.0; Win64; x64) AppleWebKit/537.36 (KHTML, like Gecko) Chrome/90.0.4430.85 Safari/537.36 Edg/90.0.818.46"
36.133.115.36 - - [12/Oct/2025:19:15:11 +0800] "POST /wp-cron.php?doing_wp_cron=1760267711.7464809417724609375000 HTTP/1.1" 200 31 "-" "WordPress/6.8.2; http://cqqizhou.com"
