205.169.39.51 - - [12/Oct/2025:08:49:10 +0800] "GET /wp-content/uploads/2025/07/1753587901-Slider_3840%C3%972160_20250727-scaled-50x100.webp HTTP/1.1" 200 1660 "http://cqqizhou.com/" "Mozilla/5.0 (Windows NT 10.0; Win64; x64) AppleWebKit/537.36 (KHTML, like Gecko) Chrome/117.0.5938.132 Safari/537.36"
205.169.39.51 - - [12/Oct/2025:08:49:10 +0800] "GET /wp-content/uploads/revslider/slider-1/1750861156-logistics_Slider_3840%C3%972160_20250625191356-scaled-50x100.webp HTTP/1.1" 200 1416 "http://cqqizhou.com/" "Mozilla/5.0 (Windows NT 10.0; Win64; x64) AppleWebKit/537.36 (KHTML, like Gecko) Chrome/117.0.5938.132 Safari/537.36"
205.169.39.51 - - [12/Oct/2025:08:49:10 +0800] "GET /wp-json/sliderrevolution/sliders/1?srengine=7&slideid=3 HTTP/1.1" 200 2292 "http://cqqizhou.com/" "Mozilla/5.0 (Windows NT 10.0; Win64; x64) AppleWebKit/537.36 (KHTML, like Gecko) Chrome/117.0.5938.132 Safari/537.36"
205.169.39.51 - - [12/Oct/2025:08:49:10 +0800] "GET /wp-json/sliderrevolution/sliders/1?srengine=7&slideid=2 HTTP/1.1" 200 2058 "http://cqqizhou.com/" "Mozilla/5.0 (Windows NT 10.0; Win64; x64) AppleWebKit/537.36 (KHTML, like Gecko) Chrome/117.0.5938.132 Safari/537.36"
205.169.39.51 - - [12/Oct/2025:08:49:11 +0800] "GET /wp-content/uploads/2025/07/1753587901-Slider_3840%C3%972160_20250727-scaled.webp HTTP/1.1" 200 141034 "http://cqqizhou.com/" "Mozilla/5.0 (Windows NT 10.0; Win64; x64) AppleWebKit/537.36 (KHTML, like Gecko) Chrome/117.0.5938.132 Safari/537.36"
205.169.39.51 - - [12/Oct/2025:08:49:11 +0800] "GET /wp-content/uploads/revslider/slider-1/1750861156-logistics_Slider_3840%C3%972160_20250625191356-scaled.webp HTTP/1.1" 200 104850 "http://cqqizhou.com/" "Mozilla/5.0 (Windows NT 10.0; Win64; x64) AppleWebKit/537.36 (KHTML, like Gecko) Chrome/117.0.5938.132 Safari/537.36"
36.133.115.36 - - [12/Oct/2025:08:55:37 +0800] "POST /wp-cron.php?doing_wp_cron=1760230537.5118858814239501953125 HTTP/1.1" 200 31 "-" "WordPress/6.8.2; http://cqqizhou.com"
171.114.227.161 - - [12/Oct/2025:08:55:37 +0800] "POST /wp-login.php HTTP/1.1" 200 9114 "-" "Mozilla/5.0"
36.133.115.36 - - [12/Oct/2025:08:59:40 +0800] "POST /wp-cron.php?doing_wp_cron=1760230779.9834659099578857421875 HTTP/1.1" 200 31 "-" "WordPress/6.8.2; http://cqqizhou.com"
171.114.227.161 - - [12/Oct/2025:08:59:40 +0800] "POST /wp-login.php HTTP/1.1" 200 9110 "-" "Mozilla/5.0"
36.133.115.36 - - [12/Oct/2025:09:01:26 +0800] "POST /wp-cron.php?doing_wp_cron=1760230885.9924209117889404296875 HTTP/1.1" 200 31 "-" "WordPress/6.8.2; http://cqqizhou.com"
64.227.76.184 - - [12/Oct/2025:09:01:26 +0800] "GET / HTTP/1.1" 301 5 "-" "Mozilla/5.0 (Windows NT 10.0; Win64; x64; rv:109.0) Gecko/20100101 Firefox/118.0"
36.133.115.36 - - [12/Oct/2025:09:08:25 +0800] "POST /wp-cron.php?doing_wp_cron=1760231305.8101770877838134765625 HTTP/1.1" 200 31 "-" "WordPress/6.8.2; http://cqqizhou.com"
171.114.227.161 - - [12/Oct/2025:09:08:25 +0800] "POST /wp-login.php HTTP/1.1" 200 9114 "-" "Mozilla/5.0"
36.133.115.36 - - [12/Oct/2025:09:12:21 +0800] "POST /wp-cron.php?doing_wp_cron=1760231540.9900510311126708984375 HTTP/1.1" 200 31 "-" "WordPress/6.8.2; http://cqqizhou.com"
171.114.227.161 - - [12/Oct/2025:09:12:21 +0800] "POST /wp-login.php HTTP/1.1" 200 9110 "-" "Mozilla/5.0"
36.133.115.36 - - [12/Oct/2025:09:21:09 +0800] "POST /wp-cron.php?doing_wp_cron=1760232069.3126471042633056640625 HTTP/1.1" 200 31 "-" "WordPress/6.8.2; http://cqqizhou.com"
171.114.227.161 - - [12/Oct/2025:09:21:09 +0800] "POST /wp-login.php HTTP/1.1" 200 9114 "-" "Mozilla/5.0"
36.133.115.36 - - [12/Oct/2025:09:24:50 +0800] "POST /wp-cron.php?doing_wp_cron=1760232290.1741490364074707031250 HTTP/1.1" 200 31 "-" "WordPress/6.8.2; http://cqqizhou.com"
87.120.191.92 - - [12/Oct/2025:09:24:50 +0800] "GET / HTTP/1.1" 200 33464 "-" "Mozilla/5.0 (Windows NT 10.0; Win64; x64) AppleWebKit/537.36 (KHTML, like Gecko) Chrome/90.0.4430.85 Safari/537.36 Edg/90.0.818.46"
171.114.227.161 - - [12/Oct/2025:09:25:12 +0800] "POST /wp-login.php HTTP/1.1" 200 9110 "-" "Mozilla/5.0"
36.133.115.36 - - [12/Oct/2025:09:25:54 +0800] "POST /wp-cron.php?doing_wp_cron=1760232354.5116100311279296875000 HTTP/1.1" 200 31 "-" "WordPress/6.8.2; http://cqqizhou.com"
114.55.179.101 - - [12/Oct/2025:09:25:54 +0800] "GET / HTTP/1.1" 200 151919 "-" "Mozilla/5.0 (Windows NT 10.0; Win64; x64) AppleWebKit/537.36 (KHTML, like Gecko) Chrome/63.0.3239.84 Safari/537.36"
36.133.115.36 - - [12/Oct/2025:09:33:57 +0800] "POST /wp-cron.php?doing_wp_cron=1760232837.8287119865417480468750 HTTP/1.1" 200 31 "-" "WordPress/6.8.2; http://cqqizhou.com"
171.114.227.161 - - [12/Oct/2025:09:33:57 +0800] "POST /wp-login.php HTTP/1.1" 200 9114 "-" "Mozilla/5.0"
36.133.115.36 - - [12/Oct/2025:09:37:56 +0800] "POST /wp-cron.php?doing_wp_cron=1760233076.8398740291595458984375 HTTP/1.1" 200 31 "-" "WordPress/6.8.2; http://cqqizhou.com"
171.114.227.161 - - [12/Oct/2025:09:37:56 +0800] "POST /wp-login.php HTTP/1.1" 200 9110 "-" "Mozilla/5.0"
36.133.115.36 - - [12/Oct/2025:09:40:03 +0800] "POST /wp-cron.php?doing_wp_cron=1760233203.0610170364379882812500 HTTP/1.1" 200 31 "-" "WordPress/6.8.2; http://cqqizhou.com"
129.211.215.233 - - [12/Oct/2025:09:40:03 +0800] "GET / HTTP/1.1" 301 5 "-" "Mozilla/5.0 (iPhone; CPU iPhone OS 13_2_3 like Mac OS X) AppleWebKit/605.1.15 (KHTML, like Gecko) Version/13.0.3 Mobile/15E148 Safari/604.1"
129.211.215.233 - - [12/Oct/2025:09:40:08 +0800] "GET / HTTP/1.1" 200 33465 "http://www.cqqizhou.com" "Mozilla/5.0 (iPhone; CPU iPhone OS 13_2_3 like Mac OS X) AppleWebKit/605.1.15 (KHTML, like Gecko) Version/13.0.3 Mobile/15E148 Safari/604.1"
36.133.115.36 - - [12/Oct/2025:09:46:40 +0800] "POST /wp-cron.php?doing_wp_cron=1760233600.8027400970458984375000 HTTP/1.1" 200 31 "-" "WordPress/6.8.2; http://cqqizhou.com"
171.114.227.161 - - [12/Oct/2025:09:46:40 +0800] "POST /wp-login.php HTTP/1.1" 200 9114 "-" "Mozilla/5.0"
36.133.115.36 - - [12/Oct/2025:09:50:40 +0800] "POST /wp-cron.php?doing_wp_cron=1760233840.6091809272766113281250 HTTP/1.1" 200 31 "-" "WordPress/6.8.2; http://cqqizhou.com"
171.114.227.161 - - [12/Oct/2025:09:50:40 +0800] "POST /wp-login.php HTTP/1.1" 200 9110 "-" "Mozilla/5.0"
36.133.115.36 - - [12/Oct/2025:09:59:24 +0800] "POST /wp-cron.php?doing_wp_cron=1760234364.4750120639801025390625 HTTP/1.1" 200 31 "-" "WordPress/6.8.2; http://cqqizhou.com"
171.114.227.161 - - [12/Oct/2025:09:59:24 +0800] "POST /wp-login.php HTTP/1.1" 200 9114 "-" "Mozilla/5.0"
36.133.115.36 - - [12/Oct/2025:10:03:28 +0800] "POST /wp-cron.php?doing_wp_cron=1760234608.2564740180969238281250 HTTP/1.1" 200 31 "-" "WordPress/6.8.2; http://cqqizhou.com"
171.114.227.161 - - [12/Oct/2025:10:03:28 +0800] "POST /wp-login.php HTTP/1.1" 200 9110 "-" "Mozilla/5.0"
36.133.115.36 - - [12/Oct/2025:10:08:13 +0800] "POST /wp-cron.php?doing_wp_cron=1760234893.7950489521026611328125 HTTP/1.1" 200 31 "-" "WordPress/6.8.2; http://cqqizhou.com"
87.120.191.92 - - [12/Oct/2025:10:08:14 +0800] "GET / HTTP/1.1" 200 33465 "-" "Mozilla/5.0 (Windows NT 10.0; Win64; x64) AppleWebKit/537.36 (KHTML, like Gecko) Chrome/90.0.4430.85 Safari/537.36 Edg/90.0.818.46"
39.154.11.56 - - [12/Oct/2025:10:09:47 +0800] "GET / HTTP/1.1" 200 39371 "http://cqqizhou.com/" "Mozilla/5.0 (Windows NT 6.1; WOW64) AppleWebKit/537.36 (KHTML, like Gecko) Chrome/50.0.2661.102 Safari/537.36"
36.133.115.36 - - [12/Oct/2025:10:12:17 +0800] "POST /wp-cron.php?doing_wp_cron=1760235137.2107119560241699218750 HTTP/1.1" 200 31 "-" "WordPress/6.8.2; http://cqqizhou.com"
171.114.227.161 - - [12/Oct/2025:10:12:17 +0800] "POST /wp-login.php HTTP/1.1" 200 9114 "-" "Mozilla/5.0"
36.133.115.36 - - [12/Oct/2025:10:16:26 +0800] "POST /wp-cron.php?doing_wp_cron=1760235386.5416059494018554687500 HTTP/1.1" 200 31 "-" "WordPress/6.8.2; http://cqqizhou.com"
171.114.227.161 - - [12/Oct/2025:10:16:26 +0800] "POST /wp-login.php HTTP/1.1" 200 9110 "-" "Mozilla/5.0"
36.133.115.36 - - [12/Oct/2025:10:19:22 +0800] "POST /wp-cron.php?doing_wp_cron=1760235562.4932110309600830078125 HTTP/1.1" 200 31 "-" "WordPress/6.8.2; http://cqqizhou.com"
93.123.109.214 - - [12/Oct/2025:10:19:22 +0800] "GET / HTTP/1.1" 301 5 "-" "l9tcpid/v1.1.0"
36.133.115.36 - - [12/Oct/2025:10:25:12 +0800] "POST /wp-cron.php?doing_wp_cron=1760235912.5929880142211914062500 HTTP/1.1" 200 31 "-" "WordPress/6.8.2; http://cqqizhou.com"
171.114.227.161 - - [12/Oct/2025:10:25:12 +0800] "POST /wp-login.php HTTP/1.1" 200 9114 "-" "Mozilla/5.0"
36.133.115.36 - - [12/Oct/2025:10:29:04 +0800] "POST /wp-cron.php?doing_wp_cron=1760236144.7859239578247070312500 HTTP/1.1" 200 31 "-" "WordPress/6.8.2; http://cqqizhou.com"
171.114.227.161 - - [12/Oct/2025:10:29:04 +0800] "POST /wp-login.php HTTP/1.1" 200 9110 "-" "Mozilla/5.0"
36.133.115.36 - - [12/Oct/2025:10:35:05 +0800] "POST /wp-cron.php?doing_wp_cron=1760236505.1946558952331542968750 HTTP/1.1" 200 31 "-" "WordPress/6.8.2; http://cqqizhou.com"
5.187.35.21 - - [12/Oct/2025:10:35:05 +0800] "GET / HTTP/1.1" 200 33464 "-" "Mozilla/5.0 (Windows NT 10.0; Win64; x64) AppleWebKit/537.36 (KHTML, like Gecko) Chrome/90.0.4430.85 Safari/537.36 Edg/90.0.818.46"
36.133.115.36 - - [12/Oct/2025:10:37:52 +0800] "POST /wp-cron.php?doing_wp_cron=1760236672.4543519020080566406250 HTTP/1.1" 200 31 "-" "WordPress/6.8.2; http://cqqizhou.com"
171.114.227.161 - - [12/Oct/2025:10:37:52 +0800] "POST /wp-login.php HTTP/1.1" 200 9114 "-" "Mozilla/5.0"
36.133.115.36 - - [12/Oct/2025:10:41:59 +0800] "POST /wp-cron.php?doing_wp_cron=1760236919.7951369285583496093750 HTTP/1.1" 200 31 "-" "WordPress/6.8.2; http://cqqizhou.com"
171.114.227.161 - - [12/Oct/2025:10:41:59 +0800] "POST /wp-login.php HTTP/1.1" 200 9110 "-" "Mozilla/5.0"
205.169.39.16 - - [12/Oct/2025:10:47:23 +0800] "GET / HTTP/1.1" 200 39371 "-" "Mozilla/5.0 (Windows NT 10.0; Win64; x64) AppleWebKit/537.36 (KHTML, like Gecko) Chrome/117.0.5938.132 Safari/537.36"
205.169.39.4 - - [12/Oct/2025:10:50:20 +0800] "GET / HTTP/1.1" 200 39371 "-" "Mozilla/5.0 (Windows NT 10.0; Win64; x64) AppleWebKit/537.36 (KHTML, like Gecko) Chrome/117.0.5938.132 Safari/537.36"
205.169.39.4 - - [12/Oct/2025:10:50:21 +0800] "GET /wp-content/uploads/2025/07/1751425283-qizhou.kf_.qq_.com_.webp HTTP/1.1" 200 16864 "http://cqqizhou.com/" "Mozilla/5.0 (Windows NT 10.0; Win64; x64) AppleWebKit/537.36 (KHTML, like Gecko) Chrome/117.0.5938.132 Safari/537.36"
205.169.39.4 - - [12/Oct/2025:10:50:23 +0800] "GET /wp-content/uploads/2025/07/1750174127-Marketing1920x800_3.webp HTTP/1.1" 200 52790 "http://cqqizhou.com/wp-content/uploads/elementor/css/post-1666.css?ver=1756373176" "Mozilla/5.0 (Windows NT 10.0; Win64; x64) AppleWebKit/537.36 (KHTML, like Gecko) Chrome/117.0.5938.132 Safari/537.36"
205.169.39.4 - - [12/Oct/2025:10:50:23 +0800] "GET /wp-content/uploads/2025/07/1753456723-%E5%8F%8C%E7%9B%B8%E9%92%A2roduct_Single600.webp HTTP/1.1" 200 22790 "http://cqqizhou.com/" "Mozilla/5.0 (Windows NT 10.0; Win64; x64) AppleWebKit/537.36 (KHTML, like Gecko) Chrome/117.0.5938.132 Safari/537.36"
205.169.39.4 - - [12/Oct/2025:10:50:23 +0800] "GET /wp-content/uploads/2025/07/1753453096-%E5%8F%8C%E7%9B%B8%E9%92%A2product_Single600%C3%97284.webp HTTP/1.1" 200 14562 "http://cqqizhou.com/" "Mozilla/5.0 (Windows NT 10.0; Win64; x64) AppleWebKit/537.36 (KHTML, like Gecko) Chrome/117.0.5938.132 Safari/537.36"
205.169.39.4 - - [12/Oct/2025:10:50:23 +0800] "GET /wp-content/uploads/2025/07/1753456770-%E7%83%AD%E9%95%80%E9%94%8C%E5%8D%B7product_Single600.webp HTTP/1.1" 200 27502 "http://cqqizhou.com/" "Mozilla/5.0 (Windows NT 10.0; Win64; x64) AppleWebKit/537.36 (KHTML, like Gecko) Chrome/117.0.5938.132 Safari/537.36"
205.169.39.4 - - [12/Oct/2025:10:50:23 +0800] "GET /wp-content/uploads/2025/07/1753453127-%E4%BD%99%E5%8D%B7product_Single600%C3%97284.webp HTTP/1.1" 200 18744 "http://cqqizhou.com/" "Mozilla/5.0 (Windows NT 10.0; Win64; x64) AppleWebKit/537.36 (KHTML, like Gecko) Chrome/117.0.5938.132 Safari/537.36"
36.133.115.36 - - [12/Oct/2025:10:50:25 +0800] "POST /wp-cron.php?doing_wp_cron=1760237425.0928580760955810546875 HTTP/1.1" 200 31 "-" "WordPress/6.8.2; http://cqqizhou.com"
205.169.39.4 - - [12/Oct/2025:10:50:25 +0800] "POST /wp-admin/admin-ajax.php HTTP/1.1" 403 33 "http://cqqizhou.com/" "Mozilla/5.0 (Windows NT 10.0; Win64; x64) AppleWebKit/537.36 (KHTML, like Gecko) Chrome/117.0.5938.132 Safari/537.36"
205.169.39.4 - - [12/Oct/2025:10:50:25 +0800] "GET /wp-content/uploads/revslider/slider-1/1750929639-yuanjing_Slider_3840%C3%972160_20250626171955-scaled.webp HTTP/1.1" 200 203290 "http://cqqizhou.com/" "Mozilla/5.0 (Windows NT 10.0; Win64; x64) AppleWebKit/537.36 (KHTML, like Gecko) Chrome/117.0.5938.132 Safari/537.36"
205.169.39.4 - - [12/Oct/2025:10:50:25 +0800] "GET /wp-content/uploads/revslider/slider-1/1750861156-logistics_Slider_3840%C3%972160_20250625191356-scaled-50x100.webp HTTP/1.1" 200 1416 "http://cqqizhou.com/" "Mozilla/5.0 (Windows NT 10.0; Win64; x64) AppleWebKit/537.36 (KHTML, like Gecko) Chrome/117.0.5938.132 Safari/537.36"
205.169.39.4 - - [12/Oct/2025:10:50:25 +0800] "GET /wp-content/uploads/2025/07/1753587901-Slider_3840%C3%972160_20250727-scaled-50x100.webp HTTP/1.1" 200 1660 "http://cqqizhou.com/" "Mozilla/5.0 (Windows NT 10.0; Win64; x64) AppleWebKit/537.36 (KHTML, like Gecko) Chrome/117.0.5938.132 Safari/537.36"
205.169.39.4 - - [12/Oct/2025:10:50:25 +0800] "GET /wp-content/uploads/2025/07/1753587901-Slider_3840%C3%972160_20250727-scaled-50x100.webp HTTP/1.1" 200 1660 "http://cqqizhou.com/" "Mozilla/5.0 (Windows NT 10.0; Win64; x64) AppleWebKit/537.36 (KHTML, like Gecko) Chrome/117.0.5938.132 Safari/537.36"
205.169.39.4 - - [12/Oct/2025:10:50:25 +0800] "GET /wp-content/uploads/revslider/slider-1/1750861156-logistics_Slider_3840%C3%972160_20250625191356-scaled-50x100.webp HTTP/1.1" 200 1416 "http://cqqizhou.com/" "Mozilla/5.0 (Windows NT 10.0; Win64; x64) AppleWebKit/537.36 (KHTML, like Gecko) Chrome/117.0.5938.132 Safari/537.36"
205.169.39.4 - - [12/Oct/2025:10:50:26 +0800] "GET /wp-json/sliderrevolution/sliders/1?srengine=7&slideid=2 HTTP/1.1" 200 2058 "http://cqqizhou.com/" "Mozilla/5.0 (Windows NT 10.0; Win64; x64) AppleWebKit/537.36 (KHTML, like Gecko) Chrome/117.0.5938.132 Safari/537.36"
205.169.39.4 - - [12/Oct/2025:10:50:26 +0800] "GET /wp-json/sliderrevolution/sliders/1?srengine=7&slideid=3 HTTP/1.1" 200 2292 "http://cqqizhou.com/" "Mozilla/5.0 (Windows NT 10.0; Win64; x64) AppleWebKit/537.36 (KHTML, like Gecko) Chrome/117.0.5938.132 Safari/537.36"
205.169.39.4 - - [12/Oct/2025:10:50:26 +0800] "GET /wp-content/uploads/2025/07/1753587901-Slider_3840%C3%972160_20250727-scaled.webp HTTP/1.1" 200 141034 "http://cqqizhou.com/" "Mozilla/5.0 (Windows NT 10.0; Win64; x64) AppleWebKit/537.36 (KHTML, like Gecko) Chrome/117.0.5938.132 Safari/537.36"
205.169.39.4 - - [12/Oct/2025:10:50:27 +0800] "GET /wp-content/uploads/revslider/slider-1/1750861156-logistics_Slider_3840%C3%972160_20250625191356-scaled.webp HTTP/1.1" 200 197360 "http://cqqizhou.com/" "Mozilla/5.0 (Windows NT 10.0; Win64; x64) AppleWebKit/537.36 (KHTML, like Gecko) Chrome/117.0.5938.132 Safari/537.36"
205.169.39.4 - - [12/Oct/2025:10:50:34 +0800] "GET /wp-content/uploads/revslider/slider-1/1750929639-yuanjing_Slider_3840%C3%972160_20250626171955-scaled-50x100.webp HTTP/1.1" 200 1784 "http://cqqizhou.com/" "Mozilla/5.0 (X11; Linux x86_64) AppleWebKit/537.36 (KHTML, like Gecko) HeadlessChrome/127.0.6533.119 Safari/537.36"
205.169.39.4 - - [12/Oct/2025:10:50:34 +0800] "POST /wp-admin/admin-ajax.php HTTP/1.1" 403 33 "http://cqqizhou.com/" "Mozilla/5.0 (X11; Linux x86_64) AppleWebKit/537.36 (KHTML, like Gecko) HeadlessChrome/127.0.6533.119 Safari/537.36"
171.114.227.161 - - [12/Oct/2025:10:50:45 +0800] "POST /wp-login.php HTTP/1.1" 200 9114 "-" "Mozilla/5.0"
36.133.115.36 - - [12/Oct/2025:10:54:47 +0800] "POST /wp-cron.php?doing_wp_cron=1760237687.8584680557250976562500 HTTP/1.1" 200 31 "-" "WordPress/6.8.2; http://cqqizhou.com"
171.114.227.161 - - [12/Oct/2025:10:54:47 +0800] "POST /wp-login.php HTTP/1.1" 200 9110 "-" "Mozilla/5.0"
87.120.191.92 - - [12/Oct/2025:10:54:56 +0800] "GET / HTTP/1.1" 200 33465 "-" "Mozilla/5.0 (Windows NT 10.0; Win64; x64) AppleWebKit/537.36 (KHTML, like Gecko) Chrome/90.0.4430.85 Safari/537.36 Edg/90.0.818.46"
36.133.115.36 - - [12/Oct/2025:11:03:48 +0800] "POST /wp-cron.php?doing_wp_cron=1760238227.9931550025939941406250 HTTP/1.1" 200 31 "-" "WordPress/6.8.2; http://cqqizhou.com"
171.114.227.161 - - [12/Oct/2025:11:03:48 +0800] "POST /wp-login.php HTTP/1.1" 200 9114 "-" "Mozilla/5.0"
123.57.13.121 - - [12/Oct/2025:11:03:48 +0800] "GET / HTTP/1.1" 200 39371 "-" "Mozilla/5.0 (Windows NT 10.0; Win64; x64) AppleWebKit/537.36 (KHTML, like Gecko) Chrome/104.0.0.0 Safari/537.36"
36.133.115.36 - - [12/Oct/2025:11:07:58 +0800] "POST /wp-cron.php?doing_wp_cron=1760238478.5479490756988525390625 HTTP/1.1" 200 31 "-" "WordPress/6.8.2; http://cqqizhou.com"
171.114.227.161 - - [12/Oct/2025:11:07:58 +0800] "POST /wp-login.php HTTP/1.1" 200 9110 "-" "Mozilla/5.0"
36.133.115.36 - - [12/Oct/2025:11:16:56 +0800] "POST /wp-cron.php?doing_wp_cron=1760239016.5074028968811035156250 HTTP/1.1" 200 31 "-" "WordPress/6.8.2; http://cqqizhou.com"
171.114.227.161 - - [12/Oct/2025:11:16:56 +0800] "POST /wp-login.php HTTP/1.1" 200 9114 "-" "Mozilla/5.0"
62.60.131.229 - - [12/Oct/2025:11:17:51 +0800] "GET / HTTP/1.1" 200 39371 "-" "Go-http-client/1.1"
62.60.131.229 - - [12/Oct/2025:11:17:52 +0800] "GET /infophp.php HTTP/1.1" 404 47 "-" "Go-http-client/1.1"
62.60.131.229 - - [12/Oct/2025:11:17:52 +0800] "GET /php_info.php HTTP/1.1" 404 47 "-" "Go-http-client/1.1"
62.60.131.229 - - [12/Oct/2025:11:17:52 +0800] "GET /temp.php HTTP/1.1" 404 47 "-" "Go-http-client/1.1"
62.60.131.229 - - [12/Oct/2025:11:17:52 +0800] "GET /config/view.php HTTP/1.1" 404 47 "-" "Go-http-client/1.1"
62.60.131.229 - - [12/Oct/2025:11:17:52 +0800] "GET /info.php HTTP/1.1" 200 49 "-" "Go-http-client/1.1"
62.60.131.229 - - [12/Oct/2025:11:17:52 +0800] "GET /asdf.php HTTP/1.1" 404 47 "-" "Go-http-client/1.1"
62.60.131.229 - - [12/Oct/2025:11:17:52 +0800] "GET /i.php HTTP/1.1" 404 47 "-" "Go-http-client/1.1"
62.60.131.229 - - [12/Oct/2025:11:17:52 +0800] "GET /infos.php HTTP/1.1" 404 47 "-" "Go-http-client/1.1"
62.60.131.229 - - [12/Oct/2025:11:17:52 +0800] "GET /dashboard/phpinfo.php HTTP/1.1" 404 47 "-" "Go-http-client/1.1"
62.60.131.229 - - [12/Oct/2025:11:17:52 +0800] "GET /config/auth.php HTTP/1.1" 404 47 "-" "Go-http-client/1.1"
62.60.131.229 - - [12/Oct/2025:11:17:52 +0800] "GET /phpinfo.php HTTP/1.1" 404 47 "-" "Go-http-client/1.1"
62.60.131.229 - - [12/Oct/2025:11:17:52 +0800] "GET /phpinfos.php HTTP/1.1" 404 47 "-" "Go-http-client/1.1"
62.60.131.229 - - [12/Oct/2025:11:17:52 +0800] "GET /test.php HTTP/1.1" 404 47 "-" "Go-http-client/1.1"
62.60.131.229 - - [12/Oct/2025:11:17:52 +0800] "GET /php-info.php HTTP/1.1" 404 47 "-" "Go-http-client/1.1"
62.60.131.229 - - [12/Oct/2025:11:17:52 +0800] "GET /test2.php HTTP/1.1" 404 47 "-" "Go-http-client/1.1"
62.60.131.229 - - [12/Oct/2025:11:17:52 +0800] "GET /install/index.php HTTP/1.1" 404 47 "-" "Go-http-client/1.1"
62.60.131.229 - - [12/Oct/2025:11:17:52 +0800] "GET /dev/phpinfo.php HTTP/1.1" 404 47 "-" "Go-http-client/1.1"
62.60.131.229 - - [12/Oct/2025:11:17:52 +0800] "GET /linusadmin-phpinfo.php HTTP/1.1" 404 47 "-" "Go-http-client/1.1"
62.60.131.229 - - [12/Oct/2025:11:17:52 +0800] "GET /_profiler/phpinfo.php HTTP/1.1" 404 47 "-" "Go-http-client/1.1"
62.60.131.229 - - [12/Oct/2025:11:17:52 +0800] "GET /config.php HTTP/1.1" 404 47 "-" "Go-http-client/1.1"
62.60.131.229 - - [12/Oct/2025:11:17:52 +0800] "GET /phpversion.php HTTP/1.1" 404 47 "-" "Go-http-client/1.1"
62.60.131.229 - - [12/Oct/2025:11:17:52 +0800] "GET /old_phpinfo.php HTTP/1.1" 404 47 "-" "Go-http-client/1.1"
62.60.131.229 - - [12/Oct/2025:11:17:52 +0800] "GET /pinfo.php HTTP/1.1" 404 47 "-" "Go-http-client/1.1"
62.60.131.229 - - [12/Oct/2025:11:17:52 +0800] "GET /time.php HTTP/1.1" 404 47 "-" "Go-http-client/1.1"
62.60.131.229 - - [12/Oct/2025:11:17:52 +0800] "GET / HTTP/1.1" 200 39371 "-" "Go-http-client/1.1"
62.60.131.229 - - [12/Oct/2025:11:17:52 +0800] "GET /test1.php HTTP/1.1" 404 47 "-" "Go-http-client/1.1"
62.60.131.229 - - [12/Oct/2025:11:17:52 +0800] "GET /config/session.php HTTP/1.1" 404 47 "-" "Go-http-client/1.1"
62.60.131.229 - - [12/Oct/2025:11:17:52 +0800] "GET /config/filesystems.php HTTP/1.1" 404 47 "-" "Go-http-client/1.1"
62.60.131.229 - - [12/Oct/2025:11:17:52 +0800] "GET /config/queue.php HTTP/1.1" 404 47 "-" "Go-http-client/1.1"
62.60.131.229 - - [12/Oct/2025:11:17:52 +0800] "GET /php.php HTTP/1.1" 404 47 "-" "Go-http-client/1.1"
62.60.131.229 - - [12/Oct/2025:11:17:52 +0800] "GET /config/cache.php HTTP/1.1" 404 47 "-" "Go-http-client/1.1"
62.60.131.229 - - [12/Oct/2025:11:17:52 +0800] "GET /config/mail.php HTTP/1.1" 404 47 "-" "Go-http-client/1.1"
62.60.131.229 - - [12/Oct/2025:11:17:52 +0800] "GET /config/app.php HTTP/1.1" 404 47 "-" "Go-http-client/1.1"
62.60.131.229 - - [12/Oct/2025:11:17:52 +0800] "GET /login/index.php HTTP/1.1" 404 47 "-" "Go-http-client/1.1"
62.60.131.229 - - [12/Oct/2025:11:17:52 +0800] "GET /config/database.php HTTP/1.1" 404 47 "-" "Go-http-client/1.1"
36.133.115.36 - - [12/Oct/2025:11:17:54 +0800] "POST /wp-cron.php?doing_wp_cron=1760239074.1956839561462402343750 HTTP/1.1" 200 31 "-" "WordPress/6.8.2; http://cqqizhou.com"
62.60.131.229 - - [12/Oct/2025:11:17:54 +0800] "GET /prevlaravel/sftp-config.json HTTP/1.1" 404 8990 "-" "Go-http-client/1.1"
62.60.131.229 - - [12/Oct/2025:11:17:54 +0800] "GET /index.php/phpinfo HTTP/1.1" 301 5 "-" "Go-http-client/1.1"
62.60.131.229 - - [12/Oct/2025:11:17:54 +0800] "GET /.remote HTTP/1.1" 404 8990 "-" "Go-http-client/1.1"
62.60.131.229 - - [12/Oct/2025:11:17:54 +0800] "GET /phpinfo.php5 HTTP/1.1" 404 8990 "-" "Go-http-client/1.1"
62.60.131.229 - - [12/Oct/2025:11:17:54 +0800] "GET /sftp.json HTTP/1.1" 404 8990 "-" "Go-http-client/1.1"
62.60.131.229 - - [12/Oct/2025:11:17:54 +0800] "GET /.git/config HTTP/1.1" 404 8990 "-" "Go-http-client/1.1"
62.60.131.229 - - [12/Oct/2025:11:17:54 +0800] "GET /frontend_dev.php/$ HTTP/1.1" 404 8990 "-" "Go-http-client/1.1"
62.60.131.229 - - [12/Oct/2025:11:17:54 +0800] "GET /phpinfo.php4 HTTP/1.1" 404 8990 "-" "Go-http-client/1.1"
62.60.131.229 - - [12/Oct/2025:11:17:54 +0800] "GET /config/aws.yml HTTP/1.1" 404 8990 "-" "Go-http-client/1.1"
62.60.131.229 - - [12/Oct/2025:11:17:54 +0800] "GET /wp-config.php.old HTTP/1.1" 404 8990 "-" "Go-http-client/1.1"
62.60.131.229 - - [12/Oct/2025:11:17:54 +0800] "GET /phpinfo.php3 HTTP/1.1" 404 8990 "-" "Go-http-client/1.1"
62.60.131.229 - - [12/Oct/2025:11:17:54 +0800] "GET /wp-config.php.bak HTTP/1.1" 404 8990 "-" "Go-http-client/1.1"
62.60.131.229 - - [12/Oct/2025:11:17:54 +0800] "GET /symfony/_profiler/phpinfo HTTP/1.1" 404 8990 "-" "Go-http-client/1.1"
62.60.131.229 - - [12/Oct/2025:11:17:55 +0800] "GET /.aws/credentials HTTP/1.1" 404 8990 "-" "Go-http-client/1.1"
62.60.131.229 - - [12/Oct/2025:11:17:55 +0800] "GET /wp-config.php HTTP/1.1" 200 31 "-" "Go-http-client/1.1"
62.60.131.229 - - [12/Oct/2025:11:17:55 +0800] "GET /.ssh/sftp-config.json HTTP/1.1" 404 8990 "-" "Go-http-client/1.1"
62.60.131.229 - - [12/Oct/2025:11:17:55 +0800] "GET /.wp-config.php.swp HTTP/1.1" 404 8989 "-" "Go-http-client/1.1"
62.60.131.229 - - [12/Oct/2025:11:17:55 +0800] "GET /.vscode/settings.json HTTP/1.1" 404 8989 "-" "Go-http-client/1.1"
62.60.131.229 - - [12/Oct/2025:11:17:55 +0800] "GET /public/client/planinfo HTTP/1.1" 404 8989 "-" "Go-http-client/1.1"
62.60.131.229 - - [12/Oct/2025:11:17:55 +0800] "GET /_profiler/phpinfo HTTP/1.1" 404 8989 "-" "Go-http-client/1.1"
62.60.131.229 - - [12/Oct/2025:11:17:55 +0800] "GET /config/config.json HTTP/1.1" 404 8989 "-" "Go-http-client/1.1"
62.60.131.229 - - [12/Oct/2025:11:17:55 +0800] "GET /application/config/constants.php/ HTTP/1.1" 404 8989 "-" "Go-http-client/1.1"
62.60.131.229 - - [12/Oct/2025:11:17:55 +0800] "GET /sftp-config.json HTTP/1.1" 404 8989 "-" "Go-http-client/1.1"
62.60.131.229 - - [12/Oct/2025:11:17:55 +0800] "GET /phpinfo HTTP/1.1" 404 8989 "-" "Go-http-client/1.1"
62.60.131.229 - - [12/Oct/2025:11:17:55 +0800] "GET /.vscode/sftp.json HTTP/1.1" 404 8989 "-" "Go-http-client/1.1"
62.60.131.229 - - [12/Oct/2025:11:17:55 +0800] "GET /aws.yml HTTP/1.1" 404 8989 "-" "Go-http-client/1.1"
62.60.131.229 - - [12/Oct/2025:11:17:55 +0800] "GET /.local HTTP/1.1" 404 8989 "-" "Go-http-client/1.1"
62.60.131.229 - - [12/Oct/2025:11:17:55 +0800] "GET /.aws/config HTTP/1.1" 404 8989 "-" "Go-http-client/1.1"
62.60.131.229 - - [12/Oct/2025:11:17:55 +0800] "GET /.production HTTP/1.1" 404 8989 "-" "Go-http-client/1.1"
62.60.131.229 - - [12/Oct/2025:11:17:55 +0800] "GET /phpinfo HTTP/1.1" 404 8989 "http://cqqizhou.com/index.php/phpinfo" "Go-http-client/1.1"
62.60.131.229 - - [12/Oct/2025:11:18:00 +0800] "GET /config/config.php HTTP/1.1" 404 47 "-" "Go-http-client/1.1"
62.60.131.229 - - [12/Oct/2025:11:18:00 +0800] "GET /app/etc/env.php HTTP/1.1" 404 47 "-" "Go-http-client/1.1"
62.60.131.229 - - [12/Oct/2025:11:18:00 +0800] "GET /config/env.php HTTP/1.1" 404 47 "-" "Go-http-client/1.1"
62.60.131.229 - - [12/Oct/2025:11:18:01 +0800] "GET /.env.docker.dev HTTP/1.1" 404 8989 "-" "Go-http-client/1.1"
62.60.131.229 - - [12/Oct/2025:11:18:01 +0800] "GET /.env.docker HTTP/1.1" 404 8989 "-" "Go-http-client/1.1"
62.60.131.229 - - [12/Oct/2025:11:18:01 +0800] "GET /hosting.json HTTP/1.1" 404 8989 "-" "Go-http-client/1.1"
62.60.131.229 - - [12/Oct/2025:11:18:01 +0800] "GET /api/config/tsconfig.json HTTP/1.1" 200 81 "-" "Go-http-client/1.1"
62.60.131.229 - - [12/Oct/2025:11:18:01 +0800] "GET /config.json HTTP/1.1" 404 8989 "-" "Go-http-client/1.1"
62.60.131.229 - - [12/Oct/2025:11:18:01 +0800] "GET /config/settings.json HTTP/1.1" 404 8989 "-" "Go-http-client/1.1"
62.60.131.229 - - [12/Oct/2025:11:18:01 +0800] "GET /Properties/launchSettings.json HTTP/1.1" 404 8989 "-" "Go-http-client/1.1"
62.60.131.229 - - [12/Oct/2025:11:18:01 +0800] "GET /config/test.json HTTP/1.1" 404 8989 "-" "Go-http-client/1.1"
62.60.131.229 - - [12/Oct/2025:11:18:01 +0800] "GET /?phpinfo=1 HTTP/1.1" 200 33465 "-" "Go-http-client/1.1"
36.133.115.36 - - [12/Oct/2025:11:21:00 +0800] "POST /wp-cron.php?doing_wp_cron=1760239260.2422800064086914062500 HTTP/1.1" 200 31 "-" "WordPress/6.8.2; http://cqqizhou.com"
171.114.227.161 - - [12/Oct/2025:11:21:00 +0800] "POST /wp-login.php HTTP/1.1" 200 9110 "-" "Mozilla/5.0"
36.133.115.36 - - [12/Oct/2025:11:29:44 +0800] "POST /wp-cron.php?doing_wp_cron=1760239784.3200190067291259765625 HTTP/1.1" 200 31 "-" "WordPress/6.8.2; http://cqqizhou.com"
171.114.227.161 - - [12/Oct/2025:11:29:44 +0800] "POST /wp-login.php HTTP/1.1" 200 9114 "-" "Mozilla/5.0"
36.133.115.36 - - [12/Oct/2025:11:33:43 +0800] "POST /wp-cron.php?doing_wp_cron=1760240023.0163910388946533203125 HTTP/1.1" 200 31 "-" "WordPress/6.8.2; http://cqqizhou.com"
171.114.227.161 - - [12/Oct/2025:11:33:43 +0800] "POST /wp-login.php HTTP/1.1" 200 9110 "-" "Mozilla/5.0"
36.133.115.36 - - [12/Oct/2025:11:36:21 +0800] "POST /wp-cron.php?doing_wp_cron=1760240181.8517799377441406250000 HTTP/1.1" 200 31 "-" "WordPress/6.8.2; http://cqqizhou.com"
87.120.191.90 - - [12/Oct/2025:11:36:22 +0800] "GET / HTTP/1.1" 200 33464 "-" "Mozilla/5.0 (Windows NT 10.0; Win64; x64) AppleWebKit/537.36 (KHTML, like Gecko) Chrome/90.0.4430.85 Safari/537.36 Edg/90.0.818.46"
36.133.115.36 - - [12/Oct/2025:11:41:26 +0800] "POST /wp-cron.php?doing_wp_cron=1760240486.7281019687652587890625 HTTP/1.1" 200 31 "-" "WordPress/6.8.2; http://cqqizhou.com"
87.120.191.92 - - [12/Oct/2025:11:41:27 +0800] "GET / HTTP/1.1" 200 33464 "-" "Mozilla/5.0 (Windows NT 10.0; Win64; x64) AppleWebKit/537.36 (KHTML, like Gecko) Chrome/90.0.4430.85 Safari/537.36 Edg/90.0.818.46"
36.133.115.36 - - [12/Oct/2025:11:42:33 +0800] "POST /wp-cron.php?doing_wp_cron=1760240553.6040899753570556640625 HTTP/1.1" 200 31 "-" "WordPress/6.8.2; http://cqqizhou.com"
171.114.227.161 - - [12/Oct/2025:11:42:33 +0800] "POST /wp-login.php HTTP/1.1" 200 9114 "-" "Mozilla/5.0"
36.133.115.36 - - [12/Oct/2025:11:46:33 +0800] "POST /wp-cron.php?doing_wp_cron=1760240793.2160599231719970703125 HTTP/1.1" 200 31 "-" "WordPress/6.8.2; http://cqqizhou.com"
171.114.227.161 - - [12/Oct/2025:11:46:33 +0800] "POST /wp-login.php HTTP/1.1" 200 9110 "-" "Mozilla/5.0"
36.133.115.36 - - [12/Oct/2025:11:55:26 +0800] "POST /wp-cron.php?doing_wp_cron=1760241326.1853339672088623046875 HTTP/1.1" 200 31 "-" "WordPress/6.8.2; http://cqqizhou.com"
171.114.227.161 - - [12/Oct/2025:11:55:26 +0800] "POST /wp-login.php HTTP/1.1" 200 9114 "-" "Mozilla/5.0"
36.133.115.36 - - [12/Oct/2025:11:59:32 +0800] "POST /wp-cron.php?doing_wp_cron=1760241572.0775609016418457031250 HTTP/1.1" 200 31 "-" "WordPress/6.8.2; http://cqqizhou.com"
171.114.227.161 - - [12/Oct/2025:11:59:32 +0800] "POST /wp-login.php HTTP/1.1" 200 9110 "-" "Mozilla/5.0"
35.202.213.50 - - [12/Oct/2025:12:12:46 +0800] "GET / HTTP/1.1" 200 165874 "-" "Mozilla/5.0 (Windows NT 10.0; Win64; x64) AppleWebKit/537.36 (KHTML, like Gecko) Chrome/78.0.3904.108 Safari/537.36"
35.202.213.50 - - [12/Oct/2025:12:12:47 +0800] "GET / HTTP/1.1" 200 165874 "-" "Mozilla/5.0 (Windows NT 10.0; Win64; x64) AppleWebKit/537.36 (KHTML, like Gecko) Chrome/78.0.3904.108 Safari/537.36"
36.133.115.36 - - [12/Oct/2025:12:12:48 +0800] "POST /wp-cron.php?doing_wp_cron=1760242368.4414200782775878906250 HTTP/1.1" 200 31 "-" "WordPress/6.8.2; http://cqqizhou.com"
35.202.213.50 - - [12/Oct/2025:12:12:48 +0800] "GET /wp-includes/wlwmanifest.xml HTTP/1.1" 404 31381 "-" "Mozilla/5.0 (Windows NT 10.0; Win64; x64) AppleWebKit/537.36 (KHTML, like Gecko) Chrome/78.0.3904.108 Safari/537.36"
35.202.213.50 - - [12/Oct/2025:12:12:50 +0800] "GET /?author=1 HTTP/1.1" 301 5 "-" "Mozilla/5.0 (Windows NT 10.0; Win64; x64) AppleWebKit/537.36 (KHTML, like Gecko) Chrome/78.0.3904.108 Safari/537.36"
35.202.213.50 - - [12/Oct/2025:12:12:51 +0800] "GET /?author=2 HTTP/1.1" 404 31381 "-" "Mozilla/5.0 (Windows NT 10.0; Win64; x64) AppleWebKit/537.36 (KHTML, like Gecko) Chrome/78.0.3904.108 Safari/537.36"
35.202.213.50 - - [12/Oct/2025:12:12:52 +0800] "GET /wp-json/wp/v2/users/ HTTP/1.1" 200 498 "-" "Mozilla/5.0 (Windows NT 10.0; Win64; x64) AppleWebKit/537.36 (KHTML, like Gecko) Chrome/78.0.3904.108 Safari/537.36"
35.202.213.50 - - [12/Oct/2025:12:12:54 +0800] "POST /xmlrpc.php HTTP/1.1" 200 415 "-" "Mozilla/5.0 (Windows NT 10.0; Win64; x64) AppleWebKit/537.36 (KHTML, like Gecko) Chrome/78.0.3904.108 Safari/537.36"
35.202.213.50 - - [12/Oct/2025:12:13:02 +0800] "POST /xmlrpc.php HTTP/1.1" 200 415 "-" "Mozilla/5.0 (Windows NT 10.0; Win64; x64) AppleWebKit/537.36 (KHTML, like Gecko) Chrome/78.0.3904.108 Safari/537.36"
35.202.213.50 - - [12/Oct/2025:12:13:18 +0800] "POST /xmlrpc.php HTTP/1.1" 200 415 "-" "Mozilla/5.0 (Windows NT 10.0; Win64; x64) AppleWebKit/537.36 (KHTML, like Gecko) Chrome/78.0.3904.108 Safari/537.36"
35.202.213.50 - - [12/Oct/2025:12:13:19 +0800] "POST /xmlrpc.php HTTP/1.1" 200 415 "-" "Mozilla/5.0 (Windows NT 10.0; Win64; x64) AppleWebKit/537.36 (KHTML, like Gecko) Chrome/78.0.3904.108 Safari/537.36"
35.202.213.50 - - [12/Oct/2025:12:13:20 +0800] "POST /xmlrpc.php HTTP/1.1" 200 415 "-" "Mozilla/5.0 (Windows NT 10.0; Win64; x64) AppleWebKit/537.36 (KHTML, like Gecko) Chrome/78.0.3904.108 Safari/537.36"
35.202.213.50 - - [12/Oct/2025:12:13:21 +0800] "POST /xmlrpc.php HTTP/1.1" 200 415 "-" "Mozilla/5.0 (Windows NT 10.0; Win64; x64) AppleWebKit/537.36 (KHTML, like Gecko) Chrome/78.0.3904.108 Safari/537.36"
35.202.213.50 - - [12/Oct/2025:12:13:22 +0800] "POST /xmlrpc.php HTTP/1.1" 200 415 "-" "Mozilla/5.0 (Windows NT 10.0; Win64; x64) AppleWebKit/537.36 (KHTML, like Gecko) Chrome/78.0.3904.108 Safari/537.36"
35.202.213.50 - - [12/Oct/2025:12:13:23 +0800] "POST /xmlrpc.php HTTP/1.1" 200 415 "-" "Mozilla/5.0 (Windows NT 10.0; Win64; x64) AppleWebKit/537.36 (KHTML, like Gecko) Chrome/78.0.3904.108 Safari/537.36"
35.202.213.50 - - [12/Oct/2025:12:13:24 +0800] "POST /xmlrpc.php HTTP/1.1" 200 415 "-" "Mozilla/5.0 (Windows NT 10.0; Win64; x64) AppleWebKit/537.36 (KHTML, like Gecko) Chrome/78.0.3904.108 Safari/537.36"
35.202.213.50 - - [12/Oct/2025:12:13:25 +0800] "POST /xmlrpc.php HTTP/1.1" 200 415 "-" "Mozilla/5.0 (Windows NT 10.0; Win64; x64) AppleWebKit/537.36 (KHTML, like Gecko) Chrome/78.0.3904.108 Safari/537.36"
35.202.213.50 - - [12/Oct/2025:12:13:26 +0800] "POST /xmlrpc.php HTTP/1.1" 200 415 "-" "Mozilla/5.0 (Windows NT 10.0; Win64; x64) AppleWebKit/537.36 (KHTML, like Gecko) Chrome/78.0.3904.108 Safari/537.36"
35.202.213.50 - - [12/Oct/2025:12:13:27 +0800] "POST /xmlrpc.php HTTP/1.1" 200 415 "-" "Mozilla/5.0 (Windows NT 10.0; Win64; x64) AppleWebKit/537.36 (KHTML, like Gecko) Chrome/78.0.3904.108 Safari/537.36"
35.202.213.50 - - [12/Oct/2025:12:13:28 +0800] "POST /xmlrpc.php HTTP/1.1" 200 415 "-" "Mozilla/5.0 (Windows NT 10.0; Win64; x64) AppleWebKit/537.36 (KHTML, like Gecko) Chrome/78.0.3904.108 Safari/537.36"
35.202.213.50 - - [12/Oct/2025:12:13:30 +0800] "POST /xmlrpc.php HTTP/1.1" 200 415 "-" "Mozilla/5.0 (Windows NT 10.0; Win64; x64) AppleWebKit/537.36 (KHTML, like Gecko) Chrome/78.0.3904.108 Safari/537.36"
35.202.213.50 - - [12/Oct/2025:12:13:31 +0800] "POST /xmlrpc.php HTTP/1.1" 200 415 "-" "Mozilla/5.0 (Windows NT 10.0; Win64; x64) AppleWebKit/537.36 (KHTML, like Gecko) Chrome/78.0.3904.108 Safari/537.36"
35.202.213.50 - - [12/Oct/2025:12:13:36 +0800] "POST /xmlrpc.php HTTP/1.1" 200 415 "-" "Mozilla/5.0 (Windows NT 10.0; Win64; x64) AppleWebKit/537.36 (KHTML, like Gecko) Chrome/78.0.3904.108 Safari/537.36"
35.202.213.50 - - [12/Oct/2025:12:13:37 +0800] "POST /xmlrpc.php HTTP/1.1" 200 415 "-" "Mozilla/5.0 (Windows NT 10.0; Win64; x64) AppleWebKit/537.36 (KHTML, like Gecko) Chrome/78.0.3904.108 Safari/537.36"
35.202.213.50 - - [12/Oct/2025:12:13:40 +0800] "POST /xmlrpc.php HTTP/1.1" 200 415 "-" "Mozilla/5.0 (Windows NT 10.0; Win64; x64) AppleWebKit/537.36 (KHTML, like Gecko) Chrome/78.0.3904.108 Safari/537.36"
36.133.115.36 - - [12/Oct/2025:12:13:51 +0800] "POST /wp-cron.php?doing_wp_cron=1760242431.1407060623168945312500 HTTP/1.1" 200 31 "-" "WordPress/6.8.2; http://cqqizhou.com"
35.202.213.50 - - [12/Oct/2025:12:13:51 +0800] "POST /xmlrpc.php HTTP/1.1" 200 415 "-" "Mozilla/5.0 (Windows NT 10.0; Win64; x64) AppleWebKit/537.36 (KHTML, like Gecko) Chrome/78.0.3904.108 Safari/537.36"
35.202.213.50 - - [12/Oct/2025:12:13:53 +0800] "POST /xmlrpc.php HTTP/1.1" 200 415 "-" "Mozilla/5.0 (Windows NT 10.0; Win64; x64) AppleWebKit/537.36 (KHTML, like Gecko) Chrome/78.0.3904.108 Safari/537.36"
35.202.213.50 - - [12/Oct/2025:12:13:53 +0800] "POST /xmlrpc.php HTTP/1.1" 200 415 "-" "Mozilla/5.0 (Windows NT 10.0; Win64; x64) AppleWebKit/537.36 (KHTML, like Gecko) Chrome/78.0.3904.108 Safari/537.36"
35.202.213.50 - - [12/Oct/2025:12:13:54 +0800] "POST /xmlrpc.php HTTP/1.1" 200 415 "-" "Mozilla/5.0 (Windows NT 10.0; Win64; x64) AppleWebKit/537.36 (KHTML, like Gecko) Chrome/78.0.3904.108 Safari/537.36"
35.202.213.50 - - [12/Oct/2025:12:13:55 +0800] "POST /xmlrpc.php HTTP/1.1" 200 415 "-" "Mozilla/5.0 (Windows NT 10.0; Win64; x64) AppleWebKit/537.36 (KHTML, like Gecko) Chrome/78.0.3904.108 Safari/537.36"
35.202.213.50 - - [12/Oct/2025:12:13:56 +0800] "POST /xmlrpc.php HTTP/1.1" 200 415 "-" "Mozilla/5.0 (Windows NT 10.0; Win64; x64) AppleWebKit/537.36 (KHTML, like Gecko) Chrome/78.0.3904.108 Safari/537.36"
35.202.213.50 - - [12/Oct/2025:12:13:58 +0800] "POST /xmlrpc.php HTTP/1.1" 200 415 "-" "Mozilla/5.0 (Windows NT 10.0; Win64; x64) AppleWebKit/537.36 (KHTML, like Gecko) Chrome/78.0.3904.108 Safari/537.36"
35.202.213.50 - - [12/Oct/2025:12:13:59 +0800] "POST /xmlrpc.php HTTP/1.1" 200 415 "-" "Mozilla/5.0 (Windows NT 10.0; Win64; x64) AppleWebKit/537.36 (KHTML, like Gecko) Chrome/78.0.3904.108 Safari/537.36"
35.202.213.50 - - [12/Oct/2025:12:14:00 +0800] "POST /xmlrpc.php HTTP/1.1" 200 415 "-" "Mozilla/5.0 (Windows NT 10.0; Win64; x64) AppleWebKit/537.36 (KHTML, like Gecko) Chrome/78.0.3904.108 Safari/537.36"
35.202.213.50 - - [12/Oct/2025:12:14:01 +0800] "POST /xmlrpc.php HTTP/1.1" 200 415 "-" "Mozilla/5.0 (Windows NT 10.0; Win64; x64) AppleWebKit/537.36 (KHTML, like Gecko) Chrome/78.0.3904.108 Safari/537.36"
35.202.213.50 - - [12/Oct/2025:12:14:02 +0800] "POST /xmlrpc.php HTTP/1.1" 200 415 "-" "Mozilla/5.0 (Windows NT 10.0; Win64; x64) AppleWebKit/537.36 (KHTML, like Gecko) Chrome/78.0.3904.108 Safari/537.36"
35.202.213.50 - - [12/Oct/2025:12:14:03 +0800] "POST /xmlrpc.php HTTP/1.1" 200 415 "-" "Mozilla/5.0 (Windows NT 10.0; Win64; x64) AppleWebKit/537.36 (KHTML, like Gecko) Chrome/78.0.3904.108 Safari/537.36"
35.202.213.50 - - [12/Oct/2025:12:14:04 +0800] "POST /xmlrpc.php HTTP/1.1" 200 415 "-" "Mozilla/5.0 (Windows NT 10.0; Win64; x64) AppleWebKit/537.36 (KHTML, like Gecko) Chrome/78.0.3904.108 Safari/537.36"
35.202.213.50 - - [12/Oct/2025:12:14:06 +0800] "POST /xmlrpc.php HTTP/1.1" 200 415 "-" "Mozilla/5.0 (Windows NT 10.0; Win64; x64) AppleWebKit/537.36 (KHTML, like Gecko) Chrome/78.0.3904.108 Safari/537.36"
35.202.213.50 - - [12/Oct/2025:12:14:07 +0800] "POST /xmlrpc.php HTTP/1.1" 200 415 "-" "Mozilla/5.0 (Windows NT 10.0; Win64; x64) AppleWebKit/537.36 (KHTML, like Gecko) Chrome/78.0.3904.108 Safari/537.36"
35.202.213.50 - - [12/Oct/2025:12:14:08 +0800] "POST /xmlrpc.php HTTP/1.1" 200 415 "-" "Mozilla/5.0 (Windows NT 10.0; Win64; x64) AppleWebKit/537.36 (KHTML, like Gecko) Chrome/78.0.3904.108 Safari/537.36"
35.202.213.50 - - [12/Oct/2025:12:14:09 +0800] "POST /xmlrpc.php HTTP/1.1" 200 415 "-" "Mozilla/5.0 (Windows NT 10.0; Win64; x64) AppleWebKit/537.36 (KHTML, like Gecko) Chrome/78.0.3904.108 Safari/537.36"
35.202.213.50 - - [12/Oct/2025:12:14:10 +0800] "POST /xmlrpc.php HTTP/1.1" 200 415 "-" "Mozilla/5.0 (Windows NT 10.0; Win64; x64) AppleWebKit/537.36 (KHTML, like Gecko) Chrome/78.0.3904.108 Safari/537.36"
35.202.213.50 - - [12/Oct/2025:12:14:12 +0800] "POST /xmlrpc.php HTTP/1.1" 200 415 "-" "Mozilla/5.0 (Windows NT 10.0; Win64; x64) AppleWebKit/537.36 (KHTML, like Gecko) Chrome/78.0.3904.108 Safari/537.36"
35.202.213.50 - - [12/Oct/2025:12:14:14 +0800] "POST /xmlrpc.php HTTP/1.1" 200 415 "-" "Mozilla/5.0 (Windows NT 10.0; Win64; x64) AppleWebKit/537.36 (KHTML, like Gecko) Chrome/78.0.3904.108 Safari/537.36"
35.202.213.50 - - [12/Oct/2025:12:14:15 +0800] "POST /xmlrpc.php HTTP/1.1" 200 415 "-" "Mozilla/5.0 (Windows NT 10.0; Win64; x64) AppleWebKit/537.36 (KHTML, like Gecko) Chrome/78.0.3904.108 Safari/537.36"
35.202.213.50 - - [12/Oct/2025:12:14:17 +0800] "POST /xmlrpc.php HTTP/1.1" 200 415 "-" "Mozilla/5.0 (Windows NT 10.0; Win64; x64) AppleWebKit/537.36 (KHTML, like Gecko) Chrome/78.0.3904.108 Safari/537.36"
35.202.213.50 - - [12/Oct/2025:12:14:18 +0800] "POST /xmlrpc.php HTTP/1.1" 200 415 "-" "Mozilla/5.0 (Windows NT 10.0; Win64; x64) AppleWebKit/537.36 (KHTML, like Gecko) Chrome/78.0.3904.108 Safari/537.36"
35.202.213.50 - - [12/Oct/2025:12:14:19 +0800] "POST /xmlrpc.php HTTP/1.1" 200 415 "-" "Mozilla/5.0 (Windows NT 10.0; Win64; x64) AppleWebKit/537.36 (KHTML, like Gecko) Chrome/78.0.3904.108 Safari/537.36"
35.202.213.50 - - [12/Oct/2025:12:14:20 +0800] "POST /xmlrpc.php HTTP/1.1" 200 415 "-" "Mozilla/5.0 (Windows NT 10.0; Win64; x64) AppleWebKit/537.36 (KHTML, like Gecko) Chrome/78.0.3904.108 Safari/537.36"
35.202.213.50 - - [12/Oct/2025:12:14:20 +0800] "POST /xmlrpc.php HTTP/1.1" 200 415 "-" "Mozilla/5.0 (Windows NT 10.0; Win64; x64) AppleWebKit/537.36 (KHTML, like Gecko) Chrome/78.0.3904.108 Safari/537.36"
35.202.213.50 - - [12/Oct/2025:12:14:21 +0800] "POST /xmlrpc.php HTTP/1.1" 200 415 "-" "Mozilla/5.0 (Windows NT 10.0; Win64; x64) AppleWebKit/537.36 (KHTML, like Gecko) Chrome/78.0.3904.108 Safari/537.36"
35.202.213.50 - - [12/Oct/2025:12:14:26 +0800] "POST /xmlrpc.php HTTP/1.1" 200 415 "-" "Mozilla/5.0 (Windows NT 10.0; Win64; x64) AppleWebKit/537.36 (KHTML, like Gecko) Chrome/78.0.3904.108 Safari/537.36"
35.202.213.50 - - [12/Oct/2025:12:14:27 +0800] "POST /xmlrpc.php HTTP/1.1" 200 415 "-" "Mozilla/5.0 (Windows NT 10.0; Win64; x64) AppleWebKit/537.36 (KHTML, like Gecko) Chrome/78.0.3904.108 Safari/537.36"
35.202.213.50 - - [12/Oct/2025:12:14:28 +0800] "POST /xmlrpc.php HTTP/1.1" 200 415 "-" "Mozilla/5.0 (Windows NT 10.0; Win64; x64) AppleWebKit/537.36 (KHTML, like Gecko) Chrome/78.0.3904.108 Safari/537.36"
35.202.213.50 - - [12/Oct/2025:12:14:29 +0800] "POST /xmlrpc.php HTTP/1.1" 200 415 "-" "Mozilla/5.0 (Windows NT 10.0; Win64; x64) AppleWebKit/537.36 (KHTML, like Gecko) Chrome/78.0.3904.108 Safari/537.36"
35.202.213.50 - - [12/Oct/2025:12:14:30 +0800] "POST /xmlrpc.php HTTP/1.1" 200 415 "-" "Mozilla/5.0 (Windows NT 10.0; Win64; x64) AppleWebKit/537.36 (KHTML, like Gecko) Chrome/78.0.3904.108 Safari/537.36"
35.202.213.50 - - [12/Oct/2025:12:14:31 +0800] "POST /xmlrpc.php HTTP/1.1" 200 415 "-" "Mozilla/5.0 (Windows NT 10.0; Win64; x64) AppleWebKit/537.36 (KHTML, like Gecko) Chrome/78.0.3904.108 Safari/537.36"
35.202.213.50 - - [12/Oct/2025:12:14:35 +0800] "POST /xmlrpc.php HTTP/1.1" 200 415 "-" "Mozilla/5.0 (Windows NT 10.0; Win64; x64) AppleWebKit/537.36 (KHTML, like Gecko) Chrome/78.0.3904.108 Safari/537.36"
35.202.213.50 - - [12/Oct/2025:12:14:37 +0800] "POST /xmlrpc.php HTTP/1.1" 200 415 "-" "Mozilla/5.0 (Windows NT 10.0; Win64; x64) AppleWebKit/537.36 (KHTML, like Gecko) Chrome/78.0.3904.108 Safari/537.36"
35.202.213.50 - - [12/Oct/2025:12:14:38 +0800] "POST /xmlrpc.php HTTP/1.1" 200 415 "-" "Mozilla/5.0 (Windows NT 10.0; Win64; x64) AppleWebKit/537.36 (KHTML, like Gecko) Chrome/78.0.3904.108 Safari/537.36"
35.202.213.50 - - [12/Oct/2025:12:14:39 +0800] "POST /xmlrpc.php HTTP/1.1" 200 415 "-" "Mozilla/5.0 (Windows NT 10.0; Win64; x64) AppleWebKit/537.36 (KHTML, like Gecko) Chrome/78.0.3904.108 Safari/537.36"
35.202.213.50 - - [12/Oct/2025:12:14:44 +0800] "POST /xmlrpc.php HTTP/1.1" 200 415 "-" "Mozilla/5.0 (Windows NT 10.0; Win64; x64) AppleWebKit/537.36 (KHTML, like Gecko) Chrome/78.0.3904.108 Safari/537.36"
36.133.115.36 - - [12/Oct/2025:12:14:46 +0800] "POST /wp-cron.php?doing_wp_cron=1760242486.6656639575958251953125 HTTP/1.1" 200 31 "-" "WordPress/6.8.2; http://cqqizhou.com"
35.202.213.50 - - [12/Oct/2025:12:14:46 +0800] "POST /xmlrpc.php HTTP/1.1" 200 415 "-" "Mozilla/5.0 (Windows NT 10.0; Win64; x64) AppleWebKit/537.36 (KHTML, like Gecko) Chrome/78.0.3904.108 Safari/537.36"
35.202.213.50 - - [12/Oct/2025:12:14:47 +0800] "POST /xmlrpc.php HTTP/1.1" 200 415 "-" "Mozilla/5.0 (Windows NT 10.0; Win64; x64) AppleWebKit/537.36 (KHTML, like Gecko) Chrome/78.0.3904.108 Safari/537.36"
35.202.213.50 - - [12/Oct/2025:12:14:48 +0800] "POST /xmlrpc.php HTTP/1.1" 200 415 "-" "Mozilla/5.0 (Windows NT 10.0; Win64; x64) AppleWebKit/537.36 (KHTML, like Gecko) Chrome/78.0.3904.108 Safari/537.36"
35.202.213.50 - - [12/Oct/2025:12:14:50 +0800] "POST /xmlrpc.php HTTP/1.1" 200 415 "-" "Mozilla/5.0 (Windows NT 10.0; Win64; x64) AppleWebKit/537.36 (KHTML, like Gecko) Chrome/78.0.3904.108 Safari/537.36"
36.133.115.36 - - [12/Oct/2025:12:26:00 +0800] "POST /wp-cron.php?doing_wp_cron=1760243159.9973590373992919921875 HTTP/1.1" 200 31 "-" "WordPress/6.8.2; http://cqqizhou.com"
43.173.1.57 - - [12/Oct/2025:12:26:00 +0800] "GET / HTTP/1.1" 200 33464 "-" "Mozilla/5.0 (iPhone; CPU iPhone OS 13_2_3 like Mac OS X) AppleWebKit/605.1.15 (KHTML, like Gecko) Version/13.0.3 Mobile/15E148 Safari/604.1"
36.133.115.36 - - [12/Oct/2025:12:29:06 +0800] "POST /wp-cron.php?doing_wp_cron=1760243346.8057670593261718750000 HTTP/1.1" 200 31 "-" "WordPress/6.8.2; http://cqqizhou.com"
87.120.191.92 - - [12/Oct/2025:12:29:07 +0800] "GET / HTTP/1.1" 200 33464 "-" "Mozilla/5.0 (Windows NT 10.0; Win64; x64) AppleWebKit/537.36 (KHTML, like Gecko) Chrome/90.0.4430.85 Safari/537.36 Edg/90.0.818.46"
36.133.115.36 - - [12/Oct/2025:12:40:36 +0800] "POST /wp-cron.php?doing_wp_cron=1760244036.7994101047515869140625 HTTP/1.1" 200 31 "-" "WordPress/6.8.2; http://cqqizhou.com"
87.120.191.91 - - [12/Oct/2025:12:40:37 +0800] "GET / HTTP/1.1" 200 33464 "-" "Mozilla/5.0 (Windows NT 10.0; Win64; x64) AppleWebKit/537.36 (KHTML, like Gecko) Chrome/90.0.4430.85 Safari/537.36 Edg/90.0.818.46"
36.133.115.36 - - [12/Oct/2025:12:46:32 +0800] "POST /wp-cron.php?doing_wp_cron=1760244392.1157059669494628906250 HTTP/1.1" 200 31 "-" "WordPress/6.8.2; http://cqqizhou.com"
91.227.62.213 - - [12/Oct/2025:12:46:33 +0800] "GET / HTTP/1.1" 200 151919 "-" "Mozilla/5.0"
36.133.115.36 - - [12/Oct/2025:12:54:50 +0800] "POST /wp-cron.php?doing_wp_cron=1760244890.5538859367370605468750 HTTP/1.1" 200 31 "-" "WordPress/6.8.2; http://cqqizhou.com"
43.135.140.225 - - [12/Oct/2025:12:54:50 +0800] "GET / HTTP/1.1" 301 5 "-" "Mozilla/5.0 (iPhone; CPU iPhone OS 13_2_3 like Mac OS X) AppleWebKit/605.1.15 (KHTML, like Gecko) Version/13.0.3 Mobile/15E148 Safari/604.1"
43.135.140.225 - - [12/Oct/2025:12:54:52 +0800] "GET / HTTP/1.1" 200 33464 "http://www.cqqizhou.com" "Mozilla/5.0 (iPhone; CPU iPhone OS 13_2_3 like Mac OS X) AppleWebKit/605.1.15 (KHTML, like Gecko) Version/13.0.3 Mobile/15E148 Safari/604.1"
36.133.115.36 - - [12/Oct/2025:13:14:53 +0800] "POST /wp-cron.php?doing_wp_cron=1760246093.7269101142883300781250 HTTP/1.1" 200 31 "-" "WordPress/6.8.2; http://cqqizhou.com"
87.120.191.92 - - [12/Oct/2025:13:14:54 +0800] "GET / HTTP/1.1" 200 33464 "-" "Mozilla/5.0 (Windows NT 10.0; Win64; x64) AppleWebKit/537.36 (KHTML, like Gecko) Chrome/90.0.4430.85 Safari/537.36 Edg/90.0.818.46"
36.133.115.36 - - [12/Oct/2025:13:30:48 +0800] "POST /wp-cron.php?doing_wp_cron=1760247048.9590690135955810546875 HTTP/1.1" 200 31 "-" "WordPress/6.8.2; http://cqqizhou.com"
176.65.141.87 - - [12/Oct/2025:13:30:55 +0800] "GET / HTTP/1.1" 200 151919 "-" "Mozilla/5.0 (Windows NT 10.0; Win64; x64) AppleWebKit/537.36 (KHTML, like Gecko) Chrome/42.0.2311.135 Safari/537.36 Edge/12.246"
42.236.101.214 - - [12/Oct/2025:13:37:48 +0800] "GET / HTTP/1.1" 200 39371 "http://cqqizhou.com/" "Mozilla/5.0 (Windows NT 10.0; Win64; x64) AppleWebKit/537.36 (KHTML, like Gecko) Chrome/140.0.0.0 Safari/537.36 Edg/140.0.0.0; 360Spider"
36.133.115.36 - - [12/Oct/2025:13:37:49 +0800] "POST /wp-cron.php?doing_wp_cron=1760247469.5270419120788574218750 HTTP/1.1" 200 31 "-" "WordPress/6.8.2; http://cqqizhou.com"
42.236.17.48 - - [12/Oct/2025:13:37:49 +0800] "GET / HTTP/1.1" 200 33464 "http://cqqizhou.com/" "Mozilla/5.0 (Linux; Android 10; K) AppleWebKit/537.36 (KHTML, like Gecko) Chrome/131.0.0.0 Mobile Safari/537.36; 360Spider"
36.133.115.36 - - [12/Oct/2025:13:38:45 +0800] "POST /wp-cron.php?doing_wp_cron=1760247525.7211959362030029296875 HTTP/1.1" 200 31 "-" "WordPress/6.8.2; http://cqqizhou.com"
47.237.177.222 - - [12/Oct/2025:13:38:46 +0800] "GET http://passport.baidu.com/ HTTP/1.1" 200 33464 "-" "-"
113.247.77.158 - - [12/Oct/2025:13:42:51 +0800] "GET / HTTP/1.1" 200 39371 "-" "Mozilla/5.0 (Windows NT 6.2; Win64; x64) AppleWebKit/537.36 (KHTML, like Gecko) Chrome/81.0.4044.69"
36.133.115.36 - - [12/Oct/2025:13:43:13 +0800] "POST /wp-cron.php?doing_wp_cron=1760247793.5000510215759277343750 HTTP/1.1" 200 31 "-" "WordPress/6.8.2; http://cqqizhou.com"
113.201.95.47 - - [12/Oct/2025:13:43:13 +0800] "GET / HTTP/1.1" 301 5 "-" "Mozilla/5.0 (Windows NT 10.0) AppleWebKit/537.36 (KHTML, like Gecko) Chrome/75.0.3770.8"
113.201.95.47 - - [12/Oct/2025:13:43:15 +0800] "GET / HTTP/1.1" 200 39371 "-" "Mozilla/5.0 (Windows NT 10.0) AppleWebKit/537.36 (KHTML, like Gecko) Chrome/75.0.3770.8"
172.192.8.200 - - [12/Oct/2025:13:44:18 +0800] "GET /wp-content/plugins/hellopress/wp_filemanager.php HTTP/1.1" 404 27 "-" "-"
172.192.8.200 - - [12/Oct/2025:13:44:18 +0800] "GET /wd.php HTTP/1.1" 404 27 "-" "-"
172.192.8.200 - - [12/Oct/2025:13:44:18 +0800] "GET /ar.php HTTP/1.1" 404 27 "-" "-"
172.192.8.200 - - [12/Oct/2025:13:44:18 +0800] "GET /jmfi2.php HTTP/1.1" 404 27 "-" "-"
172.192.8.200 - - [12/Oct/2025:13:44:18 +0800] "GET /a.php HTTP/1.1" 404 27 "-" "-"
172.192.8.200 - - [12/Oct/2025:13:44:18 +0800] "GET /wj.php HTTP/1.1" 404 27 "-" "-"
172.192.8.200 - - [12/Oct/2025:13:44:18 +0800] "GET /atomlib.php HTTP/1.1" 404 27 "-" "-"
172.192.8.200 - - [12/Oct/2025:13:44:18 +0800] "GET /default.php HTTP/1.1" 404 27 "-" "-"
172.192.8.200 - - [12/Oct/2025:13:44:19 +0800] "GET /cool.php HTTP/1.1" 404 27 "-" "-"
172.192.8.200 - - [12/Oct/2025:13:44:19 +0800] "GET /class20.php HTTP/1.1" 404 27 "-" "-"
172.192.8.200 - - [12/Oct/2025:13:44:19 +0800] "GET /wk.php HTTP/1.1" 404 27 "-" "-"
172.192.8.200 - - [12/Oct/2025:13:44:19 +0800] "GET /akcc.php HTTP/1.1" 404 27 "-" "-"
172.192.8.200 - - [12/Oct/2025:13:44:19 +0800] "GET /alpa.php HTTP/1.1" 404 27 "-" "-"
172.192.8.200 - - [12/Oct/2025:13:44:19 +0800] "GET /abcd.php HTTP/1.1" 404 27 "-" "-"
172.192.8.200 - - [12/Oct/2025:13:44:19 +0800] "GET /wfile.php HTTP/1.1" 404 27 "-" "-"
172.192.8.200 - - [12/Oct/2025:13:44:19 +0800] "GET /class19.php HTTP/1.1" 404 27 "-" "-"
172.192.8.200 - - [12/Oct/2025:13:44:20 +0800] "GET /wp-gr.php HTTP/1.1" 404 27 "-" "-"
172.192.8.200 - - [12/Oct/2025:13:44:20 +0800] "GET /classgoto24.php HTTP/1.1" 404 27 "-" "-"
172.192.8.200 - - [12/Oct/2025:13:44:20 +0800] "GET /radio.php HTTP/1.1" 404 27 "-" "-"
172.192.8.200 - - [12/Oct/2025:13:44:20 +0800] "GET /wb.php HTTP/1.1" 404 27 "-" "-"
172.192.8.200 - - [12/Oct/2025:13:44:20 +0800] "GET /file18.php HTTP/1.1" 404 27 "-" "-"
172.192.8.200 - - [12/Oct/2025:13:44:20 +0800] "GET /file1.php HTTP/1.1" 404 27 "-" "-"
172.192.8.200 - - [12/Oct/2025:13:44:20 +0800] "GET /c.php HTTP/1.1" 404 27 "-" "-"
172.192.8.200 - - [12/Oct/2025:13:44:20 +0800] "GET /file18.php HTTP/1.1" 404 27 "-" "-"
172.192.8.200 - - [12/Oct/2025:13:44:20 +0800] "GET /2clas.php HTTP/1.1" 404 27 "-" "-"
172.192.8.200 - - [12/Oct/2025:13:44:21 +0800] "GET /file21.php HTTP/1.1" 404 27 "-" "-"
172.192.8.200 - - [12/Oct/2025:13:44:21 +0800] "GET /vee.php HTTP/1.1" 404 27 "-" "-"
172.192.8.200 - - [12/Oct/2025:13:44:21 +0800] "GET /anskrit.php HTTP/1.1" 404 27 "-" "-"
172.192.8.200 - - [12/Oct/2025:13:44:21 +0800] "GET /f35.php HTTP/1.1" 404 27 "-" "-"
172.192.8.200 - - [12/Oct/2025:13:44:21 +0800] "GET /031.php HTTP/1.1" 404 27 "-" "-"
